		   11 Query	UPDATE LOW_PRIORITY `table0_innodb_key_pk_parts_2_int_autoinc` AS X SET `col_int` = 253 WHERE X.`pk` = ( SELECT `pk` FROM `table100_innodb_int_autoinc` WHERE `pk` = 2995847168 ) ORDER BY `col_char_12`,`col_char_12_key`,`col_int`,`col_int_key`,`pk` LIMIT 6
		   11 Query	UPDATE LOW_PRIORITY IGNORE `table1_innodb_key_pk_parts_2_int_autoinc` AS X SET `col_char_12` = 147 ORDER BY `col_char_12`,`col_char_12_key`,`col_int`,`col_int_key`,`pk` LIMIT 8
		   12 Query	SET TRANSACTION ISOLATION LEVEL READ UNCOMMITTED
		   16 Query	DELETE LOW_PRIORITY FROM `table1_innodb_key_pk_parts_2_int_autoinc` WHERE `col_int_key` IN ( SELECT `col_char_12_key` FROM `table2_innodb_int_autoinc` WHERE `pk` = 'i' ) ORDER BY `col_char_12`,`col_char_12_key`,`col_int`,`col_int_key`,`pk` LIMIT 2
		   25 Query	SHOW WARNINGS
		   21 Query	SHOW WARNINGS
		   23 Query	SHOW WARNINGS
		   21 Query	SELECT * FROM `table0_innodb_key_pk_parts_2_int_autoinc` AS X LIMIT 7 LOCK IN SHARE MODE
		   23 Query	UPDATE LOW_PRIORITY `table1_innodb_int_autoinc` AS X SET `col_char_12_key` = 'y' ORDER BY `col_char_12`,`col_char_12_key`,`col_int`,`col_int_key`,`pk` LIMIT 7
		   12 Query	DELETE LOW_PRIORITY FROM `table2_innodb_int_autoinc` WHERE `pk` IN ( 35, 3752198144, 'y', 1595408384, 2 ) ORDER BY `col_char_12`,`col_char_12_key`,`col_int`,`col_int_key`,`pk` LIMIT 4
		   21 Query	SELECT X.`pk` FROM `table10_innodb_int_autoinc` AS X LEFT JOIN `table0_innodb_key_pk_parts_2_int_autoinc` AS Y USING ( `col_char_12_key` ) WHERE X.`col_char_12_key` BETWEEN 6 AND 969277440 LIMIT 5 FOR UPDATE
		   24 Query	SELECT ( SELECT `pk` FROM `table2_innodb_key_pk_parts_2_int_autoinc` WHERE `pk` = 1790771200 ) FROM `table0_innodb_int_autoinc` AS X WHERE X.`col_char_12_key` BETWEEN 102 AND 4092329984 LIMIT 6 FOR UPDATE
		   15 Query	SHOW WARNINGS
		   18 Query	SHOW WARNINGS
		   25 Query	UPDATE LOW_PRIORITY IGNORE `table100_innodb_key_pk_parts_2_int_autoinc` AS X SET `col_char_12` = 1229914112 WHERE X.`col_int_key` = ( SELECT `col_int_key` FROM `table10_innodb_key_pk_parts_2_int_autoinc` WHERE `pk` = 'l' ) ORDER BY `col_char_12`,`col_char_12_key`,`col_int`,`col_int_key`,`pk` LIMIT 7
		   18 Query	UPDATE LOW_PRIORITY `table10_innodb_int_autoinc` AS X SET `col_char_12` = 2121334784 WHERE X.`col_int_key` BETWEEN 3 AND 5 ORDER BY `col_char_12`,`col_char_12_key`,`col_int`,`col_int_key`,`pk` LIMIT 8
		   15 Query	UPDATE LOW_PRIORITY `table2_innodb_int_autoinc` AS X SET `col_char_12` = 'e' WHERE X.`col_int_key` = ( SELECT `pk` FROM `table2_innodb_key_pk_parts_2_int_autoinc` WHERE `pk` = 'y' ) ORDER BY `col_char_12`,`col_char_12_key`,`col_int`,`col_int_key`,`pk` LIMIT 8
		   11 Query	UPDATE LOW_PRIORITY `table10_innodb_key_pk_parts_2_int_autoinc` AS X SET `col_int_key` = 9 WHERE X.`pk` = ( SELECT `col_int_key` FROM `table2_innodb_key_pk_parts_2_int_autoinc` WHERE `pk` = 2995191808 ) ORDER BY `col_char_12`,`col_char_12_key`,`col_int`,`col_int_key`,`pk` LIMIT 6
		   24 Query	SELECT X.`pk` FROM `table2_innodb_int_autoinc` AS X LEFT JOIN `table2_innodb_key_pk_parts_2_int_autoinc` AS Y USING ( `col_char_12_key` ) WHERE X.`pk` < 'j' LIMIT 8
		   13 Query	SHOW WARNINGS
		   22 Query	SHOW WARNINGS
		   15 Query	DELETE LOW_PRIORITY QUICK IGNORE FROM `table100_innodb_int_autoinc` WHERE `col_int_key` IN ( SELECT `col_int_key` FROM `table2_innodb_int_autoinc` WHERE `pk` = 761856000 ) ORDER BY `col_char_12`,`col_char_12_key`,`col_int`,`col_int_key`,`pk` LIMIT 4
		   13 Query	REPLACE LOW_PRIORITY INTO `table2_innodb_key_pk_parts_2_int_autoinc` (`pk`) VALUES (NULL)
		   22 Query	DELETE LOW_PRIORITY FROM `table0_innodb_int_autoinc` ORDER BY `col_char_12`,`col_char_12_key`,`col_int`,`col_int_key`,`pk` LIMIT 3
		   11 Query	INSERT LOW_PRIORITY INTO `table0_innodb_int_autoinc` ( `col_int_key`, `col_int` ) VALUES ( 'e', 9 ), ( 286588928, 1 )
		   24 Query	SHOW WARNINGS
		   12 Query	REPLACE LOW_PRIORITY INTO `table2_innodb_int_autoinc` ( `col_int`, `col_char_12` ) VALUES ( 'n', 'l' ), ( 'j', 0 )
		   24 Query	DELETE LOW_PRIORITY QUICK IGNORE FROM `table10_innodb_int_autoinc` WHERE `col_int_key` IN ( SELECT `pk` FROM `table100_innodb_key_pk_parts_2_int_autoinc` WHERE `pk` = 2802450432 ) ORDER BY `col_char_12`,`col_char_12_key`,`col_int`,`col_int_key`,`pk` LIMIT 4
		   12 Query	SELECT X.`col_char_12` FROM `table0_innodb_key_pk_parts_2_int_autoinc` AS X WHERE X.`col_int_key` BETWEEN 32 AND 1058275328 LIMIT 7
		   21 Query	DELETE LOW_PRIORITY QUICK FROM `table1_innodb_int_autoinc` ORDER BY `col_char_12`,`col_char_12_key`,`col_int`,`col_int_key`,`pk` LIMIT 4
		   12 Query	DELETE LOW_PRIORITY QUICK FROM `table2_innodb_key_pk_parts_2_int_autoinc` WHERE `col_char_12_key` IN ( SELECT `col_int_key` FROM `table2_innodb_int_autoinc` WHERE `pk` = 'n' ) ORDER BY `col_char_12`,`col_char_12_key`,`col_int`,`col_int_key`,`pk` LIMIT 4
		   12 Query	DELETE LOW_PRIORITY QUICK IGNORE FROM `table2_innodb_int_autoinc` WHERE `col_char_12_key` BETWEEN 4 AND 5 ORDER BY `col_char_12`,`col_char_12_key`,`col_int`,`col_int_key`,`pk` LIMIT 1
		   12 Query	INSERT LOW_PRIORITY IGNORE INTO `table10_innodb_key_pk_parts_2_int_autoinc` ( `col_char_12` ) SELECT `col_char_12_key` FROM `table10_innodb_int_autoinc` AS X WHERE X.`pk` BETWEEN 3 AND 7 ORDER BY `col_char_12`,`col_char_12_key`,`col_int`,`col_int_key`,`pk` LIMIT 6
		   12 Query	INSERT LOW_PRIORITY INTO `table1_innodb_key_pk_parts_2_int_autoinc` (`pk`) VALUES (NULL)
		   12 Query	UPDATE LOW_PRIORITY `table2_innodb_int_autoinc` AS X SET `col_char_12` = 51838976 WHERE X.`col_char_12_key` = ( SELECT `col_char_12_key` FROM `table100_innodb_int_autoinc` WHERE `pk` = 191 ) ORDER BY `col_char_12`,`col_char_12_key`,`col_int`,`col_int_key`,`pk` LIMIT 6
		   12 Query	UPDATE LOW_PRIORITY IGNORE `table10_innodb_int_autoinc` AS X SET `col_int_key` = 511115264 WHERE X.`col_char_12_key` < 152 ORDER BY `col_char_12`,`col_char_12_key`,`col_int`,`col_int_key`,`pk` LIMIT 8
		   12 Query	UPDATE LOW_PRIORITY `table1_innodb_int_autoinc` AS X SET `col_char_12_key` = 209 WHERE X.`col_char_12_key` IN ( 102, 'l', 1702232064, 750845952, 585433088 ) ORDER BY `col_char_12`,`col_char_12_key`,`col_int`,`col_int_key`,`pk` LIMIT 7
		   12 Query	DELETE LOW_PRIORITY FROM `table1_innodb_key_pk_parts_2_int_autoinc` WHERE `col_char_12_key` BETWEEN 4 AND 5 ORDER BY `col_char_12`,`col_char_12_key`,`col_int`,`col_int_key`,`pk` LIMIT 2
		   12 Query	INSERT LOW_PRIORITY INTO `table1_innodb_key_pk_parts_2_int_autoinc` (`pk`) VALUES (NULL)
		   12 Query	REPLACE LOW_PRIORITY INTO `table10_innodb_int_autoinc` ( `col_int_key` ) SELECT `col_char_12_key` FROM `table2_innodb_key_pk_parts_2_int_autoinc` AS X WHERE X.`col_int_key` BETWEEN 102 AND 713490432 ORDER BY `col_char_12`,`col_char_12_key`,`col_int`,`col_int_key`,`pk` LIMIT 7
		   12 Query	DELETE LOW_PRIORITY QUICK IGNORE FROM `table2_innodb_int_autoinc` WHERE `col_int_key` IN ( SELECT `col_char_12_key` FROM `table100_innodb_key_pk_parts_2_int_autoinc` WHERE `pk` = 6 ) ORDER BY `col_char_12`,`col_char_12_key`,`col_int`,`col_int_key`,`pk` LIMIT 2
		   12 Query	UPDATE LOW_PRIORITY IGNORE `table100_innodb_key_pk_parts_2_int_autoinc` AS X SET `col_char_12` = 'c' WHERE X.`col_char_12_key` IN ( 217, 3324248064, 4213243904, 2, 245 ) ORDER BY `col_char_12`,`col_char_12_key`,`col_int`,`col_int_key`,`pk` LIMIT 8
		   19 Query	SHOW WARNINGS
		   26 Query	UPDATE LOW_PRIORITY `table10_innodb_int_autoinc` AS X SET `col_int_key` = 103 ORDER BY `col_char_12`,`col_char_12_key`,`col_int`,`col_int_key`,`pk` LIMIT 8
		   13 Query	SELECT X.`col_char_12_key` FROM `table1_innodb_int_autoinc` AS X WHERE X.`col_char_12_key` < 4 LIMIT 5
		   20 Query	SHOW WARNINGS
		   15 Query	SHOW WARNINGS
		   19 Query	SELECT * FROM `table1_innodb_int_autoinc` AS X LEFT JOIN `table100_innodb_key_pk_parts_2_int_autoinc` AS Y USING ( `col_char_12_key` ) WHERE X.`pk` < 'a' LIMIT 6 FOR UPDATE
		   20 Query	SELECT ( SELECT `col_int_key` FROM `table10_innodb_int_autoinc` WHERE `pk` = 's' ) FROM `table2_innodb_int_autoinc` AS X LEFT JOIN `table0_innodb_int_autoinc` AS Y USING ( `col_int_key` ) LIMIT 6 LOCK IN SHARE MODE
		   24 Query	SHOW WARNINGS
		   24 Query	UPDATE LOW_PRIORITY IGNORE `table100_innodb_key_pk_parts_2_int_autoinc` AS X SET `col_int` = 3 ORDER BY `col_char_12`,`col_char_12_key`,`col_int`,`col_int_key`,`pk` LIMIT 8
		   15 Query	UPDATE LOW_PRIORITY `table1_innodb_int_autoinc` AS X SET `col_int_key` = 6 WHERE X.`col_int_key` = ( SELECT `col_char_12_key` FROM `table0_innodb_key_pk_parts_2_int_autoinc` WHERE `pk` = 'w' ) ORDER BY `col_char_12`,`col_char_12_key`,`col_int`,`col_int_key`,`pk` LIMIT 5
		   20 Query	INSERT LOW_PRIORITY IGNORE INTO `table1_innodb_key_pk_parts_2_int_autoinc` ( `col_char_12`, `col_int` ) VALUES ( 152, 0 ), ( 39, 115 )
		   15 Query	SELECT X.`pk` FROM `table2_innodb_int_autoinc` AS X LEFT JOIN `table0_innodb_key_pk_parts_2_int_autoinc` AS Y USING ( `pk` ) WHERE X.`col_int_key` BETWEEN 5 AND 2262761472 LIMIT 5 FOR UPDATE
		   15 Query	DELETE LOW_PRIORITY QUICK IGNORE FROM `table0_innodb_int_autoinc` WHERE `col_int_key` = 'p' ORDER BY `col_char_12`,`col_char_12_key`,`col_int`,`col_int_key`,`pk` LIMIT 3
		   13 Query	REPLACE LOW_PRIORITY INTO `table1_innodb_int_autoinc` ( `col_char_12`, `col_char_12_key` ) VALUES ( 254, 215 ), ( 34, 207 )
150425  6:37:50	   23 Query	SHOW WARNINGS
		   15 Query	SHOW WARNINGS
		   23 Query	SELECT * FROM `table100_innodb_key_pk_parts_2_int_autoinc` AS X LEFT JOIN `table2_innodb_key_pk_parts_2_int_autoinc` AS Y USING ( `col_int_key` ) WHERE X.`col_int_key` BETWEEN 3 AND 5 LIMIT 8
		   15 Query	SELECT X.`col_int` FROM `table2_innodb_int_autoinc` AS X WHERE X.`pk` = ( SELECT `col_int_key` FROM `table10_innodb_key_pk_parts_2_int_autoinc` WHERE `pk` = 18 ) LIMIT 7
		   15 Query	UPDATE LOW_PRIORITY IGNORE `table1_innodb_int_autoinc` AS X SET `col_int_key` = 247 ORDER BY `col_char_12`,`col_char_12_key`,`col_int`,`col_int_key`,`pk` LIMIT 6
		   23 Query	INSERT LOW_PRIORITY IGNORE INTO `table10_innodb_int_autoinc` ( `col_int` ) SELECT `pk` FROM `table0_innodb_key_pk_parts_2_int_autoinc` AS X WHERE X.`col_int_key` = ( SELECT `pk` FROM `table0_innodb_int_autoinc` WHERE `pk` = 33 ) ORDER BY `col_char_12`,`col_char_12_key`,`col_int`,`col_int_key`,`pk` LIMIT 8
		   13 Query	SELECT X.`col_int_key` FROM `table10_innodb_int_autoinc` AS X WHERE X.`pk` = ( SELECT `col_char_12_key` FROM `table2_innodb_key_pk_parts_2_int_autoinc` WHERE `pk` = 'o' ) LIMIT 8 FOR UPDATE
		   13 Query	DELETE LOW_PRIORITY QUICK FROM `table10_innodb_int_autoinc` WHERE `col_char_12_key` IN ( 2, 'p', 9, 68, 'j' ) ORDER BY `col_char_12`,`col_char_12_key`,`col_int`,`col_int_key`,`pk` LIMIT 3
		   21 Query	SHOW WARNINGS
		   21 Query	SELECT X.`col_char_12` FROM `table0_innodb_int_autoinc` AS X WHERE X.`pk` BETWEEN 3 AND 8 LIMIT 5
		   21 Query	SELECT ( SELECT `pk` FROM `table2_innodb_key_pk_parts_2_int_autoinc` WHERE `pk` = 1607139328 ) FROM `table1_innodb_key_pk_parts_2_int_autoinc` AS X WHERE X.`pk` = ( SELECT `col_char_12_key` FROM `table100_innodb_int_autoinc` WHERE `pk` = 292618240 ) LIMIT 6 LOCK IN SHARE MODE
		   21 Query	INSERT LOW_PRIORITY IGNORE INTO `table0_innodb_int_autoinc` ( `col_int_key`, `col_char_12` ) VALUES ( 2868445184, 'v' ), ( 141, 'l' )
		   14 Query	UNLOCK TABLES
		   24 Query	SET AUTOCOMMIT=ON
		   14 Query	EXPLAIN SELECT X.`col_char_12_key` FROM `table2_innodb_key_pk_parts_2_int_autoinc` AS X LIMIT 7
		   24 Query	UPDATE LOW_PRIORITY `table0_innodb_int_autoinc` AS X SET `col_int` = 143 WHERE X.`col_int_key` BETWEEN 244 AND 1915092992 ORDER BY `col_char_12`,`col_char_12_key`,`col_int`,`col_int_key`,`pk` LIMIT 5
		   12 Query	DELETE LOW_PRIORITY FROM `table1_innodb_key_pk_parts_2_int_autoinc` WHERE `col_int_key` IN ( 2400649216, 'g', 'r', 'i', 3 ) ORDER BY `col_char_12`,`col_char_12_key`,`col_int`,`col_int_key`,`pk` LIMIT 4
		   14 Query	EXPLAIN INSERT LOW_PRIORITY IGNORE INTO `table1_innodb_int_autoinc` ( `col_char_12` ) SELECT `col_int_key` FROM `table0_innodb_key_pk_parts_2_int_autoinc` AS X WHERE X.`col_int_key` = ( SELECT `pk` FROM `table0_innodb_int_autoinc` WHERE `pk` = 'b' ) ORDER BY `col_char_12`,`col_char_12_key`,`col_int`,`col_int_key`,`pk` LIMIT 8
		   12 Query	REPLACE LOW_PRIORITY INTO `table0_innodb_int_autoinc` ( `col_int_key` ) SELECT `pk` FROM `table10_innodb_key_pk_parts_2_int_autoinc` AS X WHERE X.`col_int_key` IN ( 'x', 247463936, 43, 'w', 732495872 ) ORDER BY `col_char_12`,`col_char_12_key`,`col_int`,`col_int_key`,`pk` LIMIT 6
		   14 Query	SELECT ID INTO @thread_id FROM INFORMATION_SCHEMA.PROCESSLIST ORDER BY RAND() LIMIT 1
		   12 Query	UPDATE LOW_PRIORITY IGNORE `table1_innodb_int_autoinc` AS X SET `col_char_12` = 10 WHERE X.`col_int_key` BETWEEN 4 AND 6 ORDER BY `col_char_12`,`col_char_12_key`,`col_int`,`col_int_key`,`pk` LIMIT 5
		   12 Query	DELETE LOW_PRIORITY IGNORE FROM `table1_innodb_int_autoinc` WHERE `pk` IN ( 4155179008, 3897229312, 101, 1284374528, 3 ) ORDER BY `col_char_12`,`col_char_12_key`,`col_int`,`col_int_key`,`pk` LIMIT 4
		   14 Query	EXECUTE show_expl_stmt USING @thread_id
		   12 Query	SELECT X.`col_int_key` FROM `table10_innodb_int_autoinc` AS X LEFT JOIN `table2_innodb_key_pk_parts_2_int_autoinc` AS Y USING ( `col_char_12_key` ) WHERE X.`col_char_12_key` = ( SELECT `col_char_12_key` FROM `table2_innodb_key_pk_parts_2_int_autoinc` WHERE `pk` = 1659633664 ) LIMIT 6
		   18 Query	SHOW WARNINGS
		   18 Query	REPLACE LOW_PRIORITY INTO `table1_innodb_int_autoinc` ( `col_char_12` ) SELECT `col_int_key` FROM `table1_innodb_key_pk_parts_2_int_autoinc` AS X WHERE X.`col_int_key` BETWEEN 164 AND 66519040 ORDER BY `col_char_12`,`col_char_12_key`,`col_int`,`col_int_key`,`pk` LIMIT 7
		   15 Query	SHOW WARNINGS
		   23 Query	SHOW WARNINGS
		   12 Query	UPDATE LOW_PRIORITY IGNORE `table0_innodb_key_pk_parts_2_int_autoinc` AS X SET `col_int_key` = 2804678656 WHERE X.`pk` BETWEEN 2 AND 5 ORDER BY `col_char_12`,`col_char_12_key`,`col_int`,`col_int_key`,`pk` LIMIT 7
		   15 Query	UPDATE LOW_PRIORITY `table0_innodb_key_pk_parts_2_int_autoinc` AS X SET `col_int` = 248 WHERE X.`col_int_key` = ( SELECT `pk` FROM `table1_innodb_key_pk_parts_2_int_autoinc` WHERE `pk` = 3657957376 ) ORDER BY `col_char_12`,`col_char_12_key`,`col_int`,`col_int_key`,`pk` LIMIT 7
		   14 Execute	SHOW EXPLAIN FOR 23
		   14 Query	SHOW WARNINGS
		   23 Query	UPDATE LOW_PRIORITY IGNORE `table1_innodb_int_autoinc` AS X SET `col_char_12_key` = 'a' ORDER BY `col_char_12`,`col_char_12_key`,`col_int`,`col_int_key`,`pk` LIMIT 6
		   12 Query	SET AUTOCOMMIT=ON
		   15 Query	SELECT ( SELECT `col_char_12_key` FROM `table1_innodb_int_autoinc` WHERE `pk` = 'z' ) FROM `table100_innodb_key_pk_parts_2_int_autoinc` AS X LEFT JOIN `table2_innodb_int_autoinc` AS Y USING ( `pk` ) WHERE X.`col_char_12_key` < 184 LIMIT 5
		   12 Query	UPDATE LOW_PRIORITY `table10_innodb_int_autoinc` AS X SET `col_char_12_key` = 173 WHERE X.`pk` IN ( 8, 171, 45, 3, 6 ) ORDER BY `col_char_12`,`col_char_12_key`,`col_int`,`col_int_key`,`pk` LIMIT 8
		   14 Query	EXPLAIN EXTENDED DELETE LOW_PRIORITY QUICK FROM `table1_innodb_int_autoinc` WHERE `col_char_12_key` IN ( SELECT `col_char_12_key` FROM `table10_innodb_int_autoinc` WHERE `pk` = 96075776 ) ORDER BY `col_char_12`,`col_char_12_key`,`col_int`,`col_int_key`,`pk` LIMIT 2
		   14 Query	CREATE OR REPLACE TEMPORARY TABLE `create_or_replace_tmp` AS SELECT * FROM `table100_innodb_key_pk_parts_2_int_autoinc`
		   15 Query	SELECT X.`col_int_key` FROM `table1_innodb_key_pk_parts_2_int_autoinc` AS X WHERE X.`col_int_key` BETWEEN 1 AND 6 LIMIT 8
		   11 Query	SHOW WARNINGS
		   11 Query	DELETE LOW_PRIORITY QUICK FROM `table0_innodb_key_pk_parts_2_int_autoinc` ORDER BY `col_char_12`,`col_char_12_key`,`col_int`,`col_int_key`,`pk` LIMIT 3
		   26 Query	SHOW WARNINGS
		   20 Query	SELECT ( SELECT `col_char_12_key` FROM `table2_innodb_int_autoinc` WHERE `pk` = 1 ) FROM `table100_innodb_key_pk_parts_2_int_autoinc` AS X WHERE X.`col_int_key` BETWEEN 38 AND 1662976000 LIMIT 6
		   21 Query	SHOW WARNINGS
		   16 Query	SHOW WARNINGS
		   21 Query	INSERT LOW_PRIORITY INTO `table10_innodb_int_autoinc` (`pk`) VALUES (NULL)
		   26 Query	UPDATE LOW_PRIORITY IGNORE `table1_innodb_key_pk_parts_2_int_autoinc` AS X SET `col_int_key` = 154 ORDER BY `col_char_12`,`col_char_12_key`,`col_int`,`col_int_key`,`pk` LIMIT 8
		   13 Query	SHOW WARNINGS
		   18 Query	SHOW WARNINGS
		   16 Query	DELETE LOW_PRIORITY QUICK FROM `table100_innodb_key_pk_parts_2_int_autoinc` ORDER BY `col_char_12`,`col_char_12_key`,`col_int`,`col_int_key`,`pk` LIMIT 4
		   18 Query	UPDATE LOW_PRIORITY IGNORE `table100_innodb_int_autoinc` AS X SET `col_char_12_key` = 9 ORDER BY `col_char_12`,`col_char_12_key`,`col_int`,`col_int_key`,`pk` LIMIT 5
		   13 Query	DELETE LOW_PRIORITY QUICK FROM `table2_innodb_int_autoinc` ORDER BY `col_char_12`,`col_char_12_key`,`col_int`,`col_int_key`,`pk` LIMIT 1
		   15 Query	SELECT X.`pk` FROM `table100_innodb_int_autoinc` AS X LEFT JOIN `table2_innodb_key_pk_parts_2_int_autoinc` AS Y USING ( `col_char_12_key` ) WHERE X.`col_char_12_key` BETWEEN 102 AND 261619712 LIMIT 6
		   23 Query	SHOW WARNINGS
		   23 Query	REPLACE LOW_PRIORITY INTO `table1_innodb_key_pk_parts_2_int_autoinc` ( `col_char_12`, `col_int` ) VALUES ( 7, 736165888 ), ( 73, 191 )
		   20 Query	UPDATE LOW_PRIORITY `table100_innodb_int_autoinc` AS X SET `col_char_12_key` = 7 WHERE X.`col_int_key` BETWEEN 2 AND 7 ORDER BY `col_char_12`,`col_char_12_key`,`col_int`,`col_int_key`,`pk` LIMIT 8
		   15 Query	UPDATE LOW_PRIORITY IGNORE `table1_innodb_int_autoinc` AS X SET `col_int` = 7 WHERE X.`col_int_key` < 53 ORDER BY `col_char_12`,`col_char_12_key`,`col_int`,`col_int_key`,`pk` LIMIT 8
		   22 Query	SHOW WARNINGS
		   26 Query	SHOW WARNINGS
		   13 Query	SHOW WARNINGS
		   15 Query	SHOW WARNINGS
		   11 Query	SHOW WARNINGS
		   22 Query	UPDATE LOW_PRIORITY `table1_innodb_key_pk_parts_2_int_autoinc` AS X SET `col_int_key` = 4288872448 WHERE X.`col_int_key` BETWEEN 254 AND 2799632384 ORDER BY `col_char_12`,`col_char_12_key`,`col_int`,`col_int_key`,`pk` LIMIT 5
		   26 Query	UPDATE LOW_PRIORITY `table2_innodb_int_autoinc` AS X SET `col_int_key` = 2596601856 ORDER BY `col_char_12`,`col_char_12_key`,`col_int`,`col_int_key`,`pk` LIMIT 6
		   13 Query	REPLACE LOW_PRIORITY INTO `table2_innodb_key_pk_parts_2_int_autoinc` (`pk`) VALUES (NULL)
		   18 Query	SHOW WARNINGS
		   11 Query	SELECT ( SELECT `col_char_12_key` FROM `table0_innodb_int_autoinc` WHERE `pk` = 'k' ) FROM `table1_innodb_int_autoinc` AS X LEFT JOIN `table10_innodb_int_autoinc` AS Y USING ( `col_int_key` ) WHERE X.`pk` IN ( 178, 8, 92864512, 4260364288, 1 ) LIMIT 7
		   15 Query	ROLLBACK TO SAVEPOINT A
		   15 Query	UPDATE LOW_PRIORITY IGNORE `table100_innodb_int_autoinc` AS X SET `col_char_12` = 3552641024 WHERE X.`col_char_12_key` < 9 ORDER BY `col_char_12`,`col_char_12_key`,`col_int`,`col_int_key`,`pk` LIMIT 8
		   18 Query	DELETE LOW_PRIORITY QUICK FROM `table1_innodb_int_autoinc` WHERE `col_int_key` BETWEEN 2 AND 5 ORDER BY `col_char_12`,`col_char_12_key`,`col_int`,`col_int_key`,`pk` LIMIT 3
		   17 Query	UNLOCK TABLES
		   25 Query	UPDATE LOW_PRIORITY `table10_innodb_key_pk_parts_2_int_autoinc` AS X SET `col_int_key` = 194 WHERE X.`pk` = ( SELECT `col_int_key` FROM `table2_innodb_key_pk_parts_2_int_autoinc` WHERE `pk` = 'e' ) ORDER BY `col_char_12`,`col_char_12_key`,`col_int`,`col_int_key`,`pk` LIMIT 5
		   11 Query	UPDATE LOW_PRIORITY `table10_innodb_int_autoinc` AS X SET `col_int` = 'j' WHERE X.`col_char_12_key` IN ( 't', 5, 'f', 'o', 1247281152 ) ORDER BY `col_char_12`,`col_char_12_key`,`col_int`,`col_int_key`,`pk` LIMIT 6
		   19 Query	SHOW WARNINGS
		   17 Query	EXPLAIN SELECT ( SELECT `pk` FROM `table1_innodb_int_autoinc` WHERE `pk` = 0 ) FROM `table10_innodb_int_autoinc` AS X WHERE X.`col_int_key` BETWEEN 4 AND 5 LIMIT 8
		   12 Query	INSERT LOW_PRIORITY INTO `table1_innodb_int_autoinc` (`pk`) VALUES (NULL)
		   25 Query	REPLACE LOW_PRIORITY INTO `table1_innodb_key_pk_parts_2_int_autoinc` ( `col_int`, `col_char_12` ) VALUES ( 4, 'a' ), ( 156, 'g' )
		   17 Query	FLUSH TABLE table100_innodb_key_pk_parts_2_int_autoinc FOR EXPORT
		   19 Query	SELECT X.`pk` FROM `table1_innodb_int_autoinc` AS X LEFT JOIN `table0_innodb_key_pk_parts_2_int_autoinc` AS Y USING ( `pk` ) WHERE X.`pk` BETWEEN 66 AND 724369408 LIMIT 6
		   12 Query	DELETE LOW_PRIORITY QUICK IGNORE FROM `table2_innodb_int_autoinc` WHERE `col_char_12_key` IN ( 3104178176, 237, 'k', 30, 1 ) ORDER BY `col_char_12`,`col_char_12_key`,`col_int`,`col_int_key`,`pk` LIMIT 1
		   19 Query	DELETE LOW_PRIORITY QUICK FROM `table2_innodb_int_autoinc` WHERE `pk` = 'c' ORDER BY `col_char_12`,`col_char_12_key`,`col_int`,`col_int_key`,`pk` LIMIT 3
		   12 Query	SELECT X.`pk` FROM `table2_innodb_key_pk_parts_2_int_autoinc` AS X LEFT JOIN `table0_innodb_key_pk_parts_2_int_autoinc` AS Y USING ( `pk` ) WHERE X.`col_int_key` BETWEEN 95 AND 2544959488 LIMIT 5 FOR UPDATE
		   12 Query	ROLLBACK TO SAVEPOINT A
		   12 Query	UPDATE LOW_PRIORITY IGNORE `table1_innodb_int_autoinc` AS X SET `col_int_key` = 'x' WHERE X.`col_char_12_key` < 48 ORDER BY `col_char_12`,`col_char_12_key`,`col_int`,`col_int_key`,`pk` LIMIT 5
		   12 Query	INSERT LOW_PRIORITY IGNORE INTO `table1_innodb_key_pk_parts_2_int_autoinc` ( `col_int` ) SELECT `pk` FROM `table1_innodb_int_autoinc` AS X WHERE X.`col_char_12_key` BETWEEN 3 AND 6 ORDER BY `col_char_12`,`col_char_12_key`,`col_int`,`col_int_key`,`pk` LIMIT 8
		   12 Query	DELETE LOW_PRIORITY QUICK FROM `table1_innodb_int_autoinc` WHERE `pk` = 4 ORDER BY `col_char_12`,`col_char_12_key`,`col_int`,`col_int_key`,`pk` LIMIT 1
150425  6:37:51	   12 Query	START TRANSACTION
		   12 Query	SELECT * FROM `table1_innodb_key_pk_parts_2_int_autoinc` AS X LEFT JOIN `table2_innodb_int_autoinc` AS Y USING ( `pk` ) WHERE X.`pk` < 'a' LIMIT 7
		   20 Query	SHOW WARNINGS
		   23 Query	INSERT LOW_PRIORITY IGNORE INTO `table1_innodb_key_pk_parts_2_int_autoinc` (`pk`) VALUES (NULL)
		   20 Query	UPDATE LOW_PRIORITY IGNORE `table2_innodb_int_autoinc` AS X SET `col_int` = 3051225088 WHERE X.`col_int_key` IN ( 'i', 710606848, 3442278400, 'k', 3 ) ORDER BY `col_char_12`,`col_char_12_key`,`col_int`,`col_int_key`,`pk` LIMIT 8
		   19 Query	SHOW WARNINGS
		   24 Query	SHOW WARNINGS
		   19 Query	UPDATE LOW_PRIORITY IGNORE `table2_innodb_key_pk_parts_2_int_autoinc` AS X SET `col_int` = 35 ORDER BY `col_char_12`,`col_char_12_key`,`col_int`,`col_int_key`,`pk` LIMIT 5
		   24 Query	SELECT X.`pk` FROM `table10_innodb_int_autoinc` AS X WHERE X.`pk` = ( SELECT `col_char_12_key` FROM `table0_innodb_key_pk_parts_2_int_autoinc` WHERE `pk` = 'r' ) LIMIT 8
		   13 Query	DELETE LOW_PRIORITY QUICK FROM `table0_innodb_key_pk_parts_2_int_autoinc` WHERE `col_int_key` BETWEEN 2 AND 6 ORDER BY `col_char_12`,`col_char_12_key`,`col_int`,`col_int_key`,`pk` LIMIT 2
		   26 Query	SHOW WARNINGS
		   26 Query	INSERT LOW_PRIORITY IGNORE INTO `table100_innodb_int_autoinc` ( `col_int_key`, `col_int` ) VALUES ( 176, 11 ), ( 23, 3021078528 )
		   22 Query	SHOW WARNINGS
		   14 Query	SELECT ID INTO @thread_id FROM INFORMATION_SCHEMA.PROCESSLIST ORDER BY RAND() LIMIT 1
		   18 Query	SHOW WARNINGS
		   21 Query	INSERT LOW_PRIORITY IGNORE INTO `table2_innodb_key_pk_parts_2_int_autoinc` ( `col_char_12_key` ) SELECT `pk` FROM `table10_innodb_int_autoinc` AS X WHERE X.`pk` BETWEEN 173 AND 2707357696 ORDER BY `col_char_12`,`col_char_12_key`,`col_int`,`col_int_key`,`pk` LIMIT 7
		   22 Query	REPLACE LOW_PRIORITY INTO `table0_innodb_int_autoinc` ( `col_int`, `col_char_12_key` ) VALUES ( 'j', 43 ), ( 'k', 91 )
		   18 Query	DELETE LOW_PRIORITY FROM `table10_innodb_int_autoinc` WHERE `col_char_12_key` = 104 ORDER BY `col_char_12`,`col_char_12_key`,`col_int`,`col_int_key`,`pk` LIMIT 2
		   11 Query	SHOW WARNINGS
		   20 Query	SHOW WARNINGS
		   16 Query	SHOW WARNINGS
		   25 Query	UPDATE LOW_PRIORITY `table1_innodb_key_pk_parts_2_int_autoinc` AS X SET `col_char_12` = 2 WHERE X.`pk` BETWEEN 120 AND 1871118336 ORDER BY `col_char_12`,`col_char_12_key`,`col_int`,`col_int_key`,`pk` LIMIT 5
		   11 Query	INSERT LOW_PRIORITY INTO `table0_innodb_key_pk_parts_2_int_autoinc` (`pk`) VALUES (NULL)
		   16 Query	ROLLBACK TO SAVEPOINT A
		   20 Query	UPDATE LOW_PRIORITY IGNORE `table1_innodb_int_autoinc` AS X SET `col_char_12` = 'v' WHERE X.`col_int_key` BETWEEN 26 AND 3645440000 ORDER BY `col_char_12`,`col_char_12_key`,`col_int`,`col_int_key`,`pk` LIMIT 8
		   21 Query	SHOW WARNINGS
		   16 Query	UPDATE LOW_PRIORITY IGNORE `table10_innodb_key_pk_parts_2_int_autoinc` AS X SET `col_char_12_key` = 0 WHERE X.`col_char_12_key` BETWEEN 63 AND 4176347136 ORDER BY `col_char_12`,`col_char_12_key`,`col_int`,`col_int_key`,`pk` LIMIT 8
		   21 Query	INSERT LOW_PRIORITY IGNORE INTO `table100_innodb_int_autoinc` ( `col_char_12` ) SELECT `col_int_key` FROM `table0_innodb_key_pk_parts_2_int_autoinc` AS X WHERE X.`col_int_key` = ( SELECT `pk` FROM `table2_innodb_key_pk_parts_2_int_autoinc` WHERE `pk` = 4 ) ORDER BY `col_char_12`,`col_char_12_key`,`col_int`,`col_int_key`,`pk` LIMIT 6
		   14 Query	EXECUTE show_expl_stmt USING @thread_id
		   12 Query	SHOW WARNINGS
		   24 Query	DELETE LOW_PRIORITY FROM `table1_innodb_int_autoinc` WHERE `pk` IN ( 206, 't', 152, 'q', 26 ) ORDER BY `col_char_12`,`col_char_12_key`,`col_int`,`col_int_key`,`pk` LIMIT 3
		   12 Query	UPDATE LOW_PRIORITY `table100_innodb_key_pk_parts_2_int_autoinc` AS X SET `col_char_12_key` = 'y' WHERE X.`col_char_12_key` = ( SELECT `pk` FROM `table2_innodb_key_pk_parts_2_int_autoinc` WHERE `pk` = 463863808 ) ORDER BY `col_char_12`,`col_char_12_key`,`col_int`,`col_int_key`,`pk` LIMIT 5
		   13 Query	SHOW WARNINGS
		   23 Query	INSERT LOW_PRIORITY INTO `table10_innodb_int_autoinc` ( `col_int_key`, `col_char_12_key` ) VALUES ( 4, 2061762560 ), ( 8, 'm' )
		   26 Query	SHOW WARNINGS
		   13 Query	DELETE LOW_PRIORITY FROM `table0_innodb_int_autoinc` WHERE `pk` BETWEEN 1 AND 5 ORDER BY `col_char_12`,`col_char_12_key`,`col_int`,`col_int_key`,`pk` LIMIT 4
		   26 Query	DELETE LOW_PRIORITY IGNORE FROM `table0_innodb_int_autoinc` WHERE `col_char_12_key` BETWEEN 2 AND 5 ORDER BY `col_char_12`,`col_char_12_key`,`col_int`,`col_int_key`,`pk` LIMIT 1
		   19 Query	SHOW WARNINGS
		   21 Query	SHOW WARNINGS
		   25 Query	SHOW WARNINGS
		   19 Query	UPDATE LOW_PRIORITY IGNORE `table10_innodb_key_pk_parts_2_int_autoinc` AS X SET `col_char_12_key` = 70 ORDER BY `col_char_12`,`col_char_12_key`,`col_int`,`col_int_key`,`pk` LIMIT 8
		   21 Query	UPDATE LOW_PRIORITY `table2_innodb_int_autoinc` AS X SET `col_int_key` = 245 WHERE X.`pk` < 5 ORDER BY `col_char_12`,`col_char_12_key`,`col_int`,`col_int_key`,`pk` LIMIT 6
		   22 Query	SHOW WARNINGS
		   14 Execute	SHOW EXPLAIN FOR 21
		   13 Query	SHOW WARNINGS
		   14 Query	SHOW WARNINGS
		   25 Query	UPDATE LOW_PRIORITY `table1_innodb_int_autoinc` AS X SET `col_char_12` = 2924806144 WHERE X.`col_char_12_key` IN ( 3, 8, 'f', 1529675776, 'u' ) ORDER BY `col_char_12`,`col_char_12_key`,`col_int`,`col_int_key`,`pk` LIMIT 6
		   22 Query	UPDATE LOW_PRIORITY IGNORE `table2_innodb_key_pk_parts_2_int_autoinc` AS X SET `col_char_12_key` = 202 WHERE X.`col_int_key` BETWEEN 4 AND 5 ORDER BY `col_char_12`,`col_char_12_key`,`col_int`,`col_int_key`,`pk` LIMIT 7
		   13 Query	DELETE LOW_PRIORITY IGNORE FROM `table100_innodb_key_pk_parts_2_int_autoinc` WHERE `col_char_12_key` IN ( SELECT `col_char_12_key` FROM `table0_innodb_int_autoinc` WHERE `pk` = 7 ) ORDER BY `col_char_12`,`col_char_12_key`,`col_int`,`col_int_key`,`pk` LIMIT 2
		   21 Query	SHOW WARNINGS
		   26 Query	SHOW WARNINGS
		   20 Query	SHOW WARNINGS
		   22 Query	SHOW WARNINGS
		   26 Query	DELETE LOW_PRIORITY QUICK FROM `table1_innodb_int_autoinc` WHERE `pk` BETWEEN 1 AND 8 ORDER BY `col_char_12`,`col_char_12_key`,`col_int`,`col_int_key`,`pk` LIMIT 3
		   16 Query	SHOW WARNINGS
		   18 Query	SHOW WARNINGS
		   21 Query	UPDATE LOW_PRIORITY `table0_innodb_int_autoinc` AS X SET `col_char_12_key` = 1426522112 ORDER BY `col_char_12`,`col_char_12_key`,`col_int`,`col_int_key`,`pk` LIMIT 8
		   18 Query	ROLLBACK
		   22 Query	REPLACE LOW_PRIORITY INTO `table100_innodb_key_pk_parts_2_int_autoinc` ( `col_int`, `col_char_12` ) VALUES ( 2, 99 ), ( 4, 4136697856 )
		   18 Query	SET TRANSACTION ISOLATION LEVEL READ COMMITTED
		   20 Query	INSERT LOW_PRIORITY INTO `table100_innodb_int_autoinc` ( `col_int_key`, `col_char_12_key` ) VALUES ( 1202651136, 'c' ), ( 'h', 'n' )
		   14 Query	LOCK TABLE `create_or_replace_tmp` WRITE, `table100_innodb_int_autoinc` READ
		   16 Query	DELETE LOW_PRIORITY QUICK FROM `table2_innodb_int_autoinc` WHERE `col_char_12_key` IN ( SELECT `col_int_key` FROM `table10_innodb_key_pk_parts_2_int_autoinc` WHERE `pk` = 8 ) ORDER BY `col_char_12`,`col_char_12_key`,`col_int`,`col_int_key`,`pk` LIMIT 1
		   14 Query	CREATE OR REPLACE TEMPORARY TABLE `create_or_replace_tmp` LIKE `table2_innodb_int_autoinc`
		   18 Query	INSERT LOW_PRIORITY IGNORE INTO `table1_innodb_int_autoinc` ( `col_char_12` ) SELECT `col_char_12_key` FROM `table100_innodb_int_autoinc` AS X WHERE X.`pk` BETWEEN 143 AND 2899378176 ORDER BY `col_char_12`,`col_char_12_key`,`col_int`,`col_int_key`,`pk` LIMIT 7
		   14 Query	INSERT INTO `create_or_replace_tmp` SELECT * FROM `table1_innodb_key_pk_parts_2_int_autoinc`
		   14 Query	UNLOCK TABLES
		   18 Query	UPDATE LOW_PRIORITY IGNORE `table1_innodb_int_autoinc` AS X SET `col_int_key` = 221 WHERE X.`col_int_key` IN ( 6, 'f', 85, 1365049344, 'u' ) ORDER BY `col_char_12`,`col_char_12_key`,`col_int`,`col_int_key`,`pk` LIMIT 6
		   14 Query	ANALYZE TABLE `table2_innodb_key_pk_parts_2_int_autoinc` PERSISTENT FOR COLUMNS ( ) INDEXES ( `pk`, `col_char_12_key`, `pk`, `col_int` )
		   18 Query	SELECT ( SELECT `col_char_12_key` FROM `table1_innodb_key_pk_parts_2_int_autoinc` WHERE `pk` = 249 ) FROM `table1_innodb_int_autoinc` AS X LEFT JOIN `table1_innodb_key_pk_parts_2_int_autoinc` AS Y USING ( `col_int_key` ) WHERE X.`col_char_12_key` = ( SELECT `col_char_12_key` FROM `table100_innodb_int_autoinc` WHERE `pk` = 6 ) LIMIT 7 LOCK IN SHARE MODE
		   14 Query	EXPLAIN EXTENDED INSERT LOW_PRIORITY INTO `table0_innodb_int_autoinc` ( `col_int_key` ) SELECT `col_char_12_key` FROM `table0_innodb_int_autoinc` AS X WHERE X.`col_char_12_key` < 1595604992 ORDER BY `col_char_12`,`col_char_12_key`,`col_int`,`col_int_key`,`pk` LIMIT 6
		   18 Query	INSERT LOW_PRIORITY IGNORE INTO `table0_innodb_int_autoinc` ( `col_int` ) SELECT `pk` FROM `table0_innodb_key_pk_parts_2_int_autoinc` AS X ORDER BY `col_char_12`,`col_char_12_key`,`col_int`,`col_int_key`,`pk` LIMIT 6
		   14 Query	FLUSH TABLE table100_innodb_int_autoinc, table1_innodb_key_pk_parts_2_int_autoinc, table10_innodb_int_autoinc, table2_innodb_key_pk_parts_2_int_autoinc FOR EXPORT
		   16 Query	SHOW WARNINGS
		   11 Query	SELECT ( SELECT `col_int_key` FROM `table0_innodb_int_autoinc` WHERE `pk` = 'e' ) FROM `table10_innodb_int_autoinc` AS X WHERE X.`col_int_key` BETWEEN 41 AND 1808924672 LIMIT 6
		   16 Query	DELETE LOW_PRIORITY QUICK IGNORE FROM `table0_innodb_key_pk_parts_2_int_autoinc` WHERE `col_int_key` IN ( 'g', 2569207808, 8, 'f', 38 ) ORDER BY `col_char_12`,`col_char_12_key`,`col_int`,`col_int_key`,`pk` LIMIT 1
		   11 Query	DELETE LOW_PRIORITY QUICK IGNORE FROM `table0_innodb_int_autoinc` ORDER BY `col_char_12`,`col_char_12_key`,`col_int`,`col_int_key`,`pk` LIMIT 3
		   15 Query	SHOW WARNINGS
		   24 Query	SHOW WARNINGS
		   19 Query	SHOW WARNINGS
		   25 Query	SHOW WARNINGS
		   23 Query	DELETE LOW_PRIORITY QUICK FROM `table100_innodb_int_autoinc` ORDER BY `col_char_12`,`col_char_12_key`,`col_int`,`col_int_key`,`pk` LIMIT 1
		   21 Query	SHOW WARNINGS
		   25 Query	SELECT * FROM `table100_innodb_int_autoinc` AS X WHERE X.`pk` < 3922198528 LIMIT 8 LOCK IN SHARE MODE
		   19 Query	UPDATE LOW_PRIORITY `table10_innodb_int_autoinc` AS X SET `col_char_12` = 'w' WHERE X.`col_int_key` BETWEEN 170 AND 1573715968 ORDER BY `col_char_12`,`col_char_12_key`,`col_int`,`col_int_key`,`pk` LIMIT 5
		   15 Query	SELECT X.`pk` FROM `table2_innodb_int_autoinc` AS X LEFT JOIN `table2_innodb_int_autoinc` AS Y USING ( `col_char_12_key` ) WHERE X.`col_int_key` < 96 LIMIT 6 LOCK IN SHARE MODE
		   21 Query	SELECT * FROM `table1_innodb_int_autoinc` AS X WHERE X.`pk` BETWEEN 4 AND 8 LIMIT 8 LOCK IN SHARE MODE
		   15 Query	UPDATE LOW_PRIORITY IGNORE `table10_innodb_int_autoinc` AS X SET `col_int` = 'd' WHERE X.`col_char_12_key` BETWEEN 2 AND 6 ORDER BY `col_char_12`,`col_char_12_key`,`col_int`,`col_int_key`,`pk` LIMIT 8
		   24 Query	SELECT X.`pk` FROM `table100_innodb_int_autoinc` AS X LEFT JOIN `table100_innodb_int_autoinc` AS Y USING ( `col_int_key` ) LIMIT 8
		   25 Query	INSERT LOW_PRIORITY IGNORE INTO `table100_innodb_key_pk_parts_2_int_autoinc` ( `col_int` ) SELECT `col_int_key` FROM `table0_innodb_int_autoinc` AS X WHERE X.`col_char_12_key` = ( SELECT `col_int_key` FROM `table2_innodb_int_autoinc` WHERE `pk` = 'l' ) ORDER BY `col_char_12`,`col_char_12_key`,`col_int`,`col_int_key`,`pk` LIMIT 6
		   24 Query	UPDATE LOW_PRIORITY IGNORE `table100_innodb_int_autoinc` AS X SET `col_int` = 38 WHERE X.`col_char_12_key` IN ( 6, 38, 1, 47, 9 ) ORDER BY `col_char_12`,`col_char_12_key`,`col_int`,`col_int_key`,`pk` LIMIT 5
		   26 Query	SHOW WARNINGS
		   26 Query	SELECT * FROM `table1_innodb_key_pk_parts_2_int_autoinc` AS X WHERE X.`col_char_12_key` BETWEEN 3 AND 6 LIMIT 7 LOCK IN SHARE MODE
		   21 Query	SELECT X.`col_int_key` FROM `table10_innodb_int_autoinc` AS X LEFT JOIN `table1_innodb_int_autoinc` AS Y USING ( `col_char_12_key` ) WHERE X.`pk` = ( SELECT `col_char_12_key` FROM `table2_innodb_int_autoinc` WHERE `pk` = 210 ) LIMIT 6
		   21 Query	UPDATE LOW_PRIORITY IGNORE `table100_innodb_int_autoinc` AS X SET `col_char_12` = 4 WHERE X.`col_int_key` BETWEEN 2 AND 8 ORDER BY `col_char_12`,`col_char_12_key`,`col_int`,`col_int_key`,`pk` LIMIT 8
		   26 Query	UPDATE LOW_PRIORITY IGNORE `table0_innodb_key_pk_parts_2_int_autoinc` AS X SET `col_int_key` = 'j' WHERE X.`col_char_12_key` IN ( 212, 3, 144, 3142778880, 214 ) ORDER BY `col_char_12`,`col_char_12_key`,`col_int`,`col_int_key`,`pk` LIMIT 8
		   11 Query	SHOW WARNINGS
		   19 Query	SHOW WARNINGS
		   11 Query	SELECT X.`col_char_12_key` FROM `table10_innodb_key_pk_parts_2_int_autoinc` AS X WHERE X.`col_int_key` BETWEEN 180 AND 1581580288 LIMIT 7
		   19 Query	DELETE LOW_PRIORITY QUICK IGNORE FROM `table100_innodb_key_pk_parts_2_int_autoinc` WHERE `col_char_12_key` = 3 ORDER BY `col_char_12`,`col_char_12_key`,`col_int`,`col_int_key`,`pk` LIMIT 1
		   11 Query	SELECT X.`col_int_key` FROM `table0_innodb_key_pk_parts_2_int_autoinc` AS X WHERE X.`col_int_key` BETWEEN 2 AND 6 LIMIT 7
		   11 Query	SELECT X.`col_int_key` FROM `table10_innodb_int_autoinc` AS X WHERE X.`pk` < 8 LIMIT 8
		   11 Query	UPDATE LOW_PRIORITY IGNORE `table10_innodb_int_autoinc` AS X SET `col_int_key` = 75 WHERE X.`pk` BETWEEN 1 AND 7 ORDER BY `col_char_12`,`col_char_12_key`,`col_int`,`col_int_key`,`pk` LIMIT 6
		   15 Query	SHOW WARNINGS
		   20 Query	SHOW WARNINGS
		   15 Query	SELECT * FROM `table0_innodb_key_pk_parts_2_int_autoinc` AS X LIMIT 7
		   20 Query	DELETE LOW_PRIORITY IGNORE FROM `table10_innodb_int_autoinc` WHERE `pk` = 162 ORDER BY `col_char_12`,`col_char_12_key`,`col_int`,`col_int_key`,`pk` LIMIT 3
		   15 Query	ROLLBACK TO SAVEPOINT A
		   15 Query	SELECT ( SELECT `col_int_key` FROM `table1_innodb_key_pk_parts_2_int_autoinc` WHERE `pk` = 6 ) FROM `table0_innodb_int_autoinc` AS X WHERE X.`col_char_12_key` IN ( 1560477696, 0, 1961295872, 2513698816, 2387476480 ) LIMIT 6
		   15 Query	UPDATE LOW_PRIORITY IGNORE `table10_innodb_key_pk_parts_2_int_autoinc` AS X SET `col_char_12` = 4 WHERE X.`pk` BETWEEN 4 AND 6 ORDER BY `col_char_12`,`col_char_12_key`,`col_int`,`col_int_key`,`pk` LIMIT 6
		   18 Query	SHOW WARNINGS
		   16 Query	SHOW WARNINGS
		   16 Query	UPDATE LOW_PRIORITY `table10_innodb_int_autoinc` AS X SET `col_char_12` = 6 ORDER BY `col_char_12`,`col_char_12_key`,`col_int`,`col_int_key`,`pk` LIMIT 8
		   18 Query	DELETE LOW_PRIORITY QUICK IGNORE FROM `table10_innodb_key_pk_parts_2_int_autoinc` WHERE `pk` BETWEEN 1 AND 7 ORDER BY `col_char_12`,`col_char_12_key`,`col_int`,`col_int_key`,`pk` LIMIT 4
		   26 Query	SHOW WARNINGS
		   11 Query	SHOW WARNINGS
		   11 Query	UPDATE LOW_PRIORITY `table2_innodb_int_autoinc` AS X SET `col_int_key` = 3056926720 WHERE X.`col_int_key` = ( SELECT `col_int_key` FROM `table0_innodb_int_autoinc` WHERE `pk` = 2922250240 ) ORDER BY `col_char_12`,`col_char_12_key`,`col_int`,`col_int_key`,`pk` LIMIT 7
		   26 Query	UPDATE LOW_PRIORITY `table100_innodb_key_pk_parts_2_int_autoinc` AS X SET `col_int_key` = 2867920896 WHERE X.`pk` IN ( 4, 't', 'y', 26, 78249984 ) ORDER BY `col_char_12`,`col_char_12_key`,`col_int`,`col_int_key`,`pk` LIMIT 5
		   15 Query	SHOW WARNINGS
		   11 Query	INSERT LOW_PRIORITY INTO `table100_innodb_key_pk_parts_2_int_autoinc` (`pk`) VALUES (NULL)
		   15 Query	UPDATE LOW_PRIORITY IGNORE `table0_innodb_key_pk_parts_2_int_autoinc` AS X SET `col_char_12` = 'i' WHERE X.`col_int_key` IN ( 7, 'k', 2, 8, 8 ) ORDER BY `col_char_12`,`col_char_12_key`,`col_int`,`col_int_key`,`pk` LIMIT 7
		   17 Query	UNLOCK TABLES
		   17 Query	FLUSH TABLE table100_innodb_int_autoinc FOR EXPORT
		   12 Query	INSERT LOW_PRIORITY INTO `table0_innodb_int_autoinc` (`pk`) VALUES (NULL)
		   12 Query	INSERT LOW_PRIORITY IGNORE INTO `table2_innodb_key_pk_parts_2_int_autoinc` ( `col_int` ) SELECT `col_int_key` FROM `table1_innodb_int_autoinc` AS X WHERE X.`col_char_12_key` BETWEEN 3 AND 7 ORDER BY `col_char_12`,`col_char_12_key`,`col_int`,`col_int_key`,`pk` LIMIT 6
		   37 Connect	root@localhost as anonymous on test
		   37 Query	set autocommit=1
		   37 Query	SHOW FULL PROCESSLIST
		   37 Quit	
		   38 Connect	root@localhost as anonymous on test
		   38 Query	set autocommit=1
		   38 Query	SHOW FULL PROCESSLIST
		   38 Quit	
		   18 Query	SHOW WARNINGS
		   25 Query	SHOW WARNINGS
		   18 Query	INSERT LOW_PRIORITY INTO `table100_innodb_int_autoinc` ( `col_int`, `col_char_12_key` ) VALUES ( 'l', 3 ), ( 0, 4016504832 )
		   15 Query	SHOW WARNINGS
		   25 Query	UPDATE LOW_PRIORITY `table1_innodb_int_autoinc` AS X SET `col_char_12_key` = 7 WHERE X.`col_char_12_key` = ( SELECT `pk` FROM `table1_innodb_key_pk_parts_2_int_autoinc` WHERE `pk` = 183 ) ORDER BY `col_char_12`,`col_char_12_key`,`col_int`,`col_int_key`,`pk` LIMIT 8
		   15 Query	SELECT X.`pk` FROM `table10_innodb_int_autoinc` AS X LEFT JOIN `table1_innodb_int_autoinc` AS Y USING ( `col_int_key` ) WHERE X.`col_int_key` BETWEEN 2 AND 6 LIMIT 6
		   22 Query	SET AUTOCOMMIT=ON
		   22 Query	REPLACE LOW_PRIORITY INTO `table2_innodb_key_pk_parts_2_int_autoinc` (`pk`) VALUES (NULL)
		   15 Query	INSERT LOW_PRIORITY INTO `table100_innodb_key_pk_parts_2_int_autoinc` (`pk`) VALUES (NULL)
150425  6:37:52	   25 Query	SHOW WARNINGS
		   25 Query	DELETE LOW_PRIORITY IGNORE FROM `table2_innodb_int_autoinc` WHERE `col_int_key` IN ( SELECT `pk` FROM `table0_innodb_int_autoinc` WHERE `pk` = 149 ) ORDER BY `col_char_12`,`col_char_12_key`,`col_int`,`col_int_key`,`pk` LIMIT 2
		   11 Query	UPDATE LOW_PRIORITY `table10_innodb_int_autoinc` AS X SET `col_int` = 120 WHERE X.`col_int_key` BETWEEN 4 AND 5 ORDER BY `col_char_12`,`col_char_12_key`,`col_int`,`col_int_key`,`pk` LIMIT 8
		   26 Query	SHOW WARNINGS
		   26 Query	DELETE LOW_PRIORITY QUICK IGNORE FROM `table1_innodb_key_pk_parts_2_int_autoinc` WHERE `pk` = 115 ORDER BY `col_char_12`,`col_char_12_key`,`col_int`,`col_int_key`,`pk` LIMIT 4
		   25 Query	SHOW WARNINGS
		   25 Query	INSERT LOW_PRIORITY IGNORE INTO `table10_innodb_key_pk_parts_2_int_autoinc` (`pk`) VALUES (NULL)
		   15 Query	REPLACE LOW_PRIORITY INTO `table2_innodb_key_pk_parts_2_int_autoinc` ( `col_int`, `col_int_key` ) VALUES ( 351928320, 't' ), ( 136, 'z' )
		   13 Query	SHOW WARNINGS
		   13 Query	SAVEPOINT A
		   13 Query	COMMIT
		   13 Query	SET TRANSACTION ISOLATION LEVEL SERIALIZABLE
		   13 Query	SELECT CHARACTER_SET_NAME INTO @cset FROM INFORMATION_SCHEMA.CHARACTER_SETS ORDER BY RAND() LIMIT 1
		   13 Query	SET @stmt_names_or_charset = CONCAT( 'SET CHARACTER SET ', @cset )
		   13 Query	PREPARE stmt_names_or_charset FROM @stmt_names_or_charset
		   13 Prepare	SET CHARACTER SET koi8u
		   13 Query	EXECUTE stmt_names_or_charset
		   13 Execute	SET CHARACTER SET koi8u
		   13 Query	DEALLOCATE PREPARE stmt_names_or_charset
		   13 Query	UPDATE LOW_PRIORITY `table0_innodb_key_pk_parts_2_int_autoinc` AS X SET `col_char_12_key` = 6 WHERE X.`col_int_key` IN ( 497483776, 's', 3447980032, 246, 166 ) ORDER BY `col_char_12`,`col_char_12_key`,`col_int`,`col_int_key`,`pk` LIMIT 8
150425  6:37:53	   19 Query	SHOW WARNINGS
		   13 Query	SHOW WARNINGS
		   13 Query	SET AUTOCOMMIT=ON
		   19 Query	SELECT X.`pk` FROM `table100_innodb_int_autoinc` AS X WHERE X.`col_int_key` BETWEEN 1 AND 5 LIMIT 5
		   25 Query	DELETE LOW_PRIORITY FROM `table100_innodb_int_autoinc` WHERE `col_char_12_key` IN ( SELECT `pk` FROM `table0_innodb_int_autoinc` WHERE `pk` = 1337589760 ) ORDER BY `col_char_12`,`col_char_12_key`,`col_int`,`col_int_key`,`pk` LIMIT 3
		   13 Query	DELETE LOW_PRIORITY QUICK IGNORE FROM `table0_innodb_key_pk_parts_2_int_autoinc` WHERE `pk` = 859832320 ORDER BY `col_char_12`,`col_char_12_key`,`col_int`,`col_int_key`,`pk` LIMIT 4
		   19 Query	UPDATE LOW_PRIORITY IGNORE `table1_innodb_int_autoinc` AS X SET `col_int` = 'h' WHERE X.`col_char_12_key` BETWEEN 199 AND 1480523776 ORDER BY `col_char_12`,`col_char_12_key`,`col_int`,`col_int_key`,`pk` LIMIT 6
		   14 Query	UNLOCK TABLES
		   14 Query	ANALYZE TABLE `table0_innodb_int_autoinc` PERSISTENT FOR ALL
		   12 Query	UPDATE LOW_PRIORITY IGNORE `table10_innodb_int_autoinc` AS X SET `col_int` = 116 WHERE X.`col_char_12_key` BETWEEN 2 AND 6 ORDER BY `col_char_12`,`col_char_12_key`,`col_int`,`col_int_key`,`pk` LIMIT 5
		   12 Query	SELECT ( SELECT `col_char_12_key` FROM `table0_innodb_key_pk_parts_2_int_autoinc` WHERE `pk` = 6 ) FROM `table1_innodb_key_pk_parts_2_int_autoinc` AS X WHERE X.`col_char_12_key` BETWEEN 1 AND 8 LIMIT 6
		   12 Query	UPDATE LOW_PRIORITY IGNORE `table2_innodb_int_autoinc` AS X SET `col_char_12_key` = 'r' WHERE X.`col_int_key` = ( SELECT `col_char_12_key` FROM `table1_innodb_key_pk_parts_2_int_autoinc` WHERE `pk` = 5 ) ORDER BY `col_char_12`,`col_char_12_key`,`col_int`,`col_int_key`,`pk` LIMIT 7
		   12 Query	SHOW WARNINGS
		   12 Query	DELETE LOW_PRIORITY QUICK FROM `table1_innodb_key_pk_parts_2_int_autoinc` WHERE `col_char_12_key` IN ( 4, 'r', 198, 'm', 3786080256 ) ORDER BY `col_char_12`,`col_char_12_key`,`col_int`,`col_int_key`,`pk` LIMIT 4
		   12 Query	SELECT X.`col_char_12_key` FROM `table100_innodb_key_pk_parts_2_int_autoinc` AS X WHERE X.`col_int_key` < 'y' LIMIT 5 FOR UPDATE
		   12 Query	SELECT X.`col_int_key` FROM `table100_innodb_int_autoinc` AS X LEFT JOIN `table0_innodb_int_autoinc` AS Y USING ( `col_int_key` ) WHERE X.`pk` IN ( 'f', 4, 2794651648, 199, 1 ) LIMIT 5
		   20 Query	SHOW WARNINGS
		   26 Query	SHOW WARNINGS
		   20 Query	UPDATE LOW_PRIORITY IGNORE `table1_innodb_int_autoinc` AS X SET `col_int` = 'w' WHERE X.`col_int_key` < 'a' ORDER BY `col_char_12`,`col_char_12_key`,`col_int`,`col_int_key`,`pk` LIMIT 5
		   26 Query	INSERT LOW_PRIORITY INTO `table2_innodb_key_pk_parts_2_int_autoinc` ( `col_char_12`, `col_char_12` ) VALUES ( 'n', 774897664 ), ( 'm', 'a' )
		   22 Query	INSERT LOW_PRIORITY INTO `table1_innodb_int_autoinc` ( `col_int` ) SELECT `col_int_key` FROM `table100_innodb_key_pk_parts_2_int_autoinc` AS X WHERE X.`col_int_key` < 's' ORDER BY `col_char_12`,`col_char_12_key`,`col_int`,`col_int_key`,`pk` LIMIT 5
		   11 Query	SHOW WARNINGS
		   13 Query	SHOW WARNINGS
		   19 Query	SHOW WARNINGS
		   15 Query	SHOW WARNINGS
		   13 Query	UPDATE LOW_PRIORITY IGNORE `table0_innodb_key_pk_parts_2_int_autoinc` AS X SET `col_int_key` = 0 WHERE X.`col_int_key` < 128 ORDER BY `col_char_12`,`col_char_12_key`,`col_int`,`col_int_key`,`pk` LIMIT 8
		   26 Query	DELETE LOW_PRIORITY IGNORE FROM `table0_innodb_int_autoinc` ORDER BY `col_char_12`,`col_char_12_key`,`col_int`,`col_int_key`,`pk` LIMIT 4
		   11 Query	SELECT * FROM `table100_innodb_int_autoinc` AS X LEFT JOIN `table0_innodb_int_autoinc` AS Y USING ( `col_int_key` ) LIMIT 5
		   15 Query	UPDATE LOW_PRIORITY `table2_innodb_int_autoinc` AS X SET `col_char_12_key` = 139 WHERE X.`col_int_key` BETWEEN 4 AND 5 ORDER BY `col_char_12`,`col_char_12_key`,`col_int`,`col_int_key`,`pk` LIMIT 7
		   19 Query	INSERT LOW_PRIORITY IGNORE INTO `table2_innodb_key_pk_parts_2_int_autoinc` (`pk`) VALUES (NULL)
		   15 Query	SHOW WARNINGS
		   13 Query	SHOW WARNINGS
		   20 Query	SHOW WARNINGS
		   15 Query	SELECT ( SELECT `col_int_key` FROM `table2_innodb_int_autoinc` WHERE `pk` = 'h' ) FROM `table0_innodb_int_autoinc` AS X LIMIT 8
		   13 Query	UPDATE LOW_PRIORITY `table0_innodb_key_pk_parts_2_int_autoinc` AS X SET `col_char_12_key` = 3 WHERE X.`col_int_key` BETWEEN 4 AND 7 ORDER BY `col_char_12`,`col_char_12_key`,`col_int`,`col_int_key`,`pk` LIMIT 5
		   20 Query	DELETE LOW_PRIORITY IGNORE FROM `table2_innodb_int_autoinc` WHERE `col_int_key` IN ( SELECT `pk` FROM `table0_innodb_int_autoinc` WHERE `pk` = 151 ) ORDER BY `col_char_12`,`col_char_12_key`,`col_int`,`col_int_key`,`pk` LIMIT 3
		   11 Query	SELECT X.`col_int_key` FROM `table0_innodb_int_autoinc` AS X LEFT JOIN `table100_innodb_key_pk_parts_2_int_autoinc` AS Y USING ( `col_int_key` ) WHERE X.`col_char_12_key` BETWEEN 1 AND 6 LIMIT 7
		   15 Query	DELETE LOW_PRIORITY QUICK IGNORE FROM `table2_innodb_int_autoinc` ORDER BY `col_char_12`,`col_char_12_key`,`col_int`,`col_int_key`,`pk` LIMIT 3
		   11 Query	REPLACE LOW_PRIORITY INTO `table100_innodb_int_autoinc` (`pk`) VALUES (NULL)
		   13 Query	SHOW WARNINGS
		   20 Query	SHOW WARNINGS
		   13 Query	UPDATE LOW_PRIORITY `table1_innodb_int_autoinc` AS X SET `col_char_12` = 235 WHERE X.`col_int_key` < 3795910656 ORDER BY `col_char_12`,`col_char_12_key`,`col_int`,`col_int_key`,`pk` LIMIT 5
		   12 Query	DELETE LOW_PRIORITY QUICK FROM `table10_innodb_int_autoinc` WHERE `pk` = 89 ORDER BY `col_char_12`,`col_char_12_key`,`col_int`,`col_int_key`,`pk` LIMIT 2
		   20 Query	DELETE LOW_PRIORITY QUICK IGNORE FROM `table100_innodb_int_autoinc` WHERE `col_char_12_key` IN ( SELECT `pk` FROM `table10_innodb_int_autoinc` WHERE `pk` = 5 ) ORDER BY `col_char_12`,`col_char_12_key`,`col_int`,`col_int_key`,`pk` LIMIT 2
		   12 Query	SHOW WARNINGS
		   12 Query	REPLACE LOW_PRIORITY INTO `table10_innodb_int_autoinc` (`pk`) VALUES (NULL)
		   12 Query	DELETE LOW_PRIORITY QUICK FROM `table0_innodb_int_autoinc` WHERE `col_int_key` IN ( SELECT `col_int_key` FROM `table0_innodb_key_pk_parts_2_int_autoinc` WHERE `pk` = 'g' ) ORDER BY `col_char_12`,`col_char_12_key`,`col_int`,`col_int_key`,`pk` LIMIT 4
		   12 Query	SELECT X.`pk` FROM `table100_innodb_int_autoinc` AS X WHERE X.`col_char_12_key` BETWEEN 9 AND 3206217728 LIMIT 8
		   12 Query	REPLACE LOW_PRIORITY INTO `table100_innodb_key_pk_parts_2_int_autoinc` (`pk`) VALUES (NULL)
		   12 Query	DELETE LOW_PRIORITY IGNORE FROM `table0_innodb_int_autoinc` WHERE `pk` BETWEEN 2 AND 8 ORDER BY `col_char_12`,`col_char_12_key`,`col_int`,`col_int_key`,`pk` LIMIT 3
		   17 Query	UNLOCK TABLES
		   12 Query	DELETE LOW_PRIORITY FROM `table10_innodb_int_autoinc` WHERE `col_char_12_key` IN ( SELECT `col_int_key` FROM `table10_innodb_key_pk_parts_2_int_autoinc` WHERE `pk` = 4 ) ORDER BY `col_char_12`,`col_char_12_key`,`col_int`,`col_int_key`,`pk` LIMIT 2
		   12 Query	INSERT LOW_PRIORITY INTO `table1_innodb_key_pk_parts_2_int_autoinc` (`pk`) VALUES (NULL)
		   17 Query	ANALYZE TABLE `table1_innodb_int_autoinc` PERSISTENT FOR COLUMNS ALL INDEXES ( PRIMARY )
		   12 Query	UPDATE LOW_PRIORITY `table2_innodb_key_pk_parts_2_int_autoinc` AS X SET `col_int` = 3384410112 ORDER BY `col_char_12`,`col_char_12_key`,`col_int`,`col_int_key`,`pk` LIMIT 7
		   12 Query	DELETE LOW_PRIORITY QUICK FROM `table10_innodb_int_autoinc` WHERE `col_int_key` IN ( SELECT `pk` FROM `table100_innodb_key_pk_parts_2_int_autoinc` WHERE `pk` = 3015573504 ) ORDER BY `col_char_12`,`col_char_12_key`,`col_int`,`col_int_key`,`pk` LIMIT 2
		   12 Query	SELECT X.`pk` FROM `table2_innodb_key_pk_parts_2_int_autoinc` AS X LEFT JOIN `table100_innodb_int_autoinc` AS Y USING ( `col_char_12_key` ) WHERE X.`col_int_key` BETWEEN 1 AND 7 LIMIT 6
		   16 Query	SHOW WARNINGS
		   16 Query	SELECT X.`col_char_12_key` FROM `table2_innodb_key_pk_parts_2_int_autoinc` AS X LEFT JOIN `table0_innodb_key_pk_parts_2_int_autoinc` AS Y USING ( `pk` ) LIMIT 6 LOCK IN SHARE MODE
		   26 Query	SHOW WARNINGS
		   22 Query	SHOW WARNINGS
		   26 Query	SELECT X.`col_int_key` FROM `table2_innodb_key_pk_parts_2_int_autoinc` AS X LEFT JOIN `table2_innodb_int_autoinc` AS Y USING ( `pk` ) LIMIT 8
		   22 Query	SELECT X.`pk` FROM `table100_innodb_key_pk_parts_2_int_autoinc` AS X LEFT JOIN `table1_innodb_int_autoinc` AS Y USING ( `col_int_key` ) WHERE X.`pk` BETWEEN 1 AND 6 LIMIT 5
		   13 Query	SHOW WARNINGS
		   15 Query	SHOW WARNINGS
		   18 Query	SHOW WARNINGS
		   19 Query	DELETE LOW_PRIORITY IGNORE FROM `table100_innodb_int_autoinc` WHERE `pk` IN ( SELECT `col_int_key` FROM `table1_innodb_int_autoinc` WHERE `pk` = 'h' ) ORDER BY `col_char_12`,`col_char_12_key`,`col_int`,`col_int_key`,`pk` LIMIT 1
		   15 Query	DELETE LOW_PRIORITY IGNORE FROM `table0_innodb_int_autoinc` WHERE `col_int_key` IN ( SELECT `col_char_12_key` FROM `table2_innodb_key_pk_parts_2_int_autoinc` WHERE `pk` = 3105882112 ) ORDER BY `col_char_12`,`col_char_12_key`,`col_int`,`col_int_key`,`pk` LIMIT 2
		   13 Query	DELETE LOW_PRIORITY QUICK FROM `table10_innodb_key_pk_parts_2_int_autoinc` WHERE `pk` BETWEEN 4 AND 6 ORDER BY `col_char_12`,`col_char_12_key`,`col_int`,`col_int_key`,`pk` LIMIT 2
		   18 Query	DELETE LOW_PRIORITY QUICK IGNORE FROM `table2_innodb_key_pk_parts_2_int_autoinc` WHERE `pk` IN ( 203, 4, 't', 9, 7 ) ORDER BY `col_char_12`,`col_char_12_key`,`col_int`,`col_int_key`,`pk` LIMIT 2
		   11 Query	INSERT LOW_PRIORITY INTO `table2_innodb_key_pk_parts_2_int_autoinc` ( `col_char_12`, `col_char_12` ) VALUES ( 3158179840, 1288306688 ), ( 'v', 6 )
