		   25 Query	UPDATE LOW_PRIORITY IGNORE `table1_innodb_key_pk_parts_2_int_autoinc` AS X SET `col_int` = 'h' WHERE X.`col_char_12_key` BETWEEN 2 AND 5 ORDER BY `col_char_12`,`col_char_12_key`,`col_int`,`col_int_key`,`pk` LIMIT 8
		   11 Query	UPDATE LOW_PRIORITY `table100_innodb_int_autoinc` AS X SET `col_char_12` = 9 ORDER BY `col_char_12`,`col_char_12_key`,`col_int`,`col_int_key`,`pk` LIMIT 8
		   12 Query	UPDATE LOW_PRIORITY `table100_innodb_key_pk_parts_2_int_autoinc` AS X SET `col_char_12_key` = 148 WHERE X.`col_int_key` BETWEEN 26 AND 3832283136 ORDER BY `col_char_12`,`col_char_12_key`,`col_int`,`col_int_key`,`pk` LIMIT 8
		   12 Query	UPDATE LOW_PRIORITY `table0_innodb_int_autoinc` AS X SET `col_char_12` = 8 WHERE X.`col_int_key` BETWEEN 2 AND 6 ORDER BY `col_char_12`,`col_char_12_key`,`col_int`,`col_int_key`,`pk` LIMIT 7
		   12 Query	UPDATE LOW_PRIORITY `table10_innodb_int_autoinc` AS X SET `col_char_12` = 253 WHERE X.`col_int_key` BETWEEN 166 AND 4245684224 ORDER BY `col_char_12`,`col_char_12_key`,`col_int`,`col_int_key`,`pk` LIMIT 7
		   12 Query	SELECT X.`pk` FROM `table0_innodb_int_autoinc` AS X WHERE X.`col_char_12_key` IN ( 54, 100, 29, 9, 3544514560 ) LIMIT 8 FOR UPDATE
		   20 Query	SELECT X.`col_int_key` FROM `table100_innodb_key_pk_parts_2_int_autoinc` AS X LEFT JOIN `table1_innodb_int_autoinc` AS Y USING ( `col_int_key` ) WHERE X.`col_char_12_key` < 6 LIMIT 8 FOR UPDATE
		   13 Query	SHOW WARNINGS
		   15 Query	SHOW WARNINGS
		   26 Query	SHOW WARNINGS
		   24 Query	SHOW WARNINGS
		   13 Query	INSERT LOW_PRIORITY INTO `table2_innodb_key_pk_parts_2_int_autoinc` (`pk`) VALUES (NULL)
		   15 Query	REPLACE LOW_PRIORITY INTO `table1_innodb_int_autoinc` ( `col_char_12_key`, `col_char_12` ) VALUES ( 8, 'a' ), ( 'g', 'd' )
		   26 Query	SELECT X.`col_int_key` FROM `table2_innodb_key_pk_parts_2_int_autoinc` AS X LEFT JOIN `table1_innodb_int_autoinc` AS Y USING ( `col_char_12_key` ) WHERE X.`col_char_12_key` < 77 LIMIT 5
		   12 Query	DELETE LOW_PRIORITY IGNORE FROM `table2_innodb_key_pk_parts_2_int_autoinc` WHERE `col_int_key` IN ( SELECT `pk` FROM `table1_innodb_key_pk_parts_2_int_autoinc` WHERE `pk` = 77 ) ORDER BY `col_char_12`,`col_char_12_key`,`col_int`,`col_int_key`,`pk` LIMIT 2
		   24 Query	DELETE LOW_PRIORITY IGNORE FROM `table0_innodb_int_autoinc` WHERE `col_int_key` BETWEEN 4 AND 6 ORDER BY `col_char_12`,`col_char_12_key`,`col_int`,`col_int_key`,`pk` LIMIT 3
		   12 Query	DELETE LOW_PRIORITY QUICK IGNORE FROM `table100_innodb_key_pk_parts_2_int_autoinc` ORDER BY `col_char_12`,`col_char_12_key`,`col_int`,`col_int_key`,`pk` LIMIT 4
		   21 Query	SHOW WARNINGS
		   12 Query	SELECT X.`pk` FROM `table100_innodb_int_autoinc` AS X LEFT JOIN `table10_innodb_int_autoinc` AS Y USING ( `col_char_12_key` ) WHERE X.`col_int_key` IN ( 2772697088, 'b', 3944415232, 103, 'p' ) LIMIT 6
		   21 Query	UPDATE LOW_PRIORITY IGNORE `table0_innodb_key_pk_parts_2_int_autoinc` AS X SET `col_int_key` = 0 WHERE X.`col_int_key` = ( SELECT `col_int_key` FROM `table0_innodb_key_pk_parts_2_int_autoinc` WHERE `pk` = 2021916672 ) ORDER BY `col_char_12`,`col_char_12_key`,`col_int`,`col_int_key`,`pk` LIMIT 5
		   18 Query	SHOW WARNINGS
		   18 Query	INSERT LOW_PRIORITY IGNORE INTO `table1_innodb_int_autoinc` ( `col_char_12`, `col_int` ) VALUES ( 8, 151 ), ( 8, 137 )
		   21 Query	SELECT X.`col_char_12` FROM `table100_innodb_key_pk_parts_2_int_autoinc` AS X LEFT JOIN `table2_innodb_key_pk_parts_2_int_autoinc` AS Y USING ( `col_int_key` ) WHERE X.`col_int_key` IN ( 222, 4, 198, 'f', 1100021760 ) LIMIT 8
		   26 Query	INSERT LOW_PRIORITY IGNORE INTO `table100_innodb_key_pk_parts_2_int_autoinc` (`pk`) VALUES (NULL)
		   12 Query	UPDATE LOW_PRIORITY IGNORE `table100_innodb_int_autoinc` AS X SET `col_int` = 'k' WHERE X.`col_int_key` < 849870848 ORDER BY `col_char_12`,`col_char_12_key`,`col_int`,`col_int_key`,`pk` LIMIT 5
		   12 Query	SHOW WARNINGS
		   12 Query	UPDATE LOW_PRIORITY `table0_innodb_key_pk_parts_2_int_autoinc` AS X SET `col_char_12` = 1743323136 WHERE X.`pk` < 3225616384 ORDER BY `col_char_12`,`col_char_12_key`,`col_int`,`col_int_key`,`pk` LIMIT 6
		   12 Query	COMMIT
		   12 Query	SET TRANSACTION ISOLATION LEVEL READ UNCOMMITTED
		   12 Query	UPDATE LOW_PRIORITY IGNORE `table1_innodb_int_autoinc` AS X SET `col_char_12_key` = 223 WHERE X.`col_int_key` IN ( 9, 2330001408, 'y', 146, 7 ) ORDER BY `col_char_12`,`col_char_12_key`,`col_int`,`col_int_key`,`pk` LIMIT 8
		   12 Query	UPDATE LOW_PRIORITY `table10_innodb_key_pk_parts_2_int_autoinc` AS X SET `col_char_12` = 'f' WHERE X.`pk` = ( SELECT `col_char_12_key` FROM `table0_innodb_key_pk_parts_2_int_autoinc` WHERE `pk` = 7 ) ORDER BY `col_char_12`,`col_char_12_key`,`col_int`,`col_int_key`,`pk` LIMIT 6
		   12 Query	DELETE LOW_PRIORITY QUICK IGNORE FROM `table0_innodb_int_autoinc` WHERE `col_int_key` BETWEEN 2 AND 5 ORDER BY `col_char_12`,`col_char_12_key`,`col_int`,`col_int_key`,`pk` LIMIT 2
		   21 Query	SELECT X.`col_char_12_key` FROM `table1_innodb_int_autoinc` AS X WHERE X.`col_char_12_key` BETWEEN 2 AND 6 LIMIT 7
		   16 Query	SHOW WARNINGS
		   16 Query	DELETE LOW_PRIORITY QUICK IGNORE FROM `table0_innodb_int_autoinc` WHERE `pk` IN ( SELECT `pk` FROM `table10_innodb_int_autoinc` WHERE `pk` = 'i' ) ORDER BY `col_char_12`,`col_char_12_key`,`col_int`,`col_int_key`,`pk` LIMIT 3
		   24 Query	SHOW WARNINGS
		   12 Query	INSERT LOW_PRIORITY INTO `table10_innodb_key_pk_parts_2_int_autoinc` (`pk`) VALUES (NULL)
		   24 Query	SELECT X.`pk` FROM `table2_innodb_int_autoinc` AS X WHERE X.`pk` BETWEEN 137 AND 1746796544 LIMIT 6
		   12 Query	UPDATE LOW_PRIORITY IGNORE `table2_innodb_int_autoinc` AS X SET `col_char_12` = 7 ORDER BY `col_char_12`,`col_char_12_key`,`col_int`,`col_int_key`,`pk` LIMIT 7
		   22 Query	DELETE LOW_PRIORITY IGNORE FROM `table2_innodb_int_autoinc` ORDER BY `col_char_12`,`col_char_12_key`,`col_int`,`col_int_key`,`pk` LIMIT 3
		   24 Query	DELETE LOW_PRIORITY QUICK IGNORE FROM `table1_innodb_int_autoinc` WHERE `pk` IN ( 51, 'h', 'c', 1985347584, 'g' ) ORDER BY `col_char_12`,`col_char_12_key`,`col_int`,`col_int_key`,`pk` LIMIT 2
		   12 Query	DELETE LOW_PRIORITY FROM `table1_innodb_key_pk_parts_2_int_autoinc` WHERE `pk` = 8 ORDER BY `col_char_12`,`col_char_12_key`,`col_int`,`col_int_key`,`pk` LIMIT 3
		   22 Query	INSERT LOW_PRIORITY INTO `table0_innodb_int_autoinc` ( `col_char_12_key` ) SELECT `col_int_key` FROM `table10_innodb_int_autoinc` AS X ORDER BY `col_char_12`,`col_char_12_key`,`col_int`,`col_int_key`,`pk` LIMIT 5
		   21 Query	DELETE LOW_PRIORITY IGNORE FROM `table10_innodb_key_pk_parts_2_int_autoinc` WHERE `col_char_12_key` IN ( 109, 178, 3051421696, 2, 225 ) ORDER BY `col_char_12`,`col_char_12_key`,`col_int`,`col_int_key`,`pk` LIMIT 2
		   12 Query	DELETE LOW_PRIORITY QUICK IGNORE FROM `table10_innodb_key_pk_parts_2_int_autoinc` WHERE `col_char_12_key` IN ( 'd', 6, 3, 'y', 230 ) ORDER BY `col_char_12`,`col_char_12_key`,`col_int`,`col_int_key`,`pk` LIMIT 2
		   22 Query	UPDATE LOW_PRIORITY IGNORE `table10_innodb_key_pk_parts_2_int_autoinc` AS X SET `col_int_key` = 'i' WHERE X.`col_char_12_key` = ( SELECT `pk` FROM `table1_innodb_int_autoinc` WHERE `pk` = 5 ) ORDER BY `col_char_12`,`col_char_12_key`,`col_int`,`col_int_key`,`pk` LIMIT 6
		   12 Query	UPDATE LOW_PRIORITY `table100_innodb_key_pk_parts_2_int_autoinc` AS X SET `col_int_key` = 3 ORDER BY `col_char_12`,`col_char_12_key`,`col_int`,`col_int_key`,`pk` LIMIT 5
		   22 Query	DELETE LOW_PRIORITY QUICK IGNORE FROM `table10_innodb_key_pk_parts_2_int_autoinc` ORDER BY `col_char_12`,`col_char_12_key`,`col_int`,`col_int_key`,`pk` LIMIT 3
		   16 Query	SHOW WARNINGS
		   22 Query	SELECT X.`col_int` FROM `table10_innodb_key_pk_parts_2_int_autoinc` AS X LEFT JOIN `table0_innodb_int_autoinc` AS Y USING ( `col_int_key` ) WHERE X.`col_int_key` BETWEEN 2 AND 8 LIMIT 8
		   12 Query	SELECT * FROM `table1_innodb_key_pk_parts_2_int_autoinc` AS X WHERE X.`col_int_key` < 'u' LIMIT 8
		   16 Query	SELECT X.`pk` FROM `table100_innodb_key_pk_parts_2_int_autoinc` AS X WHERE X.`col_int_key` BETWEEN 18 AND 4103864320 LIMIT 7
		   12 Query	SHOW WARNINGS
		   22 Query	DELETE LOW_PRIORITY FROM `table0_innodb_int_autoinc` ORDER BY `col_char_12`,`col_char_12_key`,`col_int`,`col_int_key`,`pk` LIMIT 4
		   12 Query	REPLACE LOW_PRIORITY INTO `table2_innodb_key_pk_parts_2_int_autoinc` ( `col_int`, `col_int` ) VALUES ( 2057175040, 9 ), ( 0, 1 )
		   22 Query	SELECT X.`pk` FROM `table1_innodb_int_autoinc` AS X WHERE X.`pk` < 'u' LIMIT 7
		   22 Query	SHOW WARNINGS
		   12 Query	UPDATE LOW_PRIORITY `table0_innodb_key_pk_parts_2_int_autoinc` AS X SET `col_int` = 1 ORDER BY `col_char_12`,`col_char_12_key`,`col_int`,`col_int_key`,`pk` LIMIT 8
		   16 Query	UPDATE LOW_PRIORITY IGNORE `table2_innodb_int_autoinc` AS X SET `col_int` = 577372160 WHERE X.`pk` BETWEEN 242 AND 2226913280 ORDER BY `col_char_12`,`col_char_12_key`,`col_int`,`col_int_key`,`pk` LIMIT 6
		   16 Query	SHOW WARNINGS
		   22 Query	DELETE LOW_PRIORITY IGNORE FROM `table100_innodb_int_autoinc` ORDER BY `col_char_12`,`col_char_12_key`,`col_int`,`col_int_key`,`pk` LIMIT 3
		   16 Query	UPDATE LOW_PRIORITY IGNORE `table1_innodb_int_autoinc` AS X SET `col_int_key` = 1272971264 WHERE X.`col_int_key` IN ( 140, 244, 144048128, 'l', 'a' ) ORDER BY `col_char_12`,`col_char_12_key`,`col_int`,`col_int_key`,`pk` LIMIT 8
		   22 Query	SELECT X.`col_int_key` FROM `table1_innodb_int_autoinc` AS X LEFT JOIN `table10_innodb_int_autoinc` AS Y USING ( `col_int_key` ) WHERE X.`col_int_key` BETWEEN 245 AND 3331981312 LIMIT 6
		   22 Query	DELETE LOW_PRIORITY QUICK IGNORE FROM `table10_innodb_key_pk_parts_2_int_autoinc` WHERE `col_char_12_key` IN ( SELECT `pk` FROM `table1_innodb_key_pk_parts_2_int_autoinc` WHERE `pk` = 'n' ) ORDER BY `col_char_12`,`col_char_12_key`,`col_int`,`col_int_key`,`pk` LIMIT 1
		   22 Query	DELETE LOW_PRIORITY IGNORE FROM `table2_innodb_int_autoinc` ORDER BY `col_char_12`,`col_char_12_key`,`col_int`,`col_int_key`,`pk` LIMIT 2
		   22 Query	UPDATE LOW_PRIORITY IGNORE `table100_innodb_int_autoinc` AS X SET `col_int` = 121 WHERE X.`col_int_key` IN ( 'y', 'v', 'i', 'z', 'o' ) ORDER BY `col_char_12`,`col_char_12_key`,`col_int`,`col_int_key`,`pk` LIMIT 5
		   22 Query	INSERT LOW_PRIORITY INTO `table2_innodb_key_pk_parts_2_int_autoinc` ( `col_char_12`, `col_char_12` ) VALUES ( 232259584, 2619211776 ), ( 2241134592, 753795072 )
		   22 Query	SELECT X.`col_int_key` FROM `table1_innodb_int_autoinc` AS X WHERE X.`col_char_12_key` BETWEEN 2 AND 8 LIMIT 7 LOCK IN SHARE MODE
		   21 Query	SHOW WARNINGS
		   21 Query	INSERT LOW_PRIORITY INTO `table10_innodb_int_autoinc` ( `col_char_12`, `col_int_key` ) VALUES ( 'v', 0 ), ( 1225981952, 117 )
		   13 Query	UPDATE LOW_PRIORITY `table0_innodb_int_autoinc` AS X SET `col_char_12` = 2969894912 WHERE X.`pk` BETWEEN 214 AND 2161115136 ORDER BY `col_char_12`,`col_char_12_key`,`col_int`,`col_int_key`,`pk` LIMIT 7
		   13 Query	SHOW WARNINGS
		   23 Query	SHOW WARNINGS
		   13 Query	DELETE LOW_PRIORITY QUICK IGNORE FROM `table2_innodb_int_autoinc` WHERE `col_int_key` IN ( 642908160, 5, 105, 163, 'p' ) ORDER BY `col_char_12`,`col_char_12_key`,`col_int`,`col_int_key`,`pk` LIMIT 3
		   18 Query	UPDATE LOW_PRIORITY IGNORE `table1_innodb_int_autoinc` AS X SET `col_int` = 5 WHERE X.`col_int_key` BETWEEN 4 AND 8 ORDER BY `col_char_12`,`col_char_12_key`,`col_int`,`col_int_key`,`pk` LIMIT 8
		   23 Query	DELETE LOW_PRIORITY QUICK IGNORE FROM `table2_innodb_int_autoinc` WHERE `col_char_12_key` BETWEEN 1 AND 8 ORDER BY `col_char_12`,`col_char_12_key`,`col_int`,`col_int_key`,`pk` LIMIT 1
		   25 Query	SHOW WARNINGS
		   25 Query	INSERT LOW_PRIORITY IGNORE INTO `table0_innodb_key_pk_parts_2_int_autoinc` (`pk`) VALUES (NULL)
		   15 Query	SELECT ( SELECT `pk` FROM `table10_innodb_int_autoinc` WHERE `pk` = 207 ) FROM `table2_innodb_int_autoinc` AS X WHERE X.`pk` = ( SELECT `pk` FROM `table100_innodb_int_autoinc` WHERE `pk` = 'm' ) LIMIT 6
		   15 Query	START TRANSACTION
		   15 Query	SELECT X.`col_char_12` FROM `table2_innodb_key_pk_parts_2_int_autoinc` AS X WHERE X.`col_char_12_key` IN ( 213, 4020568064, 1765605376, 7, 242 ) LIMIT 5
		   15 Query	DELETE LOW_PRIORITY QUICK IGNORE FROM `table10_innodb_key_pk_parts_2_int_autoinc` WHERE `col_int_key` BETWEEN 4 AND 8 ORDER BY `col_char_12`,`col_char_12_key`,`col_int`,`col_int_key`,`pk` LIMIT 3
		   15 Query	SHOW WARNINGS
		   15 Query	DELETE LOW_PRIORITY QUICK IGNORE FROM `table10_innodb_key_pk_parts_2_int_autoinc` WHERE `col_char_12_key` IN ( SELECT `col_char_12_key` FROM `table100_innodb_int_autoinc` WHERE `pk` = 6 ) ORDER BY `col_char_12`,`col_char_12_key`,`col_int`,`col_int_key`,`pk` LIMIT 3
		   11 Query	SHOW WARNINGS
		   11 Query	DELETE LOW_PRIORITY QUICK FROM `table0_innodb_key_pk_parts_2_int_autoinc` ORDER BY `col_char_12`,`col_char_12_key`,`col_int`,`col_int_key`,`pk` LIMIT 4
		   15 Query	SHOW WARNINGS
		   15 Query	SELECT * FROM `table10_innodb_key_pk_parts_2_int_autoinc` AS X WHERE X.`col_char_12_key` < 3019177984 LIMIT 5 FOR UPDATE
		   15 Query	UPDATE LOW_PRIORITY IGNORE `table0_innodb_int_autoinc` AS X SET `col_int_key` = 'g' WHERE X.`col_char_12_key` IN ( 578355200, 140, 'c', 2, 9 ) ORDER BY `col_char_12`,`col_char_12_key`,`col_int`,`col_int_key`,`pk` LIMIT 7
		   14 Query	SHOW WARNINGS
		   14 Query	UNLOCK TABLES
		   14 Query	EXPLAIN REPLACE LOW_PRIORITY INTO `table0_innodb_key_pk_parts_2_int_autoinc` (`pk`) VALUES (NULL)
		   14 Query	SELECT ID INTO @thread_id FROM INFORMATION_SCHEMA.PROCESSLIST ORDER BY RAND() LIMIT 1
		   14 Query	EXECUTE show_expl_stmt USING @thread_id
150425  6:38:31	   19 Query	SHOW WARNINGS
		   18 Query	SHOW WARNINGS
		   19 Query	INSERT LOW_PRIORITY INTO `table2_innodb_int_autoinc` ( `col_int`, `col_int` ) VALUES ( 3668049920, 100 ), ( 's', 9 )
		   18 Query	INSERT LOW_PRIORITY IGNORE INTO `table2_innodb_key_pk_parts_2_int_autoinc` ( `col_int` ) SELECT `pk` FROM `table10_innodb_int_autoinc` AS X WHERE X.`col_char_12_key` < 653787136 ORDER BY `col_char_12`,`col_char_12_key`,`col_int`,`col_int_key`,`pk` LIMIT 6
		   19 Query	UPDATE LOW_PRIORITY IGNORE `table0_innodb_int_autoinc` AS X SET `col_char_12` = 6 WHERE X.`col_char_12_key` BETWEEN 2 AND 6 ORDER BY `col_char_12`,`col_char_12_key`,`col_int`,`col_int_key`,`pk` LIMIT 7
		   20 Query	DELETE LOW_PRIORITY FROM `table100_innodb_int_autoinc` WHERE `col_char_12_key` = 60 ORDER BY `col_char_12`,`col_char_12_key`,`col_int`,`col_int_key`,`pk` LIMIT 3
		   17 Query	ANALYZE TABLE `table10_innodb_key_pk_parts_2_int_autoinc` PERSISTENT FOR COLUMNS ALL INDEXES ( `col_int` )
		   24 Query	SHOW WARNINGS
		   14 Execute	SHOW EXPLAIN FOR 20
		   24 Query	DELETE LOW_PRIORITY FROM `table2_innodb_key_pk_parts_2_int_autoinc` ORDER BY `col_char_12`,`col_char_12_key`,`col_int`,`col_int_key`,`pk` LIMIT 4
		   14 Query	SHOW WARNINGS
		   16 Query	SHOW WARNINGS
		   14 Query	SELECT ID INTO @thread_id FROM INFORMATION_SCHEMA.PROCESSLIST ORDER BY RAND() LIMIT 1
		   16 Query	INSERT LOW_PRIORITY IGNORE INTO `table10_innodb_key_pk_parts_2_int_autoinc` ( `col_char_12` ) SELECT `col_int_key` FROM `table2_innodb_key_pk_parts_2_int_autoinc` AS X WHERE X.`col_int_key` = ( SELECT `pk` FROM `table10_innodb_key_pk_parts_2_int_autoinc` WHERE `pk` = 233 ) ORDER BY `col_char_12`,`col_char_12_key`,`col_int`,`col_int_key`,`pk` LIMIT 7
		   16 Query	SHOW WARNINGS
		   14 Query	EXECUTE show_expl_stmt USING @thread_id
		   16 Query	SELECT X.`pk` FROM `table1_innodb_int_autoinc` AS X LEFT JOIN `table100_innodb_key_pk_parts_2_int_autoinc` AS Y USING ( `col_char_12_key` ) WHERE X.`col_char_12_key` = ( SELECT `col_char_12_key` FROM `table0_innodb_int_autoinc` WHERE `pk` = 'k' ) LIMIT 7 LOCK IN SHARE MODE
		   45 Connect	root@localhost as anonymous on test
		   45 Query	set autocommit=1
		   45 Query	SHOW FULL PROCESSLIST
		   45 Quit	
		   46 Connect	root@localhost as anonymous on test
		   46 Query	set autocommit=1
		   46 Query	SHOW FULL PROCESSLIST
		   46 Quit	
150425  6:38:32	   24 Query	SHOW WARNINGS
		   14 Execute	SHOW EXPLAIN FOR 24
		   14 Query	SHOW WARNINGS
		   25 Query	UPDATE LOW_PRIORITY `table1_innodb_int_autoinc` AS X SET `col_int_key` = 3967221760 WHERE X.`col_char_12_key` < 9 ORDER BY `col_char_12`,`col_char_12_key`,`col_int`,`col_int_key`,`pk` LIMIT 8
		   26 Query	UPDATE LOW_PRIORITY IGNORE `table10_innodb_key_pk_parts_2_int_autoinc` AS X SET `col_char_12` = 2 WHERE X.`pk` BETWEEN 3 AND 8 ORDER BY `col_char_12`,`col_char_12_key`,`col_int`,`col_int_key`,`pk` LIMIT 5
		   24 Query	UPDATE LOW_PRIORITY IGNORE `table1_innodb_int_autoinc` AS X SET `col_char_12_key` = 897646592 WHERE X.`col_char_12_key` BETWEEN 227 AND 941228032 ORDER BY `col_char_12`,`col_char_12_key`,`col_int`,`col_int_key`,`pk` LIMIT 6
		   14 Query	FLUSH TABLE table10_innodb_key_pk_parts_2_int_autoinc, table2_innodb_int_autoinc, table100_innodb_key_pk_parts_2_int_autoinc FOR EXPORT
		   16 Query	UPDATE LOW_PRIORITY IGNORE `table2_innodb_key_pk_parts_2_int_autoinc` AS X SET `col_char_12` = 7 WHERE X.`col_int_key` < 'l' ORDER BY `col_char_12`,`col_char_12_key`,`col_int`,`col_int_key`,`pk` LIMIT 7
		   16 Query	SHOW WARNINGS
		   16 Query	UPDATE LOW_PRIORITY `table10_innodb_int_autoinc` AS X SET `col_int` = 0 WHERE X.`col_char_12_key` IN ( 'z', 'p', 'a', 2847866880, 6 ) ORDER BY `col_char_12`,`col_char_12_key`,`col_int`,`col_int_key`,`pk` LIMIT 6
		   18 Query	INSERT LOW_PRIORITY IGNORE INTO `table0_innodb_int_autoinc` ( `col_char_12_key` ) SELECT `pk` FROM `table1_innodb_key_pk_parts_2_int_autoinc` AS X WHERE X.`col_char_12_key` BETWEEN 47 AND 1421344768 ORDER BY `col_char_12`,`col_char_12_key`,`col_int`,`col_int_key`,`pk` LIMIT 7
		   16 Query	SHOW WARNINGS
		   16 Query	INSERT LOW_PRIORITY INTO `table100_innodb_key_pk_parts_2_int_autoinc` ( `col_char_12`, `col_char_12_key` ) VALUES ( 90, 'i' ), ( 8, 3953852416 )
		   21 Query	UPDATE LOW_PRIORITY `table1_innodb_key_pk_parts_2_int_autoinc` AS X SET `col_int_key` = 'g' WHERE X.`col_int_key` BETWEEN 4 AND 5 ORDER BY `col_char_12`,`col_char_12_key`,`col_int`,`col_int_key`,`pk` LIMIT 5
150425  6:38:41	   47 Connect	root@localhost as anonymous on test
		   47 Query	set autocommit=1
		   47 Query	SHOW FULL PROCESSLIST
		   47 Quit	
		   48 Connect	root@localhost as anonymous on test
		   48 Query	set autocommit=1
		   48 Query	SHOW FULL PROCESSLIST
		   48 Quit	
150425  6:38:51	   49 Connect	root@localhost as anonymous on test
		   49 Query	set autocommit=1
		   49 Query	SHOW FULL PROCESSLIST
		   49 Query	KILL QUERY 11
		   49 Query	KILL QUERY 12
		   49 Query	KILL QUERY 13
		   49 Query	KILL QUERY 15
		   11 Query	REPLACE LOW_PRIORITY INTO `table100_innodb_int_autoinc` (`pk`) VALUES (NULL)
		   49 Query	KILL QUERY 22
		   49 Query	KILL QUERY 23
		   13 Query	UPDATE LOW_PRIORITY IGNORE `table1_innodb_int_autoinc` AS X SET `col_int` = 243 ORDER BY `col_char_12`,`col_char_12_key`,`col_int`,`col_int_key`,`pk` LIMIT 7
		   12 Query	INSERT LOW_PRIORITY INTO `table0_innodb_int_autoinc` (`pk`) VALUES (NULL)
		   49 Quit	
		   50 Connect	root@localhost as anonymous on test
		   15 Query	INSERT LOW_PRIORITY IGNORE INTO `table2_innodb_key_pk_parts_2_int_autoinc` ( `col_char_12_key`, `col_int_key` ) VALUES ( 'l', 'p' ), ( 0, 4262985728 )
		   50 Query	set autocommit=1
		   50 Query	SHOW FULL PROCESSLIST
		   22 Query	SELECT ( SELECT `col_int_key` FROM `table100_innodb_key_pk_parts_2_int_autoinc` WHERE `pk` = 'w' ) FROM `table0_innodb_int_autoinc` AS X WHERE X.`col_int_key` IN ( 131, 1515847680, 105185280, 27, 2 ) LIMIT 7
		   50 Quit	
		   15 Query	SHOW WARNINGS
150425  6:38:52	   23 Query	UPDATE LOW_PRIORITY `table0_innodb_int_autoinc` AS X SET `col_int` = 'o' WHERE X.`col_int_key` < 167 ORDER BY `col_char_12`,`col_char_12_key`,`col_int`,`col_int_key`,`pk` LIMIT 5
		   15 Query	DELETE LOW_PRIORITY FROM `table10_innodb_int_autoinc` WHERE `col_char_12_key` BETWEEN 4 AND 5 ORDER BY `col_char_12`,`col_char_12_key`,`col_int`,`col_int_key`,`pk` LIMIT 1
		   22 Query	REPLACE LOW_PRIORITY INTO `table1_innodb_key_pk_parts_2_int_autoinc` ( `col_char_12_key`, `col_int` ) VALUES ( 750911488, 523632640 ), ( 117, 'v' )
		   22 Query	INSERT LOW_PRIORITY INTO `table10_innodb_key_pk_parts_2_int_autoinc` (`pk`) VALUES (NULL)
		   22 Query	DELETE LOW_PRIORITY IGNORE FROM `table1_innodb_int_autoinc` WHERE `col_int_key` IN ( 194, 'h', 'v', 'u', 8 ) ORDER BY `col_char_12`,`col_char_12_key`,`col_int`,`col_int_key`,`pk` LIMIT 1
		   22 Query	UPDATE LOW_PRIORITY `table0_innodb_int_autoinc` AS X SET `col_int` = 'g' WHERE X.`pk` IN ( 102, 147, 5, 53, 125 ) ORDER BY `col_char_12`,`col_char_12_key`,`col_int`,`col_int_key`,`pk` LIMIT 5
		   22 Query	DELETE LOW_PRIORITY IGNORE FROM `table2_innodb_int_autoinc` WHERE `col_int_key` IN ( SELECT `pk` FROM `table0_innodb_key_pk_parts_2_int_autoinc` WHERE `pk` = 41 ) ORDER BY `col_char_12`,`col_char_12_key`,`col_int`,`col_int_key`,`pk` LIMIT 2
		   22 Query	SELECT X.`pk` FROM `table0_innodb_key_pk_parts_2_int_autoinc` AS X LEFT JOIN `table100_innodb_key_pk_parts_2_int_autoinc` AS Y USING ( `col_char_12_key` ) WHERE X.`pk` < 84 LIMIT 5
		   22 Query	UPDATE LOW_PRIORITY `table100_innodb_int_autoinc` AS X SET `col_int` = 3 WHERE X.`pk` = ( SELECT `col_char_12_key` FROM `table100_innodb_int_autoinc` WHERE `pk` = 2632122368 ) ORDER BY `col_char_12`,`col_char_12_key`,`col_int`,`col_int_key`,`pk` LIMIT 7
		   22 Query	UPDATE LOW_PRIORITY IGNORE `table1_innodb_int_autoinc` AS X SET `col_char_12_key` = 'j' WHERE X.`pk` BETWEEN 1 AND 7 ORDER BY `col_char_12`,`col_char_12_key`,`col_int`,`col_int_key`,`pk` LIMIT 6
		   22 Query	DELETE LOW_PRIORITY QUICK IGNORE FROM `table2_innodb_int_autoinc` WHERE `col_int_key` IN ( 177, 3119054848, 207, 2, 3633512448 ) ORDER BY `col_char_12`,`col_char_12_key`,`col_int`,`col_int_key`,`pk` LIMIT 3
		   22 Query	START TRANSACTION
		   22 Query	SELECT * FROM `table2_innodb_int_autoinc` AS X LEFT JOIN `table10_innodb_int_autoinc` AS Y USING ( `col_int_key` ) WHERE X.`pk` < 2789670912 LIMIT 6
		   15 Query	SHOW WARNINGS
		   15 Query	DELETE LOW_PRIORITY QUICK IGNORE FROM `table100_innodb_int_autoinc` WHERE `col_char_12_key` IN ( SELECT `col_int_key` FROM `table0_innodb_int_autoinc` WHERE `pk` = 7 ) ORDER BY `col_char_12`,`col_char_12_key`,`col_int`,`col_int_key`,`pk` LIMIT 4
		   22 Query	DELETE LOW_PRIORITY IGNORE FROM `table1_innodb_int_autoinc` WHERE `col_char_12_key` IN ( SELECT `col_int_key` FROM `table1_innodb_int_autoinc` WHERE `pk` = 3 ) ORDER BY `col_char_12`,`col_char_12_key`,`col_int`,`col_int_key`,`pk` LIMIT 1
		   19 Query	INSERT LOW_PRIORITY IGNORE INTO `table2_innodb_key_pk_parts_2_int_autoinc` ( `col_int`, `col_int` ) VALUES ( 105, 1 ), ( 'o', 'z' )
		   22 Query	DELETE LOW_PRIORITY QUICK IGNORE FROM `table2_innodb_int_autoinc` WHERE `col_int_key` = 4281794560 ORDER BY `col_char_12`,`col_char_12_key`,`col_int`,`col_int_key`,`pk` LIMIT 1
		   20 Query	SHOW WARNINGS
		   19 Query	UPDATE LOW_PRIORITY `table1_innodb_key_pk_parts_2_int_autoinc` AS X SET `col_char_12_key` = 99 WHERE X.`col_int_key` BETWEEN 2 AND 8 ORDER BY `col_char_12`,`col_char_12_key`,`col_int`,`col_int_key`,`pk` LIMIT 8
		   22 Query	UPDATE LOW_PRIORITY `table1_innodb_key_pk_parts_2_int_autoinc` AS X SET `col_int` = 4 WHERE X.`col_int_key` BETWEEN 183 AND 1804337152 ORDER BY `col_char_12`,`col_char_12_key`,`col_int`,`col_int_key`,`pk` LIMIT 6
		   20 Query	REPLACE LOW_PRIORITY INTO `table1_innodb_int_autoinc` ( `col_int` ) SELECT `pk` FROM `table100_innodb_key_pk_parts_2_int_autoinc` AS X WHERE X.`col_int_key` BETWEEN 106 AND 2206859264 ORDER BY `col_char_12`,`col_char_12_key`,`col_int`,`col_int_key`,`pk` LIMIT 5
		   22 Query	REPLACE LOW_PRIORITY INTO `table1_innodb_int_autoinc` (`pk`) VALUES (NULL)
		   22 Query	SELECT * FROM `table1_innodb_int_autoinc` AS X LEFT JOIN `table10_innodb_key_pk_parts_2_int_autoinc` AS Y USING ( `col_char_12_key` ) WHERE X.`col_int_key` BETWEEN 23 AND 2639134720 LIMIT 8
		   22 Query	SELECT * FROM `table1_innodb_key_pk_parts_2_int_autoinc` AS X WHERE X.`pk` < 74 LIMIT 7 FOR UPDATE
		   11 Query	REPLACE LOW_PRIORITY INTO `table2_innodb_key_pk_parts_2_int_autoinc` (`pk`) VALUES (NULL)
		   15 Query	SHOW WARNINGS
		   22 Query	UPDATE LOW_PRIORITY `table1_innodb_int_autoinc` AS X SET `col_char_12` = 1433600000 WHERE X.`col_char_12_key` < 'u' ORDER BY `col_char_12`,`col_char_12_key`,`col_int`,`col_int_key`,`pk` LIMIT 6
		   15 Query	INSERT LOW_PRIORITY IGNORE INTO `table0_innodb_int_autoinc` ( `col_char_12_key` ) SELECT `col_char_12_key` FROM `table2_innodb_int_autoinc` AS X WHERE X.`pk` BETWEEN 108 AND 520421376 ORDER BY `col_char_12`,`col_char_12_key`,`col_int`,`col_int_key`,`pk` LIMIT 5
		   22 Query	DELETE LOW_PRIORITY QUICK IGNORE FROM `table100_innodb_key_pk_parts_2_int_autoinc` WHERE `col_int_key` BETWEEN 3 AND 7 ORDER BY `col_char_12`,`col_char_12_key`,`col_int`,`col_int_key`,`pk` LIMIT 1
		   15 Query	SHOW WARNINGS
		   15 Query	DELETE LOW_PRIORITY IGNORE FROM `table1_innodb_int_autoinc` WHERE `pk` BETWEEN 1 AND 8 ORDER BY `col_char_12`,`col_char_12_key`,`col_int`,`col_int_key`,`pk` LIMIT 1
		   16 Query	UPDATE LOW_PRIORITY IGNORE `table0_innodb_int_autoinc` AS X SET `col_char_12_key` = 'j' WHERE X.`pk` BETWEEN 1 AND 6 ORDER BY `col_char_12`,`col_char_12_key`,`col_int`,`col_int_key`,`pk` LIMIT 6
		   16 Query	SHOW WARNINGS
		   16 Query	DELETE LOW_PRIORITY QUICK IGNORE FROM `table2_innodb_key_pk_parts_2_int_autoinc` WHERE `col_int_key` = 2 ORDER BY `col_char_12`,`col_char_12_key`,`col_int`,`col_int_key`,`pk` LIMIT 3
		   16 Query	SHOW WARNINGS
		   16 Query	SELECT ( SELECT `col_char_12_key` FROM `table0_innodb_int_autoinc` WHERE `pk` = 'p' ) FROM `table100_innodb_int_autoinc` AS X LEFT JOIN `table1_innodb_key_pk_parts_2_int_autoinc` AS Y USING ( `pk` ) WHERE X.`col_char_12_key` IN ( 3729915904, 961282048, 3, 11, 148 ) LIMIT 6
		   16 Query	REPLACE LOW_PRIORITY INTO `table10_innodb_key_pk_parts_2_int_autoinc` (`pk`) VALUES (NULL)
		   23 Query	SHOW WARNINGS
		   25 Query	SHOW WARNINGS
		   25 Query	REPLACE LOW_PRIORITY INTO `table100_innodb_key_pk_parts_2_int_autoinc` (`pk`) VALUES (NULL)
		   23 Query	DELETE LOW_PRIORITY QUICK FROM `table1_innodb_key_pk_parts_2_int_autoinc` ORDER BY `col_char_12`,`col_char_12_key`,`col_int`,`col_int_key`,`pk` LIMIT 1
		   18 Query	SHOW WARNINGS
		   18 Query	INSERT LOW_PRIORITY INTO `table10_innodb_int_autoinc` (`pk`) VALUES (NULL)
		   11 Query	UPDATE LOW_PRIORITY IGNORE `table100_innodb_key_pk_parts_2_int_autoinc` AS X SET `col_int` = 1205796864 WHERE X.`col_int_key` < 99 ORDER BY `col_char_12`,`col_char_12_key`,`col_int`,`col_int_key`,`pk` LIMIT 5
		   19 Query	SELECT * FROM `table100_innodb_key_pk_parts_2_int_autoinc` AS X LEFT JOIN `table1_innodb_key_pk_parts_2_int_autoinc` AS Y USING ( `col_char_12_key` ) WHERE X.`col_int_key` BETWEEN 143 AND 1644101632 LIMIT 7
		   19 Query	REPLACE LOW_PRIORITY INTO `table2_innodb_key_pk_parts_2_int_autoinc` ( `col_char_12`, `col_char_12` ) VALUES ( 'f', 4 ), ( 6, 1 )
		   19 Query	SELECT X.`pk` FROM `table0_innodb_key_pk_parts_2_int_autoinc` AS X LEFT JOIN `table10_innodb_key_pk_parts_2_int_autoinc` AS Y USING ( `col_int_key` ) WHERE X.`col_char_12_key` IN ( 228, 4291035136, 588840960, 1, 5 ) LIMIT 7 LOCK IN SHARE MODE
		   19 Query	DELETE LOW_PRIORITY FROM `table100_innodb_key_pk_parts_2_int_autoinc` ORDER BY `col_char_12`,`col_char_12_key`,`col_int`,`col_int_key`,`pk` LIMIT 1
		   24 Query	SHOW WARNINGS
		   24 Query	DELETE LOW_PRIORITY IGNORE FROM `table0_innodb_int_autoinc` WHERE `pk` IN ( SELECT `col_char_12_key` FROM `table10_innodb_int_autoinc` WHERE `pk` = 'p' ) ORDER BY `col_char_12`,`col_char_12_key`,`col_int`,`col_int_key`,`pk` LIMIT 4
		   20 Query	SHOW WARNINGS
		   20 Query	INSERT LOW_PRIORITY INTO `table1_innodb_int_autoinc` (`pk`) VALUES (NULL)
		   21 Query	SHOW WARNINGS
		   12 Query	UPDATE LOW_PRIORITY `table1_innodb_int_autoinc` AS X SET `col_char_12_key` = 3173580800 WHERE X.`col_char_12_key` = ( SELECT `col_char_12_key` FROM `table0_innodb_key_pk_parts_2_int_autoinc` WHERE `pk` = 0 ) ORDER BY `col_char_12`,`col_char_12_key`,`col_int`,`col_int_key`,`pk` LIMIT 8
		   21 Query	INSERT LOW_PRIORITY INTO `table10_innodb_int_autoinc` ( `col_int` ) SELECT `col_int_key` FROM `table0_innodb_int_autoinc` AS X WHERE X.`pk` < 230 ORDER BY `col_char_12`,`col_char_12_key`,`col_int`,`col_int_key`,`pk` LIMIT 6
		   12 Query	SELECT X.`col_int_key` FROM `table0_innodb_key_pk_parts_2_int_autoinc` AS X WHERE X.`col_int_key` = ( SELECT `pk` FROM `table10_innodb_key_pk_parts_2_int_autoinc` WHERE `pk` = 'u' ) LIMIT 5
		   12 Query	DELETE LOW_PRIORITY FROM `table2_innodb_key_pk_parts_2_int_autoinc` ORDER BY `col_char_12`,`col_char_12_key`,`col_int`,`col_int_key`,`pk` LIMIT 1
		   13 Query	SHOW WARNINGS
		   13 Query	INSERT LOW_PRIORITY INTO `table0_innodb_int_autoinc` ( `col_int` ) SELECT `col_char_12_key` FROM `table1_innodb_int_autoinc` AS X WHERE X.`col_char_12_key` < 0 ORDER BY `col_char_12`,`col_char_12_key`,`col_int`,`col_int_key`,`pk` LIMIT 5
		   15 Query	SHOW WARNINGS
		   15 Query	DELETE LOW_PRIORITY FROM `table100_innodb_int_autoinc` ORDER BY `col_char_12`,`col_char_12_key`,`col_int`,`col_int_key`,`pk` LIMIT 3
		   15 Query	SHOW WARNINGS
		   15 Query	SELECT X.`col_int_key` FROM `table10_innodb_int_autoinc` AS X WHERE X.`col_int_key` = ( SELECT `col_int_key` FROM `table1_innodb_int_autoinc` WHERE `pk` = 5 ) LIMIT 5 FOR UPDATE
		   15 Query	UPDATE LOW_PRIORITY `table2_innodb_int_autoinc` AS X SET `col_char_12` = 48 WHERE X.`pk` BETWEEN 103 AND 2440036352 ORDER BY `col_char_12`,`col_char_12_key`,`col_int`,`col_int_key`,`pk` LIMIT 7
		   15 Query	SHOW WARNINGS
		   15 Query	UPDATE LOW_PRIORITY IGNORE `table1_innodb_key_pk_parts_2_int_autoinc` AS X SET `col_char_12_key` = 'x' WHERE X.`pk` < 152 ORDER BY `col_char_12`,`col_char_12_key`,`col_int`,`col_int_key`,`pk` LIMIT 7
		   23 Query	SHOW WARNINGS
		   23 Query	DELETE LOW_PRIORITY QUICK IGNORE FROM `table1_innodb_key_pk_parts_2_int_autoinc` WHERE `pk` BETWEEN 3 AND 6 ORDER BY `col_char_12`,`col_char_12_key`,`col_int`,`col_int_key`,`pk` LIMIT 1
		   15 Query	SHOW WARNINGS
		   15 Query	SELECT X.`col_char_12_key` FROM `table10_innodb_key_pk_parts_2_int_autoinc` AS X LEFT JOIN `table1_innodb_key_pk_parts_2_int_autoinc` AS Y USING ( `col_char_12_key` ) LIMIT 6
		   15 Query	UPDATE LOW_PRIORITY `table10_innodb_key_pk_parts_2_int_autoinc` AS X SET `col_char_12` = 9 WHERE X.`col_char_12_key` BETWEEN 223 AND 2821586944 ORDER BY `col_char_12`,`col_char_12_key`,`col_int`,`col_int_key`,`pk` LIMIT 7
		   15 Query	SHOW WARNINGS
		   15 Query	DELETE LOW_PRIORITY IGNORE FROM `table10_innodb_int_autoinc` WHERE `pk` IN ( SELECT `col_int_key` FROM `table0_innodb_int_autoinc` WHERE `pk` = 93 ) ORDER BY `col_char_12`,`col_char_12_key`,`col_int`,`col_int_key`,`pk` LIMIT 4
		   15 Query	SHOW WARNINGS
		   15 Query	DELETE LOW_PRIORITY FROM `table10_innodb_key_pk_parts_2_int_autoinc` WHERE `col_int_key` IN ( 3193241600, 3474391040, 628228096, 60, 'c' ) ORDER BY `col_char_12`,`col_char_12_key`,`col_int`,`col_int_key`,`pk` LIMIT 2
		   15 Query	SHOW WARNINGS
		   15 Query	DELETE LOW_PRIORITY QUICK FROM `table100_innodb_key_pk_parts_2_int_autoinc` WHERE `col_int_key` = 'r' ORDER BY `col_char_12`,`col_char_12_key`,`col_int`,`col_int_key`,`pk` LIMIT 2
		   20 Query	SELECT X.`pk` FROM `table0_innodb_int_autoinc` AS X LEFT JOIN `table1_innodb_key_pk_parts_2_int_autoinc` AS Y USING ( `col_int_key` ) WHERE X.`col_char_12_key` < 644087808 LIMIT 8 LOCK IN SHARE MODE
		   15 Query	INSERT LOW_PRIORITY IGNORE INTO `table1_innodb_key_pk_parts_2_int_autoinc` ( `col_int_key`, `col_int` ) VALUES ( 'a', 1490747392 ), ( 'm', 35 )
		   15 Query	SHOW WARNINGS
		   15 Query	DELETE LOW_PRIORITY QUICK FROM `table1_innodb_int_autoinc` WHERE `col_int_key` IN ( SELECT `col_char_12_key` FROM `table2_innodb_int_autoinc` WHERE `pk` = 'l' ) ORDER BY `col_char_12`,`col_char_12_key`,`col_int`,`col_int_key`,`pk` LIMIT 1
		   13 Query	SHOW WARNINGS
		   12 Query	SHOW WARNINGS
		   13 Query	UPDATE LOW_PRIORITY IGNORE `table10_innodb_int_autoinc` AS X SET `col_int` = 3 WHERE X.`pk` IN ( 196542464, 1283457024, 'j', 3705012224, 7 ) ORDER BY `col_char_12`,`col_char_12_key`,`col_int`,`col_int_key`,`pk` LIMIT 8
		   18 Query	REPLACE LOW_PRIORITY INTO `table2_innodb_int_autoinc` ( `col_char_12_key` ) SELECT `col_char_12_key` FROM `table10_innodb_key_pk_parts_2_int_autoinc` AS X WHERE X.`pk` = ( SELECT `col_char_12_key` FROM `table1_innodb_int_autoinc` WHERE `pk` = 117 ) ORDER BY `col_char_12`,`col_char_12_key`,`col_int`,`col_int_key`,`pk` LIMIT 6
		   15 Query	SHOW WARNINGS
		   12 Query	UPDATE LOW_PRIORITY IGNORE `table1_innodb_int_autoinc` AS X SET `col_int` = 3789029376 WHERE X.`pk` BETWEEN 36 AND 3031564288 ORDER BY `col_char_12`,`col_char_12_key`,`col_int`,`col_int_key`,`pk` LIMIT 6
		   15 Query	UPDATE LOW_PRIORITY `table1_innodb_key_pk_parts_2_int_autoinc` AS X SET `col_char_12` = 3059220480 WHERE X.`pk` BETWEEN 185 AND 3152543744 ORDER BY `col_char_12`,`col_char_12_key`,`col_int`,`col_int_key`,`pk` LIMIT 8
		   23 Query	SHOW WARNINGS
		   15 Query	SHOW WARNINGS
		   23 Query	SELECT X.`pk` FROM `table100_innodb_int_autoinc` AS X WHERE X.`pk` BETWEEN 1 AND 7 LIMIT 5
		   15 Query	DELETE LOW_PRIORITY QUICK IGNORE FROM `table2_innodb_int_autoinc` WHERE `col_int_key` BETWEEN 2 AND 7 ORDER BY `col_char_12`,`col_char_12_key`,`col_int`,`col_int_key`,`pk` LIMIT 1
		   23 Query	REPLACE LOW_PRIORITY INTO `table0_innodb_key_pk_parts_2_int_autoinc` ( `col_int_key`, `col_char_12_key` ) VALUES ( 1, 'k' ), ( 'w', 11 )
		   15 Query	SHOW WARNINGS
		   15 Query	UPDATE LOW_PRIORITY IGNORE `table1_innodb_key_pk_parts_2_int_autoinc` AS X SET `col_char_12` = 9 WHERE X.`pk` IN ( 4266393600, 't', 6, 156, 'w' ) ORDER BY `col_char_12`,`col_char_12_key`,`col_int`,`col_int_key`,`pk` LIMIT 6
		   15 Query	SHOW WARNINGS
		   15 Query	INSERT LOW_PRIORITY IGNORE INTO `table2_innodb_key_pk_parts_2_int_autoinc` ( `col_char_12` ) SELECT `col_int_key` FROM `table0_innodb_int_autoinc` AS X ORDER BY `col_char_12`,`col_char_12_key`,`col_int`,`col_int_key`,`pk` LIMIT 8
		   17 Query	LOCK TABLE `create_or_replace_tmp` WRITE, `table100_innodb_key_pk_parts_2_int_autoinc` READ
		   17 Query	CREATE OR REPLACE TABLE `create_or_replace_tmp` LIKE `table1_innodb_int_autoinc`
		   17 Query	INSERT INTO `create_or_replace_tmp` SELECT * FROM `table0_innodb_int_autoinc`
		   17 Query	UNLOCK TABLES
		   17 Query	SELECT ID INTO @thread_id FROM INFORMATION_SCHEMA.PROCESSLIST ORDER BY RAND() LIMIT 1
		   17 Query	EXECUTE show_expl_stmt USING @thread_id
		   17 Query	SELECT ID INTO @thread_id FROM INFORMATION_SCHEMA.PROCESSLIST ORDER BY RAND() LIMIT 1
		   17 Query	EXECUTE show_expl_stmt USING @thread_id
		   17 Query	EXPLAIN EXTENDED DELETE LOW_PRIORITY QUICK FROM `table10_innodb_key_pk_parts_2_int_autoinc` WHERE `col_char_12_key` IN ( 8, 7, 34, 249, 243 ) ORDER BY `col_char_12`,`col_char_12_key`,`col_int`,`col_int_key`,`pk` LIMIT 4
150425  6:38:53	   13 Query	SHOW WARNINGS
		   23 Query	SHOW WARNINGS
		   18 Query	SHOW WARNINGS
		   26 Query	SHOW WARNINGS
		   23 Query	UPDATE LOW_PRIORITY `table1_innodb_int_autoinc` AS X SET `col_char_12` = 'y' WHERE X.`col_int_key` = ( SELECT `pk` FROM `table1_innodb_int_autoinc` WHERE `pk` = 'e' ) ORDER BY `col_char_12`,`col_char_12_key`,`col_int`,`col_int_key`,`pk` LIMIT 7
		   18 Query	SELECT X.`col_char_12_key` FROM `table10_innodb_int_autoinc` AS X WHERE X.`col_char_12_key` IN ( 'r', 3, 1, 108, 62 ) LIMIT 6
		   13 Query	ROLLBACK
		   26 Query	DELETE LOW_PRIORITY FROM `table0_innodb_key_pk_parts_2_int_autoinc` WHERE `pk` BETWEEN 3 AND 5 ORDER BY `col_char_12`,`col_char_12_key`,`col_int`,`col_int_key`,`pk` LIMIT 2
		   23 Query	UPDATE LOW_PRIORITY IGNORE `table10_innodb_key_pk_parts_2_int_autoinc` AS X SET `col_int_key` = 'q' WHERE X.`pk` = ( SELECT `col_char_12_key` FROM `table2_innodb_int_autoinc` WHERE `pk` = 8 ) ORDER BY `col_char_12`,`col_char_12_key`,`col_int`,`col_int_key`,`pk` LIMIT 5
		   13 Query	SET TRANSACTION ISOLATION LEVEL SERIALIZABLE
		   13 Query	DELETE LOW_PRIORITY FROM `table10_innodb_int_autoinc` WHERE `col_int_key` IN ( 8, 156, 1742667776, 2561867776, 149 ) ORDER BY `col_char_12`,`col_char_12_key`,`col_int`,`col_int_key`,`pk` LIMIT 2
		   18 Query	DELETE LOW_PRIORITY IGNORE FROM `table1_innodb_int_autoinc` WHERE `pk` = 'b' ORDER BY `col_char_12`,`col_char_12_key`,`col_int`,`col_int_key`,`pk` LIMIT 4
150425  6:38:54	   18 Query	SHOW WARNINGS
		   13 Query	SHOW WARNINGS
		   26 Query	SHOW WARNINGS
		   13 Query	ROLLBACK TO SAVEPOINT A
		   26 Query	SAVEPOINT A
		   18 Query	DELETE LOW_PRIORITY IGNORE FROM `table1_innodb_int_autoinc` WHERE `col_char_12_key` IN ( SELECT `col_char_12_key` FROM `table10_innodb_key_pk_parts_2_int_autoinc` WHERE `pk` = 'v' ) ORDER BY `col_char_12`,`col_char_12_key`,`col_int`,`col_int_key`,`pk` LIMIT 2
		   13 Query	SET NAMES DEFAULT
		   26 Query	SELECT * FROM `table2_innodb_key_pk_parts_2_int_autoinc` AS X LEFT JOIN `table2_innodb_int_autoinc` AS Y USING ( `col_char_12_key` ) WHERE X.`col_int_key` = ( SELECT `col_char_12_key` FROM `table10_innodb_key_pk_parts_2_int_autoinc` WHERE `pk` = 'm' ) LIMIT 7
		   13 Query	SET AUTOCOMMIT=ON
		   13 Query	SELECT X.`col_int_key` FROM `table0_innodb_key_pk_parts_2_int_autoinc` AS X WHERE X.`col_int_key` BETWEEN 53 AND 3627548672 LIMIT 7
		   26 Query	UPDATE LOW_PRIORITY IGNORE `table1_innodb_int_autoinc` AS X SET `col_char_12` = 50 WHERE X.`col_char_12_key` BETWEEN 191 AND 1161363456 ORDER BY `col_char_12`,`col_char_12_key`,`col_int`,`col_int_key`,`pk` LIMIT 6
		   13 Query	INSERT LOW_PRIORITY IGNORE INTO `table100_innodb_key_pk_parts_2_int_autoinc` ( `col_char_12`, `col_int` ) VALUES ( 0, 1082589184 ), ( 'm', 4074307584 )
150425  6:39:02	   51 Connect	root@localhost as anonymous on test
		   51 Query	set autocommit=1
		   51 Query	SHOW FULL PROCESSLIST
		   51 Query	KILL QUERY 14
		   51 Quit	
		   14 Query	UNLOCK TABLES
		   14 Query	EXPLAIN EXTENDED DELETE LOW_PRIORITY QUICK FROM `table1_innodb_key_pk_parts_2_int_autoinc` ORDER BY `col_char_12`,`col_char_12_key`,`col_int`,`col_int_key`,`pk` LIMIT 4
		   22 Query	DELETE LOW_PRIORITY FROM `table1_innodb_int_autoinc` WHERE `pk` IN ( 5, 220, 2, 2365784064, 2428174336 ) ORDER BY `col_char_12`,`col_char_12_key`,`col_int`,`col_int_key`,`pk` LIMIT 1
		   14 Query	ANALYZE TABLE `table0_innodb_key_pk_parts_2_int_autoinc` PERSISTENT FOR COLUMNS ALL INDEXES ALL
		   17 Query	FLUSH TABLE table1_innodb_int_autoinc, table2_innodb_int_autoinc FOR EXPORT
		   23 Query	SELECT X.`pk` FROM `table10_innodb_key_pk_parts_2_int_autoinc` AS X WHERE X.`col_int_key` IN ( 63, 'r', 'l', 3522887680, 2251030528 ) LIMIT 6
		   22 Query	INSERT LOW_PRIORITY INTO `table0_innodb_int_autoinc` ( `col_char_12` ) SELECT `col_char_12_key` FROM `table100_innodb_int_autoinc` AS X WHERE X.`col_int_key` BETWEEN 12 AND 217251840 ORDER BY `col_char_12`,`col_char_12_key`,`col_int`,`col_int_key`,`pk` LIMIT 6
		   22 Query	INSERT LOW_PRIORITY IGNORE INTO `table0_innodb_int_autoinc` (`pk`) VALUES (NULL)
		   16 Query	SELECT X.`pk` FROM `table0_innodb_int_autoinc` AS X LEFT JOIN `table2_innodb_int_autoinc` AS Y USING ( `col_char_12_key` ) WHERE X.`pk` BETWEEN 95 AND 3122987008 LIMIT 6
		   52 Connect	root@localhost as anonymous on test
		   52 Query	set autocommit=1
		   23 Query	UPDATE LOW_PRIORITY IGNORE `table0_innodb_int_autoinc` AS X SET `col_int` = 152 WHERE X.`col_int_key` < 49 ORDER BY `col_char_12`,`col_char_12_key`,`col_int`,`col_int_key`,`pk` LIMIT 7
		   52 Query	SHOW FULL PROCESSLIST
		   22 Query	UPDATE LOW_PRIORITY `table0_innodb_key_pk_parts_2_int_autoinc` AS X SET `col_int_key` = 108 WHERE X.`pk` BETWEEN 4 AND 5 ORDER BY `col_char_12`,`col_char_12_key`,`col_int`,`col_int_key`,`pk` LIMIT 6
		   52 Quit	
		   22 Query	REPLACE LOW_PRIORITY INTO `table10_innodb_key_pk_parts_2_int_autoinc` (`pk`) VALUES (NULL)
		   22 Query	DELETE LOW_PRIORITY QUICK FROM `table100_innodb_key_pk_parts_2_int_autoinc` WHERE `pk` BETWEEN 2 AND 7 ORDER BY `col_char_12`,`col_char_12_key`,`col_int`,`col_int_key`,`pk` LIMIT 4
		   22 Query	UPDATE LOW_PRIORITY IGNORE `table1_innodb_int_autoinc` AS X SET `col_int_key` = 'd' WHERE X.`col_char_12_key` = ( SELECT `col_int_key` FROM `table1_innodb_int_autoinc` WHERE `pk` = 1975517184 ) ORDER BY `col_char_12`,`col_char_12_key`,`col_int`,`col_int_key`,`pk` LIMIT 7
		   22 Query	INSERT LOW_PRIORITY IGNORE INTO `table0_innodb_key_pk_parts_2_int_autoinc` ( `col_char_12_key`, `col_char_12` ) VALUES ( 4, 33 ), ( 'o', 78 )
		   22 Query	INSERT LOW_PRIORITY INTO `table1_innodb_key_pk_parts_2_int_autoinc` ( `col_int_key`, `col_char_12_key` ) VALUES ( 1, 0 ), ( 'a', 115 )
		   22 Query	SELECT X.`pk` FROM `table10_innodb_key_pk_parts_2_int_autoinc` AS X LEFT JOIN `table100_innodb_int_autoinc` AS Y USING ( `col_int_key` ) WHERE X.`col_int_key` < 1992425472 LIMIT 6
		   22 Query	DELETE LOW_PRIORITY FROM `table1_innodb_int_autoinc` WHERE `col_int_key` = 9 ORDER BY `col_char_12`,`col_char_12_key`,`col_int`,`col_int_key`,`pk` LIMIT 2
		   22 Query	INSERT LOW_PRIORITY IGNORE INTO `table100_innodb_key_pk_parts_2_int_autoinc` ( `col_int`, `col_int_key` ) VALUES ( 4, 196 ), ( 6, 5 )
		   22 Query	REPLACE LOW_PRIORITY INTO `table1_innodb_int_autoinc` ( `col_char_12_key` ) SELECT `col_char_12_key` FROM `table1_innodb_int_autoinc` AS X ORDER BY `col_char_12`,`col_char_12_key`,`col_int`,`col_int_key`,`pk` LIMIT 7
		   22 Query	INSERT LOW_PRIORITY IGNORE INTO `table100_innodb_int_autoinc` ( `col_int` ) SELECT `col_int_key` FROM `table100_innodb_int_autoinc` AS X WHERE X.`col_int_key` BETWEEN 2 AND 7 ORDER BY `col_char_12`,`col_char_12_key`,`col_int`,`col_int_key`,`pk` LIMIT 8
		   22 Query	DELETE LOW_PRIORITY QUICK IGNORE FROM `table100_innodb_int_autoinc` ORDER BY `col_char_12`,`col_char_12_key`,`col_int`,`col_int_key`,`pk` LIMIT 1
		   22 Query	UPDATE LOW_PRIORITY IGNORE `table0_innodb_key_pk_parts_2_int_autoinc` AS X SET `col_char_12` = 'g' WHERE X.`col_char_12_key` BETWEEN 60 AND 726335488 ORDER BY `col_char_12`,`col_char_12_key`,`col_int`,`col_int_key`,`pk` LIMIT 7
		   22 Query	UPDATE LOW_PRIORITY `table100_innodb_int_autoinc` AS X SET `col_char_12` = 8 WHERE X.`col_int_key` BETWEEN 4 AND 7 ORDER BY `col_char_12`,`col_char_12_key`,`col_int`,`col_int_key`,`pk` LIMIT 5
		   22 Query	UPDATE LOW_PRIORITY IGNORE `table0_innodb_key_pk_parts_2_int_autoinc` AS X SET `col_int_key` = 's' WHERE X.`col_int_key` = ( SELECT `col_char_12_key` FROM `table2_innodb_int_autoinc` WHERE `pk` = 146 ) ORDER BY `col_char_12`,`col_char_12_key`,`col_int`,`col_int_key`,`pk` LIMIT 5
		   22 Query	UPDATE LOW_PRIORITY `table10_innodb_key_pk_parts_2_int_autoinc` AS X SET `col_int` = 'p' WHERE X.`col_int_key` = ( SELECT `col_int_key` FROM `table0_innodb_key_pk_parts_2_int_autoinc` WHERE `pk` = 'k' ) ORDER BY `col_char_12`,`col_char_12_key`,`col_int`,`col_int_key`,`pk` LIMIT 5
		   22 Query	SELECT X.`col_char_12_key` FROM `table2_innodb_key_pk_parts_2_int_autoinc` AS X LEFT JOIN `table2_innodb_int_autoinc` AS Y USING ( `col_int_key` ) WHERE X.`col_char_12_key` BETWEEN 234 AND 1802305536 LIMIT 8
		   22 Query	INSERT LOW_PRIORITY INTO `table1_innodb_int_autoinc` ( `col_int` ) SELECT `pk` FROM `table1_innodb_int_autoinc` AS X WHERE X.`col_int_key` IN ( 151, 'v', 'i', 216, 423624704 ) ORDER BY `col_char_12`,`col_char_12_key`,`col_int`,`col_int_key`,`pk` LIMIT 8
		   22 Query	INSERT LOW_PRIORITY INTO `table1_innodb_key_pk_parts_2_int_autoinc` ( `col_char_12_key`, `col_int_key` ) VALUES ( 222, 'a' ), ( 'm', 'k' )
		   22 Query	UPDATE LOW_PRIORITY `table1_innodb_key_pk_parts_2_int_autoinc` AS X SET `col_char_12` = 4 WHERE X.`pk` = ( SELECT `pk` FROM `table2_innodb_int_autoinc` WHERE `pk` = 1526726656 ) ORDER BY `col_char_12`,`col_char_12_key`,`col_int`,`col_int_key`,`pk` LIMIT 5
		   16 Query	INSERT LOW_PRIORITY IGNORE INTO `table100_innodb_key_pk_parts_2_int_autoinc` ( `col_char_12_key` ) SELECT `col_char_12_key` FROM `table1_innodb_int_autoinc` AS X ORDER BY `col_char_12`,`col_char_12_key`,`col_int`,`col_int_key`,`pk` LIMIT 6
		   22 Query	UPDATE LOW_PRIORITY IGNORE `table100_innodb_key_pk_parts_2_int_autoinc` AS X SET `col_char_12` = 3817799680 WHERE X.`pk` BETWEEN 3 AND 7 ORDER BY `col_char_12`,`col_char_12_key`,`col_int`,`col_int_key`,`pk` LIMIT 6
		   25 Query	REPLACE LOW_PRIORITY INTO `table0_innodb_int_autoinc` ( `col_char_12`, `col_int` ) VALUES ( 4, 0 ), ( 160, 'k' )
		   11 Query	SHOW WARNINGS
		   11 Query	REPLACE LOW_PRIORITY INTO `table10_innodb_key_pk_parts_2_int_autoinc` ( `col_int`, `col_int_key` ) VALUES ( 106, 236 ), ( 35, 3062562816 )
		   23 Query	SHOW WARNINGS
		   23 Query	SELECT * FROM `table0_innodb_key_pk_parts_2_int_autoinc` AS X WHERE X.`pk` IN ( 305528832, 'q', 188, 0, 2996568064 ) LIMIT 7
		   13 Query	SHOW WARNINGS
		   13 Query	SELECT ( SELECT `col_char_12_key` FROM `table10_innodb_key_pk_parts_2_int_autoinc` WHERE `pk` = 0 ) FROM `table100_innodb_int_autoinc` AS X LEFT JOIN `table2_innodb_int_autoinc` AS Y USING ( `pk` ) WHERE X.`col_char_12_key` BETWEEN 3 AND 853082112 LIMIT 7
		   13 Query	SELECT X.`col_int_key` FROM `table2_innodb_key_pk_parts_2_int_autoinc` AS X WHERE X.`pk` BETWEEN 4 AND 7 LIMIT 8
		   13 Query	UPDATE LOW_PRIORITY IGNORE `table1_innodb_key_pk_parts_2_int_autoinc` AS X SET `col_char_12` = 12 WHERE X.`col_int_key` IN ( 4, 7, 700973056, 0, 20 ) ORDER BY `col_char_12`,`col_char_12_key`,`col_int`,`col_int_key`,`pk` LIMIT 6
		   23 Query	SELECT X.`col_int_key` FROM `table0_innodb_key_pk_parts_2_int_autoinc` AS X LIMIT 7
		   25 Query	SHOW WARNINGS
		   11 Query	SHOW WARNINGS
		   25 Query	DELETE LOW_PRIORITY IGNORE FROM `table1_innodb_key_pk_parts_2_int_autoinc` WHERE `col_char_12_key` BETWEEN 3 AND 8 ORDER BY `col_char_12`,`col_char_12_key`,`col_int`,`col_int_key`,`pk` LIMIT 1
		   22 Query	DELETE LOW_PRIORITY QUICK FROM `table1_innodb_key_pk_parts_2_int_autoinc` ORDER BY `col_char_12`,`col_char_12_key`,`col_int`,`col_int_key`,`pk` LIMIT 4
		   23 Query	SELECT X.`pk` FROM `table2_innodb_key_pk_parts_2_int_autoinc` AS X LEFT JOIN `table1_innodb_key_pk_parts_2_int_autoinc` AS Y USING ( `col_int_key` ) WHERE X.`col_char_12_key` BETWEEN 4 AND 8 LIMIT 6
		   11 Query	INSERT LOW_PRIORITY IGNORE INTO `table1_innodb_key_pk_parts_2_int_autoinc` ( `col_char_12_key`, `col_char_12` ) VALUES ( 94, 70 ), ( 7, 'g' )
		   22 Query	REPLACE LOW_PRIORITY INTO `table100_innodb_int_autoinc` ( `col_int_key` ) SELECT `col_int_key` FROM `table100_innodb_key_pk_parts_2_int_autoinc` AS X ORDER BY `col_char_12`,`col_char_12_key`,`col_int`,`col_int_key`,`pk` LIMIT 5
		   22 Query	INSERT LOW_PRIORITY IGNORE INTO `table0_innodb_key_pk_parts_2_int_autoinc` ( `col_char_12_key`, `col_int` ) VALUES ( 4, 2 ), ( 9, 8 )
		   24 Query	SHOW WARNINGS
		   24 Query	UPDATE LOW_PRIORITY `table100_innodb_key_pk_parts_2_int_autoinc` AS X SET `col_char_12` = 'j' WHERE X.`pk` BETWEEN 22 AND 2217672704 ORDER BY `col_char_12`,`col_char_12_key`,`col_int`,`col_int_key`,`pk` LIMIT 5
		   20 Query	DELETE LOW_PRIORITY QUICK FROM `table2_innodb_key_pk_parts_2_int_autoinc` WHERE `pk` BETWEEN 2 AND 6 ORDER BY `col_char_12`,`col_char_12_key`,`col_int`,`col_int_key`,`pk` LIMIT 4
		   22 Query	SELECT X.`pk` FROM `table1_innodb_int_autoinc` AS X LEFT JOIN `table0_innodb_key_pk_parts_2_int_autoinc` AS Y USING ( `pk` ) WHERE X.`pk` IN ( 'i', 9, 6, 2, 'i' ) LIMIT 5
		   15 Query	SHOW WARNINGS
		   23 Query	INSERT LOW_PRIORITY IGNORE INTO `table0_innodb_int_autoinc` (`pk`) VALUES (NULL)
		   15 Query	SELECT * FROM `table10_innodb_key_pk_parts_2_int_autoinc` AS X LEFT JOIN `table2_innodb_key_pk_parts_2_int_autoinc` AS Y USING ( `col_int_key` ) WHERE X.`col_int_key` BETWEEN 49 AND 2414870528 LIMIT 7
		   22 Query	UPDATE LOW_PRIORITY `table2_innodb_key_pk_parts_2_int_autoinc` AS X SET `col_char_12` = 6 WHERE X.`col_char_12_key` = ( SELECT `col_char_12_key` FROM `table100_innodb_int_autoinc` WHERE `pk` = 222 ) ORDER BY `col_char_12`,`col_char_12_key`,`col_int`,`col_int_key`,`pk` LIMIT 7
		   22 Query	SHOW WARNINGS
		   15 Query	UPDATE LOW_PRIORITY `table0_innodb_key_pk_parts_2_int_autoinc` AS X SET `col_char_12_key` = 4 ORDER BY `col_char_12`,`col_char_12_key`,`col_int`,`col_int_key`,`pk` LIMIT 6
		   22 Query	SELECT * FROM `table1_innodb_int_autoinc` AS X LEFT JOIN `table2_innodb_key_pk_parts_2_int_autoinc` AS Y USING ( `pk` ) WHERE X.`col_int_key` = ( SELECT `col_int_key` FROM `table1_innodb_int_autoinc` WHERE `pk` = 124 ) LIMIT 7
		   22 Query	UPDATE LOW_PRIORITY IGNORE `table1_innodb_key_pk_parts_2_int_autoinc` AS X SET `col_int` = 'n' WHERE X.`col_int_key` BETWEEN 3 AND 6 ORDER BY `col_char_12`,`col_char_12_key`,`col_int`,`col_int_key`,`pk` LIMIT 7
		   22 Query	UPDATE LOW_PRIORITY IGNORE `table1_innodb_key_pk_parts_2_int_autoinc` AS X SET `col_int` = 2545352704 WHERE X.`col_int_key` < 5 ORDER BY `col_char_12`,`col_char_12_key`,`col_int`,`col_int_key`,`pk` LIMIT 5
		   22 Query	DELETE LOW_PRIORITY QUICK FROM `table1_innodb_key_pk_parts_2_int_autoinc` WHERE `col_char_12_key` = 2761424896 ORDER BY `col_char_12`,`col_char_12_key`,`col_int`,`col_int_key`,`pk` LIMIT 2
		   22 Query	UPDATE LOW_PRIORITY `table2_innodb_key_pk_parts_2_int_autoinc` AS X SET `col_char_12_key` = 117374976 WHERE X.`col_char_12_key` BETWEEN 1 AND 5 ORDER BY `col_char_12`,`col_char_12_key`,`col_int`,`col_int_key`,`pk` LIMIT 5
		   22 Query	SELECT ( SELECT `col_int_key` FROM `table100_innodb_key_pk_parts_2_int_autoinc` WHERE `pk` = 'k' ) FROM `table10_innodb_key_pk_parts_2_int_autoinc` AS X LIMIT 8
		   22 Query	SELECT X.`col_char_12_key` FROM `table1_innodb_int_autoinc` AS X LEFT JOIN `table1_innodb_int_autoinc` AS Y USING ( `col_int_key` ) WHERE X.`pk` = ( SELECT `pk` FROM `table2_innodb_int_autoinc` WHERE `pk` = 'u' ) LIMIT 8
		   22 Query	INSERT LOW_PRIORITY IGNORE INTO `table2_innodb_int_autoinc` (`pk`) VALUES (NULL)
		   22 Query	DELETE LOW_PRIORITY IGNORE FROM `table2_innodb_key_pk_parts_2_int_autoinc` WHERE `col_int_key` = 's' ORDER BY `col_char_12`,`col_char_12_key`,`col_int`,`col_int_key`,`pk` LIMIT 3
