		   57 Query	KILL QUERY 11
		   57 Query	KILL QUERY 12
		   57 Query	KILL QUERY 13
		   57 Query	KILL QUERY 14
		   14 Query	UNLOCK TABLES
		   11 Query	UPDATE LOW_PRIORITY `table0_innodb_int_autoinc` AS X SET `col_char_12_key` = 1 WHERE X.`col_char_12_key` BETWEEN 2 AND 8 ORDER BY `col_char_12`,`col_char_12_key`,`col_int`,`col_int_key`,`pk` LIMIT 6
		   12 Query	DELETE LOW_PRIORITY FROM `table2_innodb_key_pk_parts_2_int_autoinc` WHERE `col_char_12_key` IN ( SELECT `col_char_12_key` FROM `table0_innodb_int_autoinc` WHERE `pk` = 138 ) ORDER BY `col_char_12`,`col_char_12_key`,`col_int`,`col_int_key`,`pk` LIMIT 3
		   13 Query	REPLACE LOW_PRIORITY INTO `table10_innodb_key_pk_parts_2_int_autoinc` ( `col_char_12` ) SELECT `col_int_key` FROM `table0_innodb_key_pk_parts_2_int_autoinc` AS X ORDER BY `col_char_12`,`col_char_12_key`,`col_int`,`col_int_key`,`pk` LIMIT 7
		   57 Query	KILL QUERY 15
		   14 Query	FLUSH TABLE table2_innodb_key_pk_parts_2_int_autoinc, table0_innodb_key_pk_parts_2_int_autoinc, table0_innodb_int_autoinc, table2_innodb_int_autoinc FOR EXPORT
		   15 Query	UPDATE LOW_PRIORITY IGNORE `table100_innodb_key_pk_parts_2_int_autoinc` AS X SET `col_int_key` = 162 WHERE X.`col_int_key` BETWEEN 3 AND 5 ORDER BY `col_char_12`,`col_char_12_key`,`col_int`,`col_int_key`,`pk` LIMIT 6
		   57 Query	KILL QUERY 16
		   57 Query	KILL QUERY 17
		   17 Query	UNLOCK TABLES
		   16 Query	UPDATE LOW_PRIORITY `table2_innodb_key_pk_parts_2_int_autoinc` AS X SET `col_char_12` = 1515061248 ORDER BY `col_char_12`,`col_char_12_key`,`col_int`,`col_int_key`,`pk` LIMIT 6
		   17 Query	FLUSH TABLE table100_innodb_int_autoinc, table1_innodb_int_autoinc FOR EXPORT
		   57 Query	KILL QUERY 18
		   57 Query	KILL QUERY 19
		   12 Query	DELETE LOW_PRIORITY QUICK FROM `table10_innodb_key_pk_parts_2_int_autoinc` WHERE `pk` IN ( SELECT `col_char_12_key` FROM `table10_innodb_int_autoinc` WHERE `pk` = 36 ) ORDER BY `col_char_12`,`col_char_12_key`,`col_int`,`col_int_key`,`pk` LIMIT 3
		   15 Query	UPDATE LOW_PRIORITY IGNORE `table100_innodb_int_autoinc` AS X SET `col_int` = 3226075136 WHERE X.`col_char_12_key` < 3475308544 ORDER BY `col_char_12`,`col_char_12_key`,`col_int`,`col_int_key`,`pk` LIMIT 5
		   18 Query	DELETE LOW_PRIORITY IGNORE FROM `table100_innodb_key_pk_parts_2_int_autoinc` ORDER BY `col_char_12`,`col_char_12_key`,`col_int`,`col_int_key`,`pk` LIMIT 4
		   16 Query	SHOW WARNINGS
		   57 Query	KILL QUERY 20
		   57 Query	KILL QUERY 21
		   57 Query	KILL QUERY 23
		   57 Query	KILL QUERY 24
		   19 Query	SHOW WARNINGS
		   19 Query	INSERT LOW_PRIORITY INTO `table100_innodb_int_autoinc` ( `col_char_12_key` ) SELECT `col_char_12_key` FROM `table100_innodb_key_pk_parts_2_int_autoinc` AS X WHERE X.`col_char_12_key` IN ( 'm', 224, 'f', 2925002752, 5 ) ORDER BY `col_char_12`,`col_char_12_key`,`col_int`,`col_int_key`,`pk` LIMIT 5
		   57 Query	KILL QUERY 25
		   23 Query	SHOW WARNINGS
		   16 Query	INSERT LOW_PRIORITY IGNORE INTO `table100_innodb_int_autoinc` ( `col_char_12_key`, `col_char_12` ) VALUES ( 2106523648, 193 ), ( 89, 1 )
		   57 Query	KILL QUERY 26
		   57 Quit	
		   24 Query	SELECT ( SELECT `col_int_key` FROM `table2_innodb_int_autoinc` WHERE `pk` = 127 ) FROM `table0_innodb_key_pk_parts_2_int_autoinc` AS X WHERE X.`col_char_12_key` = ( SELECT `col_int_key` FROM `table2_innodb_int_autoinc` WHERE `pk` = 161 ) LIMIT 6
		   23 Query	SELECT X.`col_int` FROM `table2_innodb_int_autoinc` AS X LIMIT 5
		   58 Connect	root@localhost as anonymous on test
		   58 Query	set autocommit=1
		   58 Query	SHOW FULL PROCESSLIST
		   23 Query	SELECT X.`pk` FROM `table10_innodb_int_autoinc` AS X WHERE X.`col_char_12_key` BETWEEN 4 AND 6 LIMIT 6
		   58 Quit	
		   24 Query	SELECT * FROM `table10_innodb_int_autoinc` AS X WHERE X.`col_int_key` IN ( 4, 1791885312, 3163095040, 'j', 'o' ) LIMIT 5
		   23 Query	DELETE LOW_PRIORITY QUICK FROM `table100_innodb_key_pk_parts_2_int_autoinc` WHERE `col_char_12_key` BETWEEN 4 AND 8 ORDER BY `col_char_12`,`col_char_12_key`,`col_int`,`col_int_key`,`pk` LIMIT 2
		   24 Query	INSERT LOW_PRIORITY IGNORE INTO `table1_innodb_int_autoinc` ( `col_int_key`, `col_int` ) VALUES ( 'v', 'd' ), ( 5, 3925344256 )
		   21 Query	DELETE LOW_PRIORITY IGNORE FROM `table0_innodb_int_autoinc` WHERE `col_int_key` IN ( SELECT `pk` FROM `table100_innodb_key_pk_parts_2_int_autoinc` WHERE `pk` = 0 ) ORDER BY `col_char_12`,`col_char_12_key`,`col_int`,`col_int_key`,`pk` LIMIT 3
		   26 Query	SHOW WARNINGS
		   11 Query	SHOW WARNINGS
		   20 Query	DELETE LOW_PRIORITY IGNORE FROM `table0_innodb_key_pk_parts_2_int_autoinc` WHERE `col_int_key` IN ( 'z', 'h', 6, 245, 201 ) ORDER BY `col_char_12`,`col_char_12_key`,`col_int`,`col_int_key`,`pk` LIMIT 2
		   25 Query	SHOW WARNINGS
		   22 Query	SELECT * FROM `table1_innodb_key_pk_parts_2_int_autoinc` AS X LEFT JOIN `table1_innodb_int_autoinc` AS Y USING ( `pk` ) WHERE X.`col_char_12_key` BETWEEN 71 AND 1376518144 LIMIT 8
		   16 Query	SELECT ( SELECT `col_int_key` FROM `table1_innodb_key_pk_parts_2_int_autoinc` WHERE `pk` = 151 ) FROM `table2_innodb_key_pk_parts_2_int_autoinc` AS X LEFT JOIN `table10_innodb_int_autoinc` AS Y USING ( `col_int_key` ) WHERE X.`col_char_12_key` BETWEEN 208 AND 1182990336 LIMIT 8 LOCK IN SHARE MODE
		   26 Query	DELETE LOW_PRIORITY QUICK IGNORE FROM `table10_innodb_int_autoinc` WHERE `col_int_key` = 19 ORDER BY `col_char_12`,`col_char_12_key`,`col_int`,`col_int_key`,`pk` LIMIT 4
		   25 Query	DELETE LOW_PRIORITY IGNORE FROM `table10_innodb_int_autoinc` ORDER BY `col_char_12`,`col_char_12_key`,`col_int`,`col_int_key`,`pk` LIMIT 3
		   22 Query	SELECT X.`col_int_key` FROM `table1_innodb_int_autoinc` AS X LEFT JOIN `table1_innodb_int_autoinc` AS Y USING ( `pk` ) WHERE X.`col_char_12_key` = ( SELECT `col_char_12_key` FROM `table100_innodb_int_autoinc` WHERE `pk` = 6 ) LIMIT 8
		   11 Query	SET AUTOCOMMIT=ON
		   16 Query	DELETE LOW_PRIORITY QUICK IGNORE FROM `table100_innodb_int_autoinc` WHERE `col_char_12_key` BETWEEN 4 AND 6 ORDER BY `col_char_12`,`col_char_12_key`,`col_int`,`col_int_key`,`pk` LIMIT 2
		   22 Query	INSERT LOW_PRIORITY IGNORE INTO `table1_innodb_int_autoinc` (`pk`) VALUES (NULL)
		   26 Query	SHOW WARNINGS
		   26 Query	ROLLBACK TO SAVEPOINT A
		   11 Query	INSERT LOW_PRIORITY INTO `table100_innodb_key_pk_parts_2_int_autoinc` ( `col_char_12_key` ) SELECT `col_char_12_key` FROM `table1_innodb_key_pk_parts_2_int_autoinc` AS X WHERE X.`pk` = ( SELECT `col_char_12_key` FROM `table10_innodb_int_autoinc` WHERE `pk` = 1 ) ORDER BY `col_char_12`,`col_char_12_key`,`col_int`,`col_int_key`,`pk` LIMIT 8
		   12 Query	SHOW WARNINGS
		   26 Query	INSERT LOW_PRIORITY IGNORE INTO `table10_innodb_key_pk_parts_2_int_autoinc` ( `col_char_12` ) SELECT `col_int_key` FROM `table1_innodb_key_pk_parts_2_int_autoinc` AS X WHERE X.`col_int_key` < 594018304 ORDER BY `col_char_12`,`col_char_12_key`,`col_int`,`col_int_key`,`pk` LIMIT 5
		   12 Query	DELETE LOW_PRIORITY QUICK IGNORE FROM `table10_innodb_int_autoinc` WHERE `col_int_key` IN ( SELECT `col_char_12_key` FROM `table0_innodb_key_pk_parts_2_int_autoinc` WHERE `pk` = 170 ) ORDER BY `col_char_12`,`col_char_12_key`,`col_int`,`col_int_key`,`pk` LIMIT 3
		   18 Query	SHOW WARNINGS
		   18 Query	UPDATE LOW_PRIORITY IGNORE `table100_innodb_key_pk_parts_2_int_autoinc` AS X SET `col_int_key` = 'x' WHERE X.`pk` BETWEEN 3 AND 6 ORDER BY `col_char_12`,`col_char_12_key`,`col_int`,`col_int_key`,`pk` LIMIT 6
		   13 Query	SHOW WARNINGS
		   13 Query	SELECT X.`pk` FROM `table0_innodb_int_autoinc` AS X WHERE X.`col_char_12_key` < 's' LIMIT 8
		   25 Query	SHOW WARNINGS
		   11 Query	SHOW WARNINGS
		   25 Query	UPDATE LOW_PRIORITY `table1_innodb_int_autoinc` AS X SET `col_int_key` = 139 WHERE X.`col_char_12_key` = ( SELECT `col_int_key` FROM `table0_innodb_key_pk_parts_2_int_autoinc` WHERE `pk` = 165 ) ORDER BY `col_char_12`,`col_char_12_key`,`col_int`,`col_int_key`,`pk` LIMIT 6
		   11 Query	COMMIT
		   11 Query	SET TRANSACTION ISOLATION LEVEL READ UNCOMMITTED
		   11 Query	INSERT LOW_PRIORITY INTO `table2_innodb_int_autoinc` ( `col_char_12` ) SELECT `col_int_key` FROM `table100_innodb_int_autoinc` AS X ORDER BY `col_char_12`,`col_char_12_key`,`col_int`,`col_int_key`,`pk` LIMIT 7
		   12 Query	SHOW WARNINGS
		   23 Query	SHOW WARNINGS
		   23 Query	INSERT LOW_PRIORITY INTO `table1_innodb_key_pk_parts_2_int_autoinc` ( `col_int_key` ) SELECT `col_int_key` FROM `table2_innodb_key_pk_parts_2_int_autoinc` AS X WHERE X.`col_char_12_key` BETWEEN 2 AND 6 ORDER BY `col_char_12`,`col_char_12_key`,`col_int`,`col_int_key`,`pk` LIMIT 7
		   12 Query	DELETE LOW_PRIORITY QUICK IGNORE FROM `table10_innodb_int_autoinc` WHERE `col_char_12_key` IN ( SELECT `col_char_12_key` FROM `table10_innodb_int_autoinc` WHERE `pk` = 3664117760 ) ORDER BY `col_char_12`,`col_char_12_key`,`col_int`,`col_int_key`,`pk` LIMIT 3
		   12 Query	UPDATE LOW_PRIORITY `table0_innodb_int_autoinc` AS X SET `col_char_12` = 'q' WHERE X.`pk` IN ( 7, 51, 'u', 974389248, 99 ) ORDER BY `col_char_12`,`col_char_12_key`,`col_int`,`col_int_key`,`pk` LIMIT 5
		   13 Query	DELETE LOW_PRIORITY FROM `table2_innodb_int_autoinc` WHERE `col_int_key` IN ( 157, 88539136, 518914048, 1723400192, 9 ) ORDER BY `col_char_12`,`col_char_12_key`,`col_int`,`col_int_key`,`pk` LIMIT 4
		   17 Query	UNLOCK TABLES
		   18 Query	SHOW WARNINGS
		   26 Query	SHOW WARNINGS
		   17 Query	SELECT ID INTO @thread_id FROM INFORMATION_SCHEMA.PROCESSLIST ORDER BY RAND() LIMIT 1
		   15 Query	DELETE LOW_PRIORITY QUICK FROM `table1_innodb_int_autoinc` WHERE `col_int_key` = 216 ORDER BY `col_char_12`,`col_char_12_key`,`col_int`,`col_int_key`,`pk` LIMIT 1
		   18 Query	DELETE LOW_PRIORITY FROM `table1_innodb_key_pk_parts_2_int_autoinc` WHERE `col_int_key` IN ( SELECT `pk` FROM `table2_innodb_key_pk_parts_2_int_autoinc` WHERE `pk` = 3885957120 ) ORDER BY `col_char_12`,`col_char_12_key`,`col_int`,`col_int_key`,`pk` LIMIT 1
		   26 Query	UPDATE LOW_PRIORITY `table2_innodb_key_pk_parts_2_int_autoinc` AS X SET `col_int_key` = 'b' WHERE X.`col_int_key` BETWEEN 161 AND 3305242624 ORDER BY `col_char_12`,`col_char_12_key`,`col_int`,`col_int_key`,`pk` LIMIT 6
		   15 Query	DELETE LOW_PRIORITY IGNORE FROM `table100_innodb_int_autoinc` WHERE `col_int_key` IN ( SELECT `pk` FROM `table10_innodb_key_pk_parts_2_int_autoinc` WHERE `pk` = 't' ) ORDER BY `col_char_12`,`col_char_12_key`,`col_int`,`col_int_key`,`pk` LIMIT 3
		   23 Query	SHOW WARNINGS
		   23 Query	DELETE LOW_PRIORITY IGNORE FROM `table0_innodb_key_pk_parts_2_int_autoinc` WHERE `col_int_key` = 502857728 ORDER BY `col_char_12`,`col_char_12_key`,`col_int`,`col_int_key`,`pk` LIMIT 3
		   15 Query	INSERT LOW_PRIORITY IGNORE INTO `table100_innodb_key_pk_parts_2_int_autoinc` ( `col_char_12_key` ) SELECT `col_int_key` FROM `table2_innodb_key_pk_parts_2_int_autoinc` AS X ORDER BY `col_char_12`,`col_char_12_key`,`col_int`,`col_int_key`,`pk` LIMIT 6
		   15 Query	DELETE LOW_PRIORITY QUICK IGNORE FROM `table0_innodb_key_pk_parts_2_int_autoinc` WHERE `pk` IN ( SELECT `col_int_key` FROM `table2_innodb_int_autoinc` WHERE `pk` = 'o' ) ORDER BY `col_char_12`,`col_char_12_key`,`col_int`,`col_int_key`,`pk` LIMIT 3
		   17 Query	EXECUTE show_expl_stmt USING @thread_id
		   17 Query	CREATE OR REPLACE TABLE `create_or_replace_tmp` AS SELECT * FROM `table1_innodb_int_autoinc`
		   18 Query	SHOW WARNINGS
		   18 Query	UPDATE LOW_PRIORITY `table100_innodb_key_pk_parts_2_int_autoinc` AS X SET `col_int` = 8 WHERE X.`pk` BETWEEN 184 AND 3653500928 ORDER BY `col_char_12`,`col_char_12_key`,`col_int`,`col_int_key`,`pk` LIMIT 5
		   22 Query	DELETE LOW_PRIORITY QUICK FROM `table100_innodb_key_pk_parts_2_int_autoinc` WHERE `pk` IN ( SELECT `col_char_12_key` FROM `table100_innodb_int_autoinc` WHERE `pk` = 'c' ) ORDER BY `col_char_12`,`col_char_12_key`,`col_int`,`col_int_key`,`pk` LIMIT 4
		   24 Query	SHOW WARNINGS
		   18 Query	SHOW WARNINGS
		   19 Query	SHOW WARNINGS
		   24 Query	REPLACE LOW_PRIORITY INTO `table0_innodb_int_autoinc` (`pk`) VALUES (NULL)
		   18 Query	SELECT ( SELECT `col_char_12_key` FROM `table1_innodb_key_pk_parts_2_int_autoinc` WHERE `pk` = 249 ) FROM `table100_innodb_int_autoinc` AS X WHERE X.`col_int_key` < 'g' LIMIT 6 LOCK IN SHARE MODE
		   19 Query	UPDATE LOW_PRIORITY IGNORE `table100_innodb_key_pk_parts_2_int_autoinc` AS X SET `col_char_12_key` = 251 WHERE X.`col_char_12_key` < 6 ORDER BY `col_char_12`,`col_char_12_key`,`col_int`,`col_int_key`,`pk` LIMIT 6
		   18 Query	SHOW WARNINGS
		   16 Query	SHOW WARNINGS
		   18 Query	INSERT LOW_PRIORITY IGNORE INTO `table10_innodb_key_pk_parts_2_int_autoinc` ( `col_int_key` ) SELECT `col_char_12_key` FROM `table0_innodb_int_autoinc` AS X WHERE X.`col_int_key` BETWEEN 19 AND 302120960 ORDER BY `col_char_12`,`col_char_12_key`,`col_int`,`col_int_key`,`pk` LIMIT 5
		   25 Query	SHOW WARNINGS
		   22 Query	SHOW WARNINGS
		   16 Query	INSERT LOW_PRIORITY INTO `table10_innodb_int_autoinc` ( `col_int_key`, `col_char_12_key` ) VALUES ( 79, 'z' ), ( 472776704, 6 )
		   22 Query	UPDATE LOW_PRIORITY `table1_innodb_int_autoinc` AS X SET `col_char_12_key` = 'o' WHERE X.`pk` < 1487273984 ORDER BY `col_char_12`,`col_char_12_key`,`col_int`,`col_int_key`,`pk` LIMIT 5
		   25 Query	SELECT ( SELECT `col_int_key` FROM `table0_innodb_key_pk_parts_2_int_autoinc` WHERE `pk` = 0 ) FROM `table0_innodb_int_autoinc` AS X LEFT JOIN `table1_innodb_key_pk_parts_2_int_autoinc` AS Y USING ( `pk` ) WHERE X.`col_char_12_key` BETWEEN 2 AND 5 LIMIT 5
150425  6:39:33	   16 Query	UPDATE LOW_PRIORITY `table10_innodb_key_pk_parts_2_int_autoinc` AS X SET `col_char_12_key` = 206 WHERE X.`col_int_key` IN ( 4141547520, 1348009984, 97, 5, 'v' ) ORDER BY `col_char_12`,`col_char_12_key`,`col_int`,`col_int_key`,`pk` LIMIT 8
		   25 Query	UPDATE LOW_PRIORITY `table2_innodb_int_autoinc` AS X SET `col_char_12` = 803799040 WHERE X.`col_int_key` IN ( 235, 151, 'b', 'f', 188 ) ORDER BY `col_char_12`,`col_char_12_key`,`col_int`,`col_int_key`,`pk` LIMIT 6
		   22 Query	SHOW WARNINGS
		   18 Query	SHOW WARNINGS
		   22 Query	INSERT LOW_PRIORITY INTO `table2_innodb_key_pk_parts_2_int_autoinc` ( `col_char_12`, `col_char_12_key` ) VALUES ( 'i', 0 ), ( 6, 'r' )
		   18 Query	SELECT ( SELECT `col_int_key` FROM `table10_innodb_key_pk_parts_2_int_autoinc` WHERE `pk` = 'h' ) FROM `table2_innodb_int_autoinc` AS X LEFT JOIN `table100_innodb_int_autoinc` AS Y USING ( `col_char_12_key` ) WHERE X.`col_int_key` = ( SELECT `pk` FROM `table0_innodb_int_autoinc` WHERE `pk` = 250216448 ) LIMIT 7
		   16 Query	SHOW WARNINGS
		   18 Query	INSERT LOW_PRIORITY INTO `table0_innodb_int_autoinc` ( `col_char_12_key`, `col_int` ) VALUES ( 'd', 3 ), ( 121, 3053453312 )
		   16 Query	REPLACE LOW_PRIORITY INTO `table100_innodb_int_autoinc` ( `col_char_12_key` ) SELECT `col_char_12_key` FROM `table2_innodb_key_pk_parts_2_int_autoinc` AS X WHERE X.`col_char_12_key` < 'u' ORDER BY `col_char_12`,`col_char_12_key`,`col_int`,`col_int_key`,`pk` LIMIT 7
		   16 Query	SHOW WARNINGS
		   16 Query	UPDATE LOW_PRIORITY `table1_innodb_key_pk_parts_2_int_autoinc` AS X SET `col_char_12` = 'k' WHERE X.`col_int_key` < 808648704 ORDER BY `col_char_12`,`col_char_12_key`,`col_int`,`col_int_key`,`pk` LIMIT 5
		   16 Query	SHOW WARNINGS
		   16 Query	SELECT X.`col_int_key` FROM `table10_innodb_key_pk_parts_2_int_autoinc` AS X LEFT JOIN `table2_innodb_int_autoinc` AS Y USING ( `col_int_key` ) LIMIT 7
		   16 Query	UPDATE LOW_PRIORITY `table10_innodb_int_autoinc` AS X SET `col_int` = 66 WHERE X.`col_int_key` IN ( 3579445248, 'z', 6, 'f', 0 ) ORDER BY `col_char_12`,`col_char_12_key`,`col_int`,`col_int_key`,`pk` LIMIT 8
		   16 Query	SHOW WARNINGS
		   16 Query	SELECT ( SELECT `col_int_key` FROM `table10_innodb_int_autoinc` WHERE `pk` = 94 ) FROM `table100_innodb_key_pk_parts_2_int_autoinc` AS X LEFT JOIN `table100_innodb_int_autoinc` AS Y USING ( `col_char_12_key` ) WHERE X.`col_int_key` < 'f' LIMIT 7
		   16 Query	SHOW WARNINGS
		   16 Query	DELETE LOW_PRIORITY QUICK IGNORE FROM `table1_innodb_key_pk_parts_2_int_autoinc` WHERE `col_int_key` IN ( 'u', 1597702144, 7, 1207566336, 'w' ) ORDER BY `col_char_12`,`col_char_12_key`,`col_int`,`col_int_key`,`pk` LIMIT 2
		   16 Query	SHOW WARNINGS
		   16 Query	INSERT LOW_PRIORITY IGNORE INTO `table1_innodb_int_autoinc` (`pk`) VALUES (NULL)
		   16 Query	UPDATE LOW_PRIORITY IGNORE `table100_innodb_key_pk_parts_2_int_autoinc` AS X SET `col_char_12_key` = 497221632 WHERE X.`col_char_12_key` = ( SELECT `col_int_key` FROM `table10_innodb_key_pk_parts_2_int_autoinc` WHERE `pk` = 140 ) ORDER BY `col_char_12`,`col_char_12_key`,`col_int`,`col_int_key`,`pk` LIMIT 6
		   19 Query	SHOW WARNINGS
		   19 Query	DELETE LOW_PRIORITY IGNORE FROM `table1_innodb_key_pk_parts_2_int_autoinc` WHERE `col_char_12_key` = 1572601856 ORDER BY `col_char_12`,`col_char_12_key`,`col_int`,`col_int_key`,`pk` LIMIT 2
		   16 Query	SHOW WARNINGS
		   16 Query	SELECT X.`col_char_12` FROM `table10_innodb_key_pk_parts_2_int_autoinc` AS X LEFT JOIN `table0_innodb_int_autoinc` AS Y USING ( `col_char_12_key` ) WHERE X.`pk` < 4 LIMIT 8 FOR UPDATE
		   14 Query	UNLOCK TABLES
150425  6:39:34	   11 Query	DELETE LOW_PRIORITY FROM `table2_innodb_int_autoinc` WHERE `col_char_12_key` = 'v' ORDER BY `col_char_12`,`col_char_12_key`,`col_int`,`col_int_key`,`pk` LIMIT 2
		   15 Query	SELECT ( SELECT `col_int_key` FROM `table1_innodb_int_autoinc` WHERE `pk` = 0 ) FROM `table100_innodb_int_autoinc` AS X WHERE X.`col_int_key` BETWEEN 3 AND 6 LIMIT 7 FOR UPDATE
		   11 Query	DELETE LOW_PRIORITY FROM `table10_innodb_key_pk_parts_2_int_autoinc` ORDER BY `col_char_12`,`col_char_12_key`,`col_int`,`col_int_key`,`pk` LIMIT 2
		   14 Query	CREATE OR REPLACE TEMPORARY TABLE `create_or_replace_tmp` AS SELECT * FROM `table100_innodb_int_autoinc`
		   11 Query	UPDATE LOW_PRIORITY `table10_innodb_int_autoinc` AS X SET `col_char_12_key` = 249 WHERE X.`pk` < 2648178688 ORDER BY `col_char_12`,`col_char_12_key`,`col_int`,`col_int_key`,`pk` LIMIT 6
		   15 Query	SELECT ( SELECT `col_int_key` FROM `table2_innodb_key_pk_parts_2_int_autoinc` WHERE `pk` = 1 ) FROM `table0_innodb_key_pk_parts_2_int_autoinc` AS X LEFT JOIN `table100_innodb_int_autoinc` AS Y USING ( `pk` ) WHERE X.`col_char_12_key` IN ( 'x', 9, 'p', 4, 1386086400 ) LIMIT 7
		   11 Query	DELETE LOW_PRIORITY QUICK IGNORE FROM `table100_innodb_key_pk_parts_2_int_autoinc` WHERE `col_int_key` = 4008706048 ORDER BY `col_char_12`,`col_char_12_key`,`col_int`,`col_int_key`,`pk` LIMIT 1
		   16 Query	UPDATE LOW_PRIORITY `table2_innodb_int_autoinc` AS X SET `col_int_key` = 132 WHERE X.`col_int_key` BETWEEN 122 AND 1703936 ORDER BY `col_char_12`,`col_char_12_key`,`col_int`,`col_int_key`,`pk` LIMIT 5
		   11 Query	START TRANSACTION
		   11 Query	UPDATE LOW_PRIORITY IGNORE `table2_innodb_key_pk_parts_2_int_autoinc` AS X SET `col_int` = 3091005440 WHERE X.`col_int_key` = ( SELECT `pk` FROM `table1_innodb_int_autoinc` WHERE `pk` = 31 ) ORDER BY `col_char_12`,`col_char_12_key`,`col_int`,`col_int_key`,`pk` LIMIT 8
		   11 Query	SELECT X.`col_int_key` FROM `table2_innodb_int_autoinc` AS X WHERE X.`col_char_12_key` < 130 LIMIT 6
		   23 Query	SHOW WARNINGS
		   18 Query	SHOW WARNINGS
		   11 Query	DELETE LOW_PRIORITY IGNORE FROM `table0_innodb_key_pk_parts_2_int_autoinc` ORDER BY `col_char_12`,`col_char_12_key`,`col_int`,`col_int_key`,`pk` LIMIT 4
		   23 Query	SELECT X.`col_char_12_key` FROM `table1_innodb_int_autoinc` AS X WHERE X.`pk` < 160 LIMIT 8
		   18 Query	DELETE LOW_PRIORITY IGNORE FROM `table1_innodb_int_autoinc` WHERE `col_int_key` = 5 ORDER BY `col_char_12`,`col_char_12_key`,`col_int`,`col_int_key`,`pk` LIMIT 3
		   11 Query	INSERT LOW_PRIORITY IGNORE INTO `table2_innodb_int_autoinc` ( `col_int_key` ) SELECT `col_int_key` FROM `table1_innodb_key_pk_parts_2_int_autoinc` AS X WHERE X.`col_char_12_key` BETWEEN 2 AND 7 ORDER BY `col_char_12`,`col_char_12_key`,`col_int`,`col_int_key`,`pk` LIMIT 5
		   11 Query	SELECT X.`pk` FROM `table1_innodb_key_pk_parts_2_int_autoinc` AS X LEFT JOIN `table1_innodb_key_pk_parts_2_int_autoinc` AS Y USING ( `col_char_12_key` ) LIMIT 5
		   23 Query	SELECT X.`col_char_12_key` FROM `table1_innodb_int_autoinc` AS X WHERE X.`col_int_key` BETWEEN 205 AND 1210384384 LIMIT 6
		   11 Query	UPDATE LOW_PRIORITY IGNORE `table1_innodb_int_autoinc` AS X SET `col_int_key` = 3714383872 WHERE X.`col_int_key` < 2 ORDER BY `col_char_12`,`col_char_12_key`,`col_int`,`col_int_key`,`pk` LIMIT 5
		   11 Query	INSERT LOW_PRIORITY IGNORE INTO `table2_innodb_int_autoinc` (`pk`) VALUES (NULL)
		   11 Query	UPDATE LOW_PRIORITY IGNORE `table100_innodb_key_pk_parts_2_int_autoinc` AS X SET `col_char_12_key` = 3520462848 WHERE X.`col_int_key` IN ( 8, 2, 2270101504, 'a', 3946971136 ) ORDER BY `col_char_12`,`col_char_12_key`,`col_int`,`col_int_key`,`pk` LIMIT 7
		   11 Query	COMMIT
		   11 Query	SET TRANSACTION ISOLATION LEVEL READ COMMITTED
		   11 Query	DELETE LOW_PRIORITY QUICK FROM `table0_innodb_int_autoinc` WHERE `pk` IN ( SELECT `pk` FROM `table100_innodb_key_pk_parts_2_int_autoinc` WHERE `pk` = 'f' ) ORDER BY `col_char_12`,`col_char_12_key`,`col_int`,`col_int_key`,`pk` LIMIT 3
		   24 Query	INSERT LOW_PRIORITY IGNORE INTO `table1_innodb_key_pk_parts_2_int_autoinc` (`pk`) VALUES (NULL)
		   13 Query	SHOW WARNINGS
		   11 Query	REPLACE LOW_PRIORITY INTO `table2_innodb_key_pk_parts_2_int_autoinc` ( `col_char_12` ) SELECT `pk` FROM `table100_innodb_int_autoinc` AS X WHERE X.`pk` IN ( 's', 7, 98, 2252931072, 'o' ) ORDER BY `col_char_12`,`col_char_12_key`,`col_int`,`col_int_key`,`pk` LIMIT 5
		   13 Query	SELECT X.`pk` FROM `table10_innodb_key_pk_parts_2_int_autoinc` AS X LEFT JOIN `table0_innodb_key_pk_parts_2_int_autoinc` AS Y USING ( `col_char_12_key` ) WHERE X.`col_int_key` BETWEEN 235 AND 3880386560 LIMIT 6
		   11 Query	DELETE LOW_PRIORITY QUICK IGNORE FROM `table10_innodb_int_autoinc` WHERE `col_char_12_key` = 8 ORDER BY `col_char_12`,`col_char_12_key`,`col_int`,`col_int_key`,`pk` LIMIT 1
		   11 Query	UPDATE LOW_PRIORITY `table10_innodb_int_autoinc` AS X SET `col_char_12_key` = 228 WHERE X.`pk` = ( SELECT `col_char_12_key` FROM `table1_innodb_int_autoinc` WHERE `pk` = 'q' ) ORDER BY `col_char_12`,`col_char_12_key`,`col_int`,`col_int_key`,`pk` LIMIT 8
		   11 Query	UPDATE LOW_PRIORITY IGNORE `table2_innodb_int_autoinc` AS X SET `col_int_key` = 196 WHERE X.`col_char_12_key` < 101 ORDER BY `col_char_12`,`col_char_12_key`,`col_int`,`col_int_key`,`pk` LIMIT 5
		   11 Query	SELECT X.`col_char_12_key` FROM `table1_innodb_int_autoinc` AS X WHERE X.`pk` BETWEEN 254 AND 1068105728 LIMIT 5
		   13 Query	SET NAMES DEFAULT
		   23 Query	DELETE LOW_PRIORITY FROM `table1_innodb_int_autoinc` WHERE `pk` IN ( SELECT `pk` FROM `table2_innodb_key_pk_parts_2_int_autoinc` WHERE `pk` = 'm' ) ORDER BY `col_char_12`,`col_char_12_key`,`col_int`,`col_int_key`,`pk` LIMIT 4
		   13 Query	UPDATE LOW_PRIORITY IGNORE `table1_innodb_int_autoinc` AS X SET `col_char_12_key` = 3 WHERE X.`col_int_key` < 'g' ORDER BY `col_char_12`,`col_char_12_key`,`col_int`,`col_int_key`,`pk` LIMIT 6
		   11 Query	UPDATE LOW_PRIORITY `table100_innodb_key_pk_parts_2_int_autoinc` AS X SET `col_int_key` = 2 WHERE X.`pk` BETWEEN 68 AND 493944832 ORDER BY `col_char_12`,`col_char_12_key`,`col_int`,`col_int_key`,`pk` LIMIT 6
		   15 Query	COMMIT
		   15 Query	SET TRANSACTION ISOLATION LEVEL REPEATABLE READ
		   15 Query	UPDATE LOW_PRIORITY `table10_innodb_key_pk_parts_2_int_autoinc` AS X SET `col_char_12` = 515637248 WHERE X.`pk` BETWEEN 0 AND 1945108480 ORDER BY `col_char_12`,`col_char_12_key`,`col_int`,`col_int_key`,`pk` LIMIT 7
		   25 Query	SHOW WARNINGS
		   20 Query	SHOW WARNINGS
		   16 Query	SHOW WARNINGS
		   12 Query	SHOW WARNINGS
		   21 Query	SHOW WARNINGS
		   20 Query	SELECT X.`col_int_key` FROM `table10_innodb_key_pk_parts_2_int_autoinc` AS X LEFT JOIN `table100_innodb_key_pk_parts_2_int_autoinc` AS Y USING ( `col_int_key` ) WHERE X.`pk` = ( SELECT `col_char_12_key` FROM `table100_innodb_int_autoinc` WHERE `pk` = 'l' ) LIMIT 7
		   25 Query	SELECT X.`col_char_12_key` FROM `table100_innodb_int_autoinc` AS X LEFT JOIN `table10_innodb_key_pk_parts_2_int_autoinc` AS Y USING ( `col_int_key` ) WHERE X.`col_char_12_key` BETWEEN 1 AND 8 LIMIT 7
		   16 Query	DELETE LOW_PRIORITY IGNORE FROM `table0_innodb_key_pk_parts_2_int_autoinc` WHERE `col_char_12_key` IN ( 2, 3896967168, 'o', 249, 'f' ) ORDER BY `col_char_12`,`col_char_12_key`,`col_int`,`col_int_key`,`pk` LIMIT 2
		   21 Query	DELETE LOW_PRIORITY QUICK IGNORE FROM `table0_innodb_key_pk_parts_2_int_autoinc` WHERE `col_char_12_key` IN ( SELECT `pk` FROM `table10_innodb_key_pk_parts_2_int_autoinc` WHERE `pk` = 3701932032 ) ORDER BY `col_char_12`,`col_char_12_key`,`col_int`,`col_int_key`,`pk` LIMIT 1
		   12 Query	REPLACE LOW_PRIORITY INTO `table1_innodb_key_pk_parts_2_int_autoinc` ( `col_char_12_key` ) SELECT `col_char_12_key` FROM `table2_innodb_int_autoinc` AS X ORDER BY `col_char_12`,`col_char_12_key`,`col_int`,`col_int_key`,`pk` LIMIT 6
		   20 Query	DELETE LOW_PRIORITY IGNORE FROM `table100_innodb_key_pk_parts_2_int_autoinc` ORDER BY `col_char_12`,`col_char_12_key`,`col_int`,`col_int_key`,`pk` LIMIT 3
		   16 Query	SHOW WARNINGS
		   25 Query	DELETE LOW_PRIORITY QUICK FROM `table0_innodb_key_pk_parts_2_int_autoinc` ORDER BY `col_char_12`,`col_char_12_key`,`col_int`,`col_int_key`,`pk` LIMIT 3
		   16 Query	UPDATE LOW_PRIORITY IGNORE `table2_innodb_int_autoinc` AS X SET `col_int_key` = 928907264 WHERE X.`col_char_12_key` < 131 ORDER BY `col_char_12`,`col_char_12_key`,`col_int`,`col_int_key`,`pk` LIMIT 8
		   12 Query	REPLACE LOW_PRIORITY INTO `table100_innodb_int_autoinc` ( `col_int_key` ) SELECT `col_int_key` FROM `table100_innodb_key_pk_parts_2_int_autoinc` AS X WHERE X.`col_int_key` = ( SELECT `col_int_key` FROM `table10_innodb_int_autoinc` WHERE `pk` = 9 ) ORDER BY `col_char_12`,`col_char_12_key`,`col_int`,`col_int_key`,`pk` LIMIT 8
		   16 Query	SHOW WARNINGS
		   16 Query	SELECT ( SELECT `pk` FROM `table2_innodb_int_autoinc` WHERE `pk` = 9 ) FROM `table1_innodb_key_pk_parts_2_int_autoinc` AS X LEFT JOIN `table0_innodb_int_autoinc` AS Y USING ( `col_char_12_key` ) WHERE X.`col_char_12_key` IN ( 1803681792, 'd', 3643539456, 'z', 177 ) LIMIT 6
		   16 Query	DELETE LOW_PRIORITY QUICK IGNORE FROM `table0_innodb_key_pk_parts_2_int_autoinc` ORDER BY `col_char_12`,`col_char_12_key`,`col_int`,`col_int_key`,`pk` LIMIT 3
		   16 Query	SHOW WARNINGS
		   16 Query	DELETE LOW_PRIORITY QUICK FROM `table2_innodb_int_autoinc` WHERE `col_char_12_key` = 156 ORDER BY `col_char_12`,`col_char_12_key`,`col_int`,`col_int_key`,`pk` LIMIT 1
		   16 Query	SHOW WARNINGS
		   16 Query	UPDATE LOW_PRIORITY `table10_innodb_key_pk_parts_2_int_autoinc` AS X SET `col_int` = 6 WHERE X.`col_int_key` BETWEEN 123 AND 4019716096 ORDER BY `col_char_12`,`col_char_12_key`,`col_int`,`col_int_key`,`pk` LIMIT 6
		   16 Query	SHOW WARNINGS
		   16 Query	REPLACE LOW_PRIORITY INTO `table0_innodb_int_autoinc` ( `col_char_12_key`, `col_int` ) VALUES ( 3258580992, 2 ), ( 7, 'd' )
		   16 Query	SHOW WARNINGS
		   21 Query	SELECT X.`pk` FROM `table10_innodb_key_pk_parts_2_int_autoinc` AS X LIMIT 5
		   16 Query	SELECT * FROM `table10_innodb_int_autoinc` AS X LEFT JOIN `table10_innodb_key_pk_parts_2_int_autoinc` AS Y USING ( `col_char_12_key` ) LIMIT 8
		   16 Query	INSERT LOW_PRIORITY IGNORE INTO `table10_innodb_int_autoinc` ( `col_char_12` ) SELECT `col_int_key` FROM `table100_innodb_int_autoinc` AS X WHERE X.`pk` < 4 ORDER BY `col_char_12`,`col_char_12_key`,`col_int`,`col_int_key`,`pk` LIMIT 6
		   16 Query	SHOW WARNINGS
		   16 Query	UPDATE LOW_PRIORITY `table2_innodb_key_pk_parts_2_int_autoinc` AS X SET `col_char_12_key` = 5 WHERE X.`pk` IN ( 30, 0, 6, 254, 39 ) ORDER BY `col_char_12`,`col_char_12_key`,`col_int`,`col_int_key`,`pk` LIMIT 7
		   21 Query	UPDATE LOW_PRIORITY `table100_innodb_int_autoinc` AS X SET `col_int_key` = 222 WHERE X.`col_char_12_key` < 2957639680 ORDER BY `col_char_12`,`col_char_12_key`,`col_int`,`col_int_key`,`pk` LIMIT 5
		   16 Query	SHOW WARNINGS
		   16 Query	INSERT LOW_PRIORITY INTO `table2_innodb_int_autoinc` ( `col_char_12` ) SELECT `col_int_key` FROM `table0_innodb_int_autoinc` AS X WHERE X.`pk` BETWEEN 1 AND 5 ORDER BY `col_char_12`,`col_char_12_key`,`col_int`,`col_int_key`,`pk` LIMIT 7
		   16 Query	SHOW WARNINGS
		   16 Query	REPLACE LOW_PRIORITY INTO `table1_innodb_int_autoinc` (`pk`) VALUES (NULL)
		   13 Query	SHOW WARNINGS
		   13 Query	SELECT X.`pk` FROM `table10_innodb_key_pk_parts_2_int_autoinc` AS X LEFT JOIN `table100_innodb_key_pk_parts_2_int_autoinc` AS Y USING ( `col_char_12_key` ) WHERE X.`pk` BETWEEN 1 AND 6 LIMIT 7
		   16 Query	UPDATE LOW_PRIORITY IGNORE `table100_innodb_key_pk_parts_2_int_autoinc` AS X SET `col_char_12_key` = 2 WHERE X.`pk` IN ( 8, 'e', 165, 236, 'g' ) ORDER BY `col_char_12`,`col_char_12_key`,`col_int`,`col_int_key`,`pk` LIMIT 6
		   13 Query	SET AUTOCOMMIT=ON
		   13 Query	INSERT LOW_PRIORITY IGNORE INTO `table1_innodb_key_pk_parts_2_int_autoinc` ( `col_char_12`, `col_int` ) VALUES ( 985530368, 9 ), ( 127, 'h' )
		   16 Query	SHOW WARNINGS
		   16 Query	SELECT * FROM `table10_innodb_key_pk_parts_2_int_autoinc` AS X LEFT JOIN `table2_innodb_key_pk_parts_2_int_autoinc` AS Y USING ( `pk` ) WHERE X.`col_int_key` = ( SELECT `col_char_12_key` FROM `table2_innodb_key_pk_parts_2_int_autoinc` WHERE `pk` = 'n' ) LIMIT 7
		   16 Query	INSERT LOW_PRIORITY INTO `table1_innodb_int_autoinc` (`pk`) VALUES (NULL)
		   16 Query	UPDATE LOW_PRIORITY `table100_innodb_key_pk_parts_2_int_autoinc` AS X SET `col_int_key` = 186 WHERE X.`pk` < 158 ORDER BY `col_char_12`,`col_char_12_key`,`col_int`,`col_int_key`,`pk` LIMIT 8
		   16 Query	SHOW WARNINGS
		   16 Query	UPDATE LOW_PRIORITY IGNORE `table10_innodb_key_pk_parts_2_int_autoinc` AS X SET `col_int_key` = 23 ORDER BY `col_char_12`,`col_char_12_key`,`col_int`,`col_int_key`,`pk` LIMIT 7
		   16 Query	SHOW WARNINGS
		   16 Query	INSERT LOW_PRIORITY INTO `table100_innodb_key_pk_parts_2_int_autoinc` (`pk`) VALUES (NULL)
		   16 Query	SET AUTOCOMMIT=ON
		   18 Query	SHOW WARNINGS
		   18 Query	INSERT LOW_PRIORITY IGNORE INTO `table100_innodb_key_pk_parts_2_int_autoinc` (`pk`) VALUES (NULL)
		   16 Query	INSERT LOW_PRIORITY IGNORE INTO `table2_innodb_int_autoinc` (`pk`) VALUES (NULL)
		   23 Query	SHOW WARNINGS
		   23 Query	UPDATE LOW_PRIORITY `table10_innodb_int_autoinc` AS X SET `col_int` = 1 WHERE X.`pk` < 'x' ORDER BY `col_char_12`,`col_char_12_key`,`col_int`,`col_int_key`,`pk` LIMIT 5
		   24 Query	SELECT X.`pk` FROM `table10_innodb_key_pk_parts_2_int_autoinc` AS X LEFT JOIN `table100_innodb_int_autoinc` AS Y USING ( `pk` ) WHERE X.`col_char_12_key` < 3234594816 LIMIT 7
		   18 Query	DELETE LOW_PRIORITY QUICK FROM `table1_innodb_int_autoinc` ORDER BY `col_char_12`,`col_char_12_key`,`col_int`,`col_int_key`,`pk` LIMIT 1
		   22 Query	DELETE LOW_PRIORITY QUICK IGNORE FROM `table1_innodb_int_autoinc` WHERE `col_char_12_key` = 5 ORDER BY `col_char_12`,`col_char_12_key`,`col_int`,`col_int_key`,`pk` LIMIT 1
		   23 Query	SHOW WARNINGS
		   23 Query	SELECT X.`col_int_key` FROM `table10_innodb_key_pk_parts_2_int_autoinc` AS X WHERE X.`col_int_key` = ( SELECT `pk` FROM `table2_innodb_key_pk_parts_2_int_autoinc` WHERE `pk` = 'd' ) LIMIT 8
		   12 Query	SHOW WARNINGS
		   19 Query	SHOW WARNINGS
		   13 Query	SHOW WARNINGS
		   25 Query	SHOW WARNINGS
		   12 Query	DELETE LOW_PRIORITY QUICK FROM `table100_innodb_int_autoinc` WHERE `col_char_12_key` IN ( 0, 213, 'w', 127, 'j' ) ORDER BY `col_char_12`,`col_char_12_key`,`col_int`,`col_int_key`,`pk` LIMIT 3
		   26 Query	SHOW WARNINGS
		   13 Query	SELECT X.`col_int_key` FROM `table100_innodb_int_autoinc` AS X WHERE X.`col_char_12_key` < 106 LIMIT 5
		   19 Query	SAVEPOINT A
		   26 Query	DELETE LOW_PRIORITY IGNORE FROM `table100_innodb_int_autoinc` WHERE `pk` IN ( SELECT `pk` FROM `table10_innodb_key_pk_parts_2_int_autoinc` WHERE `pk` = 739377152 ) ORDER BY `col_char_12`,`col_char_12_key`,`col_int`,`col_int_key`,`pk` LIMIT 1
		   19 Query	UPDATE LOW_PRIORITY IGNORE `table2_innodb_key_pk_parts_2_int_autoinc` AS X SET `col_char_12_key` = 'g' WHERE X.`col_char_12_key` < 409534464 ORDER BY `col_char_12`,`col_char_12_key`,`col_int`,`col_int_key`,`pk` LIMIT 7
		   25 Query	REPLACE LOW_PRIORITY INTO `table0_innodb_int_autoinc` ( `col_int_key`, `col_int_key` ) VALUES ( 2428633088, 1817706496 ), ( 550174720, 1705574400 )
		   25 Query	DELETE LOW_PRIORITY QUICK IGNORE FROM `table2_innodb_int_autoinc` ORDER BY `col_char_12`,`col_char_12_key`,`col_int`,`col_int_key`,`pk` LIMIT 4
		   15 Query	SHOW WARNINGS
		   16 Query	SELECT X.`col_int_key` FROM `table0_innodb_key_pk_parts_2_int_autoinc` AS X LEFT JOIN `table1_innodb_int_autoinc` AS Y USING ( `col_int_key` ) WHERE X.`pk` BETWEEN 2 AND 5 LIMIT 6
		   15 Query	REPLACE LOW_PRIORITY INTO `table100_innodb_key_pk_parts_2_int_autoinc` ( `col_char_12_key` ) SELECT `pk` FROM `table1_innodb_key_pk_parts_2_int_autoinc` AS X WHERE X.`col_char_12_key` BETWEEN 2 AND 7 ORDER BY `col_char_12`,`col_char_12_key`,`col_int`,`col_int_key`,`pk` LIMIT 8
		   23 Query	DELETE LOW_PRIORITY IGNORE FROM `table10_innodb_int_autoinc` WHERE `col_char_12_key` IN ( SELECT `pk` FROM `table1_innodb_int_autoinc` WHERE `pk` = 1627389952 ) ORDER BY `col_char_12`,`col_char_12_key`,`col_int`,`col_int_key`,`pk` LIMIT 3
		   24 Query	SELECT X.`pk` FROM `table100_innodb_key_pk_parts_2_int_autoinc` AS X WHERE X.`col_char_12_key` = ( SELECT `col_char_12_key` FROM `table2_innodb_int_autoinc` WHERE `pk` = 'z' ) LIMIT 8
		   13 Query	UPDATE LOW_PRIORITY IGNORE `table100_innodb_key_pk_parts_2_int_autoinc` AS X SET `col_int_key` = 756482048 WHERE X.`pk` BETWEEN 62 AND 2818899968 ORDER BY `col_char_12`,`col_char_12_key`,`col_int`,`col_int_key`,`pk` LIMIT 6
		   24 Query	REPLACE LOW_PRIORITY INTO `table0_innodb_int_autoinc` ( `col_int_key` ) SELECT `pk` FROM `table10_innodb_int_autoinc` AS X WHERE X.`col_int_key` = ( SELECT `col_char_12_key` FROM `table2_innodb_int_autoinc` WHERE `pk` = 3 ) ORDER BY `col_char_12`,`col_char_12_key`,`col_int`,`col_int_key`,`pk` LIMIT 7
150425  6:39:35	   19 Query	SHOW WARNINGS
		   11 Query	SHOW WARNINGS
		   19 Query	DELETE LOW_PRIORITY IGNORE FROM `table2_innodb_key_pk_parts_2_int_autoinc` WHERE `pk` IN ( 5, 147, 1728380928, 96, 'x' ) ORDER BY `col_char_12`,`col_char_12_key`,`col_int`,`col_int_key`,`pk` LIMIT 3
		   11 Query	DELETE LOW_PRIORITY IGNORE FROM `table0_innodb_int_autoinc` WHERE `col_int_key` = 90 ORDER BY `col_char_12`,`col_char_12_key`,`col_int`,`col_int_key`,`pk` LIMIT 3
		   17 Query	SELECT ID INTO @thread_id FROM INFORMATION_SCHEMA.PROCESSLIST ORDER BY RAND() LIMIT 1
		   24 Query	SHOW WARNINGS
		   24 Query	SELECT X.`col_char_12_key` FROM `table1_innodb_key_pk_parts_2_int_autoinc` AS X WHERE X.`col_int_key` = ( SELECT `col_int_key` FROM `table10_innodb_key_pk_parts_2_int_autoinc` WHERE `pk` = 'n' ) LIMIT 6
		   18 Query	SHOW WARNINGS
		   23 Query	SHOW WARNINGS
		   23 Query	INSERT LOW_PRIORITY INTO `table2_innodb_key_pk_parts_2_int_autoinc` ( `col_char_12`, `col_char_12_key` ) VALUES ( 224, 2628583424 ), ( 9, 9 )
		   18 Query	SET AUTOCOMMIT=OFF
		   18 Query	COMMIT
		   18 Query	SET TRANSACTION ISOLATION LEVEL READ UNCOMMITTED
		   18 Query	DELETE LOW_PRIORITY QUICK IGNORE FROM `table100_innodb_int_autoinc` WHERE `col_int_key` = 's' ORDER BY `col_char_12`,`col_char_12_key`,`col_int`,`col_int_key`,`pk` LIMIT 3
		   18 Query	INSERT LOW_PRIORITY INTO `table0_innodb_int_autoinc` (`pk`) VALUES (NULL)
		   18 Query	UPDATE LOW_PRIORITY IGNORE `table1_innodb_int_autoinc` AS X SET `col_int` = 'u' WHERE X.`col_char_12_key` IN ( 132, 2176712704, 111, 552534016, 'q' ) ORDER BY `col_char_12`,`col_char_12_key`,`col_int`,`col_int_key`,`pk` LIMIT 6
		   18 Query	DELETE LOW_PRIORITY IGNORE FROM `table10_innodb_key_pk_parts_2_int_autoinc` ORDER BY `col_char_12`,`col_char_12_key`,`col_int`,`col_int_key`,`pk` LIMIT 4
		   18 Query	INSERT LOW_PRIORITY INTO `table2_innodb_key_pk_parts_2_int_autoinc` (`pk`) VALUES (NULL)
		   18 Query	UPDATE LOW_PRIORITY `table100_innodb_int_autoinc` AS X SET `col_char_12_key` = 3 WHERE X.`pk` < 139 ORDER BY `col_char_12`,`col_char_12_key`,`col_int`,`col_int_key`,`pk` LIMIT 7
		   18 Query	DELETE LOW_PRIORITY IGNORE FROM `table10_innodb_key_pk_parts_2_int_autoinc` WHERE `col_int_key` IN ( SELECT `col_char_12_key` FROM `table2_innodb_int_autoinc` WHERE `pk` = 122 ) ORDER BY `col_char_12`,`col_char_12_key`,`col_int`,`col_int_key`,`pk` LIMIT 1
		   18 Query	REPLACE LOW_PRIORITY INTO `table0_innodb_int_autoinc` (`pk`) VALUES (NULL)
		   18 Query	UPDATE LOW_PRIORITY IGNORE `table0_innodb_key_pk_parts_2_int_autoinc` AS X SET `col_int_key` = 166 WHERE X.`col_char_12_key` BETWEEN 163 AND 1233387520 ORDER BY `col_char_12`,`col_char_12_key`,`col_int`,`col_int_key`,`pk` LIMIT 6
		   18 Query	SELECT X.`col_int_key` FROM `table10_innodb_int_autoinc` AS X WHERE X.`col_char_12_key` IN ( 69, 4, 2319384576, 11, 4120641536 ) LIMIT 5
		   17 Query	EXECUTE show_expl_stmt USING @thread_id
		   24 Query	UPDATE LOW_PRIORITY `table0_innodb_int_autoinc` AS X SET `col_int` = 0 ORDER BY `col_char_12`,`col_char_12_key`,`col_int`,`col_int_key`,`pk` LIMIT 7
		   17 Query	LOCK TABLE `create_or_replace_tmp` WRITE, `table1_innodb_int_autoinc` READ
		   17 Query	CREATE OR REPLACE TEMPORARY TABLE `create_or_replace_tmp` LIKE `table100_innodb_int_autoinc`
		   17 Query	INSERT INTO `create_or_replace_tmp` SELECT * FROM `table0_innodb_key_pk_parts_2_int_autoinc`
		   17 Query	UNLOCK TABLES
		   17 Query	ANALYZE TABLE `table10_innodb_key_pk_parts_2_int_autoinc` PERSISTENT FOR COLUMNS ALL INDEXES ( PRIMARY )
		   18 Query	UPDATE LOW_PRIORITY `table2_innodb_int_autoinc` AS X SET `col_int` = 25 WHERE X.`col_char_12_key` = ( SELECT `pk` FROM `table100_innodb_key_pk_parts_2_int_autoinc` WHERE `pk` = 'p' ) ORDER BY `col_char_12`,`col_char_12_key`,`col_int`,`col_int_key`,`pk` LIMIT 8
		   18 Query	SHOW WARNINGS
		   18 Query	INSERT LOW_PRIORITY IGNORE INTO `table1_innodb_key_pk_parts_2_int_autoinc` ( `col_int` ) SELECT `col_int_key` FROM `table0_innodb_key_pk_parts_2_int_autoinc` AS X WHERE X.`col_char_12_key` IN ( 78, 'p', 'w', 1, 'u' ) ORDER BY `col_char_12`,`col_char_12_key`,`col_int`,`col_int_key`,`pk` LIMIT 8
		   18 Query	DELETE LOW_PRIORITY QUICK IGNORE FROM `table2_innodb_key_pk_parts_2_int_autoinc` WHERE `col_int_key` = 2227175424 ORDER BY `col_char_12`,`col_char_12_key`,`col_int`,`col_int_key`,`pk` LIMIT 3
		   18 Query	SET AUTOCOMMIT=OFF
		   18 Query	DELETE LOW_PRIORITY QUICK FROM `table10_innodb_key_pk_parts_2_int_autoinc` ORDER BY `col_char_12`,`col_char_12_key`,`col_int`,`col_int_key`,`pk` LIMIT 1
		   18 Query	UPDATE LOW_PRIORITY IGNORE `table0_innodb_key_pk_parts_2_int_autoinc` AS X SET `col_int_key` = 5 WHERE X.`pk` < 69 ORDER BY `col_char_12`,`col_char_12_key`,`col_int`,`col_int_key`,`pk` LIMIT 8
		   16 Query	INSERT LOW_PRIORITY IGNORE INTO `table0_innodb_key_pk_parts_2_int_autoinc` (`pk`) VALUES (NULL)
		   18 Query	INSERT LOW_PRIORITY INTO `table100_innodb_key_pk_parts_2_int_autoinc` (`pk`) VALUES (NULL)
		   18 Query	DELETE LOW_PRIORITY QUICK IGNORE FROM `table0_innodb_key_pk_parts_2_int_autoinc` WHERE `col_char_12_key` BETWEEN 1 AND 6 ORDER BY `col_char_12`,`col_char_12_key`,`col_int`,`col_int_key`,`pk` LIMIT 1
		   18 Query	SELECT X.`col_char_12_key` FROM `table10_innodb_int_autoinc` AS X LEFT JOIN `table100_innodb_int_autoinc` AS Y USING ( `col_int_key` ) WHERE X.`pk` BETWEEN 2 AND 7 LIMIT 8
		   11 Query	SHOW WARNINGS
		   25 Query	SHOW WARNINGS
		   22 Query	SHOW WARNINGS
		   20 Query	SHOW WARNINGS
		   11 Query	REPLACE LOW_PRIORITY INTO `table1_innodb_key_pk_parts_2_int_autoinc` (`pk`) VALUES (NULL)
		   25 Query	ROLLBACK TO SAVEPOINT A
		   22 Query	SELECT * FROM `table0_innodb_key_pk_parts_2_int_autoinc` AS X LEFT JOIN `table1_innodb_int_autoinc` AS Y USING ( `pk` ) WHERE X.`col_int_key` BETWEEN 213 AND 1483931648 LIMIT 6
		   20 Query	SELECT X.`pk` FROM `table0_innodb_int_autoinc` AS X LEFT JOIN `table10_innodb_key_pk_parts_2_int_autoinc` AS Y USING ( `col_char_12_key` ) LIMIT 6 FOR UPDATE
		   25 Query	INSERT LOW_PRIORITY IGNORE INTO `table1_innodb_key_pk_parts_2_int_autoinc` ( `col_int` ) SELECT `pk` FROM `table100_innodb_int_autoinc` AS X WHERE X.`col_int_key` IN ( 1249443840, 'b', 1180172288, 187, 2346385408 ) ORDER BY `col_char_12`,`col_char_12_key`,`col_int`,`col_int_key`,`pk` LIMIT 5
		   22 Query	DELETE LOW_PRIORITY FROM `table100_innodb_int_autoinc` WHERE `col_char_12_key` IN ( SELECT `pk` FROM `table100_innodb_key_pk_parts_2_int_autoinc` WHERE `pk` = 'm' ) ORDER BY `col_char_12`,`col_char_12_key`,`col_int`,`col_int_key`,`pk` LIMIT 2
		   24 Query	SHOW WARNINGS
		   23 Query	UPDATE LOW_PRIORITY `table1_innodb_int_autoinc` AS X SET `col_char_12` = 2801139712 WHERE X.`col_char_12_key` BETWEEN 2 AND 5 ORDER BY `col_char_12`,`col_char_12_key`,`col_int`,`col_int_key`,`pk` LIMIT 5
		   16 Query	INSERT LOW_PRIORITY IGNORE INTO `table10_innodb_key_pk_parts_2_int_autoinc` ( `col_char_12`, `col_int` ) VALUES ( 120, 'k' ), ( 'r', 3289120768 )
		   24 Query	SELECT X.`pk` FROM `table2_innodb_key_pk_parts_2_int_autoinc` AS X WHERE X.`col_char_12_key` IN ( 4, 4, 655228928, 5, 2038562816 ) LIMIT 8
		   20 Query	INSERT LOW_PRIORITY IGNORE INTO `table0_innodb_key_pk_parts_2_int_autoinc` ( `col_int` ) SELECT `pk` FROM `table2_innodb_key_pk_parts_2_int_autoinc` AS X WHERE X.`pk` BETWEEN 236 AND 3230072832 ORDER BY `col_char_12`,`col_char_12_key`,`col_int`,`col_int_key`,`pk` LIMIT 8
		   24 Query	UPDATE LOW_PRIORITY `table10_innodb_int_autoinc` AS X SET `col_char_12_key` = 199 WHERE X.`col_int_key` < 230 ORDER BY `col_char_12`,`col_char_12_key`,`col_int`,`col_int_key`,`pk` LIMIT 7
		   18 Query	INSERT LOW_PRIORITY INTO `table10_innodb_int_autoinc` ( `col_int`, `col_int` ) VALUES ( 2724528128, 214 ), ( 9, 3199467520 )
		   18 Query	SELECT X.`pk` FROM `table2_innodb_key_pk_parts_2_int_autoinc` AS X LEFT JOIN `table0_innodb_int_autoinc` AS Y USING ( `col_int_key` ) WHERE X.`col_char_12_key` < 't' LIMIT 5
		   18 Query	DELETE LOW_PRIORITY QUICK FROM `table0_innodb_int_autoinc` WHERE `col_char_12_key` BETWEEN 3 AND 6 ORDER BY `col_char_12`,`col_char_12_key`,`col_int`,`col_int_key`,`pk` LIMIT 3
		   18 Query	DELETE LOW_PRIORITY QUICK IGNORE FROM `table10_innodb_int_autoinc` WHERE `col_char_12_key` BETWEEN 4 AND 5 ORDER BY `col_char_12`,`col_char_12_key`,`col_int`,`col_int_key`,`pk` LIMIT 4
		   18 Query	DELETE LOW_PRIORITY QUICK IGNORE FROM `table10_innodb_int_autoinc` WHERE `col_char_12_key` IN ( 'y', 3654549504, 2005336064, 171, 3154837504 ) ORDER BY `col_char_12`,`col_char_12_key`,`col_int`,`col_int_key`,`pk` LIMIT 1
		   18 Query	INSERT LOW_PRIORITY IGNORE INTO `table2_innodb_key_pk_parts_2_int_autoinc` ( `col_char_12`, `col_char_12_key` ) VALUES ( 6, 222 ), ( 1078657024, 'c' )
		   18 Query	DELETE LOW_PRIORITY IGNORE FROM `table0_innodb_key_pk_parts_2_int_autoinc` WHERE `col_int_key` = 111 ORDER BY `col_char_12`,`col_char_12_key`,`col_int`,`col_int_key`,`pk` LIMIT 2
		   18 Query	DELETE LOW_PRIORITY QUICK IGNORE FROM `table2_innodb_key_pk_parts_2_int_autoinc` WHERE `col_char_12_key` BETWEEN 3 AND 8 ORDER BY `col_char_12`,`col_char_12_key`,`col_int`,`col_int_key`,`pk` LIMIT 1
		   15 Query	SHOW WARNINGS
		   20 Query	SHOW WARNINGS
		   23 Query	SHOW WARNINGS
		   19 Query	SHOW WARNINGS
		   15 Query	REPLACE LOW_PRIORITY INTO `table0_innodb_key_pk_parts_2_int_autoinc` (`pk`) VALUES (NULL)
		   18 Query	INSERT LOW_PRIORITY INTO `table1_innodb_int_autoinc` (`pk`) VALUES (NULL)
		   23 Query	DELETE LOW_PRIORITY IGNORE FROM `table100_innodb_key_pk_parts_2_int_autoinc` WHERE `pk` BETWEEN 3 AND 6 ORDER BY `col_char_12`,`col_char_12_key`,`col_int`,`col_int_key`,`pk` LIMIT 1
		   20 Query	INSERT LOW_PRIORITY IGNORE INTO `table2_innodb_key_pk_parts_2_int_autoinc` ( `col_char_12_key` ) SELECT `pk` FROM `table2_innodb_key_pk_parts_2_int_autoinc` AS X ORDER BY `col_char_12`,`col_char_12_key`,`col_int`,`col_int_key`,`pk` LIMIT 5
		   19 Query	DELETE LOW_PRIORITY QUICK FROM `table1_innodb_int_autoinc` WHERE `pk` BETWEEN 2 AND 8 ORDER BY `col_char_12`,`col_char_12_key`,`col_int`,`col_int_key`,`pk` LIMIT 2
		   18 Query	UPDATE LOW_PRIORITY IGNORE `table2_innodb_int_autoinc` AS X SET `col_int_key` = 78774272 WHERE X.`col_int_key` = ( SELECT `pk` FROM `table2_innodb_int_autoinc` WHERE `pk` = 142 ) ORDER BY `col_char_12`,`col_char_12_key`,`col_int`,`col_int_key`,`pk` LIMIT 7
		   18 Query	UPDATE LOW_PRIORITY `table0_innodb_key_pk_parts_2_int_autoinc` AS X SET `col_char_12` = 2396782592 WHERE X.`col_char_12_key` BETWEEN 4 AND 5 ORDER BY `col_char_12`,`col_char_12_key`,`col_int`,`col_int_key`,`pk` LIMIT 8
		   18 Query	INSERT LOW_PRIORITY IGNORE INTO `table1_innodb_key_pk_parts_2_int_autoinc` (`pk`) VALUES (NULL)
		   18 Query	UPDATE LOW_PRIORITY `table100_innodb_key_pk_parts_2_int_autoinc` AS X SET `col_char_12_key` = 'z' WHERE X.`col_char_12_key` BETWEEN 80 AND 1156055040 ORDER BY `col_char_12`,`col_char_12_key`,`col_int`,`col_int_key`,`pk` LIMIT 5
		   18 Query	SELECT X.`col_char_12_key` FROM `table10_innodb_int_autoinc` AS X WHERE X.`col_int_key` BETWEEN 169 AND 3372482560 LIMIT 7 LOCK IN SHARE MODE
		   19 Query	SHOW WARNINGS
		   19 Query	SELECT X.`col_char_12_key` FROM `table2_innodb_key_pk_parts_2_int_autoinc` AS X WHERE X.`col_int_key` BETWEEN 1 AND 5 LIMIT 7
		   24 Query	SHOW WARNINGS
		   23 Query	SHOW WARNINGS
		   11 Query	REPLACE LOW_PRIORITY INTO `table1_innodb_int_autoinc` (`pk`) VALUES (NULL)
		   18 Query	REPLACE LOW_PRIORITY INTO `table2_innodb_key_pk_parts_2_int_autoinc` ( `col_char_12`, `col_char_12` ) VALUES ( 9, 4120379392 ), ( 6, 7 )
		   24 Query	SELECT X.`pk` FROM `table2_innodb_int_autoinc` AS X WHERE X.`col_char_12_key` < 8 LIMIT 8
		   23 Query	REPLACE LOW_PRIORITY INTO `table10_innodb_key_pk_parts_2_int_autoinc` ( `col_int_key` ) SELECT `col_char_12_key` FROM `table100_innodb_key_pk_parts_2_int_autoinc` AS X ORDER BY `col_char_12`,`col_char_12_key`,`col_int`,`col_int_key`,`pk` LIMIT 5
		   18 Query	DELETE LOW_PRIORITY IGNORE FROM `table1_innodb_int_autoinc` WHERE `col_char_12_key` IN ( SELECT `col_char_12_key` FROM `table2_innodb_key_pk_parts_2_int_autoinc` WHERE `pk` = 5 ) ORDER BY `col_char_12`,`col_char_12_key`,`col_int`,`col_int_key`,`pk` LIMIT 3
		   13 Query	SHOW WARNINGS
		   20 Query	SHOW WARNINGS
		   18 Query	UPDATE LOW_PRIORITY IGNORE `table1_innodb_key_pk_parts_2_int_autoinc` AS X SET `col_char_12_key` = 41 WHERE X.`pk` IN ( 223, 84148224, 7, 'q', 170 ) ORDER BY `col_char_12`,`col_char_12_key`,`col_int`,`col_int_key`,`pk` LIMIT 5
		   15 Query	DELETE LOW_PRIORITY FROM `table100_innodb_int_autoinc` WHERE `col_int_key` IN ( SELECT `col_int_key` FROM `table100_innodb_int_autoinc` WHERE `pk` = 243 ) ORDER BY `col_char_12`,`col_char_12_key`,`col_int`,`col_int_key`,`pk` LIMIT 2
		   13 Query	SELECT X.`pk` FROM `table2_innodb_int_autoinc` AS X WHERE X.`col_int_key` < 'e' LIMIT 6
		   20 Query	DELETE LOW_PRIORITY IGNORE FROM `table0_innodb_int_autoinc` ORDER BY `col_char_12`,`col_char_12_key`,`col_int`,`col_int_key`,`pk` LIMIT 1
		   18 Query	UPDATE LOW_PRIORITY IGNORE `table100_innodb_key_pk_parts_2_int_autoinc` AS X SET `col_char_12` = 2 WHERE X.`col_char_12_key` IN ( 'a', 3243966464, 176, 746979328, 3064659968 ) ORDER BY `col_char_12`,`col_char_12_key`,`col_int`,`col_int_key`,`pk` LIMIT 6
		   18 Query	UPDATE LOW_PRIORITY `table0_innodb_int_autoinc` AS X SET `col_int` = 3 WHERE X.`col_int_key` IN ( 8, 113, 143, 0, 'v' ) ORDER BY `col_char_12`,`col_char_12_key`,`col_int`,`col_int_key`,`pk` LIMIT 6
		   18 Query	ROLLBACK
		   18 Query	SET TRANSACTION ISOLATION LEVEL REPEATABLE READ
		   18 Query	INSERT LOW_PRIORITY INTO `table100_innodb_int_autoinc` ( `col_char_12_key` ) SELECT `col_int_key` FROM `table0_innodb_key_pk_parts_2_int_autoinc` AS X WHERE X.`col_int_key` BETWEEN 4 AND 7 ORDER BY `col_char_12`,`col_char_12_key`,`col_int`,`col_int_key`,`pk` LIMIT 6
		   13 Query	SHOW WARNINGS
		   24 Query	DELETE LOW_PRIORITY IGNORE FROM `table1_innodb_key_pk_parts_2_int_autoinc` WHERE `pk` BETWEEN 1 AND 5 ORDER BY `col_char_12`,`col_char_12_key`,`col_int`,`col_int_key`,`pk` LIMIT 1
		   13 Query	INSERT LOW_PRIORITY INTO `table0_innodb_key_pk_parts_2_int_autoinc` ( `col_char_12`, `col_char_12` ) VALUES ( 52, 31 ), ( 2, 3669295104 )
		   13 Query	UPDATE LOW_PRIORITY `table10_innodb_int_autoinc` AS X SET `col_char_12_key` = 197 WHERE X.`col_int_key` = ( SELECT `col_int_key` FROM `table2_innodb_key_pk_parts_2_int_autoinc` WHERE `pk` = 3588292608 ) ORDER BY `col_char_12`,`col_char_12_key`,`col_int`,`col_int_key`,`pk` LIMIT 7
		   13 Query	SET NAMES DEFAULT
		   13 Query	SET AUTOCOMMIT=ON
		   13 Query	INSERT LOW_PRIORITY IGNORE INTO `table1_innodb_key_pk_parts_2_int_autoinc` ( `col_char_12`, `col_char_12` ) VALUES ( 3096313856, 248 ), ( 2, 4 )
		   13 Query	DELETE LOW_PRIORITY QUICK FROM `table10_innodb_int_autoinc` WHERE `col_char_12_key` BETWEEN 4 AND 8 ORDER BY `col_char_12`,`col_char_12_key`,`col_int`,`col_int_key`,`pk` LIMIT 1
		   18 Query	SHOW WARNINGS
		   19 Query	UPDATE LOW_PRIORITY IGNORE `table0_innodb_int_autoinc` AS X SET `col_int` = 'x' ORDER BY `col_char_12`,`col_char_12_key`,`col_int`,`col_int_key`,`pk` LIMIT 6
		   15 Query	INSERT LOW_PRIORITY INTO `table10_innodb_int_autoinc` ( `col_int` ) SELECT `col_char_12_key` FROM `table0_innodb_key_pk_parts_2_int_autoinc` AS X WHERE X.`col_int_key` < 6 ORDER BY `col_char_12`,`col_char_12_key`,`col_int`,`col_int_key`,`pk` LIMIT 5
		   18 Query	DELETE LOW_PRIORITY QUICK FROM `table10_innodb_int_autoinc` WHERE `col_char_12_key` BETWEEN 1 AND 8 ORDER BY `col_char_12`,`col_char_12_key`,`col_int`,`col_int_key`,`pk` LIMIT 2
150425  6:39:36	   13 Query	SHOW WARNINGS
		   20 Query	SHOW WARNINGS
		   11 Query	DELETE LOW_PRIORITY QUICK FROM `table100_innodb_key_pk_parts_2_int_autoinc` WHERE `col_int_key` BETWEEN 3 AND 5 ORDER BY `col_char_12`,`col_char_12_key`,`col_int`,`col_int_key`,`pk` LIMIT 2
		   20 Query	INSERT LOW_PRIORITY IGNORE INTO `table100_innodb_key_pk_parts_2_int_autoinc` ( `col_int`, `col_int_key` ) VALUES ( 'k', 3 ), ( 210, 8 )
