		   24 Query	SHOW WARNINGS
		   24 Query	INSERT LOW_PRIORITY INTO `table100_innodb_int_autoinc` (`pk`) VALUES (NULL)
		   24 Query	UPDATE LOW_PRIORITY `table2_innodb_int_autoinc` AS X SET `col_int_key` = 162 WHERE X.`pk` BETWEEN 1 AND 7 ORDER BY `col_char_12`,`col_char_12_key`,`col_int`,`col_int_key`,`pk` LIMIT 5
		   24 Query	SHOW WARNINGS
		   24 Query	REPLACE LOW_PRIORITY INTO `table10_innodb_key_pk_parts_2_int_autoinc` (`pk`) VALUES (NULL)
		   24 Query	INSERT LOW_PRIORITY IGNORE INTO `table10_innodb_int_autoinc` ( `col_int_key`, `col_char_12_key` ) VALUES ( 1720516608, 848297984 ), ( 'l', 2 )
		   24 Query	SHOW WARNINGS
		   24 Query	UPDATE LOW_PRIORITY IGNORE `table0_innodb_int_autoinc` AS X SET `col_char_12_key` = 87 WHERE X.`col_int_key` BETWEEN 3 AND 6 ORDER BY `col_char_12`,`col_char_12_key`,`col_int`,`col_int_key`,`pk` LIMIT 7
		   24 Query	SHOW WARNINGS
		   24 Query	COMMIT
		   12 Query	UPDATE LOW_PRIORITY `table2_innodb_int_autoinc` AS X SET `col_int_key` = 238 WHERE X.`col_char_12_key` IN ( 6, 176, 'h', 2066350080, 'j' ) ORDER BY `col_char_12`,`col_char_12_key`,`col_int`,`col_int_key`,`pk` LIMIT 5
		   13 Query	SHOW WARNINGS
		   24 Query	SET TRANSACTION ISOLATION LEVEL READ UNCOMMITTED
		   24 Query	INSERT LOW_PRIORITY INTO `table2_innodb_key_pk_parts_2_int_autoinc` (`pk`) VALUES (NULL)
		   13 Query	UPDATE LOW_PRIORITY `table10_innodb_int_autoinc` AS X SET `col_int_key` = 8 WHERE X.`col_int_key` BETWEEN 8 AND 1355218944 ORDER BY `col_char_12`,`col_char_12_key`,`col_int`,`col_int_key`,`pk` LIMIT 8
		   24 Query	SELECT X.`pk` FROM `table10_innodb_int_autoinc` AS X LEFT JOIN `table100_innodb_key_pk_parts_2_int_autoinc` AS Y USING ( `pk` ) WHERE X.`col_int_key` BETWEEN 2 AND 6 LIMIT 7
		   24 Query	DELETE LOW_PRIORITY FROM `table0_innodb_int_autoinc` ORDER BY `col_char_12`,`col_char_12_key`,`col_int`,`col_int_key`,`pk` LIMIT 4
		   24 Query	UPDATE LOW_PRIORITY `table10_innodb_int_autoinc` AS X SET `col_char_12` = 2179530752 WHERE X.`col_char_12_key` < 1576009728 ORDER BY `col_char_12`,`col_char_12_key`,`col_int`,`col_int_key`,`pk` LIMIT 5
		   24 Query	REPLACE LOW_PRIORITY INTO `table1_innodb_int_autoinc` (`pk`) VALUES (NULL)
		   24 Query	UPDATE LOW_PRIORITY IGNORE `table10_innodb_key_pk_parts_2_int_autoinc` AS X SET `col_char_12` = 2390556672 WHERE X.`pk` = ( SELECT `col_int_key` FROM `table0_innodb_key_pk_parts_2_int_autoinc` WHERE `pk` = 5 ) ORDER BY `col_char_12`,`col_char_12_key`,`col_int`,`col_int_key`,`pk` LIMIT 7
150425  6:41:43	   24 Query	REPLACE LOW_PRIORITY INTO `table10_innodb_key_pk_parts_2_int_autoinc` (`pk`) VALUES (NULL)
		   24 Query	INSERT LOW_PRIORITY IGNORE INTO `table1_innodb_key_pk_parts_2_int_autoinc` ( `col_char_12_key` ) SELECT `pk` FROM `table0_innodb_int_autoinc` AS X WHERE X.`col_char_12_key` IN ( 6, 'h', 9, 7, 180 ) ORDER BY `col_char_12`,`col_char_12_key`,`col_int`,`col_int_key`,`pk` LIMIT 8
		   24 Query	UPDATE LOW_PRIORITY IGNORE `table10_innodb_int_autoinc` AS X SET `col_int_key` = 3 WHERE X.`col_int_key` BETWEEN 1 AND 6 ORDER BY `col_char_12`,`col_char_12_key`,`col_int`,`col_int_key`,`pk` LIMIT 6
		   24 Query	DELETE LOW_PRIORITY QUICK IGNORE FROM `table10_innodb_key_pk_parts_2_int_autoinc` ORDER BY `col_char_12`,`col_char_12_key`,`col_int`,`col_int_key`,`pk` LIMIT 1
		   24 Query	DELETE LOW_PRIORITY FROM `table2_innodb_int_autoinc` WHERE `col_int_key` IN ( 250, 'z', 4, 845742080, 3192258560 ) ORDER BY `col_char_12`,`col_char_12_key`,`col_int`,`col_int_key`,`pk` LIMIT 3
		   24 Query	DELETE LOW_PRIORITY FROM `table10_innodb_key_pk_parts_2_int_autoinc` ORDER BY `col_char_12`,`col_char_12_key`,`col_int`,`col_int_key`,`pk` LIMIT 4
		   24 Query	INSERT LOW_PRIORITY IGNORE INTO `table2_innodb_key_pk_parts_2_int_autoinc` (`pk`) VALUES (NULL)
		   24 Query	DELETE LOW_PRIORITY FROM `table0_innodb_int_autoinc` WHERE `col_char_12_key` = 43 ORDER BY `col_char_12`,`col_char_12_key`,`col_int`,`col_int_key`,`pk` LIMIT 2
		   24 Query	SELECT ( SELECT `pk` FROM `table1_innodb_key_pk_parts_2_int_autoinc` WHERE `pk` = 'e' ) FROM `table1_innodb_key_pk_parts_2_int_autoinc` AS X WHERE X.`col_char_12_key` < 2887122944 LIMIT 6 LOCK IN SHARE MODE
		   24 Query	SELECT X.`pk` FROM `table2_innodb_key_pk_parts_2_int_autoinc` AS X LEFT JOIN `table1_innodb_int_autoinc` AS Y USING ( `col_char_12_key` ) WHERE X.`pk` IN ( 2, 1, 2359689216, 'f', 'h' ) LIMIT 6
		   23 Query	SHOW WARNINGS
		   11 Query	SHOW WARNINGS
		   13 Query	SHOW WARNINGS
		   21 Query	SHOW WARNINGS
		   11 Query	DELETE LOW_PRIORITY QUICK IGNORE FROM `table100_innodb_key_pk_parts_2_int_autoinc` WHERE `pk` IN ( 'k', 3858759680, 8, 7, 'q' ) ORDER BY `col_char_12`,`col_char_12_key`,`col_int`,`col_int_key`,`pk` LIMIT 4
		   21 Query	DELETE LOW_PRIORITY QUICK FROM `table0_innodb_key_pk_parts_2_int_autoinc` WHERE `col_char_12_key` IN ( SELECT `col_int_key` FROM `table2_innodb_int_autoinc` WHERE `pk` = 'r' ) ORDER BY `col_char_12`,`col_char_12_key`,`col_int`,`col_int_key`,`pk` LIMIT 4
		   16 Query	SHOW WARNINGS
		   13 Query	DELETE LOW_PRIORITY IGNORE FROM `table2_innodb_key_pk_parts_2_int_autoinc` WHERE `col_int_key` = 6 ORDER BY `col_char_12`,`col_char_12_key`,`col_int`,`col_int_key`,`pk` LIMIT 4
		   12 Query	SHOW WARNINGS
		   16 Query	UPDATE LOW_PRIORITY IGNORE `table0_innodb_key_pk_parts_2_int_autoinc` AS X SET `col_int` = 156 ORDER BY `col_char_12`,`col_char_12_key`,`col_int`,`col_int_key`,`pk` LIMIT 5
		   23 Query	INSERT LOW_PRIORITY IGNORE INTO `table2_innodb_int_autoinc` ( `col_char_12_key` ) SELECT `col_int_key` FROM `table1_innodb_key_pk_parts_2_int_autoinc` AS X WHERE X.`col_int_key` = ( SELECT `col_int_key` FROM `table100_innodb_int_autoinc` WHERE `pk` = 3133276160 ) ORDER BY `col_char_12`,`col_char_12_key`,`col_int`,`col_int_key`,`pk` LIMIT 7
		   12 Query	UPDATE LOW_PRIORITY `table1_innodb_int_autoinc` AS X SET `col_int` = 1590493184 WHERE X.`col_int_key` = ( SELECT `col_char_12_key` FROM `table2_innodb_key_pk_parts_2_int_autoinc` WHERE `pk` = 3814785024 ) ORDER BY `col_char_12`,`col_char_12_key`,`col_int`,`col_int_key`,`pk` LIMIT 6
		   12 Query	SELECT X.`pk` FROM `table2_innodb_int_autoinc` AS X WHERE X.`pk` BETWEEN 3 AND 8 LIMIT 8 FOR UPDATE
		   12 Query	DELETE LOW_PRIORITY FROM `table100_innodb_key_pk_parts_2_int_autoinc` WHERE `col_int_key` = 2459697152 ORDER BY `col_char_12`,`col_char_12_key`,`col_int`,`col_int_key`,`pk` LIMIT 1
		   24 Query	SELECT X.`pk` FROM `table0_innodb_key_pk_parts_2_int_autoinc` AS X WHERE X.`col_int_key` = ( SELECT `col_int_key` FROM `table100_innodb_int_autoinc` WHERE `pk` = 'e' ) LIMIT 5
		   14 Query	LOCK TABLE `create_or_replace_tmp` WRITE, `table1_innodb_int_autoinc` READ
		   14 Query	CREATE OR REPLACE TABLE `create_or_replace_tmp` LIKE `table1_innodb_key_pk_parts_2_int_autoinc`
		   24 Query	DELETE LOW_PRIORITY QUICK IGNORE FROM `table100_innodb_int_autoinc` WHERE `col_int_key` BETWEEN 1 AND 5 ORDER BY `col_char_12`,`col_char_12_key`,`col_int`,`col_int_key`,`pk` LIMIT 2
		   14 Query	INSERT INTO `create_or_replace_tmp` SELECT * FROM `table0_innodb_int_autoinc`
		   14 Query	UNLOCK TABLES
		   24 Query	DELETE LOW_PRIORITY FROM `table0_innodb_int_autoinc` WHERE `col_char_12_key` = 'a' ORDER BY `col_char_12`,`col_char_12_key`,`col_int`,`col_int_key`,`pk` LIMIT 2
		   14 Query	FLUSH TABLE table100_innodb_int_autoinc FOR EXPORT
		   23 Query	SHOW WARNINGS
		   11 Query	SHOW WARNINGS
		   13 Query	SHOW WARNINGS
		   23 Query	DELETE LOW_PRIORITY QUICK FROM `table100_innodb_int_autoinc` WHERE `pk` BETWEEN 4 AND 7 ORDER BY `col_char_12`,`col_char_12_key`,`col_int`,`col_int_key`,`pk` LIMIT 1
		   12 Query	SHOW WARNINGS
		   13 Query	UPDATE LOW_PRIORITY `table2_innodb_int_autoinc` AS X SET `col_int` = 2 WHERE X.`pk` < 0 ORDER BY `col_char_12`,`col_char_12_key`,`col_int`,`col_int_key`,`pk` LIMIT 8
		   11 Query	SELECT ( SELECT `pk` FROM `table1_innodb_int_autoinc` WHERE `pk` = 236 ) FROM `table1_innodb_key_pk_parts_2_int_autoinc` AS X LEFT JOIN `table2_innodb_key_pk_parts_2_int_autoinc` AS Y USING ( `pk` ) WHERE X.`col_char_12_key` < 'i' LIMIT 6 FOR UPDATE
		   12 Query	UPDATE LOW_PRIORITY IGNORE `table10_innodb_key_pk_parts_2_int_autoinc` AS X SET `col_char_12_key` = 137 WHERE X.`col_char_12_key` < 3226664960 ORDER BY `col_char_12`,`col_char_12_key`,`col_int`,`col_int_key`,`pk` LIMIT 5
		   26 Query	SHOW WARNINGS
		   26 Query	DELETE LOW_PRIORITY QUICK IGNORE FROM `table0_innodb_int_autoinc` ORDER BY `col_char_12`,`col_char_12_key`,`col_int`,`col_int_key`,`pk` LIMIT 2
		   19 Query	SHOW WARNINGS
		   19 Query	INSERT LOW_PRIORITY INTO `table0_innodb_int_autoinc` ( `col_int_key` ) SELECT `pk` FROM `table2_innodb_key_pk_parts_2_int_autoinc` AS X WHERE X.`col_char_12_key` < 9 ORDER BY `col_char_12`,`col_char_12_key`,`col_int`,`col_int_key`,`pk` LIMIT 6
		   14 Query	UNLOCK TABLES
		   14 Query	SELECT ID INTO @thread_id FROM INFORMATION_SCHEMA.PROCESSLIST ORDER BY RAND() LIMIT 1
		   14 Query	EXECUTE show_expl_stmt USING @thread_id
		   14 Query	SELECT ID INTO @thread_id FROM INFORMATION_SCHEMA.PROCESSLIST ORDER BY RAND() LIMIT 1
		   14 Query	EXECUTE show_expl_stmt USING @thread_id
150425  6:41:44	   17 Query	UNLOCK TABLES
		   17 Query	FLUSH TABLE table1_innodb_int_autoinc FOR EXPORT
		   25 Query	SELECT X.`col_char_12_key` FROM `table0_innodb_key_pk_parts_2_int_autoinc` AS X LEFT JOIN `table0_innodb_int_autoinc` AS Y USING ( `col_char_12_key` ) WHERE X.`col_int_key` IN ( 168, 'n', 4077846528, 61, 962658304 ) LIMIT 7
		   18 Query	UPDATE LOW_PRIORITY IGNORE `table10_innodb_int_autoinc` AS X SET `col_int_key` = 'y' WHERE X.`col_char_12_key` IN ( 955318272, 3088318464, 'q', 85655552, 9 ) ORDER BY `col_char_12`,`col_char_12_key`,`col_int`,`col_int_key`,`pk` LIMIT 7
		   25 Query	DELETE LOW_PRIORITY QUICK IGNORE FROM `table2_innodb_key_pk_parts_2_int_autoinc` WHERE `pk` IN ( SELECT `pk` FROM `table2_innodb_int_autoinc` WHERE `pk` = 1 ) ORDER BY `col_char_12`,`col_char_12_key`,`col_int`,`col_int_key`,`pk` LIMIT 4
		   24 Query	SELECT ( SELECT `col_int_key` FROM `table1_innodb_key_pk_parts_2_int_autoinc` WHERE `pk` = 'i' ) FROM `table10_innodb_int_autoinc` AS X WHERE X.`pk` = ( SELECT `col_int_key` FROM `table0_innodb_int_autoinc` WHERE `pk` = 2 ) LIMIT 5
		   24 Query	DELETE LOW_PRIORITY FROM `table0_innodb_int_autoinc` WHERE `col_char_12_key` IN ( 4047765504, 'w', 'g', 37, 6 ) ORDER BY `col_char_12`,`col_char_12_key`,`col_int`,`col_int_key`,`pk` LIMIT 1
		   24 Query	DELETE LOW_PRIORITY QUICK IGNORE FROM `table2_innodb_key_pk_parts_2_int_autoinc` ORDER BY `col_char_12`,`col_char_12_key`,`col_int`,`col_int_key`,`pk` LIMIT 3
		   24 Query	SELECT X.`col_char_12_key` FROM `table1_innodb_key_pk_parts_2_int_autoinc` AS X WHERE X.`col_char_12_key` BETWEEN 1 AND 8 LIMIT 7
		   24 Query	DELETE LOW_PRIORITY FROM `table2_innodb_key_pk_parts_2_int_autoinc` WHERE `pk` IN ( SELECT `col_int_key` FROM `table2_innodb_key_pk_parts_2_int_autoinc` WHERE `pk` = 2379874304 ) ORDER BY `col_char_12`,`col_char_12_key`,`col_int`,`col_int_key`,`pk` LIMIT 2
		   24 Query	SHOW WARNINGS
		   24 Query	DELETE LOW_PRIORITY QUICK IGNORE FROM `table100_innodb_int_autoinc` WHERE `col_int_key` BETWEEN 3 AND 8 ORDER BY `col_char_12`,`col_char_12_key`,`col_int`,`col_int_key`,`pk` LIMIT 4
		   12 Query	SHOW WARNINGS
		   16 Query	SHOW WARNINGS
		   23 Query	SHOW WARNINGS
		   12 Query	SELECT ( SELECT `pk` FROM `table100_innodb_key_pk_parts_2_int_autoinc` WHERE `pk` = 'j' ) FROM `table1_innodb_key_pk_parts_2_int_autoinc` AS X LEFT JOIN `table1_innodb_key_pk_parts_2_int_autoinc` AS Y USING ( `col_int_key` ) WHERE X.`pk` = ( SELECT `col_int_key` FROM `table10_innodb_key_pk_parts_2_int_autoinc` WHERE `pk` = 69 ) LIMIT 8
		   13 Query	SHOW WARNINGS
		   18 Query	SHOW WARNINGS
		   14 Execute	SHOW EXPLAIN FOR 13
		   20 Query	SHOW WARNINGS
		   23 Query	REPLACE LOW_PRIORITY INTO `table100_innodb_key_pk_parts_2_int_autoinc` ( `col_char_12`, `col_char_12` ) VALUES ( 110, 58 ), ( 3502768128, 3 )
		   20 Query	INSERT LOW_PRIORITY IGNORE INTO `table10_innodb_key_pk_parts_2_int_autoinc` ( `col_int`, `col_int_key` ) VALUES ( 1857617920, 0 ), ( 'o', 2897936384 )
		   23 Query	UPDATE LOW_PRIORITY `table10_innodb_key_pk_parts_2_int_autoinc` AS X SET `col_char_12` = 3843883008 WHERE X.`col_char_12_key` BETWEEN 3 AND 7 ORDER BY `col_char_12`,`col_char_12_key`,`col_int`,`col_int_key`,`pk` LIMIT 6
		   12 Query	DELETE LOW_PRIORITY IGNORE FROM `table2_innodb_key_pk_parts_2_int_autoinc` WHERE `col_int_key` = 8 ORDER BY `col_char_12`,`col_char_12_key`,`col_int`,`col_int_key`,`pk` LIMIT 1
		   13 Query	UPDATE LOW_PRIORITY IGNORE `table0_innodb_key_pk_parts_2_int_autoinc` AS X SET `col_int` = 394592256 WHERE X.`pk` < 195 ORDER BY `col_char_12`,`col_char_12_key`,`col_int`,`col_int_key`,`pk` LIMIT 8
		   21 Query	SHOW WARNINGS
		   18 Query	DELETE LOW_PRIORITY QUICK FROM `table100_innodb_int_autoinc` WHERE `pk` BETWEEN 2 AND 5 ORDER BY `col_char_12`,`col_char_12_key`,`col_int`,`col_int_key`,`pk` LIMIT 3
		   21 Query	UPDATE LOW_PRIORITY `table2_innodb_int_autoinc` AS X SET `col_char_12` = 222 WHERE X.`col_char_12_key` IN ( 27, 18, 0, 101, 139 ) ORDER BY `col_char_12`,`col_char_12_key`,`col_int`,`col_int_key`,`pk` LIMIT 8
		   16 Query	UPDATE LOW_PRIORITY `table10_innodb_key_pk_parts_2_int_autoinc` AS X SET `col_int` = 'g' WHERE X.`pk` IN ( 3440836608, 179, 3, 1162280960, 'h' ) ORDER BY `col_char_12`,`col_char_12_key`,`col_int`,`col_int_key`,`pk` LIMIT 6
		   14 Query	SHOW WARNINGS
		   14 Query	EXPLAIN UPDATE LOW_PRIORITY `table10_innodb_int_autoinc` AS X SET `col_int_key` = 2698772480 WHERE X.`col_char_12_key` IN ( 44, 6, 55, 61, 2174353408 ) ORDER BY `col_char_12`,`col_char_12_key`,`col_int`,`col_int_key`,`pk` LIMIT 7
		   24 Query	UPDATE LOW_PRIORITY IGNORE `table100_innodb_int_autoinc` AS X SET `col_int_key` = 6 WHERE X.`pk` = ( SELECT `col_char_12_key` FROM `table0_innodb_key_pk_parts_2_int_autoinc` WHERE `pk` = 'j' ) ORDER BY `col_char_12`,`col_char_12_key`,`col_int`,`col_int_key`,`pk` LIMIT 8
		   14 Query	EXPLAIN EXTENDED DELETE LOW_PRIORITY IGNORE FROM `table100_innodb_int_autoinc` WHERE `col_char_12_key` IN ( 632750080, 1694498816, 11, 198, 'h' ) ORDER BY `col_char_12`,`col_char_12_key`,`col_int`,`col_int_key`,`pk` LIMIT 4
		   24 Query	DELETE LOW_PRIORITY FROM `table0_innodb_int_autoinc` WHERE `col_int_key` = 150 ORDER BY `col_char_12`,`col_char_12_key`,`col_int`,`col_int_key`,`pk` LIMIT 3
		   14 Query	SELECT ID INTO @thread_id FROM INFORMATION_SCHEMA.PROCESSLIST ORDER BY RAND() LIMIT 1
		   24 Query	DELETE LOW_PRIORITY IGNORE FROM `table100_innodb_key_pk_parts_2_int_autoinc` WHERE `col_char_12_key` IN ( SELECT `pk` FROM `table2_innodb_int_autoinc` WHERE `pk` = 166 ) ORDER BY `col_char_12`,`col_char_12_key`,`col_int`,`col_int_key`,`pk` LIMIT 3
		   14 Query	EXECUTE show_expl_stmt USING @thread_id
		   24 Query	DELETE LOW_PRIORITY FROM `table1_innodb_int_autoinc` WHERE `col_int_key` IN ( SELECT `col_char_12_key` FROM `table100_innodb_key_pk_parts_2_int_autoinc` WHERE `pk` = 'u' ) ORDER BY `col_char_12`,`col_char_12_key`,`col_int`,`col_int_key`,`pk` LIMIT 4
		   14 Query	CREATE OR REPLACE TABLE `create_or_replace_tmp` AS SELECT * FROM `table2_innodb_int_autoinc`
		   18 Query	SHOW WARNINGS
		   19 Query	SHOW WARNINGS
		   18 Query	UPDATE LOW_PRIORITY `table1_innodb_int_autoinc` AS X SET `col_int` = 5 WHERE X.`col_int_key` BETWEEN 48 AND 2435121152 ORDER BY `col_char_12`,`col_char_12_key`,`col_int`,`col_int_key`,`pk` LIMIT 5
		   19 Query	INSERT LOW_PRIORITY IGNORE INTO `table10_innodb_key_pk_parts_2_int_autoinc` ( `col_char_12_key`, `col_int_key` ) VALUES ( 'y', 'y' ), ( 73, 453050368 )
		   26 Query	SHOW WARNINGS
		   26 Query	INSERT LOW_PRIORITY IGNORE INTO `table100_innodb_key_pk_parts_2_int_autoinc` (`pk`) VALUES (NULL)
		   26 Query	UPDATE LOW_PRIORITY IGNORE `table2_innodb_int_autoinc` AS X SET `col_int_key` = 0 WHERE X.`col_int_key` BETWEEN 1 AND 6 ORDER BY `col_char_12`,`col_char_12_key`,`col_int`,`col_int_key`,`pk` LIMIT 7
		   20 Query	SHOW WARNINGS
		   21 Query	SHOW WARNINGS
		   20 Query	DELETE LOW_PRIORITY FROM `table2_innodb_int_autoinc` WHERE `col_char_12_key` IN ( 57, 'j', 'e', 123, 694484992 ) ORDER BY `col_char_12`,`col_char_12_key`,`col_int`,`col_int_key`,`pk` LIMIT 1
		   21 Query	UPDATE LOW_PRIORITY `table1_innodb_key_pk_parts_2_int_autoinc` AS X SET `col_int_key` = 3634167808 WHERE X.`pk` = ( SELECT `pk` FROM `table1_innodb_int_autoinc` WHERE `pk` = 220 ) ORDER BY `col_char_12`,`col_char_12_key`,`col_int`,`col_int_key`,`pk` LIMIT 6
		   22 Query	SHOW WARNINGS
		   22 Query	INSERT LOW_PRIORITY INTO `table10_innodb_key_pk_parts_2_int_autoinc` ( `col_char_12_key` ) SELECT `pk` FROM `table1_innodb_key_pk_parts_2_int_autoinc` AS X WHERE X.`pk` BETWEEN 171 AND 1933705216 ORDER BY `col_char_12`,`col_char_12_key`,`col_int`,`col_int_key`,`pk` LIMIT 8
		   26 Query	SHOW WARNINGS
		   21 Query	UPDATE LOW_PRIORITY IGNORE `table100_innodb_key_pk_parts_2_int_autoinc` AS X SET `col_char_12_key` = 'w' ORDER BY `col_char_12`,`col_char_12_key`,`col_int`,`col_int_key`,`pk` LIMIT 5
		   26 Query	ROLLBACK TO SAVEPOINT A
		   26 Query	UPDATE LOW_PRIORITY `table0_innodb_key_pk_parts_2_int_autoinc` AS X SET `col_char_12_key` = 1258356736 ORDER BY `col_char_12`,`col_char_12_key`,`col_int`,`col_int_key`,`pk` LIMIT 6
		   22 Query	SHOW WARNINGS
		   12 Query	SHOW WARNINGS
		   22 Query	SELECT X.`col_int_key` FROM `table10_innodb_key_pk_parts_2_int_autoinc` AS X WHERE X.`pk` < 3808952320 LIMIT 5 FOR UPDATE
		   12 Query	DELETE LOW_PRIORITY FROM `table1_innodb_key_pk_parts_2_int_autoinc` WHERE `pk` IN ( 247005184, 5, 141, 7, 4 ) ORDER BY `col_char_12`,`col_char_12_key`,`col_int`,`col_int_key`,`pk` LIMIT 2
		   23 Query	SHOW WARNINGS
		   15 Query	SHOW WARNINGS
		   25 Query	SHOW WARNINGS
		   23 Query	UPDATE LOW_PRIORITY `table1_innodb_int_autoinc` AS X SET `col_char_12` = 90 WHERE X.`col_int_key` BETWEEN 220 AND 486998016 ORDER BY `col_char_12`,`col_char_12_key`,`col_int`,`col_int_key`,`pk` LIMIT 5
		   12 Query	SHOW WARNINGS
		   15 Query	SELECT X.`col_char_12_key` FROM `table1_innodb_int_autoinc` AS X LEFT JOIN `table1_innodb_key_pk_parts_2_int_autoinc` AS Y USING ( `pk` ) WHERE X.`col_char_12_key` IN ( 'c', 1, 3151888384, 8, 1073348608 ) LIMIT 7
		   25 Query	UPDATE LOW_PRIORITY `table100_innodb_int_autoinc` AS X SET `col_int` = 1693122560 WHERE X.`col_char_12_key` BETWEEN 4 AND 8 ORDER BY `col_char_12`,`col_char_12_key`,`col_int`,`col_int_key`,`pk` LIMIT 5
		   12 Query	INSERT LOW_PRIORITY IGNORE INTO `table10_innodb_int_autoinc` ( `col_char_12_key` ) SELECT `col_char_12_key` FROM `table2_innodb_key_pk_parts_2_int_autoinc` AS X WHERE X.`col_int_key` IN ( 3956015104, 4, 7, 403505152, 3691577344 ) ORDER BY `col_char_12`,`col_char_12_key`,`col_int`,`col_int_key`,`pk` LIMIT 8
		   22 Query	SELECT X.`col_char_12_key` FROM `table2_innodb_int_autoinc` AS X LEFT JOIN `table2_innodb_int_autoinc` AS Y USING ( `col_char_12_key` ) WHERE X.`col_int_key` < 204 LIMIT 8
		   12 Query	SHOW WARNINGS
		   17 Query	UNLOCK TABLES
		   17 Query	SELECT ID INTO @thread_id FROM INFORMATION_SCHEMA.PROCESSLIST ORDER BY RAND() LIMIT 1
		   12 Query	UPDATE LOW_PRIORITY IGNORE `table10_innodb_key_pk_parts_2_int_autoinc` AS X SET `col_char_12` = 134 WHERE X.`pk` BETWEEN 122 AND 1404633088 ORDER BY `col_char_12`,`col_char_12_key`,`col_int`,`col_int_key`,`pk` LIMIT 8
		   24 Query	INSERT LOW_PRIORITY IGNORE INTO `table1_innodb_int_autoinc` ( `col_int` ) SELECT `pk` FROM `table0_innodb_key_pk_parts_2_int_autoinc` AS X WHERE X.`pk` BETWEEN 1 AND 8 ORDER BY `col_char_12`,`col_char_12_key`,`col_int`,`col_int_key`,`pk` LIMIT 6
		   16 Query	SHOW WARNINGS
		   16 Query	DELETE LOW_PRIORITY FROM `table1_innodb_int_autoinc` WHERE `pk` IN ( 3178823680, 7, 6, 1, 3821076480 ) ORDER BY `col_char_12`,`col_char_12_key`,`col_int`,`col_int_key`,`pk` LIMIT 2
		   17 Query	EXECUTE show_expl_stmt USING @thread_id
		   22 Query	UPDATE LOW_PRIORITY `table100_innodb_key_pk_parts_2_int_autoinc` AS X SET `col_char_12` = 1836515328 WHERE X.`col_int_key` BETWEEN 101 AND 73531392 ORDER BY `col_char_12`,`col_char_12_key`,`col_int`,`col_int_key`,`pk` LIMIT 5
		   24 Query	SELECT X.`pk` FROM `table0_innodb_int_autoinc` AS X WHERE X.`col_int_key` = ( SELECT `col_char_12_key` FROM `table1_innodb_int_autoinc` WHERE `pk` = 202 ) LIMIT 6 FOR UPDATE
		   17 Query	CREATE OR REPLACE TABLE `create_or_replace_tmp` LIKE `table0_innodb_key_pk_parts_2_int_autoinc`
		   15 Query	DELETE LOW_PRIORITY QUICK FROM `table1_innodb_key_pk_parts_2_int_autoinc` ORDER BY `col_char_12`,`col_char_12_key`,`col_int`,`col_int_key`,`pk` LIMIT 3
		   24 Query	UPDATE LOW_PRIORITY IGNORE `table10_innodb_key_pk_parts_2_int_autoinc` AS X SET `col_char_12` = 9 WHERE X.`col_char_12_key` IN ( 1133117440, 'f', 981467136, 64, 0 ) ORDER BY `col_char_12`,`col_char_12_key`,`col_int`,`col_int_key`,`pk` LIMIT 5
		   24 Query	UPDATE LOW_PRIORITY IGNORE `table1_innodb_int_autoinc` AS X SET `col_int` = 191 WHERE X.`col_char_12_key` IN ( 'y', 32, 3, 1830092800, 2424569856 ) ORDER BY `col_char_12`,`col_char_12_key`,`col_int`,`col_int_key`,`pk` LIMIT 7
		   24 Query	UPDATE LOW_PRIORITY IGNORE `table1_innodb_int_autoinc` AS X SET `col_int` = 152 WHERE X.`pk` BETWEEN 143 AND 56426496 ORDER BY `col_char_12`,`col_char_12_key`,`col_int`,`col_int_key`,`pk` LIMIT 5
		   24 Query	ROLLBACK TO SAVEPOINT A
		   24 Query	UPDATE LOW_PRIORITY IGNORE `table0_innodb_key_pk_parts_2_int_autoinc` AS X SET `col_int` = 's' WHERE X.`col_char_12_key` < 'd' ORDER BY `col_char_12`,`col_char_12_key`,`col_int`,`col_int_key`,`pk` LIMIT 6
		   24 Query	SELECT X.`col_int_key` FROM `table2_innodb_int_autoinc` AS X LEFT JOIN `table0_innodb_int_autoinc` AS Y USING ( `col_char_12_key` ) WHERE X.`col_char_12_key` IN ( 7, 'f', 4138663936, 2361851904, 'j' ) LIMIT 5 FOR UPDATE
		   24 Query	ROLLBACK TO SAVEPOINT A
		   24 Query	REPLACE LOW_PRIORITY INTO `table2_innodb_int_autoinc` (`pk`) VALUES (NULL)
		   24 Query	DELETE LOW_PRIORITY QUICK FROM `table0_innodb_key_pk_parts_2_int_autoinc` ORDER BY `col_char_12`,`col_char_12_key`,`col_int`,`col_int_key`,`pk` LIMIT 3
		   24 Query	SELECT X.`col_char_12_key` FROM `table10_innodb_int_autoinc` AS X WHERE X.`pk` BETWEEN 1 AND 5 LIMIT 5
		   24 Query	REPLACE LOW_PRIORITY INTO `table100_innodb_key_pk_parts_2_int_autoinc` ( `col_int` ) SELECT `pk` FROM `table10_innodb_key_pk_parts_2_int_autoinc` AS X WHERE X.`col_int_key` < 'r' ORDER BY `col_char_12`,`col_char_12_key`,`col_int`,`col_int_key`,`pk` LIMIT 5
		   24 Query	INSERT LOW_PRIORITY INTO `table0_innodb_int_autoinc` ( `col_int_key`, `col_int_key` ) VALUES ( 7, 2336555008 ), ( 56819712, 4 )
		   24 Query	UPDATE LOW_PRIORITY IGNORE `table10_innodb_int_autoinc` AS X SET `col_int_key` = 101 WHERE X.`pk` BETWEEN 4 AND 7 ORDER BY `col_char_12`,`col_char_12_key`,`col_int`,`col_int_key`,`pk` LIMIT 7
		   24 Query	INSERT LOW_PRIORITY IGNORE INTO `table1_innodb_key_pk_parts_2_int_autoinc` ( `col_char_12_key` ) SELECT `col_char_12_key` FROM `table2_innodb_key_pk_parts_2_int_autoinc` AS X WHERE X.`col_int_key` < 's' ORDER BY `col_char_12`,`col_char_12_key`,`col_int`,`col_int_key`,`pk` LIMIT 7
		   24 Query	DELETE LOW_PRIORITY QUICK FROM `table1_innodb_key_pk_parts_2_int_autoinc` WHERE `pk` = 49 ORDER BY `col_char_12`,`col_char_12_key`,`col_int`,`col_int_key`,`pk` LIMIT 1
		   24 Query	COMMIT
		   24 Query	SET TRANSACTION ISOLATION LEVEL READ COMMITTED
		   24 Query	DELETE LOW_PRIORITY IGNORE FROM `table10_innodb_int_autoinc` WHERE `col_int_key` IN ( 8, 103, 130, 151, 199 ) ORDER BY `col_char_12`,`col_char_12_key`,`col_int`,`col_int_key`,`pk` LIMIT 1
		   24 Query	REPLACE LOW_PRIORITY INTO `table2_innodb_key_pk_parts_2_int_autoinc` (`pk`) VALUES (NULL)
		   24 Query	INSERT LOW_PRIORITY IGNORE INTO `table1_innodb_int_autoinc` ( `col_char_12` ) SELECT `col_char_12_key` FROM `table100_innodb_int_autoinc` AS X ORDER BY `col_char_12`,`col_char_12_key`,`col_int`,`col_int_key`,`pk` LIMIT 5
		   24 Query	DELETE LOW_PRIORITY FROM `table1_innodb_int_autoinc` WHERE `pk` IN ( 1, 11, 4, 4, 5 ) ORDER BY `col_char_12`,`col_char_12_key`,`col_int`,`col_int_key`,`pk` LIMIT 2
		   24 Query	INSERT LOW_PRIORITY INTO `table1_innodb_key_pk_parts_2_int_autoinc` ( `col_char_12` ) SELECT `pk` FROM `table0_innodb_key_pk_parts_2_int_autoinc` AS X WHERE X.`pk` < 'v' ORDER BY `col_char_12`,`col_char_12_key`,`col_int`,`col_int_key`,`pk` LIMIT 6
		   24 Query	DELETE LOW_PRIORITY QUICK FROM `table0_innodb_key_pk_parts_2_int_autoinc` ORDER BY `col_char_12`,`col_char_12_key`,`col_int`,`col_int_key`,`pk` LIMIT 4
		   24 Query	INSERT LOW_PRIORITY INTO `table1_innodb_int_autoinc` ( `col_char_12_key`, `col_int_key` ) VALUES ( 'p', 109 ), ( 9, 231 )
		   16 Query	SHOW WARNINGS
		   24 Query	UPDATE LOW_PRIORITY IGNORE `table1_innodb_key_pk_parts_2_int_autoinc` AS X SET `col_char_12_key` = 2211643392 WHERE X.`pk` < 48 ORDER BY `col_char_12`,`col_char_12_key`,`col_int`,`col_int_key`,`pk` LIMIT 6
		   19 Query	SHOW WARNINGS
		   23 Query	SHOW WARNINGS
		   16 Query	UPDATE LOW_PRIORITY `table2_innodb_int_autoinc` AS X SET `col_char_12` = 5 WHERE X.`col_char_12_key` < 's' ORDER BY `col_char_12`,`col_char_12_key`,`col_int`,`col_int_key`,`pk` LIMIT 7
		   19 Query	REPLACE LOW_PRIORITY INTO `table10_innodb_int_autoinc` ( `col_int` ) SELECT `pk` FROM `table0_innodb_key_pk_parts_2_int_autoinc` AS X WHERE X.`pk` BETWEEN 237 AND 2938830848 ORDER BY `col_char_12`,`col_char_12_key`,`col_int`,`col_int_key`,`pk` LIMIT 8
		   23 Query	DELETE LOW_PRIORITY IGNORE FROM `table2_innodb_key_pk_parts_2_int_autoinc` WHERE `pk` IN ( SELECT `pk` FROM `table1_innodb_int_autoinc` WHERE `pk` = 'q' ) ORDER BY `col_char_12`,`col_char_12_key`,`col_int`,`col_int_key`,`pk` LIMIT 3
		   25 Query	SHOW WARNINGS
		   13 Query	SHOW WARNINGS
		   26 Query	SHOW WARNINGS
		   24 Query	REPLACE LOW_PRIORITY INTO `table100_innodb_key_pk_parts_2_int_autoinc` ( `col_int`, `col_char_12_key` ) VALUES ( 44, 2027618304 ), ( 'b', 895287296 )
		   13 Query	DELETE LOW_PRIORITY FROM `table2_innodb_key_pk_parts_2_int_autoinc` WHERE `pk` = 3 ORDER BY `col_char_12`,`col_char_12_key`,`col_int`,`col_int_key`,`pk` LIMIT 4
		   26 Query	DELETE LOW_PRIORITY IGNORE FROM `table10_innodb_int_autoinc` WHERE `col_int_key` BETWEEN 3 AND 6 ORDER BY `col_char_12`,`col_char_12_key`,`col_int`,`col_int_key`,`pk` LIMIT 1
		   25 Query	UPDATE LOW_PRIORITY IGNORE `table0_innodb_int_autoinc` AS X SET `col_char_12_key` = 'u' WHERE X.`col_int_key` = ( SELECT `pk` FROM `table1_innodb_key_pk_parts_2_int_autoinc` WHERE `pk` = 1774059520 ) ORDER BY `col_char_12`,`col_char_12_key`,`col_int`,`col_int_key`,`pk` LIMIT 8
		   24 Query	UPDATE LOW_PRIORITY IGNORE `table0_innodb_int_autoinc` AS X SET `col_char_12` = 224 WHERE X.`pk` BETWEEN 212 AND 3857252352 ORDER BY `col_char_12`,`col_char_12_key`,`col_int`,`col_int_key`,`pk` LIMIT 7
		   26 Query	SHOW WARNINGS
		   25 Query	DELETE LOW_PRIORITY QUICK IGNORE FROM `table2_innodb_int_autoinc` WHERE `col_int_key` BETWEEN 4 AND 5 ORDER BY `col_char_12`,`col_char_12_key`,`col_int`,`col_int_key`,`pk` LIMIT 4
		   26 Query	UPDATE LOW_PRIORITY `table100_innodb_int_autoinc` AS X SET `col_char_12_key` = 2 ORDER BY `col_char_12`,`col_char_12_key`,`col_int`,`col_int_key`,`pk` LIMIT 7
		   24 Query	DELETE LOW_PRIORITY IGNORE FROM `table2_innodb_key_pk_parts_2_int_autoinc` WHERE `pk` IN ( 'i', 3, 189, 3699113984, 436469760 ) ORDER BY `col_char_12`,`col_char_12_key`,`col_int`,`col_int_key`,`pk` LIMIT 2
		   24 Query	REPLACE LOW_PRIORITY INTO `table2_innodb_key_pk_parts_2_int_autoinc` ( `col_char_12_key` ) SELECT `col_char_12_key` FROM `table1_innodb_int_autoinc` AS X WHERE X.`col_int_key` < 3899588608 ORDER BY `col_char_12`,`col_char_12_key`,`col_int`,`col_int_key`,`pk` LIMIT 7
		   24 Query	DELETE LOW_PRIORITY IGNORE FROM `table0_innodb_key_pk_parts_2_int_autoinc` ORDER BY `col_char_12`,`col_char_12_key`,`col_int`,`col_int_key`,`pk` LIMIT 3
		   24 Query	SELECT X.`pk` FROM `table10_innodb_int_autoinc` AS X WHERE X.`col_int_key` IN ( 'u', 'l', 3739484160, 8, 4190175232 ) LIMIT 6
		   26 Query	SHOW WARNINGS
		   24 Query	DELETE LOW_PRIORITY FROM `table100_innodb_key_pk_parts_2_int_autoinc` WHERE `pk` IN ( 6, 'u', 2315452416, 'y', 'o' ) ORDER BY `col_char_12`,`col_char_12_key`,`col_int`,`col_int_key`,`pk` LIMIT 1
		   26 Query	DELETE LOW_PRIORITY QUICK IGNORE FROM `table1_innodb_key_pk_parts_2_int_autoinc` ORDER BY `col_char_12`,`col_char_12_key`,`col_int`,`col_int_key`,`pk` LIMIT 2
		   24 Query	SHOW WARNINGS
		   24 Query	INSERT LOW_PRIORITY IGNORE INTO `table0_innodb_key_pk_parts_2_int_autoinc` ( `col_int_key`, `col_char_12` ) VALUES ( 233, 7 ), ( 4181590016, 121 )
		   26 Query	SHOW WARNINGS
		   24 Query	UPDATE LOW_PRIORITY `table2_innodb_key_pk_parts_2_int_autoinc` AS X SET `col_int_key` = 'g' WHERE X.`pk` IN ( 0, 'f', 'x', 'e', 176 ) ORDER BY `col_char_12`,`col_char_12_key`,`col_int`,`col_int_key`,`pk` LIMIT 5
		   26 Query	INSERT LOW_PRIORITY INTO `table1_innodb_int_autoinc` ( `col_char_12_key` ) SELECT `col_int_key` FROM `table2_innodb_int_autoinc` AS X WHERE X.`col_char_12_key` BETWEEN 150 AND 4037345280 ORDER BY `col_char_12`,`col_char_12_key`,`col_int`,`col_int_key`,`pk` LIMIT 8
		   24 Query	UPDATE LOW_PRIORITY IGNORE `table100_innodb_int_autoinc` AS X SET `col_char_12_key` = 3 WHERE X.`pk` BETWEEN 83 AND 4059889664 ORDER BY `col_char_12`,`col_char_12_key`,`col_int`,`col_int_key`,`pk` LIMIT 5
		   24 Query	UPDATE LOW_PRIORITY IGNORE `table2_innodb_int_autoinc` AS X SET `col_int` = 2268987392 ORDER BY `col_char_12`,`col_char_12_key`,`col_int`,`col_int_key`,`pk` LIMIT 6
150425  6:41:45	   24 Query	REPLACE LOW_PRIORITY INTO `table2_innodb_key_pk_parts_2_int_autoinc` ( `col_int_key`, `col_char_12_key` ) VALUES ( 9, 160956416 ), ( 1972371456, 295436288 )
		   20 Query	DELETE LOW_PRIORITY IGNORE FROM `table0_innodb_int_autoinc` WHERE `col_char_12_key` = 3 ORDER BY `col_char_12`,`col_char_12_key`,`col_int`,`col_int_key`,`pk` LIMIT 4
		   16 Query	INSERT LOW_PRIORITY INTO `table2_innodb_key_pk_parts_2_int_autoinc` (`pk`) VALUES (NULL)
		   19 Query	SHOW WARNINGS
		   12 Query	SHOW WARNINGS
		   13 Query	SHOW WARNINGS
		   23 Query	SHOW WARNINGS
		   18 Query	SHOW WARNINGS
		   19 Query	UPDATE LOW_PRIORITY IGNORE `table10_innodb_int_autoinc` AS X SET `col_int` = 9 WHERE X.`pk` IN ( 2, 3, 134, 564723712, 41 ) ORDER BY `col_char_12`,`col_char_12_key`,`col_int`,`col_int_key`,`pk` LIMIT 5
		   24 Query	DELETE LOW_PRIORITY IGNORE FROM `table0_innodb_key_pk_parts_2_int_autoinc` WHERE `col_char_12_key` = 9 ORDER BY `col_char_12`,`col_char_12_key`,`col_int`,`col_int_key`,`pk` LIMIT 3
		   13 Query	INSERT LOW_PRIORITY INTO `table0_innodb_int_autoinc` ( `col_int_key`, `col_int_key` ) VALUES ( 2, 'n' ), ( 112, 'p' )
		   26 Query	SHOW WARNINGS
		   23 Query	UPDATE LOW_PRIORITY IGNORE `table100_innodb_int_autoinc` AS X SET `col_char_12_key` = 8 WHERE X.`pk` = ( SELECT `col_char_12_key` FROM `table0_innodb_key_pk_parts_2_int_autoinc` WHERE `pk` = 18 ) ORDER BY `col_char_12`,`col_char_12_key`,`col_int`,`col_int_key`,`pk` LIMIT 7
		   12 Query	DELETE LOW_PRIORITY IGNORE FROM `table0_innodb_int_autoinc` WHERE `col_int_key` IN ( SELECT `col_int_key` FROM `table0_innodb_key_pk_parts_2_int_autoinc` WHERE `pk` = 'k' ) ORDER BY `col_char_12`,`col_char_12_key`,`col_int`,`col_int_key`,`pk` LIMIT 4
		   18 Query	UPDATE LOW_PRIORITY `table2_innodb_key_pk_parts_2_int_autoinc` AS X SET `col_char_12_key` = 'u' WHERE X.`pk` < 'e' ORDER BY `col_char_12`,`col_char_12_key`,`col_int`,`col_int_key`,`pk` LIMIT 5
		   24 Query	INSERT LOW_PRIORITY INTO `table1_innodb_key_pk_parts_2_int_autoinc` ( `col_char_12` ) SELECT `col_char_12_key` FROM `table1_innodb_key_pk_parts_2_int_autoinc` AS X WHERE X.`pk` BETWEEN 255 AND 2565406720 ORDER BY `col_char_12`,`col_char_12_key`,`col_int`,`col_int_key`,`pk` LIMIT 8
		   13 Query	INSERT LOW_PRIORITY INTO `table0_innodb_key_pk_parts_2_int_autoinc` ( `col_char_12`, `col_char_12_key` ) VALUES ( 2724528128, 3393650688 ), ( 7, 499384320 )
		   26 Query	DELETE LOW_PRIORITY FROM `table10_innodb_int_autoinc` WHERE `pk` IN ( SELECT `pk` FROM `table100_innodb_int_autoinc` WHERE `pk` = 192 ) ORDER BY `col_char_12`,`col_char_12_key`,`col_int`,`col_int_key`,`pk` LIMIT 3
		   23 Query	DELETE LOW_PRIORITY IGNORE FROM `table1_innodb_key_pk_parts_2_int_autoinc` WHERE `col_char_12_key` = 228 ORDER BY `col_char_12`,`col_char_12_key`,`col_int`,`col_int_key`,`pk` LIMIT 2
		   24 Query	INSERT LOW_PRIORITY INTO `table10_innodb_key_pk_parts_2_int_autoinc` (`pk`) VALUES (NULL)
		   24 Query	INSERT LOW_PRIORITY IGNORE INTO `table1_innodb_key_pk_parts_2_int_autoinc` (`pk`) VALUES (NULL)
		   24 Query	REPLACE LOW_PRIORITY INTO `table1_innodb_int_autoinc` ( `col_char_12_key` ) SELECT `col_char_12_key` FROM `table2_innodb_int_autoinc` AS X ORDER BY `col_char_12`,`col_char_12_key`,`col_int`,`col_int_key`,`pk` LIMIT 8
		   24 Query	SELECT ( SELECT `col_char_12_key` FROM `table100_innodb_int_autoinc` WHERE `pk` = 1562247168 ) FROM `table0_innodb_int_autoinc` AS X WHERE X.`col_char_12_key` BETWEEN 63 AND 3773759488 LIMIT 5
		   18 Query	SHOW WARNINGS
		   19 Query	SHOW WARNINGS
		   18 Query	DELETE LOW_PRIORITY QUICK IGNORE FROM `table0_innodb_key_pk_parts_2_int_autoinc` WHERE `col_char_12_key` = 182 ORDER BY `col_char_12`,`col_char_12_key`,`col_int`,`col_int_key`,`pk` LIMIT 3
		   16 Query	SELECT X.`col_int_key` FROM `table100_innodb_int_autoinc` AS X WHERE X.`col_int_key` IN ( 132, 1, 9, 8, 0 ) LIMIT 7
		   19 Query	INSERT LOW_PRIORITY IGNORE INTO `table10_innodb_key_pk_parts_2_int_autoinc` ( `col_char_12_key`, `col_char_12` ) VALUES ( 1874460672, 4047699968 ), ( 1298661376, 2968322048 )
		   26 Query	SHOW WARNINGS
		   26 Query	REPLACE LOW_PRIORITY INTO `table10_innodb_int_autoinc` ( `col_int`, `col_int_key` ) VALUES ( 39, 2729050112 ), ( 'r', 4 )
		   26 Query	SHOW WARNINGS
		   16 Query	REPLACE LOW_PRIORITY INTO `table1_innodb_key_pk_parts_2_int_autoinc` (`pk`) VALUES (NULL)
		   26 Query	UPDATE LOW_PRIORITY IGNORE `table2_innodb_key_pk_parts_2_int_autoinc` AS X SET `col_char_12_key` = 309460992 WHERE X.`pk` < 'q' ORDER BY `col_char_12`,`col_char_12_key`,`col_int`,`col_int_key`,`pk` LIMIT 6
		   26 Query	SHOW WARNINGS
		   26 Query	DELETE LOW_PRIORITY IGNORE FROM `table1_innodb_key_pk_parts_2_int_autoinc` WHERE `pk` BETWEEN 1 AND 8 ORDER BY `col_char_12`,`col_char_12_key`,`col_int`,`col_int_key`,`pk` LIMIT 2
		   24 Query	INSERT LOW_PRIORITY IGNORE INTO `table1_innodb_int_autoinc` (`pk`) VALUES (NULL)
		   26 Query	SHOW WARNINGS
		   26 Query	ROLLBACK
		   24 Query	DELETE LOW_PRIORITY IGNORE FROM `table0_innodb_key_pk_parts_2_int_autoinc` WHERE `col_char_12_key` BETWEEN 4 AND 6 ORDER BY `col_char_12`,`col_char_12_key`,`col_int`,`col_int_key`,`pk` LIMIT 1
		   24 Query	SELECT ( SELECT `col_char_12_key` FROM `table10_innodb_key_pk_parts_2_int_autoinc` WHERE `pk` = 2284716032 ) FROM `table10_innodb_key_pk_parts_2_int_autoinc` AS X WHERE X.`col_int_key` BETWEEN 87 AND 2364014592 LIMIT 5 FOR UPDATE
		   24 Query	INSERT LOW_PRIORITY INTO `table0_innodb_key_pk_parts_2_int_autoinc` ( `col_int` ) SELECT `col_char_12_key` FROM `table1_innodb_int_autoinc` AS X WHERE X.`pk` = ( SELECT `col_char_12_key` FROM `table1_innodb_key_pk_parts_2_int_autoinc` WHERE `pk` = 1 ) ORDER BY `col_char_12`,`col_char_12_key`,`col_int`,`col_int_key`,`pk` LIMIT 5
		   24 Query	REPLACE LOW_PRIORITY INTO `table2_innodb_key_pk_parts_2_int_autoinc` ( `col_int`, `col_int` ) VALUES ( 246, 'b' ), ( 210, 5 )
		   24 Query	ROLLBACK
		   24 Query	SET TRANSACTION ISOLATION LEVEL READ UNCOMMITTED
		   24 Query	SELECT ( SELECT `col_int_key` FROM `table10_innodb_key_pk_parts_2_int_autoinc` WHERE `pk` = 1 ) FROM `table10_innodb_key_pk_parts_2_int_autoinc` AS X LEFT JOIN `table1_innodb_int_autoinc` AS Y USING ( `col_int_key` ) WHERE X.`col_char_12_key` BETWEEN 165 AND 391577600 LIMIT 8
		   20 Query	SHOW WARNINGS
		   15 Query	SHOW WARNINGS
		   20 Query	SELECT X.`pk` FROM `table2_innodb_int_autoinc` AS X LEFT JOIN `table10_innodb_int_autoinc` AS Y USING ( `col_char_12_key` ) WHERE X.`col_char_12_key` = ( SELECT `col_char_12_key` FROM `table100_innodb_int_autoinc` WHERE `pk` = 'e' ) LIMIT 6 FOR UPDATE
		   24 Query	UPDATE LOW_PRIORITY IGNORE `table1_innodb_int_autoinc` AS X SET `col_int_key` = 63 WHERE X.`pk` BETWEEN 1 AND 5 ORDER BY `col_char_12`,`col_char_12_key`,`col_int`,`col_int_key`,`pk` LIMIT 6
		   15 Query	INSERT LOW_PRIORITY IGNORE INTO `table1_innodb_int_autoinc` ( `col_char_12` ) SELECT `pk` FROM `table1_innodb_int_autoinc` AS X WHERE X.`pk` BETWEEN 4 AND 5 ORDER BY `col_char_12`,`col_char_12_key`,`col_int`,`col_int_key`,`pk` LIMIT 7
		   20 Query	UPDATE LOW_PRIORITY `table1_innodb_int_autoinc` AS X SET `col_char_12` = 181 WHERE X.`col_int_key` BETWEEN 11 AND 651755520 ORDER BY `col_char_12`,`col_char_12_key`,`col_int`,`col_int_key`,`pk` LIMIT 8
		   24 Query	SHOW WARNINGS
		   23 Query	UPDATE LOW_PRIORITY IGNORE `table10_innodb_int_autoinc` AS X SET `col_int_key` = 101 WHERE X.`col_int_key` IN ( 5, 2256994304, 1, 176, 'w' ) ORDER BY `col_char_12`,`col_char_12_key`,`col_int`,`col_int_key`,`pk` LIMIT 5
		   11 Query	UPDATE LOW_PRIORITY IGNORE `table100_innodb_int_autoinc` AS X SET `col_int` = 5 WHERE X.`col_char_12_key` = ( SELECT `pk` FROM `table10_innodb_int_autoinc` WHERE `pk` = 1 ) ORDER BY `col_char_12`,`col_char_12_key`,`col_int`,`col_int_key`,`pk` LIMIT 7
		   24 Query	UPDATE LOW_PRIORITY IGNORE `table100_innodb_int_autoinc` AS X SET `col_char_12_key` = 'c' WHERE X.`col_int_key` = ( SELECT `col_char_12_key` FROM `table0_innodb_int_autoinc` WHERE `pk` = 7 ) ORDER BY `col_char_12`,`col_char_12_key`,`col_int`,`col_int_key`,`pk` LIMIT 7
		   24 Query	UPDATE LOW_PRIORITY `table1_innodb_int_autoinc` AS X SET `col_int` = 1 WHERE X.`col_char_12_key` < 148 ORDER BY `col_char_12`,`col_char_12_key`,`col_int`,`col_int_key`,`pk` LIMIT 6
		   24 Query	SELECT ( SELECT `pk` FROM `table0_innodb_key_pk_parts_2_int_autoinc` WHERE `pk` = 'l' ) FROM `table2_innodb_int_autoinc` AS X LEFT JOIN `table1_innodb_int_autoinc` AS Y USING ( `pk` ) WHERE X.`pk` BETWEEN 2 AND 6 LIMIT 6
		   24 Query	DELETE LOW_PRIORITY QUICK FROM `table1_innodb_key_pk_parts_2_int_autoinc` WHERE `col_char_12_key` BETWEEN 4 AND 7 ORDER BY `col_char_12`,`col_char_12_key`,`col_int`,`col_int_key`,`pk` LIMIT 2
		   24 Query	START TRANSACTION
		   24 Query	INSERT LOW_PRIORITY IGNORE INTO `table1_innodb_key_pk_parts_2_int_autoinc` (`pk`) VALUES (NULL)
		   24 Query	COMMIT
		   24 Query	SET TRANSACTION ISOLATION LEVEL READ UNCOMMITTED
		   24 Query	REPLACE LOW_PRIORITY INTO `table100_innodb_int_autoinc` (`pk`) VALUES (NULL)
		   24 Query	REPLACE LOW_PRIORITY INTO `table100_innodb_int_autoinc` ( `col_char_12` ) SELECT `col_char_12_key` FROM `table2_innodb_key_pk_parts_2_int_autoinc` AS X WHERE X.`col_char_12_key` BETWEEN 61 AND 2407923712 ORDER BY `col_char_12`,`col_char_12_key`,`col_int`,`col_int_key`,`pk` LIMIT 8
		   24 Query	DELETE LOW_PRIORITY IGNORE FROM `table100_innodb_key_pk_parts_2_int_autoinc` WHERE `col_char_12_key` IN ( SELECT `pk` FROM `table10_innodb_key_pk_parts_2_int_autoinc` WHERE `pk` = 'o' ) ORDER BY `col_char_12`,`col_char_12_key`,`col_int`,`col_int_key`,`pk` LIMIT 2
		   24 Query	DELETE LOW_PRIORITY FROM `table2_innodb_int_autoinc` WHERE `col_char_12_key` IN ( SELECT `col_char_12_key` FROM `table1_innodb_key_pk_parts_2_int_autoinc` WHERE `pk` = 166 ) ORDER BY `col_char_12`,`col_char_12_key`,`col_int`,`col_int_key`,`pk` LIMIT 3
		   24 Query	SET AUTOCOMMIT=OFF
		   24 Query	UPDATE LOW_PRIORITY `table1_innodb_key_pk_parts_2_int_autoinc` AS X SET `col_int_key` = 5 WHERE X.`pk` = ( SELECT `pk` FROM `table10_innodb_int_autoinc` WHERE `pk` = 29 ) ORDER BY `col_char_12`,`col_char_12_key`,`col_int`,`col_int_key`,`pk` LIMIT 7
		   24 Query	DELETE LOW_PRIORITY QUICK IGNORE FROM `table10_innodb_key_pk_parts_2_int_autoinc` ORDER BY `col_char_12`,`col_char_12_key`,`col_int`,`col_int_key`,`pk` LIMIT 1
		   24 Query	DELETE LOW_PRIORITY QUICK IGNORE FROM `table10_innodb_key_pk_parts_2_int_autoinc` WHERE `pk` IN ( SELECT `col_char_12_key` FROM `table10_innodb_int_autoinc` WHERE `pk` = 2573402112 ) ORDER BY `col_char_12`,`col_char_12_key`,`col_int`,`col_int_key`,`pk` LIMIT 1
		   24 Query	UPDATE LOW_PRIORITY `table100_innodb_int_autoinc` AS X SET `col_char_12` = 3791912960 WHERE X.`col_int_key` = ( SELECT `pk` FROM `table0_innodb_int_autoinc` WHERE `pk` = 'k' ) ORDER BY `col_char_12`,`col_char_12_key`,`col_int`,`col_int_key`,`pk` LIMIT 8
		   24 Query	DELETE LOW_PRIORITY QUICK FROM `table100_innodb_int_autoinc` WHERE `pk` IN ( SELECT `pk` FROM `table1_innodb_key_pk_parts_2_int_autoinc` WHERE `pk` = 115 ) ORDER BY `col_char_12`,`col_char_12_key`,`col_int`,`col_int_key`,`pk` LIMIT 4
		   15 Query	SHOW WARNINGS
		   25 Query	SHOW WARNINGS
		   25 Query	DELETE LOW_PRIORITY FROM `table1_innodb_int_autoinc` ORDER BY `col_char_12`,`col_char_12_key`,`col_int`,`col_int_key`,`pk` LIMIT 3
		   16 Query	SELECT X.`pk` FROM `table1_innodb_int_autoinc` AS X WHERE X.`col_char_12_key` < 4 LIMIT 6
		   16 Query	UPDATE LOW_PRIORITY `table10_innodb_key_pk_parts_2_int_autoinc` AS X SET `col_int_key` = 255 WHERE X.`col_char_12_key` BETWEEN 99 AND 840368128 ORDER BY `col_char_12`,`col_char_12_key`,`col_int`,`col_int_key`,`pk` LIMIT 7
		   15 Query	DELETE LOW_PRIORITY QUICK IGNORE FROM `table100_innodb_key_pk_parts_2_int_autoinc` WHERE `col_char_12_key` IN ( 12, 141, 'e', 'b', 's' ) ORDER BY `col_char_12`,`col_char_12_key`,`col_int`,`col_int_key`,`pk` LIMIT 1
		   12 Query	SHOW WARNINGS
		   19 Query	INSERT LOW_PRIORITY IGNORE INTO `table1_innodb_int_autoinc` ( `col_int_key`, `col_int` ) VALUES ( 3412393984, 684457984 ), ( 3438477312, 60 )
		   12 Query	UPDATE LOW_PRIORITY IGNORE `table1_innodb_key_pk_parts_2_int_autoinc` AS X SET `col_int` = 5 WHERE X.`pk` < 2686648320 ORDER BY `col_char_12`,`col_char_12_key`,`col_int`,`col_int_key`,`pk` LIMIT 6
		   13 Query	UPDATE LOW_PRIORITY IGNORE `table1_innodb_int_autoinc` AS X SET `col_char_12_key` = 'j' WHERE X.`col_char_12_key` BETWEEN 73 AND 3287613440 ORDER BY `col_char_12`,`col_char_12_key`,`col_int`,`col_int_key`,`pk` LIMIT 8
		   26 Query	SET TRANSACTION ISOLATION LEVEL READ UNCOMMITTED
		   26 Query	INSERT LOW_PRIORITY INTO `table2_innodb_int_autoinc` (`pk`) VALUES (NULL)
		   18 Query	SHOW WARNINGS
		   21 Query	SHOW WARNINGS
		   21 Query	UPDATE LOW_PRIORITY IGNORE `table2_innodb_key_pk_parts_2_int_autoinc` AS X SET `col_int_key` = 1637482496 WHERE X.`col_char_12_key` = ( SELECT `col_char_12_key` FROM `table2_innodb_int_autoinc` WHERE `pk` = 5 ) ORDER BY `col_char_12`,`col_char_12_key`,`col_int`,`col_int_key`,`pk` LIMIT 5
		   18 Query	DELETE LOW_PRIORITY QUICK FROM `table2_innodb_int_autoinc` ORDER BY `col_char_12`,`col_char_12_key`,`col_int`,`col_int_key`,`pk` LIMIT 2
		   26 Query	SELECT X.`col_int_key` FROM `table2_innodb_int_autoinc` AS X LEFT JOIN `table2_innodb_int_autoinc` AS Y USING ( `col_char_12_key` ) WHERE X.`pk` BETWEEN 50 AND 1690632192 LIMIT 7 FOR UPDATE
		   20 Query	SHOW WARNINGS
		   26 Query	UPDATE LOW_PRIORITY `table2_innodb_int_autoinc` AS X SET `col_char_12` = 15 ORDER BY `col_char_12`,`col_char_12_key`,`col_int`,`col_int_key`,`pk` LIMIT 8
		   24 Query	DELETE LOW_PRIORITY IGNORE FROM `table0_innodb_key_pk_parts_2_int_autoinc` WHERE `col_char_12_key` IN ( SELECT `col_int_key` FROM `table100_innodb_key_pk_parts_2_int_autoinc` WHERE `pk` = 'f' ) ORDER BY `col_char_12`,`col_char_12_key`,`col_int`,`col_int_key`,`pk` LIMIT 4
		   21 Query	START TRANSACTION
		   20 Query	UPDATE LOW_PRIORITY `table10_innodb_key_pk_parts_2_int_autoinc` AS X SET `col_char_12_key` = 170 WHERE X.`col_int_key` < 58 ORDER BY `col_char_12`,`col_char_12_key`,`col_int`,`col_int_key`,`pk` LIMIT 6
		   26 Query	UPDATE LOW_PRIORITY IGNORE `table10_innodb_key_pk_parts_2_int_autoinc` AS X SET `col_int_key` = 111 WHERE X.`col_int_key` BETWEEN 193 AND 1043202048 ORDER BY `col_char_12`,`col_char_12_key`,`col_int`,`col_int_key`,`pk` LIMIT 5
		   24 Query	DELETE LOW_PRIORITY QUICK IGNORE FROM `table2_innodb_key_pk_parts_2_int_autoinc` ORDER BY `col_char_12`,`col_char_12_key`,`col_int`,`col_int_key`,`pk` LIMIT 4
		   15 Query	UPDATE LOW_PRIORITY `table100_innodb_int_autoinc` AS X SET `col_int_key` = 1 WHERE X.`col_char_12_key` IN ( 782434304, 219, 160, 1214513152, 'm' ) ORDER BY `col_char_12`,`col_char_12_key`,`col_int`,`col_int_key`,`pk` LIMIT 7
		   21 Query	REPLACE LOW_PRIORITY INTO `table0_innodb_int_autoinc` (`pk`) VALUES (NULL)
		   26 Query	UPDATE LOW_PRIORITY `table1_innodb_int_autoinc` AS X SET `col_char_12_key` = 35 WHERE X.`col_int_key` BETWEEN 146 AND 2981494784 ORDER BY `col_char_12`,`col_char_12_key`,`col_int`,`col_int_key`,`pk` LIMIT 6
		   24 Query	UPDATE LOW_PRIORITY `table0_innodb_key_pk_parts_2_int_autoinc` AS X SET `col_int_key` = 3819110400 WHERE X.`col_int_key` = ( SELECT `col_char_12_key` FROM `table100_innodb_key_pk_parts_2_int_autoinc` WHERE `pk` = 'i' ) ORDER BY `col_char_12`,`col_char_12_key`,`col_int`,`col_int_key`,`pk` LIMIT 6
		   21 Query	SELECT X.`pk` FROM `table10_innodb_int_autoinc` AS X LIMIT 6 LOCK IN SHARE MODE
		   26 Query	INSERT LOW_PRIORITY INTO `table1_innodb_int_autoinc` ( `col_int_key` ) SELECT `col_char_12_key` FROM `table1_innodb_int_autoinc` AS X ORDER BY `col_char_12`,`col_char_12_key`,`col_int`,`col_int_key`,`pk` LIMIT 7
		   24 Query	DELETE LOW_PRIORITY QUICK FROM `table2_innodb_key_pk_parts_2_int_autoinc` WHERE `pk` IN ( SELECT `pk` FROM `table0_innodb_int_autoinc` WHERE `pk` = 3839098880 ) ORDER BY `col_char_12`,`col_char_12_key`,`col_int`,`col_int_key`,`pk` LIMIT 4
		   21 Query	UPDATE LOW_PRIORITY `table0_innodb_int_autoinc` AS X SET `col_int` = 2172256256 WHERE X.`pk` BETWEEN 4 AND 8 ORDER BY `col_char_12`,`col_char_12_key`,`col_int`,`col_int_key`,`pk` LIMIT 8
		   26 Query	UPDATE LOW_PRIORITY IGNORE `table10_innodb_key_pk_parts_2_int_autoinc` AS X SET `col_char_12_key` = 94 WHERE X.`col_char_12_key` BETWEEN 3 AND 6 ORDER BY `col_char_12`,`col_char_12_key`,`col_int`,`col_int_key`,`pk` LIMIT 8
		   24 Query	DELETE LOW_PRIORITY IGNORE FROM `table0_innodb_int_autoinc` ORDER BY `col_char_12`,`col_char_12_key`,`col_int`,`col_int_key`,`pk` LIMIT 3
		   21 Query	SHOW WARNINGS
		   26 Query	INSERT LOW_PRIORITY INTO `table100_innodb_int_autoinc` ( `col_char_12_key`, `col_char_12` ) VALUES ( 123, 2861432832 ), ( 'h', 8 )
		   21 Query	INSERT LOW_PRIORITY INTO `table100_innodb_int_autoinc` ( `col_char_12` ) SELECT `col_char_12_key` FROM `table0_innodb_key_pk_parts_2_int_autoinc` AS X WHERE X.`col_char_12_key` IN ( 1114112000, 'y', 5, 124, 'm' ) ORDER BY `col_char_12`,`col_char_12_key`,`col_int`,`col_int_key`,`pk` LIMIT 5
		   24 Query	REPLACE LOW_PRIORITY INTO `table100_innodb_key_pk_parts_2_int_autoinc` ( `col_int_key` ) SELECT `col_int_key` FROM `table100_innodb_key_pk_parts_2_int_autoinc` AS X WHERE X.`pk` IN ( 187, 7, 4, 814350336, 0 ) ORDER BY `col_char_12`,`col_char_12_key`,`col_int`,`col_int_key`,`pk` LIMIT 6
		   26 Query	UPDATE LOW_PRIORITY IGNORE `table2_innodb_int_autoinc` AS X SET `col_int` = 2 WHERE X.`col_int_key` BETWEEN 36 AND 2467495936 ORDER BY `col_char_12`,`col_char_12_key`,`col_int`,`col_int_key`,`pk` LIMIT 5
		   24 Query	INSERT LOW_PRIORITY INTO `table10_innodb_key_pk_parts_2_int_autoinc` ( `col_char_12_key`, `col_char_12_key` ) VALUES ( 139, 1053818880 ), ( 1091895296, 'k' )
		   26 Query	SET AUTOCOMMIT=OFF
		   21 Query	SHOW WARNINGS
		   26 Query	DELETE LOW_PRIORITY FROM `table1_innodb_int_autoinc` WHERE `pk` = 11 ORDER BY `col_char_12`,`col_char_12_key`,`col_int`,`col_int_key`,`pk` LIMIT 3
		   24 Query	INSERT LOW_PRIORITY INTO `table100_innodb_key_pk_parts_2_int_autoinc` ( `col_int_key` ) SELECT `col_int_key` FROM `table1_innodb_key_pk_parts_2_int_autoinc` AS X WHERE X.`col_int_key` BETWEEN 4 AND 7 ORDER BY `col_char_12`,`col_char_12_key`,`col_int`,`col_int_key`,`pk` LIMIT 7
		   21 Query	DELETE LOW_PRIORITY FROM `table1_innodb_int_autoinc` WHERE `col_int_key` BETWEEN 4 AND 7 ORDER BY `col_char_12`,`col_char_12_key`,`col_int`,`col_int_key`,`pk` LIMIT 1
		   24 Query	REPLACE LOW_PRIORITY INTO `table10_innodb_key_pk_parts_2_int_autoinc` (`pk`) VALUES (NULL)
		   26 Query	INSERT LOW_PRIORITY IGNORE INTO `table1_innodb_int_autoinc` ( `col_char_12_key`, `col_int` ) VALUES ( 4, 'b' ), ( 4169793536, 80 )
		   24 Query	UPDATE LOW_PRIORITY `table100_innodb_int_autoinc` AS X SET `col_int_key` = 1000341504 ORDER BY `col_char_12`,`col_char_12_key`,`col_int`,`col_int_key`,`pk` LIMIT 7
		   26 Query	SELECT X.`col_char_12_key` FROM `table0_innodb_key_pk_parts_2_int_autoinc` AS X LIMIT 6
		   24 Query	SELECT * FROM `table2_innodb_int_autoinc` AS X WHERE X.`col_char_12_key` BETWEEN 3 AND 7 LIMIT 5
		   26 Query	UPDATE LOW_PRIORITY IGNORE `table100_innodb_key_pk_parts_2_int_autoinc` AS X SET `col_int` = 212 WHERE X.`pk` = ( SELECT `pk` FROM `table0_innodb_key_pk_parts_2_int_autoinc` WHERE `pk` = 3340894208 ) ORDER BY `col_char_12`,`col_char_12_key`,`col_int`,`col_int_key`,`pk` LIMIT 5
		   24 Query	DELETE LOW_PRIORITY QUICK IGNORE FROM `table2_innodb_int_autoinc` WHERE `col_char_12_key` IN ( SELECT `pk` FROM `table0_innodb_int_autoinc` WHERE `pk` = 1643053056 ) ORDER BY `col_char_12`,`col_char_12_key`,`col_int`,`col_int_key`,`pk` LIMIT 2
		   26 Query	SELECT X.`pk` FROM `table10_innodb_key_pk_parts_2_int_autoinc` AS X LEFT JOIN `table10_innodb_key_pk_parts_2_int_autoinc` AS Y USING ( `pk` ) WHERE X.`pk` BETWEEN 2 AND 8 LIMIT 5
		   24 Query	SHOW WARNINGS
		   24 Query	SELECT X.`col_int_key` FROM `table1_innodb_int_autoinc` AS X WHERE X.`pk` BETWEEN 1 AND 7 LIMIT 7 LOCK IN SHARE MODE
		   23 Query	SHOW WARNINGS
		   26 Query	SELECT X.`col_int` FROM `table100_innodb_int_autoinc` AS X WHERE X.`col_char_12_key` BETWEEN 29 AND 1478426624 LIMIT 5
		   23 Query	UPDATE LOW_PRIORITY IGNORE `table2_innodb_key_pk_parts_2_int_autoinc` AS X SET `col_char_12` = 'f' WHERE X.`col_char_12_key` BETWEEN 2 AND 8 ORDER BY `col_char_12`,`col_char_12_key`,`col_int`,`col_int_key`,`pk` LIMIT 6
		   26 Query	INSERT LOW_PRIORITY IGNORE INTO `table0_innodb_int_autoinc` ( `col_char_12`, `col_int` ) VALUES ( 7, 84 ), ( 'b', 4 )
		   26 Query	SHOW WARNINGS
