		   23 Query	UPDATE LOW_PRIORITY IGNORE `table2_innodb_key_pk_parts_2_int_autoinc` AS X SET `col_char_12_key` = 1242562560 WHERE X.`col_char_12_key` IN ( 3123642368, 6, 293208064, 8, 6 ) ORDER BY `col_char_12`,`col_char_12_key`,`col_int`,`col_int_key`,`pk` LIMIT 5
		   20 Query	SHOW WARNINGS
		   20 Query	INSERT LOW_PRIORITY INTO `table1_innodb_int_autoinc` ( `col_int_key` ) SELECT `col_char_12_key` FROM `table1_innodb_key_pk_parts_2_int_autoinc` AS X WHERE X.`pk` BETWEEN 2 AND 6 ORDER BY `col_char_12`,`col_char_12_key`,`col_int`,`col_int_key`,`pk` LIMIT 6
		   15 Query	SHOW WARNINGS
		   25 Query	SHOW WARNINGS
		   15 Query	UPDATE LOW_PRIORITY `table0_innodb_key_pk_parts_2_int_autoinc` AS X SET `col_int_key` = 4 ORDER BY `col_char_12`,`col_char_12_key`,`col_int`,`col_int_key`,`pk` LIMIT 8
		   25 Query	INSERT LOW_PRIORITY INTO `table0_innodb_int_autoinc` ( `col_int` ) SELECT `col_int_key` FROM `table100_innodb_int_autoinc` AS X WHERE X.`col_int_key` BETWEEN 3 AND 6 ORDER BY `col_char_12`,`col_char_12_key`,`col_int`,`col_int_key`,`pk` LIMIT 7
		   23 Query	SHOW WARNINGS
		   24 Query	SHOW WARNINGS
		   23 Query	DELETE LOW_PRIORITY IGNORE FROM `table2_innodb_int_autoinc` ORDER BY `col_char_12`,`col_char_12_key`,`col_int`,`col_int_key`,`pk` LIMIT 1
		   24 Query	DELETE LOW_PRIORITY IGNORE FROM `table0_innodb_int_autoinc` WHERE `col_char_12_key` = 'm' ORDER BY `col_char_12`,`col_char_12_key`,`col_int`,`col_int_key`,`pk` LIMIT 4
		   26 Query	INSERT LOW_PRIORITY IGNORE INTO `table2_innodb_key_pk_parts_2_int_autoinc` ( `col_int_key`, `col_char_12_key` ) VALUES ( 1, 3727753216 ), ( 2177105920, 3225550848 )
		   22 Query	SELECT X.`pk` FROM `table0_innodb_int_autoinc` AS X LEFT JOIN `table0_innodb_key_pk_parts_2_int_autoinc` AS Y USING ( `col_int_key` ) WHERE X.`col_int_key` BETWEEN 2 AND 8 LIMIT 7
		   19 Query	DELETE LOW_PRIORITY IGNORE FROM `table100_innodb_int_autoinc` WHERE `col_char_12_key` IN ( SELECT `col_int_key` FROM `table1_innodb_key_pk_parts_2_int_autoinc` WHERE `pk` = 3 ) ORDER BY `col_char_12`,`col_char_12_key`,`col_int`,`col_int_key`,`pk` LIMIT 1
		   25 Query	UPDATE LOW_PRIORITY IGNORE `table100_innodb_key_pk_parts_2_int_autoinc` AS X SET `col_int_key` = 176 ORDER BY `col_char_12`,`col_char_12_key`,`col_int`,`col_int_key`,`pk` LIMIT 6
		   21 Query	SHOW WARNINGS
		   24 Query	SHOW WARNINGS
		   21 Query	SELECT X.`col_char_12_key` FROM `table0_innodb_key_pk_parts_2_int_autoinc` AS X WHERE X.`pk` IN ( 'n', 233, 'g', 193921024, 214 ) LIMIT 7
		   24 Query	UPDATE LOW_PRIORITY IGNORE `table0_innodb_int_autoinc` AS X SET `col_int_key` = 'j' WHERE X.`pk` IN ( 175, 3, 4160290816, 118, 14 ) ORDER BY `col_char_12`,`col_char_12_key`,`col_int`,`col_int_key`,`pk` LIMIT 7
		   13 Query	SHOW WARNINGS
		   13 Query	INSERT LOW_PRIORITY IGNORE INTO `table10_innodb_int_autoinc` (`pk`) VALUES (NULL)
150425  6:40:43	   22 Query	SELECT ( SELECT `pk` FROM `table10_innodb_key_pk_parts_2_int_autoinc` WHERE `pk` = 'p' ) FROM `table1_innodb_int_autoinc` AS X WHERE X.`pk` = ( SELECT `col_int_key` FROM `table1_innodb_key_pk_parts_2_int_autoinc` WHERE `pk` = 'q' ) LIMIT 8 FOR UPDATE
		   21 Query	UPDATE LOW_PRIORITY `table10_innodb_key_pk_parts_2_int_autoinc` AS X SET `col_char_12` = 3 WHERE X.`col_char_12_key` < 1286733824 ORDER BY `col_char_12`,`col_char_12_key`,`col_int`,`col_int_key`,`pk` LIMIT 7
		   12 Query	SELECT X.`col_int_key` FROM `table0_innodb_key_pk_parts_2_int_autoinc` AS X WHERE X.`col_int_key` BETWEEN 4 AND 5 LIMIT 5
		   22 Query	SELECT X.`col_int_key` FROM `table1_innodb_int_autoinc` AS X LEFT JOIN `table0_innodb_key_pk_parts_2_int_autoinc` AS Y USING ( `pk` ) WHERE X.`col_char_12_key` = ( SELECT `pk` FROM `table1_innodb_int_autoinc` WHERE `pk` = 'r' ) LIMIT 6
		   12 Query	SELECT X.`pk` FROM `table10_innodb_int_autoinc` AS X WHERE X.`col_char_12_key` BETWEEN 69 AND 2330918912 LIMIT 5 FOR UPDATE
		   22 Query	UPDATE LOW_PRIORITY `table1_innodb_int_autoinc` AS X SET `col_char_12_key` = 32 WHERE X.`pk` BETWEEN 147 AND 4226875392 ORDER BY `col_char_12`,`col_char_12_key`,`col_int`,`col_int_key`,`pk` LIMIT 7
		   23 Query	SHOW WARNINGS
		   22 Query	SHOW WARNINGS
		   22 Query	DELETE LOW_PRIORITY QUICK FROM `table2_innodb_key_pk_parts_2_int_autoinc` ORDER BY `col_char_12`,`col_char_12_key`,`col_int`,`col_int_key`,`pk` LIMIT 1
		   23 Query	SELECT X.`col_int_key` FROM `table10_innodb_key_pk_parts_2_int_autoinc` AS X LEFT JOIN `table10_innodb_key_pk_parts_2_int_autoinc` AS Y USING ( `col_char_12_key` ) WHERE X.`col_char_12_key` = ( SELECT `col_char_12_key` FROM `table0_innodb_int_autoinc` WHERE `pk` = 8 ) LIMIT 8
		   19 Query	SHOW WARNINGS
		   19 Query	DELETE LOW_PRIORITY IGNORE FROM `table10_innodb_int_autoinc` WHERE `col_int_key` IN ( 2, 't', 'u', 211, 'x' ) ORDER BY `col_char_12`,`col_char_12_key`,`col_int`,`col_int_key`,`pk` LIMIT 1
		   23 Query	UPDATE LOW_PRIORITY `table100_innodb_key_pk_parts_2_int_autoinc` AS X SET `col_char_12` = 6 WHERE X.`col_int_key` BETWEEN 185 AND 1186004992 ORDER BY `col_char_12`,`col_char_12_key`,`col_int`,`col_int_key`,`pk` LIMIT 8
		   16 Query	SHOW WARNINGS
		   14 Query	FLUSH TABLE table1_innodb_int_autoinc FOR EXPORT
		   16 Query	DELETE LOW_PRIORITY QUICK FROM `table10_innodb_key_pk_parts_2_int_autoinc` WHERE `col_int_key` BETWEEN 2 AND 8 ORDER BY `col_char_12`,`col_char_12_key`,`col_int`,`col_int_key`,`pk` LIMIT 2
		   20 Query	SHOW WARNINGS
		   26 Query	SHOW WARNINGS
		   20 Query	INSERT LOW_PRIORITY IGNORE INTO `table0_innodb_int_autoinc` ( `col_int` ) SELECT `col_int_key` FROM `table2_innodb_int_autoinc` AS X WHERE X.`col_int_key` BETWEEN 3 AND 7 ORDER BY `col_char_12`,`col_char_12_key`,`col_int`,`col_int_key`,`pk` LIMIT 8
		   26 Query	REPLACE LOW_PRIORITY INTO `table1_innodb_int_autoinc` ( `col_char_12` ) SELECT `col_char_12_key` FROM `table1_innodb_key_pk_parts_2_int_autoinc` AS X ORDER BY `col_char_12`,`col_char_12_key`,`col_int`,`col_int_key`,`pk` LIMIT 6
		   13 Query	INSERT LOW_PRIORITY INTO `table1_innodb_key_pk_parts_2_int_autoinc` ( `col_int` ) SELECT `col_int_key` FROM `table2_innodb_int_autoinc` AS X WHERE X.`col_int_key` BETWEEN 1 AND 6 ORDER BY `col_char_12`,`col_char_12_key`,`col_int`,`col_int_key`,`pk` LIMIT 8
		   24 Query	SHOW WARNINGS
		   11 Query	SHOW WARNINGS
		   24 Query	SET AUTOCOMMIT=OFF
		   18 Query	SHOW WARNINGS
		   12 Query	UPDATE LOW_PRIORITY `table1_innodb_int_autoinc` AS X SET `col_char_12_key` = 4239851520 WHERE X.`pk` = ( SELECT `col_int_key` FROM `table2_innodb_key_pk_parts_2_int_autoinc` WHERE `pk` = 153 ) ORDER BY `col_char_12`,`col_char_12_key`,`col_int`,`col_int_key`,`pk` LIMIT 8
		   11 Query	UPDATE LOW_PRIORITY `table0_innodb_int_autoinc` AS X SET `col_int_key` = 34 WHERE X.`col_int_key` IN ( 'j', 't', 79, 1554644992, 3129081856 ) ORDER BY `col_char_12`,`col_char_12_key`,`col_int`,`col_int_key`,`pk` LIMIT 7
		   25 Query	SHOW WARNINGS
		   18 Query	REPLACE LOW_PRIORITY INTO `table0_innodb_key_pk_parts_2_int_autoinc` ( `col_int` ) SELECT `col_int_key` FROM `table2_innodb_int_autoinc` AS X ORDER BY `col_char_12`,`col_char_12_key`,`col_int`,`col_int_key`,`pk` LIMIT 6
		   24 Query	DELETE LOW_PRIORITY FROM `table0_innodb_int_autoinc` WHERE `pk` IN ( SELECT `col_char_12_key` FROM `table2_innodb_key_pk_parts_2_int_autoinc` WHERE `pk` = 1431764992 ) ORDER BY `col_char_12`,`col_char_12_key`,`col_int`,`col_int_key`,`pk` LIMIT 1
		   25 Query	UPDATE LOW_PRIORITY `table10_innodb_int_autoinc` AS X SET `col_char_12` = 'b' WHERE X.`col_int_key` IN ( 7, 195, 1599930368, 7, 2 ) ORDER BY `col_char_12`,`col_char_12_key`,`col_int`,`col_int_key`,`pk` LIMIT 5
		   16 Query	SHOW WARNINGS
		   16 Query	DELETE LOW_PRIORITY QUICK FROM `table0_innodb_int_autoinc` WHERE `col_int_key` IN ( 0, 1413677056, 4, 328663040, 1 ) ORDER BY `col_char_12`,`col_char_12_key`,`col_int`,`col_int_key`,`pk` LIMIT 3
		   19 Query	SHOW WARNINGS
		   16 Query	DELETE LOW_PRIORITY QUICK FROM `table1_innodb_key_pk_parts_2_int_autoinc` WHERE `col_char_12_key` = 3 ORDER BY `col_char_12`,`col_char_12_key`,`col_int`,`col_int_key`,`pk` LIMIT 1
		   19 Query	INSERT LOW_PRIORITY IGNORE INTO `table0_innodb_int_autoinc` (`pk`) VALUES (NULL)
		   23 Query	SHOW WARNINGS
		   23 Query	UPDATE LOW_PRIORITY `table2_innodb_int_autoinc` AS X SET `col_char_12_key` = 'p' WHERE X.`col_int_key` BETWEEN 249 AND 2938175488 ORDER BY `col_char_12`,`col_char_12_key`,`col_int`,`col_int_key`,`pk` LIMIT 6
		   22 Query	SHOW WARNINGS
		   11 Query	SHOW WARNINGS
		   22 Query	DELETE LOW_PRIORITY FROM `table10_innodb_int_autoinc` WHERE `col_char_12_key` IN ( SELECT `col_int_key` FROM `table1_innodb_int_autoinc` WHERE `pk` = 0 ) ORDER BY `col_char_12`,`col_char_12_key`,`col_int`,`col_int_key`,`pk` LIMIT 4
		   11 Query	SELECT X.`pk` FROM `table2_innodb_key_pk_parts_2_int_autoinc` AS X WHERE X.`pk` IN ( 6, 'b', 'm', 4092788736, 76 ) LIMIT 7
		   16 Query	SHOW WARNINGS
		   21 Query	SHOW WARNINGS
		   16 Query	INSERT LOW_PRIORITY IGNORE INTO `table10_innodb_key_pk_parts_2_int_autoinc` ( `col_char_12`, `col_char_12_key` ) VALUES ( 7, 71 ), ( 2757754880, 3 )
		   21 Query	DELETE LOW_PRIORITY QUICK IGNORE FROM `table0_innodb_int_autoinc` WHERE `pk` = 3963682816 ORDER BY `col_char_12`,`col_char_12_key`,`col_int`,`col_int_key`,`pk` LIMIT 2
		   20 Query	SHOW WARNINGS
		   13 Query	SHOW WARNINGS
		   24 Query	SHOW WARNINGS
		   17 Query	FLUSH TABLE table2_innodb_key_pk_parts_2_int_autoinc FOR EXPORT
		   20 Query	UPDATE LOW_PRIORITY `table10_innodb_int_autoinc` AS X SET `col_char_12_key` = 832110592 WHERE X.`col_int_key` BETWEEN 3 AND 5 ORDER BY `col_char_12`,`col_char_12_key`,`col_int`,`col_int_key`,`pk` LIMIT 7
		   13 Query	SELECT X.`col_char_12_key` FROM `table10_innodb_key_pk_parts_2_int_autoinc` AS X LEFT JOIN `table2_innodb_key_pk_parts_2_int_autoinc` AS Y USING ( `col_int_key` ) LIMIT 5
		   24 Query	SELECT X.`col_int` FROM `table0_innodb_int_autoinc` AS X WHERE X.`col_char_12_key` < 2 LIMIT 6 FOR UPDATE
		   13 Query	DELETE LOW_PRIORITY FROM `table2_innodb_key_pk_parts_2_int_autoinc` WHERE `col_int_key` IN ( SELECT `col_char_12_key` FROM `table2_innodb_key_pk_parts_2_int_autoinc` WHERE `pk` = 144900096 ) ORDER BY `col_char_12`,`col_char_12_key`,`col_int`,`col_int_key`,`pk` LIMIT 1
		   24 Query	SELECT X.`pk` FROM `table2_innodb_int_autoinc` AS X LIMIT 6
		   18 Query	SHOW WARNINGS
		   18 Query	UPDATE LOW_PRIORITY IGNORE `table1_innodb_int_autoinc` AS X SET `col_char_12_key` = 632487936 WHERE X.`col_char_12_key` < 'p' ORDER BY `col_char_12`,`col_char_12_key`,`col_int`,`col_int_key`,`pk` LIMIT 7
		   21 Query	SHOW WARNINGS
		   25 Query	SHOW WARNINGS
		   15 Query	SHOW WARNINGS
		   21 Query	REPLACE LOW_PRIORITY INTO `table1_innodb_key_pk_parts_2_int_autoinc` ( `col_char_12_key` ) SELECT `col_char_12_key` FROM `table10_innodb_key_pk_parts_2_int_autoinc` AS X WHERE X.`col_int_key` BETWEEN 2 AND 7 ORDER BY `col_char_12`,`col_char_12_key`,`col_int`,`col_int_key`,`pk` LIMIT 8
		   24 Query	INSERT LOW_PRIORITY IGNORE INTO `table0_innodb_int_autoinc` ( `col_char_12`, `col_int` ) VALUES ( 24, 171 ), ( 54, 'n' )
		   22 Query	SHOW WARNINGS
		   15 Query	UPDATE LOW_PRIORITY `table2_innodb_key_pk_parts_2_int_autoinc` AS X SET `col_char_12` = 2610823168 WHERE X.`col_char_12_key` BETWEEN 1 AND 8 ORDER BY `col_char_12`,`col_char_12_key`,`col_int`,`col_int_key`,`pk` LIMIT 5
		   22 Query	SET AUTOCOMMIT=ON
		   25 Query	INSERT LOW_PRIORITY INTO `table2_innodb_int_autoinc` ( `col_char_12`, `col_char_12` ) VALUES ( 158, 187 ), ( 'i', 'q' )
		   24 Query	SHOW WARNINGS
		   22 Query	UPDATE LOW_PRIORITY IGNORE `table1_innodb_int_autoinc` AS X SET `col_int` = 'f' WHERE X.`col_char_12_key` BETWEEN 1 AND 6 ORDER BY `col_char_12`,`col_char_12_key`,`col_int`,`col_int_key`,`pk` LIMIT 6
		   25 Query	SELECT X.`col_char_12_key` FROM `table1_innodb_int_autoinc` AS X LEFT JOIN `table1_innodb_key_pk_parts_2_int_autoinc` AS Y USING ( `col_int_key` ) LIMIT 6
		   24 Query	UPDATE LOW_PRIORITY IGNORE `table10_innodb_key_pk_parts_2_int_autoinc` AS X SET `col_int` = 3 WHERE X.`col_int_key` < 2664890368 ORDER BY `col_char_12`,`col_char_12_key`,`col_int`,`col_int_key`,`pk` LIMIT 6
		   11 Query	DELETE LOW_PRIORITY FROM `table1_innodb_int_autoinc` WHERE `pk` = 'a' ORDER BY `col_char_12`,`col_char_12_key`,`col_int`,`col_int_key`,`pk` LIMIT 2
		   20 Query	SHOW WARNINGS
		   21 Query	SHOW WARNINGS
		   21 Query	INSERT LOW_PRIORITY IGNORE INTO `table2_innodb_int_autoinc` (`pk`) VALUES (NULL)
		   20 Query	SET AUTOCOMMIT=ON
		   25 Query	SAVEPOINT A
		   20 Query	DELETE LOW_PRIORITY QUICK IGNORE FROM `table10_innodb_int_autoinc` WHERE `col_char_12_key` BETWEEN 3 AND 8 ORDER BY `col_char_12`,`col_char_12_key`,`col_int`,`col_int_key`,`pk` LIMIT 2
		   25 Query	INSERT LOW_PRIORITY INTO `table1_innodb_key_pk_parts_2_int_autoinc` ( `col_char_12`, `col_int_key` ) VALUES ( 7, 'm' ), ( 3, 85 )
		   24 Query	SHOW WARNINGS
		   24 Query	UPDATE LOW_PRIORITY `table10_innodb_key_pk_parts_2_int_autoinc` AS X SET `col_char_12_key` = 2788425728 WHERE X.`pk` BETWEEN 4 AND 6 ORDER BY `col_char_12`,`col_char_12_key`,`col_int`,`col_int_key`,`pk` LIMIT 6
		   24 Query	SHOW WARNINGS
		   24 Query	SELECT * FROM `table0_innodb_int_autoinc` AS X LEFT JOIN `table2_innodb_key_pk_parts_2_int_autoinc` AS Y USING ( `col_int_key` ) LIMIT 8 FOR UPDATE
		   14 Query	UNLOCK TABLES
		   14 Query	FLUSH TABLE table1_innodb_int_autoinc FOR EXPORT
		   12 Query	SELECT ( SELECT `pk` FROM `table1_innodb_int_autoinc` WHERE `pk` = 2482503680 ) FROM `table100_innodb_int_autoinc` AS X LEFT JOIN `table2_innodb_key_pk_parts_2_int_autoinc` AS Y USING ( `col_int_key` ) LIMIT 8
		   22 Query	UPDATE LOW_PRIORITY IGNORE `table1_innodb_int_autoinc` AS X SET `col_char_12` = 116 WHERE X.`col_int_key` < 22 ORDER BY `col_char_12`,`col_char_12_key`,`col_int`,`col_int_key`,`pk` LIMIT 5
		   12 Query	SELECT X.`pk` FROM `table100_innodb_int_autoinc` AS X WHERE X.`col_int_key` = ( SELECT `pk` FROM `table0_innodb_key_pk_parts_2_int_autoinc` WHERE `pk` = 'n' ) LIMIT 8
		   12 Query	DELETE LOW_PRIORITY FROM `table0_innodb_int_autoinc` WHERE `col_int_key` IN ( 'x', 3, 1419509760, 2, 63 ) ORDER BY `col_char_12`,`col_char_12_key`,`col_int`,`col_int_key`,`pk` LIMIT 2
		   11 Query	SHOW WARNINGS
		   23 Query	SHOW WARNINGS
		   25 Query	SHOW WARNINGS
		   23 Query	DELETE LOW_PRIORITY IGNORE FROM `table10_innodb_key_pk_parts_2_int_autoinc` WHERE `col_char_12_key` IN ( SELECT `col_int_key` FROM `table0_innodb_int_autoinc` WHERE `pk` = 3565748224 ) ORDER BY `col_char_12`,`col_char_12_key`,`col_int`,`col_int_key`,`pk` LIMIT 1
		   11 Query	INSERT LOW_PRIORITY INTO `table0_innodb_int_autoinc` (`pk`) VALUES (NULL)
		   16 Query	SELECT X.`col_char_12_key` FROM `table2_innodb_int_autoinc` AS X WHERE X.`col_int_key` BETWEEN 1 AND 6 LIMIT 5
		   25 Query	SELECT * FROM `table2_innodb_key_pk_parts_2_int_autoinc` AS X LEFT JOIN `table1_innodb_int_autoinc` AS Y USING ( `col_int_key` ) LIMIT 5
		   21 Query	SELECT X.`pk` FROM `table1_innodb_key_pk_parts_2_int_autoinc` AS X LEFT JOIN `table100_innodb_int_autoinc` AS Y USING ( `col_int_key` ) WHERE X.`col_int_key` IN ( 152, 1305739264, 'z', 154, 'p' ) LIMIT 7
		   16 Query	INSERT LOW_PRIORITY INTO `table2_innodb_int_autoinc` ( `col_int`, `col_char_12_key` ) VALUES ( 's', 3 ), ( 121, 7 )
		   25 Query	SELECT X.`pk` FROM `table0_innodb_key_pk_parts_2_int_autoinc` AS X LEFT JOIN `table10_innodb_int_autoinc` AS Y USING ( `col_int_key` ) WHERE X.`col_int_key` BETWEEN 3 AND 6 LIMIT 6
		   25 Query	UPDATE LOW_PRIORITY IGNORE `table100_innodb_int_autoinc` AS X SET `col_char_12` = 'j' ORDER BY `col_char_12`,`col_char_12_key`,`col_int`,`col_int_key`,`pk` LIMIT 5
		   21 Query	UPDATE LOW_PRIORITY `table0_innodb_int_autoinc` AS X SET `col_int` = 2801336320 WHERE X.`pk` IN ( 'q', 'c', 1, 7, 'm' ) ORDER BY `col_char_12`,`col_char_12_key`,`col_int`,`col_int_key`,`pk` LIMIT 8
		   20 Query	SHOW WARNINGS
		   18 Query	SHOW WARNINGS
		   18 Query	SELECT X.`col_char_12_key` FROM `table2_innodb_int_autoinc` AS X LEFT JOIN `table100_innodb_key_pk_parts_2_int_autoinc` AS Y USING ( `pk` ) LIMIT 5
		   20 Query	SELECT ( SELECT `col_char_12_key` FROM `table100_innodb_key_pk_parts_2_int_autoinc` WHERE `pk` = 4021878784 ) FROM `table100_innodb_int_autoinc` AS X LEFT JOIN `table10_innodb_key_pk_parts_2_int_autoinc` AS Y USING ( `col_char_12_key` ) WHERE X.`col_int_key` BETWEEN 211 AND 2679046144 LIMIT 8
150425  6:40:44	   18 Query	SELECT X.`col_char_12_key` FROM `table2_innodb_key_pk_parts_2_int_autoinc` AS X WHERE X.`col_char_12_key` < 182 LIMIT 7
		   20 Query	COMMIT
		   20 Query	SET TRANSACTION ISOLATION LEVEL REPEATABLE READ
		   18 Query	INSERT LOW_PRIORITY INTO `table0_innodb_key_pk_parts_2_int_autoinc` ( `col_char_12` ) SELECT `col_int_key` FROM `table10_innodb_int_autoinc` AS X ORDER BY `col_char_12`,`col_char_12_key`,`col_int`,`col_int_key`,`pk` LIMIT 5
		   20 Query	UPDATE LOW_PRIORITY IGNORE `table1_innodb_int_autoinc` AS X SET `col_int` = 6 WHERE X.`pk` < 3100835840 ORDER BY `col_char_12`,`col_char_12_key`,`col_int`,`col_int_key`,`pk` LIMIT 8
		   17 Query	UNLOCK TABLES
		   13 Query	DELETE LOW_PRIORITY IGNORE FROM `table0_innodb_key_pk_parts_2_int_autoinc` ORDER BY `col_char_12`,`col_char_12_key`,`col_int`,`col_int_key`,`pk` LIMIT 3
		   24 Query	UPDATE LOW_PRIORITY `table100_innodb_key_pk_parts_2_int_autoinc` AS X SET `col_char_12` = 185 ORDER BY `col_char_12`,`col_char_12_key`,`col_int`,`col_int_key`,`pk` LIMIT 7
		   26 Query	SHOW WARNINGS
		   16 Query	SHOW WARNINGS
		   17 Query	FLUSH TABLE table100_innodb_int_autoinc, table100_innodb_key_pk_parts_2_int_autoinc, table2_innodb_key_pk_parts_2_int_autoinc FOR EXPORT
		   18 Query	SHOW WARNINGS
		   25 Query	SHOW WARNINGS
		   16 Query	ROLLBACK
		   26 Query	SELECT X.`pk` FROM `table2_innodb_int_autoinc` AS X LEFT JOIN `table2_innodb_int_autoinc` AS Y USING ( `col_int_key` ) WHERE X.`pk` < 172 LIMIT 5 LOCK IN SHARE MODE
		   16 Query	SET TRANSACTION ISOLATION LEVEL SERIALIZABLE
		   18 Query	UPDATE LOW_PRIORITY IGNORE `table100_innodb_key_pk_parts_2_int_autoinc` AS X SET `col_int` = 29 WHERE X.`pk` BETWEEN 223 AND 2662465536 ORDER BY `col_char_12`,`col_char_12_key`,`col_int`,`col_int_key`,`pk` LIMIT 5
		   16 Query	UPDATE LOW_PRIORITY `table100_innodb_key_pk_parts_2_int_autoinc` AS X SET `col_char_12` = 'u' ORDER BY `col_char_12`,`col_char_12_key`,`col_int`,`col_int_key`,`pk` LIMIT 7
		   26 Query	DELETE LOW_PRIORITY QUICK IGNORE FROM `table100_innodb_key_pk_parts_2_int_autoinc` WHERE `col_int_key` IN ( SELECT `col_char_12_key` FROM `table10_innodb_int_autoinc` WHERE `pk` = 2057043968 ) ORDER BY `col_char_12`,`col_char_12_key`,`col_int`,`col_int_key`,`pk` LIMIT 1
		   25 Query	SELECT X.`pk` FROM `table1_innodb_key_pk_parts_2_int_autoinc` AS X WHERE X.`pk` BETWEEN 29 AND 2808938496 LIMIT 5
		   25 Query	DELETE LOW_PRIORITY IGNORE FROM `table0_innodb_key_pk_parts_2_int_autoinc` WHERE `col_int_key` = 6 ORDER BY `col_char_12`,`col_char_12_key`,`col_int`,`col_int_key`,`pk` LIMIT 1
		   24 Query	SHOW WARNINGS
		   24 Query	UPDATE LOW_PRIORITY IGNORE `table0_innodb_int_autoinc` AS X SET `col_char_12` = 3 WHERE X.`col_char_12_key` < 50 ORDER BY `col_char_12`,`col_char_12_key`,`col_int`,`col_int_key`,`pk` LIMIT 6
		   24 Query	SHOW WARNINGS
		   24 Query	INSERT LOW_PRIORITY INTO `table0_innodb_int_autoinc` (`pk`) VALUES (NULL)
		   24 Query	REPLACE LOW_PRIORITY INTO `table0_innodb_key_pk_parts_2_int_autoinc` (`pk`) VALUES (NULL)
		   23 Query	SELECT X.`pk` FROM `table0_innodb_int_autoinc` AS X LEFT JOIN `table100_innodb_int_autoinc` AS Y USING ( `pk` ) LIMIT 5 LOCK IN SHARE MODE
		   23 Query	SELECT X.`col_char_12` FROM `table2_innodb_int_autoinc` AS X WHERE X.`col_char_12_key` BETWEEN 2 AND 6 LIMIT 7 FOR UPDATE
		   23 Query	DELETE LOW_PRIORITY FROM `table10_innodb_key_pk_parts_2_int_autoinc` ORDER BY `col_char_12`,`col_char_12_key`,`col_int`,`col_int_key`,`pk` LIMIT 2
		   13 Query	SHOW WARNINGS
		   13 Query	DELETE LOW_PRIORITY QUICK IGNORE FROM `table100_innodb_key_pk_parts_2_int_autoinc` WHERE `col_int_key` IN ( SELECT `col_char_12_key` FROM `table0_innodb_int_autoinc` WHERE `pk` = 8 ) ORDER BY `col_char_12`,`col_char_12_key`,`col_int`,`col_int_key`,`pk` LIMIT 2
		   24 Query	DELETE LOW_PRIORITY QUICK FROM `table10_innodb_key_pk_parts_2_int_autoinc` ORDER BY `col_char_12`,`col_char_12_key`,`col_int`,`col_int_key`,`pk` LIMIT 3
		   24 Query	SHOW WARNINGS
		   24 Query	REPLACE LOW_PRIORITY INTO `table1_innodb_int_autoinc` ( `col_int`, `col_int_key` ) VALUES ( 3728801792, 7 ), ( 'u', 3936616448 )
		   14 Query	UNLOCK TABLES
		   14 Query	ANALYZE TABLE `table10_innodb_key_pk_parts_2_int_autoinc` PERSISTENT FOR COLUMNS ( `col_char_12_key` ) INDEXES ALL
		   24 Query	SHOW WARNINGS
		   24 Query	UPDATE LOW_PRIORITY IGNORE `table100_innodb_int_autoinc` AS X SET `col_char_12` = 2186412032 ORDER BY `col_char_12`,`col_char_12_key`,`col_int`,`col_int_key`,`pk` LIMIT 8
		   25 Query	SHOW WARNINGS
		   22 Query	SHOW WARNINGS
		   15 Query	SHOW WARNINGS
		   25 Query	UPDATE LOW_PRIORITY IGNORE `table100_innodb_key_pk_parts_2_int_autoinc` AS X SET `col_char_12_key` = 2809659392 WHERE X.`pk` BETWEEN 136 AND 1970143232 ORDER BY `col_char_12`,`col_char_12_key`,`col_int`,`col_int_key`,`pk` LIMIT 6
		   22 Query	UPDATE LOW_PRIORITY `table1_innodb_key_pk_parts_2_int_autoinc` AS X SET `col_int_key` = 240 WHERE X.`pk` < 227 ORDER BY `col_char_12`,`col_char_12_key`,`col_int`,`col_int_key`,`pk` LIMIT 6
		   15 Query	SELECT ( SELECT `col_int_key` FROM `table2_innodb_key_pk_parts_2_int_autoinc` WHERE `pk` = 50 ) FROM `table10_innodb_int_autoinc` AS X LEFT JOIN `table10_innodb_key_pk_parts_2_int_autoinc` AS Y USING ( `pk` ) WHERE X.`col_char_12_key` BETWEEN 4 AND 6 LIMIT 6
150425  6:40:45	   15 Query	SELECT X.`col_char_12_key` FROM `table10_innodb_key_pk_parts_2_int_autoinc` AS X WHERE X.`col_int_key` < 3321298944 LIMIT 5
		   15 Query	INSERT LOW_PRIORITY INTO `table0_innodb_key_pk_parts_2_int_autoinc` ( `col_int` ) SELECT `pk` FROM `table100_innodb_int_autoinc` AS X ORDER BY `col_char_12`,`col_char_12_key`,`col_int`,`col_int_key`,`pk` LIMIT 7
		   22 Query	SHOW WARNINGS
		   24 Query	SELECT ( SELECT `col_int_key` FROM `table1_innodb_int_autoinc` WHERE `pk` = 't' ) FROM `table0_innodb_key_pk_parts_2_int_autoinc` AS X WHERE X.`col_int_key` = ( SELECT `pk` FROM `table10_innodb_key_pk_parts_2_int_autoinc` WHERE `pk` = 5 ) LIMIT 7
		   19 Query	UPDATE LOW_PRIORITY IGNORE `table100_innodb_int_autoinc` AS X SET `col_int_key` = 'x' WHERE X.`col_int_key` = ( SELECT `col_int_key` FROM `table10_innodb_key_pk_parts_2_int_autoinc` WHERE `pk` = 99876864 ) ORDER BY `col_char_12`,`col_char_12_key`,`col_int`,`col_int_key`,`pk` LIMIT 7
		   22 Query	UPDATE LOW_PRIORITY `table100_innodb_key_pk_parts_2_int_autoinc` AS X SET `col_int` = 982974464 WHERE X.`col_int_key` = ( SELECT `pk` FROM `table0_innodb_key_pk_parts_2_int_autoinc` WHERE `pk` = 'o' ) ORDER BY `col_char_12`,`col_char_12_key`,`col_int`,`col_int_key`,`pk` LIMIT 6
		   20 Query	SHOW WARNINGS
		   20 Query	INSERT LOW_PRIORITY INTO `table100_innodb_int_autoinc` ( `col_int_key`, `col_int_key` ) VALUES ( 5, 'z' ), ( 39, 3 )
		   24 Query	DELETE LOW_PRIORITY QUICK FROM `table1_innodb_key_pk_parts_2_int_autoinc` WHERE `col_int_key` = 'c' ORDER BY `col_char_12`,`col_char_12_key`,`col_int`,`col_int_key`,`pk` LIMIT 4
		   11 Query	DELETE LOW_PRIORITY IGNORE FROM `table2_innodb_int_autoinc` WHERE `pk` IN ( SELECT `col_int_key` FROM `table100_innodb_key_pk_parts_2_int_autoinc` WHERE `pk` = 2433941504 ) ORDER BY `col_char_12`,`col_char_12_key`,`col_int`,`col_int_key`,`pk` LIMIT 3
		   12 Query	SHOW WARNINGS
		   12 Query	SELECT X.`pk` FROM `table0_innodb_int_autoinc` AS X WHERE X.`col_int_key` < 's' LIMIT 6
		   12 Query	SHOW WARNINGS
		   23 Query	SHOW WARNINGS
		   15 Query	SHOW WARNINGS
		   12 Query	SELECT X.`pk` FROM `table10_innodb_key_pk_parts_2_int_autoinc` AS X LEFT JOIN `table1_innodb_int_autoinc` AS Y USING ( `col_int_key` ) WHERE X.`pk` BETWEEN 3 AND 8 LIMIT 7 FOR UPDATE
		   15 Query	UPDATE LOW_PRIORITY IGNORE `table10_innodb_key_pk_parts_2_int_autoinc` AS X SET `col_char_12_key` = 3440377856 WHERE X.`pk` BETWEEN 65 AND 3606315008 ORDER BY `col_char_12`,`col_char_12_key`,`col_int`,`col_int_key`,`pk` LIMIT 7
		   23 Query	UPDATE LOW_PRIORITY IGNORE `table100_innodb_key_pk_parts_2_int_autoinc` AS X SET `col_int_key` = 'n' WHERE X.`pk` IN ( 596443136, 4, 'r', 186, 182 ) ORDER BY `col_char_12`,`col_char_12_key`,`col_int`,`col_int_key`,`pk` LIMIT 7
		   24 Query	SHOW WARNINGS
		   24 Query	SELECT X.`col_int_key` FROM `table2_innodb_key_pk_parts_2_int_autoinc` AS X LEFT JOIN `table10_innodb_int_autoinc` AS Y USING ( `pk` ) WHERE X.`col_char_12_key` BETWEEN 113 AND 2430337024 LIMIT 8
		   24 Query	UPDATE LOW_PRIORITY `table100_innodb_int_autoinc` AS X SET `col_char_12` = 1498480640 WHERE X.`col_char_12_key` BETWEEN 1 AND 5 ORDER BY `col_char_12`,`col_char_12_key`,`col_int`,`col_int_key`,`pk` LIMIT 6
		   14 Query	SELECT ID INTO @thread_id FROM INFORMATION_SCHEMA.PROCESSLIST ORDER BY RAND() LIMIT 1
		   12 Query	DELETE LOW_PRIORITY QUICK FROM `table1_innodb_int_autoinc` WHERE `pk` BETWEEN 1 AND 7 ORDER BY `col_char_12`,`col_char_12_key`,`col_int`,`col_int_key`,`pk` LIMIT 4
		   14 Query	EXECUTE show_expl_stmt USING @thread_id
150425  6:40:46	   14 Execute	SHOW EXPLAIN FOR 12
		   12 Query	SHOW WARNINGS
		   11 Query	SHOW WARNINGS
		   14 Query	SHOW WARNINGS
		   21 Query	SHOW WARNINGS
		   11 Query	INSERT LOW_PRIORITY INTO `table2_innodb_int_autoinc` ( `col_int`, `col_int` ) VALUES ( 199, 'f' ), ( 183, 's' )
		   12 Query	DELETE LOW_PRIORITY FROM `table0_innodb_key_pk_parts_2_int_autoinc` WHERE `col_char_12_key` IN ( SELECT `col_char_12_key` FROM `table2_innodb_int_autoinc` WHERE `pk` = 71 ) ORDER BY `col_char_12`,`col_char_12_key`,`col_int`,`col_int_key`,`pk` LIMIT 4
		   14 Query	CREATE OR REPLACE TEMPORARY TABLE `create_or_replace_tmp` AS SELECT * FROM `table0_innodb_key_pk_parts_2_int_autoinc`
		   21 Query	UPDATE LOW_PRIORITY IGNORE `table100_innodb_int_autoinc` AS X SET `col_char_12_key` = 'v' WHERE X.`col_char_12_key` IN ( 'w', 4, 283836416, 121, 200 ) ORDER BY `col_char_12`,`col_char_12_key`,`col_int`,`col_int_key`,`pk` LIMIT 8
		   15 Query	SHOW WARNINGS
		   11 Query	INSERT LOW_PRIORITY INTO `table10_innodb_key_pk_parts_2_int_autoinc` ( `col_char_12_key`, `col_char_12_key` ) VALUES ( 93, 'q' ), ( 254, 5 )
		   15 Query	INSERT LOW_PRIORITY INTO `table2_innodb_key_pk_parts_2_int_autoinc` ( `col_int_key`, `col_int_key` ) VALUES ( 'v', 1514274816 ), ( 4050452480, 228 )
		   12 Query	SHOW WARNINGS
		   12 Query	UPDATE LOW_PRIORITY IGNORE `table1_innodb_key_pk_parts_2_int_autoinc` AS X SET `col_int` = 159 WHERE X.`col_char_12_key` BETWEEN 67 AND 2821259264 ORDER BY `col_char_12`,`col_char_12_key`,`col_int`,`col_int_key`,`pk` LIMIT 8
		   11 Query	SELECT X.`col_int_key` FROM `table1_innodb_key_pk_parts_2_int_autoinc` AS X LEFT JOIN `table10_innodb_int_autoinc` AS Y USING ( `pk` ) WHERE X.`pk` BETWEEN 251 AND 1049362432 LIMIT 7
		   11 Query	INSERT LOW_PRIORITY INTO `table1_innodb_int_autoinc` (`pk`) VALUES (NULL)
		   14 Query	SELECT ID INTO @thread_id FROM INFORMATION_SCHEMA.PROCESSLIST ORDER BY RAND() LIMIT 1
		   14 Query	EXECUTE show_expl_stmt USING @thread_id
		   17 Query	UNLOCK TABLES
		   20 Query	UPDATE LOW_PRIORITY IGNORE `table0_innodb_key_pk_parts_2_int_autoinc` AS X SET `col_char_12` = 137 WHERE X.`col_char_12_key` BETWEEN 142 AND 3725262848 ORDER BY `col_char_12`,`col_char_12_key`,`col_int`,`col_int_key`,`pk` LIMIT 8
		   15 Query	INSERT LOW_PRIORITY IGNORE INTO `table0_innodb_int_autoinc` (`pk`) VALUES (NULL)
		   17 Query	ANALYZE TABLE `table100_innodb_key_pk_parts_2_int_autoinc` PERSISTENT FOR COLUMNS ( ) INDEXES ALL
		   19 Query	SELECT ( SELECT `col_int_key` FROM `table10_innodb_key_pk_parts_2_int_autoinc` WHERE `pk` = 7 ) FROM `table10_innodb_key_pk_parts_2_int_autoinc` AS X WHERE X.`col_char_12_key` = ( SELECT `pk` FROM `table100_innodb_int_autoinc` WHERE `pk` = 3604348928 ) LIMIT 6 LOCK IN SHARE MODE
		   22 Query	UPDATE LOW_PRIORITY `table1_innodb_int_autoinc` AS X SET `col_int_key` = 3668443136 WHERE X.`pk` IN ( 'm', 3, 47, 7, 3 ) ORDER BY `col_char_12`,`col_char_12_key`,`col_int`,`col_int_key`,`pk` LIMIT 6
		   18 Query	SHOW WARNINGS
150425  6:40:47	   11 Query	UPDATE LOW_PRIORITY `table0_innodb_int_autoinc` AS X SET `col_int` = 2631139328 WHERE X.`col_char_12_key` BETWEEN 189 AND 690421760 ORDER BY `col_char_12`,`col_char_12_key`,`col_int`,`col_int_key`,`pk` LIMIT 7
		   19 Query	SELECT X.`col_char_12_key` FROM `table2_innodb_key_pk_parts_2_int_autoinc` AS X WHERE X.`pk` BETWEEN 3 AND 7 LIMIT 6
		   18 Query	REPLACE LOW_PRIORITY INTO `table100_innodb_key_pk_parts_2_int_autoinc` ( `col_char_12` ) SELECT `col_char_12_key` FROM `table1_innodb_key_pk_parts_2_int_autoinc` AS X WHERE X.`col_int_key` = ( SELECT `pk` FROM `table100_innodb_key_pk_parts_2_int_autoinc` WHERE `pk` = 'm' ) ORDER BY `col_char_12`,`col_char_12_key`,`col_int`,`col_int_key`,`pk` LIMIT 8
		   18 Query	SHOW WARNINGS
		   22 Query	SHOW WARNINGS
		   18 Query	UPDATE LOW_PRIORITY `table10_innodb_int_autoinc` AS X SET `col_char_12` = 5 WHERE X.`col_int_key` < 172 ORDER BY `col_char_12`,`col_char_12_key`,`col_int`,`col_int_key`,`pk` LIMIT 7
		   22 Query	UPDATE LOW_PRIORITY IGNORE `table100_innodb_int_autoinc` AS X SET `col_char_12_key` = 's' WHERE X.`pk` = ( SELECT `col_char_12_key` FROM `table10_innodb_int_autoinc` WHERE `pk` = 'v' ) ORDER BY `col_char_12`,`col_char_12_key`,`col_int`,`col_int_key`,`pk` LIMIT 8
		   22 Query	DELETE LOW_PRIORITY QUICK IGNORE FROM `table1_innodb_key_pk_parts_2_int_autoinc` WHERE `col_char_12_key` = 3636527104 ORDER BY `col_char_12`,`col_char_12_key`,`col_int`,`col_int_key`,`pk` LIMIT 3
		   15 Query	DELETE LOW_PRIORITY FROM `table2_innodb_key_pk_parts_2_int_autoinc` WHERE `pk` = 2776236032 ORDER BY `col_char_12`,`col_char_12_key`,`col_int`,`col_int_key`,`pk` LIMIT 2
		   15 Query	SHOW WARNINGS
		   25 Query	SHOW WARNINGS
		   15 Query	DELETE LOW_PRIORITY IGNORE FROM `table0_innodb_int_autoinc` WHERE `col_int_key` BETWEEN 2 AND 8 ORDER BY `col_char_12`,`col_char_12_key`,`col_int`,`col_int_key`,`pk` LIMIT 1
		   25 Query	DELETE LOW_PRIORITY FROM `table100_innodb_key_pk_parts_2_int_autoinc` WHERE `pk` IN ( 2908422144, 6, 1604583424, 8, 191 ) ORDER BY `col_char_12`,`col_char_12_key`,`col_int`,`col_int_key`,`pk` LIMIT 4
		   20 Query	SHOW WARNINGS
		   21 Query	SHOW WARNINGS
		   21 Query	INSERT LOW_PRIORITY INTO `table2_innodb_key_pk_parts_2_int_autoinc` ( `col_int_key` ) SELECT `col_char_12_key` FROM `table100_innodb_key_pk_parts_2_int_autoinc` AS X WHERE X.`pk` < 'x' ORDER BY `col_char_12`,`col_char_12_key`,`col_int`,`col_int_key`,`pk` LIMIT 7
		   26 Query	SHOW WARNINGS
		   26 Query	INSERT LOW_PRIORITY INTO `table10_innodb_key_pk_parts_2_int_autoinc` ( `col_char_12_key` ) SELECT `col_int_key` FROM `table10_innodb_key_pk_parts_2_int_autoinc` AS X WHERE X.`col_char_12_key` IN ( 0, 118, 'k', 3, 5 ) ORDER BY `col_char_12`,`col_char_12_key`,`col_int`,`col_int_key`,`pk` LIMIT 8
		   20 Query	SELECT X.`pk` FROM `table100_innodb_key_pk_parts_2_int_autoinc` AS X WHERE X.`pk` < 'u' LIMIT 8
		   25 Query	SHOW WARNINGS
		   25 Query	UPDATE LOW_PRIORITY `table0_innodb_key_pk_parts_2_int_autoinc` AS X SET `col_int` = 187 WHERE X.`col_char_12_key` BETWEEN 1 AND 7 ORDER BY `col_char_12`,`col_char_12_key`,`col_int`,`col_int_key`,`pk` LIMIT 8
		   20 Query	SHOW WARNINGS
		   20 Query	REPLACE LOW_PRIORITY INTO `table1_innodb_int_autoinc` ( `col_char_12` ) SELECT `col_int_key` FROM `table2_innodb_int_autoinc` AS X ORDER BY `col_char_12`,`col_char_12_key`,`col_int`,`col_int_key`,`pk` LIMIT 8
		   19 Query	REPLACE LOW_PRIORITY INTO `table0_innodb_key_pk_parts_2_int_autoinc` ( `col_int_key`, `col_int_key` ) VALUES ( 'q', 1683423232 ), ( 5, 204 )
		   24 Query	SHOW WARNINGS
		   24 Query	INSERT LOW_PRIORITY INTO `table10_innodb_key_pk_parts_2_int_autoinc` (`pk`) VALUES (NULL)
		   19 Query	DELETE LOW_PRIORITY IGNORE FROM `table10_innodb_key_pk_parts_2_int_autoinc` WHERE `col_int_key` IN ( 'r', 'o', 16, 6, 3 ) ORDER BY `col_char_12`,`col_char_12_key`,`col_int`,`col_int_key`,`pk` LIMIT 3
		   11 Query	SHOW WARNINGS
		   18 Query	SHOW WARNINGS
		   11 Query	REPLACE LOW_PRIORITY INTO `table10_innodb_int_autoinc` (`pk`) VALUES (NULL)
		   18 Query	DELETE LOW_PRIORITY IGNORE FROM `table2_innodb_key_pk_parts_2_int_autoinc` WHERE `col_int_key` BETWEEN 1 AND 7 ORDER BY `col_char_12`,`col_char_12_key`,`col_int`,`col_int_key`,`pk` LIMIT 3
		   16 Query	SHOW WARNINGS
		   15 Query	SHOW WARNINGS
		   25 Query	SHOW WARNINGS
		   26 Query	SHOW WARNINGS
		   20 Query	SHOW WARNINGS
		   15 Query	DELETE LOW_PRIORITY FROM `table10_innodb_int_autoinc` WHERE `pk` BETWEEN 2 AND 6 ORDER BY `col_char_12`,`col_char_12_key`,`col_int`,`col_int_key`,`pk` LIMIT 2
		   26 Query	REPLACE LOW_PRIORITY INTO `table2_innodb_int_autoinc` ( `col_int_key`, `col_char_12_key` ) VALUES ( 'r', 122 ), ( 1, 2637889536 )
		   25 Query	SELECT X.`col_char_12_key` FROM `table2_innodb_key_pk_parts_2_int_autoinc` AS X LEFT JOIN `table1_innodb_key_pk_parts_2_int_autoinc` AS Y USING ( `pk` ) WHERE X.`col_char_12_key` = ( SELECT `pk` FROM `table1_innodb_int_autoinc` WHERE `pk` = 'x' ) LIMIT 5
		   20 Query	INSERT LOW_PRIORITY IGNORE INTO `table0_innodb_int_autoinc` ( `col_int` ) SELECT `col_int_key` FROM `table100_innodb_key_pk_parts_2_int_autoinc` AS X WHERE X.`col_int_key` BETWEEN 1 AND 8 ORDER BY `col_char_12`,`col_char_12_key`,`col_int`,`col_int_key`,`pk` LIMIT 5
		   16 Query	INSERT LOW_PRIORITY INTO `table10_innodb_int_autoinc` ( `col_int_key`, `col_char_12` ) VALUES ( 150, 2015559680 ), ( 8, 3028025344 )
		   13 Query	SHOW WARNINGS
		   13 Query	DELETE LOW_PRIORITY IGNORE FROM `table0_innodb_int_autoinc` WHERE `col_char_12_key` IN ( SELECT `col_int_key` FROM `table0_innodb_int_autoinc` WHERE `pk` = 5 ) ORDER BY `col_char_12`,`col_char_12_key`,`col_int`,`col_int_key`,`pk` LIMIT 3
		   23 Query	SELECT X.`col_int_key` FROM `table10_innodb_key_pk_parts_2_int_autoinc` AS X LEFT JOIN `table2_innodb_int_autoinc` AS Y USING ( `col_char_12_key` ) LIMIT 5
		   13 Query	REPLACE LOW_PRIORITY INTO `table0_innodb_int_autoinc` ( `col_int_key` ) SELECT `col_char_12_key` FROM `table10_innodb_int_autoinc` AS X WHERE X.`col_char_12_key` BETWEEN 4 AND 6 ORDER BY `col_char_12`,`col_char_12_key`,`col_int`,`col_int_key`,`pk` LIMIT 5
		   15 Query	SHOW WARNINGS
		   21 Query	SHOW WARNINGS
		   15 Query	SELECT X.`col_int_key` FROM `table1_innodb_key_pk_parts_2_int_autoinc` AS X WHERE X.`col_char_12_key` < 'u' LIMIT 7
		   21 Query	SELECT X.`col_int_key` FROM `table10_innodb_key_pk_parts_2_int_autoinc` AS X WHERE X.`col_char_12_key` < 'n' LIMIT 5
		   11 Query	DELETE LOW_PRIORITY QUICK IGNORE FROM `table1_innodb_key_pk_parts_2_int_autoinc` WHERE `pk` BETWEEN 4 AND 5 ORDER BY `col_char_12`,`col_char_12_key`,`col_int`,`col_int_key`,`pk` LIMIT 1
		   23 Query	REPLACE LOW_PRIORITY INTO `table0_innodb_int_autoinc` ( `col_int`, `col_char_12` ) VALUES ( 2464219136, 92 ), ( 228, 119 )
		   21 Query	UPDATE LOW_PRIORITY `table2_innodb_int_autoinc` AS X SET `col_int_key` = 7 ORDER BY `col_char_12`,`col_char_12_key`,`col_int`,`col_int_key`,`pk` LIMIT 6
		   15 Query	INSERT LOW_PRIORITY IGNORE INTO `table100_innodb_int_autoinc` ( `col_char_12_key` ) SELECT `col_int_key` FROM `table2_innodb_int_autoinc` AS X ORDER BY `col_char_12`,`col_char_12_key`,`col_int`,`col_int_key`,`pk` LIMIT 7
		   18 Query	SHOW WARNINGS
		   18 Query	INSERT LOW_PRIORITY IGNORE INTO `table100_innodb_int_autoinc` ( `col_char_12_key`, `col_int_key` ) VALUES ( 120, 49 ), ( 98, 'a' )
		   26 Query	SHOW WARNINGS
		   26 Query	UPDATE LOW_PRIORITY `table0_innodb_int_autoinc` AS X SET `col_int` = 146 WHERE X.`col_int_key` BETWEEN 2 AND 7 ORDER BY `col_char_12`,`col_char_12_key`,`col_int`,`col_int_key`,`pk` LIMIT 8
		   24 Query	INSERT LOW_PRIORITY INTO `table2_innodb_key_pk_parts_2_int_autoinc` (`pk`) VALUES (NULL)
		   24 Query	DELETE LOW_PRIORITY FROM `table10_innodb_int_autoinc` WHERE `col_char_12_key` IN ( SELECT `col_char_12_key` FROM `table10_innodb_int_autoinc` WHERE `pk` = 39 ) ORDER BY `col_char_12`,`col_char_12_key`,`col_int`,`col_int_key`,`pk` LIMIT 2
		   24 Query	INSERT LOW_PRIORITY INTO `table100_innodb_key_pk_parts_2_int_autoinc` ( `col_char_12` ) SELECT `pk` FROM `table2_innodb_key_pk_parts_2_int_autoinc` AS X WHERE X.`pk` = ( SELECT `pk` FROM `table0_innodb_int_autoinc` WHERE `pk` = 5 ) ORDER BY `col_char_12`,`col_char_12_key`,`col_int`,`col_int_key`,`pk` LIMIT 8
		   24 Query	SHOW WARNINGS
		   25 Query	REPLACE LOW_PRIORITY INTO `table1_innodb_key_pk_parts_2_int_autoinc` (`pk`) VALUES (NULL)
		   24 Query	SELECT * FROM `table1_innodb_key_pk_parts_2_int_autoinc` AS X LEFT JOIN `table2_innodb_key_pk_parts_2_int_autoinc` AS Y USING ( `col_int_key` ) WHERE X.`col_int_key` = ( SELECT `col_int_key` FROM `table1_innodb_key_pk_parts_2_int_autoinc` WHERE `pk` = 66 ) LIMIT 7
		   24 Query	INSERT LOW_PRIORITY INTO `table0_innodb_int_autoinc` (`pk`) VALUES (NULL)
		   26 Query	SHOW WARNINGS
		   26 Query	REPLACE LOW_PRIORITY INTO `table2_innodb_int_autoinc` ( `col_int_key` ) SELECT `pk` FROM `table2_innodb_key_pk_parts_2_int_autoinc` AS X ORDER BY `col_char_12`,`col_char_12_key`,`col_int`,`col_int_key`,`pk` LIMIT 7
		   16 Query	INSERT LOW_PRIORITY INTO `table1_innodb_key_pk_parts_2_int_autoinc` ( `col_char_12_key` ) SELECT `col_int_key` FROM `table10_innodb_key_pk_parts_2_int_autoinc` AS X WHERE X.`col_int_key` = ( SELECT `col_char_12_key` FROM `table0_innodb_int_autoinc` WHERE `pk` = 'u' ) ORDER BY `col_char_12`,`col_char_12_key`,`col_int`,`col_int_key`,`pk` LIMIT 8
		   17 Query	SELECT ID INTO @thread_id FROM INFORMATION_SCHEMA.PROCESSLIST ORDER BY RAND() LIMIT 1
		   17 Query	EXECUTE show_expl_stmt USING @thread_id
		   17 Query	SELECT ID INTO @thread_id FROM INFORMATION_SCHEMA.PROCESSLIST ORDER BY RAND() LIMIT 1
		   17 Query	EXECUTE show_expl_stmt USING @thread_id
		   17 Query	ANALYZE TABLE `table10_innodb_key_pk_parts_2_int_autoinc` PERSISTENT FOR COLUMNS ALL INDEXES ( `pk` )
		   13 Query	SHOW WARNINGS
		   16 Query	SHOW WARNINGS
		   20 Query	SHOW WARNINGS
		   16 Query	UPDATE LOW_PRIORITY `table0_innodb_key_pk_parts_2_int_autoinc` AS X SET `col_int_key` = 't' WHERE X.`col_char_12_key` IN ( 3343319040, 8, 8, 'i', 'b' ) ORDER BY `col_char_12`,`col_char_12_key`,`col_int`,`col_int_key`,`pk` LIMIT 8
		   13 Query	SELECT X.`col_char_12_key` FROM `table2_innodb_int_autoinc` AS X LEFT JOIN `table10_innodb_int_autoinc` AS Y USING ( `col_char_12_key` ) WHERE X.`pk` IN ( 7, 1068564480, 4250992640, 4, 9 ) LIMIT 5 FOR UPDATE
		   20 Query	DELETE LOW_PRIORITY QUICK IGNORE FROM `table0_innodb_int_autoinc` WHERE `pk` = 7 ORDER BY `col_char_12`,`col_char_12_key`,`col_int`,`col_int_key`,`pk` LIMIT 1
		   17 Query	EXPLAIN EXTENDED DELETE LOW_PRIORITY IGNORE FROM `table2_innodb_key_pk_parts_2_int_autoinc` WHERE `col_char_12_key` = 3631415296 ORDER BY `col_char_12`,`col_char_12_key`,`col_int`,`col_int_key`,`pk` LIMIT 2
		   21 Query	SHOW WARNINGS
		   17 Query	SELECT ID INTO @thread_id FROM INFORMATION_SCHEMA.PROCESSLIST ORDER BY RAND() LIMIT 1
		   21 Query	SELECT X.`col_char_12_key` FROM `table1_innodb_int_autoinc` AS X LEFT JOIN `table1_innodb_key_pk_parts_2_int_autoinc` AS Y USING ( `pk` ) WHERE X.`col_char_12_key` BETWEEN 3 AND 6 LIMIT 7
		   17 Query	EXECUTE show_expl_stmt USING @thread_id
		   17 Query	EXPLAIN SELECT ( SELECT `pk` FROM `table0_innodb_key_pk_parts_2_int_autoinc` WHERE `pk` = 1 ) FROM `table10_innodb_int_autoinc` AS X LEFT JOIN `table0_innodb_int_autoinc` AS Y USING ( `pk` ) WHERE X.`pk` BETWEEN 3 AND 7 LIMIT 8
		   21 Query	UPDATE LOW_PRIORITY IGNORE `table2_innodb_int_autoinc` AS X SET `col_char_12` = 'h' WHERE X.`col_int_key` < 0 ORDER BY `col_char_12`,`col_char_12_key`,`col_int`,`col_int_key`,`pk` LIMIT 5
		   17 Query	SELECT ID INTO @thread_id FROM INFORMATION_SCHEMA.PROCESSLIST ORDER BY RAND() LIMIT 1
		   17 Query	EXECUTE show_expl_stmt USING @thread_id
		   17 Query	SELECT ID INTO @thread_id FROM INFORMATION_SCHEMA.PROCESSLIST ORDER BY RAND() LIMIT 1
		   17 Query	EXECUTE show_expl_stmt USING @thread_id
		   17 Query	SELECT ID INTO @thread_id FROM INFORMATION_SCHEMA.PROCESSLIST ORDER BY RAND() LIMIT 1
		   17 Query	EXECUTE show_expl_stmt USING @thread_id
		   17 Query	SELECT ID INTO @thread_id FROM INFORMATION_SCHEMA.PROCESSLIST ORDER BY RAND() LIMIT 1
		   17 Query	EXECUTE show_expl_stmt USING @thread_id
		   17 Query	EXPLAIN DELETE LOW_PRIORITY QUICK FROM `table1_innodb_int_autoinc` WHERE `col_int_key` IN ( 'f', 'e', 5, 214, 1117388800 ) ORDER BY `col_char_12`,`col_char_12_key`,`col_int`,`col_int_key`,`pk` LIMIT 3
		   17 Query	ANALYZE TABLE `table0_innodb_key_pk_parts_2_int_autoinc` PERSISTENT FOR ALL
		   20 Query	SHOW WARNINGS
		   23 Query	SHOW WARNINGS
		   16 Query	SHOW WARNINGS
		   23 Query	REPLACE LOW_PRIORITY INTO `table10_innodb_int_autoinc` (`pk`) VALUES (NULL)
150425  6:40:48	   24 Query	SELECT X.`col_char_12_key` FROM `table2_innodb_key_pk_parts_2_int_autoinc` AS X LIMIT 6
		   16 Query	UPDATE LOW_PRIORITY `table100_innodb_int_autoinc` AS X SET `col_char_12` = 9 WHERE X.`col_int_key` IN ( 'g', 'g', 67, 97, 244 ) ORDER BY `col_char_12`,`col_char_12_key`,`col_int`,`col_int_key`,`pk` LIMIT 6
		   20 Query	UPDATE LOW_PRIORITY `table2_innodb_int_autoinc` AS X SET `col_int_key` = 2169110528 WHERE X.`pk` BETWEEN 80 AND 2131820544 ORDER BY `col_char_12`,`col_char_12_key`,`col_int`,`col_int_key`,`pk` LIMIT 5
		   24 Query	DELETE LOW_PRIORITY FROM `table1_innodb_key_pk_parts_2_int_autoinc` WHERE `pk` IN ( SELECT `col_int_key` FROM `table1_innodb_int_autoinc` WHERE `pk` = 3857907712 ) ORDER BY `col_char_12`,`col_char_12_key`,`col_int`,`col_int_key`,`pk` LIMIT 1
		   14 Execute	SHOW EXPLAIN FOR 12
		   14 Query	SHOW WARNINGS
		   12 Query	SELECT * FROM `table100_innodb_key_pk_parts_2_int_autoinc` AS X LIMIT 5
		   14 Query	ANALYZE TABLE `table1_innodb_int_autoinc` PERSISTENT FOR COLUMNS ALL INDEXES ( `pk`, `col_char_12_key`, `pk`, `col_int_key` )
		   14 Query	EXPLAIN EXTENDED DELETE LOW_PRIORITY FROM `table1_innodb_key_pk_parts_2_int_autoinc` ORDER BY `col_char_12`,`col_char_12_key`,`col_int`,`col_int_key`,`pk` LIMIT 4
		   12 Query	COMMIT
		   12 Query	SET TRANSACTION ISOLATION LEVEL READ COMMITTED
		   14 Query	EXPLAIN EXTENDED UPDATE LOW_PRIORITY IGNORE `table2_innodb_key_pk_parts_2_int_autoinc` AS X SET `col_int` = 2140864512 WHERE X.`col_int_key` BETWEEN 201 AND 3609133056 ORDER BY `col_char_12`,`col_char_12_key`,`col_int`,`col_int_key`,`pk` LIMIT 7
		   12 Query	INSERT LOW_PRIORITY IGNORE INTO `table100_innodb_key_pk_parts_2_int_autoinc` (`pk`) VALUES (NULL)
		   12 Query	INSERT LOW_PRIORITY INTO `table1_innodb_key_pk_parts_2_int_autoinc` (`pk`) VALUES (NULL)
		   14 Query	EXPLAIN INSERT LOW_PRIORITY IGNORE INTO `table2_innodb_int_autoinc` ( `col_char_12_key`, `col_char_12_key` ) VALUES ( 1245773824, 'n' ), ( 119, 'u' )
		   12 Query	UPDATE LOW_PRIORITY IGNORE `table0_innodb_int_autoinc` AS X SET `col_int_key` = 138 ORDER BY `col_char_12`,`col_char_12_key`,`col_int`,`col_int_key`,`pk` LIMIT 7
		   14 Query	SELECT ID INTO @thread_id FROM INFORMATION_SCHEMA.PROCESSLIST ORDER BY RAND() LIMIT 1
		   12 Query	SELECT X.`col_int_key` FROM `table1_innodb_key_pk_parts_2_int_autoinc` AS X WHERE X.`pk` BETWEEN 2 AND 7 LIMIT 6
		   12 Query	SAVEPOINT A
		   14 Query	EXECUTE show_expl_stmt USING @thread_id
		   12 Query	SELECT ( SELECT `pk` FROM `table2_innodb_key_pk_parts_2_int_autoinc` WHERE `pk` = 9 ) FROM `table10_innodb_key_pk_parts_2_int_autoinc` AS X LEFT JOIN `table0_innodb_key_pk_parts_2_int_autoinc` AS Y USING ( `pk` ) WHERE X.`col_int_key` BETWEEN 4 AND 7 LIMIT 8 LOCK IN SHARE MODE
		   14 Query	ANALYZE TABLE `table100_innodb_key_pk_parts_2_int_autoinc` PERSISTENT FOR COLUMNS ALL INDEXES ALL
		   11 Query	SHOW WARNINGS
		   23 Query	INSERT LOW_PRIORITY IGNORE INTO `table10_innodb_key_pk_parts_2_int_autoinc` (`pk`) VALUES (NULL)
		   11 Query	INSERT LOW_PRIORITY IGNORE INTO `table1_innodb_key_pk_parts_2_int_autoinc` ( `col_char_12_key`, `col_char_12` ) VALUES ( 's', 9 ), ( 1, 3373006848 )
		   22 Query	UPDATE LOW_PRIORITY `table2_innodb_key_pk_parts_2_int_autoinc` AS X SET `col_char_12` = 8 WHERE X.`pk` < 4 ORDER BY `col_char_12`,`col_char_12_key`,`col_int`,`col_int_key`,`pk` LIMIT 5
		   25 Query	SHOW WARNINGS
		   25 Query	REPLACE LOW_PRIORITY INTO `table10_innodb_key_pk_parts_2_int_autoinc` ( `col_int` ) SELECT `col_char_12_key` FROM `table2_innodb_key_pk_parts_2_int_autoinc` AS X WHERE X.`col_char_12_key` BETWEEN 52 AND 3849125888 ORDER BY `col_char_12`,`col_char_12_key`,`col_int`,`col_int_key`,`pk` LIMIT 5
		   24 Query	SHOW WARNINGS
		   17 Query	FLUSH TABLE table2_innodb_int_autoinc FOR EXPORT
		   24 Query	REPLACE LOW_PRIORITY INTO `table0_innodb_int_autoinc` ( `col_char_12_key` ) SELECT `pk` FROM `table0_innodb_key_pk_parts_2_int_autoinc` AS X WHERE X.`col_char_12_key` IN ( 224, 5, 5, 2381709312, 'e' ) ORDER BY `col_char_12`,`col_char_12_key`,`col_int`,`col_int_key`,`pk` LIMIT 6
		   24 Query	SHOW WARNINGS
		   24 Query	DELETE LOW_PRIORITY FROM `table1_innodb_int_autoinc` WHERE `col_int_key` = 8 ORDER BY `col_char_12`,`col_char_12_key`,`col_int`,`col_int_key`,`pk` LIMIT 3
		   24 Query	SHOW WARNINGS
		   24 Query	INSERT LOW_PRIORITY INTO `table0_innodb_int_autoinc` ( `col_int_key`, `col_int_key` ) VALUES ( 0, 7 ), ( 3, 5 )
		   24 Query	INSERT LOW_PRIORITY INTO `table1_innodb_int_autoinc` (`pk`) VALUES (NULL)
		   24 Query	UPDATE LOW_PRIORITY IGNORE `table10_innodb_key_pk_parts_2_int_autoinc` AS X SET `col_int` = 6 WHERE X.`pk` BETWEEN 204 AND 1233649664 ORDER BY `col_char_12`,`col_char_12_key`,`col_int`,`col_int_key`,`pk` LIMIT 8
150425  6:40:49	   14 Query	EXPLAIN EXTENDED UPDATE LOW_PRIORITY IGNORE `table0_innodb_key_pk_parts_2_int_autoinc` AS X SET `col_char_12` = 's' WHERE X.`col_char_12_key` IN ( 'p', 208, 3, 'y', 2327314432 ) ORDER BY `col_char_12`,`col_char_12_key`,`col_int`,`col_int_key`,`pk` LIMIT 7
		   14 Query	EXPLAIN EXTENDED SELECT X.`pk` FROM `table2_innodb_int_autoinc` AS X LEFT JOIN `table2_innodb_int_autoinc` AS Y USING ( `pk` ) WHERE X.`pk` BETWEEN 202 AND 3264086016 LIMIT 8
		   14 Query	FLUSH TABLE table10_innodb_key_pk_parts_2_int_autoinc, table0_innodb_int_autoinc, table2_innodb_key_pk_parts_2_int_autoinc FOR EXPORT
150425  6:40:52	   73 Connect	root@localhost as anonymous on test
		   73 Query	set autocommit=1
		   73 Query	SHOW FULL PROCESSLIST
		   73 Quit	
		   74 Connect	root@localhost as anonymous on test
		   74 Query	set autocommit=1
		   74 Query	SHOW FULL PROCESSLIST
		   74 Quit	
150425  6:41:02	   75 Connect	root@localhost as anonymous on test
		   75 Query	set autocommit=1
		   75 Query	SHOW FULL PROCESSLIST
		   75 Quit	
		   76 Connect	root@localhost as anonymous on test
		   76 Query	set autocommit=1
		   76 Query	SHOW FULL PROCESSLIST
		   76 Quit	
150425  6:41:12	   77 Connect	root@localhost as anonymous on test
		   77 Query	set autocommit=1
		   77 Query	SHOW FULL PROCESSLIST
		   77 Query	KILL QUERY 11
		   77 Query	KILL QUERY 12
		   11 Query	DELETE LOW_PRIORITY FROM `table10_innodb_key_pk_parts_2_int_autoinc` WHERE `pk` = 55 ORDER BY `col_char_12`,`col_char_12_key`,`col_int`,`col_int_key`,`pk` LIMIT 4
		   77 Query	KILL QUERY 13
		   77 Query	KILL QUERY 14
		   77 Query	KILL QUERY 15
		   77 Query	KILL QUERY 16
		   14 Query	SHOW WARNINGS
		   12 Query	DELETE LOW_PRIORITY QUICK FROM `table100_innodb_int_autoinc` WHERE `col_char_12_key` = 1710620672 ORDER BY `col_char_12`,`col_char_12_key`,`col_int`,`col_int_key`,`pk` LIMIT 1
		   14 Query	UNLOCK TABLES
		   13 Query	SELECT * FROM `table100_innodb_int_autoinc` AS X WHERE X.`pk` = ( SELECT `col_int_key` FROM `table0_innodb_int_autoinc` WHERE `pk` = 213 ) LIMIT 5
		   15 Query	SELECT X.`pk` FROM `table10_innodb_int_autoinc` AS X WHERE X.`col_char_12_key` BETWEEN 1 AND 5 LIMIT 7
		   16 Query	INSERT LOW_PRIORITY IGNORE INTO `table0_innodb_key_pk_parts_2_int_autoinc` (`pk`) VALUES (NULL)
		   14 Query	CREATE OR REPLACE TEMPORARY TABLE `create_or_replace_tmp` LIKE `table10_innodb_int_autoinc`
		   13 Query	INSERT LOW_PRIORITY IGNORE INTO `table2_innodb_key_pk_parts_2_int_autoinc` ( `col_int`, `col_int` ) VALUES ( 22, 2605645824 ), ( 107, 225 )
		   77 Query	KILL QUERY 17
		   77 Query	KILL QUERY 18
		   77 Query	KILL QUERY 19
		   17 Query	UNLOCK TABLES
		   77 Query	KILL QUERY 20
		   77 Query	KILL QUERY 21
		   77 Query	KILL QUERY 22
		   18 Query	UPDATE LOW_PRIORITY IGNORE `table0_innodb_key_pk_parts_2_int_autoinc` AS X SET `col_int_key` = 179 WHERE X.`col_int_key` < 3654942720 ORDER BY `col_char_12`,`col_char_12_key`,`col_int`,`col_int_key`,`pk` LIMIT 7
		   77 Query	KILL QUERY 23
		   77 Query	KILL QUERY 24
		   17 Query	FLUSH TABLE table2_innodb_int_autoinc FOR EXPORT
		   13 Query	UPDATE LOW_PRIORITY IGNORE `table1_innodb_key_pk_parts_2_int_autoinc` AS X SET `col_int` = 254 WHERE X.`pk` IN ( 1021509632, 49, 2797207552, 'b', 178 ) ORDER BY `col_char_12`,`col_char_12_key`,`col_int`,`col_int_key`,`pk` LIMIT 6
		   77 Query	KILL QUERY 25
		   23 Query	SELECT X.`col_int_key` FROM `table10_innodb_key_pk_parts_2_int_autoinc` AS X WHERE X.`col_int_key` = ( SELECT `col_int_key` FROM `table100_innodb_key_pk_parts_2_int_autoinc` WHERE `pk` = 8 ) LIMIT 8
		   24 Query	DELETE LOW_PRIORITY QUICK FROM `table1_innodb_int_autoinc` WHERE `col_char_12_key` BETWEEN 4 AND 7 ORDER BY `col_char_12`,`col_char_12_key`,`col_int`,`col_int_key`,`pk` LIMIT 4
		   22 Query	UPDATE LOW_PRIORITY `table1_innodb_int_autoinc` AS X SET `col_char_12_key` = 3635347456 WHERE X.`col_char_12_key` = ( SELECT `pk` FROM `table2_innodb_int_autoinc` WHERE `pk` = 66 ) ORDER BY `col_char_12`,`col_char_12_key`,`col_int`,`col_int_key`,`pk` LIMIT 5
		   77 Query	KILL QUERY 26
		   77 Quit	
		   25 Query	INSERT LOW_PRIORITY INTO `table1_innodb_key_pk_parts_2_int_autoinc` (`pk`) VALUES (NULL)
		   78 Connect	root@localhost as anonymous on test
