		   21 Query	SELECT X.`pk` FROM `table10_innodb_int_autoinc` AS X LEFT JOIN `table0_innodb_int_autoinc` AS Y USING ( `col_char_12_key` ) WHERE X.`col_int_key` = ( SELECT `col_int_key` FROM `table1_innodb_key_pk_parts_2_int_autoinc` WHERE `pk` = 2349727744 ) LIMIT 6
		   23 Query	DELETE LOW_PRIORITY QUICK IGNORE FROM `table100_innodb_key_pk_parts_2_int_autoinc` WHERE `col_int_key` = 188 ORDER BY `col_char_12`,`col_char_12_key`,`col_int`,`col_int_key`,`pk` LIMIT 4
		   24 Query	UPDATE LOW_PRIORITY IGNORE `table0_innodb_key_pk_parts_2_int_autoinc` AS X SET `col_char_12_key` = 597557248 WHERE X.`col_int_key` IN ( 18, 252, 0, 2463563776, 2112815104 ) ORDER BY `col_char_12`,`col_char_12_key`,`col_int`,`col_int_key`,`pk` LIMIT 6
		   15 Query	UPDATE LOW_PRIORITY IGNORE `table100_innodb_key_pk_parts_2_int_autoinc` AS X SET `col_char_12` = 174 WHERE X.`pk` < 217 ORDER BY `col_char_12`,`col_char_12_key`,`col_int`,`col_int_key`,`pk` LIMIT 7
		   23 Query	SHOW WARNINGS
		   14 Execute	SHOW EXPLAIN FOR 13
		   14 Query	SHOW WARNINGS
		   13 Query	SET NAMES DEFAULT
		   23 Query	SELECT * FROM `table0_innodb_int_autoinc` AS X WHERE X.`col_int_key` BETWEEN 235 AND 3709272064 LIMIT 8 FOR UPDATE
		   13 Query	REPLACE LOW_PRIORITY INTO `table10_innodb_key_pk_parts_2_int_autoinc` ( `col_char_12_key` ) SELECT `col_char_12_key` FROM `table1_innodb_int_autoinc` AS X WHERE X.`col_char_12_key` BETWEEN 32 AND 1776418816 ORDER BY `col_char_12`,`col_char_12_key`,`col_int`,`col_int_key`,`pk` LIMIT 6
		   14 Query	CREATE OR REPLACE TEMPORARY TABLE `create_or_replace_tmp` AS SELECT * FROM `table1_innodb_key_pk_parts_2_int_autoinc`
		   23 Query	INSERT LOW_PRIORITY IGNORE INTO `table0_innodb_key_pk_parts_2_int_autoinc` (`pk`) VALUES (NULL)
		   21 Query	SELECT * FROM `table1_innodb_key_pk_parts_2_int_autoinc` AS X WHERE X.`col_int_key` IN ( 3862495232, 169, 180, 208, 4105240576 ) LIMIT 7 FOR UPDATE
		   17 Query	ANALYZE TABLE `table1_innodb_key_pk_parts_2_int_autoinc` PERSISTENT FOR COLUMNS ALL INDEXES ALL
150425  6:37:58	   15 Query	SHOW WARNINGS
		   19 Query	DELETE LOW_PRIORITY FROM `table1_innodb_int_autoinc` WHERE `pk` IN ( SELECT `pk` FROM `table2_innodb_key_pk_parts_2_int_autoinc` WHERE `pk` = 'z' ) ORDER BY `col_char_12`,`col_char_12_key`,`col_int`,`col_int_key`,`pk` LIMIT 1
		   15 Query	DELETE LOW_PRIORITY QUICK FROM `table1_innodb_key_pk_parts_2_int_autoinc` WHERE `col_char_12_key` IN ( SELECT `pk` FROM `table2_innodb_int_autoinc` WHERE `pk` = 'j' ) ORDER BY `col_char_12`,`col_char_12_key`,`col_int`,`col_int_key`,`pk` LIMIT 1
150425  6:38:01	   39 Connect	root@localhost as anonymous on test
		   39 Query	set autocommit=1
		   39 Query	SHOW FULL PROCESSLIST
		   39 Quit	
		   40 Connect	root@localhost as anonymous on test
		   40 Query	set autocommit=1
		   40 Query	SHOW FULL PROCESSLIST
		   40 Quit	
150425  6:38:11	   41 Connect	root@localhost as anonymous on test
		   41 Query	set autocommit=1
		   41 Query	SHOW FULL PROCESSLIST
		   41 Quit	
		   42 Connect	root@localhost as anonymous on test
		   42 Query	set autocommit=1
		   42 Query	SHOW FULL PROCESSLIST
		   42 Quit	
150425  6:38:21	   43 Connect	root@localhost as anonymous on test
		   43 Query	set autocommit=1
		   43 Query	SHOW FULL PROCESSLIST
		   43 Query	KILL QUERY 11
		   43 Query	KILL QUERY 12
		   11 Query	SELECT X.`col_char_12_key` FROM `table0_innodb_int_autoinc` AS X LEFT JOIN `table0_innodb_int_autoinc` AS Y USING ( `col_int_key` ) LIMIT 5
		   43 Query	KILL QUERY 13
		   43 Query	KILL QUERY 14
		   43 Query	KILL QUERY 15
		   43 Query	KILL QUERY 16
		   13 Query	SET NAMES DEFAULT
		   12 Query	UPDATE LOW_PRIORITY IGNORE `table10_innodb_key_pk_parts_2_int_autoinc` AS X SET `col_int_key` = 3248291840 WHERE X.`col_char_12_key` BETWEEN 50 AND 1648951296 ORDER BY `col_char_12`,`col_char_12_key`,`col_int`,`col_int_key`,`pk` LIMIT 6
		   15 Query	UPDATE LOW_PRIORITY `table10_innodb_int_autoinc` AS X SET `col_int_key` = 'v' WHERE X.`col_char_12_key` < 1156841472 ORDER BY `col_char_12`,`col_char_12_key`,`col_int`,`col_int_key`,`pk` LIMIT 5
		   11 Query	DELETE LOW_PRIORITY QUICK FROM `table1_innodb_int_autoinc` WHERE `col_int_key` = 2872311808 ORDER BY `col_char_12`,`col_char_12_key`,`col_int`,`col_int_key`,`pk` LIMIT 3
		   13 Query	UPDATE LOW_PRIORITY IGNORE `table0_innodb_int_autoinc` AS X SET `col_int` = 3674472448 ORDER BY `col_char_12`,`col_char_12_key`,`col_int`,`col_int_key`,`pk` LIMIT 5
		   43 Query	KILL QUERY 17
		   43 Query	KILL QUERY 18
		   43 Query	KILL QUERY 19
		   43 Query	KILL QUERY 20
		   43 Query	KILL QUERY 21
		   43 Query	KILL QUERY 22
		   18 Query	REPLACE LOW_PRIORITY INTO `table10_innodb_int_autoinc` ( `col_int_key` ) SELECT `pk` FROM `table2_innodb_int_autoinc` AS X ORDER BY `col_char_12`,`col_char_12_key`,`col_int`,`col_int_key`,`pk` LIMIT 5
		   43 Query	KILL QUERY 23
		   19 Query	REPLACE LOW_PRIORITY INTO `table100_innodb_int_autoinc` ( `col_int` ) SELECT `col_char_12_key` FROM `table1_innodb_int_autoinc` AS X WHERE X.`col_int_key` BETWEEN 4 AND 7 ORDER BY `col_char_12`,`col_char_12_key`,`col_int`,`col_int_key`,`pk` LIMIT 5
		   43 Query	KILL QUERY 24
		   20 Query	SELECT ( SELECT `col_char_12_key` FROM `table10_innodb_int_autoinc` WHERE `pk` = 'k' ) FROM `table10_innodb_key_pk_parts_2_int_autoinc` AS X WHERE X.`col_char_12_key` = ( SELECT `pk` FROM `table100_innodb_int_autoinc` WHERE `pk` = 9 ) LIMIT 8
		   24 Query	INSERT LOW_PRIORITY IGNORE INTO `table1_innodb_int_autoinc` ( `col_int_key`, `col_int` ) VALUES ( 4216913920, 'q' ), ( 248, 'd' )
		   43 Query	KILL QUERY 25
		   43 Query	KILL QUERY 26
		   44 Connect	root@localhost as anonymous on test
		   44 Query	set autocommit=1
		   26 Query	REPLACE LOW_PRIORITY INTO `table100_innodb_int_autoinc` ( `col_char_12_key` ) SELECT `col_char_12_key` FROM `table0_innodb_key_pk_parts_2_int_autoinc` AS X ORDER BY `col_char_12`,`col_char_12_key`,`col_int`,`col_int_key`,`pk` LIMIT 6
		   43 Quit	
		   44 Query	SHOW FULL PROCESSLIST
		   44 Quit	
150425  6:38:22	   16 Query	SELECT X.`pk` FROM `table1_innodb_key_pk_parts_2_int_autoinc` AS X LEFT JOIN `table100_innodb_int_autoinc` AS Y USING ( `col_char_12_key` ) WHERE X.`col_int_key` IN ( 1, 0, 4, 1358626816, 't' ) LIMIT 8
		   17 Query	SELECT ID INTO @thread_id FROM INFORMATION_SCHEMA.PROCESSLIST ORDER BY RAND() LIMIT 1
		   22 Query	UPDATE LOW_PRIORITY IGNORE `table1_innodb_int_autoinc` AS X SET `col_char_12_key` = 42 WHERE X.`col_int_key` < 0 ORDER BY `col_char_12`,`col_char_12_key`,`col_int`,`col_int_key`,`pk` LIMIT 7
		   21 Query	INSERT LOW_PRIORITY IGNORE INTO `table0_innodb_int_autoinc` ( `col_char_12` ) SELECT `pk` FROM `table0_innodb_int_autoinc` AS X ORDER BY `col_char_12`,`col_char_12_key`,`col_int`,`col_int_key`,`pk` LIMIT 7
		   12 Query	REPLACE LOW_PRIORITY INTO `table10_innodb_key_pk_parts_2_int_autoinc` (`pk`) VALUES (NULL)
		   25 Query	DELETE LOW_PRIORITY FROM `table0_innodb_int_autoinc` WHERE `pk` = 259063808 ORDER BY `col_char_12`,`col_char_12_key`,`col_int`,`col_int_key`,`pk` LIMIT 3
		   20 Query	UPDATE LOW_PRIORITY IGNORE `table10_innodb_key_pk_parts_2_int_autoinc` AS X SET `col_int_key` = 'j' WHERE X.`pk` < 'k' ORDER BY `col_char_12`,`col_char_12_key`,`col_int`,`col_int_key`,`pk` LIMIT 5
		   11 Query	SHOW WARNINGS
		   12 Query	INSERT LOW_PRIORITY IGNORE INTO `table100_innodb_int_autoinc` ( `col_char_12_key` ) SELECT `col_int_key` FROM `table0_innodb_int_autoinc` AS X WHERE X.`col_char_12_key` IN ( 183, 3, 'o', 82, 'n' ) ORDER BY `col_char_12`,`col_char_12_key`,`col_int`,`col_int_key`,`pk` LIMIT 6
		   11 Query	INSERT LOW_PRIORITY INTO `table1_innodb_key_pk_parts_2_int_autoinc` (`pk`) VALUES (NULL)
		   17 Query	EXECUTE show_expl_stmt USING @thread_id
		   17 Query	CREATE OR REPLACE TEMPORARY TABLE `create_or_replace_tmp` LIKE `table100_innodb_int_autoinc`
		   12 Query	SELECT X.`pk` FROM `table100_innodb_key_pk_parts_2_int_autoinc` AS X LEFT JOIN `table2_innodb_key_pk_parts_2_int_autoinc` AS Y USING ( `col_int_key` ) WHERE X.`col_int_key` BETWEEN 254 AND 3580428288 LIMIT 6
		   25 Query	SHOW WARNINGS
		   19 Query	SHOW WARNINGS
		   13 Query	SHOW WARNINGS
		   25 Query	SELECT * FROM `table0_innodb_int_autoinc` AS X LEFT JOIN `table10_innodb_int_autoinc` AS Y USING ( `col_int_key` ) WHERE X.`col_char_12_key` IN ( 5, 165, 6, 'p', 548405248 ) LIMIT 7 FOR UPDATE
		   13 Query	INSERT LOW_PRIORITY IGNORE INTO `table100_innodb_key_pk_parts_2_int_autoinc` ( `col_int_key`, `col_int_key` ) VALUES ( 'y', 'h' ), ( 2848587776, 1638137856 )
		   20 Query	SHOW WARNINGS
		   19 Query	REPLACE LOW_PRIORITY INTO `table0_innodb_int_autoinc` ( `col_int` ) SELECT `col_char_12_key` FROM `table0_innodb_key_pk_parts_2_int_autoinc` AS X WHERE X.`col_int_key` IN ( 'j', 189, 226, 209, 6 ) ORDER BY `col_char_12`,`col_char_12_key`,`col_int`,`col_int_key`,`pk` LIMIT 5
		   15 Query	SHOW WARNINGS
		   20 Query	UPDATE LOW_PRIORITY `table1_innodb_int_autoinc` AS X SET `col_char_12_key` = 230 WHERE X.`col_char_12_key` BETWEEN 1 AND 7 ORDER BY `col_char_12`,`col_char_12_key`,`col_int`,`col_int_key`,`pk` LIMIT 6
		   15 Query	UPDATE LOW_PRIORITY IGNORE `table0_innodb_key_pk_parts_2_int_autoinc` AS X SET `col_char_12_key` = 'f' WHERE X.`pk` BETWEEN 2 AND 6 ORDER BY `col_char_12`,`col_char_12_key`,`col_int`,`col_int_key`,`pk` LIMIT 6
		   13 Query	SELECT X.`col_char_12_key` FROM `table1_innodb_key_pk_parts_2_int_autoinc` AS X LEFT JOIN `table10_innodb_int_autoinc` AS Y USING ( `col_char_12_key` ) WHERE X.`col_char_12_key` IN ( 1899692032, 68, 8, 178, 188 ) LIMIT 8
		   14 Query	SELECT ID INTO @thread_id FROM INFORMATION_SCHEMA.PROCESSLIST ORDER BY RAND() LIMIT 1
		   12 Query	SELECT X.`col_char_12_key` FROM `table0_innodb_int_autoinc` AS X LEFT JOIN `table100_innodb_key_pk_parts_2_int_autoinc` AS Y USING ( `col_char_12_key` ) WHERE X.`pk` < 769654784 LIMIT 7
		   16 Query	INSERT LOW_PRIORITY INTO `table10_innodb_int_autoinc` ( `col_int_key` ) SELECT `pk` FROM `table100_innodb_int_autoinc` AS X ORDER BY `col_char_12`,`col_char_12_key`,`col_int`,`col_int_key`,`pk` LIMIT 7
		   13 Query	UPDATE LOW_PRIORITY IGNORE `table2_innodb_key_pk_parts_2_int_autoinc` AS X SET `col_char_12` = 74 WHERE X.`col_int_key` BETWEEN 133 AND 3346530304 ORDER BY `col_char_12`,`col_char_12_key`,`col_int`,`col_int_key`,`pk` LIMIT 7
		   11 Query	REPLACE LOW_PRIORITY INTO `table0_innodb_int_autoinc` ( `col_char_12_key`, `col_int` ) VALUES ( 4, 9 ), ( 6, 73 )
		   12 Query	UPDATE LOW_PRIORITY IGNORE `table0_innodb_int_autoinc` AS X SET `col_char_12_key` = 6 WHERE X.`col_char_12_key` IN ( 'e', 2267742208, 'p', 173, 3825336320 ) ORDER BY `col_char_12`,`col_char_12_key`,`col_int`,`col_int_key`,`pk` LIMIT 5
		   14 Query	EXECUTE show_expl_stmt USING @thread_id
		   12 Query	SELECT ( SELECT `col_char_12_key` FROM `table1_innodb_key_pk_parts_2_int_autoinc` WHERE `pk` = 93 ) FROM `table2_innodb_key_pk_parts_2_int_autoinc` AS X WHERE X.`pk` = ( SELECT `col_int_key` FROM `table100_innodb_int_autoinc` WHERE `pk` = 'd' ) LIMIT 8
		   12 Query	UPDATE LOW_PRIORITY `table100_innodb_int_autoinc` AS X SET `col_char_12` = 7 WHERE X.`col_int_key` = ( SELECT `col_char_12_key` FROM `table10_innodb_int_autoinc` WHERE `pk` = 7 ) ORDER BY `col_char_12`,`col_char_12_key`,`col_int`,`col_int_key`,`pk` LIMIT 7
		   12 Query	DELETE LOW_PRIORITY QUICK IGNORE FROM `table10_innodb_key_pk_parts_2_int_autoinc` WHERE `pk` IN ( 92, 3524132864, 2, 4, 215 ) ORDER BY `col_char_12`,`col_char_12_key`,`col_int`,`col_int_key`,`pk` LIMIT 2
		   12 Query	SELECT X.`pk` FROM `table2_innodb_key_pk_parts_2_int_autoinc` AS X LEFT JOIN `table10_innodb_key_pk_parts_2_int_autoinc` AS Y USING ( `col_char_12_key` ) WHERE X.`col_char_12_key` = ( SELECT `pk` FROM `table10_innodb_int_autoinc` WHERE `pk` = 142802944 ) LIMIT 5
		   12 Query	UPDATE LOW_PRIORITY IGNORE `table10_innodb_key_pk_parts_2_int_autoinc` AS X SET `col_int_key` = 524222464 WHERE X.`col_char_12_key` BETWEEN 206 AND 1289879552 ORDER BY `col_char_12`,`col_char_12_key`,`col_int`,`col_int_key`,`pk` LIMIT 5
		   12 Query	INSERT LOW_PRIORITY IGNORE INTO `table2_innodb_int_autoinc` ( `col_int_key`, `col_char_12` ) VALUES ( 211, 42 ), ( 3209887744, 2880831488 )
		   12 Query	REPLACE LOW_PRIORITY INTO `table10_innodb_key_pk_parts_2_int_autoinc` ( `col_char_12` ) SELECT `pk` FROM `table2_innodb_int_autoinc` AS X WHERE X.`col_int_key` IN ( 2, 44, 238616576, 't', 'o' ) ORDER BY `col_char_12`,`col_char_12_key`,`col_int`,`col_int_key`,`pk` LIMIT 7
		   12 Query	UPDATE LOW_PRIORITY IGNORE `table100_innodb_int_autoinc` AS X SET `col_char_12_key` = 5 WHERE X.`col_int_key` < 'q' ORDER BY `col_char_12`,`col_char_12_key`,`col_int`,`col_int_key`,`pk` LIMIT 5
		   12 Query	UPDATE LOW_PRIORITY `table1_innodb_int_autoinc` AS X SET `col_int_key` = 16 WHERE X.`col_char_12_key` BETWEEN 3 AND 7 ORDER BY `col_char_12`,`col_char_12_key`,`col_int`,`col_int_key`,`pk` LIMIT 5
		   12 Query	REPLACE LOW_PRIORITY INTO `table2_innodb_int_autoinc` (`pk`) VALUES (NULL)
		   12 Query	UPDATE LOW_PRIORITY IGNORE `table0_innodb_int_autoinc` AS X SET `col_int_key` = 5 WHERE X.`col_int_key` < 'h' ORDER BY `col_char_12`,`col_char_12_key`,`col_int`,`col_int_key`,`pk` LIMIT 6
		   12 Query	SELECT * FROM `table2_innodb_int_autoinc` AS X LEFT JOIN `table10_innodb_int_autoinc` AS Y USING ( `col_int_key` ) WHERE X.`col_char_12_key` BETWEEN 1 AND 6 LIMIT 8 LOCK IN SHARE MODE
		   12 Query	SELECT ( SELECT `col_char_12_key` FROM `table2_innodb_int_autoinc` WHERE `pk` = 5 ) FROM `table0_innodb_int_autoinc` AS X LEFT JOIN `table1_innodb_int_autoinc` AS Y USING ( `col_char_12_key` ) WHERE X.`pk` < 'l' LIMIT 5 FOR UPDATE
		   12 Query	SHOW WARNINGS
		   12 Query	DELETE LOW_PRIORITY FROM `table2_innodb_int_autoinc` WHERE `col_char_12_key` BETWEEN 1 AND 5 ORDER BY `col_char_12`,`col_char_12_key`,`col_int`,`col_int_key`,`pk` LIMIT 4
		   12 Query	UPDATE LOW_PRIORITY `table100_innodb_int_autoinc` AS X SET `col_int` = 'i' WHERE X.`pk` = ( SELECT `pk` FROM `table100_innodb_int_autoinc` WHERE `pk` = 1197146112 ) ORDER BY `col_char_12`,`col_char_12_key`,`col_int`,`col_int_key`,`pk` LIMIT 8
		   12 Query	UPDATE LOW_PRIORITY IGNORE `table100_innodb_int_autoinc` AS X SET `col_char_12` = 'q' ORDER BY `col_char_12`,`col_char_12_key`,`col_int`,`col_int_key`,`pk` LIMIT 7
		   12 Query	SELECT ( SELECT `col_int_key` FROM `table1_innodb_key_pk_parts_2_int_autoinc` WHERE `pk` = 4218486784 ) FROM `table100_innodb_int_autoinc` AS X LEFT JOIN `table10_innodb_key_pk_parts_2_int_autoinc` AS Y USING ( `col_int_key` ) WHERE X.`col_int_key` IN ( 2, 'v', 1459748864, 62, 4 ) LIMIT 5
		   21 Query	SHOW WARNINGS
		   21 Query	SELECT X.`pk` FROM `table10_innodb_int_autoinc` AS X WHERE X.`col_char_12_key` IN ( 129, 4, 'q', 8, 4 ) LIMIT 8
		   21 Query	REPLACE LOW_PRIORITY INTO `table2_innodb_key_pk_parts_2_int_autoinc` (`pk`) VALUES (NULL)
		   23 Query	REPLACE LOW_PRIORITY INTO `table1_innodb_key_pk_parts_2_int_autoinc` ( `col_char_12_key`, `col_char_12_key` ) VALUES ( 145, 2 ), ( 6, 2287403008 )
		   23 Query	DELETE LOW_PRIORITY FROM `table0_innodb_key_pk_parts_2_int_autoinc` WHERE `pk` IN ( 'x', 0, 24, 112721920, 'o' ) ORDER BY `col_char_12`,`col_char_12_key`,`col_int`,`col_int_key`,`pk` LIMIT 4
		   17 Query	INSERT INTO `create_or_replace_tmp` SELECT * FROM `table2_innodb_key_pk_parts_2_int_autoinc`
		   11 Query	DELETE LOW_PRIORITY IGNORE FROM `table2_innodb_key_pk_parts_2_int_autoinc` WHERE `col_char_12_key` = 193 ORDER BY `col_char_12`,`col_char_12_key`,`col_int`,`col_int_key`,`pk` LIMIT 4
		   18 Query	SHOW WARNINGS
		   13 Query	SHOW WARNINGS
		   12 Query	DELETE LOW_PRIORITY FROM `table0_innodb_key_pk_parts_2_int_autoinc` WHERE `col_int_key` IN ( SELECT `pk` FROM `table1_innodb_key_pk_parts_2_int_autoinc` WHERE `pk` = 6 ) ORDER BY `col_char_12`,`col_char_12_key`,`col_int`,`col_int_key`,`pk` LIMIT 3
		   18 Query	UPDATE LOW_PRIORITY IGNORE `table10_innodb_key_pk_parts_2_int_autoinc` AS X SET `col_int_key` = 1 WHERE X.`col_char_12_key` BETWEEN 220 AND 1792671744 ORDER BY `col_char_12`,`col_char_12_key`,`col_int`,`col_int_key`,`pk` LIMIT 6
		   13 Query	UPDATE LOW_PRIORITY `table2_innodb_key_pk_parts_2_int_autoinc` AS X SET `col_int_key` = 2000945152 WHERE X.`pk` BETWEEN 2 AND 7 ORDER BY `col_char_12`,`col_char_12_key`,`col_int`,`col_int_key`,`pk` LIMIT 8
		   12 Query	SHOW WARNINGS
		   12 Query	SELECT ( SELECT `col_int_key` FROM `table100_innodb_int_autoinc` WHERE `pk` = 87 ) FROM `table0_innodb_key_pk_parts_2_int_autoinc` AS X WHERE X.`pk` BETWEEN 208 AND 366542848 LIMIT 7 LOCK IN SHARE MODE
		   12 Query	INSERT LOW_PRIORITY IGNORE INTO `table2_innodb_int_autoinc` ( `col_char_12_key` ) SELECT `col_int_key` FROM `table1_innodb_int_autoinc` AS X WHERE X.`col_int_key` BETWEEN 245 AND 791937024 ORDER BY `col_char_12`,`col_char_12_key`,`col_int`,`col_int_key`,`pk` LIMIT 7
		   12 Query	SELECT ( SELECT `col_int_key` FROM `table1_innodb_int_autoinc` WHERE `pk` = 1 ) FROM `table2_innodb_int_autoinc` AS X LIMIT 6
		   12 Query	SELECT ( SELECT `col_char_12_key` FROM `table100_innodb_key_pk_parts_2_int_autoinc` WHERE `pk` = 992215040 ) FROM `table100_innodb_int_autoinc` AS X WHERE X.`col_char_12_key` = ( SELECT `col_char_12_key` FROM `table0_innodb_int_autoinc` WHERE `pk` = 'k' ) LIMIT 5
		   12 Query	INSERT LOW_PRIORITY IGNORE INTO `table100_innodb_key_pk_parts_2_int_autoinc` (`pk`) VALUES (NULL)
		   12 Query	INSERT LOW_PRIORITY INTO `table2_innodb_int_autoinc` (`pk`) VALUES (NULL)
		   12 Query	UPDATE LOW_PRIORITY `table1_innodb_key_pk_parts_2_int_autoinc` AS X SET `col_int_key` = 'f' WHERE X.`pk` IN ( 7, 2, 'q', 'u', 4091412480 ) ORDER BY `col_char_12`,`col_char_12_key`,`col_int`,`col_int_key`,`pk` LIMIT 7
		   12 Query	INSERT LOW_PRIORITY IGNORE INTO `table10_innodb_key_pk_parts_2_int_autoinc` ( `col_int_key`, `col_int_key` ) VALUES ( 1235550208, 1 ), ( 9, 3516334080 )
		   12 Query	UPDATE LOW_PRIORITY `table10_innodb_int_autoinc` AS X SET `col_int_key` = 2855141376 WHERE X.`pk` = ( SELECT `pk` FROM `table0_innodb_key_pk_parts_2_int_autoinc` WHERE `pk` = 1 ) ORDER BY `col_char_12`,`col_char_12_key`,`col_int`,`col_int_key`,`pk` LIMIT 7
		   12 Query	INSERT LOW_PRIORITY IGNORE INTO `table0_innodb_int_autoinc` ( `col_int_key`, `col_int_key` ) VALUES ( 1382678528, 4110680064 ), ( 1414201344, 2229731328 )
		   12 Query	REPLACE LOW_PRIORITY INTO `table10_innodb_key_pk_parts_2_int_autoinc` ( `col_int` ) SELECT `pk` FROM `table2_innodb_key_pk_parts_2_int_autoinc` AS X ORDER BY `col_char_12`,`col_char_12_key`,`col_int`,`col_int_key`,`pk` LIMIT 6
		   18 Query	SHOW WARNINGS
		   11 Query	SHOW WARNINGS
		   18 Query	INSERT LOW_PRIORITY INTO `table10_innodb_int_autoinc` (`pk`) VALUES (NULL)
		   12 Query	SELECT ( SELECT `col_char_12_key` FROM `table100_innodb_key_pk_parts_2_int_autoinc` WHERE `pk` = 3413573632 ) FROM `table2_innodb_int_autoinc` AS X LEFT JOIN `table0_innodb_key_pk_parts_2_int_autoinc` AS Y USING ( `col_char_12_key` ) WHERE X.`col_char_12_key` BETWEEN 177 AND 3076915200 LIMIT 6
		   11 Query	UPDATE LOW_PRIORITY IGNORE `table100_innodb_key_pk_parts_2_int_autoinc` AS X SET `col_int_key` = 'x' ORDER BY `col_char_12`,`col_char_12_key`,`col_int`,`col_int_key`,`pk` LIMIT 7
		   21 Query	DELETE LOW_PRIORITY QUICK IGNORE FROM `table10_innodb_key_pk_parts_2_int_autoinc` WHERE `col_char_12_key` IN ( SELECT `col_int_key` FROM `table1_innodb_key_pk_parts_2_int_autoinc` WHERE `pk` = 55 ) ORDER BY `col_char_12`,`col_char_12_key`,`col_int`,`col_int_key`,`pk` LIMIT 2
		   12 Query	UPDATE LOW_PRIORITY IGNORE `table0_innodb_key_pk_parts_2_int_autoinc` AS X SET `col_char_12_key` = 5 WHERE X.`pk` = ( SELECT `col_int_key` FROM `table100_innodb_int_autoinc` WHERE `pk` = 1 ) ORDER BY `col_char_12`,`col_char_12_key`,`col_int`,`col_int_key`,`pk` LIMIT 5
		   12 Query	SHOW WARNINGS
		   12 Query	INSERT LOW_PRIORITY IGNORE INTO `table10_innodb_key_pk_parts_2_int_autoinc` ( `col_int` ) SELECT `pk` FROM `table1_innodb_int_autoinc` AS X WHERE X.`col_int_key` BETWEEN 4 AND 6 ORDER BY `col_char_12`,`col_char_12_key`,`col_int`,`col_int_key`,`pk` LIMIT 7
		   12 Query	UPDATE LOW_PRIORITY IGNORE `table100_innodb_int_autoinc` AS X SET `col_char_12_key` = 1294073856 WHERE X.`pk` < 3 ORDER BY `col_char_12`,`col_char_12_key`,`col_int`,`col_int_key`,`pk` LIMIT 7
		   11 Query	SHOW WARNINGS
		   12 Query	UPDATE LOW_PRIORITY `table1_innodb_int_autoinc` AS X SET `col_int_key` = 3457417216 WHERE X.`col_int_key` IN ( 226, 3961454592, 3634626560, 1655832576, 161 ) ORDER BY `col_char_12`,`col_char_12_key`,`col_int`,`col_int_key`,`pk` LIMIT 7
		   11 Query	DELETE LOW_PRIORITY QUICK FROM `table100_innodb_int_autoinc` ORDER BY `col_char_12`,`col_char_12_key`,`col_int`,`col_int_key`,`pk` LIMIT 3
		   12 Query	UPDATE LOW_PRIORITY `table10_innodb_key_pk_parts_2_int_autoinc` AS X SET `col_char_12` = 4180279296 WHERE X.`pk` BETWEEN 3 AND 5 ORDER BY `col_char_12`,`col_char_12_key`,`col_int`,`col_int_key`,`pk` LIMIT 5
		   12 Query	UPDATE LOW_PRIORITY `table10_innodb_int_autoinc` AS X SET `col_char_12_key` = 'j' WHERE X.`col_int_key` BETWEEN 82 AND 2421620736 ORDER BY `col_char_12`,`col_char_12_key`,`col_int`,`col_int_key`,`pk` LIMIT 6
		   12 Query	DELETE LOW_PRIORITY IGNORE FROM `table2_innodb_key_pk_parts_2_int_autoinc` ORDER BY `col_char_12`,`col_char_12_key`,`col_int`,`col_int_key`,`pk` LIMIT 4
150425  6:38:23	   12 Query	INSERT LOW_PRIORITY INTO `table2_innodb_key_pk_parts_2_int_autoinc` (`pk`) VALUES (NULL)
		   12 Query	SET AUTOCOMMIT=ON
		   12 Query	SELECT X.`col_int_key` FROM `table0_innodb_int_autoinc` AS X LEFT JOIN `table2_innodb_int_autoinc` AS Y USING ( `col_int_key` ) WHERE X.`col_char_12_key` IN ( 6, 131, 750256128, 2817982464, 140 ) LIMIT 6
		   12 Query	DELETE LOW_PRIORITY QUICK FROM `table10_innodb_int_autoinc` WHERE `col_int_key` IN ( SELECT `col_int_key` FROM `table1_innodb_int_autoinc` WHERE `pk` = 69 ) ORDER BY `col_char_12`,`col_char_12_key`,`col_int`,`col_int_key`,`pk` LIMIT 3
		   12 Query	SHOW WARNINGS
		   12 Query	UPDATE LOW_PRIORITY IGNORE `table1_innodb_key_pk_parts_2_int_autoinc` AS X SET `col_char_12_key` = 42 WHERE X.`pk` BETWEEN 4 AND 7 ORDER BY `col_char_12`,`col_char_12_key`,`col_int`,`col_int_key`,`pk` LIMIT 6
		   12 Query	INSERT LOW_PRIORITY INTO `table10_innodb_key_pk_parts_2_int_autoinc` (`pk`) VALUES (NULL)
		   21 Query	SHOW WARNINGS
		   16 Query	SHOW WARNINGS
		   17 Query	UNLOCK TABLES
		   21 Query	INSERT LOW_PRIORITY IGNORE INTO `table0_innodb_key_pk_parts_2_int_autoinc` ( `col_int` ) SELECT `pk` FROM `table10_innodb_key_pk_parts_2_int_autoinc` AS X WHERE X.`col_char_12_key` BETWEEN 4 AND 7 ORDER BY `col_char_12`,`col_char_12_key`,`col_int`,`col_int_key`,`pk` LIMIT 6
		   17 Query	SELECT ID INTO @thread_id FROM INFORMATION_SCHEMA.PROCESSLIST ORDER BY RAND() LIMIT 1
		   16 Query	UPDATE LOW_PRIORITY IGNORE `table2_innodb_key_pk_parts_2_int_autoinc` AS X SET `col_char_12_key` = 278986752 WHERE X.`pk` = ( SELECT `pk` FROM `table10_innodb_int_autoinc` WHERE `pk` = 2532311040 ) ORDER BY `col_char_12`,`col_char_12_key`,`col_int`,`col_int_key`,`pk` LIMIT 8
		   16 Query	INSERT LOW_PRIORITY INTO `table0_innodb_key_pk_parts_2_int_autoinc` ( `col_int_key` ) SELECT `col_char_12_key` FROM `table100_innodb_key_pk_parts_2_int_autoinc` AS X WHERE X.`pk` < 80 ORDER BY `col_char_12`,`col_char_12_key`,`col_int`,`col_int_key`,`pk` LIMIT 7
		   12 Query	REPLACE LOW_PRIORITY INTO `table100_innodb_int_autoinc` (`pk`) VALUES (NULL)
		   17 Query	EXECUTE show_expl_stmt USING @thread_id
		   12 Query	INSERT LOW_PRIORITY IGNORE INTO `table100_innodb_key_pk_parts_2_int_autoinc` (`pk`) VALUES (NULL)
		   11 Query	SHOW WARNINGS
		   17 Query	EXPLAIN INSERT LOW_PRIORITY IGNORE INTO `table1_innodb_int_autoinc` ( `col_int`, `col_char_12` ) VALUES ( 3, 117 ), ( 's', 243 )
		   11 Query	UPDATE LOW_PRIORITY `table1_innodb_int_autoinc` AS X SET `col_char_12_key` = 4030136320 WHERE X.`pk` < 4 ORDER BY `col_char_12`,`col_char_12_key`,`col_int`,`col_int_key`,`pk` LIMIT 8
		   12 Query	REPLACE LOW_PRIORITY INTO `table0_innodb_int_autoinc` (`pk`) VALUES (NULL)
		   11 Query	SHOW WARNINGS
		   17 Query	FLUSH TABLE table10_innodb_key_pk_parts_2_int_autoinc, table2_innodb_int_autoinc, table100_innodb_key_pk_parts_2_int_autoinc, table2_innodb_key_pk_parts_2_int_autoinc FOR EXPORT
		   12 Query	UPDATE LOW_PRIORITY IGNORE `table100_innodb_key_pk_parts_2_int_autoinc` AS X SET `col_char_12` = 'y' WHERE X.`pk` = ( SELECT `pk` FROM `table100_innodb_int_autoinc` WHERE `pk` = 201 ) ORDER BY `col_char_12`,`col_char_12_key`,`col_int`,`col_int_key`,`pk` LIMIT 6
		   11 Query	REPLACE LOW_PRIORITY INTO `table1_innodb_key_pk_parts_2_int_autoinc` ( `col_char_12` ) SELECT `col_char_12_key` FROM `table100_innodb_key_pk_parts_2_int_autoinc` AS X WHERE X.`pk` < 5 ORDER BY `col_char_12`,`col_char_12_key`,`col_int`,`col_int_key`,`pk` LIMIT 8
		   11 Query	SHOW WARNINGS
		   11 Query	SELECT X.`col_char_12` FROM `table2_innodb_int_autoinc` AS X WHERE X.`col_int_key` BETWEEN 139 AND 2333540352 LIMIT 8
		   11 Query	UPDATE LOW_PRIORITY IGNORE `table10_innodb_key_pk_parts_2_int_autoinc` AS X SET `col_int` = 'p' WHERE X.`col_char_12_key` = ( SELECT `pk` FROM `table0_innodb_int_autoinc` WHERE `pk` = 173 ) ORDER BY `col_char_12`,`col_char_12_key`,`col_int`,`col_int_key`,`pk` LIMIT 5
		   21 Query	SHOW WARNINGS
		   11 Query	SHOW WARNINGS
		   21 Query	DELETE LOW_PRIORITY QUICK IGNORE FROM `table100_innodb_int_autoinc` WHERE `col_char_12_key` BETWEEN 1 AND 5 ORDER BY `col_char_12`,`col_char_12_key`,`col_int`,`col_int_key`,`pk` LIMIT 4
		   11 Query	UPDATE LOW_PRIORITY `table100_innodb_int_autoinc` AS X SET `col_char_12` = 77 ORDER BY `col_char_12`,`col_char_12_key`,`col_int`,`col_int_key`,`pk` LIMIT 8
		   11 Query	SHOW WARNINGS
		   11 Query	UPDATE LOW_PRIORITY IGNORE `table0_innodb_int_autoinc` AS X SET `col_char_12` = 7 WHERE X.`col_char_12_key` BETWEEN 4 AND 5 ORDER BY `col_char_12`,`col_char_12_key`,`col_int`,`col_int_key`,`pk` LIMIT 7
		   11 Query	SHOW WARNINGS
		   25 Query	SELECT X.`col_int_key` FROM `table0_innodb_int_autoinc` AS X LEFT JOIN `table1_innodb_int_autoinc` AS Y USING ( `pk` ) WHERE X.`col_char_12_key` = ( SELECT `col_int_key` FROM `table0_innodb_int_autoinc` WHERE `pk` = 180 ) LIMIT 6 LOCK IN SHARE MODE
		   11 Query	SELECT * FROM `table10_innodb_key_pk_parts_2_int_autoinc` AS X LEFT JOIN `table2_innodb_int_autoinc` AS Y USING ( `col_int_key` ) WHERE X.`col_int_key` BETWEEN 88 AND 651231232 LIMIT 7
		   11 Query	DELETE LOW_PRIORITY IGNORE FROM `table2_innodb_key_pk_parts_2_int_autoinc` WHERE `pk` BETWEEN 2 AND 8 ORDER BY `col_char_12`,`col_char_12_key`,`col_int`,`col_int_key`,`pk` LIMIT 1
		   11 Query	SHOW WARNINGS
		   11 Query	INSERT LOW_PRIORITY INTO `table2_innodb_key_pk_parts_2_int_autoinc` ( `col_char_12` ) SELECT `col_int_key` FROM `table2_innodb_key_pk_parts_2_int_autoinc` AS X WHERE X.`pk` < 348782592 ORDER BY `col_char_12`,`col_char_12_key`,`col_int`,`col_int_key`,`pk` LIMIT 7
		   11 Query	SHOW WARNINGS
		   11 Query	SELECT X.`col_int_key` FROM `table0_innodb_int_autoinc` AS X LEFT JOIN `table10_innodb_int_autoinc` AS Y USING ( `col_int_key` ) WHERE X.`col_char_12_key` < 337444864 LIMIT 7
		   11 Query	UPDATE LOW_PRIORITY `table2_innodb_key_pk_parts_2_int_autoinc` AS X SET `col_char_12` = 139 WHERE X.`col_int_key` = ( SELECT `pk` FROM `table0_innodb_int_autoinc` WHERE `pk` = 714145792 ) ORDER BY `col_char_12`,`col_char_12_key`,`col_int`,`col_int_key`,`pk` LIMIT 6
		   11 Query	DELETE LOW_PRIORITY QUICK FROM `table100_innodb_key_pk_parts_2_int_autoinc` ORDER BY `col_char_12`,`col_char_12_key`,`col_int`,`col_int_key`,`pk` LIMIT 1
		   11 Query	SHOW WARNINGS
		   11 Query	DELETE LOW_PRIORITY FROM `table2_innodb_key_pk_parts_2_int_autoinc` WHERE `pk` IN ( 169, 178, 154, 3107258368, 'j' ) ORDER BY `col_char_12`,`col_char_12_key`,`col_int`,`col_int_key`,`pk` LIMIT 1
		   11 Query	SHOW WARNINGS
		   11 Query	UPDATE LOW_PRIORITY IGNORE `table1_innodb_key_pk_parts_2_int_autoinc` AS X SET `col_int` = 137 WHERE X.`col_char_12_key` < 27 ORDER BY `col_char_12`,`col_char_12_key`,`col_int`,`col_int_key`,`pk` LIMIT 7
		   11 Query	SHOW WARNINGS
		   11 Query	SELECT * FROM `table10_innodb_key_pk_parts_2_int_autoinc` AS X WHERE X.`col_char_12_key` < 3937337344 LIMIT 6
		   11 Query	UPDATE LOW_PRIORITY IGNORE `table100_innodb_key_pk_parts_2_int_autoinc` AS X SET `col_int_key` = 3 WHERE X.`col_int_key` BETWEEN 4 AND 5 ORDER BY `col_char_12`,`col_char_12_key`,`col_int`,`col_int_key`,`pk` LIMIT 7
		   11 Query	SHOW WARNINGS
		   11 Query	DELETE LOW_PRIORITY QUICK FROM `table100_innodb_key_pk_parts_2_int_autoinc` ORDER BY `col_char_12`,`col_char_12_key`,`col_int`,`col_int_key`,`pk` LIMIT 1
		   11 Query	SHOW WARNINGS
		   11 Query	INSERT LOW_PRIORITY IGNORE INTO `table2_innodb_int_autoinc` (`pk`) VALUES (NULL)
		   11 Query	SELECT X.`col_int` FROM `table10_innodb_key_pk_parts_2_int_autoinc` AS X LEFT JOIN `table10_innodb_key_pk_parts_2_int_autoinc` AS Y USING ( `pk` ) WHERE X.`col_int_key` < 1123942400 LIMIT 7 FOR UPDATE
		   11 Query	DELETE LOW_PRIORITY FROM `table100_innodb_key_pk_parts_2_int_autoinc` WHERE `col_int_key` IN ( 9, 'd', 255, 8, 3234529280 ) ORDER BY `col_char_12`,`col_char_12_key`,`col_int`,`col_int_key`,`pk` LIMIT 3
		   11 Query	SHOW WARNINGS
		   11 Query	INSERT LOW_PRIORITY IGNORE INTO `table1_innodb_key_pk_parts_2_int_autoinc` (`pk`) VALUES (NULL)
		   11 Query	INSERT LOW_PRIORITY IGNORE INTO `table100_innodb_int_autoinc` (`pk`) VALUES (NULL)
		   11 Query	UPDATE LOW_PRIORITY IGNORE `table1_innodb_key_pk_parts_2_int_autoinc` AS X SET `col_char_12_key` = 'e' ORDER BY `col_char_12`,`col_char_12_key`,`col_int`,`col_int_key`,`pk` LIMIT 7
		   11 Query	SHOW WARNINGS
		   11 Query	DELETE LOW_PRIORITY FROM `table2_innodb_int_autoinc` WHERE `col_int_key` IN ( SELECT `col_int_key` FROM `table2_innodb_key_pk_parts_2_int_autoinc` WHERE `pk` = 239 ) ORDER BY `col_char_12`,`col_char_12_key`,`col_int`,`col_int_key`,`pk` LIMIT 3
		   11 Query	SHOW WARNINGS
		   11 Query	UPDATE LOW_PRIORITY `table100_innodb_int_autoinc` AS X SET `col_int_key` = 3468558336 WHERE X.`pk` < 'i' ORDER BY `col_char_12`,`col_char_12_key`,`col_int`,`col_int_key`,`pk` LIMIT 6
		   11 Query	SHOW WARNINGS
		   11 Query	SELECT ( SELECT `col_int_key` FROM `table10_innodb_int_autoinc` WHERE `pk` = 1 ) FROM `table0_innodb_int_autoinc` AS X LEFT JOIN `table100_innodb_key_pk_parts_2_int_autoinc` AS Y USING ( `pk` ) WHERE X.`pk` < 232 LIMIT 7
		   11 Query	SELECT ( SELECT `col_int_key` FROM `table10_innodb_int_autoinc` WHERE `pk` = 2340421632 ) FROM `table0_innodb_key_pk_parts_2_int_autoinc` AS X LEFT JOIN `table10_innodb_key_pk_parts_2_int_autoinc` AS Y USING ( `col_int_key` ) WHERE X.`pk` = ( SELECT `col_char_12_key` FROM `table2_innodb_int_autoinc` WHERE `pk` = 's' ) LIMIT 5 FOR UPDATE
		   11 Query	DELETE LOW_PRIORITY QUICK IGNORE FROM `table0_innodb_int_autoinc` WHERE `col_char_12_key` = 8 ORDER BY `col_char_12`,`col_char_12_key`,`col_int`,`col_int_key`,`pk` LIMIT 1
		   11 Query	SHOW WARNINGS
		   11 Query	DELETE LOW_PRIORITY FROM `table2_innodb_int_autoinc` WHERE `pk` IN ( 'n', 1, 464388096, 937885696, 1822818304 ) ORDER BY `col_char_12`,`col_char_12_key`,`col_int`,`col_int_key`,`pk` LIMIT 3
		   11 Query	SHOW WARNINGS
		   11 Query	UPDATE LOW_PRIORITY IGNORE `table1_innodb_int_autoinc` AS X SET `col_int_key` = 5 ORDER BY `col_char_12`,`col_char_12_key`,`col_int`,`col_int_key`,`pk` LIMIT 6
		   11 Query	SHOW WARNINGS
		   11 Query	SELECT X.`col_char_12_key` FROM `table100_innodb_key_pk_parts_2_int_autoinc` AS X LEFT JOIN `table2_innodb_key_pk_parts_2_int_autoinc` AS Y USING ( `pk` ) LIMIT 6
		   11 Query	UPDATE LOW_PRIORITY `table100_innodb_int_autoinc` AS X SET `col_char_12` = 63 WHERE X.`col_int_key` < 2 ORDER BY `col_char_12`,`col_char_12_key`,`col_int`,`col_int_key`,`pk` LIMIT 6
		   11 Query	SHOW WARNINGS
		   11 Query	UPDATE LOW_PRIORITY `table0_innodb_key_pk_parts_2_int_autoinc` AS X SET `col_int_key` = 203 WHERE X.`col_char_12_key` IN ( 8, 998440960, 135397376, 196, 234 ) ORDER BY `col_char_12`,`col_char_12_key`,`col_int`,`col_int_key`,`pk` LIMIT 6
		   14 Execute	SHOW EXPLAIN FOR 19
		   14 Query	SHOW WARNINGS
		   14 Query	CREATE OR REPLACE TEMPORARY TABLE `create_or_replace_tmp` AS SELECT * FROM `table100_innodb_key_pk_parts_2_int_autoinc`
		   19 Query	SHOW WARNINGS
		   26 Query	SELECT * FROM `table0_innodb_key_pk_parts_2_int_autoinc` AS X LEFT JOIN `table2_innodb_int_autoinc` AS Y USING ( `col_int_key` ) WHERE X.`col_char_12_key` BETWEEN 2 AND 8 LIMIT 7 LOCK IN SHARE MODE
		   18 Query	UPDATE LOW_PRIORITY `table2_innodb_key_pk_parts_2_int_autoinc` AS X SET `col_int` = 'e' WHERE X.`col_int_key` BETWEEN 3 AND 5 ORDER BY `col_char_12`,`col_char_12_key`,`col_int`,`col_int_key`,`pk` LIMIT 8
		   19 Query	INSERT LOW_PRIORITY IGNORE INTO `table10_innodb_key_pk_parts_2_int_autoinc` ( `col_int`, `col_char_12_key` ) VALUES ( 91, 8 ), ( 51, 7 )
		   22 Query	DELETE LOW_PRIORITY IGNORE FROM `table1_innodb_key_pk_parts_2_int_autoinc` WHERE `pk` = 4 ORDER BY `col_char_12`,`col_char_12_key`,`col_int`,`col_int_key`,`pk` LIMIT 4
		   15 Query	SHOW WARNINGS
		   15 Query	INSERT LOW_PRIORITY INTO `table0_innodb_key_pk_parts_2_int_autoinc` (`pk`) VALUES (NULL)
		   23 Query	SHOW WARNINGS
		   23 Query	SELECT X.`col_char_12_key` FROM `table0_innodb_int_autoinc` AS X LEFT JOIN `table0_innodb_int_autoinc` AS Y USING ( `pk` ) WHERE X.`pk` BETWEEN 10 AND 278003712 LIMIT 8 LOCK IN SHARE MODE
		   11 Query	SHOW WARNINGS
		   15 Query	ROLLBACK TO SAVEPOINT A
		   15 Query	INSERT LOW_PRIORITY INTO `table1_innodb_key_pk_parts_2_int_autoinc` (`pk`) VALUES (NULL)
		   11 Query	DELETE LOW_PRIORITY FROM `table0_innodb_int_autoinc` WHERE `col_int_key` IN ( 'k', 9, 'b', 'l', 3440836608 ) ORDER BY `col_char_12`,`col_char_12_key`,`col_int`,`col_int_key`,`pk` LIMIT 4
		   11 Query	SHOW WARNINGS
		   11 Query	REPLACE LOW_PRIORITY INTO `table2_innodb_int_autoinc` ( `col_char_12` ) SELECT `pk` FROM `table0_innodb_int_autoinc` AS X ORDER BY `col_char_12`,`col_char_12_key`,`col_int`,`col_int_key`,`pk` LIMIT 6
		   11 Query	SHOW WARNINGS
		   11 Query	UPDATE LOW_PRIORITY `table10_innodb_key_pk_parts_2_int_autoinc` AS X SET `col_int_key` = 3 WHERE X.`pk` IN ( 'b', 3658940416, 87, 79953920, 'h' ) ORDER BY `col_char_12`,`col_char_12_key`,`col_int`,`col_int_key`,`pk` LIMIT 6
		   11 Query	SHOW WARNINGS
		   11 Query	DELETE LOW_PRIORITY FROM `table1_innodb_key_pk_parts_2_int_autoinc` WHERE `pk` IN ( 1217921024, 7, 6, 9, 67 ) ORDER BY `col_char_12`,`col_char_12_key`,`col_int`,`col_int_key`,`pk` LIMIT 4
		   11 Query	SHOW WARNINGS
		   11 Query	INSERT LOW_PRIORITY IGNORE INTO `table10_innodb_key_pk_parts_2_int_autoinc` (`pk`) VALUES (NULL)
		   11 Query	ROLLBACK
		   22 Query	SHOW WARNINGS
		   25 Query	SELECT X.`col_int_key` FROM `table0_innodb_int_autoinc` AS X LEFT JOIN `table2_innodb_key_pk_parts_2_int_autoinc` AS Y USING ( `pk` ) LIMIT 7
		   26 Query	DELETE LOW_PRIORITY IGNORE FROM `table0_innodb_int_autoinc` WHERE `col_int_key` IN ( SELECT `col_char_12_key` FROM `table100_innodb_int_autoinc` WHERE `pk` = 231 ) ORDER BY `col_char_12`,`col_char_12_key`,`col_int`,`col_int_key`,`pk` LIMIT 2
		   22 Query	SELECT X.`col_char_12_key` FROM `table10_innodb_int_autoinc` AS X LEFT JOIN `table2_innodb_int_autoinc` AS Y USING ( `pk` ) WHERE X.`col_int_key` IN ( 231538688, 2, 3, 'r', 251 ) LIMIT 7
		   25 Query	INSERT LOW_PRIORITY IGNORE INTO `table100_innodb_int_autoinc` ( `col_char_12` ) SELECT `col_char_12_key` FROM `table0_innodb_int_autoinc` AS X WHERE X.`pk` = ( SELECT `col_int_key` FROM `table10_innodb_int_autoinc` WHERE `pk` = 59 ) ORDER BY `col_char_12`,`col_char_12_key`,`col_int`,`col_int_key`,`pk` LIMIT 8
		   23 Query	REPLACE LOW_PRIORITY INTO `table10_innodb_int_autoinc` ( `col_char_12_key`, `col_char_12_key` ) VALUES ( 91, 'a' ), ( 5, 'g' )
		   22 Query	SELECT * FROM `table100_innodb_key_pk_parts_2_int_autoinc` AS X WHERE X.`pk` IN ( 127, 3, 3, 'a', 2940534784 ) LIMIT 8
		   23 Query	SELECT X.`pk` FROM `table100_innodb_key_pk_parts_2_int_autoinc` AS X WHERE X.`pk` BETWEEN 1 AND 5 LIMIT 6
		   23 Query	SELECT ( SELECT `col_char_12_key` FROM `table100_innodb_int_autoinc` WHERE `pk` = 6 ) FROM `table10_innodb_int_autoinc` AS X WHERE X.`col_char_12_key` BETWEEN 2 AND 7 LIMIT 6
		   22 Query	SELECT * FROM `table10_innodb_int_autoinc` AS X LEFT JOIN `table100_innodb_int_autoinc` AS Y USING ( `col_char_12_key` ) LIMIT 8
		   22 Query	REPLACE LOW_PRIORITY INTO `table1_innodb_key_pk_parts_2_int_autoinc` (`pk`) VALUES (NULL)
		   23 Query	SELECT X.`col_int` FROM `table1_innodb_int_autoinc` AS X WHERE X.`pk` IN ( 'o', 'y', 'f', 6, 5 ) LIMIT 5
		   22 Query	UPDATE LOW_PRIORITY `table100_innodb_int_autoinc` AS X SET `col_int_key` = 'x' WHERE X.`pk` < 'y' ORDER BY `col_char_12`,`col_char_12_key`,`col_int`,`col_int_key`,`pk` LIMIT 6
		   23 Query	DELETE LOW_PRIORITY FROM `table1_innodb_key_pk_parts_2_int_autoinc` WHERE `pk` IN ( SELECT `col_int_key` FROM `table10_innodb_key_pk_parts_2_int_autoinc` WHERE `pk` = 2058813440 ) ORDER BY `col_char_12`,`col_char_12_key`,`col_int`,`col_int_key`,`pk` LIMIT 2
		   11 Query	SET TRANSACTION ISOLATION LEVEL READ COMMITTED
		   12 Query	INSERT LOW_PRIORITY INTO `table0_innodb_key_pk_parts_2_int_autoinc` ( `col_char_12` ) SELECT `col_int_key` FROM `table2_innodb_int_autoinc` AS X WHERE X.`col_char_12_key` = ( SELECT `col_int_key` FROM `table10_innodb_int_autoinc` WHERE `pk` = 3470983168 ) ORDER BY `col_char_12`,`col_char_12_key`,`col_int`,`col_int_key`,`pk` LIMIT 7
		   11 Query	REPLACE LOW_PRIORITY INTO `table10_innodb_key_pk_parts_2_int_autoinc` ( `col_int`, `col_char_12` ) VALUES ( 71, 'h' ), ( 'f', 'v' )
		   12 Query	REPLACE LOW_PRIORITY INTO `table1_innodb_key_pk_parts_2_int_autoinc` ( `col_char_12_key` ) SELECT `pk` FROM `table10_innodb_int_autoinc` AS X WHERE X.`col_int_key` BETWEEN 166 AND 3057254400 ORDER BY `col_char_12`,`col_char_12_key`,`col_int`,`col_int_key`,`pk` LIMIT 6
		   12 Query	DELETE LOW_PRIORITY IGNORE FROM `table2_innodb_key_pk_parts_2_int_autoinc` WHERE `col_int_key` = 224 ORDER BY `col_char_12`,`col_char_12_key`,`col_int`,`col_int_key`,`pk` LIMIT 2
		   12 Query	UPDATE LOW_PRIORITY `table100_innodb_key_pk_parts_2_int_autoinc` AS X SET `col_char_12` = 9 WHERE X.`col_char_12_key` = ( SELECT `col_char_12_key` FROM `table10_innodb_int_autoinc` WHERE `pk` = 194 ) ORDER BY `col_char_12`,`col_char_12_key`,`col_int`,`col_int_key`,`pk` LIMIT 5
		   26 Query	SHOW WARNINGS
		   25 Query	SHOW WARNINGS
		   13 Query	SHOW WARNINGS
		   18 Query	SHOW WARNINGS
		   24 Query	SHOW WARNINGS
		   26 Query	UPDATE LOW_PRIORITY IGNORE `table100_innodb_int_autoinc` AS X SET `col_char_12_key` = 2 ORDER BY `col_char_12`,`col_char_12_key`,`col_int`,`col_int_key`,`pk` LIMIT 8
		   25 Query	SELECT X.`pk` FROM `table0_innodb_key_pk_parts_2_int_autoinc` AS X WHERE X.`pk` BETWEEN 4 AND 7 LIMIT 8
		   24 Query	DELETE LOW_PRIORITY QUICK FROM `table10_innodb_key_pk_parts_2_int_autoinc` ORDER BY `col_char_12`,`col_char_12_key`,`col_int`,`col_int_key`,`pk` LIMIT 4
		   18 Query	UPDATE LOW_PRIORITY IGNORE `table2_innodb_key_pk_parts_2_int_autoinc` AS X SET `col_int` = 51 WHERE X.`pk` < 214 ORDER BY `col_char_12`,`col_char_12_key`,`col_int`,`col_int_key`,`pk` LIMIT 8
		   13 Query	INSERT LOW_PRIORITY IGNORE INTO `table100_innodb_key_pk_parts_2_int_autoinc` (`pk`) VALUES (NULL)
		   16 Query	SHOW WARNINGS
		   20 Query	SHOW WARNINGS
		   15 Query	COMMIT
		   16 Query	INSERT LOW_PRIORITY INTO `table0_innodb_key_pk_parts_2_int_autoinc` (`pk`) VALUES (NULL)
		   19 Query	SELECT * FROM `table10_innodb_int_autoinc` AS X LIMIT 5
		   15 Query	SET TRANSACTION ISOLATION LEVEL READ UNCOMMITTED
		   22 Query	SHOW WARNINGS
		   14 Query	CREATE OR REPLACE TABLE `create_or_replace_tmp` LIKE `table0_innodb_int_autoinc`
		   25 Query	DELETE LOW_PRIORITY FROM `table1_innodb_key_pk_parts_2_int_autoinc` ORDER BY `col_char_12`,`col_char_12_key`,`col_int`,`col_int_key`,`pk` LIMIT 1
		   20 Query	UPDATE LOW_PRIORITY IGNORE `table10_innodb_int_autoinc` AS X SET `col_char_12` = 3833266176 WHERE X.`pk` BETWEEN 96 AND 2990997504 ORDER BY `col_char_12`,`col_char_12_key`,`col_int`,`col_int_key`,`pk` LIMIT 8
		   22 Query	DELETE LOW_PRIORITY IGNORE FROM `table100_innodb_int_autoinc` WHERE `col_int_key` BETWEEN 1 AND 6 ORDER BY `col_char_12`,`col_char_12_key`,`col_int`,`col_int_key`,`pk` LIMIT 1
		   15 Query	UPDATE LOW_PRIORITY IGNORE `table2_innodb_key_pk_parts_2_int_autoinc` AS X SET `col_char_12_key` = 235 WHERE X.`col_char_12_key` = ( SELECT `col_int_key` FROM `table10_innodb_key_pk_parts_2_int_autoinc` WHERE `pk` = 1763573760 ) ORDER BY `col_char_12`,`col_char_12_key`,`col_int`,`col_int_key`,`pk` LIMIT 8
		   21 Query	SHOW WARNINGS
		   21 Query	SELECT X.`col_int_key` FROM `table2_innodb_int_autoinc` AS X LEFT JOIN `table2_innodb_key_pk_parts_2_int_autoinc` AS Y USING ( `col_int_key` ) WHERE X.`col_char_12_key` < 8 LIMIT 5
		   19 Query	DELETE LOW_PRIORITY QUICK IGNORE FROM `table0_innodb_int_autoinc` WHERE `pk` IN ( 438829056, 't', 'v', 7, 'q' ) ORDER BY `col_char_12`,`col_char_12_key`,`col_int`,`col_int_key`,`pk` LIMIT 4
150425  6:38:24	   22 Query	SHOW WARNINGS
		   22 Query	INSERT LOW_PRIORITY INTO `table10_innodb_int_autoinc` (`pk`) VALUES (NULL)
		   20 Query	SHOW WARNINGS
		   21 Query	REPLACE LOW_PRIORITY INTO `table10_innodb_key_pk_parts_2_int_autoinc` ( `col_int`, `col_char_12_key` ) VALUES ( 2, 2471952384 ), ( 2471952384, 57999360 )
		   18 Query	SHOW WARNINGS
		   20 Query	INSERT LOW_PRIORITY INTO `table10_innodb_int_autoinc` ( `col_int`, `col_char_12` ) VALUES ( 2, 241 ), ( 3, 7 )
		   16 Query	UPDATE LOW_PRIORITY IGNORE `table2_innodb_key_pk_parts_2_int_autoinc` AS X SET `col_int_key` = 85 WHERE X.`col_char_12_key` BETWEEN 1 AND 7 ORDER BY `col_char_12`,`col_char_12_key`,`col_int`,`col_int_key`,`pk` LIMIT 7
		   19 Query	SHOW WARNINGS
		   22 Query	UPDATE LOW_PRIORITY `table100_innodb_key_pk_parts_2_int_autoinc` AS X SET `col_char_12` = 3599761408 WHERE X.`col_int_key` < 0 ORDER BY `col_char_12`,`col_char_12_key`,`col_int`,`col_int_key`,`pk` LIMIT 6
		   18 Query	SELECT ( SELECT `pk` FROM `table10_innodb_key_pk_parts_2_int_autoinc` WHERE `pk` = 'o' ) FROM `table2_innodb_int_autoinc` AS X WHERE X.`col_int_key` = ( SELECT `col_char_12_key` FROM `table10_innodb_key_pk_parts_2_int_autoinc` WHERE `pk` = 198 ) LIMIT 7 LOCK IN SHARE MODE
		   19 Query	DELETE LOW_PRIORITY FROM `table100_innodb_key_pk_parts_2_int_autoinc` ORDER BY `col_char_12`,`col_char_12_key`,`col_int`,`col_int_key`,`pk` LIMIT 3
		   18 Query	UPDATE LOW_PRIORITY IGNORE `table2_innodb_key_pk_parts_2_int_autoinc` AS X SET `col_char_12` = 198 WHERE X.`col_char_12_key` BETWEEN 161 AND 3108372480 ORDER BY `col_char_12`,`col_char_12_key`,`col_int`,`col_int_key`,`pk` LIMIT 5
		   14 Query	INSERT INTO `create_or_replace_tmp` SELECT * FROM `table1_innodb_key_pk_parts_2_int_autoinc`
150425  6:38:25	   20 Query	INSERT LOW_PRIORITY IGNORE INTO `table1_innodb_int_autoinc` (`pk`) VALUES (NULL)
150425  6:38:26	   20 Query	REPLACE LOW_PRIORITY INTO `table0_innodb_key_pk_parts_2_int_autoinc` (`pk`) VALUES (NULL)
		   17 Query	UNLOCK TABLES
		   16 Query	SHOW WARNINGS
		   16 Query	INSERT LOW_PRIORITY IGNORE INTO `table0_innodb_int_autoinc` (`pk`) VALUES (NULL)
		   15 Query	UPDATE LOW_PRIORITY `table0_innodb_key_pk_parts_2_int_autoinc` AS X SET `col_char_12_key` = 5 WHERE X.`pk` BETWEEN 2 AND 8 ORDER BY `col_char_12`,`col_char_12_key`,`col_int`,`col_int_key`,`pk` LIMIT 5
		   12 Query	DELETE LOW_PRIORITY QUICK FROM `table0_innodb_key_pk_parts_2_int_autoinc` WHERE `col_int_key` BETWEEN 3 AND 7 ORDER BY `col_char_12`,`col_char_12_key`,`col_int`,`col_int_key`,`pk` LIMIT 2
		   17 Query	FLUSH TABLE table10_innodb_key_pk_parts_2_int_autoinc FOR EXPORT
		   20 Query	UPDATE LOW_PRIORITY `table0_innodb_int_autoinc` AS X SET `col_int_key` = 199 WHERE X.`col_char_12_key` BETWEEN 143 AND 1830944768 ORDER BY `col_char_12`,`col_char_12_key`,`col_int`,`col_int_key`,`pk` LIMIT 7
		   11 Query	SELECT * FROM `table2_innodb_key_pk_parts_2_int_autoinc` AS X WHERE X.`col_char_12_key` = ( SELECT `col_char_12_key` FROM `table0_innodb_int_autoinc` WHERE `pk` = 1295187968 ) LIMIT 5
		   15 Query	COMMIT
		   15 Query	SET TRANSACTION ISOLATION LEVEL READ UNCOMMITTED
		   12 Query	REPLACE LOW_PRIORITY INTO `table1_innodb_int_autoinc` ( `col_char_12` ) SELECT `pk` FROM `table10_innodb_key_pk_parts_2_int_autoinc` AS X WHERE X.`col_char_12_key` < 1367080960 ORDER BY `col_char_12`,`col_char_12_key`,`col_int`,`col_int_key`,`pk` LIMIT 7
		   15 Query	SELECT X.`pk` FROM `table10_innodb_int_autoinc` AS X LEFT JOIN `table1_innodb_int_autoinc` AS Y USING ( `col_char_12_key` ) WHERE X.`col_int_key` BETWEEN 3 AND 7 LIMIT 7 LOCK IN SHARE MODE
		   11 Query	INSERT LOW_PRIORITY INTO `table0_innodb_int_autoinc` (`pk`) VALUES (NULL)
		   12 Query	UPDATE LOW_PRIORITY IGNORE `table1_innodb_int_autoinc` AS X SET `col_int_key` = 2 WHERE X.`col_char_12_key` = ( SELECT `pk` FROM `table0_innodb_key_pk_parts_2_int_autoinc` WHERE `pk` = 988151808 ) ORDER BY `col_char_12`,`col_char_12_key`,`col_int`,`col_int_key`,`pk` LIMIT 6
		   11 Query	INSERT LOW_PRIORITY IGNORE INTO `table1_innodb_key_pk_parts_2_int_autoinc` (`pk`) VALUES (NULL)
		   15 Query	UPDATE LOW_PRIORITY IGNORE `table1_innodb_key_pk_parts_2_int_autoinc` AS X SET `col_char_12_key` = 3672571904 WHERE X.`col_int_key` IN ( 58, 2565734400, 2, 0, 1 ) ORDER BY `col_char_12`,`col_char_12_key`,`col_int`,`col_int_key`,`pk` LIMIT 7
		   12 Query	UPDATE LOW_PRIORITY `table1_innodb_key_pk_parts_2_int_autoinc` AS X SET `col_char_12_key` = 'u' WHERE X.`col_char_12_key` BETWEEN 2 AND 5 ORDER BY `col_char_12`,`col_char_12_key`,`col_int`,`col_int_key`,`pk` LIMIT 6
		   11 Query	SET AUTOCOMMIT=ON
		   11 Query	DELETE LOW_PRIORITY IGNORE FROM `table0_innodb_int_autoinc` WHERE `col_char_12_key` IN ( SELECT `pk` FROM `table2_innodb_key_pk_parts_2_int_autoinc` WHERE `pk` = 'u' ) ORDER BY `col_char_12`,`col_char_12_key`,`col_int`,`col_int_key`,`pk` LIMIT 2
		   12 Query	INSERT LOW_PRIORITY IGNORE INTO `table10_innodb_int_autoinc` ( `col_char_12_key`, `col_char_12_key` ) VALUES ( 4125884416, 1 ), ( 85, 7 )
		   11 Query	UPDATE LOW_PRIORITY `table2_innodb_int_autoinc` AS X SET `col_int_key` = 'y' ORDER BY `col_char_12`,`col_char_12_key`,`col_int`,`col_int_key`,`pk` LIMIT 7
		   12 Query	REPLACE LOW_PRIORITY INTO `table100_innodb_int_autoinc` ( `col_int` ) SELECT `col_int_key` FROM `table10_innodb_int_autoinc` AS X WHERE X.`col_int_key` BETWEEN 2 AND 7 ORDER BY `col_char_12`,`col_char_12_key`,`col_int`,`col_int_key`,`pk` LIMIT 6
		   11 Query	INSERT LOW_PRIORITY INTO `table0_innodb_int_autoinc` ( `col_int` ) SELECT `col_char_12_key` FROM `table0_innodb_key_pk_parts_2_int_autoinc` AS X WHERE X.`pk` BETWEEN 120 AND 936640512 ORDER BY `col_char_12`,`col_char_12_key`,`col_int`,`col_int_key`,`pk` LIMIT 8
		   12 Query	UPDATE LOW_PRIORITY `table1_innodb_int_autoinc` AS X SET `col_char_12` = 1614675968 WHERE X.`col_char_12_key` IN ( 0, 3398893568, 153, 26, 1 ) ORDER BY `col_char_12`,`col_char_12_key`,`col_int`,`col_int_key`,`pk` LIMIT 8
		   11 Query	SELECT X.`col_char_12_key` FROM `table2_innodb_key_pk_parts_2_int_autoinc` AS X WHERE X.`pk` < 't' LIMIT 7 FOR UPDATE
		   12 Query	INSERT LOW_PRIORITY IGNORE INTO `table1_innodb_key_pk_parts_2_int_autoinc` ( `col_char_12_key`, `col_int` ) VALUES ( 1170407424, 2 ), ( 1296498688, 489881600 )
		   11 Query	SELECT X.`pk` FROM `table0_innodb_key_pk_parts_2_int_autoinc` AS X WHERE X.`col_int_key` BETWEEN 192 AND 3342598144 LIMIT 6
		   12 Query	INSERT LOW_PRIORITY INTO `table1_innodb_key_pk_parts_2_int_autoinc` (`pk`) VALUES (NULL)
		   13 Query	INSERT LOW_PRIORITY IGNORE INTO `table0_innodb_int_autoinc` ( `col_char_12_key` ) SELECT `col_int_key` FROM `table10_innodb_int_autoinc` AS X WHERE X.`pk` < 9 ORDER BY `col_char_12`,`col_char_12_key`,`col_int`,`col_int_key`,`pk` LIMIT 8
		   11 Query	SELECT X.`pk` FROM `table10_innodb_int_autoinc` AS X WHERE X.`col_char_12_key` = ( SELECT `col_char_12_key` FROM `table100_innodb_int_autoinc` WHERE `pk` = 3495690240 ) LIMIT 8 FOR UPDATE
		   12 Query	UPDATE LOW_PRIORITY `table100_innodb_int_autoinc` AS X SET `col_int` = 3272343552 WHERE X.`pk` = ( SELECT `col_char_12_key` FROM `table100_innodb_key_pk_parts_2_int_autoinc` WHERE `pk` = 136 ) ORDER BY `col_char_12`,`col_char_12_key`,`col_int`,`col_int_key`,`pk` LIMIT 7
		   11 Query	DELETE LOW_PRIORITY QUICK FROM `table0_innodb_int_autoinc` WHERE `col_int_key` BETWEEN 2 AND 7 ORDER BY `col_char_12`,`col_char_12_key`,`col_int`,`col_int_key`,`pk` LIMIT 4
		   12 Query	UPDATE LOW_PRIORITY IGNORE `table2_innodb_int_autoinc` AS X SET `col_char_12_key` = 205 WHERE X.`col_char_12_key` < 245 ORDER BY `col_char_12`,`col_char_12_key`,`col_int`,`col_int_key`,`pk` LIMIT 5
		   12 Query	UPDATE LOW_PRIORITY IGNORE `table100_innodb_key_pk_parts_2_int_autoinc` AS X SET `col_char_12_key` = 2717712384 WHERE X.`col_int_key` < 3472818176 ORDER BY `col_char_12`,`col_char_12_key`,`col_int`,`col_int_key`,`pk` LIMIT 7
		   12 Query	DELETE LOW_PRIORITY IGNORE FROM `table0_innodb_key_pk_parts_2_int_autoinc` WHERE `col_char_12_key` = 6 ORDER BY `col_char_12`,`col_char_12_key`,`col_int`,`col_int_key`,`pk` LIMIT 1
		   12 Query	DELETE LOW_PRIORITY FROM `table2_innodb_int_autoinc` WHERE `col_char_12_key` BETWEEN 2 AND 8 ORDER BY `col_char_12`,`col_char_12_key`,`col_int`,`col_int_key`,`pk` LIMIT 1
		   12 Query	SELECT X.`pk` FROM `table0_innodb_int_autoinc` AS X LEFT JOIN `table1_innodb_key_pk_parts_2_int_autoinc` AS Y USING ( `col_char_12_key` ) WHERE X.`pk` BETWEEN 3 AND 6 LIMIT 5 LOCK IN SHARE MODE
		   24 Query	SHOW WARNINGS
		   16 Query	UPDATE LOW_PRIORITY IGNORE `table10_innodb_int_autoinc` AS X SET `col_int_key` = 110 WHERE X.`pk` BETWEEN 149 AND 3674603520 ORDER BY `col_char_12`,`col_char_12_key`,`col_int`,`col_int_key`,`pk` LIMIT 6
		   24 Query	INSERT LOW_PRIORITY IGNORE INTO `table1_innodb_int_autoinc` (`pk`) VALUES (NULL)
		   16 Query	SHOW WARNINGS
		   19 Query	SHOW WARNINGS
