		   12 Query	DELETE LOW_PRIORITY QUICK IGNORE FROM `table0_innodb_int_autoinc` WHERE `col_int_key` = 'w' ORDER BY `col_char_12`,`col_char_12_key`,`col_int`,`col_int_key`,`pk` LIMIT 4
		   25 Query	DELETE LOW_PRIORITY QUICK IGNORE FROM `table10_innodb_key_pk_parts_2_int_autoinc` ORDER BY `col_char_12`,`col_char_12_key`,`col_int`,`col_int_key`,`pk` LIMIT 3
		   13 Query	SHOW WARNINGS
		   17 Query	FLUSH TABLE table2_innodb_int_autoinc, table10_innodb_int_autoinc FOR EXPORT
		   13 Query	UPDATE LOW_PRIORITY IGNORE `table2_innodb_key_pk_parts_2_int_autoinc` AS X SET `col_char_12` = 6 WHERE X.`col_char_12_key` BETWEEN 66 AND 430768128 ORDER BY `col_char_12`,`col_char_12_key`,`col_int`,`col_int_key`,`pk` LIMIT 7
		   22 Query	DELETE LOW_PRIORITY QUICK FROM `table0_innodb_key_pk_parts_2_int_autoinc` WHERE `col_int_key` BETWEEN 3 AND 7 ORDER BY `col_char_12`,`col_char_12_key`,`col_int`,`col_int_key`,`pk` LIMIT 1
		   19 Query	REPLACE LOW_PRIORITY INTO `table0_innodb_int_autoinc` ( `col_char_12`, `col_int_key` ) VALUES ( 5, 28 ), ( 2594635776, 5 )
		   23 Query	REPLACE LOW_PRIORITY INTO `table2_innodb_key_pk_parts_2_int_autoinc` ( `col_int`, `col_int` ) VALUES ( 'r', 1375731712 ), ( 92, 2632908800 )
		   13 Query	SHOW WARNINGS
		   15 Query	INSERT LOW_PRIORITY INTO `table2_innodb_int_autoinc` (`pk`) VALUES (NULL)
		   13 Query	SET NAMES DEFAULT
		   23 Query	DELETE LOW_PRIORITY FROM `table1_innodb_key_pk_parts_2_int_autoinc` WHERE `col_int_key` IN ( 'y', 'l', 's', 54, 11 ) ORDER BY `col_char_12`,`col_char_12_key`,`col_int`,`col_int_key`,`pk` LIMIT 2
		   13 Query	INSERT LOW_PRIORITY IGNORE INTO `table100_innodb_key_pk_parts_2_int_autoinc` ( `col_char_12`, `col_char_12` ) VALUES ( 190, 'l' ), ( 8, 120 )
		   13 Query	UPDATE LOW_PRIORITY IGNORE `table1_innodb_key_pk_parts_2_int_autoinc` AS X SET `col_int` = 0 WHERE X.`pk` BETWEEN 2 AND 8 ORDER BY `col_char_12`,`col_char_12_key`,`col_int`,`col_int_key`,`pk` LIMIT 6
		   23 Query	SELECT ( SELECT `col_int_key` FROM `table2_innodb_int_autoinc` WHERE `pk` = 66 ) FROM `table2_innodb_int_autoinc` AS X LEFT JOIN `table0_innodb_key_pk_parts_2_int_autoinc` AS Y USING ( `col_char_12_key` ) WHERE X.`pk` = ( SELECT `col_char_12_key` FROM `table2_innodb_key_pk_parts_2_int_autoinc` WHERE `pk` = 'o' ) LIMIT 6
		   13 Query	SHOW WARNINGS
		   13 Query	DELETE LOW_PRIORITY FROM `table100_innodb_int_autoinc` WHERE `col_char_12_key` BETWEEN 4 AND 8 ORDER BY `col_char_12`,`col_char_12_key`,`col_int`,`col_int_key`,`pk` LIMIT 4
		   23 Query	SELECT X.`pk` FROM `table1_innodb_key_pk_parts_2_int_autoinc` AS X LEFT JOIN `table10_innodb_key_pk_parts_2_int_autoinc` AS Y USING ( `col_char_12_key` ) WHERE X.`col_int_key` IN ( 2, 'c', 7, 2996568064, 190 ) LIMIT 6
		   23 Query	REPLACE LOW_PRIORITY INTO `table100_innodb_int_autoinc` ( `col_int` ) SELECT `col_char_12_key` FROM `table0_innodb_key_pk_parts_2_int_autoinc` AS X WHERE X.`col_char_12_key` BETWEEN 98 AND 1368850432 ORDER BY `col_char_12`,`col_char_12_key`,`col_int`,`col_int_key`,`pk` LIMIT 6
		   12 Query	SHOW WARNINGS
		   22 Query	SHOW WARNINGS
		   13 Query	SHOW WARNINGS
		   22 Query	INSERT LOW_PRIORITY IGNORE INTO `table10_innodb_key_pk_parts_2_int_autoinc` ( `col_int` ) SELECT `pk` FROM `table0_innodb_key_pk_parts_2_int_autoinc` AS X ORDER BY `col_char_12`,`col_char_12_key`,`col_int`,`col_int_key`,`pk` LIMIT 6
		   12 Query	SELECT * FROM `table10_innodb_key_pk_parts_2_int_autoinc` AS X LEFT JOIN `table2_innodb_int_autoinc` AS Y USING ( `pk` ) WHERE X.`pk` BETWEEN 111 AND 2034761728 LIMIT 6 LOCK IN SHARE MODE
		   13 Query	DELETE LOW_PRIORITY QUICK FROM `table0_innodb_key_pk_parts_2_int_autoinc` WHERE `col_int_key` IN ( 't', 7, 'k', 9, 9 ) ORDER BY `col_char_12`,`col_char_12_key`,`col_int`,`col_int_key`,`pk` LIMIT 3
		   23 Query	SHOW WARNINGS
		   12 Query	SET AUTOCOMMIT=ON
		   23 Query	SELECT X.`pk` FROM `table1_innodb_int_autoinc` AS X LEFT JOIN `table100_innodb_key_pk_parts_2_int_autoinc` AS Y USING ( `col_char_12_key` ) WHERE X.`pk` < 'h' LIMIT 8
		   12 Query	UPDATE LOW_PRIORITY `table0_innodb_key_pk_parts_2_int_autoinc` AS X SET `col_int` = 113 WHERE X.`col_char_12_key` < 0 ORDER BY `col_char_12`,`col_char_12_key`,`col_int`,`col_int_key`,`pk` LIMIT 6
		   23 Query	SHOW WARNINGS
		   23 Query	UPDATE LOW_PRIORITY IGNORE `table0_innodb_int_autoinc` AS X SET `col_int` = 69 WHERE X.`col_char_12_key` IN ( 1390608384, 4, 1547108352, 5, 'b' ) ORDER BY `col_char_12`,`col_char_12_key`,`col_int`,`col_int_key`,`pk` LIMIT 6
		   26 Query	SHOW WARNINGS
		   26 Query	DELETE LOW_PRIORITY FROM `table10_innodb_int_autoinc` WHERE `col_char_12_key` IN ( 138, 107, 8192000, 'k', 2627469312 ) ORDER BY `col_char_12`,`col_char_12_key`,`col_int`,`col_int_key`,`pk` LIMIT 2
		   20 Query	SHOW WARNINGS
		   20 Query	SELECT X.`col_char_12_key` FROM `table0_innodb_int_autoinc` AS X WHERE X.`pk` < 96 LIMIT 6
		   20 Query	INSERT LOW_PRIORITY IGNORE INTO `table100_innodb_int_autoinc` ( `col_int_key`, `col_char_12` ) VALUES ( 'y', 749273088 ), ( 0, 'a' )
		   22 Query	SHOW WARNINGS
		   11 Query	UPDATE LOW_PRIORITY `table0_innodb_key_pk_parts_2_int_autoinc` AS X SET `col_char_12` = 1357119488 WHERE X.`col_char_12_key` IN ( 188, 'm', 'f', 'h', 176357376 ) ORDER BY `col_char_12`,`col_char_12_key`,`col_int`,`col_int_key`,`pk` LIMIT 7
		   22 Query	INSERT LOW_PRIORITY IGNORE INTO `table2_innodb_int_autoinc` ( `col_int_key`, `col_int_key` ) VALUES ( 'c', 1581056000 ), ( 77, 69 )
		   13 Query	SHOW WARNINGS
150425  6:37:33	   13 Query	DELETE LOW_PRIORITY IGNORE FROM `table0_innodb_int_autoinc` WHERE `col_int_key` IN ( 2, 121, 'p', 132, 'f' ) ORDER BY `col_char_12`,`col_char_12_key`,`col_int`,`col_int_key`,`pk` LIMIT 2
		   13 Query	SHOW WARNINGS
		   23 Query	INSERT LOW_PRIORITY INTO `table2_innodb_int_autoinc` ( `col_int` ) SELECT `col_int_key` FROM `table0_innodb_key_pk_parts_2_int_autoinc` AS X WHERE X.`col_char_12_key` BETWEEN 145 AND 645070848 ORDER BY `col_char_12`,`col_char_12_key`,`col_int`,`col_int_key`,`pk` LIMIT 8
		   13 Query	SELECT X.`pk` FROM `table10_innodb_key_pk_parts_2_int_autoinc` AS X LEFT JOIN `table2_innodb_int_autoinc` AS Y USING ( `col_char_12_key` ) WHERE X.`pk` BETWEEN 4 AND 6 LIMIT 7
		   13 Query	INSERT LOW_PRIORITY INTO `table10_innodb_int_autoinc` (`pk`) VALUES (NULL)
		   13 Query	INSERT LOW_PRIORITY IGNORE INTO `table1_innodb_key_pk_parts_2_int_autoinc` ( `col_char_12_key` ) SELECT `col_char_12_key` FROM `table0_innodb_key_pk_parts_2_int_autoinc` AS X WHERE X.`col_char_12_key` BETWEEN 233 AND 449839104 ORDER BY `col_char_12`,`col_char_12_key`,`col_int`,`col_int_key`,`pk` LIMIT 5
		   13 Query	SHOW WARNINGS
		   13 Query	UPDATE LOW_PRIORITY `table0_innodb_int_autoinc` AS X SET `col_char_12_key` = 'i' WHERE X.`pk` BETWEEN 2 AND 8 ORDER BY `col_char_12`,`col_char_12_key`,`col_int`,`col_int_key`,`pk` LIMIT 7
		   13 Query	SHOW WARNINGS
		   13 Query	DELETE LOW_PRIORITY IGNORE FROM `table0_innodb_key_pk_parts_2_int_autoinc` WHERE `col_int_key` IN ( 2, 251, 599719936, 162, 7 ) ORDER BY `col_char_12`,`col_char_12_key`,`col_int`,`col_int_key`,`pk` LIMIT 3
		   13 Query	SHOW WARNINGS
		   13 Query	ROLLBACK TO SAVEPOINT A
		   13 Query	SELECT X.`col_char_12_key` FROM `table1_innodb_int_autoinc` AS X LEFT JOIN `table100_innodb_int_autoinc` AS Y USING ( `col_int_key` ) WHERE X.`col_int_key` BETWEEN 13 AND 3651928064 LIMIT 6
		   13 Query	DELETE LOW_PRIORITY QUICK FROM `table2_innodb_key_pk_parts_2_int_autoinc` WHERE `col_char_12_key` = 0 ORDER BY `col_char_12`,`col_char_12_key`,`col_int`,`col_int_key`,`pk` LIMIT 1
		   13 Query	SHOW WARNINGS
		   21 Query	SHOW WARNINGS
		   13 Query	UPDATE LOW_PRIORITY IGNORE `table1_innodb_int_autoinc` AS X SET `col_char_12` = 776667136 ORDER BY `col_char_12`,`col_char_12_key`,`col_int`,`col_int_key`,`pk` LIMIT 7
		   13 Query	SHOW WARNINGS
		   21 Query	DELETE LOW_PRIORITY QUICK FROM `table10_innodb_key_pk_parts_2_int_autoinc` WHERE `col_char_12_key` BETWEEN 2 AND 7 ORDER BY `col_char_12`,`col_char_12_key`,`col_int`,`col_int_key`,`pk` LIMIT 1
		   13 Query	SELECT X.`col_int` FROM `table10_innodb_int_autoinc` AS X WHERE X.`col_int_key` = ( SELECT `pk` FROM `table100_innodb_key_pk_parts_2_int_autoinc` WHERE `pk` = 7 ) LIMIT 7 FOR UPDATE
		   13 Query	SET CHARACTER SET DEFAULT
		   13 Query	SELECT X.`col_int_key` FROM `table0_innodb_int_autoinc` AS X WHERE X.`col_char_12_key` < 8 LIMIT 5
		   13 Query	DELETE LOW_PRIORITY FROM `table10_innodb_key_pk_parts_2_int_autoinc` WHERE `pk` IN ( 3218669568, 6, 196, 3, 2 ) ORDER BY `col_char_12`,`col_char_12_key`,`col_int`,`col_int_key`,`pk` LIMIT 3
		   25 Query	SHOW WARNINGS
		   13 Query	SHOW WARNINGS
		   25 Query	INSERT LOW_PRIORITY IGNORE INTO `table1_innodb_key_pk_parts_2_int_autoinc` ( `col_char_12_key`, `col_int` ) VALUES ( 91, 'h' ), ( 3, 2 )
		   21 Query	INSERT LOW_PRIORITY IGNORE INTO `table2_innodb_int_autoinc` ( `col_int`, `col_char_12_key` ) VALUES ( 1697251328, 1 ), ( 'i', 657457152 )
		   13 Query	UPDATE LOW_PRIORITY IGNORE `table100_innodb_int_autoinc` AS X SET `col_char_12` = 1271267328 WHERE X.`pk` < 2195456000 ORDER BY `col_char_12`,`col_char_12_key`,`col_int`,`col_int_key`,`pk` LIMIT 5
		   13 Query	SHOW WARNINGS
		   13 Query	UPDATE LOW_PRIORITY IGNORE `table2_innodb_int_autoinc` AS X SET `col_int` = 1 WHERE X.`pk` BETWEEN 122 AND 2937978880 ORDER BY `col_char_12`,`col_char_12_key`,`col_int`,`col_int_key`,`pk` LIMIT 6
		   13 Query	SHOW WARNINGS
		   13 Query	INSERT LOW_PRIORITY INTO `table10_innodb_key_pk_parts_2_int_autoinc` ( `col_char_12_key` ) SELECT `col_int_key` FROM `table100_innodb_int_autoinc` AS X WHERE X.`pk` = ( SELECT `pk` FROM `table100_innodb_key_pk_parts_2_int_autoinc` WHERE `pk` = 90 ) ORDER BY `col_char_12`,`col_char_12_key`,`col_int`,`col_int_key`,`pk` LIMIT 5
		   13 Query	SHOW WARNINGS
		   13 Query	DELETE LOW_PRIORITY FROM `table100_innodb_key_pk_parts_2_int_autoinc` WHERE `col_int_key` IN ( SELECT `col_int_key` FROM `table10_innodb_key_pk_parts_2_int_autoinc` WHERE `pk` = 86 ) ORDER BY `col_char_12`,`col_char_12_key`,`col_int`,`col_int_key`,`pk` LIMIT 1
		   13 Query	SHOW WARNINGS
		   13 Query	DELETE LOW_PRIORITY FROM `table2_innodb_key_pk_parts_2_int_autoinc` ORDER BY `col_char_12`,`col_char_12_key`,`col_int`,`col_int_key`,`pk` LIMIT 1
		   13 Query	SHOW WARNINGS
		   13 Query	REPLACE LOW_PRIORITY INTO `table1_innodb_int_autoinc` ( `col_char_12_key`, `col_int` ) VALUES ( 9, 'x' ), ( 'h', 19 )
		   13 Query	SHOW WARNINGS
		   13 Query	SELECT CHARACTER_SET_NAME INTO @cset FROM INFORMATION_SCHEMA.CHARACTER_SETS ORDER BY RAND() LIMIT 1
		   13 Query	SET @stmt_names_or_charset = CONCAT( 'SET NAMES ', @cset )
		   13 Query	SELECT CONCAT(@stmt_names_or_charset, ' COLLATE `', COLLATION_NAME, '`') INTO @stmt_names_or_charset FROM INFORMATION_SCHEMA.COLLATIONS WHERE CHARACTER_SET_NAME = @cset ORDER BY RAND() LIMIT 1
		   13 Query	PREPARE stmt_names_or_charset FROM @stmt_names_or_charset
		   13 Prepare	SET NAMES hebrew COLLATE `hebrew_general_ci`
		   13 Query	EXECUTE stmt_names_or_charset
		   13 Execute	SET NAMES hebrew COLLATE `hebrew_general_ci`
		   13 Query	DEALLOCATE PREPARE stmt_names_or_charset
		   13 Query	SELECT CHARACTER_SET_NAME INTO @cset FROM INFORMATION_SCHEMA.CHARACTER_SETS ORDER BY RAND() LIMIT 1
		   13 Query	SET @stmt_names_or_charset = CONCAT( 'SET NAMES ', @cset )
		   13 Query	SELECT CONCAT(@stmt_names_or_charset, ' COLLATE `', COLLATION_NAME, '`') INTO @stmt_names_or_charset FROM INFORMATION_SCHEMA.COLLATIONS WHERE CHARACTER_SET_NAME = @cset ORDER BY RAND() LIMIT 1
		   13 Query	PREPARE stmt_names_or_charset FROM @stmt_names_or_charset
		   13 Prepare	SET NAMES gbk COLLATE `gbk_chinese_ci`
		   13 Query	EXECUTE stmt_names_or_charset
		   13 Execute	SET NAMES gbk COLLATE `gbk_chinese_ci`
		   13 Query	DEALLOCATE PREPARE stmt_names_or_charset
		   13 Query	SET CHARACTER SET DEFAULT
		   13 Query	SET NAMES DEFAULT
		   13 Query	DELETE LOW_PRIORITY FROM `table10_innodb_key_pk_parts_2_int_autoinc` ORDER BY `col_char_12`,`col_char_12_key`,`col_int`,`col_int_key`,`pk` LIMIT 4
		   13 Query	SHOW WARNINGS
		   13 Query	SELECT CHARACTER_SET_NAME INTO @cset FROM INFORMATION_SCHEMA.CHARACTER_SETS ORDER BY RAND() LIMIT 1
		   13 Query	SET @stmt_names_or_charset = CONCAT( 'SET CHARACTER SET ', @cset )
		   13 Query	PREPARE stmt_names_or_charset FROM @stmt_names_or_charset
		   13 Prepare	SET CHARACTER SET eucjpms
		   13 Query	EXECUTE stmt_names_or_charset
		   13 Execute	SET CHARACTER SET eucjpms
		   13 Query	DEALLOCATE PREPARE stmt_names_or_charset
		   13 Query	DELETE LOW_PRIORITY IGNORE FROM `table1_innodb_int_autoinc` WHERE `col_int_key` IN ( SELECT `col_char_12_key` FROM `table1_innodb_int_autoinc` WHERE `pk` = 177 ) ORDER BY `col_char_12`,`col_char_12_key`,`col_int`,`col_int_key`,`pk` LIMIT 4
		   13 Query	SELECT X.`pk` FROM `table2_innodb_int_autoinc` AS X LEFT JOIN `table100_innodb_key_pk_parts_2_int_autoinc` AS Y USING ( `col_char_12_key` ) WHERE X.`col_int_key` BETWEEN 90 AND 482672640 LIMIT 8
		   13 Query	INSERT LOW_PRIORITY INTO `table1_innodb_int_autoinc` ( `col_int_key`, `col_int` ) VALUES ( 'u', 4117037056 ), ( 8, 9 )
		   13 Query	SHOW WARNINGS
		   13 Query	INSERT LOW_PRIORITY INTO `table1_innodb_key_pk_parts_2_int_autoinc` ( `col_int`, `col_char_12_key` ) VALUES ( 'l', 3817275392 ), ( 5, 3878158336 )
		   13 Query	SHOW WARNINGS
		   13 Query	DELETE LOW_PRIORITY QUICK IGNORE FROM `table0_innodb_int_autoinc` WHERE `pk` = 7 ORDER BY `col_char_12`,`col_char_12_key`,`col_int`,`col_int_key`,`pk` LIMIT 4
		   13 Query	SHOW WARNINGS
		   13 Query	SELECT CHARACTER_SET_NAME INTO @cset FROM INFORMATION_SCHEMA.CHARACTER_SETS ORDER BY RAND() LIMIT 1
		   13 Query	SET @stmt_names_or_charset = CONCAT( 'SET CHARACTER SET ', @cset )
		   13 Query	PREPARE stmt_names_or_charset FROM @stmt_names_or_charset
		   13 Prepare	SET CHARACTER SET cp852
		   13 Query	EXECUTE stmt_names_or_charset
		   13 Execute	SET CHARACTER SET cp852
		   13 Query	DEALLOCATE PREPARE stmt_names_or_charset
		   13 Query	UPDATE LOW_PRIORITY IGNORE `table0_innodb_key_pk_parts_2_int_autoinc` AS X SET `col_int` = 1 WHERE X.`col_int_key` BETWEEN 220 AND 1518272512 ORDER BY `col_char_12`,`col_char_12_key`,`col_int`,`col_int_key`,`pk` LIMIT 8
		   13 Query	SHOW WARNINGS
		   13 Query	SET NAMES DEFAULT
		   13 Query	SAVEPOINT A
		   13 Query	REPLACE LOW_PRIORITY INTO `table1_innodb_int_autoinc` ( `col_int` ) SELECT `pk` FROM `table1_innodb_int_autoinc` AS X ORDER BY `col_char_12`,`col_char_12_key`,`col_int`,`col_int_key`,`pk` LIMIT 6
		   13 Query	SHOW WARNINGS
		   13 Query	SET CHARACTER SET DEFAULT
		   13 Query	INSERT LOW_PRIORITY INTO `table1_innodb_int_autoinc` ( `col_char_12` ) SELECT `pk` FROM `table10_innodb_key_pk_parts_2_int_autoinc` AS X WHERE X.`col_char_12_key` IN ( 'a', 'u', 9, 195, 'd' ) ORDER BY `col_char_12`,`col_char_12_key`,`col_int`,`col_int_key`,`pk` LIMIT 5
		   13 Query	SHOW WARNINGS
		   13 Query	DELETE LOW_PRIORITY QUICK FROM `table2_innodb_int_autoinc` WHERE `col_char_12_key` BETWEEN 2 AND 5 ORDER BY `col_char_12`,`col_char_12_key`,`col_int`,`col_int_key`,`pk` LIMIT 1
		   13 Query	SHOW WARNINGS
		   13 Query	SELECT CHARACTER_SET_NAME INTO @cset FROM INFORMATION_SCHEMA.CHARACTER_SETS ORDER BY RAND() LIMIT 1
		   13 Query	SET @stmt_names_or_charset = CONCAT( 'SET CHARACTER SET ', @cset )
		   13 Query	PREPARE stmt_names_or_charset FROM @stmt_names_or_charset
		   13 Prepare	SET CHARACTER SET swe7
		   13 Query	EXECUTE stmt_names_or_charset
		   13 Execute	SET CHARACTER SET swe7
		   13 Query	DEALLOCATE PREPARE stmt_names_or_charset
		   13 Query	INSERT LOW_PRIORITY IGNORE INTO `table1_innodb_int_autoinc` ( `col_int`, `col_char_12_key` ) VALUES ( 604962816, 2 ), ( 113, 3881041920 )
		   13 Query	DELETE LOW_PRIORITY QUICK IGNORE FROM `table1_innodb_key_pk_parts_2_int_autoinc` WHERE `pk` IN ( 73, 1379991552, 2412118016, 'z', 207 ) ORDER BY `col_char_12`,`col_char_12_key`,`col_int`,`col_int_key`,`pk` LIMIT 3
		   25 Query	SHOW WARNINGS
		   13 Query	SHOW WARNINGS
		   25 Query	INSERT LOW_PRIORITY INTO `table100_innodb_key_pk_parts_2_int_autoinc` (`pk`) VALUES (NULL)
		   13 Query	DELETE LOW_PRIORITY QUICK FROM `table10_innodb_key_pk_parts_2_int_autoinc` ORDER BY `col_char_12`,`col_char_12_key`,`col_int`,`col_int_key`,`pk` LIMIT 4
		   13 Query	SHOW WARNINGS
		   13 Query	SET NAMES DEFAULT
		   13 Query	SELECT X.`pk` FROM `table1_innodb_int_autoinc` AS X WHERE X.`col_int_key` IN ( 403898368, 5, 222, 2, 142 ) LIMIT 6 FOR UPDATE
		   13 Query	INSERT LOW_PRIORITY IGNORE INTO `table1_innodb_key_pk_parts_2_int_autoinc` ( `col_char_12_key`, `col_int_key` ) VALUES ( 1, 2870411264 ), ( 'n', 'q' )
		   13 Query	SHOW WARNINGS
		   13 Query	SELECT X.`col_int_key` FROM `table2_innodb_int_autoinc` AS X LIMIT 7
		   13 Query	INSERT LOW_PRIORITY IGNORE INTO `table10_innodb_int_autoinc` ( `col_int` ) SELECT `col_char_12_key` FROM `table100_innodb_int_autoinc` AS X WHERE X.`col_char_12_key` = ( SELECT `col_char_12_key` FROM `table10_innodb_key_pk_parts_2_int_autoinc` WHERE `pk` = 103 ) ORDER BY `col_char_12`,`col_char_12_key`,`col_int`,`col_int_key`,`pk` LIMIT 7
		   13 Query	SHOW WARNINGS
		   13 Query	UPDATE LOW_PRIORITY `table2_innodb_key_pk_parts_2_int_autoinc` AS X SET `col_char_12_key` = 1221066752 WHERE X.`col_char_12_key` = ( SELECT `col_char_12_key` FROM `table100_innodb_int_autoinc` WHERE `pk` = 'h' ) ORDER BY `col_char_12`,`col_char_12_key`,`col_int`,`col_int_key`,`pk` LIMIT 7
		   13 Query	DELETE LOW_PRIORITY FROM `table2_innodb_int_autoinc` WHERE `col_int_key` IN ( SELECT `col_int_key` FROM `table0_innodb_int_autoinc` WHERE `pk` = 245 ) ORDER BY `col_char_12`,`col_char_12_key`,`col_int`,`col_int_key`,`pk` LIMIT 3
		   13 Query	SHOW WARNINGS
		   13 Query	INSERT LOW_PRIORITY INTO `table1_innodb_int_autoinc` (`pk`) VALUES (NULL)
		   13 Query	DELETE LOW_PRIORITY FROM `table100_innodb_key_pk_parts_2_int_autoinc` WHERE `col_int_key` IN ( SELECT `pk` FROM `table1_innodb_key_pk_parts_2_int_autoinc` WHERE `pk` = 144 ) ORDER BY `col_char_12`,`col_char_12_key`,`col_int`,`col_int_key`,`pk` LIMIT 1
		   13 Query	SHOW WARNINGS
		   13 Query	DELETE LOW_PRIORITY FROM `table0_innodb_int_autoinc` ORDER BY `col_char_12`,`col_char_12_key`,`col_int`,`col_int_key`,`pk` LIMIT 4
		   13 Query	SHOW WARNINGS
		   13 Query	SELECT X.`col_int_key` FROM `table2_innodb_int_autoinc` AS X LEFT JOIN `table0_innodb_key_pk_parts_2_int_autoinc` AS Y USING ( `col_int_key` ) WHERE X.`col_int_key` BETWEEN 2 AND 8 LIMIT 5
		   13 Query	DELETE LOW_PRIORITY FROM `table2_innodb_key_pk_parts_2_int_autoinc` WHERE `col_char_12_key` IN ( 1691090944, 1, 190, 93, 174522368 ) ORDER BY `col_char_12`,`col_char_12_key`,`col_int`,`col_int_key`,`pk` LIMIT 3
		   13 Query	SHOW WARNINGS
		   13 Query	DELETE LOW_PRIORITY QUICK FROM `table10_innodb_key_pk_parts_2_int_autoinc` WHERE `pk` IN ( 8, 'p', 2, 2935160832, 6 ) ORDER BY `col_char_12`,`col_char_12_key`,`col_int`,`col_int_key`,`pk` LIMIT 4
		   13 Query	SHOW WARNINGS
		   13 Query	DELETE LOW_PRIORITY FROM `table0_innodb_key_pk_parts_2_int_autoinc` WHERE `col_int_key` IN ( 1326448640, 1, 991363072, 61, 1506017280 ) ORDER BY `col_char_12`,`col_char_12_key`,`col_int`,`col_int_key`,`pk` LIMIT 3
		   13 Query	SHOW WARNINGS
		   13 Query	SET NAMES DEFAULT
		   13 Query	REPLACE LOW_PRIORITY INTO `table1_innodb_int_autoinc` ( `col_char_12` ) SELECT `col_char_12_key` FROM `table10_innodb_key_pk_parts_2_int_autoinc` AS X WHERE X.`col_char_12_key` BETWEEN 2 AND 7 ORDER BY `col_char_12`,`col_char_12_key`,`col_int`,`col_int_key`,`pk` LIMIT 6
		   13 Query	SHOW WARNINGS
		   13 Query	SET AUTOCOMMIT=ON
		   13 Query	INSERT LOW_PRIORITY IGNORE INTO `table2_innodb_int_autoinc` ( `col_char_12_key` ) SELECT `pk` FROM `table0_innodb_int_autoinc` AS X WHERE X.`col_char_12_key` BETWEEN 216 AND 1483866112 ORDER BY `col_char_12`,`col_char_12_key`,`col_int`,`col_int_key`,`pk` LIMIT 8
		   13 Query	SHOW WARNINGS
		   13 Query	REPLACE LOW_PRIORITY INTO `table0_innodb_int_autoinc` (`pk`) VALUES (NULL)
		   13 Query	SET NAMES DEFAULT
		   13 Query	INSERT LOW_PRIORITY IGNORE INTO `table2_innodb_int_autoinc` ( `col_int` ) SELECT `pk` FROM `table1_innodb_int_autoinc` AS X WHERE X.`col_int_key` IN ( 1, 206, 3, 'o', 3055419392 ) ORDER BY `col_char_12`,`col_char_12_key`,`col_int`,`col_int_key`,`pk` LIMIT 8
		   13 Query	SHOW WARNINGS
		   13 Query	SET NAMES DEFAULT
		   13 Query	DELETE LOW_PRIORITY FROM `table100_innodb_key_pk_parts_2_int_autoinc` WHERE `col_char_12_key` IN ( 564592640, 3248095232, 3086811136, 4, 184 ) ORDER BY `col_char_12`,`col_char_12_key`,`col_int`,`col_int_key`,`pk` LIMIT 4
		   13 Query	SHOW WARNINGS
		   13 Query	DELETE LOW_PRIORITY IGNORE FROM `table2_innodb_key_pk_parts_2_int_autoinc` WHERE `col_int_key` BETWEEN 2 AND 6 ORDER BY `col_char_12`,`col_char_12_key`,`col_int`,`col_int_key`,`pk` LIMIT 1
		   13 Query	SHOW WARNINGS
		   13 Query	REPLACE LOW_PRIORITY INTO `table100_innodb_key_pk_parts_2_int_autoinc` (`pk`) VALUES (NULL)
		   13 Query	UPDATE LOW_PRIORITY `table100_innodb_int_autoinc` AS X SET `col_int_key` = 1786380288 WHERE X.`col_int_key` < 3 ORDER BY `col_char_12`,`col_char_12_key`,`col_int`,`col_int_key`,`pk` LIMIT 8
		   13 Query	SHOW WARNINGS
		   13 Query	SET CHARACTER SET DEFAULT
		   13 Query	INSERT LOW_PRIORITY INTO `table100_innodb_int_autoinc` ( `col_char_12` ) SELECT `col_char_12_key` FROM `table2_innodb_key_pk_parts_2_int_autoinc` AS X WHERE X.`pk` = ( SELECT `col_char_12_key` FROM `table1_innodb_int_autoinc` WHERE `pk` = 1456865280 ) ORDER BY `col_char_12`,`col_char_12_key`,`col_int`,`col_int_key`,`pk` LIMIT 6
		   13 Query	SHOW WARNINGS
		   13 Query	UPDATE LOW_PRIORITY `table1_innodb_key_pk_parts_2_int_autoinc` AS X SET `col_char_12` = 97 WHERE X.`pk` BETWEEN 2 AND 7 ORDER BY `col_char_12`,`col_char_12_key`,`col_int`,`col_int_key`,`pk` LIMIT 6
		   13 Query	SHOW WARNINGS
		   13 Query	SELECT ( SELECT `col_char_12_key` FROM `table100_innodb_int_autoinc` WHERE `pk` = 4227072000 ) FROM `table0_innodb_key_pk_parts_2_int_autoinc` AS X WHERE X.`pk` IN ( 'c', 2806906880, 3600089088, 1122828288, 'c' ) LIMIT 7
		   13 Query	DELETE LOW_PRIORITY IGNORE FROM `table0_innodb_int_autoinc` WHERE `col_char_12_key` IN ( 5, 236, 'o', 242, 2160525312 ) ORDER BY `col_char_12`,`col_char_12_key`,`col_int`,`col_int_key`,`pk` LIMIT 4
		   13 Query	SHOW WARNINGS
		   13 Query	UPDATE LOW_PRIORITY `table2_innodb_int_autoinc` AS X SET `col_char_12_key` = 77 WHERE X.`pk` BETWEEN 1 AND 5 ORDER BY `col_char_12`,`col_char_12_key`,`col_int`,`col_int_key`,`pk` LIMIT 7
		   13 Query	SHOW WARNINGS
		   13 Query	REPLACE LOW_PRIORITY INTO `table1_innodb_int_autoinc` ( `col_int` ) SELECT `col_int_key` FROM `table10_innodb_key_pk_parts_2_int_autoinc` AS X ORDER BY `col_char_12`,`col_char_12_key`,`col_int`,`col_int_key`,`pk` LIMIT 7
		   13 Query	SHOW WARNINGS
		   13 Query	SELECT CHARACTER_SET_NAME INTO @cset FROM INFORMATION_SCHEMA.CHARACTER_SETS ORDER BY RAND() LIMIT 1
		   13 Query	SET @stmt_names_or_charset = CONCAT( 'SET NAMES ', @cset )
		   13 Query	SELECT CONCAT(@stmt_names_or_charset, ' COLLATE `', COLLATION_NAME, '`') INTO @stmt_names_or_charset FROM INFORMATION_SCHEMA.COLLATIONS WHERE CHARACTER_SET_NAME = @cset ORDER BY RAND() LIMIT 1
		   13 Query	PREPARE stmt_names_or_charset FROM @stmt_names_or_charset
		   13 Prepare	SET NAMES eucjpms COLLATE `eucjpms_bin`
		   13 Query	EXECUTE stmt_names_or_charset
		   13 Execute	SET NAMES eucjpms COLLATE `eucjpms_bin`
		   13 Query	DEALLOCATE PREPARE stmt_names_or_charset
		   13 Query	UPDATE LOW_PRIORITY `table10_innodb_int_autoinc` AS X SET `col_int` = 4 WHERE X.`col_char_12_key` = ( SELECT `col_char_12_key` FROM `table0_innodb_key_pk_parts_2_int_autoinc` WHERE `pk` = 1 ) ORDER BY `col_char_12`,`col_char_12_key`,`col_int`,`col_int_key`,`pk` LIMIT 7
		   13 Query	START TRANSACTION
		   12 Query	SHOW WARNINGS
		   12 Query	UPDATE LOW_PRIORITY `table1_innodb_int_autoinc` AS X SET `col_int_key` = 1771896832 ORDER BY `col_char_12`,`col_char_12_key`,`col_int`,`col_int_key`,`pk` LIMIT 8
		   13 Query	SELECT X.`pk` FROM `table0_innodb_key_pk_parts_2_int_autoinc` AS X LEFT JOIN `table10_innodb_key_pk_parts_2_int_autoinc` AS Y USING ( `col_char_12_key` ) WHERE X.`pk` = ( SELECT `col_int_key` FROM `table1_innodb_int_autoinc` WHERE `pk` = 2 ) LIMIT 8
		   19 Query	INSERT LOW_PRIORITY INTO `table100_innodb_int_autoinc` ( `col_int_key` ) SELECT `col_char_12_key` FROM `table100_innodb_key_pk_parts_2_int_autoinc` AS X WHERE X.`col_int_key` IN ( 196, 1, 'b', 511049728, 745799680 ) ORDER BY `col_char_12`,`col_char_12_key`,`col_int`,`col_int_key`,`pk` LIMIT 5
		   13 Query	SET NAMES DEFAULT
		   13 Query	ROLLBACK TO SAVEPOINT A
		   13 Query	UPDATE LOW_PRIORITY IGNORE `table2_innodb_int_autoinc` AS X SET `col_char_12_key` = 0 WHERE X.`col_int_key` BETWEEN 71 AND 1653276672 ORDER BY `col_char_12`,`col_char_12_key`,`col_int`,`col_int_key`,`pk` LIMIT 6
		   11 Query	SHOW WARNINGS
		   19 Query	SHOW WARNINGS
		   11 Query	SELECT X.`pk` FROM `table2_innodb_key_pk_parts_2_int_autoinc` AS X LEFT JOIN `table10_innodb_key_pk_parts_2_int_autoinc` AS Y USING ( `col_char_12_key` ) LIMIT 5
		   25 Query	SELECT X.`pk` FROM `table10_innodb_int_autoinc` AS X LEFT JOIN `table1_innodb_int_autoinc` AS Y USING ( `col_char_12_key` ) LIMIT 5
		   11 Query	UPDATE LOW_PRIORITY `table0_innodb_int_autoinc` AS X SET `col_int` = 'g' WHERE X.`col_char_12_key` IN ( 212533248, 'm', 1108017152, 3978428416, 'h' ) ORDER BY `col_char_12`,`col_char_12_key`,`col_int`,`col_int_key`,`pk` LIMIT 8
		   25 Query	UPDATE LOW_PRIORITY `table0_innodb_int_autoinc` AS X SET `col_char_12_key` = 2 WHERE X.`pk` = ( SELECT `col_int_key` FROM `table2_innodb_key_pk_parts_2_int_autoinc` WHERE `pk` = 'i' ) ORDER BY `col_char_12`,`col_char_12_key`,`col_int`,`col_int_key`,`pk` LIMIT 7
		   19 Query	SELECT * FROM `table2_innodb_key_pk_parts_2_int_autoinc` AS X LEFT JOIN `table1_innodb_key_pk_parts_2_int_autoinc` AS Y USING ( `pk` ) WHERE X.`col_int_key` BETWEEN 180 AND 3814850560 LIMIT 5 LOCK IN SHARE MODE
		   25 Query	UPDATE LOW_PRIORITY IGNORE `table100_innodb_int_autoinc` AS X SET `col_int` = 't' WHERE X.`pk` = ( SELECT `col_int_key` FROM `table10_innodb_key_pk_parts_2_int_autoinc` WHERE `pk` = 2 ) ORDER BY `col_char_12`,`col_char_12_key`,`col_int`,`col_int_key`,`pk` LIMIT 8
		   19 Query	INSERT LOW_PRIORITY INTO `table100_innodb_key_pk_parts_2_int_autoinc` ( `col_char_12_key` ) SELECT `pk` FROM `table0_innodb_key_pk_parts_2_int_autoinc` AS X WHERE X.`col_int_key` BETWEEN 2 AND 8 ORDER BY `col_char_12`,`col_char_12_key`,`col_int`,`col_int_key`,`pk` LIMIT 6
		   19 Query	SHOW WARNINGS
		   25 Query	DELETE LOW_PRIORITY FROM `table2_innodb_key_pk_parts_2_int_autoinc` ORDER BY `col_char_12`,`col_char_12_key`,`col_int`,`col_int_key`,`pk` LIMIT 4
		   19 Query	SELECT X.`pk` FROM `table100_innodb_int_autoinc` AS X WHERE X.`col_char_12_key` IN ( 116, 'x', 117, 1785135104, 'c' ) LIMIT 5
		   20 Query	SHOW WARNINGS
		   20 Query	SELECT X.`col_char_12_key` FROM `table10_innodb_int_autoinc` AS X LEFT JOIN `table10_innodb_int_autoinc` AS Y USING ( `pk` ) WHERE X.`pk` = ( SELECT `col_char_12_key` FROM `table0_innodb_key_pk_parts_2_int_autoinc` WHERE `pk` = 3704684544 ) LIMIT 6
		   18 Query	SELECT ( SELECT `col_int_key` FROM `table1_innodb_int_autoinc` WHERE `pk` = 'c' ) FROM `table2_innodb_key_pk_parts_2_int_autoinc` AS X LEFT JOIN `table10_innodb_key_pk_parts_2_int_autoinc` AS Y USING ( `col_int_key` ) WHERE X.`pk` = ( SELECT `pk` FROM `table2_innodb_key_pk_parts_2_int_autoinc` WHERE `pk` = 'z' ) LIMIT 7 LOCK IN SHARE MODE
		   20 Query	DELETE LOW_PRIORITY IGNORE FROM `table10_innodb_int_autoinc` ORDER BY `col_char_12`,`col_char_12_key`,`col_int`,`col_int_key`,`pk` LIMIT 3
		   18 Query	UPDATE LOW_PRIORITY IGNORE `table2_innodb_key_pk_parts_2_int_autoinc` AS X SET `col_int_key` = 208 WHERE X.`col_int_key` BETWEEN 2 AND 8 ORDER BY `col_char_12`,`col_char_12_key`,`col_int`,`col_int_key`,`pk` LIMIT 5
		   12 Query	SHOW WARNINGS
		   25 Query	SHOW WARNINGS
		   12 Query	UPDATE LOW_PRIORITY IGNORE `table100_innodb_key_pk_parts_2_int_autoinc` AS X SET `col_char_12_key` = 'n' ORDER BY `col_char_12`,`col_char_12_key`,`col_int`,`col_int_key`,`pk` LIMIT 7
		   25 Query	SELECT X.`col_char_12_key` FROM `table10_innodb_int_autoinc` AS X WHERE X.`col_char_12_key` = ( SELECT `pk` FROM `table100_innodb_key_pk_parts_2_int_autoinc` WHERE `pk` = 178 ) LIMIT 5
		   25 Query	SAVEPOINT A
		   25 Query	UPDATE LOW_PRIORITY IGNORE `table1_innodb_int_autoinc` AS X SET `col_char_12_key` = 'j' WHERE X.`pk` IN ( 145, 5, 82, 44, 160 ) ORDER BY `col_char_12`,`col_char_12_key`,`col_int`,`col_int_key`,`pk` LIMIT 8
		   14 Query	UNLOCK TABLES
		   16 Query	DELETE LOW_PRIORITY QUICK IGNORE FROM `table10_innodb_int_autoinc` WHERE `col_int_key` BETWEEN 1 AND 8 ORDER BY `col_char_12`,`col_char_12_key`,`col_int`,`col_int_key`,`pk` LIMIT 2
		   13 Query	SHOW WARNINGS
		   22 Query	SELECT X.`pk` FROM `table2_innodb_int_autoinc` AS X LEFT JOIN `table2_innodb_int_autoinc` AS Y USING ( `pk` ) WHERE X.`col_int_key` BETWEEN 166 AND 987103232 LIMIT 6
		   13 Query	SET AUTOCOMMIT=ON
		   13 Query	SELECT X.`col_char_12_key` FROM `table100_innodb_key_pk_parts_2_int_autoinc` AS X LEFT JOIN `table10_innodb_int_autoinc` AS Y USING ( `col_int_key` ) WHERE X.`pk` BETWEEN 80 AND 1200488448 LIMIT 6
		   19 Query	UPDATE LOW_PRIORITY IGNORE `table2_innodb_int_autoinc` AS X SET `col_char_12` = 'z' WHERE X.`col_char_12_key` < 'l' ORDER BY `col_char_12`,`col_char_12_key`,`col_int`,`col_int_key`,`pk` LIMIT 7
		   22 Query	INSERT LOW_PRIORITY INTO `table100_innodb_int_autoinc` ( `col_int`, `col_char_12_key` ) VALUES ( 8, 't' ), ( 181, 813957120 )
		   14 Query	EXPLAIN EXTENDED UPDATE LOW_PRIORITY `table2_innodb_key_pk_parts_2_int_autoinc` AS X SET `col_int` = 187 ORDER BY `col_char_12`,`col_char_12_key`,`col_int`,`col_int_key`,`pk` LIMIT 8
		   19 Query	SHOW WARNINGS
		   14 Query	FLUSH TABLE table0_innodb_key_pk_parts_2_int_autoinc, table2_innodb_key_pk_parts_2_int_autoinc, table1_innodb_int_autoinc FOR EXPORT
		   19 Query	REPLACE LOW_PRIORITY INTO `table2_innodb_key_pk_parts_2_int_autoinc` ( `col_int_key` ) SELECT `col_char_12_key` FROM `table2_innodb_key_pk_parts_2_int_autoinc` AS X WHERE X.`col_int_key` IN ( 'n', 9, 855179264, 2, 4 ) ORDER BY `col_char_12`,`col_char_12_key`,`col_int`,`col_int_key`,`pk` LIMIT 5
		   13 Query	COMMIT
		   19 Query	SHOW WARNINGS
		   23 Query	SHOW WARNINGS
		   13 Query	SET TRANSACTION ISOLATION LEVEL READ COMMITTED
		   23 Query	UPDATE LOW_PRIORITY `table1_innodb_key_pk_parts_2_int_autoinc` AS X SET `col_char_12_key` = 14 WHERE X.`pk` IN ( 1085734912, 'g', 2007891968, 'f', 254 ) ORDER BY `col_char_12`,`col_char_12_key`,`col_int`,`col_int_key`,`pk` LIMIT 6
		   13 Query	UPDATE LOW_PRIORITY `table100_innodb_int_autoinc` AS X SET `col_int_key` = 198 WHERE X.`col_int_key` BETWEEN 70 AND 546111488 ORDER BY `col_char_12`,`col_char_12_key`,`col_int`,`col_int_key`,`pk` LIMIT 5
		   13 Query	DELETE LOW_PRIORITY QUICK FROM `table10_innodb_int_autoinc` ORDER BY `col_char_12`,`col_char_12_key`,`col_int`,`col_int_key`,`pk` LIMIT 1
		   19 Query	INSERT LOW_PRIORITY IGNORE INTO `table10_innodb_int_autoinc` ( `col_int`, `col_int` ) VALUES ( 59, 1257177088 ), ( 3, 'e' )
150425  6:37:34	   25 Query	SHOW WARNINGS
		   23 Query	SHOW WARNINGS
		   24 Query	SHOW WARNINGS
		   25 Query	SET AUTOCOMMIT=ON
		   22 Query	REPLACE LOW_PRIORITY INTO `table1_innodb_key_pk_parts_2_int_autoinc` (`pk`) VALUES (NULL)
		   24 Query	SELECT * FROM `table10_innodb_int_autoinc` AS X LIMIT 7
		   23 Query	UPDATE LOW_PRIORITY `table10_innodb_int_autoinc` AS X SET `col_char_12` = 'g' WHERE X.`pk` < 8 ORDER BY `col_char_12`,`col_char_12_key`,`col_int`,`col_int_key`,`pk` LIMIT 8
		   24 Query	DELETE LOW_PRIORITY QUICK IGNORE FROM `table1_innodb_int_autoinc` WHERE `col_int_key` IN ( SELECT `col_int_key` FROM `table100_innodb_key_pk_parts_2_int_autoinc` WHERE `pk` = 7 ) ORDER BY `col_char_12`,`col_char_12_key`,`col_int`,`col_int_key`,`pk` LIMIT 2
		   25 Query	UPDATE LOW_PRIORITY `table2_innodb_key_pk_parts_2_int_autoinc` AS X SET `col_int` = 1499332608 WHERE X.`pk` = ( SELECT `col_char_12_key` FROM `table100_innodb_int_autoinc` WHERE `pk` = 192 ) ORDER BY `col_char_12`,`col_char_12_key`,`col_int`,`col_int_key`,`pk` LIMIT 5
150425  6:37:35	   19 Query	REPLACE LOW_PRIORITY INTO `table1_innodb_int_autoinc` ( `col_char_12_key`, `col_char_12_key` ) VALUES ( 6, 197 ), ( 'i', 225 )
		   21 Query	SHOW WARNINGS
		   18 Query	SHOW WARNINGS
		   22 Query	INSERT LOW_PRIORITY INTO `table10_innodb_int_autoinc` ( `col_int_key`, `col_int_key` ) VALUES ( 'v', 3342860288 ), ( 7, 1118306304 )
		   15 Query	DELETE LOW_PRIORITY FROM `table100_innodb_int_autoinc` ORDER BY `col_char_12`,`col_char_12_key`,`col_int`,`col_int_key`,`pk` LIMIT 3
		   11 Query	SHOW WARNINGS
		   12 Query	SHOW WARNINGS
		   18 Query	DELETE LOW_PRIORITY QUICK IGNORE FROM `table0_innodb_key_pk_parts_2_int_autoinc` WHERE `pk` IN ( 202, 177, 136, 'm', 3450273792 ) ORDER BY `col_char_12`,`col_char_12_key`,`col_int`,`col_int_key`,`pk` LIMIT 4
		   21 Query	INSERT LOW_PRIORITY INTO `table100_innodb_int_autoinc` ( `col_int_key`, `col_int_key` ) VALUES ( 9, 11 ), ( 150, 'u' )
		   12 Query	REPLACE LOW_PRIORITY INTO `table1_innodb_key_pk_parts_2_int_autoinc` (`pk`) VALUES (NULL)
		   11 Query	DELETE LOW_PRIORITY FROM `table100_innodb_int_autoinc` WHERE `col_char_12_key` IN ( SELECT `col_int_key` FROM `table2_innodb_key_pk_parts_2_int_autoinc` WHERE `pk` = 'w' ) ORDER BY `col_char_12`,`col_char_12_key`,`col_int`,`col_int_key`,`pk` LIMIT 4
		   21 Query	DELETE LOW_PRIORITY FROM `table10_innodb_key_pk_parts_2_int_autoinc` WHERE `pk` = 43 ORDER BY `col_char_12`,`col_char_12_key`,`col_int`,`col_int_key`,`pk` LIMIT 1
150425  6:37:36	   21 Query	SHOW WARNINGS
		   15 Query	SHOW WARNINGS
		   21 Query	SELECT X.`col_char_12_key` FROM `table100_innodb_int_autoinc` AS X WHERE X.`col_int_key` < 'l' LIMIT 8
		   15 Query	UPDATE LOW_PRIORITY IGNORE `table2_innodb_int_autoinc` AS X SET `col_char_12_key` = 'q' WHERE X.`col_int_key` BETWEEN 3 AND 8 ORDER BY `col_char_12`,`col_char_12_key`,`col_int`,`col_int_key`,`pk` LIMIT 7
		   21 Query	SHOW WARNINGS
		   21 Query	INSERT LOW_PRIORITY INTO `table0_innodb_int_autoinc` ( `col_int` ) SELECT `col_int_key` FROM `table2_innodb_int_autoinc` AS X WHERE X.`pk` BETWEEN 22 AND 2329214976 ORDER BY `col_char_12`,`col_char_12_key`,`col_int`,`col_int_key`,`pk` LIMIT 6
		   12 Query	DELETE LOW_PRIORITY FROM `table0_innodb_key_pk_parts_2_int_autoinc` WHERE `pk` IN ( 2091778048, 'b', 3884056576, 207, 160 ) ORDER BY `col_char_12`,`col_char_12_key`,`col_int`,`col_int_key`,`pk` LIMIT 2
		   17 Query	UNLOCK TABLES
		   17 Query	ANALYZE TABLE `table0_innodb_int_autoinc` PERSISTENT FOR COLUMNS ALL INDEXES ( `_` )
		   22 Query	SELECT X.`pk` FROM `table2_innodb_int_autoinc` AS X LEFT JOIN `table10_innodb_int_autoinc` AS Y USING ( `pk` ) WHERE X.`col_int_key` IN ( 3308191744, 203, 't', 9, 2148007936 ) LIMIT 5 LOCK IN SHARE MODE
		   17 Query	CREATE OR REPLACE TEMPORARY TABLE `create_or_replace_tmp` AS SELECT * FROM `table0_innodb_key_pk_parts_2_int_autoinc`
		   13 Query	SELECT ( SELECT `col_char_12_key` FROM `table2_innodb_key_pk_parts_2_int_autoinc` WHERE `pk` = 2412183552 ) FROM `table10_innodb_key_pk_parts_2_int_autoinc` AS X LEFT JOIN `table10_innodb_key_pk_parts_2_int_autoinc` AS Y USING ( `col_int_key` ) WHERE X.`col_int_key` < 't' LIMIT 8
		   22 Query	REPLACE LOW_PRIORITY INTO `table1_innodb_int_autoinc` ( `col_int_key`, `col_char_12_key` ) VALUES ( 26, 137 ), ( 'k', 47 )
		   20 Query	SHOW WARNINGS
		   11 Query	SHOW WARNINGS
		   15 Query	SHOW WARNINGS
		   20 Query	REPLACE LOW_PRIORITY INTO `table100_innodb_int_autoinc` ( `col_char_12_key`, `col_int_key` ) VALUES ( 6, 5 ), ( 163, 6 )
		   11 Query	INSERT LOW_PRIORITY INTO `table1_innodb_int_autoinc` ( `col_char_12`, `col_char_12_key` ) VALUES ( 3895721984, 16384000 ), ( 'l', 2723479552 )
		   15 Query	UPDATE LOW_PRIORITY IGNORE `table10_innodb_int_autoinc` AS X SET `col_char_12` = 'p' WHERE X.`col_char_12_key` = ( SELECT `pk` FROM `table100_innodb_int_autoinc` WHERE `pk` = 0 ) ORDER BY `col_char_12`,`col_char_12_key`,`col_int`,`col_int_key`,`pk` LIMIT 6
		   21 Query	SHOW WARNINGS
		   13 Query	SHOW WARNINGS
		   21 Query	UPDATE LOW_PRIORITY IGNORE `table0_innodb_int_autoinc` AS X SET `col_int_key` = 'n' WHERE X.`pk` IN ( 'a', 141, 1, 'u', 1455423488 ) ORDER BY `col_char_12`,`col_char_12_key`,`col_int`,`col_int_key`,`pk` LIMIT 7
		   13 Query	SELECT * FROM `table1_innodb_int_autoinc` AS X LIMIT 6 FOR UPDATE
150425  6:37:37	   16 Query	SHOW WARNINGS
		   17 Query	EXPLAIN COMMIT
		   26 Query	SHOW WARNINGS
		   20 Query	REPLACE LOW_PRIORITY INTO `table1_innodb_int_autoinc` ( `col_char_12` ) SELECT `pk` FROM `table1_innodb_key_pk_parts_2_int_autoinc` AS X ORDER BY `col_char_12`,`col_char_12_key`,`col_int`,`col_int_key`,`pk` LIMIT 6
		   16 Query	UPDATE LOW_PRIORITY `table0_innodb_key_pk_parts_2_int_autoinc` AS X SET `col_int_key` = 'y' ORDER BY `col_char_12`,`col_char_12_key`,`col_int`,`col_int_key`,`pk` LIMIT 8
		   21 Query	SHOW WARNINGS
		   26 Query	UPDATE LOW_PRIORITY IGNORE `table10_innodb_key_pk_parts_2_int_autoinc` AS X SET `col_char_12_key` = 3 WHERE X.`col_char_12_key` BETWEEN 1 AND 6 ORDER BY `col_char_12`,`col_char_12_key`,`col_int`,`col_int_key`,`pk` LIMIT 7
		   21 Query	DELETE LOW_PRIORITY IGNORE FROM `table0_innodb_key_pk_parts_2_int_autoinc` WHERE `pk` = 9 ORDER BY `col_char_12`,`col_char_12_key`,`col_int`,`col_int_key`,`pk` LIMIT 4
		   17 Query	SET TRANSACTION ISOLATION LEVEL SERIALIZABLE
		   17 Query	EXPLAIN INSERT LOW_PRIORITY INTO `table2_innodb_int_autoinc` (`pk`) VALUES (NULL)
		   17 Query	ANALYZE TABLE `table2_innodb_key_pk_parts_2_int_autoinc`
		   26 Query	SHOW WARNINGS
		   23 Query	SHOW WARNINGS
		   26 Query	REPLACE LOW_PRIORITY INTO `table2_innodb_int_autoinc` ( `col_char_12_key`, `col_int` ) VALUES ( 96, 229 ), ( 1381629952, 'p' )
		   23 Query	SELECT X.`col_int_key` FROM `table0_innodb_int_autoinc` AS X WHERE X.`col_char_12_key` = ( SELECT `col_char_12_key` FROM `table2_innodb_int_autoinc` WHERE `pk` = 67 ) LIMIT 7
		   14 Query	UNLOCK TABLES
		   14 Query	CREATE OR REPLACE TEMPORARY TABLE `create_or_replace_tmp` LIKE `table100_innodb_int_autoinc`
		   25 Query	INSERT LOW_PRIORITY IGNORE INTO `table10_innodb_key_pk_parts_2_int_autoinc` ( `col_int_key`, `col_int` ) VALUES ( 1224015872, 0 ), ( 1, 23 )
		   15 Query	SHOW WARNINGS
		   12 Query	SHOW WARNINGS
		   12 Query	SET AUTOCOMMIT=OFF
		   15 Query	INSERT LOW_PRIORITY INTO `table100_innodb_int_autoinc` ( `col_int_key` ) SELECT `col_char_12_key` FROM `table0_innodb_key_pk_parts_2_int_autoinc` AS X WHERE X.`col_char_12_key` IN ( 'v', 5, 3165716480, 'a', 1488388096 ) ORDER BY `col_char_12`,`col_char_12_key`,`col_int`,`col_int_key`,`pk` LIMIT 5
		   12 Query	UPDATE LOW_PRIORITY IGNORE `table1_innodb_int_autoinc` AS X SET `col_char_12_key` = 111 WHERE X.`col_int_key` = ( SELECT `pk` FROM `table1_innodb_key_pk_parts_2_int_autoinc` WHERE `pk` = 1853423616 ) ORDER BY `col_char_12`,`col_char_12_key`,`col_int`,`col_int_key`,`pk` LIMIT 5
150425  6:37:38	   21 Query	SHOW WARNINGS
		   21 Query	UPDATE LOW_PRIORITY `table10_innodb_int_autoinc` AS X SET `col_char_12` = 2759000064 WHERE X.`col_char_12_key` BETWEEN 2 AND 5 ORDER BY `col_char_12`,`col_char_12_key`,`col_int`,`col_int_key`,`pk` LIMIT 6
150425  6:37:39	   23 Query	DELETE LOW_PRIORITY QUICK FROM `table2_innodb_key_pk_parts_2_int_autoinc` ORDER BY `col_char_12`,`col_char_12_key`,`col_int`,`col_int_key`,`pk` LIMIT 4
		   23 Query	SHOW WARNINGS
		   18 Query	SHOW WARNINGS
		   23 Query	SELECT X.`pk` FROM `table10_innodb_key_pk_parts_2_int_autoinc` AS X LEFT JOIN `table1_innodb_int_autoinc` AS Y USING ( `col_int_key` ) WHERE X.`col_int_key` < 167 LIMIT 7
		   18 Query	REPLACE LOW_PRIORITY INTO `table2_innodb_key_pk_parts_2_int_autoinc` (`pk`) VALUES (NULL)
		   21 Query	SHOW WARNINGS
		   16 Query	SHOW WARNINGS
		   22 Query	SHOW WARNINGS
		   15 Query	SHOW WARNINGS
		   15 Query	DELETE LOW_PRIORITY FROM `table2_innodb_int_autoinc` ORDER BY `col_char_12`,`col_char_12_key`,`col_int`,`col_int_key`,`pk` LIMIT 1
		   25 Query	REPLACE LOW_PRIORITY INTO `table0_innodb_int_autoinc` ( `col_char_12` ) SELECT `col_char_12_key` FROM `table1_innodb_key_pk_parts_2_int_autoinc` AS X WHERE X.`pk` BETWEEN 1 AND 8 ORDER BY `col_char_12`,`col_char_12_key`,`col_int`,`col_int_key`,`pk` LIMIT 5
		   21 Query	UPDATE LOW_PRIORITY IGNORE `table1_innodb_int_autoinc` AS X SET `col_char_12_key` = 't' ORDER BY `col_char_12`,`col_char_12_key`,`col_int`,`col_int_key`,`pk` LIMIT 6
		   13 Query	UPDATE LOW_PRIORITY `table1_innodb_key_pk_parts_2_int_autoinc` AS X SET `col_char_12` = 158 WHERE X.`col_int_key` < 3010854912 ORDER BY `col_char_12`,`col_char_12_key`,`col_int`,`col_int_key`,`pk` LIMIT 6
		   24 Query	SHOW WARNINGS
		   16 Query	UPDATE LOW_PRIORITY IGNORE `table2_innodb_int_autoinc` AS X SET `col_char_12` = 19 WHERE X.`col_char_12_key` BETWEEN 1 AND 7 ORDER BY `col_char_12`,`col_char_12_key`,`col_int`,`col_int_key`,`pk` LIMIT 6
		   22 Query	INSERT LOW_PRIORITY INTO `table100_innodb_key_pk_parts_2_int_autoinc` (`pk`) VALUES (NULL)
		   26 Query	SHOW WARNINGS
		   11 Query	REPLACE LOW_PRIORITY INTO `table1_innodb_int_autoinc` ( `col_char_12`, `col_int_key` ) VALUES ( 4, 965410816 ), ( 1255407616, 107 )
		   24 Query	SELECT ( SELECT `pk` FROM `table100_innodb_key_pk_parts_2_int_autoinc` WHERE `pk` = 'i' ) FROM `table2_innodb_int_autoinc` AS X LEFT JOIN `table0_innodb_key_pk_parts_2_int_autoinc` AS Y USING ( `pk` ) WHERE X.`pk` BETWEEN 206 AND 2480865280 LIMIT 6 LOCK IN SHARE MODE
		   26 Query	SELECT X.`col_int_key` FROM `table10_innodb_int_autoinc` AS X LEFT JOIN `table2_innodb_key_pk_parts_2_int_autoinc` AS Y USING ( `col_char_12_key` ) WHERE X.`col_char_12_key` = ( SELECT `pk` FROM `table1_innodb_int_autoinc` WHERE `pk` = 119 ) LIMIT 6 FOR UPDATE
		   24 Query	REPLACE LOW_PRIORITY INTO `table100_innodb_int_autoinc` ( `col_int`, `col_char_12` ) VALUES ( 2, 199 ), ( 8, 3 )
		   26 Query	INSERT LOW_PRIORITY IGNORE INTO `table0_innodb_key_pk_parts_2_int_autoinc` ( `col_char_12`, `col_int_key` ) VALUES ( 3963813888, 7 ), ( 699465728, 3 )
		   14 Query	INSERT INTO `create_or_replace_tmp` SELECT * FROM `table100_innodb_key_pk_parts_2_int_autoinc`
		   19 Query	UPDATE LOW_PRIORITY IGNORE `table10_innodb_int_autoinc` AS X SET `col_int_key` = 'u' WHERE X.`col_char_12_key` IN ( 221, 1022033920, 3961716736, 'q', 'k' ) ORDER BY `col_char_12`,`col_char_12_key`,`col_int`,`col_int_key`,`pk` LIMIT 7
		   12 Query	DELETE LOW_PRIORITY IGNORE FROM `table1_innodb_int_autoinc` WHERE `pk` IN ( SELECT `pk` FROM `table0_innodb_int_autoinc` WHERE `pk` = 44 ) ORDER BY `col_char_12`,`col_char_12_key`,`col_int`,`col_int_key`,`pk` LIMIT 1
		   23 Query	DELETE LOW_PRIORITY QUICK IGNORE FROM `table0_innodb_key_pk_parts_2_int_autoinc` ORDER BY `col_char_12`,`col_char_12_key`,`col_int`,`col_int_key`,`pk` LIMIT 3
		   19 Query	SHOW WARNINGS
		   17 Query	ANALYZE TABLE `table0_innodb_key_pk_parts_2_int_autoinc` PERSISTENT FOR COLUMNS ( ) INDEXES ( PRIMARY )
		   19 Query	DELETE LOW_PRIORITY FROM `table0_innodb_key_pk_parts_2_int_autoinc` WHERE `pk` BETWEEN 2 AND 7 ORDER BY `col_char_12`,`col_char_12_key`,`col_int`,`col_int_key`,`pk` LIMIT 2
150425  6:37:40	   15 Query	SHOW WARNINGS
		   15 Query	REPLACE LOW_PRIORITY INTO `table2_innodb_key_pk_parts_2_int_autoinc` ( `col_char_12` ) SELECT `col_int_key` FROM `table0_innodb_key_pk_parts_2_int_autoinc` AS X WHERE X.`col_char_12_key` < 'y' ORDER BY `col_char_12`,`col_char_12_key`,`col_int`,`col_int_key`,`pk` LIMIT 7
		   11 Query	UPDATE LOW_PRIORITY IGNORE `table1_innodb_int_autoinc` AS X SET `col_int_key` = 1717043200 WHERE X.`col_int_key` < 'k' ORDER BY `col_char_12`,`col_char_12_key`,`col_int`,`col_int_key`,`pk` LIMIT 8
		   22 Query	REPLACE LOW_PRIORITY INTO `table100_innodb_key_pk_parts_2_int_autoinc` (`pk`) VALUES (NULL)
		   25 Query	SHOW WARNINGS
		   26 Query	INSERT LOW_PRIORITY INTO `table100_innodb_int_autoinc` (`pk`) VALUES (NULL)
		   25 Query	SELECT X.`col_int_key` FROM `table10_innodb_key_pk_parts_2_int_autoinc` AS X LEFT JOIN `table2_innodb_key_pk_parts_2_int_autoinc` AS Y USING ( `col_int_key` ) LIMIT 6 FOR UPDATE
		   24 Query	DELETE LOW_PRIORITY FROM `table100_innodb_int_autoinc` WHERE `col_char_12_key` IN ( SELECT `pk` FROM `table2_innodb_int_autoinc` WHERE `pk` = 31 ) ORDER BY `col_char_12`,`col_char_12_key`,`col_int`,`col_int_key`,`pk` LIMIT 2
		   16 Query	SHOW WARNINGS
		   16 Query	SELECT * FROM `table10_innodb_key_pk_parts_2_int_autoinc` AS X LIMIT 7
		   18 Query	DELETE LOW_PRIORITY QUICK IGNORE FROM `table100_innodb_int_autoinc` WHERE `col_int_key` BETWEEN 2 AND 8 ORDER BY `col_char_12`,`col_char_12_key`,`col_int`,`col_int_key`,`pk` LIMIT 1
		   13 Query	SHOW WARNINGS
		   21 Query	SHOW WARNINGS
		   13 Query	SET CHARACTER SET DEFAULT
		   23 Query	SHOW WARNINGS
		   13 Query	SET NAMES DEFAULT
		   21 Query	SELECT X.`pk` FROM `table10_innodb_int_autoinc` AS X LEFT JOIN `table1_innodb_int_autoinc` AS Y USING ( `col_char_12_key` ) WHERE X.`col_int_key` BETWEEN 242 AND 2488729600 LIMIT 7
		   14 Query	SHOW WARNINGS
		   13 Query	SELECT X.`pk` FROM `table100_innodb_int_autoinc` AS X LEFT JOIN `table2_innodb_key_pk_parts_2_int_autoinc` AS Y USING ( `col_char_12_key` ) WHERE X.`pk` IN ( 7, 0, 116, 4012638208, 218 ) LIMIT 7
		   14 Query	UNLOCK TABLES
		   16 Query	INSERT LOW_PRIORITY IGNORE INTO `table10_innodb_int_autoinc` ( `col_char_12_key`, `col_char_12_key` ) VALUES ( 'b', 130 ), ( 75, 1 )
		   14 Query	EXPLAIN EXTENDED INSERT LOW_PRIORITY IGNORE INTO `table100_innodb_int_autoinc` ( `col_char_12`, `col_int` ) VALUES ( 41, 160 ), ( 1, 'n' )
		   13 Query	SET NAMES DEFAULT
		   16 Query	SELECT X.`col_char_12_key` FROM `table10_innodb_key_pk_parts_2_int_autoinc` AS X LEFT JOIN `table100_innodb_key_pk_parts_2_int_autoinc` AS Y USING ( `col_char_12_key` ) WHERE X.`col_int_key` BETWEEN 3 AND 6 LIMIT 8
		   14 Query	CREATE OR REPLACE TEMPORARY TABLE `create_or_replace_tmp` AS SELECT * FROM `table1_innodb_key_pk_parts_2_int_autoinc`
		   13 Query	SELECT X.`col_char_12_key` FROM `table1_innodb_key_pk_parts_2_int_autoinc` AS X WHERE X.`pk` IN ( 'y', 3312386048, 'c', 9, 'p' ) LIMIT 5 FOR UPDATE
		   19 Query	SHOW WARNINGS
		   25 Query	UPDATE LOW_PRIORITY IGNORE `table100_innodb_key_pk_parts_2_int_autoinc` AS X SET `col_int` = 184 WHERE X.`pk` = ( SELECT `pk` FROM `table2_innodb_int_autoinc` WHERE `pk` = 1 ) ORDER BY `col_char_12`,`col_char_12_key`,`col_int`,`col_int_key`,`pk` LIMIT 5
		   19 Query	SET AUTOCOMMIT=OFF
		   16 Query	SELECT X.`col_char_12_key` FROM `table100_innodb_int_autoinc` AS X LEFT JOIN `table100_innodb_int_autoinc` AS Y USING ( `col_char_12_key` ) WHERE X.`col_int_key` < 5 LIMIT 5
		   25 Query	SELECT ( SELECT `col_int_key` FROM `table0_innodb_int_autoinc` WHERE `pk` = 378470400 ) FROM `table100_innodb_key_pk_parts_2_int_autoinc` AS X LIMIT 5
		   23 Query	UPDATE LOW_PRIORITY IGNORE `table2_innodb_int_autoinc` AS X SET `col_char_12` = 0 WHERE X.`pk` < 'r' ORDER BY `col_char_12`,`col_char_12_key`,`col_int`,`col_int_key`,`pk` LIMIT 7
		   19 Query	UPDATE LOW_PRIORITY `table10_innodb_int_autoinc` AS X SET `col_int` = 'f' WHERE X.`pk` < 456327168 ORDER BY `col_char_12`,`col_char_12_key`,`col_int`,`col_int_key`,`pk` LIMIT 7
		   15 Query	SHOW WARNINGS
		   15 Query	INSERT LOW_PRIORITY IGNORE INTO `table0_innodb_int_autoinc` ( `col_char_12`, `col_char_12_key` ) VALUES ( 47, 117 ), ( 56, 1215889408 )
		   26 Query	INSERT LOW_PRIORITY IGNORE INTO `table0_innodb_int_autoinc` (`pk`) VALUES (NULL)
		   22 Query	UPDATE LOW_PRIORITY `table0_innodb_int_autoinc` AS X SET `col_int` = 219 WHERE X.`pk` BETWEEN 0 AND 3405905920 ORDER BY `col_char_12`,`col_char_12_key`,`col_int`,`col_int_key`,`pk` LIMIT 8
		   24 Query	SHOW WARNINGS
		   11 Query	UPDATE LOW_PRIORITY `table10_innodb_key_pk_parts_2_int_autoinc` AS X SET `col_int` = 49 WHERE X.`col_int_key` < 'h' ORDER BY `col_char_12`,`col_char_12_key`,`col_int`,`col_int_key`,`pk` LIMIT 6
		   24 Query	INSERT LOW_PRIORITY IGNORE INTO `table100_innodb_int_autoinc` ( `col_int_key`, `col_char_12` ) VALUES ( 1, 195 ), ( 8, 168 )
		   25 Query	UPDATE LOW_PRIORITY `table0_innodb_key_pk_parts_2_int_autoinc` AS X SET `col_char_12_key` = 219 ORDER BY `col_char_12`,`col_char_12_key`,`col_int`,`col_int_key`,`pk` LIMIT 5
		   21 Query	DELETE LOW_PRIORITY QUICK IGNORE FROM `table10_innodb_key_pk_parts_2_int_autoinc` WHERE `col_char_12_key` IN ( 67, 4228710400, 'k', 'h', 8 ) ORDER BY `col_char_12`,`col_char_12_key`,`col_int`,`col_int_key`,`pk` LIMIT 4
		   19 Query	SHOW WARNINGS
		   19 Query	INSERT LOW_PRIORITY INTO `table10_innodb_key_pk_parts_2_int_autoinc` ( `col_int`, `col_char_12_key` ) VALUES ( 'z', 2140143616 ), ( 2739404800, 1011548160 )
		   16 Query	SELECT X.`col_int_key` FROM `table100_innodb_key_pk_parts_2_int_autoinc` AS X WHERE X.`col_char_12_key` BETWEEN 2 AND 7 LIMIT 5
		   23 Query	SHOW WARNINGS
		   11 Query	SHOW WARNINGS
		   23 Query	INSERT LOW_PRIORITY INTO `table10_innodb_int_autoinc` (`pk`) VALUES (NULL)
		   11 Query	INSERT LOW_PRIORITY IGNORE INTO `table100_innodb_key_pk_parts_2_int_autoinc` ( `col_int_key`, `col_char_12_key` ) VALUES ( 44, 82 ), ( 32, 4138926080 )
		   20 Query	SHOW WARNINGS
		   18 Query	SHOW WARNINGS
		   12 Query	SHOW WARNINGS
		   20 Query	SELECT * FROM `table2_innodb_int_autoinc` AS X LEFT JOIN `table100_innodb_int_autoinc` AS Y USING ( `pk` ) LIMIT 7 LOCK IN SHARE MODE
		   18 Query	UPDATE LOW_PRIORITY IGNORE `table1_innodb_key_pk_parts_2_int_autoinc` AS X SET `col_int` = 2973368320 WHERE X.`col_int_key` = ( SELECT `col_int_key` FROM `table1_innodb_int_autoinc` WHERE `pk` = 2318336000 ) ORDER BY `col_char_12`,`col_char_12_key`,`col_int`,`col_int_key`,`pk` LIMIT 5
		   19 Query	SHOW WARNINGS
		   12 Query	SELECT * FROM `table2_innodb_key_pk_parts_2_int_autoinc` AS X LEFT JOIN `table1_innodb_int_autoinc` AS Y USING ( `col_char_12_key` ) WHERE X.`pk` = ( SELECT `col_int_key` FROM `table2_innodb_int_autoinc` WHERE `pk` = 'f' ) LIMIT 7
