		   16 Query	INSERT LOW_PRIORITY IGNORE INTO `table100_innodb_int_autoinc` ( `col_char_12_key`, `col_char_12` ) VALUES ( 135, 185 ), ( 2387935232, 'n' )
		   18 Query	SELECT X.`col_int_key` FROM `table0_innodb_key_pk_parts_2_int_autoinc` AS X WHERE X.`col_char_12_key` < 11 LIMIT 5
		   12 Query	UPDATE LOW_PRIORITY `table100_innodb_int_autoinc` AS X SET `col_char_12` = 3752263680 ORDER BY `col_char_12`,`col_char_12_key`,`col_int`,`col_int_key`,`pk` LIMIT 5
		   18 Query	SELECT X.`col_int_key` FROM `table2_innodb_int_autoinc` AS X LEFT JOIN `table0_innodb_key_pk_parts_2_int_autoinc` AS Y USING ( `col_char_12_key` ) WHERE X.`pk` = ( SELECT `col_int_key` FROM `table1_innodb_int_autoinc` WHERE `pk` = 2 ) LIMIT 7 FOR UPDATE
		   13 Query	SELECT CHARACTER_SET_NAME INTO @cset FROM INFORMATION_SCHEMA.CHARACTER_SETS ORDER BY RAND() LIMIT 1
		   19 Query	SELECT X.`col_int_key` FROM `table10_innodb_int_autoinc` AS X WHERE X.`pk` BETWEEN 4 AND 5 LIMIT 6 LOCK IN SHARE MODE
		   13 Query	SET @stmt_names_or_charset = CONCAT( 'SET NAMES ', @cset )
		   18 Query	REPLACE LOW_PRIORITY INTO `table1_innodb_key_pk_parts_2_int_autoinc` ( `col_int_key`, `col_char_12_key` ) VALUES ( 5, 124 ), ( 22, 7 )
		   13 Query	SELECT CONCAT(@stmt_names_or_charset, ' COLLATE `', COLLATION_NAME, '`') INTO @stmt_names_or_charset FROM INFORMATION_SCHEMA.COLLATIONS WHERE CHARACTER_SET_NAME = @cset ORDER BY RAND() LIMIT 1
		   19 Query	SELECT ( SELECT `pk` FROM `table0_innodb_key_pk_parts_2_int_autoinc` WHERE `pk` = 'o' ) FROM `table100_innodb_int_autoinc` AS X WHERE X.`col_char_12_key` BETWEEN 229 AND 1663369216 LIMIT 7
		   13 Query	PREPARE stmt_names_or_charset FROM @stmt_names_or_charset
		   13 Prepare	SET NAMES hebrew COLLATE `hebrew_general_ci`
		   13 Query	EXECUTE stmt_names_or_charset
		   13 Execute	SET NAMES hebrew COLLATE `hebrew_general_ci`
		   13 Query	DEALLOCATE PREPARE stmt_names_or_charset
		   13 Query	SET CHARACTER SET DEFAULT
		   13 Query	SELECT X.`pk` FROM `table10_innodb_int_autoinc` AS X LEFT JOIN `table10_innodb_int_autoinc` AS Y USING ( `col_char_12_key` ) WHERE X.`col_char_12_key` BETWEEN 2 AND 7 LIMIT 8 FOR UPDATE
		   22 Query	SHOW WARNINGS
		   11 Query	UPDATE LOW_PRIORITY IGNORE `table1_innodb_int_autoinc` AS X SET `col_char_12_key` = 3461021696 WHERE X.`col_char_12_key` BETWEEN 221 AND 3829923840 ORDER BY `col_char_12`,`col_char_12_key`,`col_int`,`col_int_key`,`pk` LIMIT 6
		   22 Query	DELETE LOW_PRIORITY QUICK IGNORE FROM `table1_innodb_key_pk_parts_2_int_autoinc` WHERE `col_char_12_key` IN ( SELECT `col_int_key` FROM `table1_innodb_key_pk_parts_2_int_autoinc` WHERE `pk` = 1168703488 ) ORDER BY `col_char_12`,`col_char_12_key`,`col_int`,`col_int_key`,`pk` LIMIT 4
		   16 Query	UPDATE LOW_PRIORITY `table2_innodb_key_pk_parts_2_int_autoinc` AS X SET `col_int` = 2245853184 WHERE X.`pk` BETWEEN 3 AND 6 ORDER BY `col_char_12`,`col_char_12_key`,`col_int`,`col_int_key`,`pk` LIMIT 6
		   22 Query	DELETE LOW_PRIORITY IGNORE FROM `table2_innodb_int_autoinc` WHERE `col_char_12_key` IN ( SELECT `col_int_key` FROM `table2_innodb_int_autoinc` WHERE `pk` = 5 ) ORDER BY `col_char_12`,`col_char_12_key`,`col_int`,`col_int_key`,`pk` LIMIT 4
		   22 Query	INSERT LOW_PRIORITY IGNORE INTO `table2_innodb_int_autoinc` ( `col_char_12_key` ) SELECT `col_char_12_key` FROM `table100_innodb_key_pk_parts_2_int_autoinc` AS X WHERE X.`col_int_key` = ( SELECT `pk` FROM `table10_innodb_int_autoinc` WHERE `pk` = 2332491776 ) ORDER BY `col_char_12`,`col_char_12_key`,`col_int`,`col_int_key`,`pk` LIMIT 6
		   19 Query	SAVEPOINT A
		   19 Query	UPDATE LOW_PRIORITY `table100_innodb_key_pk_parts_2_int_autoinc` AS X SET `col_int` = 2675965952 WHERE X.`pk` = ( SELECT `pk` FROM `table2_innodb_int_autoinc` WHERE `pk` = 3 ) ORDER BY `col_char_12`,`col_char_12_key`,`col_int`,`col_int_key`,`pk` LIMIT 6
		   19 Query	SHOW WARNINGS
		   19 Query	DELETE LOW_PRIORITY IGNORE FROM `table100_innodb_key_pk_parts_2_int_autoinc` WHERE `col_int_key` BETWEEN 1 AND 7 ORDER BY `col_char_12`,`col_char_12_key`,`col_int`,`col_int_key`,`pk` LIMIT 2
		   19 Query	SHOW WARNINGS
		   19 Query	DELETE LOW_PRIORITY FROM `table0_innodb_int_autoinc` WHERE `pk` BETWEEN 1 AND 6 ORDER BY `col_char_12`,`col_char_12_key`,`col_int`,`col_int_key`,`pk` LIMIT 3
		   19 Query	SHOW WARNINGS
		   19 Query	DELETE LOW_PRIORITY QUICK FROM `table1_innodb_int_autoinc` WHERE `col_char_12_key` BETWEEN 2 AND 8 ORDER BY `col_char_12`,`col_char_12_key`,`col_int`,`col_int_key`,`pk` LIMIT 3
		   22 Query	SHOW WARNINGS
		   24 Query	DELETE LOW_PRIORITY FROM `table0_innodb_int_autoinc` WHERE `col_char_12_key` BETWEEN 1 AND 7 ORDER BY `col_char_12`,`col_char_12_key`,`col_int`,`col_int_key`,`pk` LIMIT 2
		   12 Query	SHOW WARNINGS
		   22 Query	UPDATE LOW_PRIORITY IGNORE `table10_innodb_int_autoinc` AS X SET `col_char_12_key` = 'c' WHERE X.`col_int_key` = ( SELECT `col_int_key` FROM `table10_innodb_int_autoinc` WHERE `pk` = 'z' ) ORDER BY `col_char_12`,`col_char_12_key`,`col_int`,`col_int_key`,`pk` LIMIT 7
		   12 Query	DELETE LOW_PRIORITY QUICK IGNORE FROM `table100_innodb_key_pk_parts_2_int_autoinc` WHERE `pk` IN ( 143654912, 5, 'u', 2896101376, 'z' ) ORDER BY `col_char_12`,`col_char_12_key`,`col_int`,`col_int_key`,`pk` LIMIT 2
		   22 Query	INSERT LOW_PRIORITY INTO `table100_innodb_int_autoinc` ( `col_char_12`, `col_char_12_key` ) VALUES ( 2756771840, 3115253760 ), ( 85, 'h' )
150425  6:37:41	   20 Query	DELETE LOW_PRIORITY FROM `table10_innodb_int_autoinc` WHERE `pk` IN ( SELECT `col_char_12_key` FROM `table10_innodb_int_autoinc` WHERE `pk` = 94 ) ORDER BY `col_char_12`,`col_char_12_key`,`col_int`,`col_int_key`,`pk` LIMIT 2
		   20 Query	SELECT * FROM `table10_innodb_key_pk_parts_2_int_autoinc` AS X LEFT JOIN `table1_innodb_int_autoinc` AS Y USING ( `pk` ) WHERE X.`pk` = ( SELECT `col_int_key` FROM `table2_innodb_key_pk_parts_2_int_autoinc` WHERE `pk` = 6 ) LIMIT 5
		   20 Query	INSERT LOW_PRIORITY IGNORE INTO `table100_innodb_int_autoinc` (`pk`) VALUES (NULL)
		   16 Query	SHOW WARNINGS
		   25 Query	SHOW WARNINGS
		   16 Query	SELECT X.`pk` FROM `table100_innodb_int_autoinc` AS X LEFT JOIN `table10_innodb_key_pk_parts_2_int_autoinc` AS Y USING ( `col_int_key` ) WHERE X.`col_char_12_key` BETWEEN 155 AND 169803776 LIMIT 6
		   25 Query	REPLACE LOW_PRIORITY INTO `table2_innodb_int_autoinc` ( `col_char_12_key` ) SELECT `pk` FROM `table0_innodb_int_autoinc` AS X WHERE X.`pk` = ( SELECT `col_char_12_key` FROM `table0_innodb_int_autoinc` WHERE `pk` = 2869821440 ) ORDER BY `col_char_12`,`col_char_12_key`,`col_int`,`col_int_key`,`pk` LIMIT 6
		   16 Query	REPLACE LOW_PRIORITY INTO `table10_innodb_int_autoinc` ( `col_int_key`, `col_char_12` ) VALUES ( 'f', 246 ), ( 219807744, 1176305664 )
		   12 Query	UPDATE LOW_PRIORITY IGNORE `table10_innodb_int_autoinc` AS X SET `col_char_12_key` = 'v' WHERE X.`col_char_12_key` = ( SELECT `col_int_key` FROM `table100_innodb_key_pk_parts_2_int_autoinc` WHERE `pk` = 3063611392 ) ORDER BY `col_char_12`,`col_char_12_key`,`col_int`,`col_int_key`,`pk` LIMIT 6
		   14 Query	SHOW WARNINGS
		   25 Query	SHOW WARNINGS
		   14 Query	CREATE OR REPLACE TABLE `create_or_replace_tmp` LIKE `table100_innodb_int_autoinc`
		   25 Query	DELETE LOW_PRIORITY QUICK IGNORE FROM `table100_innodb_key_pk_parts_2_int_autoinc` WHERE `pk` BETWEEN 1 AND 5 ORDER BY `col_char_12`,`col_char_12_key`,`col_int`,`col_int_key`,`pk` LIMIT 3
		   18 Query	REPLACE LOW_PRIORITY INTO `table10_innodb_key_pk_parts_2_int_autoinc` (`pk`) VALUES (NULL)
		   19 Query	SHOW WARNINGS
		   15 Query	DELETE LOW_PRIORITY IGNORE FROM `table0_innodb_key_pk_parts_2_int_autoinc` WHERE `col_char_12_key` IN ( SELECT `pk` FROM `table1_innodb_int_autoinc` WHERE `pk` = 161 ) ORDER BY `col_char_12`,`col_char_12_key`,`col_int`,`col_int_key`,`pk` LIMIT 2
		   11 Query	SHOW WARNINGS
		   22 Query	INSERT LOW_PRIORITY IGNORE INTO `table2_innodb_key_pk_parts_2_int_autoinc` (`pk`) VALUES (NULL)
		   26 Query	UPDATE LOW_PRIORITY IGNORE `table100_innodb_int_autoinc` AS X SET `col_char_12` = 8 ORDER BY `col_char_12`,`col_char_12_key`,`col_int`,`col_int_key`,`pk` LIMIT 7
		   11 Query	UPDATE LOW_PRIORITY `table1_innodb_int_autoinc` AS X SET `col_int_key` = 1 WHERE X.`col_int_key` BETWEEN 4 AND 6 ORDER BY `col_char_12`,`col_char_12_key`,`col_int`,`col_int_key`,`pk` LIMIT 5
		   20 Query	DELETE LOW_PRIORITY IGNORE FROM `table10_innodb_int_autoinc` WHERE `col_int_key` = 'g' ORDER BY `col_char_12`,`col_char_12_key`,`col_int`,`col_int_key`,`pk` LIMIT 1
		   19 Query	INSERT LOW_PRIORITY INTO `table2_innodb_int_autoinc` ( `col_int_key` ) SELECT `pk` FROM `table0_innodb_int_autoinc` AS X WHERE X.`col_char_12_key` BETWEEN 1 AND 7 ORDER BY `col_char_12`,`col_char_12_key`,`col_int`,`col_int_key`,`pk` LIMIT 7
		   19 Query	SHOW WARNINGS
		   19 Query	REPLACE LOW_PRIORITY INTO `table100_innodb_key_pk_parts_2_int_autoinc` ( `col_int`, `col_int_key` ) VALUES ( 201850880, 6 ), ( 9, 'p' )
		   19 Query	SHOW WARNINGS
		   12 Query	INSERT LOW_PRIORITY IGNORE INTO `table2_innodb_key_pk_parts_2_int_autoinc` ( `col_int_key` ) SELECT `col_char_12_key` FROM `table0_innodb_key_pk_parts_2_int_autoinc` AS X WHERE X.`pk` < 135 ORDER BY `col_char_12`,`col_char_12_key`,`col_int`,`col_int_key`,`pk` LIMIT 7
		   19 Query	UPDATE LOW_PRIORITY `table2_innodb_key_pk_parts_2_int_autoinc` AS X SET `col_int` = 3638231040 WHERE X.`pk` < 4 ORDER BY `col_char_12`,`col_char_12_key`,`col_int`,`col_int_key`,`pk` LIMIT 7
		   12 Query	SHOW WARNINGS
		   12 Query	SELECT X.`pk` FROM `table0_innodb_key_pk_parts_2_int_autoinc` AS X WHERE X.`col_char_12_key` BETWEEN 4 AND 6 LIMIT 5 LOCK IN SHARE MODE
		   12 Query	SELECT X.`col_int_key` FROM `table1_innodb_int_autoinc` AS X LEFT JOIN `table0_innodb_int_autoinc` AS Y USING ( `col_char_12_key` ) LIMIT 6
		   15 Query	SHOW WARNINGS
		   19 Query	SHOW WARNINGS
		   18 Query	UPDATE LOW_PRIORITY `table1_innodb_key_pk_parts_2_int_autoinc` AS X SET `col_char_12` = 'h' WHERE X.`col_int_key` BETWEEN 2 AND 8 ORDER BY `col_char_12`,`col_char_12_key`,`col_int`,`col_int_key`,`pk` LIMIT 7
		   15 Query	SELECT * FROM `table100_innodb_int_autoinc` AS X WHERE X.`col_char_12_key` BETWEEN 2 AND 5 LIMIT 7
		   22 Query	UPDATE LOW_PRIORITY IGNORE `table10_innodb_int_autoinc` AS X SET `col_char_12_key` = 0 WHERE X.`pk` < 90 ORDER BY `col_char_12`,`col_char_12_key`,`col_int`,`col_int_key`,`pk` LIMIT 5
		   19 Query	INSERT LOW_PRIORITY INTO `table10_innodb_key_pk_parts_2_int_autoinc` ( `col_char_12` ) SELECT `pk` FROM `table2_innodb_int_autoinc` AS X WHERE X.`pk` BETWEEN 212 AND 4114874368 ORDER BY `col_char_12`,`col_char_12_key`,`col_int`,`col_int_key`,`pk` LIMIT 6
		   19 Query	SHOW WARNINGS
		   19 Query	DELETE LOW_PRIORITY IGNORE FROM `table0_innodb_int_autoinc` WHERE `col_char_12_key` IN ( SELECT `col_int_key` FROM `table1_innodb_key_pk_parts_2_int_autoinc` WHERE `pk` = 3499163648 ) ORDER BY `col_char_12`,`col_char_12_key`,`col_int`,`col_int_key`,`pk` LIMIT 3
		   19 Query	SHOW WARNINGS
		   19 Query	INSERT LOW_PRIORITY INTO `table2_innodb_key_pk_parts_2_int_autoinc` (`pk`) VALUES (NULL)
		   15 Query	UPDATE LOW_PRIORITY IGNORE `table100_innodb_key_pk_parts_2_int_autoinc` AS X SET `col_int` = 1 WHERE X.`col_int_key` = ( SELECT `col_char_12_key` FROM `table100_innodb_key_pk_parts_2_int_autoinc` WHERE `pk` = 100 ) ORDER BY `col_char_12`,`col_char_12_key`,`col_int`,`col_int_key`,`pk` LIMIT 7
		   15 Query	SHOW WARNINGS
		   15 Query	DELETE LOW_PRIORITY QUICK FROM `table0_innodb_key_pk_parts_2_int_autoinc` WHERE `col_char_12_key` = 8 ORDER BY `col_char_12`,`col_char_12_key`,`col_int`,`col_int_key`,`pk` LIMIT 4
		   17 Query	CREATE OR REPLACE TEMPORARY TABLE `create_or_replace_tmp` AS SELECT * FROM `table2_innodb_int_autoinc`
		   19 Query	DELETE LOW_PRIORITY QUICK FROM `table100_innodb_key_pk_parts_2_int_autoinc` WHERE `col_char_12_key` = 1018298368 ORDER BY `col_char_12`,`col_char_12_key`,`col_int`,`col_int_key`,`pk` LIMIT 2
		   12 Query	REPLACE LOW_PRIORITY INTO `table0_innodb_int_autoinc` ( `col_char_12_key`, `col_int` ) VALUES ( 'h', 'h' ), ( 99, 'w' )
		   25 Query	UPDATE LOW_PRIORITY IGNORE `table1_innodb_int_autoinc` AS X SET `col_int` = 8 WHERE X.`col_int_key` = ( SELECT `col_int_key` FROM `table2_innodb_int_autoinc` WHERE `pk` = 7 ) ORDER BY `col_char_12`,`col_char_12_key`,`col_int`,`col_int_key`,`pk` LIMIT 5
		   25 Query	SELECT * FROM `table100_innodb_key_pk_parts_2_int_autoinc` AS X WHERE X.`col_char_12_key` BETWEEN 3 AND 5 LIMIT 7 LOCK IN SHARE MODE
		   19 Query	SHOW WARNINGS
		   19 Query	INSERT LOW_PRIORITY INTO `table10_innodb_key_pk_parts_2_int_autoinc` (`pk`) VALUES (NULL)
		   19 Query	INSERT LOW_PRIORITY IGNORE INTO `table0_innodb_key_pk_parts_2_int_autoinc` (`pk`) VALUES (NULL)
		   35 Connect	root@localhost as anonymous on test
		   35 Query	set autocommit=1
		   35 Query	SHOW FULL PROCESSLIST
		   35 Quit	
		   36 Connect	root@localhost as anonymous on test
		   36 Query	set autocommit=1
		   36 Query	SHOW FULL PROCESSLIST
		   36 Quit	
150425  6:37:42	   26 Query	SHOW WARNINGS
		   18 Query	SHOW WARNINGS
		   20 Query	SHOW WARNINGS
		   26 Query	DELETE LOW_PRIORITY IGNORE FROM `table1_innodb_int_autoinc` ORDER BY `col_char_12`,`col_char_12_key`,`col_int`,`col_int_key`,`pk` LIMIT 2
		   20 Query	SELECT X.`pk` FROM `table1_innodb_key_pk_parts_2_int_autoinc` AS X WHERE X.`pk` BETWEEN 2 AND 8 LIMIT 8 FOR UPDATE
		   18 Query	DELETE LOW_PRIORITY IGNORE FROM `table100_innodb_int_autoinc` WHERE `col_int_key` IN ( 215547904, 3332112384, 'u', 128, 218 ) ORDER BY `col_char_12`,`col_char_12_key`,`col_int`,`col_int_key`,`pk` LIMIT 4
		   20 Query	DELETE LOW_PRIORITY QUICK IGNORE FROM `table0_innodb_key_pk_parts_2_int_autoinc` WHERE `col_int_key` IN ( SELECT `col_int_key` FROM `table100_innodb_key_pk_parts_2_int_autoinc` WHERE `pk` = 3147431936 ) ORDER BY `col_char_12`,`col_char_12_key`,`col_int`,`col_int_key`,`pk` LIMIT 2
		   15 Query	SHOW WARNINGS
		   15 Query	REPLACE LOW_PRIORITY INTO `table10_innodb_key_pk_parts_2_int_autoinc` ( `col_int_key`, `col_int_key` ) VALUES ( 209, 4 ), ( 'a', 'j' )
		   14 Query	INSERT INTO `create_or_replace_tmp` SELECT * FROM `table2_innodb_int_autoinc`
		   15 Query	DELETE LOW_PRIORITY FROM `table10_innodb_int_autoinc` WHERE `col_int_key` IN ( SELECT `col_char_12_key` FROM `table1_innodb_int_autoinc` WHERE `pk` = 'k' ) ORDER BY `col_char_12`,`col_char_12_key`,`col_int`,`col_int_key`,`pk` LIMIT 1
		   12 Query	DELETE LOW_PRIORITY QUICK IGNORE FROM `table2_innodb_key_pk_parts_2_int_autoinc` ORDER BY `col_char_12`,`col_char_12_key`,`col_int`,`col_int_key`,`pk` LIMIT 4
		   19 Query	INSERT LOW_PRIORITY IGNORE INTO `table1_innodb_int_autoinc` ( `col_char_12_key`, `col_char_12` ) VALUES ( 1781465088, 'a' ), ( 's', 3651403776 )
		   19 Query	UPDATE LOW_PRIORITY `table10_innodb_int_autoinc` AS X SET `col_int_key` = 'r' WHERE X.`pk` IN ( 2908291072, 0, 0, 757334016, 'y' ) ORDER BY `col_char_12`,`col_char_12_key`,`col_int`,`col_int_key`,`pk` LIMIT 7
		   19 Query	SHOW WARNINGS
		   19 Query	UPDATE LOW_PRIORITY IGNORE `table10_innodb_int_autoinc` AS X SET `col_char_12` = 1260847104 ORDER BY `col_char_12`,`col_char_12_key`,`col_int`,`col_int_key`,`pk` LIMIT 8
		   19 Query	SHOW WARNINGS
		   19 Query	UPDATE LOW_PRIORITY IGNORE `table2_innodb_int_autoinc` AS X SET `col_int` = 140 WHERE X.`col_char_12_key` = ( SELECT `col_int_key` FROM `table2_innodb_key_pk_parts_2_int_autoinc` WHERE `pk` = 'u' ) ORDER BY `col_char_12`,`col_char_12_key`,`col_int`,`col_int_key`,`pk` LIMIT 7
		   18 Query	SHOW WARNINGS
		   19 Query	SHOW WARNINGS
		   18 Query	DELETE LOW_PRIORITY IGNORE FROM `table2_innodb_int_autoinc` ORDER BY `col_char_12`,`col_char_12_key`,`col_int`,`col_int_key`,`pk` LIMIT 3
		   19 Query	UPDATE LOW_PRIORITY `table1_innodb_int_autoinc` AS X SET `col_char_12` = 6 WHERE X.`col_char_12_key` = ( SELECT `col_int_key` FROM `table1_innodb_key_pk_parts_2_int_autoinc` WHERE `pk` = 143 ) ORDER BY `col_char_12`,`col_char_12_key`,`col_int`,`col_int_key`,`pk` LIMIT 6
		   19 Query	SHOW WARNINGS
		   19 Query	UPDATE LOW_PRIORITY IGNORE `table1_innodb_key_pk_parts_2_int_autoinc` AS X SET `col_int_key` = 2 WHERE X.`col_char_12_key` = ( SELECT `col_int_key` FROM `table2_innodb_int_autoinc` WHERE `pk` = 5 ) ORDER BY `col_char_12`,`col_char_12_key`,`col_int`,`col_int_key`,`pk` LIMIT 6
		   19 Query	SHOW WARNINGS
		   19 Query	SELECT X.`col_char_12_key` FROM `table100_innodb_key_pk_parts_2_int_autoinc` AS X WHERE X.`col_char_12_key` BETWEEN 2 AND 5 LIMIT 5
		   17 Query	EXPLAIN EXTENDED UPDATE LOW_PRIORITY IGNORE `table2_innodb_int_autoinc` AS X SET `col_int` = 'y' WHERE X.`col_char_12_key` IN ( 5, 2, 'm', 80, 160 ) ORDER BY `col_char_12`,`col_char_12_key`,`col_int`,`col_int_key`,`pk` LIMIT 8
		   17 Query	ANALYZE TABLE `table10_innodb_key_pk_parts_2_int_autoinc` PERSISTENT FOR COLUMNS ALL INDEXES ( `col_int_key` )
		   19 Query	DELETE LOW_PRIORITY QUICK FROM `table1_innodb_int_autoinc` WHERE `pk` = 'b' ORDER BY `col_char_12`,`col_char_12_key`,`col_int`,`col_int_key`,`pk` LIMIT 1
		   19 Query	SHOW WARNINGS
		   19 Query	UPDATE LOW_PRIORITY IGNORE `table100_innodb_key_pk_parts_2_int_autoinc` AS X SET `col_int` = 'c' WHERE X.`pk` IN ( 243, 131, 'x', 1, 160 ) ORDER BY `col_char_12`,`col_char_12_key`,`col_int`,`col_int_key`,`pk` LIMIT 8
		   19 Query	SHOW WARNINGS
		   19 Query	UPDATE LOW_PRIORITY `table2_innodb_int_autoinc` AS X SET `col_char_12` = 5 WHERE X.`col_int_key` IN ( 246, 'j', 24, 1383858176, 84 ) ORDER BY `col_char_12`,`col_char_12_key`,`col_int`,`col_int_key`,`pk` LIMIT 5
		   19 Query	SHOW WARNINGS
		   19 Query	INSERT LOW_PRIORITY IGNORE INTO `table2_innodb_key_pk_parts_2_int_autoinc` ( `col_int`, `col_int_key` ) VALUES ( 115, 1432289280 ), ( 92, 'f' )
		   19 Query	SHOW WARNINGS
		   19 Query	SELECT X.`pk` FROM `table0_innodb_int_autoinc` AS X LIMIT 6 FOR UPDATE
		   19 Query	DELETE LOW_PRIORITY IGNORE FROM `table10_innodb_int_autoinc` WHERE `pk` = 860225536 ORDER BY `col_char_12`,`col_char_12_key`,`col_int`,`col_int_key`,`pk` LIMIT 3
		   19 Query	SHOW WARNINGS
		   19 Query	UPDATE LOW_PRIORITY `table2_innodb_key_pk_parts_2_int_autoinc` AS X SET `col_int_key` = 4052221952 WHERE X.`pk` BETWEEN 2 AND 6 ORDER BY `col_char_12`,`col_char_12_key`,`col_int`,`col_int_key`,`pk` LIMIT 8
		   14 Query	UNLOCK TABLES
		   19 Query	SHOW WARNINGS
		   14 Query	SELECT ID INTO @thread_id FROM INFORMATION_SCHEMA.PROCESSLIST ORDER BY RAND() LIMIT 1
		   19 Query	UPDATE LOW_PRIORITY `table10_innodb_key_pk_parts_2_int_autoinc` AS X SET `col_char_12_key` = 70 WHERE X.`col_char_12_key` < 9 ORDER BY `col_char_12`,`col_char_12_key`,`col_int`,`col_int_key`,`pk` LIMIT 8
		   21 Query	UPDATE LOW_PRIORITY IGNORE `table0_innodb_int_autoinc` AS X SET `col_char_12` = 8 ORDER BY `col_char_12`,`col_char_12_key`,`col_int`,`col_int_key`,`pk` LIMIT 7
		   14 Query	EXECUTE show_expl_stmt USING @thread_id
		   19 Query	SHOW WARNINGS
		   14 Query	SELECT ID INTO @thread_id FROM INFORMATION_SCHEMA.PROCESSLIST ORDER BY RAND() LIMIT 1
		   19 Query	DELETE LOW_PRIORITY QUICK FROM `table0_innodb_key_pk_parts_2_int_autoinc` WHERE `col_char_12_key` = 3279421440 ORDER BY `col_char_12`,`col_char_12_key`,`col_int`,`col_int_key`,`pk` LIMIT 1
		   19 Query	SHOW WARNINGS
		   20 Query	UPDATE LOW_PRIORITY `table1_innodb_int_autoinc` AS X SET `col_int_key` = 2706833408 WHERE X.`col_int_key` BETWEEN 80 AND 3667394560 ORDER BY `col_char_12`,`col_char_12_key`,`col_int`,`col_int_key`,`pk` LIMIT 8
		   19 Query	UPDATE LOW_PRIORITY IGNORE `table1_innodb_key_pk_parts_2_int_autoinc` AS X SET `col_int` = 7 WHERE X.`col_char_12_key` = ( SELECT `col_int_key` FROM `table0_innodb_key_pk_parts_2_int_autoinc` WHERE `pk` = 5 ) ORDER BY `col_char_12`,`col_char_12_key`,`col_int`,`col_int_key`,`pk` LIMIT 6
		   14 Query	EXECUTE show_expl_stmt USING @thread_id
		   19 Query	SHOW WARNINGS
		   19 Query	INSERT LOW_PRIORITY INTO `table0_innodb_int_autoinc` ( `col_char_12_key`, `col_int` ) VALUES ( 52, 'z' ), ( 69, 39 )
		   19 Query	SHOW WARNINGS
		   19 Query	SET AUTOCOMMIT=ON
150425  6:37:43	   11 Query	SHOW WARNINGS
		   24 Query	SHOW WARNINGS
		   24 Query	INSERT LOW_PRIORITY IGNORE INTO `table1_innodb_int_autoinc` (`pk`) VALUES (NULL)
		   12 Query	SHOW WARNINGS
		   11 Query	INSERT LOW_PRIORITY INTO `table0_innodb_key_pk_parts_2_int_autoinc` ( `col_char_12` ) SELECT `pk` FROM `table10_innodb_int_autoinc` AS X WHERE X.`col_int_key` BETWEEN 51 AND 1457192960 ORDER BY `col_char_12`,`col_char_12_key`,`col_int`,`col_int_key`,`pk` LIMIT 8
		   14 Execute	SHOW EXPLAIN FOR 13
		   12 Query	DELETE LOW_PRIORITY IGNORE FROM `table1_innodb_int_autoinc` WHERE `pk` IN ( 212729856, 2, 1, 146, 3687776256 ) ORDER BY `col_char_12`,`col_char_12_key`,`col_int`,`col_int_key`,`pk` LIMIT 3
		   14 Query	SHOW WARNINGS
		   14 Query	FLUSH TABLE table10_innodb_int_autoinc, table1_innodb_int_autoinc, table2_innodb_int_autoinc, table100_innodb_key_pk_parts_2_int_autoinc FOR EXPORT
		   19 Query	COMMIT
		   19 Query	SET TRANSACTION ISOLATION LEVEL READ COMMITTED
		   22 Query	INSERT LOW_PRIORITY INTO `table10_innodb_key_pk_parts_2_int_autoinc` ( `col_int`, `col_int` ) VALUES ( 4070572032, 2310275072 ), ( 5, 2696675328 )
		   25 Query	UPDATE LOW_PRIORITY IGNORE `table0_innodb_int_autoinc` AS X SET `col_char_12` = 155 ORDER BY `col_char_12`,`col_char_12_key`,`col_int`,`col_int_key`,`pk` LIMIT 6
		   13 Query	SELECT * FROM `table100_innodb_key_pk_parts_2_int_autoinc` AS X WHERE X.`pk` = ( SELECT `col_char_12_key` FROM `table1_innodb_key_pk_parts_2_int_autoinc` WHERE `pk` = 'i' ) LIMIT 7
		   19 Query	UPDATE LOW_PRIORITY IGNORE `table1_innodb_key_pk_parts_2_int_autoinc` AS X SET `col_char_12` = 'c' WHERE X.`pk` BETWEEN 43 AND 687341568 ORDER BY `col_char_12`,`col_char_12_key`,`col_int`,`col_int_key`,`pk` LIMIT 6
		   22 Query	INSERT LOW_PRIORITY IGNORE INTO `table2_innodb_int_autoinc` ( `col_int_key`, `col_int_key` ) VALUES ( 159, 74 ), ( 9, 7 )
		   19 Query	DELETE LOW_PRIORITY QUICK IGNORE FROM `table1_innodb_key_pk_parts_2_int_autoinc` ORDER BY `col_char_12`,`col_char_12_key`,`col_int`,`col_int_key`,`pk` LIMIT 2
		   22 Query	DELETE LOW_PRIORITY QUICK IGNORE FROM `table100_innodb_key_pk_parts_2_int_autoinc` WHERE `pk` = 4186963968 ORDER BY `col_char_12`,`col_char_12_key`,`col_int`,`col_int_key`,`pk` LIMIT 3
		   19 Query	UPDATE LOW_PRIORITY IGNORE `table10_innodb_int_autoinc` AS X SET `col_int` = 2781806592 WHERE X.`col_int_key` = ( SELECT `col_char_12_key` FROM `table100_innodb_int_autoinc` WHERE `pk` = 1 ) ORDER BY `col_char_12`,`col_char_12_key`,`col_int`,`col_int_key`,`pk` LIMIT 8
		   13 Query	DELETE LOW_PRIORITY IGNORE FROM `table1_innodb_int_autoinc` WHERE `pk` = 6 ORDER BY `col_char_12`,`col_char_12_key`,`col_int`,`col_int_key`,`pk` LIMIT 3
		   24 Query	DELETE LOW_PRIORITY IGNORE FROM `table1_innodb_int_autoinc` WHERE `pk` = 5 ORDER BY `col_char_12`,`col_char_12_key`,`col_int`,`col_int_key`,`pk` LIMIT 4
		   23 Query	INSERT LOW_PRIORITY INTO `table2_innodb_int_autoinc` (`pk`) VALUES (NULL)
		   11 Query	SHOW WARNINGS
		   18 Query	SHOW WARNINGS
		   21 Query	SHOW WARNINGS
		   11 Query	DELETE LOW_PRIORITY IGNORE FROM `table10_innodb_key_pk_parts_2_int_autoinc` WHERE `pk` IN ( 3383558144, 3905748992, 232, 'c', 962789376 ) ORDER BY `col_char_12`,`col_char_12_key`,`col_int`,`col_int_key`,`pk` LIMIT 1
		   18 Query	INSERT LOW_PRIORITY INTO `table1_innodb_key_pk_parts_2_int_autoinc` (`pk`) VALUES (NULL)
		   21 Query	INSERT LOW_PRIORITY INTO `table1_innodb_key_pk_parts_2_int_autoinc` ( `col_int`, `col_int` ) VALUES ( 9, 5 ), ( 1632894976, 157 )
		   20 Query	SHOW WARNINGS
		   21 Query	UPDATE LOW_PRIORITY IGNORE `table0_innodb_key_pk_parts_2_int_autoinc` AS X SET `col_int` = 7 WHERE X.`pk` IN ( 'l', 'h', 3, 183, 3169976320 ) ORDER BY `col_char_12`,`col_char_12_key`,`col_int`,`col_int_key`,`pk` LIMIT 5
		   20 Query	UPDATE LOW_PRIORITY IGNORE `table10_innodb_key_pk_parts_2_int_autoinc` AS X SET `col_char_12_key` = 'j' WHERE X.`col_int_key` IN ( 7, 7, 186, 'v', 489422848 ) ORDER BY `col_char_12`,`col_char_12_key`,`col_int`,`col_int_key`,`pk` LIMIT 6
		   21 Query	SHOW WARNINGS
		   11 Query	SHOW WARNINGS
		   21 Query	DELETE LOW_PRIORITY IGNORE FROM `table10_innodb_key_pk_parts_2_int_autoinc` WHERE `col_int_key` BETWEEN 3 AND 8 ORDER BY `col_char_12`,`col_char_12_key`,`col_int`,`col_int_key`,`pk` LIMIT 4
		   11 Query	DELETE LOW_PRIORITY FROM `table0_innodb_key_pk_parts_2_int_autoinc` WHERE `col_char_12_key` IN ( 'k', 53, 'v', 8, 6 ) ORDER BY `col_char_12`,`col_char_12_key`,`col_int`,`col_int_key`,`pk` LIMIT 2
		   20 Query	SHOW WARNINGS
		   20 Query	UPDATE LOW_PRIORITY IGNORE `table100_innodb_int_autoinc` AS X SET `col_char_12` = 3910860800 WHERE X.`col_char_12_key` BETWEEN 83 AND 1192230912 ORDER BY `col_char_12`,`col_char_12_key`,`col_int`,`col_int_key`,`pk` LIMIT 7
		   11 Query	SHOW WARNINGS
		   16 Query	SHOW WARNINGS
		   18 Query	DELETE LOW_PRIORITY FROM `table0_innodb_key_pk_parts_2_int_autoinc` ORDER BY `col_char_12`,`col_char_12_key`,`col_int`,`col_int_key`,`pk` LIMIT 2
		   12 Query	SHOW WARNINGS
		   16 Query	UPDATE LOW_PRIORITY IGNORE `table1_innodb_int_autoinc` AS X SET `col_char_12_key` = 2354184192 WHERE X.`col_int_key` BETWEEN 20 AND 904462336 ORDER BY `col_char_12`,`col_char_12_key`,`col_int`,`col_int_key`,`pk` LIMIT 8
		   23 Query	DELETE LOW_PRIORITY IGNORE FROM `table100_innodb_int_autoinc` ORDER BY `col_char_12`,`col_char_12_key`,`col_int`,`col_int_key`,`pk` LIMIT 1
		   12 Query	INSERT LOW_PRIORITY IGNORE INTO `table0_innodb_key_pk_parts_2_int_autoinc` ( `col_char_12_key` ) SELECT `col_int_key` FROM `table100_innodb_int_autoinc` AS X WHERE X.`col_char_12_key` < 's' ORDER BY `col_char_12`,`col_char_12_key`,`col_int`,`col_int_key`,`pk` LIMIT 6
		   11 Query	SELECT X.`col_int_key` FROM `table2_innodb_int_autoinc` AS X LEFT JOIN `table0_innodb_int_autoinc` AS Y USING ( `col_char_12_key` ) WHERE X.`pk` < 7 LIMIT 5
		   26 Query	SHOW WARNINGS
		   25 Query	SHOW WARNINGS
		   15 Query	SHOW WARNINGS
		   21 Query	SHOW WARNINGS
		   26 Query	SELECT X.`pk` FROM `table10_innodb_key_pk_parts_2_int_autoinc` AS X WHERE X.`col_char_12_key` BETWEEN 3 AND 7 LIMIT 6
		   25 Query	UPDATE LOW_PRIORITY `table2_innodb_int_autoinc` AS X SET `col_int_key` = 4 WHERE X.`col_int_key` BETWEEN 3 AND 6 ORDER BY `col_char_12`,`col_char_12_key`,`col_int`,`col_int_key`,`pk` LIMIT 6
		   15 Query	SELECT X.`pk` FROM `table100_innodb_int_autoinc` AS X LIMIT 8
		   21 Query	REPLACE LOW_PRIORITY INTO `table2_innodb_int_autoinc` ( `col_int` ) SELECT `col_int_key` FROM `table10_innodb_int_autoinc` AS X WHERE X.`col_char_12_key` BETWEEN 244 AND 1026621440 ORDER BY `col_char_12`,`col_char_12_key`,`col_int`,`col_int_key`,`pk` LIMIT 6
		   11 Query	REPLACE LOW_PRIORITY INTO `table100_innodb_key_pk_parts_2_int_autoinc` ( `col_char_12_key`, `col_int_key` ) VALUES ( 479199232, 3 ), ( 3, 'g' )
		   15 Query	SELECT X.`col_char_12` FROM `table2_innodb_key_pk_parts_2_int_autoinc` AS X LIMIT 6
		   26 Query	SELECT X.`pk` FROM `table100_innodb_key_pk_parts_2_int_autoinc` AS X LEFT JOIN `table100_innodb_int_autoinc` AS Y USING ( `col_char_12_key` ) WHERE X.`pk` < 309264384 LIMIT 8 LOCK IN SHARE MODE
		   15 Query	SELECT * FROM `table1_innodb_key_pk_parts_2_int_autoinc` AS X WHERE X.`col_char_12_key` BETWEEN 4 AND 7 LIMIT 7
		   15 Query	UPDATE LOW_PRIORITY IGNORE `table1_innodb_int_autoinc` AS X SET `col_int_key` = 't' WHERE X.`col_int_key` BETWEEN 1 AND 5 ORDER BY `col_char_12`,`col_char_12_key`,`col_int`,`col_int_key`,`pk` LIMIT 6
		   26 Query	DELETE LOW_PRIORITY FROM `table10_innodb_int_autoinc` WHERE `col_int_key` = 8 ORDER BY `col_char_12`,`col_char_12_key`,`col_int`,`col_int_key`,`pk` LIMIT 2
		   17 Query	SELECT ID INTO @thread_id FROM INFORMATION_SCHEMA.PROCESSLIST ORDER BY RAND() LIMIT 1
		   17 Query	EXECUTE show_expl_stmt USING @thread_id
		   17 Query	CREATE OR REPLACE TEMPORARY TABLE `create_or_replace_tmp` LIKE `table10_innodb_key_pk_parts_2_int_autoinc`
		   21 Query	SHOW WARNINGS
		   18 Query	SHOW WARNINGS
		   13 Query	SHOW WARNINGS
		   21 Query	SELECT * FROM `table1_innodb_key_pk_parts_2_int_autoinc` AS X LIMIT 5
		   20 Query	SHOW WARNINGS
		   18 Query	UPDATE LOW_PRIORITY `table100_innodb_int_autoinc` AS X SET `col_char_12` = 'b' WHERE X.`pk` = ( SELECT `col_int_key` FROM `table0_innodb_key_pk_parts_2_int_autoinc` WHERE `pk` = 740229120 ) ORDER BY `col_char_12`,`col_char_12_key`,`col_int`,`col_int_key`,`pk` LIMIT 6
		   16 Query	SHOW WARNINGS
		   13 Query	SET CHARACTER SET DEFAULT
		   24 Query	SHOW WARNINGS
		   20 Query	SET AUTOCOMMIT=ON
		   16 Query	UPDATE LOW_PRIORITY IGNORE `table2_innodb_key_pk_parts_2_int_autoinc` AS X SET `col_char_12` = 52 ORDER BY `col_char_12`,`col_char_12_key`,`col_int`,`col_int_key`,`pk` LIMIT 8
150425  6:37:44	   20 Query	SELECT X.`col_char_12_key` FROM `table10_innodb_int_autoinc` AS X LIMIT 5
		   24 Query	UPDATE LOW_PRIORITY IGNORE `table100_innodb_int_autoinc` AS X SET `col_int` = 15400960 WHERE X.`col_int_key` BETWEEN 243 AND 1752104960 ORDER BY `col_char_12`,`col_char_12_key`,`col_int`,`col_int_key`,`pk` LIMIT 8
		   13 Query	UPDATE LOW_PRIORITY `table10_innodb_int_autoinc` AS X SET `col_char_12` = 139 WHERE X.`col_int_key` BETWEEN 3 AND 8 ORDER BY `col_char_12`,`col_char_12_key`,`col_int`,`col_int_key`,`pk` LIMIT 6
		   21 Query	INSERT LOW_PRIORITY IGNORE INTO `table2_innodb_key_pk_parts_2_int_autoinc` ( `col_int_key` ) SELECT `col_char_12_key` FROM `table100_innodb_key_pk_parts_2_int_autoinc` AS X ORDER BY `col_char_12`,`col_char_12_key`,`col_int`,`col_int_key`,`pk` LIMIT 5
		   25 Query	SHOW WARNINGS
		   18 Query	UPDATE LOW_PRIORITY `table0_innodb_int_autoinc` AS X SET `col_char_12_key` = 'y' WHERE X.`col_char_12_key` < 194 ORDER BY `col_char_12`,`col_char_12_key`,`col_int`,`col_int_key`,`pk` LIMIT 8
		   20 Query	DELETE LOW_PRIORITY FROM `table10_innodb_key_pk_parts_2_int_autoinc` WHERE `col_char_12_key` = 4 ORDER BY `col_char_12`,`col_char_12_key`,`col_int`,`col_int_key`,`pk` LIMIT 4
		   25 Query	INSERT LOW_PRIORITY INTO `table2_innodb_int_autoinc` ( `col_int`, `col_char_12` ) VALUES ( 170, 3 ), ( 112787456, 'b' )
		   23 Query	UPDATE LOW_PRIORITY IGNORE `table0_innodb_int_autoinc` AS X SET `col_int` = 'm' WHERE X.`pk` < 126 ORDER BY `col_char_12`,`col_char_12_key`,`col_int`,`col_int_key`,`pk` LIMIT 6
		   20 Query	SHOW WARNINGS
		   18 Query	SHOW WARNINGS
		   25 Query	DELETE LOW_PRIORITY QUICK IGNORE FROM `table0_innodb_int_autoinc` WHERE `col_int_key` IN ( SELECT `col_int_key` FROM `table2_innodb_int_autoinc` WHERE `pk` = 'w' ) ORDER BY `col_char_12`,`col_char_12_key`,`col_int`,`col_int_key`,`pk` LIMIT 1
		   20 Query	SELECT X.`col_int_key` FROM `table1_innodb_int_autoinc` AS X LEFT JOIN `table100_innodb_int_autoinc` AS Y USING ( `col_int_key` ) WHERE X.`col_char_12_key` IN ( 58, 2, 5, 1823342592, 3 ) LIMIT 6
		   18 Query	SELECT ( SELECT `pk` FROM `table1_innodb_key_pk_parts_2_int_autoinc` WHERE `pk` = 193 ) FROM `table2_innodb_int_autoinc` AS X LEFT JOIN `table1_innodb_int_autoinc` AS Y USING ( `col_char_12_key` ) WHERE X.`col_char_12_key` < 194 LIMIT 6
		   18 Query	UPDATE LOW_PRIORITY IGNORE `table2_innodb_key_pk_parts_2_int_autoinc` AS X SET `col_char_12` = 'g' WHERE X.`col_int_key` IN ( 'k', 837812224, 4200136704, 4221894656, 249 ) ORDER BY `col_char_12`,`col_char_12_key`,`col_int`,`col_int_key`,`pk` LIMIT 7
		   20 Query	UPDATE LOW_PRIORITY `table10_innodb_int_autoinc` AS X SET `col_int` = 81 WHERE X.`col_int_key` BETWEEN 237 AND 3956473856 ORDER BY `col_char_12`,`col_char_12_key`,`col_int`,`col_int_key`,`pk` LIMIT 5
		   24 Query	SHOW WARNINGS
		   24 Query	INSERT LOW_PRIORITY IGNORE INTO `table0_innodb_key_pk_parts_2_int_autoinc` (`pk`) VALUES (NULL)
		   12 Query	SHOW WARNINGS
		   12 Query	SELECT X.`pk` FROM `table2_innodb_int_autoinc` AS X WHERE X.`pk` BETWEEN 2 AND 7 LIMIT 5
		   12 Query	START TRANSACTION
		   17 Query	INSERT INTO `create_or_replace_tmp` SELECT * FROM `table10_innodb_int_autoinc`
		   23 Query	SHOW WARNINGS
		   23 Query	UPDATE LOW_PRIORITY `table0_innodb_key_pk_parts_2_int_autoinc` AS X SET `col_int` = 239 WHERE X.`pk` IN ( 254, 9, 2404581376, 1758986240, 473432064 ) ORDER BY `col_char_12`,`col_char_12_key`,`col_int`,`col_int_key`,`pk` LIMIT 6
		   24 Query	DELETE LOW_PRIORITY IGNORE FROM `table100_innodb_int_autoinc` ORDER BY `col_char_12`,`col_char_12_key`,`col_int`,`col_int_key`,`pk` LIMIT 1
		   12 Query	SELECT X.`col_int_key` FROM `table10_innodb_int_autoinc` AS X WHERE X.`col_int_key` BETWEEN 3 AND 5 LIMIT 8 LOCK IN SHARE MODE
		   12 Query	INSERT LOW_PRIORITY INTO `table2_innodb_int_autoinc` ( `col_char_12_key` ) SELECT `col_int_key` FROM `table10_innodb_key_pk_parts_2_int_autoinc` AS X ORDER BY `col_char_12`,`col_char_12_key`,`col_int`,`col_int_key`,`pk` LIMIT 5
		   25 Query	SHOW WARNINGS
		   16 Query	SHOW WARNINGS
		   17 Query	SHOW WARNINGS
		   17 Query	UNLOCK TABLES
		   25 Query	UPDATE LOW_PRIORITY `table2_innodb_int_autoinc` AS X SET `col_char_12_key` = 'e' WHERE X.`pk` BETWEEN 4 AND 5 ORDER BY `col_char_12`,`col_char_12_key`,`col_int`,`col_int_key`,`pk` LIMIT 8
		   16 Query	UPDATE LOW_PRIORITY `table0_innodb_key_pk_parts_2_int_autoinc` AS X SET `col_int` = 'h' WHERE X.`pk` BETWEEN 71 AND 1926430720 ORDER BY `col_char_12`,`col_char_12_key`,`col_int`,`col_int_key`,`pk` LIMIT 8
		   17 Query	FLUSH TABLE table0_innodb_key_pk_parts_2_int_autoinc FOR EXPORT
		   23 Query	SHOW WARNINGS
		   24 Query	SHOW WARNINGS
		   18 Query	SHOW WARNINGS
		   24 Query	SET AUTOCOMMIT=OFF
		   23 Query	SELECT X.`pk` FROM `table1_innodb_int_autoinc` AS X WHERE X.`pk` = ( SELECT `col_int_key` FROM `table10_innodb_key_pk_parts_2_int_autoinc` WHERE `pk` = 'p' ) LIMIT 5 FOR UPDATE
		   18 Query	UPDATE LOW_PRIORITY IGNORE `table1_innodb_key_pk_parts_2_int_autoinc` AS X SET `col_char_12` = 86 WHERE X.`col_int_key` BETWEEN 202 AND 784400384 ORDER BY `col_char_12`,`col_char_12_key`,`col_int`,`col_int_key`,`pk` LIMIT 7
		   24 Query	DELETE LOW_PRIORITY QUICK FROM `table1_innodb_int_autoinc` WHERE `col_char_12_key` BETWEEN 1 AND 6 ORDER BY `col_char_12`,`col_char_12_key`,`col_int`,`col_int_key`,`pk` LIMIT 1
150425  6:37:45	   16 Query	SHOW WARNINGS
		   18 Query	SHOW WARNINGS
		   21 Query	SHOW WARNINGS
		   18 Query	UPDATE LOW_PRIORITY `table0_innodb_key_pk_parts_2_int_autoinc` AS X SET `col_int` = 8 ORDER BY `col_char_12`,`col_char_12_key`,`col_int`,`col_int_key`,`pk` LIMIT 5
		   21 Query	SELECT X.`col_char_12_key` FROM `table1_innodb_int_autoinc` AS X LEFT JOIN `table100_innodb_key_pk_parts_2_int_autoinc` AS Y USING ( `col_char_12_key` ) WHERE X.`col_int_key` BETWEEN 1 AND 2952462336 LIMIT 6
		   16 Query	SELECT X.`pk` FROM `table1_innodb_int_autoinc` AS X LEFT JOIN `table100_innodb_key_pk_parts_2_int_autoinc` AS Y USING ( `col_int_key` ) WHERE X.`col_int_key` IN ( 'h', 1360330752, 'w', 0, 9 ) LIMIT 6
		   16 Query	UPDATE LOW_PRIORITY IGNORE `table10_innodb_key_pk_parts_2_int_autoinc` AS X SET `col_int` = 5 WHERE X.`pk` BETWEEN 158 AND 2387410944 ORDER BY `col_char_12`,`col_char_12_key`,`col_int`,`col_int_key`,`pk` LIMIT 5
		   21 Query	DELETE LOW_PRIORITY QUICK FROM `table1_innodb_int_autoinc` WHERE `pk` IN ( 183, 4, 'n', 7, 'p' ) ORDER BY `col_char_12`,`col_char_12_key`,`col_int`,`col_int_key`,`pk` LIMIT 4
150425  6:37:46	   16 Query	SHOW WARNINGS
		   16 Query	SELECT X.`pk` FROM `table0_innodb_key_pk_parts_2_int_autoinc` AS X LIMIT 7
		   16 Query	UPDATE LOW_PRIORITY IGNORE `table0_innodb_key_pk_parts_2_int_autoinc` AS X SET `col_int` = 27 WHERE X.`pk` IN ( 9, 't', 8, 6, 'd' ) ORDER BY `col_char_12`,`col_char_12_key`,`col_int`,`col_int_key`,`pk` LIMIT 6
		   17 Query	UNLOCK TABLES
		   17 Query	FLUSH TABLE table10_innodb_int_autoinc, table1_innodb_int_autoinc, table2_innodb_int_autoinc FOR EXPORT
		   18 Query	SHOW WARNINGS
		   18 Query	DELETE LOW_PRIORITY IGNORE FROM `table0_innodb_key_pk_parts_2_int_autoinc` WHERE `pk` IN ( SELECT `pk` FROM `table10_innodb_key_pk_parts_2_int_autoinc` WHERE `pk` = 3471310848 ) ORDER BY `col_char_12`,`col_char_12_key`,`col_int`,`col_int_key`,`pk` LIMIT 2
		   16 Query	SHOW WARNINGS
		   16 Query	SELECT X.`pk` FROM `table2_innodb_int_autoinc` AS X WHERE X.`col_char_12_key` BETWEEN 2 AND 7 LIMIT 5
		   16 Query	SELECT ( SELECT `col_char_12_key` FROM `table2_innodb_key_pk_parts_2_int_autoinc` WHERE `pk` = 'm' ) FROM `table100_innodb_key_pk_parts_2_int_autoinc` AS X LIMIT 6
		   16 Query	UPDATE LOW_PRIORITY IGNORE `table100_innodb_key_pk_parts_2_int_autoinc` AS X SET `col_char_12_key` = 1310916608 ORDER BY `col_char_12`,`col_char_12_key`,`col_int`,`col_int_key`,`pk` LIMIT 5
		   14 Query	UNLOCK TABLES
		   14 Query	FLUSH TABLE table100_innodb_key_pk_parts_2_int_autoinc FOR EXPORT
		   18 Query	SHOW WARNINGS
		   15 Query	SHOW WARNINGS
		   22 Query	SHOW WARNINGS
		   23 Query	DELETE LOW_PRIORITY FROM `table10_innodb_int_autoinc` WHERE `col_int_key` IN ( SELECT `pk` FROM `table0_innodb_key_pk_parts_2_int_autoinc` WHERE `pk` = 164 ) ORDER BY `col_char_12`,`col_char_12_key`,`col_int`,`col_int_key`,`pk` LIMIT 2
		   15 Query	DELETE LOW_PRIORITY QUICK IGNORE FROM `table2_innodb_int_autoinc` ORDER BY `col_char_12`,`col_char_12_key`,`col_int`,`col_int_key`,`pk` LIMIT 4
		   18 Query	SELECT X.`col_int_key` FROM `table10_innodb_int_autoinc` AS X LEFT JOIN `table2_innodb_int_autoinc` AS Y USING ( `col_char_12_key` ) LIMIT 5
		   22 Query	INSERT LOW_PRIORITY IGNORE INTO `table2_innodb_int_autoinc` ( `col_char_12_key` ) SELECT `pk` FROM `table100_innodb_int_autoinc` AS X WHERE X.`col_char_12_key` < 2 ORDER BY `col_char_12`,`col_char_12_key`,`col_int`,`col_int_key`,`pk` LIMIT 6
		   18 Query	INSERT LOW_PRIORITY INTO `table0_innodb_int_autoinc` ( `col_int` ) SELECT `col_int_key` FROM `table2_innodb_key_pk_parts_2_int_autoinc` AS X WHERE X.`col_char_12_key` = ( SELECT `pk` FROM `table10_innodb_key_pk_parts_2_int_autoinc` WHERE `pk` = 7 ) ORDER BY `col_char_12`,`col_char_12_key`,`col_int`,`col_int_key`,`pk` LIMIT 6
		   12 Query	SHOW WARNINGS
		   12 Query	DELETE LOW_PRIORITY IGNORE FROM `table2_innodb_key_pk_parts_2_int_autoinc` ORDER BY `col_char_12`,`col_char_12_key`,`col_int`,`col_int_key`,`pk` LIMIT 1
		   18 Query	SHOW WARNINGS
		   18 Query	DELETE LOW_PRIORITY IGNORE FROM `table100_innodb_key_pk_parts_2_int_autoinc` WHERE `pk` IN ( 'p', 285868032, 'y', 'i', 2 ) ORDER BY `col_char_12`,`col_char_12_key`,`col_int`,`col_int_key`,`pk` LIMIT 1
		   12 Query	SHOW WARNINGS
		   12 Query	SELECT X.`pk` FROM `table2_innodb_key_pk_parts_2_int_autoinc` AS X LEFT JOIN `table1_innodb_key_pk_parts_2_int_autoinc` AS Y USING ( `col_char_12_key` ) WHERE X.`col_char_12_key` < 171 LIMIT 5
		   12 Query	SELECT ( SELECT `col_char_12_key` FROM `table1_innodb_key_pk_parts_2_int_autoinc` WHERE `pk` = 7 ) FROM `table100_innodb_key_pk_parts_2_int_autoinc` AS X LEFT JOIN `table1_innodb_int_autoinc` AS Y USING ( `col_char_12_key` ) WHERE X.`col_int_key` IN ( 'c', 9, 833093632, 208, 7 ) LIMIT 5
		   12 Query	DELETE LOW_PRIORITY IGNORE FROM `table0_innodb_key_pk_parts_2_int_autoinc` ORDER BY `col_char_12`,`col_char_12_key`,`col_int`,`col_int_key`,`pk` LIMIT 2
		   12 Query	SHOW WARNINGS
		   11 Query	SHOW WARNINGS
		   12 Query	SELECT ( SELECT `col_int_key` FROM `table0_innodb_int_autoinc` WHERE `pk` = 7 ) FROM `table1_innodb_int_autoinc` AS X LEFT JOIN `table10_innodb_key_pk_parts_2_int_autoinc` AS Y USING ( `pk` ) WHERE X.`col_char_12_key` IN ( 220, 211, 1438777344, 0, 'y' ) LIMIT 8
		   11 Query	SELECT ( SELECT `col_char_12_key` FROM `table100_innodb_key_pk_parts_2_int_autoinc` WHERE `pk` = 7 ) FROM `table10_innodb_int_autoinc` AS X LEFT JOIN `table2_innodb_key_pk_parts_2_int_autoinc` AS Y USING ( `col_char_12_key` ) WHERE X.`col_char_12_key` IN ( 3, 8, 8, 71, 158 ) LIMIT 6 LOCK IN SHARE MODE
		   11 Query	SELECT X.`col_int_key` FROM `table0_innodb_key_pk_parts_2_int_autoinc` AS X LEFT JOIN `table1_innodb_key_pk_parts_2_int_autoinc` AS Y USING ( `col_int_key` ) WHERE X.`pk` BETWEEN 51 AND 2427125760 LIMIT 6
		   12 Query	DELETE LOW_PRIORITY QUICK IGNORE FROM `table100_innodb_int_autoinc` WHERE `pk` BETWEEN 4 AND 5 ORDER BY `col_char_12`,`col_char_12_key`,`col_int`,`col_int_key`,`pk` LIMIT 4
		   11 Query	INSERT LOW_PRIORITY INTO `table10_innodb_int_autoinc` (`pk`) VALUES (NULL)
		   21 Query	SHOW WARNINGS
		   25 Query	SHOW WARNINGS
		   22 Query	SHOW WARNINGS
		   24 Query	SHOW WARNINGS
		   25 Query	UPDATE LOW_PRIORITY IGNORE `table2_innodb_key_pk_parts_2_int_autoinc` AS X SET `col_char_12_key` = 2662662144 ORDER BY `col_char_12`,`col_char_12_key`,`col_int`,`col_int_key`,`pk` LIMIT 7
		   12 Query	SHOW WARNINGS
		   21 Query	SELECT X.`pk` FROM `table100_innodb_int_autoinc` AS X LEFT JOIN `table10_innodb_int_autoinc` AS Y USING ( `pk` ) WHERE X.`col_char_12_key` BETWEEN 3 AND 6 LIMIT 6
		   22 Query	INSERT LOW_PRIORITY INTO `table100_innodb_int_autoinc` (`pk`) VALUES (NULL)
		   24 Query	UPDATE LOW_PRIORITY IGNORE `table2_innodb_int_autoinc` AS X SET `col_int` = 1750073344 ORDER BY `col_char_12`,`col_char_12_key`,`col_int`,`col_int_key`,`pk` LIMIT 5
		   12 Query	DELETE LOW_PRIORITY QUICK IGNORE FROM `table2_innodb_int_autoinc` WHERE `col_int_key` IN ( SELECT `col_char_12_key` FROM `table10_innodb_int_autoinc` WHERE `pk` = 954531840 ) ORDER BY `col_char_12`,`col_char_12_key`,`col_int`,`col_int_key`,`pk` LIMIT 4
150425  6:37:47	   15 Query	REPLACE LOW_PRIORITY INTO `table0_innodb_int_autoinc` ( `col_char_12_key` ) SELECT `col_char_12_key` FROM `table1_innodb_key_pk_parts_2_int_autoinc` AS X WHERE X.`col_char_12_key` = ( SELECT `col_int_key` FROM `table2_innodb_int_autoinc` WHERE `pk` = 13 ) ORDER BY `col_char_12`,`col_char_12_key`,`col_int`,`col_int_key`,`pk` LIMIT 7
		   24 Query	SELECT ( SELECT `col_char_12_key` FROM `table2_innodb_int_autoinc` WHERE `pk` = 'y' ) FROM `table1_innodb_key_pk_parts_2_int_autoinc` AS X LEFT JOIN `table10_innodb_int_autoinc` AS Y USING ( `col_char_12_key` ) WHERE X.`col_int_key` < 9 LIMIT 7 FOR UPDATE
		   12 Query	SHOW WARNINGS
		   15 Query	INSERT LOW_PRIORITY INTO `table10_innodb_key_pk_parts_2_int_autoinc` ( `col_int_key` ) SELECT `pk` FROM `table100_innodb_int_autoinc` AS X ORDER BY `col_char_12`,`col_char_12_key`,`col_int`,`col_int_key`,`pk` LIMIT 6
		   12 Query	UPDATE LOW_PRIORITY `table100_innodb_key_pk_parts_2_int_autoinc` AS X SET `col_int_key` = 'h' WHERE X.`col_int_key` BETWEEN 197 AND 2466643968 ORDER BY `col_char_12`,`col_char_12_key`,`col_int`,`col_int_key`,`pk` LIMIT 6
		   21 Query	UPDATE LOW_PRIORITY IGNORE `table0_innodb_key_pk_parts_2_int_autoinc` AS X SET `col_char_12_key` = 4 WHERE X.`col_char_12_key` = ( SELECT `pk` FROM `table2_innodb_key_pk_parts_2_int_autoinc` WHERE `pk` = 194 ) ORDER BY `col_char_12`,`col_char_12_key`,`col_int`,`col_int_key`,`pk` LIMIT 7
150425  6:37:48	   16 Query	SHOW WARNINGS
		   22 Query	UPDATE LOW_PRIORITY `table1_innodb_key_pk_parts_2_int_autoinc` AS X SET `col_char_12_key` = 200 WHERE X.`col_char_12_key` < 'u' ORDER BY `col_char_12`,`col_char_12_key`,`col_int`,`col_int_key`,`pk` LIMIT 5
		   16 Query	INSERT LOW_PRIORITY IGNORE INTO `table100_innodb_key_pk_parts_2_int_autoinc` ( `col_char_12`, `col_int_key` ) VALUES ( 'n', 'g' ), ( 3799318528, 254 )
		   14 Query	UNLOCK TABLES
		   14 Query	CREATE OR REPLACE TEMPORARY TABLE `create_or_replace_tmp` AS SELECT * FROM `table100_innodb_int_autoinc`
		   18 Query	SELECT * FROM `table10_innodb_key_pk_parts_2_int_autoinc` AS X LEFT JOIN `table10_innodb_int_autoinc` AS Y USING ( `col_char_12_key` ) LIMIT 7 FOR UPDATE
		   12 Query	SHOW WARNINGS
		   12 Query	INSERT LOW_PRIORITY INTO `table10_innodb_int_autoinc` ( `col_int`, `col_char_12` ) VALUES ( 1, 116 ), ( 9, 562626560 )
		   12 Query	SELECT X.`pk` FROM `table0_innodb_int_autoinc` AS X LIMIT 7
		   16 Query	SHOW WARNINGS
		   25 Query	SHOW WARNINGS
		   21 Query	SHOW WARNINGS
		   22 Query	SHOW WARNINGS
		   25 Query	UPDATE LOW_PRIORITY `table1_innodb_int_autoinc` AS X SET `col_char_12_key` = 3522363392 WHERE X.`col_char_12_key` IN ( 0, 9, 6, 'c', 3888119808 ) ORDER BY `col_char_12`,`col_char_12_key`,`col_int`,`col_int_key`,`pk` LIMIT 5
		   16 Query	INSERT LOW_PRIORITY IGNORE INTO `table10_innodb_int_autoinc` (`pk`) VALUES (NULL)
		   22 Query	UPDATE LOW_PRIORITY `table2_innodb_key_pk_parts_2_int_autoinc` AS X SET `col_int` = 228 WHERE X.`pk` = ( SELECT `pk` FROM `table100_innodb_key_pk_parts_2_int_autoinc` WHERE `pk` = 468713472 ) ORDER BY `col_char_12`,`col_char_12_key`,`col_int`,`col_int_key`,`pk` LIMIT 5
		   21 Query	SELECT X.`col_char_12_key` FROM `table0_innodb_int_autoinc` AS X LEFT JOIN `table1_innodb_key_pk_parts_2_int_autoinc` AS Y USING ( `col_char_12_key` ) WHERE X.`col_char_12_key` BETWEEN 1 AND 8 LIMIT 8
		   22 Query	DELETE LOW_PRIORITY IGNORE FROM `table0_innodb_int_autoinc` WHERE `col_char_12_key` IN ( 'v', 244, 2109079552, 7, 120 ) ORDER BY `col_char_12`,`col_char_12_key`,`col_int`,`col_int_key`,`pk` LIMIT 1
		   21 Query	REPLACE LOW_PRIORITY INTO `table0_innodb_int_autoinc` ( `col_int_key` ) SELECT `col_char_12_key` FROM `table100_innodb_int_autoinc` AS X WHERE X.`pk` BETWEEN 88 AND 1432551424 ORDER BY `col_char_12`,`col_char_12_key`,`col_int`,`col_int_key`,`pk` LIMIT 7
		   22 Query	SHOW WARNINGS
		   15 Query	SHOW WARNINGS
		   22 Query	SELECT ( SELECT `pk` FROM `table2_innodb_key_pk_parts_2_int_autoinc` WHERE `pk` = 53 ) FROM `table1_innodb_int_autoinc` AS X LEFT JOIN `table10_innodb_key_pk_parts_2_int_autoinc` AS Y USING ( `col_int_key` ) WHERE X.`col_char_12_key` BETWEEN 1 AND 8 LIMIT 5
		   15 Query	DELETE LOW_PRIORITY QUICK IGNORE FROM `table10_innodb_int_autoinc` WHERE `col_char_12_key` IN ( SELECT `col_int_key` FROM `table10_innodb_int_autoinc` WHERE `pk` = 1087832064 ) ORDER BY `col_char_12`,`col_char_12_key`,`col_int`,`col_int_key`,`pk` LIMIT 2
		   22 Query	INSERT LOW_PRIORITY INTO `table1_innodb_key_pk_parts_2_int_autoinc` (`pk`) VALUES (NULL)
		   12 Query	SELECT X.`pk` FROM `table2_innodb_key_pk_parts_2_int_autoinc` AS X WHERE X.`col_char_12_key` IN ( 0, 5, 'z', 141, 0 ) LIMIT 8 FOR UPDATE
		   12 Query	DELETE LOW_PRIORITY QUICK FROM `table10_innodb_key_pk_parts_2_int_autoinc` WHERE `col_char_12_key` IN ( SELECT `pk` FROM `table2_innodb_key_pk_parts_2_int_autoinc` WHERE `pk` = 196 ) ORDER BY `col_char_12`,`col_char_12_key`,`col_int`,`col_int_key`,`pk` LIMIT 2
		   12 Query	SHOW WARNINGS
		   12 Query	SELECT ( SELECT `pk` FROM `table10_innodb_key_pk_parts_2_int_autoinc` WHERE `pk` = 4 ) FROM `table10_innodb_key_pk_parts_2_int_autoinc` AS X LIMIT 8
		   12 Query	DELETE LOW_PRIORITY FROM `table100_innodb_key_pk_parts_2_int_autoinc` WHERE `col_char_12_key` = 4 ORDER BY `col_char_12`,`col_char_12_key`,`col_int`,`col_int_key`,`pk` LIMIT 3
		   12 Query	SHOW WARNINGS
		   12 Query	REPLACE LOW_PRIORITY INTO `table2_innodb_int_autoinc` ( `col_int`, `col_char_12` ) VALUES ( 'i', 'w' ), ( 'r', 'n' )
150425  6:37:49	   14 Query	SELECT ID INTO @thread_id FROM INFORMATION_SCHEMA.PROCESSLIST ORDER BY RAND() LIMIT 1
		   14 Query	EXECUTE show_expl_stmt USING @thread_id
		   14 Query	SET SESSION use_stat_tables = NEVER
		   14 Query	FLUSH TABLE table100_innodb_key_pk_parts_2_int_autoinc FOR EXPORT
		   17 Query	UNLOCK TABLES
		   19 Query	INSERT LOW_PRIORITY IGNORE INTO `table10_innodb_key_pk_parts_2_int_autoinc` (`pk`) VALUES (NULL)
		   15 Query	UPDATE LOW_PRIORITY `table1_innodb_key_pk_parts_2_int_autoinc` AS X SET `col_int_key` = 2518548480 ORDER BY `col_char_12`,`col_char_12_key`,`col_int`,`col_int_key`,`pk` LIMIT 7
		   19 Query	SELECT ( SELECT `col_int_key` FROM `table2_innodb_int_autoinc` WHERE `pk` = 1563557888 ) FROM `table100_innodb_key_pk_parts_2_int_autoinc` AS X LEFT JOIN `table100_innodb_int_autoinc` AS Y USING ( `pk` ) WHERE X.`col_int_key` BETWEEN 3 AND 8 LIMIT 8
		   12 Query	SHOW WARNINGS
		   21 Query	SHOW WARNINGS
		   17 Query	SELECT ID INTO @thread_id FROM INFORMATION_SCHEMA.PROCESSLIST ORDER BY RAND() LIMIT 1
		   26 Query	SHOW WARNINGS
		   12 Query	SELECT X.`pk` FROM `table10_innodb_key_pk_parts_2_int_autoinc` AS X WHERE X.`pk` < 7 LIMIT 7
		   21 Query	DELETE LOW_PRIORITY IGNORE FROM `table2_innodb_key_pk_parts_2_int_autoinc` WHERE `pk` BETWEEN 2 AND 6 ORDER BY `col_char_12`,`col_char_12_key`,`col_int`,`col_int_key`,`pk` LIMIT 1
		   26 Query	REPLACE LOW_PRIORITY INTO `table0_innodb_key_pk_parts_2_int_autoinc` ( `col_int_key`, `col_int` ) VALUES ( 99, 0 ), ( 5, 717750272 )
		   22 Query	UPDATE LOW_PRIORITY `table0_innodb_int_autoinc` AS X SET `col_char_12_key` = 770899968 WHERE X.`pk` = ( SELECT `col_int_key` FROM `table2_innodb_key_pk_parts_2_int_autoinc` WHERE `pk` = 3 ) ORDER BY `col_char_12`,`col_char_12_key`,`col_int`,`col_int_key`,`pk` LIMIT 7
		   19 Query	UPDATE LOW_PRIORITY `table1_innodb_int_autoinc` AS X SET `col_char_12_key` = 2344288256 ORDER BY `col_char_12`,`col_char_12_key`,`col_int`,`col_int_key`,`pk` LIMIT 7
		   12 Query	ROLLBACK
		   22 Query	SELECT * FROM `table0_innodb_int_autoinc` AS X LEFT JOIN `table1_innodb_int_autoinc` AS Y USING ( `col_char_12_key` ) WHERE X.`pk` = ( SELECT `col_int_key` FROM `table2_innodb_key_pk_parts_2_int_autoinc` WHERE `pk` = 4186374144 ) LIMIT 7
		   22 Query	UPDATE LOW_PRIORITY IGNORE `table10_innodb_key_pk_parts_2_int_autoinc` AS X SET `col_int` = 3998220288 WHERE X.`col_char_12_key` IN ( 2028339200, 'f', 'u', 819068928, 184 ) ORDER BY `col_char_12`,`col_char_12_key`,`col_int`,`col_int_key`,`pk` LIMIT 7
		   18 Query	UPDATE LOW_PRIORITY IGNORE `table10_innodb_key_pk_parts_2_int_autoinc` AS X SET `col_int` = 'x' WHERE X.`col_char_12_key` BETWEEN 243 AND 1188823040 ORDER BY `col_char_12`,`col_char_12_key`,`col_int`,`col_int_key`,`pk` LIMIT 7
		   22 Query	SHOW WARNINGS
		   22 Query	SET AUTOCOMMIT=ON
		   22 Query	REPLACE LOW_PRIORITY INTO `table100_innodb_int_autoinc` ( `col_int_key` ) SELECT `pk` FROM `table100_innodb_int_autoinc` AS X WHERE X.`col_char_12_key` IN ( 'c', 245, 200, 0, 2 ) ORDER BY `col_char_12`,`col_char_12_key`,`col_int`,`col_int_key`,`pk` LIMIT 8
		   17 Query	EXECUTE show_expl_stmt USING @thread_id
		   17 Query	FLUSH TABLE table100_innodb_key_pk_parts_2_int_autoinc, table10_innodb_int_autoinc FOR EXPORT
