		   22 Query	SELECT X.`pk` FROM `table2_innodb_int_autoinc` AS X WHERE X.`col_char_12_key` BETWEEN 4 AND 5 LIMIT 8 FOR UPDATE
		   26 Query	SELECT X.`col_char_12_key` FROM `table100_innodb_int_autoinc` AS X WHERE X.`col_char_12_key` BETWEEN 4 AND 5 LIMIT 8
		   16 Query	SELECT X.`col_char_12_key` FROM `table2_innodb_key_pk_parts_2_int_autoinc` AS X LEFT JOIN `table10_innodb_key_pk_parts_2_int_autoinc` AS Y USING ( `col_char_12_key` ) WHERE X.`pk` < 1431961600 LIMIT 5
		   12 Query	SELECT X.`pk` FROM `table0_innodb_key_pk_parts_2_int_autoinc` AS X LIMIT 8
		   22 Query	REPLACE LOW_PRIORITY INTO `table10_innodb_key_pk_parts_2_int_autoinc` (`pk`) VALUES (NULL)
		   12 Query	REPLACE LOW_PRIORITY INTO `table1_innodb_key_pk_parts_2_int_autoinc` ( `col_char_12`, `col_int` ) VALUES ( 'i', 'f' ), ( 9, 'p' )
		   11 Query	DELETE LOW_PRIORITY QUICK FROM `table2_innodb_int_autoinc` WHERE `col_char_12_key` BETWEEN 1 AND 5 ORDER BY `col_char_12`,`col_char_12_key`,`col_int`,`col_int_key`,`pk` LIMIT 4
		   12 Query	UPDATE LOW_PRIORITY IGNORE `table0_innodb_int_autoinc` AS X SET `col_char_12_key` = 29 WHERE X.`col_char_12_key` < 2 ORDER BY `col_char_12`,`col_char_12_key`,`col_int`,`col_int_key`,`pk` LIMIT 5
		   16 Query	INSERT LOW_PRIORITY INTO `table100_innodb_int_autoinc` ( `col_char_12_key` ) SELECT `pk` FROM `table100_innodb_key_pk_parts_2_int_autoinc` AS X WHERE X.`col_int_key` < 1 ORDER BY `col_char_12`,`col_char_12_key`,`col_int`,`col_int_key`,`pk` LIMIT 7
		   12 Query	REPLACE LOW_PRIORITY INTO `table10_innodb_int_autoinc` ( `col_char_12`, `col_char_12` ) VALUES ( 0, 'f' ), ( 0, 141 )
		   26 Query	INSERT LOW_PRIORITY INTO `table0_innodb_int_autoinc` ( `col_char_12_key`, `col_char_12_key` ) VALUES ( 3991011328, 229 ), ( 'i', 7 )
		   26 Query	SHOW WARNINGS
		   12 Query	UPDATE LOW_PRIORITY `table100_innodb_int_autoinc` AS X SET `col_int` = 2948071424 WHERE X.`col_int_key` = ( SELECT `col_int_key` FROM `table1_innodb_int_autoinc` WHERE `pk` = 5 ) ORDER BY `col_char_12`,`col_char_12_key`,`col_int`,`col_int_key`,`pk` LIMIT 8
		   26 Query	INSERT LOW_PRIORITY INTO `table0_innodb_key_pk_parts_2_int_autoinc` ( `col_int`, `col_int_key` ) VALUES ( 1, 54 ), ( 'r', 2496331776 )
		   12 Query	UPDATE LOW_PRIORITY IGNORE `table0_innodb_int_autoinc` AS X SET `col_char_12` = 'm' WHERE X.`col_int_key` < 126 ORDER BY `col_char_12`,`col_char_12_key`,`col_int`,`col_int_key`,`pk` LIMIT 7
		   12 Query	UPDATE LOW_PRIORITY IGNORE `table1_innodb_int_autoinc` AS X SET `col_char_12_key` = 56 WHERE X.`col_int_key` = ( SELECT `col_char_12_key` FROM `table100_innodb_key_pk_parts_2_int_autoinc` WHERE `pk` = 'o' ) ORDER BY `col_char_12`,`col_char_12_key`,`col_int`,`col_int_key`,`pk` LIMIT 5
		   12 Query	DELETE LOW_PRIORITY QUICK IGNORE FROM `table1_innodb_key_pk_parts_2_int_autoinc` WHERE `col_int_key` BETWEEN 4 AND 5 ORDER BY `col_char_12`,`col_char_12_key`,`col_int`,`col_int_key`,`pk` LIMIT 2
		   12 Query	INSERT LOW_PRIORITY INTO `table2_innodb_key_pk_parts_2_int_autoinc` (`pk`) VALUES (NULL)
		   12 Query	DELETE LOW_PRIORITY FROM `table2_innodb_int_autoinc` ORDER BY `col_char_12`,`col_char_12_key`,`col_int`,`col_int_key`,`pk` LIMIT 1
		   12 Query	SELECT X.`col_int_key` FROM `table0_innodb_int_autoinc` AS X WHERE X.`col_char_12_key` IN ( 245, 5, 95, 34, 8 ) LIMIT 6
		   12 Query	DELETE LOW_PRIORITY QUICK IGNORE FROM `table0_innodb_key_pk_parts_2_int_autoinc` WHERE `col_char_12_key` IN ( SELECT `col_int_key` FROM `table1_innodb_int_autoinc` WHERE `pk` = 4 ) ORDER BY `col_char_12`,`col_char_12_key`,`col_int`,`col_int_key`,`pk` LIMIT 2
		   12 Query	SHOW WARNINGS
		   12 Query	INSERT LOW_PRIORITY INTO `table1_innodb_int_autoinc` (`pk`) VALUES (NULL)
		   12 Query	SELECT X.`col_int_key` FROM `table2_innodb_int_autoinc` AS X WHERE X.`pk` = ( SELECT `col_char_12_key` FROM `table10_innodb_int_autoinc` WHERE `pk` = 4144037888 ) LIMIT 6
		   12 Query	UPDATE LOW_PRIORITY IGNORE `table100_innodb_key_pk_parts_2_int_autoinc` AS X SET `col_char_12` = 2592407552 WHERE X.`col_char_12_key` = ( SELECT `col_int_key` FROM `table0_innodb_key_pk_parts_2_int_autoinc` WHERE `pk` = 5 ) ORDER BY `col_char_12`,`col_char_12_key`,`col_int`,`col_int_key`,`pk` LIMIT 7
		   12 Query	INSERT LOW_PRIORITY IGNORE INTO `table100_innodb_int_autoinc` (`pk`) VALUES (NULL)
		   12 Query	DELETE LOW_PRIORITY FROM `table0_innodb_int_autoinc` WHERE `col_int_key` = 176816128 ORDER BY `col_char_12`,`col_char_12_key`,`col_int`,`col_int_key`,`pk` LIMIT 4
		   12 Query	REPLACE LOW_PRIORITY INTO `table1_innodb_int_autoinc` ( `col_char_12` ) SELECT `pk` FROM `table1_innodb_key_pk_parts_2_int_autoinc` AS X WHERE X.`col_char_12_key` < 1016332288 ORDER BY `col_char_12`,`col_char_12_key`,`col_int`,`col_int_key`,`pk` LIMIT 8
		   12 Query	UPDATE LOW_PRIORITY IGNORE `table100_innodb_int_autoinc` AS X SET `col_int` = 118 WHERE X.`pk` BETWEEN 23 AND 271319040 ORDER BY `col_char_12`,`col_char_12_key`,`col_int`,`col_int_key`,`pk` LIMIT 5
		   12 Query	DELETE LOW_PRIORITY FROM `table100_innodb_int_autoinc` WHERE `pk` IN ( SELECT `col_int_key` FROM `table1_innodb_int_autoinc` WHERE `pk` = 'd' ) ORDER BY `col_char_12`,`col_char_12_key`,`col_int`,`col_int_key`,`pk` LIMIT 2
		   12 Query	SELECT X.`col_char_12_key` FROM `table2_innodb_int_autoinc` AS X WHERE X.`col_char_12_key` BETWEEN 139 AND 3792240640 LIMIT 6
		   12 Query	UPDATE LOW_PRIORITY IGNORE `table1_innodb_key_pk_parts_2_int_autoinc` AS X SET `col_int` = 8 WHERE X.`col_char_12_key` < 653918208 ORDER BY `col_char_12`,`col_char_12_key`,`col_int`,`col_int_key`,`pk` LIMIT 8
		   12 Query	SHOW WARNINGS
		   12 Query	DELETE LOW_PRIORITY FROM `table1_innodb_key_pk_parts_2_int_autoinc` WHERE `col_char_12_key` IN ( 172, 1705443328, 1, 'i', 938409984 ) ORDER BY `col_char_12`,`col_char_12_key`,`col_int`,`col_int_key`,`pk` LIMIT 1
		   12 Query	UPDATE LOW_PRIORITY IGNORE `table100_innodb_key_pk_parts_2_int_autoinc` AS X SET `col_char_12` = 'b' ORDER BY `col_char_12`,`col_char_12_key`,`col_int`,`col_int_key`,`pk` LIMIT 6
		   12 Query	INSERT LOW_PRIORITY IGNORE INTO `table10_innodb_key_pk_parts_2_int_autoinc` ( `col_int` ) SELECT `col_char_12_key` FROM `table10_innodb_int_autoinc` AS X ORDER BY `col_char_12`,`col_char_12_key`,`col_int`,`col_int_key`,`pk` LIMIT 6
		   12 Query	REPLACE LOW_PRIORITY INTO `table100_innodb_key_pk_parts_2_int_autoinc` (`pk`) VALUES (NULL)
		   12 Query	UPDATE LOW_PRIORITY IGNORE `table1_innodb_int_autoinc` AS X SET `col_int_key` = 244 WHERE X.`col_int_key` = ( SELECT `col_char_12_key` FROM `table0_innodb_int_autoinc` WHERE `pk` = 209 ) ORDER BY `col_char_12`,`col_char_12_key`,`col_int`,`col_int_key`,`pk` LIMIT 6
150425  6:37:54	   12 Query	UPDATE LOW_PRIORITY `table10_innodb_int_autoinc` AS X SET `col_char_12` = 859308032 WHERE X.`col_char_12_key` BETWEEN 115 AND 2379874304 ORDER BY `col_char_12`,`col_char_12_key`,`col_int`,`col_int_key`,`pk` LIMIT 6
		   12 Query	SELECT * FROM `table100_innodb_key_pk_parts_2_int_autoinc` AS X LEFT JOIN `table0_innodb_key_pk_parts_2_int_autoinc` AS Y USING ( `col_char_12_key` ) WHERE X.`col_char_12_key` BETWEEN 4 AND 5 LIMIT 6
		   12 Query	SELECT ( SELECT `pk` FROM `table2_innodb_key_pk_parts_2_int_autoinc` WHERE `pk` = 0 ) FROM `table10_innodb_key_pk_parts_2_int_autoinc` AS X WHERE X.`col_int_key` BETWEEN 4 AND 6 LIMIT 6 LOCK IN SHARE MODE
		   12 Query	INSERT LOW_PRIORITY IGNORE INTO `table100_innodb_key_pk_parts_2_int_autoinc` ( `col_char_12_key` ) SELECT `col_int_key` FROM `table10_innodb_key_pk_parts_2_int_autoinc` AS X WHERE X.`col_int_key` BETWEEN 14 AND 1838088192 ORDER BY `col_char_12`,`col_char_12_key`,`col_int`,`col_int_key`,`pk` LIMIT 6
		   18 Query	SHOW WARNINGS
		   13 Query	SHOW WARNINGS
		   11 Query	SHOW WARNINGS
		   13 Query	INSERT LOW_PRIORITY INTO `table2_innodb_int_autoinc` ( `col_char_12` ) SELECT `col_char_12_key` FROM `table0_innodb_int_autoinc` AS X WHERE X.`pk` BETWEEN 192 AND 4069261312 ORDER BY `col_char_12`,`col_char_12_key`,`col_int`,`col_int_key`,`pk` LIMIT 7
		   24 Query	SHOW WARNINGS
		   18 Query	UPDATE LOW_PRIORITY `table2_innodb_key_pk_parts_2_int_autoinc` AS X SET `col_char_12` = 'a' WHERE X.`col_char_12_key` = ( SELECT `pk` FROM `table100_innodb_int_autoinc` WHERE `pk` = 3565682688 ) ORDER BY `col_char_12`,`col_char_12_key`,`col_int`,`col_int_key`,`pk` LIMIT 5
		   11 Query	REPLACE LOW_PRIORITY INTO `table0_innodb_int_autoinc` ( `col_int` ) SELECT `pk` FROM `table1_innodb_int_autoinc` AS X WHERE X.`pk` BETWEEN 186 AND 3698065408 ORDER BY `col_char_12`,`col_char_12_key`,`col_int`,`col_int_key`,`pk` LIMIT 5
		   22 Query	UPDATE LOW_PRIORITY IGNORE `table10_innodb_int_autoinc` AS X SET `col_int_key` = 4 WHERE X.`col_char_12_key` BETWEEN 9 AND 263520256 ORDER BY `col_char_12`,`col_char_12_key`,`col_int`,`col_int_key`,`pk` LIMIT 7
		   24 Query	UPDATE LOW_PRIORITY IGNORE `table2_innodb_int_autoinc` AS X SET `col_char_12` = 223 WHERE X.`col_int_key` = ( SELECT `pk` FROM `table100_innodb_int_autoinc` WHERE `pk` = 4 ) ORDER BY `col_char_12`,`col_char_12_key`,`col_int`,`col_int_key`,`pk` LIMIT 5
		   26 Query	SHOW WARNINGS
		   18 Query	SHOW WARNINGS
		   11 Query	SHOW WARNINGS
		   13 Query	SHOW WARNINGS
		   12 Query	DELETE LOW_PRIORITY IGNORE FROM `table100_innodb_key_pk_parts_2_int_autoinc` WHERE `col_char_12_key` = 'x' ORDER BY `col_char_12`,`col_char_12_key`,`col_int`,`col_int_key`,`pk` LIMIT 1
		   21 Query	UPDATE LOW_PRIORITY `table100_innodb_int_autoinc` AS X SET `col_int_key` = 0 ORDER BY `col_char_12`,`col_char_12_key`,`col_int`,`col_int_key`,`pk` LIMIT 5
		   24 Query	SELECT X.`col_char_12_key` FROM `table10_innodb_int_autoinc` AS X WHERE X.`col_char_12_key` IN ( 40, 3419471872, 34, 138, 6 ) LIMIT 8
		   26 Query	INSERT LOW_PRIORITY INTO `table10_innodb_key_pk_parts_2_int_autoinc` ( `col_char_12` ) SELECT `pk` FROM `table10_innodb_key_pk_parts_2_int_autoinc` AS X ORDER BY `col_char_12`,`col_char_12_key`,`col_int`,`col_int_key`,`pk` LIMIT 8
		   18 Query	SELECT X.`pk` FROM `table100_innodb_key_pk_parts_2_int_autoinc` AS X LEFT JOIN `table10_innodb_key_pk_parts_2_int_autoinc` AS Y USING ( `pk` ) WHERE X.`pk` BETWEEN 94 AND 2092040192 LIMIT 5
		   11 Query	UPDATE LOW_PRIORITY `table100_innodb_key_pk_parts_2_int_autoinc` AS X SET `col_char_12` = 4071424000 WHERE X.`col_char_12_key` BETWEEN 4 AND 5 ORDER BY `col_char_12`,`col_char_12_key`,`col_int`,`col_int_key`,`pk` LIMIT 8
		   13 Query	DELETE LOW_PRIORITY QUICK FROM `table2_innodb_int_autoinc` WHERE `col_char_12_key` = 8 ORDER BY `col_char_12`,`col_char_12_key`,`col_int`,`col_int_key`,`pk` LIMIT 1
		   24 Query	INSERT LOW_PRIORITY IGNORE INTO `table0_innodb_key_pk_parts_2_int_autoinc` ( `col_int_key` ) SELECT `col_int_key` FROM `table100_innodb_key_pk_parts_2_int_autoinc` AS X WHERE X.`pk` < 42 ORDER BY `col_char_12`,`col_char_12_key`,`col_int`,`col_int_key`,`pk` LIMIT 5
		   18 Query	SELECT * FROM `table2_innodb_int_autoinc` AS X LIMIT 8
		   12 Query	UPDATE LOW_PRIORITY `table2_innodb_key_pk_parts_2_int_autoinc` AS X SET `col_char_12_key` = 53 WHERE X.`col_char_12_key` = ( SELECT `pk` FROM `table1_innodb_int_autoinc` WHERE `pk` = 1120272384 ) ORDER BY `col_char_12`,`col_char_12_key`,`col_int`,`col_int_key`,`pk` LIMIT 6
		   18 Query	DELETE LOW_PRIORITY QUICK FROM `table2_innodb_key_pk_parts_2_int_autoinc` WHERE `col_int_key` = 394723328 ORDER BY `col_char_12`,`col_char_12_key`,`col_int`,`col_int_key`,`pk` LIMIT 4
		   12 Query	DELETE LOW_PRIORITY QUICK FROM `table1_innodb_int_autoinc` WHERE `col_char_12_key` BETWEEN 3 AND 6 ORDER BY `col_char_12`,`col_char_12_key`,`col_int`,`col_int_key`,`pk` LIMIT 3
		   12 Query	REPLACE LOW_PRIORITY INTO `table100_innodb_int_autoinc` ( `col_int`, `col_int` ) VALUES ( 4274192384, 33 ), ( 'r', 1828257792 )
		   12 Query	INSERT LOW_PRIORITY INTO `table100_innodb_int_autoinc` ( `col_int_key` ) SELECT `col_char_12_key` FROM `table100_innodb_int_autoinc` AS X WHERE X.`col_int_key` BETWEEN 101 AND 4209246208 ORDER BY `col_char_12`,`col_char_12_key`,`col_int`,`col_int_key`,`pk` LIMIT 5
		   12 Query	DELETE LOW_PRIORITY FROM `table0_innodb_int_autoinc` WHERE `col_int_key` = 7 ORDER BY `col_char_12`,`col_char_12_key`,`col_int`,`col_int_key`,`pk` LIMIT 3
		   12 Query	DELETE LOW_PRIORITY QUICK IGNORE FROM `table100_innodb_key_pk_parts_2_int_autoinc` WHERE `pk` BETWEEN 3 AND 7 ORDER BY `col_char_12`,`col_char_12_key`,`col_int`,`col_int_key`,`pk` LIMIT 2
		   12 Query	INSERT LOW_PRIORITY INTO `table2_innodb_int_autoinc` ( `col_char_12_key`, `col_char_12_key` ) VALUES ( 0, 'y' ), ( 64159744, 118 )
		   12 Query	INSERT LOW_PRIORITY IGNORE INTO `table1_innodb_int_autoinc` (`pk`) VALUES (NULL)
		   12 Query	REPLACE LOW_PRIORITY INTO `table2_innodb_key_pk_parts_2_int_autoinc` ( `col_int` ) SELECT `pk` FROM `table0_innodb_key_pk_parts_2_int_autoinc` AS X WHERE X.`pk` < 0 ORDER BY `col_char_12`,`col_char_12_key`,`col_int`,`col_int_key`,`pk` LIMIT 7
		   12 Query	INSERT LOW_PRIORITY IGNORE INTO `table0_innodb_key_pk_parts_2_int_autoinc` ( `col_int_key` ) SELECT `pk` FROM `table10_innodb_int_autoinc` AS X WHERE X.`col_int_key` IN ( 126, 'l', 7, 175, 3391094784 ) ORDER BY `col_char_12`,`col_char_12_key`,`col_int`,`col_int_key`,`pk` LIMIT 6
		   12 Query	DELETE LOW_PRIORITY QUICK FROM `table1_innodb_int_autoinc` WHERE `col_int_key` IN ( SELECT `col_char_12_key` FROM `table2_innodb_key_pk_parts_2_int_autoinc` WHERE `pk` = 'n' ) ORDER BY `col_char_12`,`col_char_12_key`,`col_int`,`col_int_key`,`pk` LIMIT 4
		   12 Query	REPLACE LOW_PRIORITY INTO `table10_innodb_int_autoinc` ( `col_char_12`, `col_int` ) VALUES ( 9, 3423272960 ), ( 244, 3278372864 )
		   12 Query	SELECT X.`pk` FROM `table10_innodb_key_pk_parts_2_int_autoinc` AS X WHERE X.`col_char_12_key` < 4013031424 LIMIT 8
		   12 Query	DELETE LOW_PRIORITY IGNORE FROM `table1_innodb_int_autoinc` WHERE `pk` BETWEEN 1 AND 8 ORDER BY `col_char_12`,`col_char_12_key`,`col_int`,`col_int_key`,`pk` LIMIT 1
		   12 Query	UPDATE LOW_PRIORITY IGNORE `table1_innodb_int_autoinc` AS X SET `col_char_12_key` = 2514157568 WHERE X.`col_int_key` BETWEEN 31 AND 2635988992 ORDER BY `col_char_12`,`col_char_12_key`,`col_int`,`col_int_key`,`pk` LIMIT 6
		   14 Query	EXPLAIN EXTENDED REPLACE LOW_PRIORITY INTO `table0_innodb_key_pk_parts_2_int_autoinc` ( `col_char_12_key`, `col_int_key` ) VALUES ( 245, 166 ), ( 'y', 7 )
		   12 Query	REPLACE LOW_PRIORITY INTO `table1_innodb_key_pk_parts_2_int_autoinc` ( `col_char_12`, `col_int` ) VALUES ( 'l', 174 ), ( 225, 2747138048 )
		   17 Query	CREATE OR REPLACE TABLE `create_or_replace_tmp` LIKE `table10_innodb_int_autoinc`
		   14 Query	ANALYZE TABLE `table1_innodb_int_autoinc` PERSISTENT FOR COLUMNS ALL INDEXES ALL
		   12 Query	REPLACE LOW_PRIORITY INTO `table10_innodb_int_autoinc` ( `col_char_12`, `col_char_12` ) VALUES ( 8, 202 ), ( 7, 66 )
		   12 Query	UPDATE LOW_PRIORITY `table2_innodb_key_pk_parts_2_int_autoinc` AS X SET `col_char_12_key` = 4 ORDER BY `col_char_12`,`col_char_12_key`,`col_int`,`col_int_key`,`pk` LIMIT 7
		   12 Query	UPDATE LOW_PRIORITY IGNORE `table0_innodb_int_autoinc` AS X SET `col_char_12_key` = 'z' WHERE X.`col_char_12_key` BETWEEN 2 AND 5 ORDER BY `col_char_12`,`col_char_12_key`,`col_int`,`col_int_key`,`pk` LIMIT 7
		   18 Query	SHOW WARNINGS
		   13 Query	SHOW WARNINGS
		   16 Query	SHOW WARNINGS
		   13 Query	SET CHARACTER SET DEFAULT
		   18 Query	DELETE LOW_PRIORITY FROM `table100_innodb_key_pk_parts_2_int_autoinc` WHERE `col_char_12_key` IN ( 'l', 999620608, 265682944, 2, 79 ) ORDER BY `col_char_12`,`col_char_12_key`,`col_int`,`col_int_key`,`pk` LIMIT 1
		   16 Query	SET AUTOCOMMIT=ON
		   13 Query	UPDATE LOW_PRIORITY IGNORE `table100_innodb_int_autoinc` AS X SET `col_int_key` = 366280704 WHERE X.`pk` BETWEEN 219 AND 3763863552 ORDER BY `col_char_12`,`col_char_12_key`,`col_int`,`col_int_key`,`pk` LIMIT 5
		   16 Query	UPDATE LOW_PRIORITY `table0_innodb_key_pk_parts_2_int_autoinc` AS X SET `col_int_key` = 27 WHERE X.`col_int_key` BETWEEN 4 AND 6 ORDER BY `col_char_12`,`col_char_12_key`,`col_int`,`col_int_key`,`pk` LIMIT 5
		   13 Query	SHOW WARNINGS
		   11 Query	SHOW WARNINGS
		   13 Query	ROLLBACK
		   13 Query	SET TRANSACTION ISOLATION LEVEL REPEATABLE READ
		   11 Query	UPDATE LOW_PRIORITY IGNORE `table1_innodb_int_autoinc` AS X SET `col_int_key` = 3 WHERE X.`col_int_key` < 2954297344 ORDER BY `col_char_12`,`col_char_12_key`,`col_int`,`col_int_key`,`pk` LIMIT 6
		   16 Query	SHOW WARNINGS
		   13 Query	INSERT LOW_PRIORITY IGNORE INTO `table1_innodb_int_autoinc` (`pk`) VALUES (NULL)
		   16 Query	DELETE LOW_PRIORITY IGNORE FROM `table10_innodb_key_pk_parts_2_int_autoinc` WHERE `col_char_12_key` = 2 ORDER BY `col_char_12`,`col_char_12_key`,`col_int`,`col_int_key`,`pk` LIMIT 3
		   26 Query	SHOW WARNINGS
		   26 Query	SELECT X.`col_int_key` FROM `table2_innodb_int_autoinc` AS X WHERE X.`col_int_key` < 3734372352 LIMIT 6
		   16 Query	SHOW WARNINGS
		   24 Query	SHOW WARNINGS
		   16 Query	INSERT LOW_PRIORITY IGNORE INTO `table100_innodb_int_autoinc` ( `col_char_12_key` ) SELECT `col_int_key` FROM `table2_innodb_key_pk_parts_2_int_autoinc` AS X WHERE X.`pk` = ( SELECT `col_char_12_key` FROM `table100_innodb_int_autoinc` WHERE `pk` = 'b' ) ORDER BY `col_char_12`,`col_char_12_key`,`col_int`,`col_int_key`,`pk` LIMIT 7
		   24 Query	SELECT X.`pk` FROM `table2_innodb_int_autoinc` AS X LEFT JOIN `table10_innodb_int_autoinc` AS Y USING ( `col_char_12_key` ) WHERE X.`pk` BETWEEN 44 AND 2374041600 LIMIT 5 LOCK IN SHARE MODE
		   23 Query	SHOW WARNINGS
		   23 Query	REPLACE LOW_PRIORITY INTO `table1_innodb_int_autoinc` ( `col_int` ) SELECT `col_char_12_key` FROM `table2_innodb_int_autoinc` AS X WHERE X.`col_int_key` = ( SELECT `col_char_12_key` FROM `table2_innodb_int_autoinc` WHERE `pk` = 296091648 ) ORDER BY `col_char_12`,`col_char_12_key`,`col_int`,`col_int_key`,`pk` LIMIT 5
		   16 Query	SHOW WARNINGS
		   20 Query	SHOW WARNINGS
		   16 Query	DELETE LOW_PRIORITY FROM `table1_innodb_int_autoinc` WHERE `col_char_12_key` IN ( 27, 192, 57, 235, 'i' ) ORDER BY `col_char_12`,`col_char_12_key`,`col_int`,`col_int_key`,`pk` LIMIT 2
		   20 Query	UPDATE LOW_PRIORITY IGNORE `table0_innodb_int_autoinc` AS X SET `col_int_key` = 2397962240 WHERE X.`pk` < 202 ORDER BY `col_char_12`,`col_char_12_key`,`col_int`,`col_int_key`,`pk` LIMIT 5
		   22 Query	SHOW WARNINGS
		   22 Query	SELECT X.`col_char_12_key` FROM `table0_innodb_key_pk_parts_2_int_autoinc` AS X LEFT JOIN `table100_innodb_int_autoinc` AS Y USING ( `pk` ) WHERE X.`pk` < 6 LIMIT 5
		   24 Query	UPDATE LOW_PRIORITY IGNORE `table0_innodb_key_pk_parts_2_int_autoinc` AS X SET `col_int` = 'i' WHERE X.`col_int_key` BETWEEN 126 AND 181075968 ORDER BY `col_char_12`,`col_char_12_key`,`col_int`,`col_int_key`,`pk` LIMIT 8
		   22 Query	UPDATE LOW_PRIORITY `table1_innodb_int_autoinc` AS X SET `col_char_12` = 'w' WHERE X.`pk` = ( SELECT `col_char_12_key` FROM `table10_innodb_int_autoinc` WHERE `pk` = 46 ) ORDER BY `col_char_12`,`col_char_12_key`,`col_int`,`col_int_key`,`pk` LIMIT 6
		   15 Query	SHOW WARNINGS
		   15 Query	UPDATE LOW_PRIORITY IGNORE `table100_innodb_key_pk_parts_2_int_autoinc` AS X SET `col_int` = 5 WHERE X.`col_int_key` BETWEEN 210 AND 297140224 ORDER BY `col_char_12`,`col_char_12_key`,`col_int`,`col_int_key`,`pk` LIMIT 5
		   26 Query	DELETE LOW_PRIORITY IGNORE FROM `table1_innodb_int_autoinc` WHERE `col_char_12_key` BETWEEN 3 AND 7 ORDER BY `col_char_12`,`col_char_12_key`,`col_int`,`col_int_key`,`pk` LIMIT 4
		   25 Query	SHOW WARNINGS
		   25 Query	UPDATE LOW_PRIORITY IGNORE `table1_innodb_key_pk_parts_2_int_autoinc` AS X SET `col_char_12_key` = 139 WHERE X.`col_char_12_key` BETWEEN 1 AND 5 ORDER BY `col_char_12`,`col_char_12_key`,`col_int`,`col_int_key`,`pk` LIMIT 6
		   12 Query	UPDATE LOW_PRIORITY IGNORE `table10_innodb_key_pk_parts_2_int_autoinc` AS X SET `col_char_12` = 5 WHERE X.`col_char_12_key` = ( SELECT `col_char_12_key` FROM `table100_innodb_int_autoinc` WHERE `pk` = 3547856896 ) ORDER BY `col_char_12`,`col_char_12_key`,`col_int`,`col_int_key`,`pk` LIMIT 7
		   12 Query	INSERT LOW_PRIORITY INTO `table1_innodb_key_pk_parts_2_int_autoinc` (`pk`) VALUES (NULL)
		   19 Query	SHOW WARNINGS
		   19 Query	UPDATE LOW_PRIORITY `table1_innodb_key_pk_parts_2_int_autoinc` AS X SET `col_char_12` = 'k' ORDER BY `col_char_12`,`col_char_12_key`,`col_int`,`col_int_key`,`pk` LIMIT 5
		   12 Query	DELETE LOW_PRIORITY QUICK FROM `table100_innodb_int_autoinc` WHERE `col_char_12_key` IN ( 'e', 4, 105, 777388032, 163 ) ORDER BY `col_char_12`,`col_char_12_key`,`col_int`,`col_int_key`,`pk` LIMIT 3
		   12 Query	DELETE LOW_PRIORITY QUICK FROM `table10_innodb_key_pk_parts_2_int_autoinc` WHERE `col_int_key` = 3 ORDER BY `col_char_12`,`col_char_12_key`,`col_int`,`col_int_key`,`pk` LIMIT 2
		   12 Query	UPDATE LOW_PRIORITY `table2_innodb_int_autoinc` AS X SET `col_char_12` = 'k' WHERE X.`col_int_key` BETWEEN 2 AND 6 ORDER BY `col_char_12`,`col_char_12_key`,`col_int`,`col_int_key`,`pk` LIMIT 5
		   12 Query	REPLACE LOW_PRIORITY INTO `table2_innodb_int_autoinc` ( `col_char_12`, `col_int_key` ) VALUES ( 'l', 245 ), ( 142, 245 )
		   12 Query	UPDATE LOW_PRIORITY `table10_innodb_int_autoinc` AS X SET `col_char_12` = 2105868288 ORDER BY `col_char_12`,`col_char_12_key`,`col_int`,`col_int_key`,`pk` LIMIT 5
		   12 Query	INSERT LOW_PRIORITY IGNORE INTO `table1_innodb_int_autoinc` ( `col_char_12_key` ) SELECT `col_char_12_key` FROM `table1_innodb_int_autoinc` AS X WHERE X.`col_int_key` IN ( 'o', 248, 1952382976, 124, 5 ) ORDER BY `col_char_12`,`col_char_12_key`,`col_int`,`col_int_key`,`pk` LIMIT 6
		   25 Query	SHOW WARNINGS
		   18 Query	SHOW WARNINGS
		   26 Query	SHOW WARNINGS
		   18 Query	DELETE LOW_PRIORITY IGNORE FROM `table0_innodb_int_autoinc` WHERE `col_int_key` IN ( SELECT `pk` FROM `table10_innodb_key_pk_parts_2_int_autoinc` WHERE `pk` = 0 ) ORDER BY `col_char_12`,`col_char_12_key`,`col_int`,`col_int_key`,`pk` LIMIT 1
		   13 Query	SET NAMES DEFAULT
		   25 Query	REPLACE LOW_PRIORITY INTO `table2_innodb_int_autoinc` (`pk`) VALUES (NULL)
		   24 Query	SHOW WARNINGS
		   26 Query	INSERT LOW_PRIORITY INTO `table0_innodb_key_pk_parts_2_int_autoinc` ( `col_char_12_key`, `col_int` ) VALUES ( 221, 710541312 ), ( 30, 45 )
		   13 Query	UPDATE LOW_PRIORITY `table100_innodb_int_autoinc` AS X SET `col_int` = 152 WHERE X.`pk` BETWEEN 4 AND 1046544384 ORDER BY `col_char_12`,`col_char_12_key`,`col_int`,`col_int_key`,`pk` LIMIT 6
		   20 Query	SHOW WARNINGS
		   24 Query	SELECT X.`pk` FROM `table100_innodb_key_pk_parts_2_int_autoinc` AS X WHERE X.`col_char_12_key` = ( SELECT `col_char_12_key` FROM `table0_innodb_key_pk_parts_2_int_autoinc` WHERE `pk` = 3 ) LIMIT 5 LOCK IN SHARE MODE
		   20 Query	UPDATE LOW_PRIORITY IGNORE `table0_innodb_int_autoinc` AS X SET `col_char_12` = 3900833792 WHERE X.`col_char_12_key` < 107 ORDER BY `col_char_12`,`col_char_12_key`,`col_int`,`col_int_key`,`pk` LIMIT 5
		   21 Query	SHOW WARNINGS
		   24 Query	DELETE LOW_PRIORITY QUICK FROM `table10_innodb_key_pk_parts_2_int_autoinc` WHERE `pk` IN ( SELECT `col_int_key` FROM `table1_innodb_int_autoinc` WHERE `pk` = 142 ) ORDER BY `col_char_12`,`col_char_12_key`,`col_int`,`col_int_key`,`pk` LIMIT 4
		   18 Query	SHOW WARNINGS
		   21 Query	REPLACE LOW_PRIORITY INTO `table1_innodb_int_autoinc` (`pk`) VALUES (NULL)
		   18 Query	REPLACE LOW_PRIORITY INTO `table100_innodb_key_pk_parts_2_int_autoinc` (`pk`) VALUES (NULL)
		   23 Query	SHOW WARNINGS
		   23 Query	SELECT * FROM `table0_innodb_int_autoinc` AS X WHERE X.`col_char_12_key` BETWEEN 2 AND 5 LIMIT 6 FOR UPDATE
		   16 Query	REPLACE LOW_PRIORITY INTO `table0_innodb_int_autoinc` (`pk`) VALUES (NULL)
		   24 Query	SHOW WARNINGS
		   24 Query	SELECT X.`pk` FROM `table0_innodb_int_autoinc` AS X WHERE X.`col_char_12_key` BETWEEN 25 AND 3747676160 LIMIT 8 LOCK IN SHARE MODE
		   15 Query	SHOW WARNINGS
		   15 Query	INSERT LOW_PRIORITY IGNORE INTO `table0_innodb_key_pk_parts_2_int_autoinc` ( `col_int_key` ) SELECT `col_int_key` FROM `table2_innodb_key_pk_parts_2_int_autoinc` AS X WHERE X.`pk` < 8 ORDER BY `col_char_12`,`col_char_12_key`,`col_int`,`col_int_key`,`pk` LIMIT 5
		   25 Query	UPDATE LOW_PRIORITY `table100_innodb_int_autoinc` AS X SET `col_char_12_key` = 'g' WHERE X.`col_char_12_key` BETWEEN 182 AND 1706950656 ORDER BY `col_char_12`,`col_char_12_key`,`col_int`,`col_int_key`,`pk` LIMIT 5
		   12 Query	DELETE LOW_PRIORITY IGNORE FROM `table2_innodb_int_autoinc` WHERE `col_char_12_key` = 2 ORDER BY `col_char_12`,`col_char_12_key`,`col_int`,`col_int_key`,`pk` LIMIT 1
		   18 Query	DELETE LOW_PRIORITY FROM `table2_innodb_key_pk_parts_2_int_autoinc` WHERE `pk` BETWEEN 1 AND 7 ORDER BY `col_char_12`,`col_char_12_key`,`col_int`,`col_int_key`,`pk` LIMIT 3
		   26 Query	UPDATE LOW_PRIORITY `table10_innodb_int_autoinc` AS X SET `col_char_12_key` = 144 WHERE X.`pk` BETWEEN 3 AND 8 ORDER BY `col_char_12`,`col_char_12_key`,`col_int`,`col_int_key`,`pk` LIMIT 8
		   12 Query	SELECT X.`col_int_key` FROM `table10_innodb_key_pk_parts_2_int_autoinc` AS X LEFT JOIN `table10_innodb_key_pk_parts_2_int_autoinc` AS Y USING ( `pk` ) WHERE X.`col_char_12_key` IN ( 3578658816, 9, 25, 2, 'v' ) LIMIT 8
		   22 Query	DELETE LOW_PRIORITY QUICK FROM `table100_innodb_key_pk_parts_2_int_autoinc` WHERE `col_char_12_key` BETWEEN 4 AND 5 ORDER BY `col_char_12`,`col_char_12_key`,`col_int`,`col_int_key`,`pk` LIMIT 4
		   19 Query	SHOW WARNINGS
150425  6:37:55	   19 Query	DELETE LOW_PRIORITY QUICK IGNORE FROM `table100_innodb_int_autoinc` WHERE `col_char_12_key` = 1115029504 ORDER BY `col_char_12`,`col_char_12_key`,`col_int`,`col_int_key`,`pk` LIMIT 2
		   24 Query	UPDATE LOW_PRIORITY `table0_innodb_int_autoinc` AS X SET `col_int_key` = 'p' WHERE X.`col_char_12_key` = ( SELECT `col_int_key` FROM `table2_innodb_int_autoinc` WHERE `pk` = 'b' ) ORDER BY `col_char_12`,`col_char_12_key`,`col_int`,`col_int_key`,`pk` LIMIT 6
		   18 Query	SHOW WARNINGS
150425  6:37:54	   20 Query	SHOW WARNINGS
150425  6:37:55	   18 Query	UPDATE LOW_PRIORITY IGNORE `table1_innodb_key_pk_parts_2_int_autoinc` AS X SET `col_int` = 'q' ORDER BY `col_char_12`,`col_char_12_key`,`col_int`,`col_int_key`,`pk` LIMIT 5
150425  6:37:54	   11 Query	SHOW WARNINGS
150425  6:37:55	   20 Query	SELECT ( SELECT `pk` FROM `table2_innodb_key_pk_parts_2_int_autoinc` WHERE `pk` = 'u' ) FROM `table2_innodb_key_pk_parts_2_int_autoinc` AS X LEFT JOIN `table2_innodb_key_pk_parts_2_int_autoinc` AS Y USING ( `pk` ) WHERE X.`pk` < 'b' LIMIT 7
		   13 Query	SHOW WARNINGS
		   11 Query	UPDATE LOW_PRIORITY `table100_innodb_key_pk_parts_2_int_autoinc` AS X SET `col_char_12_key` = 149 WHERE X.`pk` IN ( 189, 1193803776, 'g', 'v', 242 ) ORDER BY `col_char_12`,`col_char_12_key`,`col_int`,`col_int_key`,`pk` LIMIT 6
		   15 Query	SHOW WARNINGS
		   13 Query	UPDATE LOW_PRIORITY IGNORE `table2_innodb_int_autoinc` AS X SET `col_int` = 151 WHERE X.`col_char_12_key` BETWEEN 2 AND 5 ORDER BY `col_char_12`,`col_char_12_key`,`col_int`,`col_int_key`,`pk` LIMIT 5
		   22 Query	SHOW WARNINGS
		   15 Query	DELETE LOW_PRIORITY FROM `table1_innodb_key_pk_parts_2_int_autoinc` WHERE `col_int_key` IN ( 'r', 3, 140, 144, 1955135488 ) ORDER BY `col_char_12`,`col_char_12_key`,`col_int`,`col_int_key`,`pk` LIMIT 2
		   22 Query	UPDATE LOW_PRIORITY `table1_innodb_key_pk_parts_2_int_autoinc` AS X SET `col_int` = 'y' WHERE X.`col_char_12_key` IN ( 9, 8, 4, 3501260800, 4 ) ORDER BY `col_char_12`,`col_char_12_key`,`col_int`,`col_int_key`,`pk` LIMIT 8
		   25 Query	SHOW WARNINGS
		   25 Query	REPLACE LOW_PRIORITY INTO `table100_innodb_int_autoinc` ( `col_int` ) SELECT `pk` FROM `table2_innodb_key_pk_parts_2_int_autoinc` AS X WHERE X.`col_char_12_key` IN ( 6, 0, 3690856448, 170, 3358720000 ) ORDER BY `col_char_12`,`col_char_12_key`,`col_int`,`col_int_key`,`pk` LIMIT 6
		   20 Query	SHOW WARNINGS
		   20 Query	REPLACE LOW_PRIORITY INTO `table100_innodb_key_pk_parts_2_int_autoinc` ( `col_char_12`, `col_char_12` ) VALUES ( 'q', 1 ), ( 'q', 'n' )
		   20 Query	UPDATE LOW_PRIORITY `table2_innodb_key_pk_parts_2_int_autoinc` AS X SET `col_int` = 'u' WHERE X.`col_int_key` = ( SELECT `col_int_key` FROM `table1_innodb_int_autoinc` WHERE `pk` = 9 ) ORDER BY `col_char_12`,`col_char_12_key`,`col_int`,`col_int_key`,`pk` LIMIT 7
		   20 Query	DELETE LOW_PRIORITY FROM `table0_innodb_key_pk_parts_2_int_autoinc` WHERE `col_char_12_key` BETWEEN 4 AND 8 ORDER BY `col_char_12`,`col_char_12_key`,`col_int`,`col_int_key`,`pk` LIMIT 4
150425  6:37:56	   13 Query	SHOW WARNINGS
		   11 Query	SHOW WARNINGS
		   19 Query	SHOW WARNINGS
		   25 Query	SHOW WARNINGS
		   13 Query	SET CHARACTER SET DEFAULT
		   11 Query	SET AUTOCOMMIT=ON
		   25 Query	INSERT LOW_PRIORITY INTO `table2_innodb_key_pk_parts_2_int_autoinc` ( `col_int_key`, `col_int_key` ) VALUES ( 3477929984, 'y' ), ( 3070689280, 1659895808 )
		   19 Query	SELECT X.`col_int_key` FROM `table0_innodb_int_autoinc` AS X WHERE X.`col_int_key` IN ( 'b', 132, 2971860992, 159, 'e' ) LIMIT 6
		   13 Query	UPDATE LOW_PRIORITY IGNORE `table0_innodb_key_pk_parts_2_int_autoinc` AS X SET `col_int_key` = 'c' WHERE X.`pk` BETWEEN 178 AND 2747990016 ORDER BY `col_char_12`,`col_char_12_key`,`col_int`,`col_int_key`,`pk` LIMIT 6
		   11 Query	SELECT ( SELECT `col_char_12_key` FROM `table1_innodb_key_pk_parts_2_int_autoinc` WHERE `pk` = 132 ) FROM `table1_innodb_int_autoinc` AS X LEFT JOIN `table10_innodb_int_autoinc` AS Y USING ( `pk` ) WHERE X.`pk` IN ( 2620325888, 986120192, 151, 'x', 26 ) LIMIT 5
		   25 Query	SELECT X.`col_int_key` FROM `table1_innodb_key_pk_parts_2_int_autoinc` AS X LEFT JOIN `table2_innodb_int_autoinc` AS Y USING ( `col_char_12_key` ) LIMIT 5 FOR UPDATE
		   19 Query	UPDATE LOW_PRIORITY `table2_innodb_key_pk_parts_2_int_autoinc` AS X SET `col_char_12_key` = 179 WHERE X.`col_char_12_key` BETWEEN 1 AND 6 ORDER BY `col_char_12`,`col_char_12_key`,`col_int`,`col_int_key`,`pk` LIMIT 7
		   11 Query	SAVEPOINT A
		   17 Query	INSERT INTO `create_or_replace_tmp` SELECT * FROM `table10_innodb_key_pk_parts_2_int_autoinc`
		   12 Query	INSERT LOW_PRIORITY INTO `table2_innodb_key_pk_parts_2_int_autoinc` ( `col_int_key` ) SELECT `col_int_key` FROM `table10_innodb_int_autoinc` AS X WHERE X.`pk` BETWEEN 39 AND 1819344896 ORDER BY `col_char_12`,`col_char_12_key`,`col_int`,`col_int_key`,`pk` LIMIT 7
		   11 Query	SELECT * FROM `table0_innodb_key_pk_parts_2_int_autoinc` AS X LEFT JOIN `table2_innodb_key_pk_parts_2_int_autoinc` AS Y USING ( `col_int_key` ) WHERE X.`pk` < 84 LIMIT 5
		   12 Query	INSERT LOW_PRIORITY IGNORE INTO `table10_innodb_int_autoinc` (`pk`) VALUES (NULL)
		   11 Query	SET AUTOCOMMIT=OFF
		   12 Query	INSERT LOW_PRIORITY IGNORE INTO `table1_innodb_key_pk_parts_2_int_autoinc` (`pk`) VALUES (NULL)
		   11 Query	DELETE LOW_PRIORITY QUICK IGNORE FROM `table1_innodb_int_autoinc` WHERE `pk` IN ( SELECT `col_int_key` FROM `table2_innodb_key_pk_parts_2_int_autoinc` WHERE `pk` = 'w' ) ORDER BY `col_char_12`,`col_char_12_key`,`col_int`,`col_int_key`,`pk` LIMIT 3
		   12 Query	UPDATE LOW_PRIORITY `table2_innodb_key_pk_parts_2_int_autoinc` AS X SET `col_int` = 3 WHERE X.`col_int_key` < 1 ORDER BY `col_char_12`,`col_char_12_key`,`col_int`,`col_int_key`,`pk` LIMIT 8
		   12 Query	DELETE LOW_PRIORITY QUICK IGNORE FROM `table2_innodb_int_autoinc` WHERE `pk` IN ( SELECT `col_int_key` FROM `table0_innodb_int_autoinc` WHERE `pk` = 53 ) ORDER BY `col_char_12`,`col_char_12_key`,`col_int`,`col_int_key`,`pk` LIMIT 3
		   12 Query	UPDATE LOW_PRIORITY `table10_innodb_key_pk_parts_2_int_autoinc` AS X SET `col_char_12_key` = 377356288 WHERE X.`col_int_key` BETWEEN 3 AND 7 ORDER BY `col_char_12`,`col_char_12_key`,`col_int`,`col_int_key`,`pk` LIMIT 6
		   12 Query	UPDATE LOW_PRIORITY IGNORE `table1_innodb_int_autoinc` AS X SET `col_char_12` = 105 WHERE X.`col_int_key` BETWEEN 168 AND 3882549248 ORDER BY `col_char_12`,`col_char_12_key`,`col_int`,`col_int_key`,`pk` LIMIT 5
		   12 Query	INSERT LOW_PRIORITY IGNORE INTO `table10_innodb_key_pk_parts_2_int_autoinc` ( `col_int_key`, `col_char_12_key` ) VALUES ( 'r', 'i' ), ( 'x', 219 )
		   12 Query	DELETE LOW_PRIORITY IGNORE FROM `table0_innodb_key_pk_parts_2_int_autoinc` ORDER BY `col_char_12`,`col_char_12_key`,`col_int`,`col_int_key`,`pk` LIMIT 2
		   12 Query	UPDATE LOW_PRIORITY IGNORE `table100_innodb_int_autoinc` AS X SET `col_int` = 217 WHERE X.`col_char_12_key` = ( SELECT `col_char_12_key` FROM `table2_innodb_key_pk_parts_2_int_autoinc` WHERE `pk` = 73 ) ORDER BY `col_char_12`,`col_char_12_key`,`col_int`,`col_int_key`,`pk` LIMIT 5
		   12 Query	SELECT X.`col_int_key` FROM `table100_innodb_int_autoinc` AS X LIMIT 6
		   12 Query	INSERT LOW_PRIORITY INTO `table10_innodb_int_autoinc` ( `col_int_key` ) SELECT `col_int_key` FROM `table2_innodb_int_autoinc` AS X WHERE X.`col_char_12_key` IN ( 652738560, 193, 88, 1908146176, 9 ) ORDER BY `col_char_12`,`col_char_12_key`,`col_int`,`col_int_key`,`pk` LIMIT 8
		   12 Query	UPDATE LOW_PRIORITY `table2_innodb_int_autoinc` AS X SET `col_int_key` = 'w' WHERE X.`pk` BETWEEN 1 AND 6 ORDER BY `col_char_12`,`col_char_12_key`,`col_int`,`col_int_key`,`pk` LIMIT 7
		   12 Query	SELECT X.`col_int_key` FROM `table1_innodb_int_autoinc` AS X WHERE X.`pk` = ( SELECT `col_int_key` FROM `table10_innodb_int_autoinc` WHERE `pk` = 124 ) LIMIT 5
		   12 Query	SELECT X.`col_int_key` FROM `table10_innodb_key_pk_parts_2_int_autoinc` AS X LEFT JOIN `table1_innodb_int_autoinc` AS Y USING ( `col_char_12_key` ) WHERE X.`col_int_key` IN ( 174, 9, 67, 'k', 0 ) LIMIT 7 FOR UPDATE
		   12 Query	UPDATE LOW_PRIORITY IGNORE `table100_innodb_key_pk_parts_2_int_autoinc` AS X SET `col_int_key` = 106 WHERE X.`col_char_12_key` BETWEEN 1 AND 7 ORDER BY `col_char_12`,`col_char_12_key`,`col_int`,`col_int_key`,`pk` LIMIT 6
		   12 Query	UPDATE LOW_PRIORITY IGNORE `table100_innodb_int_autoinc` AS X SET `col_char_12` = 79 WHERE X.`col_char_12_key` = ( SELECT `col_int_key` FROM `table0_innodb_int_autoinc` WHERE `pk` = 3323002880 ) ORDER BY `col_char_12`,`col_char_12_key`,`col_int`,`col_int_key`,`pk` LIMIT 8
		   12 Query	INSERT LOW_PRIORITY IGNORE INTO `table2_innodb_int_autoinc` (`pk`) VALUES (NULL)
		   12 Query	SELECT * FROM `table0_innodb_int_autoinc` AS X LEFT JOIN `table0_innodb_key_pk_parts_2_int_autoinc` AS Y USING ( `col_int_key` ) WHERE X.`col_int_key` = ( SELECT `col_char_12_key` FROM `table100_innodb_int_autoinc` WHERE `pk` = 7 ) LIMIT 6
		   12 Query	SELECT X.`col_int` FROM `table10_innodb_int_autoinc` AS X WHERE X.`col_int_key` BETWEEN 70 AND 2002386944 LIMIT 7 LOCK IN SHARE MODE
		   13 Query	SHOW WARNINGS
		   13 Query	INSERT LOW_PRIORITY INTO `table0_innodb_key_pk_parts_2_int_autoinc` (`pk`) VALUES (NULL)
		   19 Query	SHOW WARNINGS
		   21 Query	UPDATE LOW_PRIORITY `table100_innodb_int_autoinc` AS X SET `col_char_12_key` = 1 WHERE X.`pk` IN ( 'e', 'r', 2329542656, 'p', 183 ) ORDER BY `col_char_12`,`col_char_12_key`,`col_int`,`col_int_key`,`pk` LIMIT 8
		   19 Query	INSERT LOW_PRIORITY IGNORE INTO `table0_innodb_key_pk_parts_2_int_autoinc` ( `col_int_key` ) SELECT `col_int_key` FROM `table10_innodb_int_autoinc` AS X WHERE X.`col_char_12_key` = ( SELECT `col_int_key` FROM `table100_innodb_int_autoinc` WHERE `pk` = 6 ) ORDER BY `col_char_12`,`col_char_12_key`,`col_int`,`col_int_key`,`pk` LIMIT 6
		   21 Query	SHOW WARNINGS
		   21 Query	DELETE LOW_PRIORITY QUICK FROM `table0_innodb_key_pk_parts_2_int_autoinc` WHERE `col_int_key` = 'b' ORDER BY `col_char_12`,`col_char_12_key`,`col_int`,`col_int_key`,`pk` LIMIT 3
		   26 Query	SHOW WARNINGS
		   18 Query	SHOW WARNINGS
		   24 Query	SHOW WARNINGS
		   23 Query	INSERT LOW_PRIORITY INTO `table0_innodb_int_autoinc` (`pk`) VALUES (NULL)
		   16 Query	SELECT X.`pk` FROM `table0_innodb_key_pk_parts_2_int_autoinc` AS X LEFT JOIN `table0_innodb_key_pk_parts_2_int_autoinc` AS Y USING ( `col_char_12_key` ) WHERE X.`col_char_12_key` < 3554541568 LIMIT 8
		   24 Query	ROLLBACK
		   24 Query	SET TRANSACTION ISOLATION LEVEL READ UNCOMMITTED
		   26 Query	INSERT LOW_PRIORITY IGNORE INTO `table10_innodb_int_autoinc` (`pk`) VALUES (NULL)
		   24 Query	DELETE LOW_PRIORITY IGNORE FROM `table10_innodb_key_pk_parts_2_int_autoinc` ORDER BY `col_char_12`,`col_char_12_key`,`col_int`,`col_int_key`,`pk` LIMIT 4
		   22 Query	SHOW WARNINGS
		   21 Query	SHOW WARNINGS
		   18 Query	UPDATE LOW_PRIORITY `table10_innodb_int_autoinc` AS X SET `col_int_key` = 15 ORDER BY `col_char_12`,`col_char_12_key`,`col_int`,`col_int_key`,`pk` LIMIT 5
		   24 Query	UPDATE LOW_PRIORITY IGNORE `table10_innodb_key_pk_parts_2_int_autoinc` AS X SET `col_int_key` = 2539913216 ORDER BY `col_char_12`,`col_char_12_key`,`col_int`,`col_int_key`,`pk` LIMIT 8
		   21 Query	INSERT LOW_PRIORITY INTO `table10_innodb_key_pk_parts_2_int_autoinc` (`pk`) VALUES (NULL)
		   22 Query	DELETE LOW_PRIORITY IGNORE FROM `table0_innodb_int_autoinc` WHERE `pk` IN ( 'a', 156, 'k', 9, 1669464064 ) ORDER BY `col_char_12`,`col_char_12_key`,`col_int`,`col_int_key`,`pk` LIMIT 2
		   12 Query	SELECT ( SELECT `pk` FROM `table2_innodb_key_pk_parts_2_int_autoinc` WHERE `pk` = 3 ) FROM `table1_innodb_int_autoinc` AS X LIMIT 8
		   24 Query	DELETE LOW_PRIORITY IGNORE FROM `table10_innodb_int_autoinc` WHERE `col_int_key` = 129 ORDER BY `col_char_12`,`col_char_12_key`,`col_int`,`col_int_key`,`pk` LIMIT 3
		   19 Query	SHOW WARNINGS
		   20 Query	SHOW WARNINGS
		   12 Query	INSERT LOW_PRIORITY INTO `table10_innodb_int_autoinc` ( `col_int_key`, `col_int` ) VALUES ( 797835264, 2038956032 ), ( 'g', 's' )
		   24 Query	INSERT LOW_PRIORITY INTO `table10_innodb_key_pk_parts_2_int_autoinc` (`pk`) VALUES (NULL)
		   19 Query	UPDATE LOW_PRIORITY IGNORE `table100_innodb_int_autoinc` AS X SET `col_char_12_key` = 151 WHERE X.`col_int_key` BETWEEN 117 AND 2902523904 ORDER BY `col_char_12`,`col_char_12_key`,`col_int`,`col_int_key`,`pk` LIMIT 7
		   17 Query	SHOW WARNINGS
		   12 Query	INSERT LOW_PRIORITY INTO `table10_innodb_key_pk_parts_2_int_autoinc` (`pk`) VALUES (NULL)
		   20 Query	DELETE LOW_PRIORITY IGNORE FROM `table100_innodb_key_pk_parts_2_int_autoinc` WHERE `pk` IN ( SELECT `col_int_key` FROM `table100_innodb_int_autoinc` WHERE `pk` = 8 ) ORDER BY `col_char_12`,`col_char_12_key`,`col_int`,`col_int_key`,`pk` LIMIT 1
		   17 Query	UNLOCK TABLES
		   16 Query	DELETE LOW_PRIORITY FROM `table1_innodb_int_autoinc` ORDER BY `col_char_12`,`col_char_12_key`,`col_int`,`col_int_key`,`pk` LIMIT 4
		   17 Query	CREATE OR REPLACE TEMPORARY TABLE `create_or_replace_tmp` AS SELECT * FROM `table100_innodb_int_autoinc`
		   24 Query	INSERT LOW_PRIORITY INTO `table0_innodb_key_pk_parts_2_int_autoinc` (`pk`) VALUES (NULL)
		   12 Query	SELECT X.`col_int_key` FROM `table100_innodb_int_autoinc` AS X LEFT JOIN `table2_innodb_key_pk_parts_2_int_autoinc` AS Y USING ( `col_int_key` ) LIMIT 8
		   12 Query	UPDATE LOW_PRIORITY IGNORE `table10_innodb_int_autoinc` AS X SET `col_int_key` = 2912419840 WHERE X.`col_int_key` BETWEEN 239 AND 3110993920 ORDER BY `col_char_12`,`col_char_12_key`,`col_int`,`col_int_key`,`pk` LIMIT 6
		   24 Query	DELETE LOW_PRIORITY IGNORE FROM `table1_innodb_int_autoinc` WHERE `col_char_12_key` = 669515776 ORDER BY `col_char_12`,`col_char_12_key`,`col_int`,`col_int_key`,`pk` LIMIT 3
		   12 Query	UPDATE LOW_PRIORITY `table2_innodb_key_pk_parts_2_int_autoinc` AS X SET `col_char_12_key` = 'k' ORDER BY `col_char_12`,`col_char_12_key`,`col_int`,`col_int_key`,`pk` LIMIT 7
		   24 Query	INSERT LOW_PRIORITY IGNORE INTO `table1_innodb_int_autoinc` ( `col_char_12_key`, `col_char_12_key` ) VALUES ( 3694526464, 'p' ), ( 4268556288, 'i' )
		   12 Query	SELECT X.`pk` FROM `table1_innodb_int_autoinc` AS X LIMIT 8
		   24 Query	DELETE LOW_PRIORITY FROM `table0_innodb_int_autoinc` WHERE `col_int_key` BETWEEN 1 AND 6 ORDER BY `col_char_12`,`col_char_12_key`,`col_int`,`col_int_key`,`pk` LIMIT 2
		   24 Query	SELECT ( SELECT `col_int_key` FROM `table10_innodb_int_autoinc` WHERE `pk` = 93 ) FROM `table1_innodb_int_autoinc` AS X LEFT JOIN `table1_innodb_key_pk_parts_2_int_autoinc` AS Y USING ( `col_char_12_key` ) WHERE X.`col_char_12_key` IN ( 2635005952, 3, 7, 93, 't' ) LIMIT 5
		   24 Query	SELECT X.`col_int` FROM `table1_innodb_int_autoinc` AS X LEFT JOIN `table1_innodb_key_pk_parts_2_int_autoinc` AS Y USING ( `col_char_12_key` ) WHERE X.`col_char_12_key` BETWEEN 2 AND 7 LIMIT 5
		   20 Query	SHOW WARNINGS
		   20 Query	DELETE LOW_PRIORITY FROM `table10_innodb_int_autoinc` WHERE `col_char_12_key` = 730398720 ORDER BY `col_char_12`,`col_char_12_key`,`col_int`,`col_int_key`,`pk` LIMIT 2
		   23 Query	SELECT ( SELECT `pk` FROM `table10_innodb_key_pk_parts_2_int_autoinc` WHERE `pk` = 1955725312 ) FROM `table100_innodb_int_autoinc` AS X LIMIT 6 FOR UPDATE
		   24 Query	DELETE LOW_PRIORITY FROM `table0_innodb_int_autoinc` WHERE `pk` IN ( 196, 170, 2388852736, 2188509184, 1069219840 ) ORDER BY `col_char_12`,`col_char_12_key`,`col_int`,`col_int_key`,`pk` LIMIT 3
		   23 Query	INSERT LOW_PRIORITY INTO `table0_innodb_key_pk_parts_2_int_autoinc` ( `col_char_12_key` ) SELECT `pk` FROM `table10_innodb_key_pk_parts_2_int_autoinc` AS X WHERE X.`pk` = ( SELECT `col_char_12_key` FROM `table0_innodb_int_autoinc` WHERE `pk` = 0 ) ORDER BY `col_char_12`,`col_char_12_key`,`col_int`,`col_int_key`,`pk` LIMIT 5
		   24 Query	SHOW WARNINGS
		   22 Query	SHOW WARNINGS
		   15 Query	SHOW WARNINGS
		   23 Query	SHOW WARNINGS
		   22 Query	UPDATE LOW_PRIORITY IGNORE `table10_innodb_key_pk_parts_2_int_autoinc` AS X SET `col_char_12_key` = 1084817408 WHERE X.`col_char_12_key` = ( SELECT `pk` FROM `table10_innodb_int_autoinc` WHERE `pk` = 3172663296 ) ORDER BY `col_char_12`,`col_char_12_key`,`col_int`,`col_int_key`,`pk` LIMIT 5
		   15 Query	UPDATE LOW_PRIORITY IGNORE `table0_innodb_int_autoinc` AS X SET `col_int_key` = 0 WHERE X.`col_int_key` < 112 ORDER BY `col_char_12`,`col_char_12_key`,`col_int`,`col_int_key`,`pk` LIMIT 8
		   25 Query	SELECT * FROM `table1_innodb_int_autoinc` AS X LIMIT 7 FOR UPDATE
		   23 Query	UPDATE LOW_PRIORITY IGNORE `table0_innodb_int_autoinc` AS X SET `col_char_12_key` = 6 WHERE X.`col_char_12_key` BETWEEN 4 AND 7 ORDER BY `col_char_12`,`col_char_12_key`,`col_int`,`col_int_key`,`pk` LIMIT 6
		   26 Query	INSERT LOW_PRIORITY IGNORE INTO `table100_innodb_int_autoinc` ( `col_int_key` ) SELECT `col_int_key` FROM `table2_innodb_int_autoinc` AS X WHERE X.`pk` = ( SELECT `col_char_12_key` FROM `table2_innodb_int_autoinc` WHERE `pk` = 774504448 ) ORDER BY `col_char_12`,`col_char_12_key`,`col_int`,`col_int_key`,`pk` LIMIT 7
		   13 Query	DELETE LOW_PRIORITY QUICK IGNORE FROM `table100_innodb_int_autoinc` WHERE `col_char_12_key` IN ( 8, 149, 6, 2837512192, 48 ) ORDER BY `col_char_12`,`col_char_12_key`,`col_int`,`col_int_key`,`pk` LIMIT 4
		   15 Query	SHOW WARNINGS
		   19 Query	SHOW WARNINGS
		   21 Query	SELECT ( SELECT `col_char_12_key` FROM `table1_innodb_int_autoinc` WHERE `pk` = 1878458368 ) FROM `table10_innodb_key_pk_parts_2_int_autoinc` AS X LEFT JOIN `table0_innodb_int_autoinc` AS Y USING ( `pk` ) WHERE X.`col_int_key` < 889847808 LIMIT 7 LOCK IN SHARE MODE
		   24 Query	UPDATE LOW_PRIORITY IGNORE `table10_innodb_int_autoinc` AS X SET `col_int` = 8 WHERE X.`col_char_12_key` BETWEEN 232 AND 17235968 ORDER BY `col_char_12`,`col_char_12_key`,`col_int`,`col_int_key`,`pk` LIMIT 6
		   22 Query	SHOW WARNINGS
		   15 Query	SELECT ( SELECT `pk` FROM `table10_innodb_int_autoinc` WHERE `pk` = 598212608 ) FROM `table1_innodb_int_autoinc` AS X WHERE X.`col_int_key` < 2984443904 LIMIT 7
		   19 Query	DELETE LOW_PRIORITY FROM `table0_innodb_int_autoinc` WHERE `col_int_key` BETWEEN 3 AND 8 ORDER BY `col_char_12`,`col_char_12_key`,`col_int`,`col_int_key`,`pk` LIMIT 1
		   22 Query	REPLACE LOW_PRIORITY INTO `table2_innodb_int_autoinc` ( `col_char_12`, `col_char_12_key` ) VALUES ( 'g', 2624520192 ), ( 't', 9 )
		   23 Query	SHOW WARNINGS
		   23 Query	DELETE LOW_PRIORITY FROM `table0_innodb_int_autoinc` WHERE `col_int_key` IN ( 2753495040, 90, 'f', 'j', 150 ) ORDER BY `col_char_12`,`col_char_12_key`,`col_int`,`col_int_key`,`pk` LIMIT 4
		   26 Query	SHOW WARNINGS
		   26 Query	INSERT LOW_PRIORITY INTO `table0_innodb_key_pk_parts_2_int_autoinc` ( `col_int` ) SELECT `pk` FROM `table2_innodb_key_pk_parts_2_int_autoinc` AS X WHERE X.`col_int_key` IN ( 4, 3, 2599419904, 'x', 'f' ) ORDER BY `col_char_12`,`col_char_12_key`,`col_int`,`col_int_key`,`pk` LIMIT 6
		   13 Query	SHOW WARNINGS
		   13 Query	DELETE LOW_PRIORITY QUICK IGNORE FROM `table2_innodb_int_autoinc` WHERE `pk` IN ( SELECT `col_int_key` FROM `table100_innodb_key_pk_parts_2_int_autoinc` WHERE `pk` = 1415970816 ) ORDER BY `col_char_12`,`col_char_12_key`,`col_int`,`col_int_key`,`pk` LIMIT 2
		   19 Query	SHOW WARNINGS
		   19 Query	INSERT LOW_PRIORITY INTO `table100_innodb_key_pk_parts_2_int_autoinc` (`pk`) VALUES (NULL)
		   21 Query	UPDATE LOW_PRIORITY `table0_innodb_key_pk_parts_2_int_autoinc` AS X SET `col_char_12` = 232 WHERE X.`col_char_12_key` IN ( 'y', 7, 99, 0, 8 ) ORDER BY `col_char_12`,`col_char_12_key`,`col_int`,`col_int_key`,`pk` LIMIT 8
		   15 Query	UPDATE LOW_PRIORITY IGNORE `table1_innodb_key_pk_parts_2_int_autoinc` AS X SET `col_char_12_key` = 1561460736 ORDER BY `col_char_12`,`col_char_12_key`,`col_int`,`col_int_key`,`pk` LIMIT 5
		   12 Query	START TRANSACTION
		   12 Query	INSERT LOW_PRIORITY INTO `table1_innodb_int_autoinc` (`pk`) VALUES (NULL)
		   11 Query	SHOW WARNINGS
		   14 Query	SELECT ID INTO @thread_id FROM INFORMATION_SCHEMA.PROCESSLIST ORDER BY RAND() LIMIT 1
		   11 Query	DELETE LOW_PRIORITY QUICK FROM `table1_innodb_key_pk_parts_2_int_autoinc` ORDER BY `col_char_12`,`col_char_12_key`,`col_int`,`col_int_key`,`pk` LIMIT 2
		   14 Query	EXECUTE show_expl_stmt USING @thread_id
		   26 Query	SHOW WARNINGS
		   26 Query	SELECT X.`pk` FROM `table2_innodb_int_autoinc` AS X LEFT JOIN `table10_innodb_key_pk_parts_2_int_autoinc` AS Y USING ( `col_int_key` ) WHERE X.`pk` BETWEEN 2 AND 7 LIMIT 5
		   26 Query	SELECT X.`pk` FROM `table10_innodb_int_autoinc` AS X LEFT JOIN `table100_innodb_int_autoinc` AS Y USING ( `pk` ) WHERE X.`col_char_12_key` < 3 LIMIT 6
		   26 Query	SELECT ( SELECT `pk` FROM `table0_innodb_int_autoinc` WHERE `pk` = 3513712640 ) FROM `table10_innodb_key_pk_parts_2_int_autoinc` AS X LEFT JOIN `table1_innodb_key_pk_parts_2_int_autoinc` AS Y USING ( `pk` ) LIMIT 5 FOR UPDATE
		   26 Query	SELECT ( SELECT `col_int_key` FROM `table100_innodb_key_pk_parts_2_int_autoinc` WHERE `pk` = 133 ) FROM `table1_innodb_int_autoinc` AS X LEFT JOIN `table1_innodb_key_pk_parts_2_int_autoinc` AS Y USING ( `col_int_key` ) WHERE X.`col_int_key` IN ( 'j', 655687680, 27, 'c', 7 ) LIMIT 5 LOCK IN SHARE MODE
		   23 Query	SHOW WARNINGS
		   18 Query	SHOW WARNINGS
		   15 Query	SHOW WARNINGS
		   21 Query	SHOW WARNINGS
		   11 Query	SHOW WARNINGS
		   13 Query	SHOW WARNINGS
		   14 Execute	SHOW EXPLAIN FOR 24
		   14 Query	SHOW WARNINGS
		   20 Query	SHOW WARNINGS
		   17 Query	ANALYZE TABLE `table10_innodb_key_pk_parts_2_int_autoinc` PERSISTENT FOR COLUMNS ( `pk` ) INDEXES ( PRIMARY )
		   22 Query	START TRANSACTION
		   23 Query	UPDATE LOW_PRIORITY IGNORE `table1_innodb_key_pk_parts_2_int_autoinc` AS X SET `col_int_key` = 222 WHERE X.`col_int_key` = ( SELECT `col_int_key` FROM `table1_innodb_key_pk_parts_2_int_autoinc` WHERE `pk` = 1289682944 ) ORDER BY `col_char_12`,`col_char_12_key`,`col_int`,`col_int_key`,`pk` LIMIT 6
		   15 Query	SELECT X.`pk` FROM `table10_innodb_int_autoinc` AS X LEFT JOIN `table10_innodb_key_pk_parts_2_int_autoinc` AS Y USING ( `col_char_12_key` ) WHERE X.`pk` IN ( 1234567168, 'p', 1, 9, 'm' ) LIMIT 7 LOCK IN SHARE MODE
		   18 Query	SELECT X.`pk` FROM `table0_innodb_key_pk_parts_2_int_autoinc` AS X WHERE X.`col_int_key` BETWEEN 13 AND 1590820864 LIMIT 8 FOR UPDATE
		   19 Query	INSERT LOW_PRIORITY INTO `table2_innodb_key_pk_parts_2_int_autoinc` ( `col_int_key`, `col_int` ) VALUES ( 170, 9 ), ( 1803681792, 1800601600 )
		   22 Query	DELETE LOW_PRIORITY IGNORE FROM `table0_innodb_key_pk_parts_2_int_autoinc` ORDER BY `col_char_12`,`col_char_12_key`,`col_int`,`col_int_key`,`pk` LIMIT 2
		   11 Query	UPDATE LOW_PRIORITY `table1_innodb_key_pk_parts_2_int_autoinc` AS X SET `col_char_12` = 1035862016 WHERE X.`col_int_key` BETWEEN 3 AND 5 ORDER BY `col_char_12`,`col_char_12_key`,`col_int`,`col_int_key`,`pk` LIMIT 7
		   20 Query	SELECT X.`col_int_key` FROM `table2_innodb_int_autoinc` AS X WHERE X.`col_int_key` BETWEEN 121 AND 1283981312 LIMIT 5 LOCK IN SHARE MODE
		   14 Query	SELECT ID INTO @thread_id FROM INFORMATION_SCHEMA.PROCESSLIST ORDER BY RAND() LIMIT 1
		   21 Query	DELETE LOW_PRIORITY IGNORE FROM `table10_innodb_key_pk_parts_2_int_autoinc` WHERE `pk` IN ( 't', 79, 521601024, 181, 'v' ) ORDER BY `col_char_12`,`col_char_12_key`,`col_int`,`col_int_key`,`pk` LIMIT 4
		   13 Query	UPDATE LOW_PRIORITY IGNORE `table1_innodb_key_pk_parts_2_int_autoinc` AS X SET `col_char_12` = 5 WHERE X.`col_int_key` < 3 ORDER BY `col_char_12`,`col_char_12_key`,`col_int`,`col_int_key`,`pk` LIMIT 6
		   23 Query	REPLACE LOW_PRIORITY INTO `table10_innodb_int_autoinc` ( `col_char_12`, `col_int_key` ) VALUES ( 241, 'x' ), ( 926154752, 2 )
		   24 Query	SHOW WARNINGS
		   24 Query	UPDATE LOW_PRIORITY IGNORE `table2_innodb_key_pk_parts_2_int_autoinc` AS X SET `col_int` = 169 WHERE X.`pk` < 'j' ORDER BY `col_char_12`,`col_char_12_key`,`col_int`,`col_int_key`,`pk` LIMIT 5
		   20 Query	REPLACE LOW_PRIORITY INTO `table0_innodb_key_pk_parts_2_int_autoinc` ( `col_int`, `col_char_12` ) VALUES ( 79, 3864199168 ), ( 0, 6 )
		   13 Query	REPLACE LOW_PRIORITY INTO `table100_innodb_key_pk_parts_2_int_autoinc` ( `col_int`, `col_int_key` ) VALUES ( 5, 6 ), ( 8, 9 )
		   22 Query	SHOW WARNINGS
		   11 Query	SHOW WARNINGS
		   22 Query	INSERT LOW_PRIORITY IGNORE INTO `table0_innodb_int_autoinc` ( `col_int_key` ) SELECT `pk` FROM `table1_innodb_key_pk_parts_2_int_autoinc` AS X WHERE X.`col_int_key` < 237 ORDER BY `col_char_12`,`col_char_12_key`,`col_int`,`col_int_key`,`pk` LIMIT 7
		   11 Query	INSERT LOW_PRIORITY INTO `table1_innodb_int_autoinc` ( `col_int_key`, `col_char_12` ) VALUES ( 729808896, 779288576 ), ( 8, 244 )
		   14 Query	EXECUTE show_expl_stmt USING @thread_id
		   21 Query	SHOW WARNINGS
150425  6:37:57	   24 Query	SHOW WARNINGS
		   23 Query	SHOW WARNINGS
