		   13 Query	UPDATE LOW_PRIORITY `table10_innodb_int_autoinc` AS X SET `col_int` = 's' WHERE X.`col_int_key` IN ( 626917376, 236, 2463432704, 832503808, 54 ) ORDER BY `col_char_12`,`col_char_12_key`,`col_int`,`col_int_key`,`pk` LIMIT 7
		   24 Query	SHOW WARNINGS
		   19 Query	SHOW WARNINGS
		   15 Query	SHOW WARNINGS
		   18 Query	SHOW WARNINGS
		   24 Query	DELETE LOW_PRIORITY FROM `table0_innodb_key_pk_parts_2_int_autoinc` ORDER BY `col_char_12`,`col_char_12_key`,`col_int`,`col_int_key`,`pk` LIMIT 1
		   15 Query	DELETE LOW_PRIORITY QUICK FROM `table2_innodb_int_autoinc` WHERE `col_int_key` BETWEEN 4 AND 6 ORDER BY `col_char_12`,`col_char_12_key`,`col_int`,`col_int_key`,`pk` LIMIT 1
		   19 Query	UPDATE LOW_PRIORITY `table10_innodb_key_pk_parts_2_int_autoinc` AS X SET `col_char_12_key` = 125 WHERE X.`col_int_key` BETWEEN 94 AND 2954100736 ORDER BY `col_char_12`,`col_char_12_key`,`col_int`,`col_int_key`,`pk` LIMIT 8
		   18 Query	SELECT X.`pk` FROM `table0_innodb_key_pk_parts_2_int_autoinc` AS X WHERE X.`col_char_12_key` = ( SELECT `col_char_12_key` FROM `table10_innodb_key_pk_parts_2_int_autoinc` WHERE `pk` = 104 ) LIMIT 5
		   17 Query	CREATE OR REPLACE TABLE `create_or_replace_tmp` AS SELECT * FROM `table2_innodb_int_autoinc`
		   21 Query	SHOW WARNINGS
		   21 Query	REPLACE LOW_PRIORITY INTO `table0_innodb_key_pk_parts_2_int_autoinc` (`pk`) VALUES (NULL)
		   21 Query	UPDATE LOW_PRIORITY IGNORE `table2_innodb_key_pk_parts_2_int_autoinc` AS X SET `col_char_12_key` = 'w' WHERE X.`col_int_key` BETWEEN 138 AND 3980328960 ORDER BY `col_char_12`,`col_char_12_key`,`col_int`,`col_int_key`,`pk` LIMIT 8
		   21 Query	SHOW WARNINGS
		   21 Query	SELECT * FROM `table100_innodb_key_pk_parts_2_int_autoinc` AS X LEFT JOIN `table10_innodb_key_pk_parts_2_int_autoinc` AS Y USING ( `col_int_key` ) WHERE X.`col_int_key` = ( SELECT `col_char_12_key` FROM `table2_innodb_key_pk_parts_2_int_autoinc` WHERE `pk` = 'b' ) LIMIT 5 FOR UPDATE
		   14 Query	SELECT ID INTO @thread_id FROM INFORMATION_SCHEMA.PROCESSLIST ORDER BY RAND() LIMIT 1
		   14 Query	EXECUTE show_expl_stmt USING @thread_id
150425  6:39:37	   15 Query	SHOW WARNINGS
		   15 Query	SELECT X.`pk` FROM `table100_innodb_key_pk_parts_2_int_autoinc` AS X LIMIT 7 LOCK IN SHARE MODE
		   15 Query	SAVEPOINT A
		   15 Query	DELETE LOW_PRIORITY QUICK IGNORE FROM `table10_innodb_key_pk_parts_2_int_autoinc` WHERE `col_char_12_key` = 3577413632 ORDER BY `col_char_12`,`col_char_12_key`,`col_int`,`col_int_key`,`pk` LIMIT 3
		   17 Query	LOCK TABLE `create_or_replace_tmp` WRITE, `table2_innodb_int_autoinc` READ
		   17 Query	CREATE OR REPLACE TEMPORARY TABLE `create_or_replace_tmp` LIKE `table2_innodb_int_autoinc`
150425  6:39:38	   17 Query	INSERT INTO `create_or_replace_tmp` SELECT * FROM `table1_innodb_key_pk_parts_2_int_autoinc`
		   17 Query	UNLOCK TABLES
		   17 Query	SELECT ID INTO @thread_id FROM INFORMATION_SCHEMA.PROCESSLIST ORDER BY RAND() LIMIT 1
		   17 Query	EXECUTE show_expl_stmt USING @thread_id
		   17 Query	CREATE OR REPLACE TABLE `create_or_replace_tmp` AS SELECT * FROM `table0_innodb_int_autoinc`
150425  6:39:39	   17 Query	CREATE OR REPLACE TEMPORARY TABLE `create_or_replace_tmp` AS SELECT * FROM `table10_innodb_key_pk_parts_2_int_autoinc`
150425  6:39:42	   59 Connect	root@localhost as anonymous on test
		   59 Query	set autocommit=1
		   59 Query	SHOW FULL PROCESSLIST
		   59 Quit	
		   60 Connect	root@localhost as anonymous on test
		   60 Query	set autocommit=1
		   60 Query	SHOW FULL PROCESSLIST
		   60 Quit	
150425  6:39:52	   61 Connect	root@localhost as anonymous on test
		   61 Query	set autocommit=1
		   61 Query	SHOW FULL PROCESSLIST
		   61 Quit	
		   62 Connect	root@localhost as anonymous on test
		   62 Query	set autocommit=1
		   62 Query	SHOW FULL PROCESSLIST
		   62 Quit	
150425  6:40:02	   63 Connect	root@localhost as anonymous on test
		   63 Query	set autocommit=1
		   63 Query	SHOW FULL PROCESSLIST
		   63 Query	KILL QUERY 11
		   63 Query	KILL QUERY 12
		   63 Query	KILL QUERY 13
		   63 Query	KILL QUERY 14
		   63 Query	KILL QUERY 15
		   63 Query	KILL QUERY 16
		   13 Query	SET NAMES DEFAULT
		   63 Query	KILL QUERY 17
		   63 Query	KILL QUERY 18
		   12 Query	UPDATE LOW_PRIORITY IGNORE `table10_innodb_int_autoinc` AS X SET `col_char_12` = 0 WHERE X.`pk` BETWEEN 169 AND 3739484160 ORDER BY `col_char_12`,`col_char_12_key`,`col_int`,`col_int_key`,`pk` LIMIT 7
		   11 Query	INSERT LOW_PRIORITY IGNORE INTO `table2_innodb_int_autoinc` (`pk`) VALUES (NULL)
		   14 Query	ANALYZE TABLE `table2_innodb_key_pk_parts_2_int_autoinc` PERSISTENT FOR COLUMNS ALL INDEXES ( )
		   18 Query	SELECT ( SELECT `col_int_key` FROM `table10_innodb_key_pk_parts_2_int_autoinc` WHERE `pk` = 'h' ) FROM `table10_innodb_key_pk_parts_2_int_autoinc` AS X WHERE X.`pk` BETWEEN 3 AND 8 LIMIT 6
		   15 Query	SELECT * FROM `table10_innodb_key_pk_parts_2_int_autoinc` AS X WHERE X.`col_int_key` BETWEEN 231 AND 4137877504 LIMIT 8
		   63 Query	KILL QUERY 19
		   63 Query	KILL QUERY 20
		   63 Query	KILL QUERY 21
		   63 Query	KILL QUERY 22
		   17 Query	CREATE OR REPLACE TABLE `create_or_replace_tmp` AS SELECT * FROM `table10_innodb_key_pk_parts_2_int_autoinc`
		   22 Query	INSERT LOW_PRIORITY IGNORE INTO `table1_innodb_int_autoinc` ( `col_char_12_key`, `col_int` ) VALUES ( 579600384, 2249719808 ), ( 2345533440, 0 )
		   19 Query	DELETE LOW_PRIORITY FROM `table10_innodb_key_pk_parts_2_int_autoinc` WHERE `col_char_12_key` IN ( 'i', 2, 'b', 2, 154 ) ORDER BY `col_char_12`,`col_char_12_key`,`col_int`,`col_int_key`,`pk` LIMIT 4
		   20 Query	DELETE LOW_PRIORITY QUICK FROM `table2_innodb_int_autoinc` WHERE `pk` IN ( 99, 's', 2, 'a', 14 ) ORDER BY `col_char_12`,`col_char_12_key`,`col_int`,`col_int_key`,`pk` LIMIT 1
		   13 Query	SELECT CHARACTER_SET_NAME INTO @cset FROM INFORMATION_SCHEMA.CHARACTER_SETS ORDER BY RAND() LIMIT 1
		   63 Query	KILL QUERY 23
		   21 Query	UPDATE LOW_PRIORITY `table100_innodb_key_pk_parts_2_int_autoinc` AS X SET `col_int` = 'x' ORDER BY `col_char_12`,`col_char_12_key`,`col_int`,`col_int_key`,`pk` LIMIT 6
		   63 Query	KILL QUERY 24
		   13 Query	SET @stmt_names_or_charset = CONCAT( 'SET NAMES ', @cset )
		   13 Query	SELECT CONCAT(@stmt_names_or_charset, ' COLLATE `', COLLATION_NAME, '`') INTO @stmt_names_or_charset FROM INFORMATION_SCHEMA.COLLATIONS WHERE CHARACTER_SET_NAME = @cset ORDER BY RAND() LIMIT 1
		   63 Query	KILL QUERY 25
		   63 Query	KILL QUERY 26
		   63 Quit	
		   24 Query	DELETE LOW_PRIORITY IGNORE FROM `table2_innodb_key_pk_parts_2_int_autoinc` WHERE `col_int_key` = 157 ORDER BY `col_char_12`,`col_char_12_key`,`col_int`,`col_int_key`,`pk` LIMIT 3
		   64 Connect	root@localhost as anonymous on test
		   64 Query	set autocommit=1
		   25 Query	UPDATE LOW_PRIORITY `table0_innodb_key_pk_parts_2_int_autoinc` AS X SET `col_char_12_key` = 'a' WHERE X.`col_char_12_key` BETWEEN 226 AND 1710489600 ORDER BY `col_char_12`,`col_char_12_key`,`col_int`,`col_int_key`,`pk` LIMIT 5
		   64 Query	SHOW FULL PROCESSLIST
		   64 Quit	
		   13 Query	PREPARE stmt_names_or_charset FROM @stmt_names_or_charset
		   13 Prepare	SET NAMES cp1251 COLLATE `cp1251_general_cs`
		   13 Query	EXECUTE stmt_names_or_charset
		   13 Execute	SET NAMES cp1251 COLLATE `cp1251_general_cs`
		   13 Query	DEALLOCATE PREPARE stmt_names_or_charset
		   13 Query	ROLLBACK TO SAVEPOINT A
		   21 Query	SHOW WARNINGS
		   13 Query	SET CHARACTER SET DEFAULT
		   21 Query	UPDATE LOW_PRIORITY IGNORE `table2_innodb_key_pk_parts_2_int_autoinc` AS X SET `col_int` = 2005401600 ORDER BY `col_char_12`,`col_char_12_key`,`col_int`,`col_int_key`,`pk` LIMIT 5
		   13 Query	UPDATE LOW_PRIORITY IGNORE `table100_innodb_key_pk_parts_2_int_autoinc` AS X SET `col_int` = 29 WHERE X.`col_int_key` = ( SELECT `col_int_key` FROM `table2_innodb_key_pk_parts_2_int_autoinc` WHERE `pk` = 215 ) ORDER BY `col_char_12`,`col_char_12_key`,`col_int`,`col_int_key`,`pk` LIMIT 5
		   21 Query	SHOW WARNINGS
		   13 Query	UPDATE LOW_PRIORITY IGNORE `table100_innodb_int_autoinc` AS X SET `col_int` = 0 WHERE X.`pk` IN ( 'g', 7, 2402811904, 4, 2 ) ORDER BY `col_char_12`,`col_char_12_key`,`col_int`,`col_int_key`,`pk` LIMIT 6
		   21 Query	INSERT LOW_PRIORITY INTO `table2_innodb_key_pk_parts_2_int_autoinc` (`pk`) VALUES (NULL)
		   21 Query	UPDATE LOW_PRIORITY IGNORE `table0_innodb_key_pk_parts_2_int_autoinc` AS X SET `col_char_12` = 3963027456 WHERE X.`pk` IN ( 6, 63, 'u', 8, 4 ) ORDER BY `col_char_12`,`col_char_12_key`,`col_int`,`col_int_key`,`pk` LIMIT 7
		   24 Query	SHOW WARNINGS
		   12 Query	SHOW WARNINGS
		   24 Query	DELETE LOW_PRIORITY QUICK IGNORE FROM `table0_innodb_key_pk_parts_2_int_autoinc` ORDER BY `col_char_12`,`col_char_12_key`,`col_int`,`col_int_key`,`pk` LIMIT 2
		   12 Query	UPDATE LOW_PRIORITY `table2_innodb_key_pk_parts_2_int_autoinc` AS X SET `col_char_12` = 0 WHERE X.`pk` BETWEEN 4 AND 6 ORDER BY `col_char_12`,`col_char_12_key`,`col_int`,`col_int_key`,`pk` LIMIT 7
		   11 Query	DELETE LOW_PRIORITY QUICK IGNORE FROM `table1_innodb_int_autoinc` WHERE `col_char_12_key` BETWEEN 3 AND 5 ORDER BY `col_char_12`,`col_char_12_key`,`col_int`,`col_int_key`,`pk` LIMIT 4
		   22 Query	SHOW WARNINGS
		   20 Query	SHOW WARNINGS
		   20 Query	REPLACE LOW_PRIORITY INTO `table10_innodb_key_pk_parts_2_int_autoinc` ( `col_int` ) SELECT `col_char_12_key` FROM `table10_innodb_int_autoinc` AS X ORDER BY `col_char_12`,`col_char_12_key`,`col_int`,`col_int_key`,`pk` LIMIT 6
		   22 Query	UPDATE LOW_PRIORITY `table2_innodb_key_pk_parts_2_int_autoinc` AS X SET `col_char_12` = 203 WHERE X.`col_int_key` BETWEEN 58 AND 1200357376 ORDER BY `col_char_12`,`col_char_12_key`,`col_int`,`col_int_key`,`pk` LIMIT 5
		   16 Query	SELECT X.`pk` FROM `table0_innodb_int_autoinc` AS X WHERE X.`col_char_12_key` BETWEEN 157 AND 3851485184 LIMIT 7 FOR UPDATE
		   23 Query	DELETE LOW_PRIORITY IGNORE FROM `table2_innodb_int_autoinc` ORDER BY `col_char_12`,`col_char_12_key`,`col_int`,`col_int_key`,`pk` LIMIT 3
		   26 Query	SELECT * FROM `table10_innodb_int_autoinc` AS X LEFT JOIN `table2_innodb_key_pk_parts_2_int_autoinc` AS Y USING ( `col_char_12_key` ) WHERE X.`col_char_12_key` < 3585671168 LIMIT 6
		   16 Query	DELETE LOW_PRIORITY IGNORE FROM `table0_innodb_int_autoinc` WHERE `col_char_12_key` BETWEEN 1 AND 5 ORDER BY `col_char_12`,`col_char_12_key`,`col_int`,`col_int_key`,`pk` LIMIT 4
		   26 Query	UPDATE LOW_PRIORITY `table2_innodb_int_autoinc` AS X SET `col_int` = 396492800 WHERE X.`col_char_12_key` < 'h' ORDER BY `col_char_12`,`col_char_12_key`,`col_int`,`col_int_key`,`pk` LIMIT 6
		   16 Query	SHOW WARNINGS
		   19 Query	SHOW WARNINGS
		   23 Query	SHOW WARNINGS
		   11 Query	SHOW WARNINGS
		   16 Query	DELETE LOW_PRIORITY QUICK IGNORE FROM `table2_innodb_key_pk_parts_2_int_autoinc` WHERE `col_int_key` = 146 ORDER BY `col_char_12`,`col_char_12_key`,`col_int`,`col_int_key`,`pk` LIMIT 1
		   19 Query	INSERT LOW_PRIORITY IGNORE INTO `table10_innodb_key_pk_parts_2_int_autoinc` (`pk`) VALUES (NULL)
		   11 Query	DELETE LOW_PRIORITY FROM `table2_innodb_int_autoinc` WHERE `col_int_key` = 2897805312 ORDER BY `col_char_12`,`col_char_12_key`,`col_int`,`col_int_key`,`pk` LIMIT 3
		   23 Query	UPDATE LOW_PRIORITY IGNORE `table10_innodb_key_pk_parts_2_int_autoinc` AS X SET `col_char_12` = 5 WHERE X.`col_char_12_key` BETWEEN 2 AND 7 ORDER BY `col_char_12`,`col_char_12_key`,`col_int`,`col_int_key`,`pk` LIMIT 5
		   11 Query	SHOW WARNINGS
		   16 Query	SHOW WARNINGS
		   26 Query	SHOW WARNINGS
		   11 Query	UPDATE LOW_PRIORITY `table0_innodb_int_autoinc` AS X SET `col_char_12_key` = 2780299264 WHERE X.`col_int_key` BETWEEN 98 AND 3453943808 ORDER BY `col_char_12`,`col_char_12_key`,`col_int`,`col_int_key`,`pk` LIMIT 7
		   16 Query	INSERT LOW_PRIORITY INTO `table100_innodb_key_pk_parts_2_int_autoinc` ( `col_int`, `col_char_12` ) VALUES ( 2060910592, 6 ), ( 110, 2467233792 )
		   26 Query	REPLACE LOW_PRIORITY INTO `table0_innodb_key_pk_parts_2_int_autoinc` (`pk`) VALUES (NULL)
		   19 Query	INSERT LOW_PRIORITY INTO `table10_innodb_int_autoinc` ( `col_char_12_key`, `col_char_12` ) VALUES ( 820707328, 1092616192 ), ( 'l', 3659202560 )
150425  6:40:03	   18 Query	SELECT X.`pk` FROM `table1_innodb_key_pk_parts_2_int_autoinc` AS X LEFT JOIN `table0_innodb_int_autoinc` AS Y USING ( `pk` ) WHERE X.`col_char_12_key` < 5 LIMIT 5 LOCK IN SHARE MODE
		   15 Query	UPDATE LOW_PRIORITY IGNORE `table2_innodb_key_pk_parts_2_int_autoinc` AS X SET `col_int` = 'c' WHERE X.`pk` = ( SELECT `col_char_12_key` FROM `table1_innodb_int_autoinc` WHERE `pk` = 128 ) ORDER BY `col_char_12`,`col_char_12_key`,`col_int`,`col_int_key`,`pk` LIMIT 6
		   15 Query	INSERT LOW_PRIORITY INTO `table2_innodb_key_pk_parts_2_int_autoinc` ( `col_char_12` ) SELECT `col_char_12_key` FROM `table2_innodb_key_pk_parts_2_int_autoinc` AS X WHERE X.`col_char_12_key` BETWEEN 2 AND 5 ORDER BY `col_char_12`,`col_char_12_key`,`col_int`,`col_int_key`,`pk` LIMIT 6
		   18 Query	UPDATE LOW_PRIORITY IGNORE `table100_innodb_int_autoinc` AS X SET `col_int_key` = 8 WHERE X.`pk` IN ( 165, 1081933824, 40, 542441472, 183 ) ORDER BY `col_char_12`,`col_char_12_key`,`col_int`,`col_int_key`,`pk` LIMIT 8
		   25 Query	REPLACE LOW_PRIORITY INTO `table0_innodb_int_autoinc` ( `col_char_12_key`, `col_char_12` ) VALUES ( 'v', 'o' ), ( 7, 'y' )
		   18 Query	SELECT X.`col_int_key` FROM `table10_innodb_int_autoinc` AS X WHERE X.`pk` < 'f' LIMIT 6 LOCK IN SHARE MODE
		   18 Query	SHOW WARNINGS
		   18 Query	REPLACE LOW_PRIORITY INTO `table100_innodb_int_autoinc` ( `col_char_12`, `col_int_key` ) VALUES ( 1039138816, 110 ), ( 6, 6 )
		   21 Query	SHOW WARNINGS
		   26 Query	SELECT X.`col_char_12_key` FROM `table100_innodb_key_pk_parts_2_int_autoinc` AS X LEFT JOIN `table10_innodb_int_autoinc` AS Y USING ( `col_int_key` ) LIMIT 6
		   21 Query	INSERT LOW_PRIORITY INTO `table1_innodb_int_autoinc` (`pk`) VALUES (NULL)
		   11 Query	SHOW WARNINGS
		   25 Query	UPDATE LOW_PRIORITY IGNORE `table1_innodb_int_autoinc` AS X SET `col_int_key` = 104 WHERE X.`col_char_12_key` BETWEEN 173 AND 2188050432 ORDER BY `col_char_12`,`col_char_12_key`,`col_int`,`col_int_key`,`pk` LIMIT 6
		   23 Query	SHOW WARNINGS
		   11 Query	SELECT X.`pk` FROM `table100_innodb_int_autoinc` AS X WHERE X.`col_int_key` IN ( 5, 205, 8, 'b', 4 ) LIMIT 6 LOCK IN SHARE MODE
		   23 Query	UPDATE LOW_PRIORITY `table10_innodb_key_pk_parts_2_int_autoinc` AS X SET `col_char_12` = 1015742464 WHERE X.`col_char_12_key` = ( SELECT `pk` FROM `table100_innodb_key_pk_parts_2_int_autoinc` WHERE `pk` = 't' ) ORDER BY `col_char_12`,`col_char_12_key`,`col_int`,`col_int_key`,`pk` LIMIT 7
		   19 Query	UPDATE LOW_PRIORITY IGNORE `table10_innodb_key_pk_parts_2_int_autoinc` AS X SET `col_int_key` = 4 WHERE X.`col_int_key` BETWEEN 203 AND 2116419584 ORDER BY `col_char_12`,`col_char_12_key`,`col_int`,`col_int_key`,`pk` LIMIT 8
		   21 Query	SELECT X.`col_int_key` FROM `table0_innodb_int_autoinc` AS X WHERE X.`col_char_12_key` BETWEEN 4 AND 5 LIMIT 7 LOCK IN SHARE MODE
		   26 Query	UPDATE LOW_PRIORITY `table2_innodb_int_autoinc` AS X SET `col_int_key` = 1373569024 WHERE X.`col_char_12_key` < 107 ORDER BY `col_char_12`,`col_char_12_key`,`col_int`,`col_int_key`,`pk` LIMIT 7
		   21 Query	SELECT X.`pk` FROM `table1_innodb_int_autoinc` AS X WHERE X.`col_int_key` < 'y' LIMIT 7 FOR UPDATE
		   21 Query	SHOW WARNINGS
		   25 Query	DELETE LOW_PRIORITY QUICK FROM `table0_innodb_key_pk_parts_2_int_autoinc` WHERE `col_char_12_key` = 146 ORDER BY `col_char_12`,`col_char_12_key`,`col_int`,`col_int_key`,`pk` LIMIT 3
		   21 Query	SELECT ( SELECT `col_int_key` FROM `table10_innodb_int_autoinc` WHERE `pk` = 3977052160 ) FROM `table0_innodb_int_autoinc` AS X WHERE X.`pk` = ( SELECT `col_char_12_key` FROM `table2_innodb_int_autoinc` WHERE `pk` = 209 ) LIMIT 6
		   19 Query	SHOW WARNINGS
		   20 Query	SHOW WARNINGS
		   19 Query	INSERT LOW_PRIORITY INTO `table2_innodb_int_autoinc` (`pk`) VALUES (NULL)
		   20 Query	REPLACE LOW_PRIORITY INTO `table2_innodb_key_pk_parts_2_int_autoinc` ( `col_int` ) SELECT `col_int_key` FROM `table1_innodb_int_autoinc` AS X ORDER BY `col_char_12`,`col_char_12_key`,`col_int`,`col_int_key`,`pk` LIMIT 6
		   21 Query	DELETE LOW_PRIORITY QUICK FROM `table100_innodb_int_autoinc` WHERE `col_int_key` BETWEEN 4 AND 7 ORDER BY `col_char_12`,`col_char_12_key`,`col_int`,`col_int_key`,`pk` LIMIT 2
		   26 Query	SHOW WARNINGS
		   21 Query	SHOW WARNINGS
		   26 Query	SELECT X.`col_int_key` FROM `table1_innodb_int_autoinc` AS X LEFT JOIN `table1_innodb_key_pk_parts_2_int_autoinc` AS Y USING ( `col_int_key` ) WHERE X.`col_int_key` = ( SELECT `col_int_key` FROM `table10_innodb_int_autoinc` WHERE `pk` = 'w' ) LIMIT 8
		   21 Query	SELECT X.`col_int` FROM `table10_innodb_key_pk_parts_2_int_autoinc` AS X LEFT JOIN `table100_innodb_key_pk_parts_2_int_autoinc` AS Y USING ( `col_char_12_key` ) WHERE X.`col_char_12_key` BETWEEN 2 AND 7 LIMIT 7
		   26 Query	SELECT X.`pk` FROM `table1_innodb_int_autoinc` AS X LEFT JOIN `table1_innodb_key_pk_parts_2_int_autoinc` AS Y USING ( `col_int_key` ) WHERE X.`col_char_12_key` BETWEEN 106 AND 84803584 LIMIT 7
		   21 Query	DELETE LOW_PRIORITY QUICK FROM `table2_innodb_key_pk_parts_2_int_autoinc` WHERE `pk` BETWEEN 2 AND 7 ORDER BY `col_char_12`,`col_char_12_key`,`col_int`,`col_int_key`,`pk` LIMIT 1
		   26 Query	REPLACE LOW_PRIORITY INTO `table0_innodb_key_pk_parts_2_int_autoinc` ( `col_int_key`, `col_int` ) VALUES ( 7, 4 ), ( 'r', 2497118208 )
		   21 Query	SHOW WARNINGS
		   21 Query	DELETE LOW_PRIORITY QUICK FROM `table1_innodb_key_pk_parts_2_int_autoinc` WHERE `col_int_key` BETWEEN 1 AND 8 ORDER BY `col_char_12`,`col_char_12_key`,`col_int`,`col_int_key`,`pk` LIMIT 4
		   21 Query	SHOW WARNINGS
		   21 Query	DELETE LOW_PRIORITY QUICK IGNORE FROM `table100_innodb_key_pk_parts_2_int_autoinc` WHERE `col_char_12_key` = 'o' ORDER BY `col_char_12`,`col_char_12_key`,`col_int`,`col_int_key`,`pk` LIMIT 4
		   21 Query	SHOW WARNINGS
		   21 Query	UPDATE LOW_PRIORITY IGNORE `table10_innodb_key_pk_parts_2_int_autoinc` AS X SET `col_char_12` = 'u' WHERE X.`col_int_key` < 115 ORDER BY `col_char_12`,`col_char_12_key`,`col_int`,`col_int_key`,`pk` LIMIT 6
		   23 Query	SHOW WARNINGS
		   23 Query	SET AUTOCOMMIT=ON
		   23 Query	UPDATE LOW_PRIORITY `table2_innodb_key_pk_parts_2_int_autoinc` AS X SET `col_char_12_key` = 'n' WHERE X.`col_char_12_key` BETWEEN 1 AND 6 ORDER BY `col_char_12`,`col_char_12_key`,`col_int`,`col_int_key`,`pk` LIMIT 7
		   21 Query	SHOW WARNINGS
		   21 Query	UPDATE LOW_PRIORITY IGNORE `table1_innodb_int_autoinc` AS X SET `col_int` = 'b' WHERE X.`col_int_key` BETWEEN 121 AND 1522466816 ORDER BY `col_char_12`,`col_char_12_key`,`col_int`,`col_int_key`,`pk` LIMIT 8
		   20 Query	UPDATE LOW_PRIORITY `table10_innodb_key_pk_parts_2_int_autoinc` AS X SET `col_int` = 2818310144 WHERE X.`col_int_key` IN ( 147, 4, 112, 4, 977534976 ) ORDER BY `col_char_12`,`col_char_12_key`,`col_int`,`col_int_key`,`pk` LIMIT 7
		   21 Query	SHOW WARNINGS
		   21 Query	UPDATE LOW_PRIORITY `table10_innodb_key_pk_parts_2_int_autoinc` AS X SET `col_int_key` = 318373888 WHERE X.`col_int_key` IN ( 2, 3014524928, 'f', 75, 6 ) ORDER BY `col_char_12`,`col_char_12_key`,`col_int`,`col_int_key`,`pk` LIMIT 8
		   21 Query	SHOW WARNINGS
		   21 Query	REPLACE LOW_PRIORITY INTO `table10_innodb_int_autoinc` ( `col_char_12`, `col_int_key` ) VALUES ( 4, 5 ), ( 's', 244 )
		   21 Query	SELECT X.`pk` FROM `table1_innodb_int_autoinc` AS X WHERE X.`pk` BETWEEN 4 AND 7 LIMIT 7 LOCK IN SHARE MODE
		   21 Query	UPDATE LOW_PRIORITY `table10_innodb_int_autoinc` AS X SET `col_int` = 2706178048 WHERE X.`col_int_key` = ( SELECT `pk` FROM `table0_innodb_key_pk_parts_2_int_autoinc` WHERE `pk` = 3 ) ORDER BY `col_char_12`,`col_char_12_key`,`col_int`,`col_int_key`,`pk` LIMIT 7
		   21 Query	INSERT LOW_PRIORITY INTO `table10_innodb_key_pk_parts_2_int_autoinc` (`pk`) VALUES (NULL)
		   21 Query	SELECT X.`pk` FROM `table2_innodb_key_pk_parts_2_int_autoinc` AS X WHERE X.`col_char_12_key` BETWEEN 120 AND 297664512 LIMIT 6
		   17 Query	FLUSH TABLE table0_innodb_int_autoinc FOR EXPORT
		   21 Query	DELETE LOW_PRIORITY QUICK FROM `table10_innodb_int_autoinc` ORDER BY `col_char_12`,`col_char_12_key`,`col_int`,`col_int_key`,`pk` LIMIT 1
		   18 Query	DELETE LOW_PRIORITY QUICK IGNORE FROM `table2_innodb_key_pk_parts_2_int_autoinc` WHERE `col_char_12_key` = 196 ORDER BY `col_char_12`,`col_char_12_key`,`col_int`,`col_int_key`,`pk` LIMIT 3
		   21 Query	SHOW WARNINGS
		   21 Query	UPDATE LOW_PRIORITY IGNORE `table100_innodb_int_autoinc` AS X SET `col_int` = 89 WHERE X.`pk` < 175 ORDER BY `col_char_12`,`col_char_12_key`,`col_int`,`col_int_key`,`pk` LIMIT 5
		   21 Query	SHOW WARNINGS
		   21 Query	UPDATE LOW_PRIORITY IGNORE `table100_innodb_int_autoinc` AS X SET `col_int` = 3585736704 ORDER BY `col_char_12`,`col_char_12_key`,`col_int`,`col_int_key`,`pk` LIMIT 6
		   21 Query	SHOW WARNINGS
150425  6:40:04	   21 Query	DELETE LOW_PRIORITY FROM `table1_innodb_key_pk_parts_2_int_autoinc` ORDER BY `col_char_12`,`col_char_12_key`,`col_int`,`col_int_key`,`pk` LIMIT 3
		   21 Query	SHOW WARNINGS
		   21 Query	REPLACE LOW_PRIORITY INTO `table2_innodb_key_pk_parts_2_int_autoinc` ( `col_int_key` ) SELECT `col_int_key` FROM `table100_innodb_key_pk_parts_2_int_autoinc` AS X WHERE X.`col_int_key` < 592117760 ORDER BY `col_char_12`,`col_char_12_key`,`col_int`,`col_int_key`,`pk` LIMIT 7
		   21 Query	SHOW WARNINGS
		   21 Query	SELECT X.`col_char_12_key` FROM `table10_innodb_key_pk_parts_2_int_autoinc` AS X LEFT JOIN `table1_innodb_int_autoinc` AS Y USING ( `pk` ) WHERE X.`col_char_12_key` BETWEEN 48 AND 2399928320 LIMIT 7
		   22 Query	INSERT LOW_PRIORITY INTO `table10_innodb_key_pk_parts_2_int_autoinc` ( `col_int_key`, `col_int` ) VALUES ( 7, 3206152192 ), ( 113, 2 )
		   21 Query	SELECT X.`pk` FROM `table1_innodb_int_autoinc` AS X LEFT JOIN `table100_innodb_int_autoinc` AS Y USING ( `col_char_12_key` ) WHERE X.`col_char_12_key` = ( SELECT `col_int_key` FROM `table10_innodb_key_pk_parts_2_int_autoinc` WHERE `pk` = 69 ) LIMIT 6
		   21 Query	DELETE LOW_PRIORITY QUICK FROM `table1_innodb_key_pk_parts_2_int_autoinc` WHERE `pk` IN ( 1276248064, 'm', 1635516416, 'y', 24 ) ORDER BY `col_char_12`,`col_char_12_key`,`col_int`,`col_int_key`,`pk` LIMIT 1
		   21 Query	SHOW WARNINGS
		   21 Query	UPDATE LOW_PRIORITY IGNORE `table0_innodb_key_pk_parts_2_int_autoinc` AS X SET `col_int` = 'e' WHERE X.`col_int_key` BETWEEN 4 AND 6 ORDER BY `col_char_12`,`col_char_12_key`,`col_int`,`col_int_key`,`pk` LIMIT 7
		   21 Query	SHOW WARNINGS
		   21 Query	UPDATE LOW_PRIORITY IGNORE `table2_innodb_key_pk_parts_2_int_autoinc` AS X SET `col_char_12` = 7 WHERE X.`col_char_12_key` = ( SELECT `col_int_key` FROM `table1_innodb_key_pk_parts_2_int_autoinc` WHERE `pk` = 1 ) ORDER BY `col_char_12`,`col_char_12_key`,`col_int`,`col_int_key`,`pk` LIMIT 8
		   21 Query	SHOW WARNINGS
		   21 Query	INSERT LOW_PRIORITY IGNORE INTO `table0_innodb_int_autoinc` (`pk`) VALUES (NULL)
		   17 Query	UNLOCK TABLES
		   17 Query	SET GLOBAL use_stat_tables = PREFERABLY
		   21 Query	SELECT X.`pk` FROM `table1_innodb_key_pk_parts_2_int_autoinc` AS X WHERE X.`col_int_key` BETWEEN 158 AND 591527936 LIMIT 7 FOR UPDATE
		   17 Query	FLUSH TABLE table1_innodb_int_autoinc FOR EXPORT
		   21 Query	UPDATE LOW_PRIORITY IGNORE `table10_innodb_key_pk_parts_2_int_autoinc` AS X SET `col_char_12_key` = 'x' WHERE X.`pk` = ( SELECT `col_char_12_key` FROM `table1_innodb_int_autoinc` WHERE `pk` = 'z' ) ORDER BY `col_char_12`,`col_char_12_key`,`col_int`,`col_int_key`,`pk` LIMIT 6
		   21 Query	SELECT X.`pk` FROM `table1_innodb_key_pk_parts_2_int_autoinc` AS X LIMIT 5
		   21 Query	DELETE LOW_PRIORITY FROM `table2_innodb_int_autoinc` ORDER BY `col_char_12`,`col_char_12_key`,`col_int`,`col_int_key`,`pk` LIMIT 2
		   21 Query	SHOW WARNINGS
		   19 Query	DELETE LOW_PRIORITY QUICK FROM `table10_innodb_key_pk_parts_2_int_autoinc` WHERE `col_char_12_key` BETWEEN 1 AND 5 ORDER BY `col_char_12`,`col_char_12_key`,`col_int`,`col_int_key`,`pk` LIMIT 3
		   21 Query	DELETE LOW_PRIORITY IGNORE FROM `table10_innodb_int_autoinc` WHERE `col_char_12_key` = 171 ORDER BY `col_char_12`,`col_char_12_key`,`col_int`,`col_int_key`,`pk` LIMIT 2
		   21 Query	SHOW WARNINGS
		   21 Query	INSERT LOW_PRIORITY IGNORE INTO `table0_innodb_key_pk_parts_2_int_autoinc` (`pk`) VALUES (NULL)
150425  6:40:12	   65 Connect	root@localhost as anonymous on test
		   65 Query	set autocommit=1
		   65 Query	SHOW FULL PROCESSLIST
		   65 Quit	
		   66 Connect	root@localhost as anonymous on test
		   66 Query	set autocommit=1
		   66 Query	SHOW FULL PROCESSLIST
		   66 Quit	
150425  6:40:22	   67 Connect	root@localhost as anonymous on test
		   67 Query	set autocommit=1
		   67 Query	SHOW FULL PROCESSLIST
		   67 Quit	
		   68 Connect	root@localhost as anonymous on test
		   68 Query	set autocommit=1
		   68 Query	SHOW FULL PROCESSLIST
		   68 Quit	
150425  6:40:32	   69 Connect	root@localhost as anonymous on test
		   69 Query	set autocommit=1
		   69 Query	SHOW FULL PROCESSLIST
		   69 Query	KILL QUERY 11
		   69 Query	KILL QUERY 12
		   69 Query	KILL QUERY 13
		   69 Query	KILL QUERY 14
		   69 Query	KILL QUERY 15
		   11 Query	SELECT X.`col_char_12_key` FROM `table10_innodb_int_autoinc` AS X LIMIT 6
		   69 Query	KILL QUERY 16
		   12 Query	DELETE LOW_PRIORITY FROM `table10_innodb_key_pk_parts_2_int_autoinc` WHERE `pk` BETWEEN 4 AND 8 ORDER BY `col_char_12`,`col_char_12_key`,`col_int`,`col_int_key`,`pk` LIMIT 1
		   13 Query	REPLACE LOW_PRIORITY INTO `table2_innodb_int_autoinc` ( `col_int_key`, `col_char_12_key` ) VALUES ( 5, 8 ), ( 8, 'z' )
		   16 Query	UPDATE LOW_PRIORITY `table10_innodb_int_autoinc` AS X SET `col_char_12_key` = 7 WHERE X.`col_int_key` BETWEEN 74 AND 2033844224 ORDER BY `col_char_12`,`col_char_12_key`,`col_int`,`col_int_key`,`pk` LIMIT 6
		   15 Query	DELETE LOW_PRIORITY IGNORE FROM `table10_innodb_key_pk_parts_2_int_autoinc` WHERE `col_int_key` BETWEEN 3 AND 6 ORDER BY `col_char_12`,`col_char_12_key`,`col_int`,`col_int_key`,`pk` LIMIT 1
		   11 Query	ROLLBACK TO SAVEPOINT A
		   69 Query	KILL QUERY 17
		   69 Query	KILL QUERY 18
		   14 Query	EXPLAIN EXTENDED SELECT X.`pk` FROM `table100_innodb_key_pk_parts_2_int_autoinc` AS X LEFT JOIN `table100_innodb_int_autoinc` AS Y USING ( `col_char_12_key` ) WHERE X.`col_int_key` = ( SELECT `col_char_12_key` FROM `table100_innodb_int_autoinc` WHERE `pk` = 3239444480 ) LIMIT 8
		   11 Query	UPDATE LOW_PRIORITY `table1_innodb_int_autoinc` AS X SET `col_char_12` = 30 WHERE X.`col_char_12_key` < 216 ORDER BY `col_char_12`,`col_char_12_key`,`col_int`,`col_int_key`,`pk` LIMIT 6
		   17 Query	UNLOCK TABLES
		   18 Query	DELETE LOW_PRIORITY IGNORE FROM `table1_innodb_int_autoinc` WHERE `pk` IN ( SELECT `pk` FROM `table1_innodb_int_autoinc` WHERE `pk` = 1568931840 ) ORDER BY `col_char_12`,`col_char_12_key`,`col_int`,`col_int_key`,`pk` LIMIT 1
		   69 Query	KILL QUERY 19
		   69 Query	KILL QUERY 20
		   69 Query	KILL QUERY 21
		   69 Query	KILL QUERY 22
		   14 Query	EXPLAIN REPLACE LOW_PRIORITY INTO `table1_innodb_key_pk_parts_2_int_autoinc` ( `col_int` ) SELECT `col_char_12_key` FROM `table2_innodb_int_autoinc` AS X WHERE X.`col_char_12_key` BETWEEN 2 AND 6 ORDER BY `col_char_12`,`col_char_12_key`,`col_int`,`col_int_key`,`pk` LIMIT 8
		   22 Query	SELECT X.`pk` FROM `table10_innodb_int_autoinc` AS X WHERE X.`pk` = ( SELECT `col_char_12_key` FROM `table100_innodb_key_pk_parts_2_int_autoinc` WHERE `pk` = 78 ) LIMIT 5
		   20 Query	SELECT X.`col_int_key` FROM `table10_innodb_int_autoinc` AS X WHERE X.`col_char_12_key` = ( SELECT `col_char_12_key` FROM `table0_innodb_key_pk_parts_2_int_autoinc` WHERE `pk` = 124 ) LIMIT 6
		   19 Query	UPDATE LOW_PRIORITY `table0_innodb_key_pk_parts_2_int_autoinc` AS X SET `col_char_12_key` = 740884480 WHERE X.`col_int_key` BETWEEN 115 AND 3674079232 ORDER BY `col_char_12`,`col_char_12_key`,`col_int`,`col_int_key`,`pk` LIMIT 5
		   18 Query	DELETE LOW_PRIORITY IGNORE FROM `table100_innodb_int_autoinc` WHERE `col_char_12_key` IN ( SELECT `pk` FROM `table1_innodb_key_pk_parts_2_int_autoinc` WHERE `pk` = 2015494144 ) ORDER BY `col_char_12`,`col_char_12_key`,`col_int`,`col_int_key`,`pk` LIMIT 4
		   14 Query	ANALYZE TABLE `table10_innodb_int_autoinc` PERSISTENT FOR COLUMNS ( ) INDEXES ALL
		   17 Query	EXPLAIN UPDATE LOW_PRIORITY `table2_innodb_key_pk_parts_2_int_autoinc` AS X SET `col_int` = 'm' ORDER BY `col_char_12`,`col_char_12_key`,`col_int`,`col_int_key`,`pk` LIMIT 7
		   22 Query	INSERT LOW_PRIORITY INTO `table10_innodb_int_autoinc` ( `col_int_key`, `col_int_key` ) VALUES ( 1921449984, 'r' ), ( 162, 4 )
		   20 Query	SELECT * FROM `table0_innodb_int_autoinc` AS X LEFT JOIN `table1_innodb_key_pk_parts_2_int_autoinc` AS Y USING ( `col_int_key` ) WHERE X.`pk` IN ( 2688679936, 92, 2235105280, 190, 133 ) LIMIT 6
		   69 Query	KILL QUERY 23
		   69 Query	KILL QUERY 24
		   22 Query	UPDATE LOW_PRIORITY `table0_innodb_int_autoinc` AS X SET `col_int_key` = 120 WHERE X.`col_int_key` BETWEEN 1 AND 8 ORDER BY `col_char_12`,`col_char_12_key`,`col_int`,`col_int_key`,`pk` LIMIT 5
		   24 Query	UPDATE LOW_PRIORITY `table0_innodb_int_autoinc` AS X SET `col_char_12` = 26017792 WHERE X.`col_char_12_key` BETWEEN 4 AND 6 ORDER BY `col_char_12`,`col_char_12_key`,`col_int`,`col_int_key`,`pk` LIMIT 7
		   23 Query	SELECT X.`col_int_key` FROM `table2_innodb_int_autoinc` AS X LEFT JOIN `table1_innodb_int_autoinc` AS Y USING ( `col_int_key` ) WHERE X.`pk` BETWEEN 1 AND 5 LIMIT 6 FOR UPDATE
		   69 Query	KILL QUERY 25
		   69 Query	KILL QUERY 26
		   20 Query	INSERT LOW_PRIORITY INTO `table1_innodb_int_autoinc` (`pk`) VALUES (NULL)
		   69 Quit	
		   26 Query	SHOW WARNINGS
		   70 Connect	root@localhost as anonymous on test
		   25 Query	INSERT LOW_PRIORITY INTO `table0_innodb_key_pk_parts_2_int_autoinc` ( `col_char_12_key` ) SELECT `col_char_12_key` FROM `table10_innodb_key_pk_parts_2_int_autoinc` AS X ORDER BY `col_char_12`,`col_char_12_key`,`col_int`,`col_int_key`,`pk` LIMIT 7
		   70 Query	set autocommit=1
		   26 Query	INSERT LOW_PRIORITY INTO `table1_innodb_int_autoinc` (`pk`) VALUES (NULL)
		   70 Query	SHOW FULL PROCESSLIST
		   21 Query	DELETE LOW_PRIORITY QUICK IGNORE FROM `table0_innodb_int_autoinc` WHERE `pk` BETWEEN 2 AND 8 ORDER BY `col_char_12`,`col_char_12_key`,`col_int`,`col_int_key`,`pk` LIMIT 1
		   70 Quit	
		   21 Query	SHOW WARNINGS
		   24 Query	SELECT ( SELECT `col_int_key` FROM `table10_innodb_key_pk_parts_2_int_autoinc` WHERE `pk` = 100 ) FROM `table10_innodb_key_pk_parts_2_int_autoinc` AS X LIMIT 7 LOCK IN SHARE MODE
		   21 Query	UPDATE LOW_PRIORITY IGNORE `table100_innodb_int_autoinc` AS X SET `col_char_12` = 'v' WHERE X.`col_char_12_key` BETWEEN 244 AND 3093364736 ORDER BY `col_char_12`,`col_char_12_key`,`col_int`,`col_int_key`,`pk` LIMIT 5
		   24 Query	UPDATE LOW_PRIORITY IGNORE `table10_innodb_int_autoinc` AS X SET `col_int_key` = 96 ORDER BY `col_char_12`,`col_char_12_key`,`col_int`,`col_int_key`,`pk` LIMIT 5
		   21 Query	SHOW WARNINGS
		   21 Query	UPDATE LOW_PRIORITY IGNORE `table1_innodb_key_pk_parts_2_int_autoinc` AS X SET `col_char_12_key` = 4 WHERE X.`col_char_12_key` BETWEEN 1 AND 5 ORDER BY `col_char_12`,`col_char_12_key`,`col_int`,`col_int_key`,`pk` LIMIT 5
		   21 Query	SHOW WARNINGS
		   21 Query	DELETE LOW_PRIORITY FROM `table1_innodb_int_autoinc` WHERE `col_int_key` BETWEEN 3 AND 7 ORDER BY `col_char_12`,`col_char_12_key`,`col_int`,`col_int_key`,`pk` LIMIT 3
		   21 Query	SHOW WARNINGS
		   21 Query	REPLACE LOW_PRIORITY INTO `table2_innodb_key_pk_parts_2_int_autoinc` ( `col_int` ) SELECT `pk` FROM `table0_innodb_key_pk_parts_2_int_autoinc` AS X WHERE X.`pk` IN ( 3514826752, 'y', 7, 2568093696, 'n' ) ORDER BY `col_char_12`,`col_char_12_key`,`col_int`,`col_int_key`,`pk` LIMIT 7
		   17 Query	FLUSH TABLE table10_innodb_int_autoinc, table1_innodb_key_pk_parts_2_int_autoinc, table100_innodb_int_autoinc, table0_innodb_int_autoinc FOR EXPORT
		   21 Query	SHOW WARNINGS
		   21 Query	REPLACE LOW_PRIORITY INTO `table2_innodb_key_pk_parts_2_int_autoinc` ( `col_int_key`, `col_int` ) VALUES ( 8, 999030784 ), ( 2760376320, 'u' )
		   21 Query	SHOW WARNINGS
		   21 Query	COMMIT
		   22 Query	SHOW WARNINGS
		   12 Query	SHOW WARNINGS
		   12 Query	SELECT X.`pk` FROM `table1_innodb_int_autoinc` AS X WHERE X.`col_int_key` BETWEEN 1 AND 7 LIMIT 7 LOCK IN SHARE MODE
		   23 Query	UPDATE LOW_PRIORITY `table10_innodb_int_autoinc` AS X SET `col_char_12` = 0 WHERE X.`pk` IN ( 5, 8, 's', 5, 47 ) ORDER BY `col_char_12`,`col_char_12_key`,`col_int`,`col_int_key`,`pk` LIMIT 7
		   22 Query	UPDATE LOW_PRIORITY IGNORE `table1_innodb_key_pk_parts_2_int_autoinc` AS X SET `col_char_12` = 'v' WHERE X.`col_char_12_key` BETWEEN 109 AND 2174418944 ORDER BY `col_char_12`,`col_char_12_key`,`col_int`,`col_int_key`,`pk` LIMIT 5
		   12 Query	REPLACE LOW_PRIORITY INTO `table100_innodb_key_pk_parts_2_int_autoinc` (`pk`) VALUES (NULL)
		   18 Query	SHOW WARNINGS
		   21 Query	SET TRANSACTION ISOLATION LEVEL SERIALIZABLE
		   21 Query	INSERT LOW_PRIORITY IGNORE INTO `table100_innodb_int_autoinc` (`pk`) VALUES (NULL)
		   18 Query	UPDATE LOW_PRIORITY IGNORE `table100_innodb_key_pk_parts_2_int_autoinc` AS X SET `col_char_12` = 1833566208 WHERE X.`pk` = ( SELECT `pk` FROM `table1_innodb_key_pk_parts_2_int_autoinc` WHERE `pk` = 7 ) ORDER BY `col_char_12`,`col_char_12_key`,`col_int`,`col_int_key`,`pk` LIMIT 5
		   20 Query	INSERT LOW_PRIORITY IGNORE INTO `table1_innodb_int_autoinc` (`pk`) VALUES (NULL)
		   15 Query	SHOW WARNINGS
		   16 Query	SHOW WARNINGS
		   13 Query	DELETE LOW_PRIORITY FROM `table10_innodb_key_pk_parts_2_int_autoinc` ORDER BY `col_char_12`,`col_char_12_key`,`col_int`,`col_int_key`,`pk` LIMIT 2
		   19 Query	SHOW WARNINGS
		   18 Query	SHOW WARNINGS
		   26 Query	DELETE LOW_PRIORITY QUICK IGNORE FROM `table0_innodb_int_autoinc` WHERE `pk` = 3403284480 ORDER BY `col_char_12`,`col_char_12_key`,`col_int`,`col_int_key`,`pk` LIMIT 4
		   16 Query	DELETE LOW_PRIORITY QUICK FROM `table100_innodb_key_pk_parts_2_int_autoinc` WHERE `col_char_12_key` BETWEEN 4 AND 7 ORDER BY `col_char_12`,`col_char_12_key`,`col_int`,`col_int_key`,`pk` LIMIT 3
		   15 Query	DELETE LOW_PRIORITY QUICK IGNORE FROM `table1_innodb_key_pk_parts_2_int_autoinc` WHERE `col_int_key` BETWEEN 2 AND 6 ORDER BY `col_char_12`,`col_char_12_key`,`col_int`,`col_int_key`,`pk` LIMIT 1
		   22 Query	SHOW WARNINGS
		   19 Query	UPDATE LOW_PRIORITY IGNORE `table0_innodb_int_autoinc` AS X SET `col_char_12_key` = 0 WHERE X.`col_int_key` BETWEEN 243 AND 777322496 ORDER BY `col_char_12`,`col_char_12_key`,`col_int`,`col_int_key`,`pk` LIMIT 5
		   12 Query	DELETE LOW_PRIORITY QUICK IGNORE FROM `table100_innodb_int_autoinc` WHERE `col_int_key` IN ( SELECT `col_int_key` FROM `table10_innodb_int_autoinc` WHERE `pk` = 114 ) ORDER BY `col_char_12`,`col_char_12_key`,`col_int`,`col_int_key`,`pk` LIMIT 1
		   18 Query	INSERT LOW_PRIORITY INTO `table2_innodb_int_autoinc` (`pk`) VALUES (NULL)
		   22 Query	UPDATE LOW_PRIORITY `table100_innodb_int_autoinc` AS X SET `col_char_12_key` = 3565092864 WHERE X.`col_char_12_key` = ( SELECT `col_char_12_key` FROM `table100_innodb_key_pk_parts_2_int_autoinc` WHERE `pk` = 'z' ) ORDER BY `col_char_12`,`col_char_12_key`,`col_int`,`col_int_key`,`pk` LIMIT 5
		   18 Query	UPDATE LOW_PRIORITY IGNORE `table10_innodb_key_pk_parts_2_int_autoinc` AS X SET `col_char_12` = 1 ORDER BY `col_char_12`,`col_char_12_key`,`col_int`,`col_int_key`,`pk` LIMIT 7
		   15 Query	SHOW WARNINGS
		   15 Query	ROLLBACK TO SAVEPOINT A
		   20 Query	DELETE LOW_PRIORITY IGNORE FROM `table0_innodb_int_autoinc` WHERE `col_int_key` BETWEEN 1 AND 8 ORDER BY `col_char_12`,`col_char_12_key`,`col_int`,`col_int_key`,`pk` LIMIT 1
		   15 Query	INSERT LOW_PRIORITY IGNORE INTO `table10_innodb_key_pk_parts_2_int_autoinc` ( `col_int` ) SELECT `col_int_key` FROM `table1_innodb_int_autoinc` AS X ORDER BY `col_char_12`,`col_char_12_key`,`col_int`,`col_int_key`,`pk` LIMIT 7
		   25 Query	SHOW WARNINGS
		   24 Query	SHOW WARNINGS
		   24 Query	DELETE LOW_PRIORITY IGNORE FROM `table0_innodb_key_pk_parts_2_int_autoinc` WHERE `pk` = 2499674112 ORDER BY `col_char_12`,`col_char_12_key`,`col_int`,`col_int_key`,`pk` LIMIT 2
		   25 Query	SELECT X.`pk` FROM `table0_innodb_key_pk_parts_2_int_autoinc` AS X WHERE X.`col_char_12_key` = ( SELECT `col_int_key` FROM `table10_innodb_int_autoinc` WHERE `pk` = 2328428544 ) LIMIT 7
		   25 Query	SELECT X.`col_char_12_key` FROM `table10_innodb_key_pk_parts_2_int_autoinc` AS X LEFT JOIN `table10_innodb_key_pk_parts_2_int_autoinc` AS Y USING ( `pk` ) WHERE X.`col_char_12_key` = ( SELECT `col_int_key` FROM `table2_innodb_key_pk_parts_2_int_autoinc` WHERE `pk` = 963313664 ) LIMIT 7
		   25 Query	SELECT * FROM `table100_innodb_key_pk_parts_2_int_autoinc` AS X WHERE X.`pk` < 7 LIMIT 8
		   25 Query	UPDATE LOW_PRIORITY IGNORE `table100_innodb_int_autoinc` AS X SET `col_char_12` = 'z' ORDER BY `col_char_12`,`col_char_12_key`,`col_int`,`col_int_key`,`pk` LIMIT 8
		   24 Query	SHOW WARNINGS
		   11 Query	SHOW WARNINGS
		   24 Query	UPDATE LOW_PRIORITY `table2_innodb_key_pk_parts_2_int_autoinc` AS X SET `col_char_12` = 138 WHERE X.`col_char_12_key` IN ( 2354380800, 241, 'h', 604766208, 91 ) ORDER BY `col_char_12`,`col_char_12_key`,`col_int`,`col_int_key`,`pk` LIMIT 8
		   11 Query	DELETE LOW_PRIORITY IGNORE FROM `table100_innodb_key_pk_parts_2_int_autoinc` WHERE `col_char_12_key` IN ( SELECT `col_char_12_key` FROM `table10_innodb_key_pk_parts_2_int_autoinc` WHERE `pk` = 219 ) ORDER BY `col_char_12`,`col_char_12_key`,`col_int`,`col_int_key`,`pk` LIMIT 3
150425  6:40:33	   13 Query	SHOW WARNINGS
		   24 Query	SHOW WARNINGS
		   13 Query	SELECT X.`pk` FROM `table1_innodb_int_autoinc` AS X WHERE X.`col_int_key` < 'f' LIMIT 6 FOR UPDATE
		   24 Query	DELETE LOW_PRIORITY QUICK IGNORE FROM `table2_innodb_key_pk_parts_2_int_autoinc` ORDER BY `col_char_12`,`col_char_12_key`,`col_int`,`col_int_key`,`pk` LIMIT 2
		   16 Query	UPDATE LOW_PRIORITY `table1_innodb_key_pk_parts_2_int_autoinc` AS X SET `col_int_key` = 3 WHERE X.`col_int_key` < 2910126080 ORDER BY `col_char_12`,`col_char_12_key`,`col_int`,`col_int_key`,`pk` LIMIT 5
		   13 Query	SHOW WARNINGS
		   11 Query	DELETE LOW_PRIORITY QUICK FROM `table2_innodb_key_pk_parts_2_int_autoinc` WHERE `col_int_key` BETWEEN 3 AND 8 ORDER BY `col_char_12`,`col_char_12_key`,`col_int`,`col_int_key`,`pk` LIMIT 1
		   13 Query	DELETE LOW_PRIORITY FROM `table100_innodb_int_autoinc` WHERE `col_char_12_key` BETWEEN 2 AND 8 ORDER BY `col_char_12`,`col_char_12_key`,`col_int`,`col_int_key`,`pk` LIMIT 4
		   18 Query	SHOW WARNINGS
		   18 Query	REPLACE LOW_PRIORITY INTO `table0_innodb_key_pk_parts_2_int_autoinc` ( `col_char_12_key`, `col_char_12_key` ) VALUES ( 4, 4002676736 ), ( 'e', 1035272192 )
		   18 Query	DELETE LOW_PRIORITY IGNORE FROM `table1_innodb_key_pk_parts_2_int_autoinc` WHERE `col_char_12_key` = 1 ORDER BY `col_char_12`,`col_char_12_key`,`col_int`,`col_int_key`,`pk` LIMIT 2
		   15 Query	REPLACE LOW_PRIORITY INTO `table1_innodb_int_autoinc` (`pk`) VALUES (NULL)
		   14 Query	LOCK TABLE `create_or_replace_tmp` WRITE, `table100_innodb_int_autoinc` READ
		   14 Query	CREATE OR REPLACE TABLE `create_or_replace_tmp` LIKE `table0_innodb_int_autoinc`
		   14 Query	INSERT INTO `create_or_replace_tmp` SELECT * FROM `table2_innodb_int_autoinc`
		   14 Query	UNLOCK TABLES
		   14 Query	EXPLAIN INSERT LOW_PRIORITY INTO `table0_innodb_int_autoinc` ( `col_char_12_key`, `col_char_12_key` ) VALUES ( 2, 0 ), ( 1385627648, 'j' )
		   24 Query	SHOW WARNINGS
		   16 Query	SHOW WARNINGS
		   24 Query	UPDATE LOW_PRIORITY IGNORE `table10_innodb_key_pk_parts_2_int_autoinc` AS X SET `col_int` = 560988160 WHERE X.`col_int_key` BETWEEN 1 AND 5 ORDER BY `col_char_12`,`col_char_12_key`,`col_int`,`col_int_key`,`pk` LIMIT 7
		   16 Query	SELECT X.`col_int_key` FROM `table100_innodb_key_pk_parts_2_int_autoinc` AS X WHERE X.`col_char_12_key` = ( SELECT `pk` FROM `table10_innodb_int_autoinc` WHERE `pk` = 4 ) LIMIT 5
		   18 Query	SHOW WARNINGS
		   18 Query	SELECT X.`col_char_12_key` FROM `table100_innodb_key_pk_parts_2_int_autoinc` AS X LIMIT 5
		   18 Query	UPDATE LOW_PRIORITY `table0_innodb_key_pk_parts_2_int_autoinc` AS X SET `col_char_12_key` = 241 WHERE X.`col_int_key` BETWEEN 33 AND 1195704320 ORDER BY `col_char_12`,`col_char_12_key`,`col_int`,`col_int_key`,`pk` LIMIT 6
		   18 Query	SHOW WARNINGS
		   18 Query	DELETE LOW_PRIORITY QUICK FROM `table100_innodb_key_pk_parts_2_int_autoinc` WHERE `pk` = 0 ORDER BY `col_char_12`,`col_char_12_key`,`col_int`,`col_int_key`,`pk` LIMIT 2
		   18 Query	SHOW WARNINGS
		   18 Query	SET AUTOCOMMIT=ON
		   11 Query	SHOW WARNINGS
		   23 Query	SHOW WARNINGS
		   11 Query	INSERT LOW_PRIORITY INTO `table2_innodb_int_autoinc` (`pk`) VALUES (NULL)
		   15 Query	SELECT X.`col_char_12` FROM `table10_innodb_int_autoinc` AS X LEFT JOIN `table0_innodb_int_autoinc` AS Y USING ( `col_char_12_key` ) WHERE X.`col_int_key` IN ( 6, 'z', 2, 1, 2243428352 ) LIMIT 5
		   18 Query	INSERT LOW_PRIORITY IGNORE INTO `table1_innodb_int_autoinc` ( `col_int_key` ) SELECT `pk` FROM `table2_innodb_int_autoinc` AS X WHERE X.`pk` IN ( 128, 174, 2249719808, 223346688, 'f' ) ORDER BY `col_char_12`,`col_char_12_key`,`col_int`,`col_int_key`,`pk` LIMIT 6
		   23 Query	UPDATE LOW_PRIORITY `table0_innodb_key_pk_parts_2_int_autoinc` AS X SET `col_int` = 625344512 WHERE X.`pk` < 164 ORDER BY `col_char_12`,`col_char_12_key`,`col_int`,`col_int_key`,`pk` LIMIT 7
		   15 Query	UPDATE LOW_PRIORITY `table10_innodb_key_pk_parts_2_int_autoinc` AS X SET `col_int_key` = 2 WHERE X.`pk` BETWEEN 2 AND 6 ORDER BY `col_char_12`,`col_char_12_key`,`col_int`,`col_int_key`,`pk` LIMIT 5
		   16 Query	UPDATE LOW_PRIORITY IGNORE `table0_innodb_key_pk_parts_2_int_autoinc` AS X SET `col_char_12_key` = 87 WHERE X.`col_int_key` < 5 ORDER BY `col_char_12`,`col_char_12_key`,`col_int`,`col_int_key`,`pk` LIMIT 8
		   24 Query	SHOW WARNINGS
		   15 Query	SHOW WARNINGS
		   18 Query	SHOW WARNINGS
		   11 Query	REPLACE LOW_PRIORITY INTO `table1_innodb_int_autoinc` ( `col_char_12`, `col_int_key` ) VALUES ( 'r', 433520640 ), ( 'f', 58 )
		   23 Query	SHOW WARNINGS
		   18 Query	DELETE LOW_PRIORITY IGNORE FROM `table100_innodb_key_pk_parts_2_int_autoinc` WHERE `col_int_key` IN ( 2453995520, 970129408, 3377397760, 'q', 3 ) ORDER BY `col_char_12`,`col_char_12_key`,`col_int`,`col_int_key`,`pk` LIMIT 3
		   23 Query	UPDATE LOW_PRIORITY `table2_innodb_int_autoinc` AS X SET `col_char_12` = 188 WHERE X.`pk` BETWEEN 1 AND 5 ORDER BY `col_char_12`,`col_char_12_key`,`col_int`,`col_int_key`,`pk` LIMIT 6
		   15 Query	INSERT LOW_PRIORITY INTO `table100_innodb_key_pk_parts_2_int_autoinc` ( `col_int_key`, `col_int_key` ) VALUES ( 'l', 206 ), ( 144, 3031236608 )
		   15 Query	SELECT X.`pk` FROM `table1_innodb_int_autoinc` AS X WHERE X.`col_int_key` BETWEEN 222 AND 2019950592 LIMIT 7
		   24 Query	SELECT ( SELECT `col_char_12_key` FROM `table1_innodb_int_autoinc` WHERE `pk` = 2 ) FROM `table10_innodb_key_pk_parts_2_int_autoinc` AS X WHERE X.`col_int_key` = ( SELECT `col_char_12_key` FROM `table100_innodb_int_autoinc` WHERE `pk` = 6 ) LIMIT 7
		   24 Query	INSERT LOW_PRIORITY INTO `table0_innodb_int_autoinc` (`pk`) VALUES (NULL)
		   15 Query	ROLLBACK TO SAVEPOINT A
		   15 Query	UPDATE LOW_PRIORITY `table2_innodb_int_autoinc` AS X SET `col_char_12_key` = 1791229952 WHERE X.`col_char_12_key` IN ( 33, 'l', 'l', 3007774720, 'l' ) ORDER BY `col_char_12`,`col_char_12_key`,`col_int`,`col_int_key`,`pk` LIMIT 5
		   23 Query	SHOW WARNINGS
		   23 Query	DELETE LOW_PRIORITY IGNORE FROM `table100_innodb_int_autoinc` ORDER BY `col_char_12`,`col_char_12_key`,`col_int`,`col_int_key`,`pk` LIMIT 3
		   11 Query	INSERT LOW_PRIORITY IGNORE INTO `table0_innodb_key_pk_parts_2_int_autoinc` ( `col_int`, `col_int` ) VALUES ( 'z', 83 ), ( 0, 100 )
		   11 Query	INSERT LOW_PRIORITY INTO `table2_innodb_key_pk_parts_2_int_autoinc` ( `col_char_12`, `col_int_key` ) VALUES ( 7, 6 ), ( 647626752, 110 )
150425  6:40:34	   16 Query	SHOW WARNINGS
		   18 Query	SHOW WARNINGS
		   15 Query	SHOW WARNINGS
		   16 Query	SELECT X.`col_int_key` FROM `table2_innodb_int_autoinc` AS X LIMIT 5
		   15 Query	INSERT LOW_PRIORITY INTO `table10_innodb_int_autoinc` ( `col_char_12_key`, `col_int` ) VALUES ( 'f', 'm' ), ( 804913152, 'x' )
		   18 Query	SELECT X.`col_char_12` FROM `table2_innodb_int_autoinc` AS X WHERE X.`col_char_12_key` BETWEEN 4 AND 8 LIMIT 8
		   11 Query	INSERT LOW_PRIORITY IGNORE INTO `table10_innodb_int_autoinc` ( `col_int_key` ) SELECT `col_int_key` FROM `table10_innodb_key_pk_parts_2_int_autoinc` AS X WHERE X.`col_int_key` IN ( 2794848256, 6, 779091968, 'z', 625868800 ) ORDER BY `col_char_12`,`col_char_12_key`,`col_int`,`col_int_key`,`pk` LIMIT 6
		   16 Query	DELETE LOW_PRIORITY QUICK FROM `table1_innodb_int_autoinc` WHERE `pk` BETWEEN 1 AND 8 ORDER BY `col_char_12`,`col_char_12_key`,`col_int`,`col_int_key`,`pk` LIMIT 3
		   18 Query	REPLACE LOW_PRIORITY INTO `table2_innodb_key_pk_parts_2_int_autoinc` ( `col_char_12` ) SELECT `pk` FROM `table10_innodb_key_pk_parts_2_int_autoinc` AS X WHERE X.`col_int_key` IN ( 9, 3832676352, 25, 'y', 32 ) ORDER BY `col_char_12`,`col_char_12_key`,`col_int`,`col_int_key`,`pk` LIMIT 8
		   17 Query	UNLOCK TABLES
		   22 Query	DELETE LOW_PRIORITY IGNORE FROM `table1_innodb_int_autoinc` WHERE `pk` BETWEEN 1 AND 6 ORDER BY `col_char_12`,`col_char_12_key`,`col_int`,`col_int_key`,`pk` LIMIT 4
		   14 Query	CREATE OR REPLACE TEMPORARY TABLE `create_or_replace_tmp` LIKE `table2_innodb_key_pk_parts_2_int_autoinc`
		   16 Query	SHOW WARNINGS
		   16 Query	UPDATE LOW_PRIORITY `table100_innodb_key_pk_parts_2_int_autoinc` AS X SET `col_char_12_key` = 389021696 WHERE X.`pk` < 3027894272 ORDER BY `col_char_12`,`col_char_12_key`,`col_int`,`col_int_key`,`pk` LIMIT 8
		   18 Query	SHOW WARNINGS
		   18 Query	SELECT X.`col_char_12` FROM `table1_innodb_key_pk_parts_2_int_autoinc` AS X WHERE X.`col_char_12_key` BETWEEN 2 AND 5 LIMIT 5
		   17 Query	LOCK TABLE `create_or_replace_tmp` WRITE, `table1_innodb_key_pk_parts_2_int_autoinc` READ
		   17 Query	CREATE OR REPLACE TEMPORARY TABLE `create_or_replace_tmp` LIKE `table10_innodb_int_autoinc`
		   17 Query	INSERT INTO `create_or_replace_tmp` SELECT * FROM `table100_innodb_int_autoinc`
		   17 Query	UNLOCK TABLES
		   17 Query	ANALYZE TABLE `table1_innodb_int_autoinc` PERSISTENT FOR COLUMNS ( ) INDEXES ALL
		   19 Query	SHOW WARNINGS
		   26 Query	SHOW WARNINGS
		   20 Query	SHOW WARNINGS
		   19 Query	DELETE LOW_PRIORITY IGNORE FROM `table1_innodb_int_autoinc` WHERE `pk` IN ( 8, 194, 3041460224, 's', 3815309312 ) ORDER BY `col_char_12`,`col_char_12_key`,`col_int`,`col_int_key`,`pk` LIMIT 4
		   26 Query	DELETE LOW_PRIORITY FROM `table1_innodb_key_pk_parts_2_int_autoinc` WHERE `col_char_12_key` = 842465280 ORDER BY `col_char_12`,`col_char_12_key`,`col_int`,`col_int_key`,`pk` LIMIT 1
		   20 Query	DELETE LOW_PRIORITY QUICK FROM `table10_innodb_key_pk_parts_2_int_autoinc` WHERE `pk` IN ( SELECT `col_char_12_key` FROM `table2_innodb_key_pk_parts_2_int_autoinc` WHERE `pk` = 242 ) ORDER BY `col_char_12`,`col_char_12_key`,`col_int`,`col_int_key`,`pk` LIMIT 3
		   21 Query	UPDATE LOW_PRIORITY `table100_innodb_int_autoinc` AS X SET `col_int` = 56 WHERE X.`col_int_key` < 1 ORDER BY `col_char_12`,`col_char_12_key`,`col_int`,`col_int_key`,`pk` LIMIT 5
		   11 Query	SHOW WARNINGS
		   22 Query	SHOW WARNINGS
		   11 Query	SELECT X.`col_int_key` FROM `table1_innodb_int_autoinc` AS X LEFT JOIN `table100_innodb_key_pk_parts_2_int_autoinc` AS Y USING ( `col_char_12_key` ) WHERE X.`pk` BETWEEN 120 AND 3151888384 LIMIT 7
		   22 Query	DELETE LOW_PRIORITY QUICK FROM `table100_innodb_key_pk_parts_2_int_autoinc` WHERE `col_int_key` = 58 ORDER BY `col_char_12`,`col_char_12_key`,`col_int`,`col_int_key`,`pk` LIMIT 1
		   18 Query	UPDATE LOW_PRIORITY `table10_innodb_key_pk_parts_2_int_autoinc` AS X SET `col_char_12_key` = 'n' WHERE X.`pk` BETWEEN 4 AND 5 ORDER BY `col_char_12`,`col_char_12_key`,`col_int`,`col_int_key`,`pk` LIMIT 5
		   20 Query	SHOW WARNINGS
		   15 Query	SHOW WARNINGS
		   26 Query	SHOW WARNINGS
		   11 Query	DELETE LOW_PRIORITY FROM `table2_innodb_int_autoinc` WHERE `col_char_12_key` IN ( 2, 519372800, 'e', 'b', 8 ) ORDER BY `col_char_12`,`col_char_12_key`,`col_int`,`col_int_key`,`pk` LIMIT 4
		   24 Query	SELECT X.`col_char_12_key` FROM `table0_innodb_int_autoinc` AS X LEFT JOIN `table10_innodb_int_autoinc` AS Y USING ( `col_char_12_key` ) WHERE X.`col_char_12_key` BETWEEN 2 AND 8 LIMIT 5
		   22 Query	SHOW WARNINGS
		   20 Query	SELECT X.`col_char_12_key` FROM `table2_innodb_key_pk_parts_2_int_autoinc` AS X LEFT JOIN `table10_innodb_key_pk_parts_2_int_autoinc` AS Y USING ( `col_int_key` ) LIMIT 8 FOR UPDATE
		   15 Query	UPDATE LOW_PRIORITY `table10_innodb_int_autoinc` AS X SET `col_char_12` = 5 WHERE X.`col_char_12_key` BETWEEN 2 AND 8 ORDER BY `col_char_12`,`col_char_12_key`,`col_int`,`col_int_key`,`pk` LIMIT 7
		   22 Query	UPDATE LOW_PRIORITY `table1_innodb_key_pk_parts_2_int_autoinc` AS X SET `col_char_12_key` = 'o' WHERE X.`col_int_key` BETWEEN 153 AND 511574016 ORDER BY `col_char_12`,`col_char_12_key`,`col_int`,`col_int_key`,`pk` LIMIT 8
		   26 Query	SELECT ( SELECT `col_int_key` FROM `table1_innodb_int_autoinc` WHERE `pk` = 953745408 ) FROM `table10_innodb_key_pk_parts_2_int_autoinc` AS X LIMIT 8 FOR UPDATE
		   19 Query	SHOW WARNINGS
		   19 Query	INSERT LOW_PRIORITY INTO `table100_innodb_int_autoinc` ( `col_char_12`, `col_char_12` ) VALUES ( 0, 708378624 ), ( 141, 5 )
		   19 Query	INSERT LOW_PRIORITY IGNORE INTO `table100_innodb_int_autoinc` ( `col_int` ) SELECT `col_int_key` FROM `table10_innodb_int_autoinc` AS X ORDER BY `col_char_12`,`col_char_12_key`,`col_int`,`col_int_key`,`pk` LIMIT 8
		   14 Query	INSERT INTO `create_or_replace_tmp` SELECT * FROM `table2_innodb_int_autoinc`
		   18 Query	SHOW WARNINGS
