		   20 Query	UPDATE LOW_PRIORITY `table2_innodb_key_pk_parts_2_int_autoinc` AS X SET `col_char_12` = 221 WHERE X.`pk` BETWEEN 1 AND 5 ORDER BY `col_char_12`,`col_char_12_key`,`col_int`,`col_int_key`,`pk` LIMIT 7
		   18 Query	SELECT X.`col_char_12_key` FROM `table0_innodb_key_pk_parts_2_int_autoinc` AS X WHERE X.`col_int_key` = ( SELECT `col_int_key` FROM `table0_innodb_int_autoinc` WHERE `pk` = 'q' ) LIMIT 6
		   26 Query	UPDATE LOW_PRIORITY `table10_innodb_key_pk_parts_2_int_autoinc` AS X SET `col_int_key` = 3572695040 WHERE X.`pk` IN ( 'z', 7, 2398420992, 'q', 3877830656 ) ORDER BY `col_char_12`,`col_char_12_key`,`col_int`,`col_int_key`,`pk` LIMIT 5
150425  6:40:35	   16 Query	SHOW WARNINGS
		   20 Query	SHOW WARNINGS
		   16 Query	INSERT LOW_PRIORITY INTO `table100_innodb_key_pk_parts_2_int_autoinc` (`pk`) VALUES (NULL)
		   26 Query	SHOW WARNINGS
		   18 Query	INSERT LOW_PRIORITY INTO `table0_innodb_int_autoinc` (`pk`) VALUES (NULL)
		   20 Query	REPLACE LOW_PRIORITY INTO `table100_innodb_key_pk_parts_2_int_autoinc` ( `col_int_key`, `col_int_key` ) VALUES ( 3484221440, 3 ), ( 'h', 223 )
		   23 Query	SHOW WARNINGS
		   26 Query	SELECT ( SELECT `col_int_key` FROM `table2_innodb_key_pk_parts_2_int_autoinc` WHERE `pk` = 6 ) FROM `table0_innodb_int_autoinc` AS X LIMIT 7
		   25 Query	UPDATE LOW_PRIORITY `table10_innodb_key_pk_parts_2_int_autoinc` AS X SET `col_int_key` = 0 WHERE X.`col_int_key` IN ( 0, 403374080, 1188495360, 'w', 'c' ) ORDER BY `col_char_12`,`col_char_12_key`,`col_int`,`col_int_key`,`pk` LIMIT 8
		   20 Query	INSERT LOW_PRIORITY INTO `table0_innodb_int_autoinc` ( `col_int`, `col_int` ) VALUES ( 7, 86 ), ( 219, 't' )
		   23 Query	DELETE LOW_PRIORITY IGNORE FROM `table0_innodb_int_autoinc` WHERE `col_int_key` BETWEEN 2 AND 6 ORDER BY `col_char_12`,`col_char_12_key`,`col_int`,`col_int_key`,`pk` LIMIT 2
		   20 Query	DELETE LOW_PRIORITY QUICK IGNORE FROM `table10_innodb_int_autoinc` WHERE `pk` IN ( 176, 911802368, 37, 'c', 3971678208 ) ORDER BY `col_char_12`,`col_char_12_key`,`col_int`,`col_int_key`,`pk` LIMIT 1
		   26 Query	INSERT LOW_PRIORITY IGNORE INTO `table10_innodb_int_autoinc` ( `col_int` ) SELECT `col_char_12_key` FROM `table0_innodb_int_autoinc` AS X WHERE X.`pk` < 136 ORDER BY `col_char_12`,`col_char_12_key`,`col_int`,`col_int_key`,`pk` LIMIT 7
		   24 Query	DELETE LOW_PRIORITY QUICK FROM `table100_innodb_int_autoinc` WHERE `col_char_12_key` = 2 ORDER BY `col_char_12`,`col_char_12_key`,`col_int`,`col_int_key`,`pk` LIMIT 4
		   23 Query	SHOW WARNINGS
		   11 Query	SHOW WARNINGS
		   25 Query	SHOW WARNINGS
		   25 Query	SELECT * FROM `table2_innodb_int_autoinc` AS X LIMIT 5
		   23 Query	SELECT X.`pk` FROM `table1_innodb_int_autoinc` AS X LEFT JOIN `table1_innodb_int_autoinc` AS Y USING ( `col_int_key` ) WHERE X.`pk` = ( SELECT `pk` FROM `table0_innodb_int_autoinc` WHERE `pk` = 17367040 ) LIMIT 5
		   11 Query	DELETE LOW_PRIORITY QUICK IGNORE FROM `table0_innodb_key_pk_parts_2_int_autoinc` WHERE `pk` IN ( SELECT `col_char_12_key` FROM `table100_innodb_int_autoinc` WHERE `pk` = 3867410432 ) ORDER BY `col_char_12`,`col_char_12_key`,`col_int`,`col_int_key`,`pk` LIMIT 2
		   23 Query	SELECT X.`col_char_12_key` FROM `table2_innodb_key_pk_parts_2_int_autoinc` AS X WHERE X.`pk` BETWEEN 74 AND 69992448 LIMIT 5 FOR UPDATE
		   23 Query	INSERT LOW_PRIORITY INTO `table100_innodb_key_pk_parts_2_int_autoinc` ( `col_int` ) SELECT `col_char_12_key` FROM `table100_innodb_int_autoinc` AS X WHERE X.`pk` BETWEEN 240 AND 2723282944 ORDER BY `col_char_12`,`col_char_12_key`,`col_int`,`col_int_key`,`pk` LIMIT 8
		   11 Query	SHOW WARNINGS
		   15 Query	SHOW WARNINGS
		   22 Query	SHOW WARNINGS
		   21 Query	SHOW WARNINGS
		   21 Query	SELECT X.`col_char_12` FROM `table2_innodb_int_autoinc` AS X WHERE X.`col_int_key` BETWEEN 3 AND 6 LIMIT 6
		   15 Query	SELECT ( SELECT `col_int_key` FROM `table0_innodb_int_autoinc` WHERE `pk` = 942735360 ) FROM `table0_innodb_key_pk_parts_2_int_autoinc` AS X LEFT JOIN `table0_innodb_key_pk_parts_2_int_autoinc` AS Y USING ( `col_int_key` ) WHERE X.`col_char_12_key` BETWEEN 235 AND 1902641152 LIMIT 7
		   22 Query	INSERT LOW_PRIORITY INTO `table100_innodb_int_autoinc` (`pk`) VALUES (NULL)
		   11 Query	SELECT X.`pk` FROM `table100_innodb_key_pk_parts_2_int_autoinc` AS X WHERE X.`col_char_12_key` BETWEEN 17 AND 1809776640 LIMIT 8
		   18 Query	DELETE LOW_PRIORITY QUICK IGNORE FROM `table1_innodb_key_pk_parts_2_int_autoinc` ORDER BY `col_char_12`,`col_char_12_key`,`col_int`,`col_int_key`,`pk` LIMIT 3
		   16 Query	INSERT LOW_PRIORITY INTO `table100_innodb_int_autoinc` (`pk`) VALUES (NULL)
		   23 Query	SHOW WARNINGS
		   23 Query	UPDATE LOW_PRIORITY `table0_innodb_int_autoinc` AS X SET `col_int_key` = 2744844288 ORDER BY `col_char_12`,`col_char_12_key`,`col_int`,`col_int_key`,`pk` LIMIT 7
		   21 Query	UPDATE LOW_PRIORITY IGNORE `table0_innodb_int_autoinc` AS X SET `col_char_12_key` = 'm' WHERE X.`col_int_key` BETWEEN 1 AND 6 ORDER BY `col_char_12`,`col_char_12_key`,`col_int`,`col_int_key`,`pk` LIMIT 7
		   15 Query	UPDATE LOW_PRIORITY `table10_innodb_int_autoinc` AS X SET `col_char_12_key` = 'c' WHERE X.`col_char_12_key` = ( SELECT `pk` FROM `table100_innodb_int_autoinc` WHERE `pk` = 9 ) ORDER BY `col_char_12`,`col_char_12_key`,`col_int`,`col_int_key`,`pk` LIMIT 6
		   11 Query	SELECT X.`pk` FROM `table1_innodb_key_pk_parts_2_int_autoinc` AS X LIMIT 7
		   17 Query	EXPLAIN EXTENDED SELECT X.`pk` FROM `table0_innodb_key_pk_parts_2_int_autoinc` AS X WHERE X.`col_char_12_key` = ( SELECT `pk` FROM `table100_innodb_key_pk_parts_2_int_autoinc` WHERE `pk` = 8 ) LIMIT 7
		   25 Query	UPDATE LOW_PRIORITY IGNORE `table0_innodb_key_pk_parts_2_int_autoinc` AS X SET `col_int` = 0 WHERE X.`col_char_12_key` < 0 ORDER BY `col_char_12`,`col_char_12_key`,`col_int`,`col_int_key`,`pk` LIMIT 7
		   17 Query	LOCK TABLE `create_or_replace_tmp` WRITE, `table2_innodb_int_autoinc` READ
		   17 Query	CREATE OR REPLACE TEMPORARY TABLE `create_or_replace_tmp` LIKE `table1_innodb_int_autoinc`
		   17 Query	INSERT INTO `create_or_replace_tmp` SELECT * FROM `table0_innodb_key_pk_parts_2_int_autoinc`
		   11 Query	DELETE LOW_PRIORITY QUICK IGNORE FROM `table10_innodb_key_pk_parts_2_int_autoinc` ORDER BY `col_char_12`,`col_char_12_key`,`col_int`,`col_int_key`,`pk` LIMIT 1
		   17 Query	UNLOCK TABLES
		   17 Query	LOCK TABLE `create_or_replace_tmp` WRITE, `table10_innodb_key_pk_parts_2_int_autoinc` READ
		   17 Query	CREATE OR REPLACE TABLE `create_or_replace_tmp` LIKE `table2_innodb_int_autoinc`
		   17 Query	INSERT INTO `create_or_replace_tmp` SELECT * FROM `table0_innodb_int_autoinc`
		   17 Query	UNLOCK TABLES
		   17 Query	CREATE OR REPLACE TABLE `create_or_replace_tmp` LIKE `table100_innodb_int_autoinc`
		   25 Query	SHOW WARNINGS
		   19 Query	SHOW WARNINGS
		   14 Query	SHOW WARNINGS
		   14 Query	UNLOCK TABLES
		   22 Query	INSERT LOW_PRIORITY INTO `table1_innodb_key_pk_parts_2_int_autoinc` ( `col_char_12_key`, `col_char_12` ) VALUES ( 248, 137 ), ( 93, 112 )
		   19 Query	INSERT LOW_PRIORITY IGNORE INTO `table1_innodb_key_pk_parts_2_int_autoinc` ( `col_char_12_key` ) SELECT `col_char_12_key` FROM `table0_innodb_int_autoinc` AS X WHERE X.`col_char_12_key` < 2 ORDER BY `col_char_12`,`col_char_12_key`,`col_int`,`col_int_key`,`pk` LIMIT 8
		   14 Query	CREATE OR REPLACE TABLE `create_or_replace_tmp` AS SELECT * FROM `table10_innodb_key_pk_parts_2_int_autoinc`
		   25 Query	DELETE LOW_PRIORITY FROM `table100_innodb_int_autoinc` WHERE `pk` = 'k' ORDER BY `col_char_12`,`col_char_12_key`,`col_int`,`col_int_key`,`pk` LIMIT 2
		   23 Query	SHOW WARNINGS
		   18 Query	SHOW WARNINGS
		   11 Query	SHOW WARNINGS
		   18 Query	SELECT X.`col_char_12_key` FROM `table2_innodb_int_autoinc` AS X LIMIT 8
		   23 Query	DELETE LOW_PRIORITY FROM `table0_innodb_int_autoinc` WHERE `col_char_12_key` IN ( 'a', 3956539392, 3964796928, 1333133312, 590938112 ) ORDER BY `col_char_12`,`col_char_12_key`,`col_int`,`col_int_key`,`pk` LIMIT 4
		   11 Query	DELETE LOW_PRIORITY IGNORE FROM `table10_innodb_int_autoinc` WHERE `pk` BETWEEN 3 AND 6 ORDER BY `col_char_12`,`col_char_12_key`,`col_int`,`col_int_key`,`pk` LIMIT 3
		   25 Query	SHOW WARNINGS
		   21 Query	SHOW WARNINGS
		   25 Query	INSERT LOW_PRIORITY INTO `table2_innodb_key_pk_parts_2_int_autoinc` ( `col_char_12_key`, `col_int_key` ) VALUES ( 9, 112 ), ( 227, 'u' )
		   21 Query	DELETE LOW_PRIORITY QUICK IGNORE FROM `table100_innodb_key_pk_parts_2_int_autoinc` WHERE `col_char_12_key` BETWEEN 2 AND 7 ORDER BY `col_char_12`,`col_char_12_key`,`col_int`,`col_int_key`,`pk` LIMIT 4
		   21 Query	SHOW WARNINGS
		   21 Query	SELECT X.`col_char_12_key` FROM `table100_innodb_key_pk_parts_2_int_autoinc` AS X WHERE X.`col_char_12_key` < 5 LIMIT 5 LOCK IN SHARE MODE
		   16 Query	DELETE LOW_PRIORITY IGNORE FROM `table10_innodb_int_autoinc` WHERE `pk` = 152 ORDER BY `col_char_12`,`col_char_12_key`,`col_int`,`col_int_key`,`pk` LIMIT 1
		   21 Query	UPDATE LOW_PRIORITY `table10_innodb_key_pk_parts_2_int_autoinc` AS X SET `col_int_key` = 8 WHERE X.`col_char_12_key` BETWEEN 1 AND 6 ORDER BY `col_char_12`,`col_char_12_key`,`col_int`,`col_int_key`,`pk` LIMIT 7
		   18 Query	INSERT LOW_PRIORITY IGNORE INTO `table2_innodb_key_pk_parts_2_int_autoinc` ( `col_int`, `col_char_12_key` ) VALUES ( 138, 2 ), ( 186, 3847225344 )
		   16 Query	SHOW WARNINGS
		   20 Query	SHOW WARNINGS
		   16 Query	INSERT LOW_PRIORITY IGNORE INTO `table0_innodb_int_autoinc` (`pk`) VALUES (NULL)
150425  6:40:36	   20 Query	UPDATE LOW_PRIORITY IGNORE `table2_innodb_int_autoinc` AS X SET `col_char_12` = 0 WHERE X.`pk` < 8 ORDER BY `col_char_12`,`col_char_12_key`,`col_int`,`col_int_key`,`pk` LIMIT 5
		   13 Query	SHOW WARNINGS
		   21 Query	SHOW WARNINGS
		   13 Query	UPDATE LOW_PRIORITY `table100_innodb_int_autoinc` AS X SET `col_int` = 'm' WHERE X.`pk` BETWEEN 1 AND 6 ORDER BY `col_char_12`,`col_char_12_key`,`col_int`,`col_int_key`,`pk` LIMIT 7
		   22 Query	INSERT LOW_PRIORITY IGNORE INTO `table100_innodb_int_autoinc` ( `col_int_key`, `col_char_12_key` ) VALUES ( 2080243712, 4 ), ( 105, 1895825408 )
		   19 Query	SHOW WARNINGS
		   21 Query	INSERT LOW_PRIORITY IGNORE INTO `table100_innodb_key_pk_parts_2_int_autoinc` (`pk`) VALUES (NULL)
		   18 Query	REPLACE LOW_PRIORITY INTO `table0_innodb_key_pk_parts_2_int_autoinc` ( `col_int_key`, `col_char_12_key` ) VALUES ( 146, 7 ), ( 'v', 'c' )
		   19 Query	DELETE LOW_PRIORITY QUICK FROM `table2_innodb_key_pk_parts_2_int_autoinc` WHERE `col_int_key` IN ( SELECT `pk` FROM `table2_innodb_key_pk_parts_2_int_autoinc` WHERE `pk` = 297664512 ) ORDER BY `col_char_12`,`col_char_12_key`,`col_int`,`col_int_key`,`pk` LIMIT 3
		   20 Query	SHOW WARNINGS
		   11 Query	SHOW WARNINGS
		   20 Query	INSERT LOW_PRIORITY INTO `table2_innodb_key_pk_parts_2_int_autoinc` ( `col_char_12` ) SELECT `col_char_12_key` FROM `table1_innodb_key_pk_parts_2_int_autoinc` AS X WHERE X.`col_int_key` BETWEEN 45 AND 2887647232 ORDER BY `col_char_12`,`col_char_12_key`,`col_int`,`col_int_key`,`pk` LIMIT 6
		   11 Query	UPDATE LOW_PRIORITY `table1_innodb_int_autoinc` AS X SET `col_char_12` = 3 WHERE X.`col_int_key` BETWEEN 22 AND 874840064 ORDER BY `col_char_12`,`col_char_12_key`,`col_int`,`col_int_key`,`pk` LIMIT 6
		   15 Query	SHOW WARNINGS
		   25 Query	SHOW WARNINGS
		   15 Query	DELETE LOW_PRIORITY IGNORE FROM `table100_innodb_key_pk_parts_2_int_autoinc` WHERE `col_int_key` IN ( SELECT `col_int_key` FROM `table2_innodb_int_autoinc` WHERE `pk` = 166 ) ORDER BY `col_char_12`,`col_char_12_key`,`col_int`,`col_int_key`,`pk` LIMIT 2
		   25 Query	DELETE LOW_PRIORITY QUICK FROM `table2_innodb_int_autoinc` WHERE `col_char_12_key` IN ( 7, 'e', 98, 'd', 'k' ) ORDER BY `col_char_12`,`col_char_12_key`,`col_int`,`col_int_key`,`pk` LIMIT 3
		   12 Query	SHOW WARNINGS
		   22 Query	DELETE LOW_PRIORITY QUICK IGNORE FROM `table100_innodb_key_pk_parts_2_int_autoinc` WHERE `pk` IN ( 77, 39, 185, 62, 630784000 ) ORDER BY `col_char_12`,`col_char_12_key`,`col_int`,`col_int_key`,`pk` LIMIT 1
		   12 Query	DELETE LOW_PRIORITY QUICK IGNORE FROM `table0_innodb_key_pk_parts_2_int_autoinc` WHERE `col_char_12_key` IN ( 183, 236, 25, 'g', 'c' ) ORDER BY `col_char_12`,`col_char_12_key`,`col_int`,`col_int_key`,`pk` LIMIT 4
		   18 Query	SHOW WARNINGS
		   25 Query	SHOW WARNINGS
		   18 Query	INSERT LOW_PRIORITY IGNORE INTO `table100_innodb_key_pk_parts_2_int_autoinc` ( `col_char_12_key`, `col_int` ) VALUES ( 211, 82 ), ( 2287206400, 83 )
		   25 Query	DELETE LOW_PRIORITY QUICK IGNORE FROM `table10_innodb_key_pk_parts_2_int_autoinc` WHERE `pk` IN ( SELECT `col_char_12_key` FROM `table100_innodb_int_autoinc` WHERE `pk` = 131 ) ORDER BY `col_char_12`,`col_char_12_key`,`col_int`,`col_int_key`,`pk` LIMIT 2
		   21 Query	UPDATE LOW_PRIORITY IGNORE `table10_innodb_key_pk_parts_2_int_autoinc` AS X SET `col_int_key` = 5 WHERE X.`col_char_12_key` IN ( 4174118912, 1, 1802960896, 51, 'o' ) ORDER BY `col_char_12`,`col_char_12_key`,`col_int`,`col_int_key`,`pk` LIMIT 5
		   22 Query	INSERT LOW_PRIORITY IGNORE INTO `table0_innodb_int_autoinc` ( `col_int`, `col_char_12_key` ) VALUES ( 'l', 208 ), ( 114, 1441267712 )
		   25 Query	SHOW WARNINGS
		   25 Query	DELETE LOW_PRIORITY IGNORE FROM `table10_innodb_int_autoinc` WHERE `col_int_key` BETWEEN 4 AND 6 ORDER BY `col_char_12`,`col_char_12_key`,`col_int`,`col_int_key`,`pk` LIMIT 1
		   20 Query	SHOW WARNINGS
		   26 Query	SHOW WARNINGS
		   20 Query	INSERT LOW_PRIORITY IGNORE INTO `table2_innodb_int_autoinc` ( `col_char_12`, `col_int_key` ) VALUES ( 437714944, 4 ), ( 18, 2271150080 )
		   26 Query	UPDATE LOW_PRIORITY IGNORE `table100_innodb_int_autoinc` AS X SET `col_char_12` = 0 ORDER BY `col_char_12`,`col_char_12_key`,`col_int`,`col_int_key`,`pk` LIMIT 7
		   21 Query	SHOW WARNINGS
		   12 Query	SHOW WARNINGS
		   21 Query	INSERT LOW_PRIORITY IGNORE INTO `table0_innodb_int_autoinc` ( `col_char_12_key`, `col_int` ) VALUES ( 'z', 6 ), ( 2111897600, 160 )
		   25 Query	SHOW WARNINGS
		   12 Query	SELECT X.`col_char_12_key` FROM `table0_innodb_key_pk_parts_2_int_autoinc` AS X WHERE X.`pk` < 3539664896 LIMIT 6
		   24 Query	SHOW WARNINGS
		   25 Query	DELETE LOW_PRIORITY QUICK IGNORE FROM `table100_innodb_key_pk_parts_2_int_autoinc` WHERE `col_int_key` IN ( 900071424, 3, 0, 6, 176 ) ORDER BY `col_char_12`,`col_char_12_key`,`col_int`,`col_int_key`,`pk` LIMIT 1
		   24 Query	DELETE LOW_PRIORITY IGNORE FROM `table10_innodb_int_autoinc` ORDER BY `col_char_12`,`col_char_12_key`,`col_int`,`col_int_key`,`pk` LIMIT 3
		   16 Query	REPLACE LOW_PRIORITY INTO `table0_innodb_key_pk_parts_2_int_autoinc` ( `col_int_key` ) SELECT `col_int_key` FROM `table2_innodb_int_autoinc` AS X WHERE X.`pk` BETWEEN 103 AND 96600064 ORDER BY `col_char_12`,`col_char_12_key`,`col_int`,`col_int_key`,`pk` LIMIT 5
		   16 Query	SHOW WARNINGS
		   13 Query	SHOW WARNINGS
		   22 Query	SHOW WARNINGS
		   16 Query	DELETE LOW_PRIORITY IGNORE FROM `table1_innodb_int_autoinc` WHERE `pk` = 119 ORDER BY `col_char_12`,`col_char_12_key`,`col_int`,`col_int_key`,`pk` LIMIT 3
		   22 Query	REPLACE LOW_PRIORITY INTO `table2_innodb_key_pk_parts_2_int_autoinc` (`pk`) VALUES (NULL)
		   13 Query	SELECT X.`pk` FROM `table100_innodb_key_pk_parts_2_int_autoinc` AS X LEFT JOIN `table2_innodb_int_autoinc` AS Y USING ( `col_int_key` ) WHERE X.`pk` = ( SELECT `pk` FROM `table2_innodb_int_autoinc` WHERE `pk` = 138 ) LIMIT 5
		   13 Query	SET CHARACTER SET DEFAULT
		   13 Query	INSERT LOW_PRIORITY INTO `table10_innodb_key_pk_parts_2_int_autoinc` (`pk`) VALUES (NULL)
		   19 Query	UPDATE LOW_PRIORITY `table2_innodb_int_autoinc` AS X SET `col_int_key` = 4040032256 WHERE X.`col_int_key` IN ( 5, 3454468096, 3093037056, 119, 6 ) ORDER BY `col_char_12`,`col_char_12_key`,`col_int`,`col_int_key`,`pk` LIMIT 5
		   19 Query	SHOW WARNINGS
		   15 Query	SHOW WARNINGS
		   15 Query	INSERT LOW_PRIORITY IGNORE INTO `table10_innodb_key_pk_parts_2_int_autoinc` ( `col_int` ) SELECT `col_int_key` FROM `table2_innodb_key_pk_parts_2_int_autoinc` AS X WHERE X.`col_char_12_key` < 4 ORDER BY `col_char_12`,`col_char_12_key`,`col_int`,`col_int_key`,`pk` LIMIT 6
		   12 Query	SAVEPOINT A
		   19 Query	UPDATE LOW_PRIORITY IGNORE `table10_innodb_int_autoinc` AS X SET `col_char_12_key` = 94 WHERE X.`pk` IN ( 4017750016, 4, 7, 2010906624, 91 ) ORDER BY `col_char_12`,`col_char_12_key`,`col_int`,`col_int_key`,`pk` LIMIT 6
		   12 Query	DELETE LOW_PRIORITY FROM `table1_innodb_int_autoinc` ORDER BY `col_char_12`,`col_char_12_key`,`col_int`,`col_int_key`,`pk` LIMIT 3
		   17 Query	INSERT INTO `create_or_replace_tmp` SELECT * FROM `table2_innodb_int_autoinc`
		   18 Query	DELETE LOW_PRIORITY IGNORE FROM `table10_innodb_key_pk_parts_2_int_autoinc` WHERE `col_char_12_key` = 8 ORDER BY `col_char_12`,`col_char_12_key`,`col_int`,`col_int_key`,`pk` LIMIT 2
		   24 Query	SHOW WARNINGS
		   21 Query	DELETE LOW_PRIORITY QUICK FROM `table1_innodb_int_autoinc` WHERE `col_char_12_key` = 5 ORDER BY `col_char_12`,`col_char_12_key`,`col_int`,`col_int_key`,`pk` LIMIT 3
		   11 Query	SHOW WARNINGS
		   20 Query	SHOW WARNINGS
		   22 Query	UPDATE LOW_PRIORITY `table2_innodb_int_autoinc` AS X SET `col_int` = 'b' ORDER BY `col_char_12`,`col_char_12_key`,`col_int`,`col_int_key`,`pk` LIMIT 7
		   24 Query	SELECT ( SELECT `pk` FROM `table100_innodb_key_pk_parts_2_int_autoinc` WHERE `pk` = 210042880 ) FROM `table0_innodb_int_autoinc` AS X WHERE X.`col_char_12_key` BETWEEN 77 AND 2376400896 LIMIT 6
		   11 Query	DELETE LOW_PRIORITY FROM `table1_innodb_key_pk_parts_2_int_autoinc` WHERE `col_int_key` = 'g' ORDER BY `col_char_12`,`col_char_12_key`,`col_int`,`col_int_key`,`pk` LIMIT 4
		   26 Query	SHOW WARNINGS
		   13 Query	SET NAMES DEFAULT
		   25 Query	SHOW WARNINGS
		   20 Query	DELETE LOW_PRIORITY QUICK FROM `table0_innodb_int_autoinc` WHERE `col_char_12_key` IN ( 570949632, 197263360, 2983002112, 146, 7 ) ORDER BY `col_char_12`,`col_char_12_key`,`col_int`,`col_int_key`,`pk` LIMIT 2
		   26 Query	DELETE LOW_PRIORITY QUICK IGNORE FROM `table10_innodb_key_pk_parts_2_int_autoinc` WHERE `col_char_12_key` IN ( SELECT `pk` FROM `table0_innodb_key_pk_parts_2_int_autoinc` WHERE `pk` = 44 ) ORDER BY `col_char_12`,`col_char_12_key`,`col_int`,`col_int_key`,`pk` LIMIT 3
		   23 Query	SHOW WARNINGS
		   13 Query	INSERT LOW_PRIORITY INTO `table2_innodb_key_pk_parts_2_int_autoinc` ( `col_int`, `col_char_12_key` ) VALUES ( 0, 'p' ), ( 3, 2307653632 )
		   25 Query	UPDATE LOW_PRIORITY IGNORE `table2_innodb_key_pk_parts_2_int_autoinc` AS X SET `col_int_key` = 9 WHERE X.`col_int_key` BETWEEN 84 AND 588382208 ORDER BY `col_char_12`,`col_char_12_key`,`col_int`,`col_int_key`,`pk` LIMIT 5
		   16 Query	SHOW WARNINGS
		   23 Query	DELETE LOW_PRIORITY IGNORE FROM `table1_innodb_int_autoinc` WHERE `col_char_12_key` = 'b' ORDER BY `col_char_12`,`col_char_12_key`,`col_int`,`col_int_key`,`pk` LIMIT 3
		   16 Query	DELETE LOW_PRIORITY IGNORE FROM `table0_innodb_int_autoinc` WHERE `col_int_key` = 'm' ORDER BY `col_char_12`,`col_char_12_key`,`col_int`,`col_int_key`,`pk` LIMIT 2
150425  6:40:37	   21 Query	SHOW WARNINGS
		   21 Query	SELECT X.`col_char_12_key` FROM `table2_innodb_key_pk_parts_2_int_autoinc` AS X WHERE X.`col_char_12_key` BETWEEN 3 AND 5 LIMIT 7
		   19 Query	SHOW WARNINGS
		   21 Query	DELETE LOW_PRIORITY QUICK FROM `table100_innodb_int_autoinc` ORDER BY `col_char_12`,`col_char_12_key`,`col_int`,`col_int_key`,`pk` LIMIT 1
		   24 Query	COMMIT
		   19 Query	REPLACE LOW_PRIORITY INTO `table1_innodb_int_autoinc` ( `col_char_12` ) SELECT `col_char_12_key` FROM `table10_innodb_int_autoinc` AS X ORDER BY `col_char_12`,`col_char_12_key`,`col_int`,`col_int_key`,`pk` LIMIT 6
		   24 Query	SET TRANSACTION ISOLATION LEVEL SERIALIZABLE
		   24 Query	SELECT X.`col_char_12` FROM `table1_innodb_int_autoinc` AS X LIMIT 6 LOCK IN SHARE MODE
		   23 Query	SHOW WARNINGS
		   23 Query	UPDATE LOW_PRIORITY `table10_innodb_int_autoinc` AS X SET `col_char_12_key` = 'c' WHERE X.`pk` BETWEEN 1 AND 5 ORDER BY `col_char_12`,`col_char_12_key`,`col_int`,`col_int_key`,`pk` LIMIT 7
		   11 Query	SHOW WARNINGS
		   18 Query	SHOW WARNINGS
		   11 Query	SELECT * FROM `table10_innodb_int_autoinc` AS X LIMIT 8
		   18 Query	REPLACE LOW_PRIORITY INTO `table1_innodb_key_pk_parts_2_int_autoinc` (`pk`) VALUES (NULL)
		   17 Query	SHOW WARNINGS
		   16 Query	SHOW WARNINGS
		   22 Query	SHOW WARNINGS
		   22 Query	UPDATE LOW_PRIORITY IGNORE `table1_innodb_key_pk_parts_2_int_autoinc` AS X SET `col_char_12` = 8 WHERE X.`col_int_key` BETWEEN 62 AND 1876885504 ORDER BY `col_char_12`,`col_char_12_key`,`col_int`,`col_int_key`,`pk` LIMIT 6
		   12 Query	SHOW WARNINGS
		   21 Query	SHOW WARNINGS
		   16 Query	INSERT LOW_PRIORITY INTO `table0_innodb_key_pk_parts_2_int_autoinc` ( `col_int`, `col_char_12` ) VALUES ( 4212326400, 32636928 ), ( 3, 2 )
		   24 Query	INSERT LOW_PRIORITY IGNORE INTO `table100_innodb_int_autoinc` ( `col_int` ) SELECT `pk` FROM `table100_innodb_key_pk_parts_2_int_autoinc` AS X WHERE X.`col_int_key` IN ( 212, 'q', 3148480512, 99, 197 ) ORDER BY `col_char_12`,`col_char_12_key`,`col_int`,`col_int_key`,`pk` LIMIT 6
		   17 Query	UNLOCK TABLES
		   21 Query	INSERT LOW_PRIORITY INTO `table1_innodb_key_pk_parts_2_int_autoinc` ( `col_char_12_key` ) SELECT `col_char_12_key` FROM `table1_innodb_key_pk_parts_2_int_autoinc` AS X WHERE X.`col_char_12_key` = ( SELECT `col_char_12_key` FROM `table1_innodb_int_autoinc` WHERE `pk` = 'u' ) ORDER BY `col_char_12`,`col_char_12_key`,`col_int`,`col_int_key`,`pk` LIMIT 5
		   12 Query	REPLACE LOW_PRIORITY INTO `table2_innodb_key_pk_parts_2_int_autoinc` ( `col_char_12` ) SELECT `col_char_12_key` FROM `table0_innodb_key_pk_parts_2_int_autoinc` AS X ORDER BY `col_char_12`,`col_char_12_key`,`col_int`,`col_int_key`,`pk` LIMIT 7
		   26 Query	DELETE LOW_PRIORITY FROM `table1_innodb_int_autoinc` WHERE `col_int_key` IN ( SELECT `col_int_key` FROM `table0_innodb_key_pk_parts_2_int_autoinc` WHERE `pk` = 244 ) ORDER BY `col_char_12`,`col_char_12_key`,`col_int`,`col_int_key`,`pk` LIMIT 3
		   17 Query	CREATE OR REPLACE TEMPORARY TABLE `create_or_replace_tmp` AS SELECT * FROM `table0_innodb_key_pk_parts_2_int_autoinc`
		   12 Query	REPLACE LOW_PRIORITY INTO `table10_innodb_int_autoinc` ( `col_char_12`, `col_char_12` ) VALUES ( 3496738816, 'y' ), ( 143, 1 )
		   12 Query	UPDATE LOW_PRIORITY `table1_innodb_key_pk_parts_2_int_autoinc` AS X SET `col_int_key` = 'c' WHERE X.`col_int_key` BETWEEN 131 AND 4159569920 ORDER BY `col_char_12`,`col_char_12_key`,`col_int`,`col_int_key`,`pk` LIMIT 8
		   11 Query	DELETE LOW_PRIORITY FROM `table2_innodb_key_pk_parts_2_int_autoinc` WHERE `col_char_12_key` = 16 ORDER BY `col_char_12`,`col_char_12_key`,`col_int`,`col_int_key`,`pk` LIMIT 4
		   19 Query	SHOW WARNINGS
		   22 Query	SHOW WARNINGS
		   21 Query	SHOW WARNINGS
		   20 Query	SHOW WARNINGS
		   15 Query	SHOW WARNINGS
		   24 Query	SHOW WARNINGS
		   19 Query	DELETE LOW_PRIORITY QUICK FROM `table10_innodb_key_pk_parts_2_int_autoinc` WHERE `col_char_12_key` = 212 ORDER BY `col_char_12`,`col_char_12_key`,`col_int`,`col_int_key`,`pk` LIMIT 1
		   26 Query	SHOW WARNINGS
		   20 Query	REPLACE LOW_PRIORITY INTO `table10_innodb_int_autoinc` (`pk`) VALUES (NULL)
		   22 Query	UPDATE LOW_PRIORITY IGNORE `table10_innodb_key_pk_parts_2_int_autoinc` AS X SET `col_char_12` = 'z' WHERE X.`col_int_key` < 60 ORDER BY `col_char_12`,`col_char_12_key`,`col_int`,`col_int_key`,`pk` LIMIT 8
		   18 Query	INSERT LOW_PRIORITY IGNORE INTO `table10_innodb_int_autoinc` ( `col_int`, `col_char_12_key` ) VALUES ( 146, 1236402176 ), ( 'n', 1 )
		   26 Query	REPLACE LOW_PRIORITY INTO `table10_innodb_key_pk_parts_2_int_autoinc` (`pk`) VALUES (NULL)
		   15 Query	SELECT X.`col_char_12` FROM `table10_innodb_int_autoinc` AS X WHERE X.`pk` IN ( 2956066816, 228, 'm', 182, 187 ) LIMIT 6 FOR UPDATE
		   21 Query	UPDATE LOW_PRIORITY IGNORE `table100_innodb_int_autoinc` AS X SET `col_int` = 224 WHERE X.`col_char_12_key` BETWEEN 4 AND 7 ORDER BY `col_char_12`,`col_char_12_key`,`col_int`,`col_int_key`,`pk` LIMIT 8
		   24 Query	DELETE LOW_PRIORITY IGNORE FROM `table1_innodb_key_pk_parts_2_int_autoinc` ORDER BY `col_char_12`,`col_char_12_key`,`col_int`,`col_int_key`,`pk` LIMIT 1
150425  6:40:38	   23 Query	SHOW WARNINGS
		   23 Query	SELECT X.`pk` FROM `table2_innodb_int_autoinc` AS X WHERE X.`col_char_12_key` = ( SELECT `col_int_key` FROM `table2_innodb_key_pk_parts_2_int_autoinc` WHERE `pk` = 1211957248 ) LIMIT 7
		   16 Query	SHOW WARNINGS
		   20 Query	REPLACE LOW_PRIORITY INTO `table100_innodb_key_pk_parts_2_int_autoinc` (`pk`) VALUES (NULL)
		   16 Query	UPDATE LOW_PRIORITY IGNORE `table10_innodb_key_pk_parts_2_int_autoinc` AS X SET `col_char_12` = 125 WHERE X.`col_char_12_key` BETWEEN 4 AND 5 ORDER BY `col_char_12`,`col_char_12_key`,`col_int`,`col_int_key`,`pk` LIMIT 8
		   13 Query	DELETE LOW_PRIORITY FROM `table0_innodb_key_pk_parts_2_int_autoinc` WHERE `col_int_key` = 2 ORDER BY `col_char_12`,`col_char_12_key`,`col_int`,`col_int_key`,`pk` LIMIT 2
		   12 Query	SHOW WARNINGS
		   12 Query	DELETE LOW_PRIORITY QUICK IGNORE FROM `table10_innodb_key_pk_parts_2_int_autoinc` WHERE `pk` IN ( 'a', 975765504, 't', 1, 2914451456 ) ORDER BY `col_char_12`,`col_char_12_key`,`col_int`,`col_int_key`,`pk` LIMIT 4
		   25 Query	SHOW WARNINGS
		   18 Query	SHOW WARNINGS
		   11 Query	SHOW WARNINGS
		   25 Query	DELETE LOW_PRIORITY FROM `table0_innodb_int_autoinc` ORDER BY `col_char_12`,`col_char_12_key`,`col_int`,`col_int_key`,`pk` LIMIT 2
		   22 Query	SHOW WARNINGS
		   18 Query	SELECT * FROM `table10_innodb_int_autoinc` AS X LEFT JOIN `table1_innodb_int_autoinc` AS Y USING ( `pk` ) LIMIT 6 FOR UPDATE
		   13 Query	SHOW WARNINGS
		   11 Query	SELECT * FROM `table2_innodb_key_pk_parts_2_int_autoinc` AS X LEFT JOIN `table2_innodb_int_autoinc` AS Y USING ( `pk` ) LIMIT 8
		   22 Query	INSERT LOW_PRIORITY IGNORE INTO `table10_innodb_int_autoinc` (`pk`) VALUES (NULL)
		   15 Query	INSERT LOW_PRIORITY IGNORE INTO `table1_innodb_key_pk_parts_2_int_autoinc` ( `col_int` ) SELECT `col_char_12_key` FROM `table100_innodb_key_pk_parts_2_int_autoinc` AS X WHERE X.`col_char_12_key` BETWEEN 0 AND 512163840 ORDER BY `col_char_12`,`col_char_12_key`,`col_int`,`col_int_key`,`pk` LIMIT 6
		   13 Query	REPLACE LOW_PRIORITY INTO `table1_innodb_key_pk_parts_2_int_autoinc` ( `col_int` ) SELECT `pk` FROM `table0_innodb_int_autoinc` AS X WHERE X.`col_char_12_key` IN ( 6, 860880896, 0, 7, 1 ) ORDER BY `col_char_12`,`col_char_12_key`,`col_int`,`col_int_key`,`pk` LIMIT 7
		   18 Query	UPDATE LOW_PRIORITY IGNORE `table0_innodb_key_pk_parts_2_int_autoinc` AS X SET `col_char_12_key` = 1092616192 ORDER BY `col_char_12`,`col_char_12_key`,`col_int`,`col_int_key`,`pk` LIMIT 5
		   11 Query	SELECT * FROM `table2_innodb_int_autoinc` AS X WHERE X.`col_char_12_key` BETWEEN 16 AND 4068016128 LIMIT 6
		   11 Query	SELECT X.`pk` FROM `table1_innodb_key_pk_parts_2_int_autoinc` AS X LEFT JOIN `table100_innodb_int_autoinc` AS Y USING ( `col_int_key` ) WHERE X.`pk` BETWEEN 1 AND 8 LIMIT 5 FOR UPDATE
		   23 Query	UPDATE LOW_PRIORITY IGNORE `table2_innodb_int_autoinc` AS X SET `col_char_12_key` = 190 ORDER BY `col_char_12`,`col_char_12_key`,`col_int`,`col_int_key`,`pk` LIMIT 6
		   21 Query	SHOW WARNINGS
		   20 Query	INSERT LOW_PRIORITY INTO `table100_innodb_key_pk_parts_2_int_autoinc` (`pk`) VALUES (NULL)
		   21 Query	DELETE LOW_PRIORITY FROM `table2_innodb_key_pk_parts_2_int_autoinc` WHERE `pk` BETWEEN 1 AND 5 ORDER BY `col_char_12`,`col_char_12_key`,`col_int`,`col_int_key`,`pk` LIMIT 3
		   24 Query	SHOW WARNINGS
		   26 Query	UPDATE LOW_PRIORITY `table1_innodb_int_autoinc` AS X SET `col_int` = 8 WHERE X.`col_char_12_key` IN ( 9, 146, 'b', 1, 'h' ) ORDER BY `col_char_12`,`col_char_12_key`,`col_int`,`col_int_key`,`pk` LIMIT 8
		   22 Query	SELECT X.`col_int_key` FROM `table2_innodb_key_pk_parts_2_int_autoinc` AS X LEFT JOIN `table2_innodb_key_pk_parts_2_int_autoinc` AS Y USING ( `col_char_12_key` ) WHERE X.`pk` BETWEEN 16 AND 1423638528 LIMIT 5
		   24 Query	INSERT LOW_PRIORITY IGNORE INTO `table0_innodb_key_pk_parts_2_int_autoinc` ( `col_char_12_key` ) SELECT `pk` FROM `table10_innodb_int_autoinc` AS X WHERE X.`col_int_key` < 21 ORDER BY `col_char_12`,`col_char_12_key`,`col_int`,`col_int_key`,`pk` LIMIT 7
		   21 Query	SHOW WARNINGS
		   11 Query	UPDATE LOW_PRIORITY `table0_innodb_int_autoinc` AS X SET `col_char_12_key` = 186 ORDER BY `col_char_12`,`col_char_12_key`,`col_int`,`col_int_key`,`pk` LIMIT 6
		   21 Query	REPLACE LOW_PRIORITY INTO `table10_innodb_int_autoinc` (`pk`) VALUES (NULL)
		   23 Query	SHOW WARNINGS
		   18 Query	SHOW WARNINGS
		   23 Query	INSERT LOW_PRIORITY INTO `table10_innodb_key_pk_parts_2_int_autoinc` (`pk`) VALUES (NULL)
		   18 Query	UPDATE LOW_PRIORITY IGNORE `table1_innodb_key_pk_parts_2_int_autoinc` AS X SET `col_int` = 'f' ORDER BY `col_char_12`,`col_char_12_key`,`col_int`,`col_int_key`,`pk` LIMIT 5
		   25 Query	SHOW WARNINGS
		   25 Query	DELETE LOW_PRIORITY QUICK IGNORE FROM `table2_innodb_int_autoinc` WHERE `col_int_key` IN ( SELECT `col_int_key` FROM `table10_innodb_key_pk_parts_2_int_autoinc` WHERE `pk` = 194 ) ORDER BY `col_char_12`,`col_char_12_key`,`col_int`,`col_int_key`,`pk` LIMIT 1
		   22 Query	SET AUTOCOMMIT=ON
		   22 Query	UPDATE LOW_PRIORITY IGNORE `table2_innodb_key_pk_parts_2_int_autoinc` AS X SET `col_char_12_key` = 590020608 WHERE X.`pk` BETWEEN 28 AND 2908291072 ORDER BY `col_char_12`,`col_char_12_key`,`col_int`,`col_int_key`,`pk` LIMIT 8
		   25 Query	SHOW WARNINGS
		   15 Query	SHOW WARNINGS
		   26 Query	SHOW WARNINGS
		   25 Query	UPDATE LOW_PRIORITY `table2_innodb_int_autoinc` AS X SET `col_int_key` = 'i' WHERE X.`col_char_12_key` BETWEEN 146 AND 2171535360 ORDER BY `col_char_12`,`col_char_12_key`,`col_int`,`col_int_key`,`pk` LIMIT 7
		   26 Query	DELETE LOW_PRIORITY IGNORE FROM `table10_innodb_int_autoinc` WHERE `col_char_12_key` BETWEEN 2 AND 7 ORDER BY `col_char_12`,`col_char_12_key`,`col_int`,`col_int_key`,`pk` LIMIT 2
		   15 Query	DELETE LOW_PRIORITY QUICK FROM `table100_innodb_int_autoinc` WHERE `pk` IN ( SELECT `col_char_12_key` FROM `table10_innodb_int_autoinc` WHERE `pk` = 4023386112 ) ORDER BY `col_char_12`,`col_char_12_key`,`col_int`,`col_int_key`,`pk` LIMIT 2
		   15 Query	SHOW WARNINGS
		   24 Query	SHOW WARNINGS
		   22 Query	SHOW WARNINGS
		   23 Query	UPDATE LOW_PRIORITY IGNORE `table2_innodb_key_pk_parts_2_int_autoinc` AS X SET `col_char_12_key` = 'j' WHERE X.`pk` BETWEEN 3 AND 5 ORDER BY `col_char_12`,`col_char_12_key`,`col_int`,`col_int_key`,`pk` LIMIT 6
		   24 Query	SELECT * FROM `table100_innodb_key_pk_parts_2_int_autoinc` AS X LEFT JOIN `table10_innodb_int_autoinc` AS Y USING ( `pk` ) LIMIT 7
		   15 Query	SELECT X.`col_char_12_key` FROM `table100_innodb_int_autoinc` AS X LEFT JOIN `table10_innodb_int_autoinc` AS Y USING ( `col_char_12_key` ) WHERE X.`col_char_12_key` BETWEEN 25 AND 692387840 LIMIT 8
		   22 Query	UPDATE LOW_PRIORITY `table100_innodb_key_pk_parts_2_int_autoinc` AS X SET `col_int` = 'w' WHERE X.`pk` = ( SELECT `col_char_12_key` FROM `table10_innodb_key_pk_parts_2_int_autoinc` WHERE `pk` = 1800077312 ) ORDER BY `col_char_12`,`col_char_12_key`,`col_int`,`col_int_key`,`pk` LIMIT 8
		   22 Query	INSERT LOW_PRIORITY INTO `table100_innodb_key_pk_parts_2_int_autoinc` ( `col_char_12`, `col_int_key` ) VALUES ( 3, 8 ), ( 'k', 'a' )
150425  6:40:39	   15 Query	SELECT * FROM `table0_innodb_int_autoinc` AS X LEFT JOIN `table2_innodb_int_autoinc` AS Y USING ( `col_char_12_key` ) WHERE X.`col_char_12_key` BETWEEN 234 AND 4135452672 LIMIT 8
		   23 Query	SHOW WARNINGS
		   25 Query	SHOW WARNINGS
		   13 Query	SHOW WARNINGS
		   13 Query	SET CHARACTER SET DEFAULT
		   20 Query	UPDATE LOW_PRIORITY IGNORE `table2_innodb_int_autoinc` AS X SET `col_char_12` = 5 WHERE X.`col_char_12_key` BETWEEN 3 AND 8 ORDER BY `col_char_12`,`col_char_12_key`,`col_int`,`col_int_key`,`pk` LIMIT 6
		   23 Query	REPLACE LOW_PRIORITY INTO `table2_innodb_key_pk_parts_2_int_autoinc` ( `col_int` ) SELECT `pk` FROM `table1_innodb_key_pk_parts_2_int_autoinc` AS X WHERE X.`col_int_key` BETWEEN 14 AND 4078829568 ORDER BY `col_char_12`,`col_char_12_key`,`col_int`,`col_int_key`,`pk` LIMIT 6
		   25 Query	INSERT LOW_PRIORITY IGNORE INTO `table1_innodb_key_pk_parts_2_int_autoinc` ( `col_char_12_key` ) SELECT `pk` FROM `table100_innodb_int_autoinc` AS X WHERE X.`col_char_12_key` < 204 ORDER BY `col_char_12`,`col_char_12_key`,`col_int`,`col_int_key`,`pk` LIMIT 5
		   13 Query	UPDATE LOW_PRIORITY IGNORE `table1_innodb_int_autoinc` AS X SET `col_int` = 7 WHERE X.`col_int_key` = ( SELECT `col_char_12_key` FROM `table0_innodb_int_autoinc` WHERE `pk` = 'q' ) ORDER BY `col_char_12`,`col_char_12_key`,`col_int`,`col_int_key`,`pk` LIMIT 5
		   13 Query	SELECT X.`pk` FROM `table10_innodb_key_pk_parts_2_int_autoinc` AS X WHERE X.`col_int_key` BETWEEN 9 AND 819068928 LIMIT 7
		   15 Query	UPDATE LOW_PRIORITY IGNORE `table0_innodb_int_autoinc` AS X SET `col_char_12_key` = 147 WHERE X.`col_int_key` IN ( 165, 3640852480, 186, 156, 252 ) ORDER BY `col_char_12`,`col_char_12_key`,`col_int`,`col_int_key`,`pk` LIMIT 5
		   20 Query	SHOW WARNINGS
		   20 Query	SELECT X.`col_int_key` FROM `table10_innodb_key_pk_parts_2_int_autoinc` AS X LEFT JOIN `table10_innodb_key_pk_parts_2_int_autoinc` AS Y USING ( `pk` ) WHERE X.`col_char_12_key` < 'v' LIMIT 7
		   13 Query	DELETE LOW_PRIORITY QUICK FROM `table0_innodb_int_autoinc` WHERE `col_char_12_key` BETWEEN 3 AND 6 ORDER BY `col_char_12`,`col_char_12_key`,`col_int`,`col_int_key`,`pk` LIMIT 2
		   21 Query	INSERT LOW_PRIORITY IGNORE INTO `table10_innodb_int_autoinc` (`pk`) VALUES (NULL)
		   23 Query	SHOW WARNINGS
		   23 Query	DELETE LOW_PRIORITY FROM `table0_innodb_key_pk_parts_2_int_autoinc` ORDER BY `col_char_12`,`col_char_12_key`,`col_int`,`col_int_key`,`pk` LIMIT 4
		   24 Query	UPDATE LOW_PRIORITY IGNORE `table100_innodb_int_autoinc` AS X SET `col_char_12_key` = 90 ORDER BY `col_char_12`,`col_char_12_key`,`col_int`,`col_int_key`,`pk` LIMIT 8
		   20 Query	DELETE LOW_PRIORITY QUICK FROM `table100_innodb_int_autoinc` WHERE `col_int_key` = 'z' ORDER BY `col_char_12`,`col_char_12_key`,`col_int`,`col_int_key`,`pk` LIMIT 4
		   19 Query	SHOW WARNINGS
		   19 Query	DELETE LOW_PRIORITY IGNORE FROM `table10_innodb_int_autoinc` WHERE `pk` = 3 ORDER BY `col_char_12`,`col_char_12_key`,`col_int`,`col_int_key`,`pk` LIMIT 4
		   18 Query	SHOW WARNINGS
		   17 Query	SHOW WARNINGS
		   22 Query	SHOW WARNINGS
		   17 Query	FLUSH TABLE table0_innodb_key_pk_parts_2_int_autoinc, table100_innodb_int_autoinc FOR EXPORT
		   18 Query	UPDATE LOW_PRIORITY IGNORE `table0_innodb_key_pk_parts_2_int_autoinc` AS X SET `col_int_key` = 6 ORDER BY `col_char_12`,`col_char_12_key`,`col_int`,`col_int_key`,`pk` LIMIT 5
		   22 Query	DELETE LOW_PRIORITY FROM `table2_innodb_int_autoinc` WHERE `col_int_key` IN ( SELECT `col_int_key` FROM `table2_innodb_key_pk_parts_2_int_autoinc` WHERE `pk` = 8 ) ORDER BY `col_char_12`,`col_char_12_key`,`col_int`,`col_int_key`,`pk` LIMIT 4
		   26 Query	SHOW WARNINGS
		   11 Query	SHOW WARNINGS
		   26 Query	UPDATE LOW_PRIORITY IGNORE `table2_innodb_key_pk_parts_2_int_autoinc` AS X SET `col_int_key` = 125 WHERE X.`col_char_12_key` < 105 ORDER BY `col_char_12`,`col_char_12_key`,`col_int`,`col_int_key`,`pk` LIMIT 6
		   11 Query	UPDATE LOW_PRIORITY IGNORE `table2_innodb_int_autoinc` AS X SET `col_char_12_key` = 3060137984 WHERE X.`pk` BETWEEN 4 AND 6 ORDER BY `col_char_12`,`col_char_12_key`,`col_int`,`col_int_key`,`pk` LIMIT 6
		   19 Query	SHOW WARNINGS
		   14 Query	CREATE OR REPLACE TEMPORARY TABLE `create_or_replace_tmp` LIKE `table2_innodb_key_pk_parts_2_int_autoinc`
		   14 Query	INSERT INTO `create_or_replace_tmp` SELECT * FROM `table1_innodb_key_pk_parts_2_int_autoinc`
		   19 Query	SELECT X.`pk` FROM `table10_innodb_int_autoinc` AS X WHERE X.`col_char_12_key` BETWEEN 2 AND 5 LIMIT 6 FOR UPDATE
		   23 Query	SHOW WARNINGS
		   15 Query	SHOW WARNINGS
		   23 Query	SELECT * FROM `table10_innodb_key_pk_parts_2_int_autoinc` AS X LEFT JOIN `table100_innodb_int_autoinc` AS Y USING ( `col_int_key` ) WHERE X.`pk` < 180 LIMIT 7
		   15 Query	DELETE LOW_PRIORITY QUICK FROM `table1_innodb_key_pk_parts_2_int_autoinc` WHERE `col_char_12_key` IN ( SELECT `col_char_12_key` FROM `table1_innodb_int_autoinc` WHERE `pk` = 228 ) ORDER BY `col_char_12`,`col_char_12_key`,`col_int`,`col_int_key`,`pk` LIMIT 2
		   22 Query	SHOW WARNINGS
		   16 Query	SHOW WARNINGS
		   16 Query	UPDATE LOW_PRIORITY `table0_innodb_key_pk_parts_2_int_autoinc` AS X SET `col_char_12` = 3928424448 WHERE X.`pk` < 2173501440 ORDER BY `col_char_12`,`col_char_12_key`,`col_int`,`col_int_key`,`pk` LIMIT 5
		   22 Query	UPDATE LOW_PRIORITY `table0_innodb_int_autoinc` AS X SET `col_int` = 1307639808 WHERE X.`col_char_12_key` IN ( 'y', 'd', 220, 1042219008, 'y' ) ORDER BY `col_char_12`,`col_char_12_key`,`col_int`,`col_int_key`,`pk` LIMIT 8
		   23 Query	UPDATE LOW_PRIORITY IGNORE `table100_innodb_int_autoinc` AS X SET `col_int_key` = 3967287296 WHERE X.`pk` = ( SELECT `col_int_key` FROM `table10_innodb_key_pk_parts_2_int_autoinc` WHERE `pk` = 'q' ) ORDER BY `col_char_12`,`col_char_12_key`,`col_int`,`col_int_key`,`pk` LIMIT 6
		   12 Query	SHOW WARNINGS
		   13 Query	SHOW WARNINGS
		   13 Query	REPLACE LOW_PRIORITY INTO `table100_innodb_key_pk_parts_2_int_autoinc` (`pk`) VALUES (NULL)
		   12 Query	UPDATE LOW_PRIORITY IGNORE `table1_innodb_key_pk_parts_2_int_autoinc` AS X SET `col_int` = 4235395072 WHERE X.`col_int_key` BETWEEN 4 AND 5 ORDER BY `col_char_12`,`col_char_12_key`,`col_int`,`col_int_key`,`pk` LIMIT 8
		   11 Query	SHOW WARNINGS
		   11 Query	SELECT X.`pk` FROM `table1_innodb_key_pk_parts_2_int_autoinc` AS X LEFT JOIN `table1_innodb_int_autoinc` AS Y USING ( `col_char_12_key` ) WHERE X.`col_int_key` BETWEEN 4 AND 8 LIMIT 5
		   11 Query	DELETE LOW_PRIORITY QUICK FROM `table0_innodb_int_autoinc` WHERE `col_char_12_key` IN ( 'a', 53, 194, 187, 4 ) ORDER BY `col_char_12`,`col_char_12_key`,`col_int`,`col_int_key`,`pk` LIMIT 2
		   12 Query	SHOW WARNINGS
		   25 Query	SHOW WARNINGS
		   12 Query	DELETE LOW_PRIORITY QUICK IGNORE FROM `table0_innodb_key_pk_parts_2_int_autoinc` WHERE `col_int_key` BETWEEN 4 AND 5 ORDER BY `col_char_12`,`col_char_12_key`,`col_int`,`col_int_key`,`pk` LIMIT 4
		   25 Query	DELETE LOW_PRIORITY FROM `table2_innodb_int_autoinc` WHERE `col_char_12_key` BETWEEN 3 AND 6 ORDER BY `col_char_12`,`col_char_12_key`,`col_int`,`col_int_key`,`pk` LIMIT 3
		   26 Query	SHOW WARNINGS
		   21 Query	DELETE LOW_PRIORITY IGNORE FROM `table0_innodb_int_autoinc` WHERE `pk` BETWEEN 2 AND 5 ORDER BY `col_char_12`,`col_char_12_key`,`col_int`,`col_int_key`,`pk` LIMIT 4
		   26 Query	SELECT X.`col_char_12_key` FROM `table2_innodb_int_autoinc` AS X LIMIT 6 LOCK IN SHARE MODE
		   26 Query	DELETE LOW_PRIORITY QUICK FROM `table100_innodb_int_autoinc` ORDER BY `col_char_12`,`col_char_12_key`,`col_int`,`col_int_key`,`pk` LIMIT 1
		   25 Query	SHOW WARNINGS
		   25 Query	SELECT X.`pk` FROM `table10_innodb_key_pk_parts_2_int_autoinc` AS X WHERE X.`col_char_12_key` BETWEEN 96 AND 3549691904 LIMIT 7
		   13 Query	INSERT LOW_PRIORITY IGNORE INTO `table1_innodb_key_pk_parts_2_int_autoinc` (`pk`) VALUES (NULL)
		   22 Query	SHOW WARNINGS
		   22 Query	COMMIT
		   22 Query	SET TRANSACTION ISOLATION LEVEL REPEATABLE READ
		   11 Query	SHOW WARNINGS
		   25 Query	DELETE LOW_PRIORITY FROM `table10_innodb_key_pk_parts_2_int_autoinc` WHERE `pk` IN ( 2731868160, 'u', 1545601024, 4087611392, 6 ) ORDER BY `col_char_12`,`col_char_12_key`,`col_int`,`col_int_key`,`pk` LIMIT 2
		   19 Query	SELECT * FROM `table1_innodb_int_autoinc` AS X LEFT JOIN `table2_innodb_int_autoinc` AS Y USING ( `col_int_key` ) WHERE X.`col_char_12_key` = ( SELECT `col_char_12_key` FROM `table1_innodb_key_pk_parts_2_int_autoinc` WHERE `pk` = 2168782848 ) LIMIT 5 LOCK IN SHARE MODE
		   22 Query	DELETE LOW_PRIORITY IGNORE FROM `table100_innodb_int_autoinc` ORDER BY `col_char_12`,`col_char_12_key`,`col_int`,`col_int_key`,`pk` LIMIT 2
		   11 Query	DELETE LOW_PRIORITY IGNORE FROM `table2_innodb_int_autoinc` WHERE `pk` IN ( 1213726720, 197, 3635412992, 273743872, 2057371648 ) ORDER BY `col_char_12`,`col_char_12_key`,`col_int`,`col_int_key`,`pk` LIMIT 4
		   19 Query	DELETE LOW_PRIORITY QUICK FROM `table2_innodb_int_autoinc` WHERE `pk` IN ( 202, 'g', 'v', 2117468160, 48 ) ORDER BY `col_char_12`,`col_char_12_key`,`col_int`,`col_int_key`,`pk` LIMIT 3
		   21 Query	SHOW WARNINGS
		   20 Query	SHOW WARNINGS
		   21 Query	UPDATE LOW_PRIORITY `table2_innodb_int_autoinc` AS X SET `col_char_12` = 'n' WHERE X.`pk` = ( SELECT `pk` FROM `table10_innodb_key_pk_parts_2_int_autoinc` WHERE `pk` = 2560950272 ) ORDER BY `col_char_12`,`col_char_12_key`,`col_int`,`col_int_key`,`pk` LIMIT 5
		   20 Query	DELETE LOW_PRIORITY FROM `table0_innodb_key_pk_parts_2_int_autoinc` WHERE `col_char_12_key` = 5 ORDER BY `col_char_12`,`col_char_12_key`,`col_int`,`col_int_key`,`pk` LIMIT 2
		   14 Query	SHOW WARNINGS
		   21 Query	INSERT LOW_PRIORITY IGNORE INTO `table100_innodb_int_autoinc` ( `col_char_12_key`, `col_char_12` ) VALUES ( 2842689536, 2 ), ( 3827957760, 7 )
		   11 Query	SHOW WARNINGS
		   14 Query	UNLOCK TABLES
		   11 Query	UPDATE LOW_PRIORITY IGNORE `table2_innodb_int_autoinc` AS X SET `col_int_key` = 7 WHERE X.`col_char_12_key` BETWEEN 250 AND 1996357632 ORDER BY `col_char_12`,`col_char_12_key`,`col_int`,`col_int_key`,`pk` LIMIT 8
		   14 Query	SELECT ID INTO @thread_id FROM INFORMATION_SCHEMA.PROCESSLIST ORDER BY RAND() LIMIT 1
		   25 Query	SHOW WARNINGS
		   19 Query	SHOW WARNINGS
		   15 Query	SHOW WARNINGS
		   19 Query	UPDATE LOW_PRIORITY IGNORE `table10_innodb_int_autoinc` AS X SET `col_char_12` = 6 ORDER BY `col_char_12`,`col_char_12_key`,`col_int`,`col_int_key`,`pk` LIMIT 8
		   15 Query	DELETE LOW_PRIORITY IGNORE FROM `table0_innodb_key_pk_parts_2_int_autoinc` WHERE `col_char_12_key` IN ( 84, 2678652928, 3, 5, 0 ) ORDER BY `col_char_12`,`col_char_12_key`,`col_int`,`col_int_key`,`pk` LIMIT 1
		   14 Query	EXECUTE show_expl_stmt USING @thread_id
		   25 Query	UPDATE LOW_PRIORITY `table100_innodb_int_autoinc` AS X SET `col_char_12` = 1289093120 WHERE X.`pk` BETWEEN 1 AND 5 ORDER BY `col_char_12`,`col_char_12_key`,`col_int`,`col_int_key`,`pk` LIMIT 5
		   14 Query	SELECT ID INTO @thread_id FROM INFORMATION_SCHEMA.PROCESSLIST ORDER BY RAND() LIMIT 1
		   14 Query	EXECUTE show_expl_stmt USING @thread_id
		   14 Query	ANALYZE TABLE `table10_innodb_key_pk_parts_2_int_autoinc` PERSISTENT FOR ALL
150425  6:40:40	   14 Query	EXPLAIN EXTENDED DELETE LOW_PRIORITY FROM `table2_innodb_int_autoinc` WHERE `col_int_key` = 'o' ORDER BY `col_char_12`,`col_char_12_key`,`col_int`,`col_int_key`,`pk` LIMIT 4
		   14 Query	CREATE OR REPLACE TABLE `create_or_replace_tmp` AS SELECT * FROM `table10_innodb_key_pk_parts_2_int_autoinc`
		   24 Query	SHOW WARNINGS
		   19 Query	SHOW WARNINGS
		   11 Query	SHOW WARNINGS
		   13 Query	UPDATE LOW_PRIORITY IGNORE `table2_innodb_key_pk_parts_2_int_autoinc` AS X SET `col_char_12_key` = 251 WHERE X.`col_char_12_key` = ( SELECT `col_char_12_key` FROM `table0_innodb_int_autoinc` WHERE `pk` = 235 ) ORDER BY `col_char_12`,`col_char_12_key`,`col_int`,`col_int_key`,`pk` LIMIT 5
		   19 Query	DELETE LOW_PRIORITY QUICK IGNORE FROM `table100_innodb_int_autoinc` WHERE `pk` IN ( 7, 112, 126, 'y', 'k' ) ORDER BY `col_char_12`,`col_char_12_key`,`col_int`,`col_int_key`,`pk` LIMIT 3
		   24 Query	UPDATE LOW_PRIORITY IGNORE `table0_innodb_int_autoinc` AS X SET `col_char_12_key` = 'r' WHERE X.`col_char_12_key` BETWEEN 3 AND 8 ORDER BY `col_char_12`,`col_char_12_key`,`col_int`,`col_int_key`,`pk` LIMIT 6
		   11 Query	SELECT X.`col_char_12_key` FROM `table2_innodb_key_pk_parts_2_int_autoinc` AS X WHERE X.`pk` = ( SELECT `col_int_key` FROM `table1_innodb_key_pk_parts_2_int_autoinc` WHERE `pk` = 's' ) LIMIT 5
		   13 Query	SET CHARACTER SET DEFAULT
		   13 Query	SELECT CHARACTER_SET_NAME INTO @cset FROM INFORMATION_SCHEMA.CHARACTER_SETS ORDER BY RAND() LIMIT 1
		   13 Query	SET @stmt_names_or_charset = CONCAT( 'SET NAMES ', @cset )
		   13 Query	SELECT CONCAT(@stmt_names_or_charset, ' COLLATE `', COLLATION_NAME, '`') INTO @stmt_names_or_charset FROM INFORMATION_SCHEMA.COLLATIONS WHERE CHARACTER_SET_NAME = @cset ORDER BY RAND() LIMIT 1
		   13 Query	PREPARE stmt_names_or_charset FROM @stmt_names_or_charset
		   13 Prepare	SET NAMES cp1256 COLLATE `cp1256_general_ci`
		   13 Query	EXECUTE stmt_names_or_charset
		   13 Execute	SET NAMES cp1256 COLLATE `cp1256_general_ci`
		   13 Query	DEALLOCATE PREPARE stmt_names_or_charset
		   13 Query	SELECT X.`col_char_12_key` FROM `table10_innodb_int_autoinc` AS X LEFT JOIN `table1_innodb_key_pk_parts_2_int_autoinc` AS Y USING ( `col_char_12_key` ) LIMIT 8
		   13 Query	INSERT LOW_PRIORITY INTO `table2_innodb_int_autoinc` ( `col_char_12`, `col_int` ) VALUES ( 131, 'n' ), ( 1982595072, 9 )
150425  6:40:41	   11 Query	SELECT * FROM `table10_innodb_int_autoinc` AS X LEFT JOIN `table2_innodb_key_pk_parts_2_int_autoinc` AS Y USING ( `col_int_key` ) WHERE X.`pk` IN ( 207, 77, 2171666432, 2362048512, 168 ) LIMIT 8 LOCK IN SHARE MODE
		   11 Query	DELETE LOW_PRIORITY IGNORE FROM `table10_innodb_int_autoinc` WHERE `col_int_key` = 5 ORDER BY `col_char_12`,`col_char_12_key`,`col_int`,`col_int_key`,`pk` LIMIT 2
		   14 Query	ANALYZE TABLE `table100_innodb_int_autoinc`
		   14 Query	CREATE OR REPLACE TABLE `create_or_replace_tmp` AS SELECT * FROM `table10_innodb_key_pk_parts_2_int_autoinc`
		   24 Query	SHOW WARNINGS
		   11 Query	SHOW WARNINGS
		   13 Query	SHOW WARNINGS
		   11 Query	REPLACE LOW_PRIORITY INTO `table100_innodb_key_pk_parts_2_int_autoinc` (`pk`) VALUES (NULL)
		   24 Query	UPDATE LOW_PRIORITY IGNORE `table10_innodb_int_autoinc` AS X SET `col_char_12_key` = 112 ORDER BY `col_char_12`,`col_char_12_key`,`col_int`,`col_int_key`,`pk` LIMIT 5
		   13 Query	DELETE LOW_PRIORITY FROM `table100_innodb_int_autoinc` WHERE `pk` IN ( SELECT `col_char_12_key` FROM `table1_innodb_int_autoinc` WHERE `pk` = 'i' ) ORDER BY `col_char_12`,`col_char_12_key`,`col_int`,`col_int_key`,`pk` LIMIT 3
150425  6:40:42	   71 Connect	root@localhost as anonymous on test
		   71 Query	set autocommit=1
		   71 Query	SHOW FULL PROCESSLIST
		   71 Quit	
		   72 Connect	root@localhost as anonymous on test
		   72 Query	set autocommit=1
		   72 Query	SHOW FULL PROCESSLIST
		   72 Quit	
		   17 Query	UNLOCK TABLES
		   17 Query	SELECT ID INTO @thread_id FROM INFORMATION_SCHEMA.PROCESSLIST ORDER BY RAND() LIMIT 1
		   12 Query	REPLACE LOW_PRIORITY INTO `table100_innodb_key_pk_parts_2_int_autoinc` (`pk`) VALUES (NULL)
		   17 Query	EXECUTE show_expl_stmt USING @thread_id
		   17 Query	SELECT ID INTO @thread_id FROM INFORMATION_SCHEMA.PROCESSLIST ORDER BY RAND() LIMIT 1
		   17 Query	EXECUTE show_expl_stmt USING @thread_id
		   17 Query	EXPLAIN SELECT ( SELECT `pk` FROM `table2_innodb_key_pk_parts_2_int_autoinc` WHERE `pk` = 'w' ) FROM `table100_innodb_int_autoinc` AS X LEFT JOIN `table0_innodb_key_pk_parts_2_int_autoinc` AS Y USING ( `col_int_key` ) WHERE X.`col_char_12_key` = ( SELECT `pk` FROM `table1_innodb_key_pk_parts_2_int_autoinc` WHERE `pk` = 179 ) LIMIT 6 LOCK IN SHARE MODE
		   24 Query	SHOW WARNINGS
		   11 Query	DELETE LOW_PRIORITY QUICK IGNORE FROM `table0_innodb_key_pk_parts_2_int_autoinc` WHERE `col_char_12_key` IN ( 40, 'q', 3, 3, 2565799936 ) ORDER BY `col_char_12`,`col_char_12_key`,`col_int`,`col_int_key`,`pk` LIMIT 1
		   21 Query	SELECT * FROM `table0_innodb_int_autoinc` AS X LEFT JOIN `table2_innodb_int_autoinc` AS Y USING ( `col_int_key` ) WHERE X.`col_char_12_key` < 8 LIMIT 7
		   24 Query	INSERT LOW_PRIORITY INTO `table100_innodb_key_pk_parts_2_int_autoinc` ( `col_char_12`, `col_int_key` ) VALUES ( 'a', 'j' ), ( 2289369088, 212336640 )
		   18 Query	SHOW WARNINGS
		   18 Query	UPDATE LOW_PRIORITY IGNORE `table10_innodb_key_pk_parts_2_int_autoinc` AS X SET `col_int` = 9 WHERE X.`pk` < 26 ORDER BY `col_char_12`,`col_char_12_key`,`col_int`,`col_int_key`,`pk` LIMIT 5
		   23 Query	UPDATE LOW_PRIORITY IGNORE `table1_innodb_int_autoinc` AS X SET `col_char_12` = 2102525952 WHERE X.`col_int_key` < 50 ORDER BY `col_char_12`,`col_char_12_key`,`col_int`,`col_int_key`,`pk` LIMIT 7
		   17 Query	SELECT ID INTO @thread_id FROM INFORMATION_SCHEMA.PROCESSLIST ORDER BY RAND() LIMIT 1
		   21 Query	UPDATE LOW_PRIORITY `table100_innodb_key_pk_parts_2_int_autoinc` AS X SET `col_int` = 'c' ORDER BY `col_char_12`,`col_char_12_key`,`col_int`,`col_int_key`,`pk` LIMIT 6
		   17 Query	EXECUTE show_expl_stmt USING @thread_id
		   17 Query	ANALYZE TABLE `table2_innodb_int_autoinc` PERSISTENT FOR ALL
		   12 Query	UPDATE LOW_PRIORITY IGNORE `table10_innodb_int_autoinc` AS X SET `col_char_12` = 0 WHERE X.`col_int_key` = ( SELECT `col_int_key` FROM `table10_innodb_key_pk_parts_2_int_autoinc` WHERE `pk` = 4 ) ORDER BY `col_char_12`,`col_char_12_key`,`col_int`,`col_int_key`,`pk` LIMIT 5
		   12 Query	INSERT LOW_PRIORITY IGNORE INTO `table0_innodb_int_autoinc` (`pk`) VALUES (NULL)
		   24 Query	SHOW WARNINGS
		   24 Query	DELETE LOW_PRIORITY FROM `table100_innodb_int_autoinc` WHERE `pk` IN ( 4051107840, 34, 68, 3, 558104576 ) ORDER BY `col_char_12`,`col_char_12_key`,`col_int`,`col_int_key`,`pk` LIMIT 4
		   15 Query	SHOW WARNINGS
		   15 Query	UPDATE LOW_PRIORITY IGNORE `table0_innodb_int_autoinc` AS X SET `col_char_12_key` = 250 WHERE X.`col_char_12_key` BETWEEN 2 AND 6 ORDER BY `col_char_12`,`col_char_12_key`,`col_int`,`col_int_key`,`pk` LIMIT 7
		   25 Query	SHOW WARNINGS
		   23 Query	SHOW WARNINGS
		   25 Query	DELETE LOW_PRIORITY QUICK FROM `table1_innodb_key_pk_parts_2_int_autoinc` WHERE `col_char_12_key` BETWEEN 4 AND 6 ORDER BY `col_char_12`,`col_char_12_key`,`col_int`,`col_int_key`,`pk` LIMIT 1
		   12 Query	SELECT X.`pk` FROM `table100_innodb_int_autoinc` AS X WHERE X.`pk` = ( SELECT `pk` FROM `table100_innodb_int_autoinc` WHERE `pk` = 3868459008 ) LIMIT 5
