		   16 Query	DELETE LOW_PRIORITY FROM `table100_innodb_key_pk_parts_2_int_autoinc` WHERE `pk` BETWEEN 3 AND 6 ORDER BY `col_char_12`,`col_char_12_key`,`col_int`,`col_int_key`,`pk` LIMIT 3
		   19 Query	INSERT LOW_PRIORITY INTO `table2_innodb_int_autoinc` ( `col_char_12` ) SELECT `pk` FROM `table1_innodb_key_pk_parts_2_int_autoinc` AS X WHERE X.`pk` IN ( 2376925184, 3394043904, 70, 1893597184, 7 ) ORDER BY `col_char_12`,`col_char_12_key`,`col_int`,`col_int_key`,`pk` LIMIT 5
		   18 Query	SHOW WARNINGS
		   18 Query	REPLACE LOW_PRIORITY INTO `table1_innodb_key_pk_parts_2_int_autoinc` ( `col_char_12_key`, `col_char_12_key` ) VALUES ( 3, 'j' ), ( 32, 7 )
		   13 Query	SHOW WARNINGS
		   13 Query	SET CHARACTER SET DEFAULT
		   13 Query	UPDATE LOW_PRIORITY `table10_innodb_key_pk_parts_2_int_autoinc` AS X SET `col_int` = 211 ORDER BY `col_char_12`,`col_char_12_key`,`col_int`,`col_int_key`,`pk` LIMIT 6
		   22 Query	SHOW WARNINGS
		   16 Query	INSERT LOW_PRIORITY INTO `table2_innodb_int_autoinc` ( `col_char_12_key`, `col_char_12_key` ) VALUES ( 807796736, 'l' ), ( 523894784, 'f' )
		   22 Query	DELETE LOW_PRIORITY IGNORE FROM `table100_innodb_int_autoinc` WHERE `col_int_key` BETWEEN 4 AND 5 ORDER BY `col_char_12`,`col_char_12_key`,`col_int`,`col_int_key`,`pk` LIMIT 4
		   16 Query	DELETE LOW_PRIORITY QUICK IGNORE FROM `table0_innodb_key_pk_parts_2_int_autoinc` WHERE `pk` = 14 ORDER BY `col_char_12`,`col_char_12_key`,`col_int`,`col_int_key`,`pk` LIMIT 1
		   22 Query	SHOW WARNINGS
		   22 Query	SET AUTOCOMMIT=OFF
		   22 Query	REPLACE LOW_PRIORITY INTO `table1_innodb_key_pk_parts_2_int_autoinc` ( `col_int` ) SELECT `col_char_12_key` FROM `table1_innodb_key_pk_parts_2_int_autoinc` AS X WHERE X.`col_char_12_key` = ( SELECT `pk` FROM `table2_innodb_int_autoinc` WHERE `pk` = 1200553984 ) ORDER BY `col_char_12`,`col_char_12_key`,`col_int`,`col_int_key`,`pk` LIMIT 7
		   12 Query	DELETE LOW_PRIORITY FROM `table100_innodb_key_pk_parts_2_int_autoinc` WHERE `col_int_key` BETWEEN 2 AND 5 ORDER BY `col_char_12`,`col_char_12_key`,`col_int`,`col_int_key`,`pk` LIMIT 1
		   18 Query	UPDATE LOW_PRIORITY IGNORE `table1_innodb_key_pk_parts_2_int_autoinc` AS X SET `col_int` = 278921216 WHERE X.`col_char_12_key` IN ( 234, 4, 'f', 19, 'w' ) ORDER BY `col_char_12`,`col_char_12_key`,`col_int`,`col_int_key`,`pk` LIMIT 6
150425  6:38:27	   20 Query	SHOW WARNINGS
		   23 Query	SHOW WARNINGS
		   20 Query	SELECT X.`col_int_key` FROM `table10_innodb_int_autoinc` AS X LEFT JOIN `table100_innodb_int_autoinc` AS Y USING ( `col_int_key` ) LIMIT 6
		   23 Query	SAVEPOINT A
		   24 Query	DELETE LOW_PRIORITY FROM `table100_innodb_key_pk_parts_2_int_autoinc` WHERE `col_int_key` = 48 ORDER BY `col_char_12`,`col_char_12_key`,`col_int`,`col_int_key`,`pk` LIMIT 3
		   23 Query	INSERT LOW_PRIORITY IGNORE INTO `table1_innodb_key_pk_parts_2_int_autoinc` ( `col_char_12_key` ) SELECT `col_int_key` FROM `table1_innodb_int_autoinc` AS X ORDER BY `col_char_12`,`col_char_12_key`,`col_int`,`col_int_key`,`pk` LIMIT 5
		   16 Query	SHOW WARNINGS
		   25 Query	SELECT X.`pk` FROM `table10_innodb_key_pk_parts_2_int_autoinc` AS X LEFT JOIN `table0_innodb_key_pk_parts_2_int_autoinc` AS Y USING ( `col_char_12_key` ) WHERE X.`col_int_key` BETWEEN 1 AND 8 LIMIT 6
		   20 Query	UPDATE LOW_PRIORITY `table10_innodb_key_pk_parts_2_int_autoinc` AS X SET `col_char_12` = 590610432 ORDER BY `col_char_12`,`col_char_12_key`,`col_int`,`col_int_key`,`pk` LIMIT 8
		   15 Query	SHOW WARNINGS
		   12 Query	SELECT * FROM `table0_innodb_key_pk_parts_2_int_autoinc` AS X LEFT JOIN `table2_innodb_int_autoinc` AS Y USING ( `col_int_key` ) WHERE X.`col_char_12_key` BETWEEN 239 AND 1077805056 LIMIT 7 FOR UPDATE
		   15 Query	UPDATE LOW_PRIORITY `table0_innodb_key_pk_parts_2_int_autoinc` AS X SET `col_int` = 'm' ORDER BY `col_char_12`,`col_char_12_key`,`col_int`,`col_int_key`,`pk` LIMIT 8
		   16 Query	SELECT ( SELECT `col_char_12_key` FROM `table1_innodb_int_autoinc` WHERE `pk` = 115 ) FROM `table0_innodb_key_pk_parts_2_int_autoinc` AS X WHERE X.`pk` = ( SELECT `col_int_key` FROM `table2_innodb_int_autoinc` WHERE `pk` = 2193162240 ) LIMIT 8 FOR UPDATE
		   11 Query	SHOW WARNINGS
		   12 Query	INSERT LOW_PRIORITY IGNORE INTO `table1_innodb_key_pk_parts_2_int_autoinc` ( `col_int_key` ) SELECT `col_int_key` FROM `table0_innodb_int_autoinc` AS X WHERE X.`col_char_12_key` BETWEEN 1 AND 7 ORDER BY `col_char_12`,`col_char_12_key`,`col_int`,`col_int_key`,`pk` LIMIT 8
		   25 Query	SELECT X.`pk` FROM `table100_innodb_int_autoinc` AS X LEFT JOIN `table0_innodb_int_autoinc` AS Y USING ( `col_int_key` ) WHERE X.`pk` IN ( 2, 1708392448, 276496384, 4, 234356736 ) LIMIT 5 FOR UPDATE
		   16 Query	UPDATE LOW_PRIORITY `table10_innodb_int_autoinc` AS X SET `col_char_12_key` = 2042757120 WHERE X.`col_int_key` IN ( 948568064, 2553020416, 'r', 1, 3322609664 ) ORDER BY `col_char_12`,`col_char_12_key`,`col_int`,`col_int_key`,`pk` LIMIT 8
		   25 Query	DELETE LOW_PRIORITY QUICK FROM `table100_innodb_key_pk_parts_2_int_autoinc` ORDER BY `col_char_12`,`col_char_12_key`,`col_int`,`col_int_key`,`pk` LIMIT 4
		   19 Query	UPDATE LOW_PRIORITY `table2_innodb_key_pk_parts_2_int_autoinc` AS X SET `col_char_12` = 8 WHERE X.`pk` = ( SELECT `pk` FROM `table0_innodb_key_pk_parts_2_int_autoinc` WHERE `pk` = 6 ) ORDER BY `col_char_12`,`col_char_12_key`,`col_int`,`col_int_key`,`pk` LIMIT 7
		   12 Query	SELECT ( SELECT `col_char_12_key` FROM `table2_innodb_int_autoinc` WHERE `pk` = 199 ) FROM `table10_innodb_key_pk_parts_2_int_autoinc` AS X WHERE X.`col_char_12_key` = ( SELECT `col_int_key` FROM `table0_innodb_int_autoinc` WHERE `pk` = 344260608 ) LIMIT 6 FOR UPDATE
		   11 Query	DELETE LOW_PRIORITY IGNORE FROM `table2_innodb_int_autoinc` ORDER BY `col_char_12`,`col_char_12_key`,`col_int`,`col_int_key`,`pk` LIMIT 2
		   19 Query	SELECT X.`pk` FROM `table0_innodb_int_autoinc` AS X LEFT JOIN `table1_innodb_key_pk_parts_2_int_autoinc` AS Y USING ( `pk` ) WHERE X.`col_char_12_key` BETWEEN 186 AND 2261319680 LIMIT 8 LOCK IN SHARE MODE
		   19 Query	DELETE LOW_PRIORITY FROM `table2_innodb_key_pk_parts_2_int_autoinc` ORDER BY `col_char_12`,`col_char_12_key`,`col_int`,`col_int_key`,`pk` LIMIT 2
		   21 Query	SHOW WARNINGS
		   24 Query	SHOW WARNINGS
		   21 Query	DELETE LOW_PRIORITY IGNORE FROM `table1_innodb_int_autoinc` WHERE `col_char_12_key` = 106 ORDER BY `col_char_12`,`col_char_12_key`,`col_int`,`col_int_key`,`pk` LIMIT 3
		   24 Query	REPLACE LOW_PRIORITY INTO `table0_innodb_int_autoinc` ( `col_int_key`, `col_char_12_key` ) VALUES ( 2, 2784624640 ), ( 'h', 260505600 )
		   23 Query	SHOW WARNINGS
		   22 Query	SHOW WARNINGS
		   23 Query	SELECT X.`pk` FROM `table1_innodb_int_autoinc` AS X LEFT JOIN `table1_innodb_int_autoinc` AS Y USING ( `col_char_12_key` ) LIMIT 6 LOCK IN SHARE MODE
		   22 Query	COMMIT
		   23 Query	UPDATE LOW_PRIORITY `table0_innodb_key_pk_parts_2_int_autoinc` AS X SET `col_int_key` = 'k' WHERE X.`col_char_12_key` IN ( 224, 3453747200, 0, 3, 'c' ) ORDER BY `col_char_12`,`col_char_12_key`,`col_int`,`col_int_key`,`pk` LIMIT 5
		   11 Query	SHOW WARNINGS
		   21 Query	SHOW WARNINGS
		   15 Query	SHOW WARNINGS
		   11 Query	DELETE LOW_PRIORITY FROM `table10_innodb_key_pk_parts_2_int_autoinc` WHERE `col_char_12_key` = 255 ORDER BY `col_char_12`,`col_char_12_key`,`col_int`,`col_int_key`,`pk` LIMIT 2
		   21 Query	DELETE LOW_PRIORITY QUICK FROM `table0_innodb_int_autoinc` WHERE `col_int_key` BETWEEN 4 AND 6 ORDER BY `col_char_12`,`col_char_12_key`,`col_int`,`col_int_key`,`pk` LIMIT 3
		   15 Query	REPLACE LOW_PRIORITY INTO `table100_innodb_key_pk_parts_2_int_autoinc` ( `col_char_12`, `col_char_12_key` ) VALUES ( 9, 3035693056 ), ( 8, 811466752 )
		   19 Query	SHOW WARNINGS
		   19 Query	DELETE LOW_PRIORITY QUICK FROM `table2_innodb_int_autoinc` WHERE `col_char_12_key` IN ( SELECT `col_char_12_key` FROM `table2_innodb_int_autoinc` WHERE `pk` = 3161391104 ) ORDER BY `col_char_12`,`col_char_12_key`,`col_int`,`col_int_key`,`pk` LIMIT 3
		   19 Query	UPDATE LOW_PRIORITY `table10_innodb_int_autoinc` AS X SET `col_int_key` = 'y' WHERE X.`col_int_key` < 3 ORDER BY `col_char_12`,`col_char_12_key`,`col_int`,`col_int_key`,`pk` LIMIT 6
		   24 Query	SHOW WARNINGS
		   21 Query	SHOW WARNINGS
		   22 Query	SET TRANSACTION ISOLATION LEVEL READ UNCOMMITTED
		   22 Query	SELECT X.`col_int_key` FROM `table10_innodb_int_autoinc` AS X WHERE X.`pk` IN ( 4, 7, 148, 48, 'e' ) LIMIT 7
		   24 Query	SELECT X.`col_char_12` FROM `table100_innodb_int_autoinc` AS X LEFT JOIN `table1_innodb_key_pk_parts_2_int_autoinc` AS Y USING ( `col_char_12_key` ) WHERE X.`pk` BETWEEN 3 AND 7 LIMIT 6
		   21 Query	DELETE LOW_PRIORITY IGNORE FROM `table1_innodb_int_autoinc` WHERE `col_int_key` IN ( 'c', 2637365248, 1419902976, 3921870848, 7 ) ORDER BY `col_char_12`,`col_char_12_key`,`col_int`,`col_int_key`,`pk` LIMIT 4
		   23 Query	SHOW WARNINGS
		   22 Query	REPLACE LOW_PRIORITY INTO `table10_innodb_key_pk_parts_2_int_autoinc` (`pk`) VALUES (NULL)
		   23 Query	SELECT X.`pk` FROM `table2_innodb_key_pk_parts_2_int_autoinc` AS X WHERE X.`col_char_12_key` BETWEEN 2 AND 8 LIMIT 6
		   24 Query	DELETE LOW_PRIORITY IGNORE FROM `table1_innodb_int_autoinc` WHERE `pk` IN ( SELECT `col_int_key` FROM `table10_innodb_int_autoinc` WHERE `pk` = 'b' ) ORDER BY `col_char_12`,`col_char_12_key`,`col_int`,`col_int_key`,`pk` LIMIT 2
		   21 Query	SHOW WARNINGS
		   18 Query	SHOW WARNINGS
		   18 Query	INSERT LOW_PRIORITY INTO `table10_innodb_int_autoinc` ( `col_char_12_key`, `col_char_12_key` ) VALUES ( 'x', 0 ), ( 4286709760, 182 )
		   23 Query	SELECT ( SELECT `pk` FROM `table0_innodb_int_autoinc` WHERE `pk` = 'r' ) FROM `table100_innodb_key_pk_parts_2_int_autoinc` AS X LEFT JOIN `table10_innodb_int_autoinc` AS Y USING ( `col_int_key` ) WHERE X.`pk` BETWEEN 4 AND 5 LIMIT 6 FOR UPDATE
		   21 Query	UPDATE LOW_PRIORITY `table2_innodb_key_pk_parts_2_int_autoinc` AS X SET `col_int_key` = 'u' WHERE X.`col_int_key` < 253 ORDER BY `col_char_12`,`col_char_12_key`,`col_int`,`col_int_key`,`pk` LIMIT 6
		   18 Query	DELETE LOW_PRIORITY FROM `table1_innodb_int_autoinc` WHERE `pk` = 244 ORDER BY `col_char_12`,`col_char_12_key`,`col_int`,`col_int_key`,`pk` LIMIT 4
		   14 Query	SHOW WARNINGS
		   18 Query	SHOW WARNINGS
		   14 Query	UNLOCK TABLES
		   18 Query	DELETE LOW_PRIORITY FROM `table0_innodb_int_autoinc` WHERE `col_int_key` IN ( 179, 5, 'c', 133, 6 ) ORDER BY `col_char_12`,`col_char_12_key`,`col_int`,`col_int_key`,`pk` LIMIT 3
		   14 Query	SELECT ID INTO @thread_id FROM INFORMATION_SCHEMA.PROCESSLIST ORDER BY RAND() LIMIT 1
		   24 Query	SHOW WARNINGS
		   24 Query	UPDATE LOW_PRIORITY IGNORE `table0_innodb_key_pk_parts_2_int_autoinc` AS X SET `col_int_key` = 6 WHERE X.`pk` IN ( 197, 9, 1239285760, 2784362496, 't' ) ORDER BY `col_char_12`,`col_char_12_key`,`col_int`,`col_int_key`,`pk` LIMIT 8
		   15 Query	ROLLBACK
		   15 Query	SET TRANSACTION ISOLATION LEVEL REPEATABLE READ
		   15 Query	REPLACE LOW_PRIORITY INTO `table2_innodb_int_autoinc` ( `col_char_12_key` ) SELECT `pk` FROM `table2_innodb_int_autoinc` AS X WHERE X.`pk` < 185 ORDER BY `col_char_12`,`col_char_12_key`,`col_int`,`col_int_key`,`pk` LIMIT 6
		   14 Query	EXECUTE show_expl_stmt USING @thread_id
		   26 Query	SHOW WARNINGS
		   16 Query	SHOW WARNINGS
		   26 Query	UPDATE LOW_PRIORITY IGNORE `table100_innodb_key_pk_parts_2_int_autoinc` AS X SET `col_char_12` = 's' WHERE X.`col_int_key` < 228 ORDER BY `col_char_12`,`col_char_12_key`,`col_int`,`col_int_key`,`pk` LIMIT 5
		   14 Execute	SHOW EXPLAIN FOR 26
		   14 Query	SHOW WARNINGS
		   16 Query	UPDATE LOW_PRIORITY `table0_innodb_key_pk_parts_2_int_autoinc` AS X SET `col_char_12` = 201 WHERE X.`col_char_12_key` = ( SELECT `col_int_key` FROM `table100_innodb_int_autoinc` WHERE `pk` = 83 ) ORDER BY `col_char_12`,`col_char_12_key`,`col_int`,`col_int_key`,`pk` LIMIT 7
		   14 Query	EXPLAIN EXTENDED UPDATE LOW_PRIORITY IGNORE `table1_innodb_int_autoinc` AS X SET `col_int_key` = 'k' WHERE X.`col_int_key` BETWEEN 3 AND 5 ORDER BY `col_char_12`,`col_char_12_key`,`col_int`,`col_int_key`,`pk` LIMIT 7
		   14 Query	CREATE OR REPLACE TEMPORARY TABLE `create_or_replace_tmp` LIKE `table0_innodb_int_autoinc`
		   24 Query	SHOW WARNINGS
		   21 Query	SHOW WARNINGS
		   19 Query	SHOW WARNINGS
		   19 Query	INSERT LOW_PRIORITY INTO `table100_innodb_int_autoinc` ( `col_int_key`, `col_char_12_key` ) VALUES ( 2059730944, 'z' ), ( 195, 5 )
		   21 Query	UPDATE LOW_PRIORITY IGNORE `table100_innodb_key_pk_parts_2_int_autoinc` AS X SET `col_char_12_key` = 'm' WHERE X.`col_int_key` BETWEEN 198 AND 1742209024 ORDER BY `col_char_12`,`col_char_12_key`,`col_int`,`col_int_key`,`pk` LIMIT 7
		   25 Query	SHOW WARNINGS
		   25 Query	REPLACE LOW_PRIORITY INTO `table100_innodb_int_autoinc` (`pk`) VALUES (NULL)
		   23 Query	SELECT * FROM `table0_innodb_int_autoinc` AS X WHERE X.`pk` < 58 LIMIT 6 LOCK IN SHARE MODE
		   24 Query	DELETE LOW_PRIORITY FROM `table2_innodb_key_pk_parts_2_int_autoinc` WHERE `col_int_key` IN ( SELECT `col_int_key` FROM `table100_innodb_key_pk_parts_2_int_autoinc` WHERE `pk` = 'a' ) ORDER BY `col_char_12`,`col_char_12_key`,`col_int`,`col_int_key`,`pk` LIMIT 1
		   17 Query	UNLOCK TABLES
		   24 Query	SHOW WARNINGS
		   15 Query	SHOW WARNINGS
		   19 Query	DELETE LOW_PRIORITY QUICK IGNORE FROM `table100_innodb_int_autoinc` ORDER BY `col_char_12`,`col_char_12_key`,`col_int`,`col_int_key`,`pk` LIMIT 3
		   16 Query	SHOW WARNINGS
		   15 Query	SET AUTOCOMMIT=ON
		   15 Query	UPDATE LOW_PRIORITY IGNORE `table2_innodb_key_pk_parts_2_int_autoinc` AS X SET `col_char_12_key` = 24 WHERE X.`col_int_key` < 16 ORDER BY `col_char_12`,`col_char_12_key`,`col_int`,`col_int_key`,`pk` LIMIT 6
		   25 Query	SELECT ( SELECT `col_char_12_key` FROM `table10_innodb_int_autoinc` WHERE `pk` = 1946157056 ) FROM `table10_innodb_int_autoinc` AS X LEFT JOIN `table100_innodb_key_pk_parts_2_int_autoinc` AS Y USING ( `col_int_key` ) WHERE X.`col_char_12_key` = ( SELECT `col_int_key` FROM `table1_innodb_int_autoinc` WHERE `pk` = 0 ) LIMIT 7
		   21 Query	SHOW WARNINGS
		   24 Query	DELETE LOW_PRIORITY QUICK FROM `table0_innodb_key_pk_parts_2_int_autoinc` WHERE `col_char_12_key` = 0 ORDER BY `col_char_12`,`col_char_12_key`,`col_int`,`col_int_key`,`pk` LIMIT 2
		   21 Query	REPLACE LOW_PRIORITY INTO `table2_innodb_key_pk_parts_2_int_autoinc` ( `col_char_12` ) SELECT `pk` FROM `table0_innodb_int_autoinc` AS X WHERE X.`col_char_12_key` = ( SELECT `col_char_12_key` FROM `table1_innodb_key_pk_parts_2_int_autoinc` WHERE `pk` = 101 ) ORDER BY `col_char_12`,`col_char_12_key`,`col_int`,`col_int_key`,`pk` LIMIT 8
		   16 Query	UPDATE LOW_PRIORITY `table2_innodb_int_autoinc` AS X SET `col_int` = 0 WHERE X.`col_int_key` IN ( 'a', 5, 5, 188, 'o' ) ORDER BY `col_char_12`,`col_char_12_key`,`col_int`,`col_int_key`,`pk` LIMIT 5
150425  6:38:28	   12 Query	UPDATE LOW_PRIORITY IGNORE `table2_innodb_key_pk_parts_2_int_autoinc` AS X SET `col_char_12_key` = 1624965120 WHERE X.`pk` BETWEEN 233 AND 2275475456 ORDER BY `col_char_12`,`col_char_12_key`,`col_int`,`col_int_key`,`pk` LIMIT 8
		   25 Query	REPLACE LOW_PRIORITY INTO `table1_innodb_int_autoinc` (`pk`) VALUES (NULL)
		   12 Query	DELETE LOW_PRIORITY QUICK IGNORE FROM `table10_innodb_key_pk_parts_2_int_autoinc` ORDER BY `col_char_12`,`col_char_12_key`,`col_int`,`col_int_key`,`pk` LIMIT 3
		   22 Query	SHOW WARNINGS
		   12 Query	INSERT LOW_PRIORITY IGNORE INTO `table100_innodb_int_autoinc` (`pk`) VALUES (NULL)
		   17 Query	FLUSH TABLE table2_innodb_key_pk_parts_2_int_autoinc FOR EXPORT
		   22 Query	UPDATE LOW_PRIORITY IGNORE `table0_innodb_int_autoinc` AS X SET `col_char_12_key` = 3671851008 WHERE X.`col_char_12_key` BETWEEN 4 AND 8 ORDER BY `col_char_12`,`col_char_12_key`,`col_int`,`col_int_key`,`pk` LIMIT 7
		   12 Query	SELECT X.`pk` FROM `table100_innodb_int_autoinc` AS X LIMIT 5 FOR UPDATE
		   22 Query	SELECT ( SELECT `pk` FROM `table10_innodb_int_autoinc` WHERE `pk` = 227 ) FROM `table100_innodb_int_autoinc` AS X WHERE X.`pk` BETWEEN 4 AND 8 LIMIT 7
		   12 Query	SELECT X.`col_int_key` FROM `table2_innodb_int_autoinc` AS X LEFT JOIN `table10_innodb_int_autoinc` AS Y USING ( `pk` ) WHERE X.`col_char_12_key` < 2075983872 LIMIT 6
		   12 Query	UPDATE LOW_PRIORITY `table0_innodb_int_autoinc` AS X SET `col_char_12_key` = 3082878976 WHERE X.`col_char_12_key` < 4 ORDER BY `col_char_12`,`col_char_12_key`,`col_int`,`col_int_key`,`pk` LIMIT 7
		   12 Query	SHOW WARNINGS
		   12 Query	UPDATE LOW_PRIORITY IGNORE `table0_innodb_key_pk_parts_2_int_autoinc` AS X SET `col_char_12` = 32571392 ORDER BY `col_char_12`,`col_char_12_key`,`col_int`,`col_int_key`,`pk` LIMIT 7
		   12 Query	SELECT ( SELECT `col_int_key` FROM `table10_innodb_key_pk_parts_2_int_autoinc` WHERE `pk` = 7 ) FROM `table1_innodb_int_autoinc` AS X LEFT JOIN `table10_innodb_key_pk_parts_2_int_autoinc` AS Y USING ( `col_char_12_key` ) WHERE X.`col_int_key` BETWEEN 1 AND 5 LIMIT 8 FOR UPDATE
		   16 Query	SHOW WARNINGS
		   24 Query	SHOW WARNINGS
		   13 Query	SHOW WARNINGS
		   21 Query	SHOW WARNINGS
		   26 Query	SHOW WARNINGS
		   15 Query	SHOW WARNINGS
		   19 Query	SHOW WARNINGS
		   16 Query	UPDATE LOW_PRIORITY IGNORE `table100_innodb_int_autoinc` AS X SET `col_int_key` = 5 WHERE X.`col_int_key` BETWEEN 2 AND 5 ORDER BY `col_char_12`,`col_char_12_key`,`col_int`,`col_int_key`,`pk` LIMIT 7
		   24 Query	UPDATE LOW_PRIORITY `table1_innodb_key_pk_parts_2_int_autoinc` AS X SET `col_char_12_key` = 'k' ORDER BY `col_char_12`,`col_char_12_key`,`col_int`,`col_int_key`,`pk` LIMIT 5
		   26 Query	UPDATE LOW_PRIORITY `table0_innodb_key_pk_parts_2_int_autoinc` AS X SET `col_int` = 632029184 WHERE X.`col_char_12_key` < 9 ORDER BY `col_char_12`,`col_char_12_key`,`col_int`,`col_int_key`,`pk` LIMIT 8
		   21 Query	DELETE LOW_PRIORITY QUICK IGNORE FROM `table1_innodb_key_pk_parts_2_int_autoinc` ORDER BY `col_char_12`,`col_char_12_key`,`col_int`,`col_int_key`,`pk` LIMIT 4
		   13 Query	UPDATE LOW_PRIORITY `table0_innodb_key_pk_parts_2_int_autoinc` AS X SET `col_char_12` = 2118254592 WHERE X.`col_int_key` BETWEEN 229 AND 216662016 ORDER BY `col_char_12`,`col_char_12_key`,`col_int`,`col_int_key`,`pk` LIMIT 5
		   25 Query	DELETE LOW_PRIORITY FROM `table2_innodb_int_autoinc` WHERE `pk` IN ( SELECT `col_int_key` FROM `table2_innodb_key_pk_parts_2_int_autoinc` WHERE `pk` = 111 ) ORDER BY `col_char_12`,`col_char_12_key`,`col_int`,`col_int_key`,`pk` LIMIT 4
		   13 Query	SHOW WARNINGS
		   15 Query	INSERT LOW_PRIORITY INTO `table2_innodb_key_pk_parts_2_int_autoinc` ( `col_int_key` ) SELECT `col_char_12_key` FROM `table0_innodb_int_autoinc` AS X WHERE X.`col_int_key` BETWEEN 2 AND 8 ORDER BY `col_char_12`,`col_char_12_key`,`col_int`,`col_int_key`,`pk` LIMIT 8
		   19 Query	INSERT LOW_PRIORITY INTO `table0_innodb_key_pk_parts_2_int_autoinc` (`pk`) VALUES (NULL)
		   13 Query	SELECT CHARACTER_SET_NAME INTO @cset FROM INFORMATION_SCHEMA.CHARACTER_SETS ORDER BY RAND() LIMIT 1
		   26 Query	SHOW WARNINGS
		   26 Query	DELETE LOW_PRIORITY QUICK FROM `table2_innodb_int_autoinc` ORDER BY `col_char_12`,`col_char_12_key`,`col_int`,`col_int_key`,`pk` LIMIT 2
		   25 Query	SHOW WARNINGS
		   12 Query	SELECT * FROM `table0_innodb_key_pk_parts_2_int_autoinc` AS X LIMIT 8
		   25 Query	DELETE LOW_PRIORITY QUICK IGNORE FROM `table1_innodb_key_pk_parts_2_int_autoinc` WHERE `col_int_key` IN ( 8, 77004800, 100, 4035379200, 4 ) ORDER BY `col_char_12`,`col_char_12_key`,`col_int`,`col_int_key`,`pk` LIMIT 3
		   13 Query	SET @stmt_names_or_charset = CONCAT( 'SET CHARACTER SET ', @cset )
		   13 Query	PREPARE stmt_names_or_charset FROM @stmt_names_or_charset
		   13 Prepare	SET CHARACTER SET latin7
		   13 Query	EXECUTE stmt_names_or_charset
		   13 Execute	SET CHARACTER SET latin7
		   13 Query	DEALLOCATE PREPARE stmt_names_or_charset
		   13 Query	UPDATE LOW_PRIORITY IGNORE `table0_innodb_key_pk_parts_2_int_autoinc` AS X SET `col_char_12_key` = 'j' WHERE X.`col_int_key` IN ( 'k', 'w', 235, 246, 416284672 ) ORDER BY `col_char_12`,`col_char_12_key`,`col_int`,`col_int_key`,`pk` LIMIT 8
		   14 Query	INSERT INTO `create_or_replace_tmp` SELECT * FROM `table2_innodb_key_pk_parts_2_int_autoinc`
		   22 Query	REPLACE LOW_PRIORITY INTO `table10_innodb_key_pk_parts_2_int_autoinc` ( `col_int` ) SELECT `pk` FROM `table0_innodb_int_autoinc` AS X WHERE X.`pk` BETWEEN 102 AND 1357381632 ORDER BY `col_char_12`,`col_char_12_key`,`col_int`,`col_int_key`,`pk` LIMIT 5
		   22 Query	DELETE LOW_PRIORITY IGNORE FROM `table1_innodb_key_pk_parts_2_int_autoinc` ORDER BY `col_char_12`,`col_char_12_key`,`col_int`,`col_int_key`,`pk` LIMIT 4
		   12 Query	UPDATE LOW_PRIORITY IGNORE `table10_innodb_int_autoinc` AS X SET `col_char_12` = 229 WHERE X.`col_char_12_key` = ( SELECT `col_int_key` FROM `table2_innodb_key_pk_parts_2_int_autoinc` WHERE `pk` = 6 ) ORDER BY `col_char_12`,`col_char_12_key`,`col_int`,`col_int_key`,`pk` LIMIT 5
		   22 Query	INSERT LOW_PRIORITY INTO `table0_innodb_int_autoinc` ( `col_char_12`, `col_char_12_key` ) VALUES ( 2969305088, 'l' ), ( 'i', 90 )
		   12 Query	SELECT X.`pk` FROM `table0_innodb_key_pk_parts_2_int_autoinc` AS X LEFT JOIN `table0_innodb_key_pk_parts_2_int_autoinc` AS Y USING ( `pk` ) WHERE X.`pk` = ( SELECT `pk` FROM `table100_innodb_int_autoinc` WHERE `pk` = 117 ) LIMIT 8
		   22 Query	UPDATE LOW_PRIORITY IGNORE `table0_innodb_key_pk_parts_2_int_autoinc` AS X SET `col_int_key` = 80 ORDER BY `col_char_12`,`col_char_12_key`,`col_int`,`col_int_key`,`pk` LIMIT 6
		   12 Query	SELECT X.`pk` FROM `table2_innodb_key_pk_parts_2_int_autoinc` AS X WHERE X.`col_int_key` < 2 LIMIT 5
		   22 Query	DELETE LOW_PRIORITY FROM `table0_innodb_int_autoinc` WHERE `col_char_12_key` IN ( 'b', 'm', 16, 6, 1855193088 ) ORDER BY `col_char_12`,`col_char_12_key`,`col_int`,`col_int_key`,`pk` LIMIT 4
		   22 Query	DELETE LOW_PRIORITY IGNORE FROM `table100_innodb_key_pk_parts_2_int_autoinc` ORDER BY `col_char_12`,`col_char_12_key`,`col_int`,`col_int_key`,`pk` LIMIT 3
		   12 Query	REPLACE LOW_PRIORITY INTO `table100_innodb_key_pk_parts_2_int_autoinc` ( `col_int_key` ) SELECT `col_char_12_key` FROM `table0_innodb_int_autoinc` AS X WHERE X.`pk` BETWEEN 1 AND 8 ORDER BY `col_char_12`,`col_char_12_key`,`col_int`,`col_int_key`,`pk` LIMIT 6
		   22 Query	SELECT X.`pk` FROM `table10_innodb_int_autoinc` AS X LEFT JOIN `table2_innodb_key_pk_parts_2_int_autoinc` AS Y USING ( `pk` ) WHERE X.`col_char_12_key` < 'y' LIMIT 6
		   12 Query	REPLACE LOW_PRIORITY INTO `table1_innodb_int_autoinc` ( `col_int` ) SELECT `col_int_key` FROM `table2_innodb_key_pk_parts_2_int_autoinc` AS X WHERE X.`pk` < 'h' ORDER BY `col_char_12`,`col_char_12_key`,`col_int`,`col_int_key`,`pk` LIMIT 6
		   12 Query	INSERT LOW_PRIORITY INTO `table10_innodb_key_pk_parts_2_int_autoinc` ( `col_int_key`, `col_int` ) VALUES ( 1475870720, 'o' ), ( 168, 3224829952 )
		   22 Query	UPDATE LOW_PRIORITY IGNORE `table10_innodb_key_pk_parts_2_int_autoinc` AS X SET `col_char_12` = 8 WHERE X.`col_char_12_key` < 5 ORDER BY `col_char_12`,`col_char_12_key`,`col_int`,`col_int_key`,`pk` LIMIT 6
		   12 Query	DELETE LOW_PRIORITY QUICK FROM `table10_innodb_int_autoinc` WHERE `pk` IN ( 114360320, 228458496, 233, 4189716480, 0 ) ORDER BY `col_char_12`,`col_char_12_key`,`col_int`,`col_int_key`,`pk` LIMIT 4
		   22 Query	INSERT LOW_PRIORITY INTO `table10_innodb_int_autoinc` (`pk`) VALUES (NULL)
		   22 Query	INSERT LOW_PRIORITY INTO `table0_innodb_key_pk_parts_2_int_autoinc` (`pk`) VALUES (NULL)
		   12 Query	INSERT LOW_PRIORITY INTO `table2_innodb_key_pk_parts_2_int_autoinc` (`pk`) VALUES (NULL)
		   22 Query	DELETE LOW_PRIORITY IGNORE FROM `table2_innodb_key_pk_parts_2_int_autoinc` WHERE `pk` BETWEEN 3 AND 8 ORDER BY `col_char_12`,`col_char_12_key`,`col_int`,`col_int_key`,`pk` LIMIT 2
		   12 Query	UPDATE LOW_PRIORITY IGNORE `table100_innodb_int_autoinc` AS X SET `col_int_key` = 5 WHERE X.`col_char_12_key` BETWEEN 18 AND 30474240 ORDER BY `col_char_12`,`col_char_12_key`,`col_int`,`col_int_key`,`pk` LIMIT 8
		   12 Query	SELECT ( SELECT `pk` FROM `table0_innodb_key_pk_parts_2_int_autoinc` WHERE `pk` = 135 ) FROM `table2_innodb_int_autoinc` AS X WHERE X.`pk` BETWEEN 42 AND 3168468992 LIMIT 8 FOR UPDATE
		   12 Query	DELETE LOW_PRIORITY FROM `table0_innodb_key_pk_parts_2_int_autoinc` WHERE `col_int_key` IN ( SELECT `col_char_12_key` FROM `table2_innodb_int_autoinc` WHERE `pk` = 154 ) ORDER BY `col_char_12`,`col_char_12_key`,`col_int`,`col_int_key`,`pk` LIMIT 2
		   12 Query	SET AUTOCOMMIT=ON
		   12 Query	REPLACE LOW_PRIORITY INTO `table0_innodb_int_autoinc` (`pk`) VALUES (NULL)
		   12 Query	DELETE LOW_PRIORITY QUICK FROM `table1_innodb_int_autoinc` WHERE `pk` = 244 ORDER BY `col_char_12`,`col_char_12_key`,`col_int`,`col_int_key`,`pk` LIMIT 2
		   12 Query	DELETE LOW_PRIORITY QUICK FROM `table10_innodb_int_autoinc` ORDER BY `col_char_12`,`col_char_12_key`,`col_int`,`col_int_key`,`pk` LIMIT 2
		   20 Query	SHOW WARNINGS
		   12 Query	SELECT X.`col_int_key` FROM `table100_innodb_key_pk_parts_2_int_autoinc` AS X WHERE X.`col_char_12_key` BETWEEN 2 AND 8 LIMIT 6
		   20 Query	INSERT LOW_PRIORITY IGNORE INTO `table0_innodb_key_pk_parts_2_int_autoinc` ( `col_int` ) SELECT `col_int_key` FROM `table100_innodb_key_pk_parts_2_int_autoinc` AS X WHERE X.`col_int_key` = ( SELECT `col_char_12_key` FROM `table0_innodb_int_autoinc` WHERE `pk` = 3353542656 ) ORDER BY `col_char_12`,`col_char_12_key`,`col_int`,`col_int_key`,`pk` LIMIT 7
		   12 Query	DELETE LOW_PRIORITY FROM `table100_innodb_key_pk_parts_2_int_autoinc` WHERE `col_int_key` IN ( SELECT `pk` FROM `table100_innodb_int_autoinc` WHERE `pk` = 8 ) ORDER BY `col_char_12`,`col_char_12_key`,`col_int`,`col_int_key`,`pk` LIMIT 3
		   12 Query	SHOW WARNINGS
		   12 Query	SELECT * FROM `table2_innodb_key_pk_parts_2_int_autoinc` AS X WHERE X.`pk` BETWEEN 216 AND 3940417536 LIMIT 5
		   12 Query	INSERT LOW_PRIORITY IGNORE INTO `table2_innodb_key_pk_parts_2_int_autoinc` ( `col_int_key`, `col_char_12_key` ) VALUES ( 3, 62 ), ( 235601920, 'v' )
		   12 Query	UPDATE LOW_PRIORITY `table1_innodb_int_autoinc` AS X SET `col_char_12_key` = 1539112960 ORDER BY `col_char_12`,`col_char_12_key`,`col_int`,`col_int_key`,`pk` LIMIT 8
		   12 Query	START TRANSACTION
		   12 Query	DELETE LOW_PRIORITY QUICK IGNORE FROM `table1_innodb_int_autoinc` WHERE `pk` = 239 ORDER BY `col_char_12`,`col_char_12_key`,`col_int`,`col_int_key`,`pk` LIMIT 1
		   12 Query	UPDATE LOW_PRIORITY IGNORE `table100_innodb_int_autoinc` AS X SET `col_int` = 5 ORDER BY `col_char_12`,`col_char_12_key`,`col_int`,`col_int_key`,`pk` LIMIT 7
		   12 Query	SELECT ( SELECT `col_char_12_key` FROM `table100_innodb_key_pk_parts_2_int_autoinc` WHERE `pk` = 243 ) FROM `table100_innodb_key_pk_parts_2_int_autoinc` AS X WHERE X.`col_int_key` IN ( 90, 'x', 'j', 3, 3511877632 ) LIMIT 6 FOR UPDATE
		   12 Query	DELETE LOW_PRIORITY QUICK IGNORE FROM `table10_innodb_key_pk_parts_2_int_autoinc` WHERE `pk` = 233 ORDER BY `col_char_12`,`col_char_12_key`,`col_int`,`col_int_key`,`pk` LIMIT 3
		   12 Query	REPLACE LOW_PRIORITY INTO `table2_innodb_key_pk_parts_2_int_autoinc` ( `col_int_key`, `col_int` ) VALUES ( 228, 'r' ), ( 2696216576, 'e' )
		   16 Query	SHOW WARNINGS
		   16 Query	SELECT X.`col_char_12_key` FROM `table10_innodb_key_pk_parts_2_int_autoinc` AS X LEFT JOIN `table1_innodb_key_pk_parts_2_int_autoinc` AS Y USING ( `col_int_key` ) WHERE X.`pk` BETWEEN 1 AND 5 LIMIT 5
		   14 Query	UNLOCK TABLES
		   11 Query	SHOW WARNINGS
		   26 Query	SHOW WARNINGS
		   14 Query	SELECT ID INTO @thread_id FROM INFORMATION_SCHEMA.PROCESSLIST ORDER BY RAND() LIMIT 1
		   24 Query	SHOW WARNINGS
		   26 Query	SELECT * FROM `table0_innodb_key_pk_parts_2_int_autoinc` AS X WHERE X.`pk` < 184 LIMIT 7
		   16 Query	UPDATE LOW_PRIORITY IGNORE `table2_innodb_key_pk_parts_2_int_autoinc` AS X SET `col_char_12` = 165 WHERE X.`col_int_key` BETWEEN 173 AND 2897346560 ORDER BY `col_char_12`,`col_char_12_key`,`col_int`,`col_int_key`,`pk` LIMIT 5
		   24 Query	UPDATE LOW_PRIORITY `table1_innodb_key_pk_parts_2_int_autoinc` AS X SET `col_int_key` = 'h' WHERE X.`col_char_12_key` < 0 ORDER BY `col_char_12`,`col_char_12_key`,`col_int`,`col_int_key`,`pk` LIMIT 8
		   20 Query	SHOW WARNINGS
		   19 Query	DELETE LOW_PRIORITY QUICK FROM `table2_innodb_key_pk_parts_2_int_autoinc` WHERE `pk` IN ( 9, 'u', 3183280128, 199, 6 ) ORDER BY `col_char_12`,`col_char_12_key`,`col_int`,`col_int_key`,`pk` LIMIT 1
		   25 Query	SHOW WARNINGS
		   20 Query	INSERT LOW_PRIORITY INTO `table0_innodb_key_pk_parts_2_int_autoinc` (`pk`) VALUES (NULL)
		   11 Query	SELECT X.`pk` FROM `table100_innodb_int_autoinc` AS X LEFT JOIN `table10_innodb_int_autoinc` AS Y USING ( `col_char_12_key` ) WHERE X.`col_char_12_key` BETWEEN 195 AND 4175953920 LIMIT 5
		   25 Query	SELECT * FROM `table2_innodb_int_autoinc` AS X WHERE X.`col_char_12_key` = ( SELECT `pk` FROM `table1_innodb_int_autoinc` WHERE `pk` = 4098293760 ) LIMIT 7
		   14 Query	EXECUTE show_expl_stmt USING @thread_id
		   26 Query	DELETE LOW_PRIORITY IGNORE FROM `table2_innodb_key_pk_parts_2_int_autoinc` WHERE `col_char_12_key` IN ( SELECT `col_char_12_key` FROM `table0_innodb_key_pk_parts_2_int_autoinc` WHERE `pk` = 'm' ) ORDER BY `col_char_12`,`col_char_12_key`,`col_int`,`col_int_key`,`pk` LIMIT 3
		   14 Query	SELECT ID INTO @thread_id FROM INFORMATION_SCHEMA.PROCESSLIST ORDER BY RAND() LIMIT 1
		   14 Query	EXECUTE show_expl_stmt USING @thread_id
		   25 Query	UPDATE LOW_PRIORITY `table2_innodb_int_autoinc` AS X SET `col_char_12` = 'w' WHERE X.`col_char_12_key` IN ( 75, 'k', 628424704, 1490157568, 5 ) ORDER BY `col_char_12`,`col_char_12_key`,`col_int`,`col_int_key`,`pk` LIMIT 8
		   14 Query	CREATE OR REPLACE TEMPORARY TABLE `create_or_replace_tmp` AS SELECT * FROM `table100_innodb_int_autoinc`
		   11 Query	UPDATE LOW_PRIORITY `table100_innodb_int_autoinc` AS X SET `col_char_12` = 3109289984 ORDER BY `col_char_12`,`col_char_12_key`,`col_int`,`col_int_key`,`pk` LIMIT 5
		   18 Query	SHOW WARNINGS
		   18 Query	UPDATE LOW_PRIORITY IGNORE `table2_innodb_int_autoinc` AS X SET `col_char_12` = 174 WHERE X.`col_char_12_key` BETWEEN 1 AND 7 ORDER BY `col_char_12`,`col_char_12_key`,`col_int`,`col_int_key`,`pk` LIMIT 7
		   23 Query	UPDATE LOW_PRIORITY `table100_innodb_key_pk_parts_2_int_autoinc` AS X SET `col_int_key` = 'm' ORDER BY `col_char_12`,`col_char_12_key`,`col_int`,`col_int_key`,`pk` LIMIT 5
		   13 Query	SHOW WARNINGS
		   21 Query	SHOW WARNINGS
		   25 Query	SHOW WARNINGS
		   13 Query	UPDATE LOW_PRIORITY `table2_innodb_key_pk_parts_2_int_autoinc` AS X SET `col_char_12` = 7 WHERE X.`col_char_12_key` < 114 ORDER BY `col_char_12`,`col_char_12_key`,`col_int`,`col_int_key`,`pk` LIMIT 6
		   25 Query	INSERT LOW_PRIORITY IGNORE INTO `table0_innodb_int_autoinc` ( `col_char_12`, `col_int` ) VALUES ( 'j', 7 ), ( 3313565696, 195 )
		   21 Query	UPDATE LOW_PRIORITY IGNORE `table10_innodb_key_pk_parts_2_int_autoinc` AS X SET `col_int` = 1367277568 WHERE X.`col_int_key` IN ( 1258225664, 6, 1447362560, 790822912, 8 ) ORDER BY `col_char_12`,`col_char_12_key`,`col_int`,`col_int_key`,`pk` LIMIT 7
150425  6:38:29	   21 Query	SHOW WARNINGS
		   24 Query	SHOW WARNINGS
		   20 Query	REPLACE LOW_PRIORITY INTO `table2_innodb_key_pk_parts_2_int_autoinc` ( `col_int_key` ) SELECT `pk` FROM `table10_innodb_int_autoinc` AS X ORDER BY `col_char_12`,`col_char_12_key`,`col_int`,`col_int_key`,`pk` LIMIT 8
		   24 Query	INSERT LOW_PRIORITY INTO `table10_innodb_key_pk_parts_2_int_autoinc` (`pk`) VALUES (NULL)
		   21 Query	REPLACE LOW_PRIORITY INTO `table1_innodb_key_pk_parts_2_int_autoinc` ( `col_char_12_key` ) SELECT `col_int_key` FROM `table2_innodb_key_pk_parts_2_int_autoinc` AS X WHERE X.`col_int_key` BETWEEN 213 AND 1925447680 ORDER BY `col_char_12`,`col_char_12_key`,`col_int`,`col_int_key`,`pk` LIMIT 5
		   23 Query	SHOW WARNINGS
		   23 Query	SELECT * FROM `table0_innodb_key_pk_parts_2_int_autoinc` AS X LEFT JOIN `table1_innodb_key_pk_parts_2_int_autoinc` AS Y USING ( `col_int_key` ) WHERE X.`pk` IN ( 292683776, 'n', 3002335232, 2889678848, 1524301824 ) LIMIT 8 FOR UPDATE
		   18 Query	SHOW WARNINGS
		   11 Query	SHOW WARNINGS
		   25 Query	SELECT X.`pk` FROM `table10_innodb_key_pk_parts_2_int_autoinc` AS X LEFT JOIN `table1_innodb_int_autoinc` AS Y USING ( `col_int_key` ) WHERE X.`col_int_key` = ( SELECT `pk` FROM `table2_innodb_key_pk_parts_2_int_autoinc` WHERE `pk` = 241 ) LIMIT 5
		   23 Query	DELETE LOW_PRIORITY QUICK FROM `table10_innodb_int_autoinc` WHERE `col_char_12_key` BETWEEN 3 AND 7 ORDER BY `col_char_12`,`col_char_12_key`,`col_int`,`col_int_key`,`pk` LIMIT 1
		   11 Query	UPDATE LOW_PRIORITY `table1_innodb_key_pk_parts_2_int_autoinc` AS X SET `col_char_12_key` = 1085407232 WHERE X.`pk` BETWEEN 35 AND 2333212672 ORDER BY `col_char_12`,`col_char_12_key`,`col_int`,`col_int_key`,`pk` LIMIT 6
		   18 Query	SELECT X.`col_int_key` FROM `table100_innodb_int_autoinc` AS X LEFT JOIN `table1_innodb_int_autoinc` AS Y USING ( `col_char_12_key` ) WHERE X.`pk` = ( SELECT `pk` FROM `table1_innodb_int_autoinc` WHERE `pk` = 4 ) LIMIT 6
		   25 Query	DELETE LOW_PRIORITY FROM `table100_innodb_int_autoinc` ORDER BY `col_char_12`,`col_char_12_key`,`col_int`,`col_int_key`,`pk` LIMIT 3
		   18 Query	REPLACE LOW_PRIORITY INTO `table10_innodb_key_pk_parts_2_int_autoinc` ( `col_char_12_key`, `col_int_key` ) VALUES ( 68, 't' ), ( 5, 245 )
		   17 Query	UNLOCK TABLES
		   17 Query	ANALYZE TABLE `table100_innodb_int_autoinc`
		   24 Query	UPDATE LOW_PRIORITY `table2_innodb_key_pk_parts_2_int_autoinc` AS X SET `col_int_key` = 14 WHERE X.`col_char_12_key` BETWEEN 3 AND 5 ORDER BY `col_char_12`,`col_char_12_key`,`col_int`,`col_int_key`,`pk` LIMIT 7
		   23 Query	SHOW WARNINGS
		   12 Query	INSERT LOW_PRIORITY INTO `table2_innodb_int_autoinc` ( `col_int`, `col_int_key` ) VALUES ( 3846307840, 5 ), ( 2977038336, 1612709888 )
		   23 Query	INSERT LOW_PRIORITY IGNORE INTO `table0_innodb_int_autoinc` (`pk`) VALUES (NULL)
		   12 Query	UPDATE LOW_PRIORITY IGNORE `table100_innodb_key_pk_parts_2_int_autoinc` AS X SET `col_int` = 'u' WHERE X.`pk` < 107 ORDER BY `col_char_12`,`col_char_12_key`,`col_int`,`col_int_key`,`pk` LIMIT 5
		   12 Query	UPDATE LOW_PRIORITY IGNORE `table10_innodb_key_pk_parts_2_int_autoinc` AS X SET `col_char_12_key` = 84 WHERE X.`col_int_key` < 7 ORDER BY `col_char_12`,`col_char_12_key`,`col_int`,`col_int_key`,`pk` LIMIT 7
		   12 Query	UPDATE LOW_PRIORITY `table0_innodb_key_pk_parts_2_int_autoinc` AS X SET `col_char_12_key` = 4 ORDER BY `col_char_12`,`col_char_12_key`,`col_int`,`col_int_key`,`pk` LIMIT 7
		   12 Query	UPDATE LOW_PRIORITY IGNORE `table2_innodb_key_pk_parts_2_int_autoinc` AS X SET `col_char_12` = 4 WHERE X.`col_char_12_key` = ( SELECT `col_char_12_key` FROM `table2_innodb_int_autoinc` WHERE `pk` = 189 ) ORDER BY `col_char_12`,`col_char_12_key`,`col_int`,`col_int_key`,`pk` LIMIT 7
		   14 Query	SHOW WARNINGS
		   21 Query	SHOW WARNINGS
		   14 Query	EXPLAIN UPDATE LOW_PRIORITY IGNORE `table100_innodb_key_pk_parts_2_int_autoinc` AS X SET `col_char_12_key` = 3 ORDER BY `col_char_12`,`col_char_12_key`,`col_int`,`col_int_key`,`pk` LIMIT 7
		   21 Query	SELECT X.`col_char_12_key` FROM `table10_innodb_int_autoinc` AS X LEFT JOIN `table0_innodb_key_pk_parts_2_int_autoinc` AS Y USING ( `col_int_key` ) WHERE X.`col_char_12_key` = ( SELECT `col_char_12_key` FROM `table1_innodb_int_autoinc` WHERE `pk` = 'x' ) LIMIT 8 FOR UPDATE
		   14 Query	ANALYZE TABLE `table0_innodb_int_autoinc` PERSISTENT FOR COLUMNS ALL INDEXES ( )
		   21 Query	REPLACE LOW_PRIORITY INTO `table10_innodb_key_pk_parts_2_int_autoinc` (`pk`) VALUES (NULL)
		   18 Query	SHOW WARNINGS
		   25 Query	SHOW WARNINGS
		   16 Query	SHOW WARNINGS
		   18 Query	SELECT * FROM `table0_innodb_int_autoinc` AS X WHERE X.`pk` BETWEEN 116 AND 3358064640 LIMIT 6
		   25 Query	UPDATE LOW_PRIORITY IGNORE `table10_innodb_key_pk_parts_2_int_autoinc` AS X SET `col_int_key` = 2554789888 WHERE X.`col_char_12_key` = ( SELECT `col_int_key` FROM `table10_innodb_key_pk_parts_2_int_autoinc` WHERE `pk` = 178 ) ORDER BY `col_char_12`,`col_char_12_key`,`col_int`,`col_int_key`,`pk` LIMIT 6
		   16 Query	DELETE LOW_PRIORITY QUICK FROM `table1_innodb_int_autoinc` WHERE `pk` IN ( 2985033728, 1, 4, 'f', 227 ) ORDER BY `col_char_12`,`col_char_12_key`,`col_int`,`col_int_key`,`pk` LIMIT 3
		   25 Query	UPDATE LOW_PRIORITY `table1_innodb_key_pk_parts_2_int_autoinc` AS X SET `col_char_12` = 7 WHERE X.`col_int_key` BETWEEN 1 AND 5 ORDER BY `col_char_12`,`col_char_12_key`,`col_int`,`col_int_key`,`pk` LIMIT 8
		   16 Query	SHOW WARNINGS
		   15 Query	SHOW WARNINGS
		   16 Query	UPDATE LOW_PRIORITY `table1_innodb_int_autoinc` AS X SET `col_char_12_key` = 'd' WHERE X.`col_int_key` BETWEEN 4 AND 8 ORDER BY `col_char_12`,`col_char_12_key`,`col_int`,`col_int_key`,`pk` LIMIT 7
		   23 Query	UPDATE LOW_PRIORITY `table0_innodb_key_pk_parts_2_int_autoinc` AS X SET `col_char_12_key` = 'j' WHERE X.`col_int_key` < 2634022912 ORDER BY `col_char_12`,`col_char_12_key`,`col_int`,`col_int_key`,`pk` LIMIT 5
		   15 Query	UPDATE LOW_PRIORITY IGNORE `table0_innodb_key_pk_parts_2_int_autoinc` AS X SET `col_char_12` = 'n' WHERE X.`pk` BETWEEN 151 AND 2491547648 ORDER BY `col_char_12`,`col_char_12_key`,`col_int`,`col_int_key`,`pk` LIMIT 5
		   12 Query	UPDATE LOW_PRIORITY `table100_innodb_key_pk_parts_2_int_autoinc` AS X SET `col_int` = 1772748800 WHERE X.`pk` BETWEEN 1 AND 5 ORDER BY `col_char_12`,`col_char_12_key`,`col_int`,`col_int_key`,`pk` LIMIT 7
		   22 Query	DELETE LOW_PRIORITY IGNORE FROM `table1_innodb_int_autoinc` WHERE `col_char_12_key` IN ( SELECT `col_int_key` FROM `table10_innodb_key_pk_parts_2_int_autoinc` WHERE `pk` = 'y' ) ORDER BY `col_char_12`,`col_char_12_key`,`col_int`,`col_int_key`,`pk` LIMIT 3
		   12 Query	REPLACE LOW_PRIORITY INTO `table2_innodb_key_pk_parts_2_int_autoinc` ( `col_int` ) SELECT `col_char_12_key` FROM `table0_innodb_key_pk_parts_2_int_autoinc` AS X WHERE X.`col_int_key` < 447283200 ORDER BY `col_char_12`,`col_char_12_key`,`col_int`,`col_int_key`,`pk` LIMIT 5
		   22 Query	INSERT LOW_PRIORITY IGNORE INTO `table1_innodb_key_pk_parts_2_int_autoinc` (`pk`) VALUES (NULL)
		   18 Query	DELETE LOW_PRIORITY QUICK FROM `table2_innodb_key_pk_parts_2_int_autoinc` WHERE `col_int_key` IN ( SELECT `pk` FROM `table10_innodb_int_autoinc` WHERE `pk` = 218 ) ORDER BY `col_char_12`,`col_char_12_key`,`col_int`,`col_int_key`,`pk` LIMIT 2
		   12 Query	DELETE LOW_PRIORITY QUICK FROM `table2_innodb_key_pk_parts_2_int_autoinc` WHERE `pk` BETWEEN 2 AND 7 ORDER BY `col_char_12`,`col_char_12_key`,`col_int`,`col_int_key`,`pk` LIMIT 3
		   22 Query	DELETE LOW_PRIORITY FROM `table1_innodb_key_pk_parts_2_int_autoinc` WHERE `col_char_12_key` IN ( 'e', 35, 'o', 3975544832, 'a' ) ORDER BY `col_char_12`,`col_char_12_key`,`col_int`,`col_int_key`,`pk` LIMIT 1
		   17 Query	SELECT ID INTO @thread_id FROM INFORMATION_SCHEMA.PROCESSLIST ORDER BY RAND() LIMIT 1
		   12 Query	SET AUTOCOMMIT=ON
		   22 Query	SET AUTOCOMMIT=OFF
		   12 Query	UPDATE LOW_PRIORITY IGNORE `table0_innodb_int_autoinc` AS X SET `col_char_12` = 69 WHERE X.`col_int_key` < 152 ORDER BY `col_char_12`,`col_char_12_key`,`col_int`,`col_int_key`,`pk` LIMIT 7
		   22 Query	INSERT LOW_PRIORITY IGNORE INTO `table0_innodb_key_pk_parts_2_int_autoinc` ( `col_char_12` ) SELECT `col_int_key` FROM `table10_innodb_int_autoinc` AS X WHERE X.`pk` IN ( 0, 3730898944, 'q', 'k', 1755643904 ) ORDER BY `col_char_12`,`col_char_12_key`,`col_int`,`col_int_key`,`pk` LIMIT 6
		   12 Query	DELETE LOW_PRIORITY QUICK IGNORE FROM `table1_innodb_key_pk_parts_2_int_autoinc` WHERE `col_int_key` BETWEEN 4 AND 8 ORDER BY `col_char_12`,`col_char_12_key`,`col_int`,`col_int_key`,`pk` LIMIT 1
		   17 Query	EXECUTE show_expl_stmt USING @thread_id
		   22 Query	INSERT LOW_PRIORITY INTO `table0_innodb_key_pk_parts_2_int_autoinc` ( `col_int_key`, `col_char_12_key` ) VALUES ( 1, 8 ), ( 9, 2 )
		   12 Query	INSERT LOW_PRIORITY IGNORE INTO `table10_innodb_key_pk_parts_2_int_autoinc` ( `col_char_12`, `col_int` ) VALUES ( 1137573888, 227 ), ( 1167982592, 'l' )
		   17 Query	EXPLAIN INSERT LOW_PRIORITY INTO `table100_innodb_key_pk_parts_2_int_autoinc` (`pk`) VALUES (NULL)
		   12 Query	UPDATE LOW_PRIORITY IGNORE `table100_innodb_int_autoinc` AS X SET `col_int` = 1173028864 WHERE X.`col_int_key` BETWEEN 4 AND 6 ORDER BY `col_char_12`,`col_char_12_key`,`col_int`,`col_int_key`,`pk` LIMIT 7
		   22 Query	UPDATE LOW_PRIORITY `table100_innodb_key_pk_parts_2_int_autoinc` AS X SET `col_char_12_key` = 2189688832 WHERE X.`col_char_12_key` = ( SELECT `pk` FROM `table100_innodb_key_pk_parts_2_int_autoinc` WHERE `pk` = 'k' ) ORDER BY `col_char_12`,`col_char_12_key`,`col_int`,`col_int_key`,`pk` LIMIT 6
		   17 Query	ANALYZE TABLE `table100_innodb_key_pk_parts_2_int_autoinc` PERSISTENT FOR COLUMNS ALL INDEXES ( PRIMARY )
		   22 Query	REPLACE LOW_PRIORITY INTO `table2_innodb_key_pk_parts_2_int_autoinc` ( `col_char_12_key`, `col_int` ) VALUES ( 146, 3210018816 ), ( 3, 'v' )
		   22 Query	UPDATE LOW_PRIORITY IGNORE `table0_innodb_int_autoinc` AS X SET `col_int_key` = 2411986944 WHERE X.`col_char_12_key` = ( SELECT `pk` FROM `table100_innodb_int_autoinc` WHERE `pk` = 0 ) ORDER BY `col_char_12`,`col_char_12_key`,`col_int`,`col_int_key`,`pk` LIMIT 5
		   15 Query	SHOW WARNINGS
		   11 Query	SHOW WARNINGS
		   20 Query	SHOW WARNINGS
		   15 Query	UPDATE LOW_PRIORITY `table100_innodb_key_pk_parts_2_int_autoinc` AS X SET `col_char_12` = 'o' WHERE X.`col_int_key` < 2349531136 ORDER BY `col_char_12`,`col_char_12_key`,`col_int`,`col_int_key`,`pk` LIMIT 8
		   11 Query	REPLACE LOW_PRIORITY INTO `table0_innodb_int_autoinc` ( `col_char_12`, `col_int_key` ) VALUES ( 2550136832, 3640000512 ), ( 4210622464, 58 )
		   20 Query	INSERT LOW_PRIORITY IGNORE INTO `table2_innodb_int_autoinc` ( `col_int`, `col_int_key` ) VALUES ( 'o', 479526912 ), ( 240451584, 241 )
		   21 Query	SELECT X.`col_char_12` FROM `table0_innodb_int_autoinc` AS X WHERE X.`col_int_key` BETWEEN 165 AND 4290641920 LIMIT 6
		   19 Query	SHOW WARNINGS
		   26 Query	SHOW WARNINGS
		   19 Query	UPDATE LOW_PRIORITY IGNORE `table2_innodb_key_pk_parts_2_int_autoinc` AS X SET `col_int` = 579665920 WHERE X.`col_int_key` IN ( 70, 7, 'd', 1498021888, 118 ) ORDER BY `col_char_12`,`col_char_12_key`,`col_int`,`col_int_key`,`pk` LIMIT 7
		   24 Query	SHOW WARNINGS
		   26 Query	SELECT ( SELECT `pk` FROM `table2_innodb_key_pk_parts_2_int_autoinc` WHERE `pk` = 6 ) FROM `table0_innodb_int_autoinc` AS X WHERE X.`pk` IN ( 'r', 9, 'm', 1, 2242707456 ) LIMIT 5
		   24 Query	DELETE LOW_PRIORITY FROM `table0_innodb_int_autoinc` WHERE `col_int_key` = 137 ORDER BY `col_char_12`,`col_char_12_key`,`col_int`,`col_int_key`,`pk` LIMIT 2
		   16 Query	SHOW WARNINGS
		   16 Query	DELETE LOW_PRIORITY IGNORE FROM `table10_innodb_key_pk_parts_2_int_autoinc` WHERE `col_char_12_key` = 119 ORDER BY `col_char_12`,`col_char_12_key`,`col_int`,`col_int_key`,`pk` LIMIT 4
		   26 Query	UPDATE LOW_PRIORITY `table10_innodb_int_autoinc` AS X SET `col_int_key` = 'o' WHERE X.`pk` = ( SELECT `col_char_12_key` FROM `table0_innodb_key_pk_parts_2_int_autoinc` WHERE `pk` = 8 ) ORDER BY `col_char_12`,`col_char_12_key`,`col_int`,`col_int_key`,`pk` LIMIT 6
		   26 Query	SELECT X.`pk` FROM `table10_innodb_int_autoinc` AS X LEFT JOIN `table0_innodb_int_autoinc` AS Y USING ( `pk` ) WHERE X.`col_int_key` < 219938816 LIMIT 5
		   26 Query	DELETE LOW_PRIORITY IGNORE FROM `table1_innodb_key_pk_parts_2_int_autoinc` ORDER BY `col_char_12`,`col_char_12_key`,`col_int`,`col_int_key`,`pk` LIMIT 2
		   16 Query	SHOW WARNINGS
		   16 Query	SET AUTOCOMMIT=OFF
		   16 Query	INSERT LOW_PRIORITY IGNORE INTO `table0_innodb_key_pk_parts_2_int_autoinc` ( `col_char_12`, `col_char_12_key` ) VALUES ( 3738042368, 24 ), ( 2163146752, 1 )
150425  6:38:30	   23 Query	SHOW WARNINGS
		   24 Query	SHOW WARNINGS
		   25 Query	SHOW WARNINGS
		   24 Query	DELETE LOW_PRIORITY IGNORE FROM `table1_innodb_int_autoinc` ORDER BY `col_char_12`,`col_char_12_key`,`col_int`,`col_int_key`,`pk` LIMIT 1
		   23 Query	UPDATE LOW_PRIORITY `table1_innodb_key_pk_parts_2_int_autoinc` AS X SET `col_int_key` = 1085538304 WHERE X.`pk` IN ( 2018050048, 256901120, 'h', 20, 'h' ) ORDER BY `col_char_12`,`col_char_12_key`,`col_int`,`col_int_key`,`pk` LIMIT 8
		   25 Query	SELECT X.`col_char_12_key` FROM `table100_innodb_key_pk_parts_2_int_autoinc` AS X LEFT JOIN `table2_innodb_key_pk_parts_2_int_autoinc` AS Y USING ( `pk` ) WHERE X.`col_char_12_key` IN ( 1682309120, 'd', 79, 2655453184, 1220018176 ) LIMIT 6 LOCK IN SHARE MODE
		   11 Query	SHOW WARNINGS
		   11 Query	DELETE LOW_PRIORITY QUICK IGNORE FROM `table100_innodb_int_autoinc` WHERE `col_int_key` IN ( SELECT `pk` FROM `table2_innodb_key_pk_parts_2_int_autoinc` WHERE `pk` = 125 ) ORDER BY `col_char_12`,`col_char_12_key`,`col_int`,`col_int_key`,`pk` LIMIT 3
		   25 Query	UPDATE LOW_PRIORITY `table10_innodb_int_autoinc` AS X SET `col_char_12` = 2 WHERE X.`col_int_key` IN ( 'p', 'e', 4085252096, 'z', 245366784 ) ORDER BY `col_char_12`,`col_char_12_key`,`col_int`,`col_int_key`,`pk` LIMIT 8
		   22 Query	INSERT LOW_PRIORITY INTO `table0_innodb_key_pk_parts_2_int_autoinc` ( `col_int` ) SELECT `col_int_key` FROM `table2_innodb_key_pk_parts_2_int_autoinc` AS X ORDER BY `col_char_12`,`col_char_12_key`,`col_int`,`col_int_key`,`pk` LIMIT 5
		   12 Query	DELETE LOW_PRIORITY QUICK FROM `table2_innodb_key_pk_parts_2_int_autoinc` WHERE `pk` IN ( 'u', 176, 'v', 353042432, 1105526784 ) ORDER BY `col_char_12`,`col_char_12_key`,`col_int`,`col_int_key`,`pk` LIMIT 3
		   16 Query	UPDATE LOW_PRIORITY IGNORE `table2_innodb_key_pk_parts_2_int_autoinc` AS X SET `col_int_key` = 8 WHERE X.`col_int_key` = ( SELECT `col_char_12_key` FROM `table10_innodb_key_pk_parts_2_int_autoinc` WHERE `pk` = 242 ) ORDER BY `col_char_12`,`col_char_12_key`,`col_int`,`col_int_key`,`pk` LIMIT 8
		   12 Query	UPDATE LOW_PRIORITY IGNORE `table2_innodb_key_pk_parts_2_int_autoinc` AS X SET `col_char_12` = 1 WHERE X.`col_int_key` BETWEEN 112 AND 2074279936 ORDER BY `col_char_12`,`col_char_12_key`,`col_int`,`col_int_key`,`pk` LIMIT 8
		   22 Query	UPDATE LOW_PRIORITY IGNORE `table1_innodb_int_autoinc` AS X SET `col_char_12_key` = 4141416448 WHERE X.`col_int_key` = ( SELECT `col_char_12_key` FROM `table1_innodb_int_autoinc` WHERE `pk` = 7 ) ORDER BY `col_char_12`,`col_char_12_key`,`col_int`,`col_int_key`,`pk` LIMIT 5
		   16 Query	REPLACE LOW_PRIORITY INTO `table2_innodb_key_pk_parts_2_int_autoinc` ( `col_int` ) SELECT `col_char_12_key` FROM `table2_innodb_int_autoinc` AS X WHERE X.`col_char_12_key` IN ( 1439039488, 'a', 225, 1811218432, 'r' ) ORDER BY `col_char_12`,`col_char_12_key`,`col_int`,`col_int_key`,`pk` LIMIT 6
		   12 Query	SELECT X.`col_char_12_key` FROM `table0_innodb_key_pk_parts_2_int_autoinc` AS X WHERE X.`pk` BETWEEN 2 AND 8 LIMIT 6
		   22 Query	DELETE LOW_PRIORITY QUICK IGNORE FROM `table100_innodb_key_pk_parts_2_int_autoinc` WHERE `pk` IN ( SELECT `col_int_key` FROM `table0_innodb_int_autoinc` WHERE `pk` = 3 ) ORDER BY `col_char_12`,`col_char_12_key`,`col_int`,`col_int_key`,`pk` LIMIT 3
		   21 Query	UPDATE LOW_PRIORITY `table10_innodb_key_pk_parts_2_int_autoinc` AS X SET `col_int_key` = 114 WHERE X.`col_char_12_key` BETWEEN 4 AND 5 ORDER BY `col_char_12`,`col_char_12_key`,`col_int`,`col_int_key`,`pk` LIMIT 8
		   14 Query	LOCK TABLE `create_or_replace_tmp` WRITE, `table100_innodb_key_pk_parts_2_int_autoinc` READ
		   14 Query	CREATE OR REPLACE TEMPORARY TABLE `create_or_replace_tmp` LIKE `table0_innodb_key_pk_parts_2_int_autoinc`
		   14 Query	INSERT INTO `create_or_replace_tmp` SELECT * FROM `table100_innodb_key_pk_parts_2_int_autoinc`
		   12 Query	DELETE LOW_PRIORITY IGNORE FROM `table1_innodb_int_autoinc` WHERE `pk` = 'c' ORDER BY `col_char_12`,`col_char_12_key`,`col_int`,`col_int_key`,`pk` LIMIT 3
		   22 Query	SELECT * FROM `table10_innodb_int_autoinc` AS X LEFT JOIN `table10_innodb_int_autoinc` AS Y USING ( `col_int_key` ) WHERE X.`pk` < 122 LIMIT 6
		   12 Query	UPDATE LOW_PRIORITY IGNORE `table2_innodb_int_autoinc` AS X SET `col_int` = 3362258944 ORDER BY `col_char_12`,`col_char_12_key`,`col_int`,`col_int_key`,`pk` LIMIT 7
		   12 Query	SELECT ( SELECT `col_char_12_key` FROM `table2_innodb_int_autoinc` WHERE `pk` = 961937408 ) FROM `table100_innodb_int_autoinc` AS X LEFT JOIN `table10_innodb_key_pk_parts_2_int_autoinc` AS Y USING ( `pk` ) WHERE X.`col_char_12_key` BETWEEN 3 AND 6 LIMIT 5
		   12 Query	UPDATE LOW_PRIORITY `table100_innodb_int_autoinc` AS X SET `col_int` = 3 WHERE X.`col_int_key` BETWEEN 106 AND 3363635200 ORDER BY `col_char_12`,`col_char_12_key`,`col_int`,`col_int_key`,`pk` LIMIT 8
		   12 Query	SHOW WARNINGS
		   12 Query	INSERT LOW_PRIORITY IGNORE INTO `table10_innodb_int_autoinc` ( `col_char_12`, `col_int_key` ) VALUES ( 3481862144, 867631104 ), ( 75, 'r' )
		   12 Query	UPDATE LOW_PRIORITY `table10_innodb_key_pk_parts_2_int_autoinc` AS X SET `col_int` = 2462908416 WHERE X.`pk` = ( SELECT `col_char_12_key` FROM `table2_innodb_key_pk_parts_2_int_autoinc` WHERE `pk` = 110 ) ORDER BY `col_char_12`,`col_char_12_key`,`col_int`,`col_int_key`,`pk` LIMIT 5
		   11 Query	SHOW WARNINGS
		   12 Query	UPDATE LOW_PRIORITY IGNORE `table10_innodb_int_autoinc` AS X SET `col_char_12` = 4003463168 WHERE X.`col_int_key` BETWEEN 188 AND 1247150080 ORDER BY `col_char_12`,`col_char_12_key`,`col_int`,`col_int_key`,`pk` LIMIT 7
		   20 Query	SHOW WARNINGS
		   25 Query	SHOW WARNINGS
		   16 Query	SHOW WARNINGS
		   20 Query	SELECT * FROM `table0_innodb_key_pk_parts_2_int_autoinc` AS X WHERE X.`pk` = ( SELECT `col_char_12_key` FROM `table100_innodb_key_pk_parts_2_int_autoinc` WHERE `pk` = 7 ) LIMIT 8
		   12 Query	REPLACE LOW_PRIORITY INTO `table1_innodb_int_autoinc` (`pk`) VALUES (NULL)
		   16 Query	DELETE LOW_PRIORITY IGNORE FROM `table10_innodb_int_autoinc` WHERE `col_int_key` BETWEEN 2 AND 5 ORDER BY `col_char_12`,`col_char_12_key`,`col_int`,`col_int_key`,`pk` LIMIT 1
