		   22 Query	/* thread_id=22 cnt=25 */ CREATE OR REPLACE TEMPORARY TABLE `table0_innodb_int_autoinc` LIKE `table2_innodb_int_autoinc`
		   24 Query	/* thread_id=24 cnt=36 */ CREATE OR REPLACE TEMPORARY TABLE `table0_innodb_int_autoinc` LIKE `table2_innodb_int_autoinc`
		   15 Query	/* thread_id=15 cnt=113 */ DELETE FROM `table2_innodb_int_autoinc` WHERE `pk` = 'h' ORDER BY `col_char_12`,`col_char_12_key`,`col_int`,`col_int_key`,`pk` LIMIT 3
		   15 Query	SHOW WARNINGS
		   15 Query	/* thread_id=15 cnt=114 */ DELETE FROM `table0_innodb_int_autoinc` WHERE `col_int_key` IN ( SELECT `col_char_12_key` FROM `view_table1_innodb_int_autoinc` WHERE `pk` = 'z' ) ORDER BY `col_char_12`,`col_char_12_key`,`col_int`,`col_int_key`,`pk` LIMIT 4
		   15 Query	SHOW WARNINGS
		   15 Query	/* thread_id=15 cnt=115 */ CREATE OR REPLACE TEMPORARY TABLE `table0_innodb_int_autoinc` LIKE `table3_innodb_int_autoinc`
150505 15:38:51	   24 Query	/* thread_id=24 cnt=37 */ REPLACE INTO `table2_innodb_int_autoinc` (`pk`) VALUES (NULL)
150505 15:38:52	   24 Query	/* thread_id=24 cnt=38 */ CREATE OR REPLACE TEMPORARY TABLE `table1_innodb_int_autoinc` LIKE `table1_innodb_int_autoinc`
		   24 Query	/* thread_id=24 cnt=39 */ DELETE IGNORE FROM `view_table0_innodb_int_autoinc` WHERE `pk` = 1381433344 ORDER BY `col_char_12`,`col_char_12_key`,`col_int`,`col_int_key`,`pk` LIMIT 3
		   21 Query	/* thread_id=21 cnt=22 */ CREATE OR REPLACE TEMPORARY TABLE `table1_innodb_int_autoinc` LIKE `table1_innodb_int_autoinc`
		   21 Query	/* thread_id=21 cnt=23 */ DELETE FROM `table2_innodb_int_autoinc` WHERE `col_int_key` = 'j' ORDER BY `col_char_12`,`col_char_12_key`,`col_int`,`col_int_key`,`pk` LIMIT 2
150505 15:38:53	   24 Query	SHOW WARNINGS
		   21 Query	SHOW WARNINGS
		   21 Query	/* thread_id=21 cnt=24 */ REPLACE INTO `table3_innodb_int_autoinc` (`pk`) VALUES (NULL)
		   24 Query	/* thread_id=24 cnt=40 */ REPLACE INTO `view_table1_innodb_int_autoinc` ( `pk`, `col_char_12_key` ) VALUES ( 62, 2757820416 ), ( 0, 875757568 )
150505 15:38:54	   21 Query	/* thread_id=21 cnt=25 */ DELETE IGNORE FROM `view_table2_innodb_int_autoinc` WHERE `col_char_12_key` IN ( SELECT `col_int` FROM `view_table2_innodb_int_autoinc` WHERE `pk` = 179 ) ORDER BY `col_char_12`,`col_char_12_key`,`col_int`,`col_int_key`,`pk` LIMIT 1
150505 15:38:55	   15 Query	/* thread_id=15 cnt=116 */ REPLACE INTO `table0_innodb_int_autoinc` (`pk`) VALUES (NULL)
		   22 Query	/* thread_id=22 cnt=26 */ REPLACE INTO `view_table1_innodb_int_autoinc` (`pk`) VALUES (NULL)
		   21 Query	/* thread_id=21 cnt=26 */ INSERT INTO `table1_innodb_int_autoinc` ( `col_int_key`, `col_int_key` ) VALUES ( 1638203392, 3151626240 ), ( 'r', 1621360640 )
		   15 Query	/* thread_id=15 cnt=117 */ DELETE IGNORE FROM `view_table3_innodb_int_autoinc` WHERE `col_char_12_key` IN ( 58, 'p', 1907032064, 1, 8 ) ORDER BY `col_char_12`,`col_char_12_key`,`col_int`,`col_int_key`,`pk` LIMIT 4
		   21 Query	/* thread_id=21 cnt=27 */ DELETE FROM `view_table2_innodb_int_autoinc` WHERE `col_char_12_key` = 2 ORDER BY `col_char_12`,`col_char_12_key`,`col_int`,`col_int_key`,`pk` LIMIT 3
		   15 Query	SHOW WARNINGS
		   15 Query	/* thread_id=15 cnt=118 */ CREATE OR REPLACE TEMPORARY TABLE `table3_innodb_int_autoinc` LIKE `table1_innodb_int_autoinc`
150505 15:38:56	   15 Query	/* thread_id=15 cnt=119 */ CREATE OR REPLACE TEMPORARY TABLE `table3_innodb_int_autoinc` LIKE `table2_innodb_int_autoinc`
150505 15:38:57	   15 Query	/* thread_id=15 cnt=120 */ INSERT INTO `view_table3_innodb_int_autoinc` ( `pk`, `col_int` ) VALUES ( 1574305792, 4 ), ( 1181417472, 100 )
		   15 Query	/* thread_id=15 cnt=121 */ DELETE IGNORE FROM `view_table2_innodb_int_autoinc` WHERE `pk` BETWEEN 4 AND 7 ORDER BY `col_char_12`,`col_char_12_key`,`col_int`,`col_int_key`,`pk` LIMIT 1
		   15 Query	SHOW WARNINGS
		   15 Query	/* thread_id=15 cnt=122 */ INSERT IGNORE INTO `view_table1_innodb_int_autoinc` (`pk`) VALUES (NULL)
		   15 Query	/* thread_id=15 cnt=123 */ REPLACE INTO `view_table2_innodb_int_autoinc` (`pk`) VALUES (NULL)
		   11 Query	/* thread_id=11 cnt=32 */ DELETE IGNORE FROM `view_table3_innodb_int_autoinc` WHERE `pk` = 2 ORDER BY `col_char_12`,`col_char_12_key`,`col_int`,`col_int_key`,`pk` LIMIT 1
		   15 Query	/* thread_id=15 cnt=124 */ SET AUTOCOMMIT=ON
150505 15:38:58	   19 Query	SHOW WARNINGS
		   18 Query	SHOW WARNINGS
		   15 Query	/* thread_id=15 cnt=125 */ DELETE FROM `table3_innodb_int_autoinc` WHERE `pk` = 0 ORDER BY `col_char_12`,`col_char_12_key`,`col_int`,`col_int_key`,`pk` LIMIT 4
		   19 Query	/* thread_id=19 cnt=38 */ SET AUTOCOMMIT=OFF
		   18 Query	/* thread_id=18 cnt=24 */ DELETE FROM `table2_innodb_int_autoinc` ORDER BY `col_char_12`,`col_char_12_key`,`col_int`,`col_int_key`,`pk` LIMIT 3
		   19 Query	/* thread_id=19 cnt=39 */ REPLACE INTO `table1_innodb_int_autoinc` ( `col_int`, `col_char_12` ) VALUES ( 0, 'b' ), ( 2309554176, 151 )
		   19 Query	SHOW WARNINGS
		   19 Query	/* thread_id=19 cnt=40 */ DELETE FROM `table3_innodb_int_autoinc` WHERE `col_int_key` = 'o' ORDER BY `col_char_12`,`col_char_12_key`,`col_int`,`col_int_key`,`pk` LIMIT 4
		   19 Query	SHOW WARNINGS
		   19 Query	/* thread_id=19 cnt=41 */ REPLACE INTO `view_table0_innodb_int_autoinc` ( `col_int_key`, `col_int_key` ) VALUES ( 'd', 48 ), ( 'k', 214 )
		   19 Query	SHOW WARNINGS
		   19 Query	/* thread_id=19 cnt=42 */ INSERT INTO `view_table0_innodb_int_autoinc` (`pk`) VALUES (NULL)
		   19 Query	/* thread_id=19 cnt=43 */ REPLACE INTO `view_table0_innodb_int_autoinc` ( `col_char_12_key`, `col_int_key` ) VALUES ( 1175126016, 180420608 ), ( 1617166336, 3453747200 )
		   19 Query	SHOW WARNINGS
		   19 Query	/* thread_id=19 cnt=44 */ REPLACE INTO `table1_innodb_int_autoinc` ( `col_char_12`, `col_int` ) VALUES ( 'g', 249 ), ( 2051211264, 0 )
		   19 Query	/* thread_id=19 cnt=45 */ REPLACE INTO `table3_innodb_int_autoinc` ( `col_char_12_key`, `col_char_12_key` ) VALUES ( 3975020544, 3 ), ( 52, 5 )
		   19 Query	/* thread_id=19 cnt=46 */ CREATE OR REPLACE TEMPORARY TABLE `table2_innodb_int_autoinc` LIKE `table2_innodb_int_autoinc`
		   19 Query	/* thread_id=19 cnt=47 */ DELETE FROM `table3_innodb_int_autoinc` ORDER BY `col_char_12`,`col_char_12_key`,`col_int`,`col_int_key`,`pk` LIMIT 3
		   19 Query	SHOW WARNINGS
		   19 Query	/* thread_id=19 cnt=48 */ REPLACE INTO `view_table2_innodb_int_autoinc` (`pk`) VALUES (NULL)
		   19 Query	/* thread_id=19 cnt=49 */ COMMIT
		   18 Query	SHOW WARNINGS
		   16 Query	/* thread_id=16 cnt=30 */ CREATE OR REPLACE TEMPORARY TABLE `table3_innodb_int_autoinc` LIKE `table3_innodb_int_autoinc`
		   17 Query	/* thread_id=17 cnt=22 */ REPLACE INTO `table3_innodb_int_autoinc` ( `col_int_key`, `col_int_key` ) VALUES ( 169, 1426194432 ), ( 5, 507641856 )
		   18 Query	/* thread_id=18 cnt=25 */ CREATE OR REPLACE TEMPORARY TABLE `table0_innodb_int_autoinc` LIKE `table1_innodb_int_autoinc`
		   15 Query	SHOW WARNINGS
		   14 Query	/* thread_id=14 cnt=24 */ CREATE OR REPLACE TEMPORARY TABLE `table1_innodb_int_autoinc` LIKE `table3_innodb_int_autoinc`
		   11 Query	SHOW WARNINGS
		   20 Query	/* thread_id=20 cnt=33 */ REPLACE INTO `table2_innodb_int_autoinc` ( `col_int`, `col_char_12_key` ) VALUES ( 5, 'k' ), ( 'q', 9 )
		   12 Query	/* thread_id=12 cnt=21 */ DELETE FROM `table3_innodb_int_autoinc` ORDER BY `col_char_12`,`col_char_12_key`,`col_int`,`col_int_key`,`pk` LIMIT 3
		   17 Query	/* thread_id=17 cnt=23 */ INSERT INTO `table2_innodb_int_autoinc` ( `col_char_12`, `col_char_12_key` ) VALUES ( 221, 2710765568 ), ( 966000640, 2 )
		   11 Query	/* thread_id=11 cnt=33 */ INSERT INTO `table0_innodb_int_autoinc` (`pk`) VALUES (NULL)
		   22 Query	/* thread_id=22 cnt=27 */ ROLLBACK
		   24 Query	/* thread_id=24 cnt=41 */ DELETE FROM `view_table1_innodb_int_autoinc` WHERE `col_char_12_key` IN ( 'r', 84, 's', 2, 'l' ) ORDER BY `col_char_12`,`col_char_12_key`,`col_int`,`col_int_key`,`pk` LIMIT 4
		   22 Query	/* thread_id=22 cnt=28 */ DELETE FROM `table0_innodb_int_autoinc` WHERE `pk` BETWEEN 3 AND 8 ORDER BY `col_char_12`,`col_char_12_key`,`col_int`,`col_int_key`,`pk` LIMIT 4
		   16 Query	/* thread_id=16 cnt=31 */ DELETE FROM `table3_innodb_int_autoinc` WHERE `col_char_12_key` IN ( 'g', 889061376, 'l', 'h', 7 ) ORDER BY `col_char_12`,`col_char_12_key`,`col_int`,`col_int_key`,`pk` LIMIT 2
		   12 Query	SHOW WARNINGS
		   13 Query	SHOW WARNINGS
		   10 Query	SHOW WARNINGS
		   23 Query	SHOW WARNINGS
		   12 Query	/* thread_id=12 cnt=22 */ DELETE FROM `table3_innodb_int_autoinc` WHERE `col_char_12_key` BETWEEN 4 AND 7 ORDER BY `col_char_12`,`col_char_12_key`,`col_int`,`col_int_key`,`pk` LIMIT 4
		   10 Query	/* thread_id=10 cnt=29 */ INSERT INTO `view_table2_innodb_int_autoinc` (`pk`) VALUES (NULL)
		   22 Query	SHOW WARNINGS
		   15 Query	/* thread_id=15 cnt=126 */ DELETE FROM `view_table2_innodb_int_autoinc` WHERE `col_int` IN ( SELECT `col_char_12_key` FROM `table1_innodb_int_autoinc` WHERE `pk` = 4205641728 ) ORDER BY `col_char_12`,`col_char_12_key`,`col_int`,`col_int_key`,`pk` LIMIT 1
		   21 Query	SHOW WARNINGS
		   13 Query	/* thread_id=13 cnt=32 */ REPLACE INTO `view_table2_innodb_int_autoinc` (`pk`) VALUES (NULL)
		   22 Query	/* thread_id=22 cnt=29 */ DELETE FROM `table1_innodb_int_autoinc` WHERE `pk` IN ( SELECT `pk` FROM `view_table0_innodb_int_autoinc` WHERE `pk` = 134 ) ORDER BY `col_char_12`,`col_char_12_key`,`col_int`,`col_int_key`,`pk` LIMIT 1
		   21 Query	/* thread_id=21 cnt=28 */ REPLACE INTO `table0_innodb_int_autoinc` ( `col_char_12_key`, `col_char_12` ) VALUES ( 8, 199 ), ( 128843776, 'q' )
		   13 Query	/* thread_id=13 cnt=33 */ INSERT INTO `view_table0_innodb_int_autoinc` (`pk`) VALUES (NULL)
		   16 Query	SHOW WARNINGS
		   23 Query	/* thread_id=23 cnt=41 */ DELETE IGNORE FROM `table2_innodb_int_autoinc` WHERE `col_char_12_key` IN ( 232, 7, 0, 3875602432, 'l' ) ORDER BY `col_char_12`,`col_char_12_key`,`col_int`,`col_int_key`,`pk` LIMIT 4
		   12 Query	SHOW WARNINGS
		   16 Query	/* thread_id=16 cnt=32 */ CREATE OR REPLACE TEMPORARY TABLE `table3_innodb_int_autoinc` LIKE `table3_innodb_int_autoinc`
		   12 Query	/* thread_id=12 cnt=23 */ CREATE OR REPLACE TEMPORARY TABLE `table2_innodb_int_autoinc` LIKE `table3_innodb_int_autoinc`
		   23 Query	SHOW WARNINGS
		   13 Query	/* thread_id=13 cnt=34 */ DELETE FROM `table1_innodb_int_autoinc` WHERE `col_int_key` IN ( 523239424, 2649096192, 51, 'v', 's' ) ORDER BY `col_char_12`,`col_char_12_key`,`col_int`,`col_int_key`,`pk` LIMIT 2
		   23 Query	/* thread_id=23 cnt=42 */ REPLACE INTO `view_table2_innodb_int_autoinc` ( `col_int_key`, `col_char_12_key` ) VALUES ( 439812096, 0 ), ( 200, 0 )
		   16 Query	/* thread_id=16 cnt=33 */ REPLACE INTO `table1_innodb_int_autoinc` (`pk`) VALUES (NULL)
		   22 Query	SHOW WARNINGS
		   13 Query	SHOW WARNINGS
		   19 Query	/* thread_id=19 cnt=50 */ INSERT INTO `table1_innodb_int_autoinc` (`pk`) VALUES (NULL)
		   22 Query	/* thread_id=22 cnt=30 */ CREATE OR REPLACE TEMPORARY TABLE `table0_innodb_int_autoinc` LIKE `table1_innodb_int_autoinc`
		   13 Query	/* thread_id=13 cnt=35 */ DELETE FROM `view_table2_innodb_int_autoinc` ORDER BY `col_char_12`,`col_char_12_key`,`col_int`,`col_int_key`,`pk` LIMIT 4
		   19 Query	/* thread_id=19 cnt=51 */ DELETE FROM `table0_innodb_int_autoinc` ORDER BY `col_char_12`,`col_char_12_key`,`col_int`,`col_int_key`,`pk` LIMIT 2
		   19 Query	SHOW WARNINGS
		   15 Query	/* thread_id=15 cnt=127 */ INSERT INTO `table1_innodb_int_autoinc` (`pk`) VALUES (NULL)
		   19 Query	/* thread_id=19 cnt=52 */ DELETE FROM `table0_innodb_int_autoinc` WHERE `col_int_key` IN ( SELECT `col_char_12_key` FROM `view_table1_innodb_int_autoinc` WHERE `pk` = 102236160 ) ORDER BY `col_char_12`,`col_char_12_key`,`col_int`,`col_int_key`,`pk` LIMIT 2
		   19 Query	SHOW WARNINGS
		   19 Query	/* thread_id=19 cnt=53 */ CREATE OR REPLACE TEMPORARY TABLE `table0_innodb_int_autoinc` LIKE `table0_innodb_int_autoinc`
		   19 Query	/* thread_id=19 cnt=54 */ CREATE OR REPLACE TEMPORARY TABLE `table2_innodb_int_autoinc` LIKE `table0_innodb_int_autoinc`
		   20 Query	SHOW WARNINGS
		   11 Query	/* thread_id=11 cnt=34 */ INSERT IGNORE INTO `view_table3_innodb_int_autoinc` ( `col_char_12_key`, `col_char_12_key` ) VALUES ( 'l', 408748032 ), ( 'n', 169 )
		   20 Query	/* thread_id=20 cnt=34 */ INSERT INTO `view_table2_innodb_int_autoinc` (`pk`) VALUES (NULL)
		   13 Query	SHOW WARNINGS
		   17 Query	/* thread_id=17 cnt=24 */ INSERT INTO `table3_innodb_int_autoinc` (`pk`) VALUES (NULL)
		   13 Query	/* thread_id=13 cnt=36 */ DELETE IGNORE FROM `view_table2_innodb_int_autoinc` WHERE `pk` IN ( 1884028928, 3818061824, 4, 1768292352, 2470838272 ) ORDER BY `col_char_12`,`col_char_12_key`,`col_int`,`col_int_key`,`pk` LIMIT 3
		   10 Query	/* thread_id=10 cnt=30 */ DELETE IGNORE FROM `view_table3_innodb_int_autoinc` WHERE `col_int_key` IN ( SELECT `col_int` FROM `view_table2_innodb_int_autoinc` WHERE `pk` = 3846176768 ) ORDER BY `col_char_12`,`col_char_12_key`,`col_int`,`col_int_key`,`pk` LIMIT 3
		   13 Query	SHOW WARNINGS
		   23 Query	/* thread_id=23 cnt=43 */ DELETE FROM `view_table3_innodb_int_autoinc` WHERE `col_char_12_key` IN ( 'c', 93, 'x', 3016359936, 160 ) ORDER BY `col_char_12`,`col_char_12_key`,`col_int`,`col_int_key`,`pk` LIMIT 2
		   11 Query	SHOW WARNINGS
		   10 Query	SHOW WARNINGS
		   13 Query	/* thread_id=13 cnt=37 */ DELETE FROM `view_table0_innodb_int_autoinc` WHERE `col_char_12_key` BETWEEN 1 AND 5 ORDER BY `col_char_12`,`col_char_12_key`,`col_int`,`col_int_key`,`pk` LIMIT 1
		   11 Query	/* thread_id=11 cnt=35 */ REPLACE INTO `view_table0_innodb_int_autoinc` ( `col_char_12`, `col_int_key` ) VALUES ( 2798845952, 'i' ), ( 'd', 8 )
		   10 Query	/* thread_id=10 cnt=31 */ REPLACE INTO `table0_innodb_int_autoinc` ( `col_int`, `col_char_12_key` ) VALUES ( 90, 'e' ), ( 'u', 1632763904 )
150505 15:38:59	   15 Query	/* thread_id=15 cnt=128 */ INSERT IGNORE INTO `view_table2_innodb_int_autoinc` (`pk`) VALUES (NULL)
		   17 Query	/* thread_id=17 cnt=25 */ DELETE FROM `table0_innodb_int_autoinc` WHERE `col_char_12_key` IN ( SELECT `col_int_key` FROM `table3_innodb_int_autoinc` WHERE `pk` = 'h' ) ORDER BY `col_char_12`,`col_char_12_key`,`col_int`,`col_int_key`,`pk` LIMIT 2
		   21 Query	/* thread_id=21 cnt=29 */ REPLACE INTO `view_table0_innodb_int_autoinc` ( `pk`, `col_int` ) VALUES ( 7, 9 ), ( 37, 110 )
		   16 Query	/* thread_id=16 cnt=34 */ DELETE FROM `view_table0_innodb_int_autoinc` ORDER BY `col_char_12`,`col_char_12_key`,`col_int`,`col_int_key`,`pk` LIMIT 2
		   11 Query	SHOW WARNINGS
		   23 Query	SHOW WARNINGS
		   13 Query	SHOW WARNINGS
		   11 Query	/* thread_id=11 cnt=36 */ CREATE OR REPLACE TEMPORARY TABLE `table2_innodb_int_autoinc` LIKE `table1_innodb_int_autoinc`
		   23 Query	/* thread_id=23 cnt=44 */ DELETE FROM `view_table2_innodb_int_autoinc` WHERE `col_char_12_key` IN ( SELECT `col_int_key` FROM `table0_innodb_int_autoinc` WHERE `pk` = 98 ) ORDER BY `col_char_12`,`col_char_12_key`,`col_int`,`col_int_key`,`pk` LIMIT 3
		   13 Query	/* thread_id=13 cnt=38 */ INSERT INTO `table0_innodb_int_autoinc` ( `col_int`, `col_char_12` ) VALUES ( 'o', 3 ), ( 1034682368, 22 )
		   13 Query	SHOW WARNINGS
		   13 Query	/* thread_id=13 cnt=39 */ INSERT INTO `view_table3_innodb_int_autoinc` (`pk`) VALUES (NULL)
		   13 Query	/* thread_id=13 cnt=40 */ REPLACE INTO `view_table0_innodb_int_autoinc` ( `col_char_12`, `col_int` ) VALUES ( 'u', 113 ), ( 1, 8 )
		   13 Query	/* thread_id=13 cnt=41 */ CREATE OR REPLACE TEMPORARY TABLE `table1_innodb_int_autoinc` LIKE `table2_innodb_int_autoinc`
		   10 Query	SHOW WARNINGS
		   10 Query	/* thread_id=10 cnt=32 */ REPLACE INTO `table1_innodb_int_autoinc` (`pk`) VALUES (NULL)
150505 15:39:00	   17 Query	SHOW WARNINGS
		   17 Query	/* thread_id=17 cnt=26 */ REPLACE INTO `view_table3_innodb_int_autoinc` ( `col_char_12_key`, `col_int` ) VALUES ( 416153600, 152 ), ( 2175860736, 'n' )
		   17 Query	/* thread_id=17 cnt=27 */ DELETE IGNORE FROM `table2_innodb_int_autoinc` WHERE `pk` = 2 ORDER BY `col_char_12`,`col_char_12_key`,`col_int`,`col_int_key`,`pk` LIMIT 3
		   10 Query	/* thread_id=10 cnt=33 */ REPLACE INTO `table2_innodb_int_autoinc` ( `col_char_12`, `col_char_12_key` ) VALUES ( 201, 227 ), ( 3438477312, 164 )
150505 15:39:01	   17 Query	SHOW WARNINGS
		   17 Query	/* thread_id=17 cnt=28 */ CREATE OR REPLACE TEMPORARY TABLE `table1_innodb_int_autoinc` LIKE `table0_innodb_int_autoinc`
150505 15:39:02	   10 Query	/* thread_id=10 cnt=34 */ SET TRANSACTION ISOLATION LEVEL READ UNCOMMITTED
		   10 Query	/* thread_id=10 cnt=35 */ DELETE FROM `table0_innodb_int_autoinc` ORDER BY `col_char_12`,`col_char_12_key`,`col_int`,`col_int_key`,`pk` LIMIT 4
		   10 Query	/* thread_id=10 cnt=36 */ REPLACE INTO `table0_innodb_int_autoinc` ( `col_int`, `col_int` ) VALUES ( 'r', 3 ), ( 482410496, 'l' )
		   10 Query	/* thread_id=10 cnt=37 */ REPLACE INTO `view_table2_innodb_int_autoinc` ( `col_int_key`, `col_int_key` ) VALUES ( 496304128, 9 ), ( 5, 4 )
		   10 Query	/* thread_id=10 cnt=38 */ REPLACE INTO `view_table3_innodb_int_autoinc` ( `col_int`, `col_char_12` ) VALUES ( 'p', 'i' ), ( 245, 4104257536 )
		   10 Query	/* thread_id=10 cnt=39 */ CREATE OR REPLACE TEMPORARY TABLE `table2_innodb_int_autoinc` LIKE `table0_innodb_int_autoinc`
150505 15:39:04	   22 Query	/* thread_id=22 cnt=31 */ CREATE OR REPLACE TEMPORARY TABLE `table0_innodb_int_autoinc` LIKE `table1_innodb_int_autoinc`
150505 15:39:05	   14 Query	/* thread_id=14 cnt=25 */ DELETE FROM `view_table3_innodb_int_autoinc` WHERE `col_char_12` BETWEEN 2 AND 8 ORDER BY `col_char_12`,`col_char_12_key`,`col_int`,`col_int_key`,`pk` LIMIT 3
		   11 Query	/* thread_id=11 cnt=37 */ DELETE FROM `table3_innodb_int_autoinc` WHERE `col_char_12_key` IN ( 64, 156, 1, 63, 9 ) ORDER BY `col_char_12`,`col_char_12_key`,`col_int`,`col_int_key`,`pk` LIMIT 4
150505 15:39:06	   14 Query	SHOW WARNINGS
		   11 Query	SHOW WARNINGS
		   11 Query	/* thread_id=11 cnt=38 */ REPLACE INTO `table3_innodb_int_autoinc` (`pk`) VALUES (NULL)
		   14 Query	/* thread_id=14 cnt=26 */ DELETE FROM `view_table0_innodb_int_autoinc` ORDER BY `col_char_12`,`col_char_12_key`,`col_int`,`col_int_key`,`pk` LIMIT 3
150505 15:39:07	   11 Query	/* thread_id=11 cnt=39 */ DELETE FROM `table3_innodb_int_autoinc` WHERE `pk` IN ( SELECT `col_int_key` FROM `table2_innodb_int_autoinc` WHERE `pk` = 251 ) ORDER BY `col_char_12`,`col_char_12_key`,`col_int`,`col_int_key`,`pk` LIMIT 3
		   13 Query	/* thread_id=13 cnt=42 */ INSERT INTO `view_table3_innodb_int_autoinc` (`pk`) VALUES (NULL)
		   19 Query	/* thread_id=19 cnt=55 */ REPLACE INTO `view_table2_innodb_int_autoinc` ( `pk`, `pk` ) VALUES ( 0, 2 ), ( 662896640, 'j' )
		   12 Query	/* thread_id=12 cnt=24 */ REPLACE INTO `view_table2_innodb_int_autoinc` (`pk`) VALUES (NULL)
		   13 Query	/* thread_id=13 cnt=43 */ INSERT INTO `view_table2_innodb_int_autoinc` (`pk`) VALUES (NULL)
		   13 Query	/* thread_id=13 cnt=44 */ REPLACE INTO `table2_innodb_int_autoinc` ( `col_int`, `col_int` ) VALUES ( 3072655360, 'z' ), ( 237, 'z' )
		   13 Query	/* thread_id=13 cnt=45 */ DELETE IGNORE FROM `view_table0_innodb_int_autoinc` WHERE `col_char_12` = 2293235712 ORDER BY `col_char_12`,`col_char_12_key`,`col_int`,`col_int_key`,`pk` LIMIT 2
		   13 Query	SHOW WARNINGS
		   13 Query	/* thread_id=13 cnt=46 */ INSERT INTO `table2_innodb_int_autoinc` ( `col_char_12`, `col_int_key` ) VALUES ( 'd', 5 ), ( 9, 1560936448 )
		   13 Query	/* thread_id=13 cnt=47 */ REPLACE INTO `table3_innodb_int_autoinc` ( `col_int_key`, `col_int_key` ) VALUES ( 98, 244 ), ( 1922105344, 'r' )
		   13 Query	/* thread_id=13 cnt=48 */ SET AUTOCOMMIT=OFF
		   13 Query	/* thread_id=13 cnt=49 */ SET TRANSACTION ISOLATION LEVEL REPEATABLE READ
		   13 Query	/* thread_id=13 cnt=50 */ DELETE FROM `view_table0_innodb_int_autoinc` WHERE `col_int_key` BETWEEN 3 AND 7 ORDER BY `col_char_12`,`col_char_12_key`,`col_int`,`col_int_key`,`pk` LIMIT 2
		   13 Query	SHOW WARNINGS
		   13 Query	/* thread_id=13 cnt=51 */ DELETE FROM `view_table2_innodb_int_autoinc` WHERE `col_char_12_key` IN ( 7, 206, 61, 't', 194 ) ORDER BY `col_char_12`,`col_char_12_key`,`col_int`,`col_int_key`,`pk` LIMIT 1
		   13 Query	SHOW WARNINGS
		   13 Query	/* thread_id=13 cnt=52 */ DELETE FROM `view_table1_innodb_int_autoinc` WHERE `col_int` BETWEEN 4 AND 6 ORDER BY `col_char_12`,`col_char_12_key`,`col_int`,`col_int_key`,`pk` LIMIT 2
		   13 Query	SHOW WARNINGS
		   13 Query	/* thread_id=13 cnt=53 */ DELETE FROM `table2_innodb_int_autoinc` WHERE `pk` IN ( 64, 4208197632, 2963079168, 78, 6 ) ORDER BY `col_char_12`,`col_char_12_key`,`col_int`,`col_int_key`,`pk` LIMIT 4
		   13 Query	SHOW WARNINGS
		   13 Query	/* thread_id=13 cnt=54 */ REPLACE INTO `view_table3_innodb_int_autoinc` (`pk`) VALUES (NULL)
		   13 Query	/* thread_id=13 cnt=55 */ DELETE FROM `view_table3_innodb_int_autoinc` WHERE `pk` IN ( 1013710848, 'v', 150, 'u', 'g' ) ORDER BY `col_char_12`,`col_char_12_key`,`col_int`,`col_int_key`,`pk` LIMIT 2
		   13 Query	SHOW WARNINGS
		   13 Query	/* thread_id=13 cnt=56 */ CREATE OR REPLACE TEMPORARY TABLE `table2_innodb_int_autoinc` LIKE `table0_innodb_int_autoinc`
150505 15:39:08	   11 Query	SHOW WARNINGS
		   11 Query	/* thread_id=11 cnt=40 */ DELETE FROM `view_table1_innodb_int_autoinc` WHERE `col_char_12_key` IN ( SELECT `col_char_12_key` FROM `view_table1_innodb_int_autoinc` WHERE `pk` = 8 ) ORDER BY `col_char_12`,`col_char_12_key`,`col_int`,`col_int_key`,`pk` LIMIT 3
		   11 Query	/* thread_id=11 cnt=41 */ DELETE FROM `table1_innodb_int_autoinc` ORDER BY `col_char_12`,`col_char_12_key`,`col_int`,`col_int_key`,`pk` LIMIT 1
		   17 Query	/* thread_id=17 cnt=29 */ CREATE OR REPLACE TEMPORARY TABLE `table0_innodb_int_autoinc` LIKE `table1_innodb_int_autoinc`
150505 15:39:09	   11 Query	SHOW WARNINGS
		   11 Query	/* thread_id=11 cnt=42 */ CREATE OR REPLACE TEMPORARY TABLE `table0_innodb_int_autoinc` LIKE `table2_innodb_int_autoinc`
150505 15:39:10	   18 Query	/* thread_id=18 cnt=26 */ DELETE FROM `table3_innodb_int_autoinc` WHERE `col_int_key` IN ( 'b', 8, 212, 't', 6 ) ORDER BY `col_char_12`,`col_char_12_key`,`col_int`,`col_int_key`,`pk` LIMIT 2
150505 15:39:11	   13 Query	/* thread_id=13 cnt=57 */ CREATE OR REPLACE TEMPORARY TABLE `table1_innodb_int_autoinc` LIKE `table3_innodb_int_autoinc`
		   18 Query	SHOW WARNINGS
		   18 Query	/* thread_id=18 cnt=27 */ COMMIT
		   18 Query	/* thread_id=18 cnt=28 */ REPLACE INTO `view_table1_innodb_int_autoinc` (`pk`) VALUES (NULL)
150505 15:39:14	   22 Query	/* thread_id=22 cnt=32 */ CREATE OR REPLACE TEMPORARY TABLE `table2_innodb_int_autoinc` LIKE `table0_innodb_int_autoinc`
		   10 Query	/* thread_id=10 cnt=40 */ INSERT INTO `table0_innodb_int_autoinc` (`pk`) VALUES (NULL)
		   10 Query	/* thread_id=10 cnt=41 */ CREATE OR REPLACE TEMPORARY TABLE `table1_innodb_int_autoinc` LIKE `table3_innodb_int_autoinc`
150505 15:39:17	   13 Query	/* thread_id=13 cnt=58 */ DELETE IGNORE FROM `table1_innodb_int_autoinc` WHERE `pk` IN ( SELECT `col_int_key` FROM `view_table2_innodb_int_autoinc` WHERE `pk` = 1 ) ORDER BY `col_char_12`,`col_char_12_key`,`col_int`,`col_int_key`,`pk` LIMIT 2
		   13 Query	SHOW WARNINGS
		   13 Query	/* thread_id=13 cnt=59 */ INSERT IGNORE INTO `view_table1_innodb_int_autoinc` (`pk`) VALUES (NULL)
150505 15:39:19	   22 Query	/* thread_id=22 cnt=33 */ INSERT INTO `table3_innodb_int_autoinc` ( `col_char_12_key`, `col_char_12_key` ) VALUES ( 98, 'w' ), ( 596246528, 9961472 )
		   13 Query	/* thread_id=13 cnt=60 */ INSERT IGNORE INTO `view_table2_innodb_int_autoinc` (`pk`) VALUES (NULL)
		   22 Query	/* thread_id=22 cnt=34 */ DELETE FROM `table2_innodb_int_autoinc` WHERE `col_int_key` IN ( 'q', 2606891008, 'l', 'r', 73 ) ORDER BY `col_char_12`,`col_char_12_key`,`col_int`,`col_int_key`,`pk` LIMIT 4
		   13 Query	/* thread_id=13 cnt=61 */ REPLACE INTO `table0_innodb_int_autoinc` (`pk`) VALUES (NULL)
		   13 Query	/* thread_id=13 cnt=62 */ INSERT INTO `view_table1_innodb_int_autoinc` (`pk`) VALUES (NULL)
		   13 Query	/* thread_id=13 cnt=63 */ DELETE IGNORE FROM `table1_innodb_int_autoinc` WHERE `col_char_12_key` IN ( SELECT `col_int_key` FROM `view_table1_innodb_int_autoinc` WHERE `pk` = 41 ) ORDER BY `col_char_12`,`col_char_12_key`,`col_int`,`col_int_key`,`pk` LIMIT 4
		   13 Query	SHOW WARNINGS
		   13 Query	/* thread_id=13 cnt=64 */ REPLACE INTO `table2_innodb_int_autoinc` (`pk`) VALUES (NULL)
		   13 Query	/* thread_id=13 cnt=65 */ INSERT INTO `table1_innodb_int_autoinc` ( `col_char_12`, `col_char_12_key` ) VALUES ( 204, 5 ), ( 1281228800, 105 )
		   13 Query	/* thread_id=13 cnt=66 */ CREATE OR REPLACE TEMPORARY TABLE `table2_innodb_int_autoinc` LIKE `table1_innodb_int_autoinc`
		   22 Query	SHOW WARNINGS
		   19 Query	/* thread_id=19 cnt=56 */ REPLACE INTO `view_table1_innodb_int_autoinc` ( `col_char_12_key`, `col_char_12` ) VALUES ( 3, 80 ), ( 1747910656, 'f' )
		   22 Query	/* thread_id=22 cnt=35 */ DELETE FROM `table3_innodb_int_autoinc` WHERE `col_char_12_key` = 126 ORDER BY `col_char_12`,`col_char_12_key`,`col_int`,`col_int_key`,`pk` LIMIT 3
150505 15:39:20	   10 Query	/* thread_id=10 cnt=42 */ DELETE FROM `view_table2_innodb_int_autoinc` ORDER BY `col_char_12`,`col_char_12_key`,`col_int`,`col_int_key`,`pk` LIMIT 1
		   10 Query	/* thread_id=10 cnt=43 */ CREATE OR REPLACE TEMPORARY TABLE `table2_innodb_int_autoinc` LIKE `table3_innodb_int_autoinc`
		   22 Query	SHOW WARNINGS
		   22 Query	/* thread_id=22 cnt=36 */ INSERT INTO `table1_innodb_int_autoinc` ( `col_char_12`, `col_int_key` ) VALUES ( 7, 6 ), ( 41, 668729344 )
150505 15:39:21	   17 Query	/* thread_id=17 cnt=30 */ DELETE IGNORE FROM `table1_innodb_int_autoinc` WHERE `pk` BETWEEN 1 AND 7 ORDER BY `col_char_12`,`col_char_12_key`,`col_int`,`col_int_key`,`pk` LIMIT 3
		   11 Query	/* thread_id=11 cnt=43 */ CREATE OR REPLACE TEMPORARY TABLE `table2_innodb_int_autoinc` LIKE `table2_innodb_int_autoinc`
		   11 Query	/* thread_id=11 cnt=44 */ DELETE IGNORE FROM `table0_innodb_int_autoinc` WHERE `col_char_12_key` = 'g' ORDER BY `col_char_12`,`col_char_12_key`,`col_int`,`col_int_key`,`pk` LIMIT 2
		   17 Query	SHOW WARNINGS
		   11 Query	SHOW WARNINGS
		   17 Query	/* thread_id=17 cnt=31 */ DELETE FROM `table1_innodb_int_autoinc` WHERE `col_int_key` = 208 ORDER BY `col_char_12`,`col_char_12_key`,`col_int`,`col_int_key`,`pk` LIMIT 4
		   11 Query	/* thread_id=11 cnt=45 */ DELETE FROM `table0_innodb_int_autoinc` WHERE `col_int_key` IN ( 89, 7, 237, 3303407616, 8 ) ORDER BY `col_char_12`,`col_char_12_key`,`col_int`,`col_int_key`,`pk` LIMIT 2
150505 15:39:22	   22 Query	/* thread_id=22 cnt=37 */ REPLACE INTO `table1_innodb_int_autoinc` ( `col_char_12_key`, `col_int_key` ) VALUES ( 7, 1224933376 ), ( 323878912, 3497852928 )
		   17 Query	SHOW WARNINGS
		   11 Query	SHOW WARNINGS
		   17 Query	/* thread_id=17 cnt=32 */ REPLACE INTO `view_table1_innodb_int_autoinc` ( `col_char_12`, `col_int_key` ) VALUES ( 2720202752, 2242314240 ), ( 6, 6 )
		   11 Query	/* thread_id=11 cnt=46 */ DELETE FROM `view_table3_innodb_int_autoinc` WHERE `col_int` IN ( SELECT `col_int` FROM `table0_innodb_int_autoinc` WHERE `pk` = 'v' ) ORDER BY `col_char_12`,`col_char_12_key`,`col_int`,`col_int_key`,`pk` LIMIT 2
		   10 Query	/* thread_id=10 cnt=44 */ INSERT INTO `table2_innodb_int_autoinc` (`pk`) VALUES (NULL)
		   10 Query	/* thread_id=10 cnt=45 */ REPLACE INTO `view_table2_innodb_int_autoinc` (`pk`) VALUES (NULL)
		   10 Query	/* thread_id=10 cnt=46 */ CREATE OR REPLACE TEMPORARY TABLE `table3_innodb_int_autoinc` LIKE `table0_innodb_int_autoinc`
150505 15:39:23	   22 Query	SHOW WARNINGS
		   22 Query	/* thread_id=22 cnt=38 */ INSERT IGNORE INTO `table1_innodb_int_autoinc` ( `col_char_12_key`, `col_char_12_key` ) VALUES ( 1559756800, 4 ), ( 7, 2290221056 )
		   22 Query	/* thread_id=22 cnt=39 */ REPLACE INTO `view_table1_innodb_int_autoinc` (`pk`) VALUES (NULL)
150505 15:39:24	   10 Query	/* thread_id=10 cnt=47 */ COMMIT
		   13 Query	/* thread_id=13 cnt=67 */ REPLACE INTO `table0_innodb_int_autoinc` (`pk`) VALUES (NULL)
		   10 Query	/* thread_id=10 cnt=48 */ REPLACE INTO `view_table1_innodb_int_autoinc` ( `pk`, `col_char_12` ) VALUES ( 1522073600, 0 ), ( 3031236608, 0 )
		   13 Query	/* thread_id=13 cnt=68 */ ROLLBACK TO SAVEPOINT B
		   13 Query	/* thread_id=13 cnt=69 */ CREATE OR REPLACE TEMPORARY TABLE `table0_innodb_int_autoinc` LIKE `table2_innodb_int_autoinc`
150505 15:39:26	   13 Query	/* thread_id=13 cnt=70 */ COMMIT
		   13 Query	/* thread_id=13 cnt=71 */ CREATE OR REPLACE TEMPORARY TABLE `table3_innodb_int_autoinc` LIKE `table1_innodb_int_autoinc`
		   11 Query	SHOW WARNINGS
		   25 Query	SHOW WARNINGS
		   11 Query	/* thread_id=11 cnt=47 */ CREATE OR REPLACE TEMPORARY TABLE `table1_innodb_int_autoinc` LIKE `table2_innodb_int_autoinc`
		   25 Query	/* thread_id=25 cnt=37 */ INSERT INTO `table1_innodb_int_autoinc` ( `col_int`, `col_char_12_key` ) VALUES ( 10, 'p' ), ( 3086548992, 'n' )
		   19 Query	/* thread_id=19 cnt=57 */ SET AUTOCOMMIT=OFF
		   19 Query	/* thread_id=19 cnt=58 */ INSERT IGNORE INTO `view_table1_innodb_int_autoinc` ( `pk`, `pk` ) VALUES ( 7, 9 ), ( 157, 'o' )
		   20 Query	/* thread_id=20 cnt=35 */ INSERT INTO `table1_innodb_int_autoinc` ( `col_char_12`, `col_char_12` ) VALUES ( 5, 'q' ), ( 85, 9 )
		   20 Query	/* thread_id=20 cnt=36 */ DELETE FROM `view_table1_innodb_int_autoinc` WHERE `col_int_key` = 4 ORDER BY `col_char_12`,`col_char_12_key`,`col_int`,`col_int_key`,`pk` LIMIT 4
		   16 Query	SHOW WARNINGS
		   16 Query	/* thread_id=16 cnt=35 */ INSERT INTO `table0_innodb_int_autoinc` (`pk`) VALUES (NULL)
		   20 Query	SHOW WARNINGS
		   17 Query	SHOW WARNINGS
		   18 Query	/* thread_id=18 cnt=29 */ REPLACE INTO `table0_innodb_int_autoinc` ( `col_char_12_key`, `col_int_key` ) VALUES ( 3487498240, 155 ), ( 'n', 183 )
		   10 Query	SHOW WARNINGS
		   12 Query	/* thread_id=12 cnt=25 */ DELETE FROM `view_table0_innodb_int_autoinc` WHERE `col_char_12` IN ( SELECT `pk` FROM `view_table2_innodb_int_autoinc` WHERE `pk` = 58 ) ORDER BY `col_char_12`,`col_char_12_key`,`col_int`,`col_int_key`,`pk` LIMIT 3
		   19 Query	SHOW WARNINGS
		   10 Query	/* thread_id=10 cnt=49 */ DELETE FROM `table3_innodb_int_autoinc` WHERE `pk` IN ( SELECT `col_char_12_key` FROM `view_table2_innodb_int_autoinc` WHERE `pk` = 'x' ) ORDER BY `col_char_12`,`col_char_12_key`,`col_int`,`col_int_key`,`pk` LIMIT 2
		   19 Query	/* thread_id=19 cnt=59 */ REPLACE INTO `view_table2_innodb_int_autoinc` (`pk`) VALUES (NULL)
		   24 Query	/* thread_id=24 cnt=42 */ REPLACE INTO `table2_innodb_int_autoinc` ( `col_int_key`, `col_int_key` ) VALUES ( 'e', 151 ), ( 185, 0 )
		   17 Query	/* thread_id=17 cnt=33 */ REPLACE INTO `view_table3_innodb_int_autoinc` ( `col_char_12_key`, `col_char_12` ) VALUES ( 192, 9 ), ( 255, 118 )
		   22 Query	/* thread_id=22 cnt=40 */ DELETE IGNORE FROM `view_table1_innodb_int_autoinc` ORDER BY `col_char_12`,`col_char_12_key`,`col_int`,`col_int_key`,`pk` LIMIT 4
		   10 Query	SHOW WARNINGS
		   23 Query	SHOW WARNINGS
		   10 Query	/* thread_id=10 cnt=50 */ CREATE OR REPLACE TEMPORARY TABLE `table0_innodb_int_autoinc` LIKE `table0_innodb_int_autoinc`
		   15 Query	/* thread_id=15 cnt=129 */ REPLACE INTO `view_table0_innodb_int_autoinc` (`pk`) VALUES (NULL)
		   23 Query	/* thread_id=23 cnt=45 */ REPLACE INTO `view_table3_innodb_int_autoinc` (`pk`) VALUES (NULL)
		   10 Query	/* thread_id=10 cnt=51 */ DELETE IGNORE FROM `table2_innodb_int_autoinc` WHERE `pk` BETWEEN 1 AND 5 ORDER BY `col_char_12`,`col_char_12_key`,`col_int`,`col_int_key`,`pk` LIMIT 1
		   19 Query	/* thread_id=19 cnt=60 */ DELETE FROM `view_table3_innodb_int_autoinc` WHERE `col_int_key` BETWEEN 1 AND 7 ORDER BY `col_char_12`,`col_char_12_key`,`col_int`,`col_int_key`,`pk` LIMIT 4
		   24 Query	/* thread_id=24 cnt=43 */ CREATE OR REPLACE TEMPORARY TABLE `table1_innodb_int_autoinc` LIKE `table3_innodb_int_autoinc`
		   19 Query	SHOW WARNINGS
		   23 Query	/* thread_id=23 cnt=46 */ REPLACE INTO `table2_innodb_int_autoinc` ( `col_int_key`, `col_int_key` ) VALUES ( 13, 3023896576 ), ( 's', 74 )
		   17 Query	/* thread_id=17 cnt=34 */ INSERT INTO `table0_innodb_int_autoinc` ( `col_char_12`, `col_char_12_key` ) VALUES ( 'm', 499122176 ), ( 'e', 3572170752 )
		   23 Query	/* thread_id=23 cnt=47 */ DELETE FROM `view_table2_innodb_int_autoinc` WHERE `col_int` BETWEEN 1 AND 8 ORDER BY `col_char_12`,`col_char_12_key`,`col_int`,`col_int_key`,`pk` LIMIT 4
		   19 Query	/* thread_id=19 cnt=61 */ CREATE OR REPLACE TEMPORARY TABLE `table2_innodb_int_autoinc` LIKE `table0_innodb_int_autoinc`
		   20 Query	/* thread_id=20 cnt=37 */ DELETE IGNORE FROM `view_table2_innodb_int_autoinc` ORDER BY `col_char_12`,`col_char_12_key`,`col_int`,`col_int_key`,`pk` LIMIT 2
		   25 Query	SHOW WARNINGS
		   25 Query	/* thread_id=25 cnt=38 */ DELETE IGNORE FROM `table2_innodb_int_autoinc` ORDER BY `col_char_12`,`col_char_12_key`,`col_int`,`col_int_key`,`pk` LIMIT 3
		   18 Query	/* thread_id=18 cnt=30 */ INSERT INTO `table3_innodb_int_autoinc` (`pk`) VALUES (NULL)
		   10 Query	SHOW WARNINGS
		   16 Query	/* thread_id=16 cnt=36 */ INSERT IGNORE INTO `view_table3_innodb_int_autoinc` (`pk`) VALUES (NULL)
		   21 Query	/* thread_id=21 cnt=30 */ DELETE FROM `view_table2_innodb_int_autoinc` WHERE `col_char_12` BETWEEN 3 AND 6 ORDER BY `col_char_12`,`col_char_12_key`,`col_int`,`col_int_key`,`pk` LIMIT 4
		   15 Query	/* thread_id=15 cnt=130 */ REPLACE INTO `view_table1_innodb_int_autoinc` ( `col_char_12_key`, `col_char_12_key` ) VALUES ( 133, 120 ), ( 239, 1349517312 )
		   10 Query	/* thread_id=10 cnt=52 */ INSERT INTO `table3_innodb_int_autoinc` (`pk`) VALUES (NULL)
		   15 Query	/* thread_id=15 cnt=131 */ CREATE OR REPLACE TEMPORARY TABLE `table3_innodb_int_autoinc` LIKE `table1_innodb_int_autoinc`
		   17 Query	/* thread_id=17 cnt=35 */ INSERT IGNORE INTO `table0_innodb_int_autoinc` (`pk`) VALUES (NULL)
150505 15:39:27	   25 Query	SHOW WARNINGS
		   16 Query	SHOW WARNINGS
		   25 Query	/* thread_id=25 cnt=39 */ REPLACE INTO `table1_innodb_int_autoinc` (`pk`) VALUES (NULL)
		   16 Query	/* thread_id=16 cnt=37 */ INSERT INTO `table0_innodb_int_autoinc` ( `col_int_key`, `col_int_key` ) VALUES ( 'v', 7 ), ( 'p', 2920087552 )
		   14 Query	SHOW WARNINGS
		   16 Query	/* thread_id=16 cnt=38 */ CREATE OR REPLACE TEMPORARY TABLE `table2_innodb_int_autoinc` LIKE `table0_innodb_int_autoinc`
		   14 Query	/* thread_id=14 cnt=27 */ REPLACE INTO `table3_innodb_int_autoinc` ( `col_int`, `col_char_12` ) VALUES ( 1469186048, 6 ), ( 1151860736, 'p' )
		   10 Query	/* thread_id=10 cnt=53 */ DELETE IGNORE FROM `view_table3_innodb_int_autoinc` WHERE `col_char_12` BETWEEN 4 AND 8 ORDER BY `col_char_12`,`col_char_12_key`,`col_int`,`col_int_key`,`pk` LIMIT 2
		   18 Query	/* thread_id=18 cnt=31 */ SET AUTOCOMMIT=OFF
		   17 Query	/* thread_id=17 cnt=36 */ CREATE OR REPLACE TEMPORARY TABLE `table1_innodb_int_autoinc` LIKE `table1_innodb_int_autoinc`
		   18 Query	/* thread_id=18 cnt=32 */ INSERT INTO `view_table2_innodb_int_autoinc` ( `col_int_key`, `col_char_12` ) VALUES ( 3155034112, 'o' ), ( 'm', 64487424 )
		   17 Query	/* thread_id=17 cnt=37 */ CREATE OR REPLACE TEMPORARY TABLE `table2_innodb_int_autoinc` LIKE `table1_innodb_int_autoinc`
		   18 Query	SHOW WARNINGS
		   18 Query	/* thread_id=18 cnt=33 */ REPLACE INTO `view_table0_innodb_int_autoinc` ( `col_int`, `col_char_12` ) VALUES ( 24, 'a' ), ( 4289069056, 164691968 )
		   12 Query	SHOW WARNINGS
		   10 Query	SHOW WARNINGS
		   12 Query	/* thread_id=12 cnt=26 */ DELETE IGNORE FROM `table3_innodb_int_autoinc` WHERE `pk` = 83 ORDER BY `col_char_12`,`col_char_12_key`,`col_int`,`col_int_key`,`pk` LIMIT 3
		   10 Query	/* thread_id=10 cnt=54 */ REPLACE INTO `table3_innodb_int_autoinc` ( `col_char_12`, `col_char_12_key` ) VALUES ( 'k', 'u' ), ( 56, 1817313280 )
		   18 Query	SHOW WARNINGS
		   18 Query	/* thread_id=18 cnt=34 */ REPLACE INTO `table0_innodb_int_autoinc` ( `col_int_key`, `col_char_12` ) VALUES ( 8, 1665531904 ), ( 2620522496, 2146369536 )
		   18 Query	SHOW WARNINGS
		   18 Query	/* thread_id=18 cnt=35 */ DELETE FROM `view_table3_innodb_int_autoinc` WHERE `col_int_key` = 2925985792 ORDER BY `col_char_12`,`col_char_12_key`,`col_int`,`col_int_key`,`pk` LIMIT 2
		   18 Query	SHOW WARNINGS
		   18 Query	/* thread_id=18 cnt=36 */ INSERT INTO `view_table3_innodb_int_autoinc` ( `col_char_12`, `col_char_12_key` ) VALUES ( 1828192256, 166 ), ( 4031512576, 224 )
		   18 Query	/* thread_id=18 cnt=37 */ INSERT INTO `table0_innodb_int_autoinc` (`pk`) VALUES (NULL)
		   18 Query	/* thread_id=18 cnt=38 */ INSERT IGNORE INTO `view_table2_innodb_int_autoinc` ( `col_char_12_key`, `col_int_key` ) VALUES ( 'z', 210 ), ( 97, 3768254464 )
		   18 Query	SHOW WARNINGS
		   18 Query	/* thread_id=18 cnt=39 */ DELETE FROM `table0_innodb_int_autoinc` WHERE `col_int_key` IN ( SELECT `col_char_12_key` FROM `table1_innodb_int_autoinc` WHERE `pk` = 2647064576 ) ORDER BY `col_char_12`,`col_char_12_key`,`col_int`,`col_int_key`,`pk` LIMIT 4
		   18 Query	SHOW WARNINGS
		   18 Query	/* thread_id=18 cnt=40 */ INSERT IGNORE INTO `table1_innodb_int_autoinc` ( `col_int`, `col_int_key` ) VALUES ( 3072524288, 'j' ), ( 9, 102432768 )
		   18 Query	SHOW WARNINGS
		   18 Query	/* thread_id=18 cnt=41 */ CREATE OR REPLACE TEMPORARY TABLE `table1_innodb_int_autoinc` LIKE `table1_innodb_int_autoinc`
		   18 Query	/* thread_id=18 cnt=42 */ REPLACE INTO `view_table2_innodb_int_autoinc` ( `pk`, `col_int_key` ) VALUES ( 809369600, 0 ), ( 9, 3829989376 )
		   25 Query	/* thread_id=25 cnt=40 */ DELETE FROM `view_table0_innodb_int_autoinc` WHERE `col_int` IN ( 'f', 1540227072, 58, 13, 117 ) ORDER BY `col_char_12`,`col_char_12_key`,`col_int`,`col_int_key`,`pk` LIMIT 3
		   14 Query	/* thread_id=14 cnt=28 */ CREATE OR REPLACE TEMPORARY TABLE `table2_innodb_int_autoinc` LIKE `table0_innodb_int_autoinc`
150505 15:39:28	   12 Query	SHOW WARNINGS
		   12 Query	/* thread_id=12 cnt=27 */ CREATE OR REPLACE TEMPORARY TABLE `table1_innodb_int_autoinc` LIKE `table0_innodb_int_autoinc`
		   10 Query	/* thread_id=10 cnt=55 */ REPLACE INTO `table3_innodb_int_autoinc` ( `col_int_key`, `col_int` ) VALUES ( 1509621760, 3732865024 ), ( 5, 1617625088 )
150505 15:39:29	   10 Query	SHOW WARNINGS
		   10 Query	/* thread_id=10 cnt=56 */ INSERT INTO `table1_innodb_int_autoinc` (`pk`) VALUES (NULL)
150505 15:39:30	   13 Query	/* thread_id=13 cnt=72 */ CREATE OR REPLACE TEMPORARY TABLE `table1_innodb_int_autoinc` LIKE `table3_innodb_int_autoinc`
		   10 Query	/* thread_id=10 cnt=57 */ CREATE OR REPLACE TEMPORARY TABLE `table3_innodb_int_autoinc` LIKE `table0_innodb_int_autoinc`
150505 15:39:31	   19 Query	/* thread_id=19 cnt=62 */ DELETE FROM `view_table3_innodb_int_autoinc` WHERE `col_char_12` IN ( 'a', 4, 28, 92, 5 ) ORDER BY `col_char_12`,`col_char_12_key`,`col_int`,`col_int_key`,`pk` LIMIT 3
		   19 Query	SHOW WARNINGS
		   19 Query	/* thread_id=19 cnt=63 */ CREATE OR REPLACE TEMPORARY TABLE `table3_innodb_int_autoinc` LIKE `table3_innodb_int_autoinc`
		   19 Query	/* thread_id=19 cnt=64 */ CREATE OR REPLACE TEMPORARY TABLE `table3_innodb_int_autoinc` LIKE `table2_innodb_int_autoinc`
150505 15:39:32	   16 Query	/* thread_id=16 cnt=39 */ INSERT INTO `table3_innodb_int_autoinc` ( `col_char_12_key`, `col_char_12_key` ) VALUES ( 'o', 53 ), ( 1507000320, 163 )
		   16 Query	/* thread_id=16 cnt=40 */ REPLACE INTO `view_table2_innodb_int_autoinc` (`pk`) VALUES (NULL)
150505 15:39:33	   16 Query	/* thread_id=16 cnt=41 */ CREATE OR REPLACE TEMPORARY TABLE `table2_innodb_int_autoinc` LIKE `table2_innodb_int_autoinc`
		   16 Query	/* thread_id=16 cnt=42 */ REPLACE INTO `table2_innodb_int_autoinc` (`pk`) VALUES (NULL)
150505 15:39:35	   16 Query	/* thread_id=16 cnt=43 */ DELETE FROM `table0_innodb_int_autoinc` WHERE `col_int_key` IN ( 21889024, 'd', 3996057600, 6, 5 ) ORDER BY `col_char_12`,`col_char_12_key`,`col_int`,`col_int_key`,`pk` LIMIT 3
		   15 Query	/* thread_id=15 cnt=132 */ INSERT INTO `table2_innodb_int_autoinc` (`pk`) VALUES (NULL)
		   11 Query	/* thread_id=11 cnt=48 */ DELETE FROM `table2_innodb_int_autoinc` WHERE `col_int_key` = 37 ORDER BY `col_char_12`,`col_char_12_key`,`col_int`,`col_int_key`,`pk` LIMIT 3
150505 15:39:36	   16 Query	SHOW WARNINGS
		   11 Query	SHOW WARNINGS
		   11 Query	/* thread_id=11 cnt=49 */ INSERT INTO `view_table0_innodb_int_autoinc` (`pk`) VALUES (NULL)
		   16 Query	/* thread_id=16 cnt=44 */ DELETE FROM `table3_innodb_int_autoinc` WHERE `col_char_12_key` IN ( 3942318080, 3514040320, 6, 89, 'n' ) ORDER BY `col_char_12`,`col_char_12_key`,`col_int`,`col_int_key`,`pk` LIMIT 4
		   15 Query	/* thread_id=15 cnt=133 */ CREATE OR REPLACE TEMPORARY TABLE `table1_innodb_int_autoinc` LIKE `table0_innodb_int_autoinc`
		   24 Query	/* thread_id=24 cnt=44 */ SET TRANSACTION ISOLATION LEVEL SERIALIZABLE
		   13 Query	/* thread_id=13 cnt=73 */ CREATE OR REPLACE TEMPORARY TABLE `table3_innodb_int_autoinc` LIKE `table3_innodb_int_autoinc`
		   14 Query	/* thread_id=14 cnt=29 */ INSERT INTO `view_table2_innodb_int_autoinc` (`pk`) VALUES (NULL)
		   24 Query	/* thread_id=24 cnt=45 */ REPLACE INTO `table1_innodb_int_autoinc` (`pk`) VALUES (NULL)
		   13 Query	/* thread_id=13 cnt=74 */ INSERT INTO `view_table2_innodb_int_autoinc` ( `col_int`, `col_int_key` ) VALUES ( 2, 1278083072 ), ( 'z', 2574254080 )
		   13 Query	SHOW WARNINGS
		   13 Query	/* thread_id=13 cnt=75 */ DELETE IGNORE FROM `table0_innodb_int_autoinc` WHERE `col_char_12_key` = 696713216 ORDER BY `col_char_12`,`col_char_12_key`,`col_int`,`col_int_key`,`pk` LIMIT 4
		   13 Query	SHOW WARNINGS
		   13 Query	/* thread_id=13 cnt=76 */ REPLACE INTO `table1_innodb_int_autoinc` (`pk`) VALUES (NULL)
		   13 Query	/* thread_id=13 cnt=77 */ CREATE OR REPLACE TEMPORARY TABLE `table1_innodb_int_autoinc` LIKE `table1_innodb_int_autoinc`
		   13 Query	/* thread_id=13 cnt=78 */ DELETE FROM `view_table0_innodb_int_autoinc` WHERE `col_char_12_key` BETWEEN 4 AND 7 ORDER BY `col_char_12`,`col_char_12_key`,`col_int`,`col_int_key`,`pk` LIMIT 1
150505 15:39:37	   16 Query	SHOW WARNINGS
		   11 Query	/* thread_id=11 cnt=50 */ INSERT IGNORE INTO `table3_innodb_int_autoinc` ( `col_int`, `col_int` ) VALUES ( 6, 7 ), ( 216924160, 8 )
		   16 Query	/* thread_id=16 cnt=45 */ START TRANSACTION
		   14 Query	/* thread_id=14 cnt=30 */ DELETE FROM `view_table1_innodb_int_autoinc` WHERE `col_char_12` IN ( 'o', 'e', 739180544, 243, 178 ) ORDER BY `col_char_12`,`col_char_12_key`,`col_int`,`col_int_key`,`pk` LIMIT 1
		   16 Query	/* thread_id=16 cnt=46 */ CREATE OR REPLACE TEMPORARY TABLE `table2_innodb_int_autoinc` LIKE `table3_innodb_int_autoinc`
		   11 Query	/* thread_id=11 cnt=51 */ DELETE IGNORE FROM `table0_innodb_int_autoinc` WHERE `pk` IN ( SELECT `col_char_12_key` FROM `table0_innodb_int_autoinc` WHERE `pk` = 'a' ) ORDER BY `col_char_12`,`col_char_12_key`,`col_int`,`col_int_key`,`pk` LIMIT 4
		   11 Query	/* thread_id=11 cnt=52 */ DELETE IGNORE FROM `view_table1_innodb_int_autoinc` WHERE `col_int` IN ( SELECT `col_int` FROM `table0_innodb_int_autoinc` WHERE `pk` = 'k' ) ORDER BY `col_char_12`,`col_char_12_key`,`col_int`,`col_int_key`,`pk` LIMIT 2
		   24 Query	/* thread_id=24 cnt=46 */ DELETE FROM `view_table2_innodb_int_autoinc` ORDER BY `col_char_12`,`col_char_12_key`,`col_int`,`col_int_key`,`pk` LIMIT 3
150505 15:39:41	   16 Query	/* thread_id=16 cnt=47 */ DELETE FROM `view_table3_innodb_int_autoinc` WHERE `col_int` IN ( SELECT `col_int_key` FROM `view_table3_innodb_int_autoinc` WHERE `pk` = 234 ) ORDER BY `col_char_12`,`col_char_12_key`,`col_int`,`col_int_key`,`pk` LIMIT 1
		   15 Query	/* thread_id=15 cnt=134 */ REPLACE INTO `table0_innodb_int_autoinc` (`pk`) VALUES (NULL)
		   16 Query	/* thread_id=16 cnt=48 */ REPLACE INTO `table0_innodb_int_autoinc` (`pk`) VALUES (NULL)
		   16 Query	/* thread_id=16 cnt=49 */ DELETE FROM `table3_innodb_int_autoinc` WHERE `col_char_12_key` IN ( 91, 160, 323158016, 4, 218 ) ORDER BY `col_char_12`,`col_char_12_key`,`col_int`,`col_int_key`,`pk` LIMIT 1
		   16 Query	SHOW WARNINGS
		   16 Query	/* thread_id=16 cnt=50 */ DELETE FROM `view_table1_innodb_int_autoinc` WHERE `pk` IN ( SELECT `col_int_key` FROM `view_table0_innodb_int_autoinc` WHERE `pk` = 94 ) ORDER BY `col_char_12`,`col_char_12_key`,`col_int`,`col_int_key`,`pk` LIMIT 1
150505 15:39:42	   15 Query	/* thread_id=15 cnt=135 */ DELETE FROM `table3_innodb_int_autoinc` WHERE `pk` = 'l' ORDER BY `col_char_12`,`col_char_12_key`,`col_int`,`col_int_key`,`pk` LIMIT 4
		   19 Query	/* thread_id=19 cnt=65 */ DELETE FROM `table0_innodb_int_autoinc` WHERE `col_char_12_key` BETWEEN 3 AND 8 ORDER BY `col_char_12`,`col_char_12_key`,`col_int`,`col_int_key`,`pk` LIMIT 1
		   19 Query	SHOW WARNINGS
		   19 Query	/* thread_id=19 cnt=66 */ CREATE OR REPLACE TEMPORARY TABLE `table2_innodb_int_autoinc` LIKE `table0_innodb_int_autoinc`
150505 15:39:43	   10 Query	/* thread_id=10 cnt=58 */ DELETE IGNORE FROM `table3_innodb_int_autoinc` WHERE `col_int_key` IN ( SELECT `col_char_12_key` FROM `view_table2_innodb_int_autoinc` WHERE `pk` = 9 ) ORDER BY `col_char_12`,`col_char_12_key`,`col_int`,`col_int_key`,`pk` LIMIT 2
		   15 Query	SHOW WARNINGS
		   15 Query	/* thread_id=15 cnt=136 */ REPLACE INTO `view_table1_innodb_int_autoinc` ( `col_char_12`, `col_char_12_key` ) VALUES ( 7, 8 ), ( 1, 8 )
		   15 Query	/* thread_id=15 cnt=137 */ REPLACE INTO `table1_innodb_int_autoinc` ( `col_char_12`, `col_char_12_key` ) VALUES ( 815661056, 3028877312 ), ( 3466067968, 5 )
150505 15:39:45	   15 Query	/* thread_id=15 cnt=138 */ REPLACE INTO `view_table1_innodb_int_autoinc` (`pk`) VALUES (NULL)
		   15 Query	/* thread_id=15 cnt=139 */ REPLACE INTO `table0_innodb_int_autoinc` (`pk`) VALUES (NULL)
		   12 Query	/* thread_id=12 cnt=28 */ REPLACE INTO `view_table0_innodb_int_autoinc` ( `pk`, `col_char_12` ) VALUES ( 238, 1 ), ( 4, 159 )
		   19 Query	/* thread_id=19 cnt=67 */ DELETE FROM `table2_innodb_int_autoinc` WHERE `col_int_key` IN ( 148, 614006784, 4241948672, 'y', 126 ) ORDER BY `col_char_12`,`col_char_12_key`,`col_int`,`col_int_key`,`pk` LIMIT 4
		   19 Query	SHOW WARNINGS
		   17 Query	/* thread_id=17 cnt=38 */ INSERT INTO `table0_innodb_int_autoinc` ( `col_char_12`, `col_int_key` ) VALUES ( 162, 736034816 ), ( 324796416, 3502440448 )
		   19 Query	/* thread_id=19 cnt=68 */ DELETE FROM `view_table1_innodb_int_autoinc` WHERE `col_int_key` BETWEEN 4 AND 7 ORDER BY `col_char_12`,`col_char_12_key`,`col_int`,`col_int_key`,`pk` LIMIT 1
		   19 Query	SHOW WARNINGS
		   22 Query	/* thread_id=22 cnt=41 */ CREATE OR REPLACE TEMPORARY TABLE `table1_innodb_int_autoinc` LIKE `table1_innodb_int_autoinc`
		   19 Query	/* thread_id=19 cnt=69 */ DELETE FROM `table1_innodb_int_autoinc` WHERE `col_char_12_key` IN ( SELECT `col_int_key` FROM `table0_innodb_int_autoinc` WHERE `pk` = 't' ) ORDER BY `col_char_12`,`col_char_12_key`,`col_int`,`col_int_key`,`pk` LIMIT 3
		   22 Query	/* thread_id=22 cnt=42 */ INSERT INTO `view_table0_innodb_int_autoinc` (`pk`) VALUES (NULL)
		   19 Query	SHOW WARNINGS
		   19 Query	/* thread_id=19 cnt=70 */ REPLACE INTO `view_table0_innodb_int_autoinc` (`pk`) VALUES (NULL)
		   14 Query	/* thread_id=14 cnt=31 */ INSERT INTO `table0_innodb_int_autoinc` (`pk`) VALUES (NULL)
		   11 Query	/* thread_id=11 cnt=53 */ DELETE FROM `view_table1_innodb_int_autoinc` WHERE `col_int` BETWEEN 1 AND 8 ORDER BY `col_char_12`,`col_char_12_key`,`col_int`,`col_int_key`,`pk` LIMIT 1
		   19 Query	/* thread_id=19 cnt=71 */ INSERT IGNORE INTO `table1_innodb_int_autoinc` (`pk`) VALUES (NULL)
		   19 Query	/* thread_id=19 cnt=72 */ INSERT INTO `table0_innodb_int_autoinc` ( `col_int`, `col_int_key` ) VALUES ( 880672768, 'o' ), ( 3935305728, 177 )
		   19 Query	SHOW WARNINGS
		   19 Query	/* thread_id=19 cnt=73 */ CREATE OR REPLACE TEMPORARY TABLE `table2_innodb_int_autoinc` LIKE `table0_innodb_int_autoinc`
150505 15:39:46	   16 Query	/* thread_id=16 cnt=51 */ DELETE IGNORE FROM `table2_innodb_int_autoinc` WHERE `col_char_12_key` IN ( SELECT `col_char_12_key` FROM `table1_innodb_int_autoinc` WHERE `pk` = 'p' ) ORDER BY `col_char_12`,`col_char_12_key`,`col_int`,`col_int_key`,`pk` LIMIT 3
		   16 Query	SHOW WARNINGS
		   16 Query	/* thread_id=16 cnt=52 */ CREATE OR REPLACE TEMPORARY TABLE `table3_innodb_int_autoinc` LIKE `table1_innodb_int_autoinc`
		   17 Query	SHOW WARNINGS
		   14 Query	/* thread_id=14 cnt=32 */ REPLACE INTO `table2_innodb_int_autoinc` (`pk`) VALUES (NULL)
		   17 Query	/* thread_id=17 cnt=39 */ INSERT IGNORE INTO `table0_innodb_int_autoinc` (`pk`) VALUES (NULL)
		   15 Query	/* thread_id=15 cnt=140 */ INSERT IGNORE INTO `view_table0_innodb_int_autoinc` (`pk`) VALUES (NULL)
150505 15:39:47	   22 Query	/* thread_id=22 cnt=43 */ CREATE OR REPLACE TEMPORARY TABLE `table2_innodb_int_autoinc` LIKE `table0_innodb_int_autoinc`
		   15 Query	/* thread_id=15 cnt=141 */ DELETE FROM `view_table1_innodb_int_autoinc` WHERE `col_int_key` IN ( SELECT `col_char_12` FROM `table1_innodb_int_autoinc` WHERE `pk` = 7 ) ORDER BY `col_char_12`,`col_char_12_key`,`col_int`,`col_int_key`,`pk` LIMIT 4
		   14 Query	/* thread_id=14 cnt=33 */ INSERT IGNORE INTO `view_table1_innodb_int_autoinc` ( `col_int`, `col_int` ) VALUES ( 'p', 7 ), ( 5, 'g' )
		   17 Query	/* thread_id=17 cnt=40 */ CREATE OR REPLACE TEMPORARY TABLE `table2_innodb_int_autoinc` LIKE `table1_innodb_int_autoinc`
		   19 Query	/* thread_id=19 cnt=74 */ INSERT INTO `view_table2_innodb_int_autoinc` ( `col_char_12`, `col_char_12` ) VALUES ( 1077805056, 2 ), ( 987824128, 'b' )
150505 15:39:48	   14 Query	SHOW WARNINGS
		   14 Query	/* thread_id=14 cnt=34 */ CREATE OR REPLACE TEMPORARY TABLE `table2_innodb_int_autoinc` LIKE `table3_innodb_int_autoinc`
		   16 Query	/* thread_id=16 cnt=53 */ DELETE FROM `table1_innodb_int_autoinc` WHERE `pk` BETWEEN 4 AND 7 ORDER BY `col_char_12`,`col_char_12_key`,`col_int`,`col_int_key`,`pk` LIMIT 1
		   19 Query	/* thread_id=19 cnt=75 */ CREATE OR REPLACE TEMPORARY TABLE `table0_innodb_int_autoinc` LIKE `table0_innodb_int_autoinc`
		   16 Query	SHOW WARNINGS
