		   11 Query	/* thread_id=11 cnt=75 */ REPLACE INTO `view_table3_innodb_int_autoinc` ( `col_int_key`, `col_int_key` ) VALUES ( 'y', 149 ), ( 'w', 'w' )
		   11 Query	/* thread_id=11 cnt=76 */ DELETE IGNORE FROM `view_table2_innodb_int_autoinc` ORDER BY `col_char_12`,`col_char_12_key`,`col_int`,`col_int_key`,`pk` LIMIT 1
150505 15:40:52	   11 Query	SHOW WARNINGS
		   11 Query	/* thread_id=11 cnt=77 */ INSERT INTO `view_table3_innodb_int_autoinc` ( `col_int`, `col_int` ) VALUES ( 'h', 88 ), ( 'k', 1223884800 )
		   11 Query	/* thread_id=11 cnt=78 */ DELETE IGNORE FROM `view_table3_innodb_int_autoinc` WHERE `pk` = 6 ORDER BY `col_char_12`,`col_char_12_key`,`col_int`,`col_int_key`,`pk` LIMIT 2
150505 15:40:53	   11 Query	SHOW WARNINGS
		   11 Query	/* thread_id=11 cnt=79 */ CREATE OR REPLACE TEMPORARY TABLE `table2_innodb_int_autoinc` LIKE `table2_innodb_int_autoinc`
		   11 Query	/* thread_id=11 cnt=80 */ DELETE FROM `table2_innodb_int_autoinc` WHERE `col_char_12_key` = 12 ORDER BY `col_char_12`,`col_char_12_key`,`col_int`,`col_int_key`,`pk` LIMIT 1
		   12 Query	/* thread_id=12 cnt=39 */ INSERT INTO `table3_innodb_int_autoinc` (`pk`) VALUES (NULL)
		   23 Query	/* thread_id=23 cnt=58 */ CREATE OR REPLACE TEMPORARY TABLE `table2_innodb_int_autoinc` LIKE `table0_innodb_int_autoinc`
		   19 Query	/* thread_id=19 cnt=121 */ INSERT INTO `table0_innodb_int_autoinc` ( `col_char_12`, `col_char_12_key` ) VALUES ( 12, 7 ), ( 'i', 211 )
		   19 Query	/* thread_id=19 cnt=122 */ REPLACE INTO `table3_innodb_int_autoinc` ( `col_int`, `col_int` ) VALUES ( 367329280, 555548672 ), ( 85, 9 )
		   19 Query	/* thread_id=19 cnt=123 */ DELETE FROM `view_table3_innodb_int_autoinc` WHERE `col_char_12_key` BETWEEN 1 AND 7 ORDER BY `col_char_12`,`col_char_12_key`,`col_int`,`col_int_key`,`pk` LIMIT 1
		   11 Query	SHOW WARNINGS
		   19 Query	SHOW WARNINGS
		   25 Query	SHOW WARNINGS
		   19 Query	/* thread_id=19 cnt=124 */ INSERT INTO `table1_innodb_int_autoinc` (`pk`) VALUES (NULL)
		   11 Query	/* thread_id=11 cnt=81 */ REPLACE INTO `table1_innodb_int_autoinc` ( `col_char_12_key`, `col_char_12_key` ) VALUES ( 'p', 'p' ), ( 'j', 8 )
		   10 Query	SHOW WARNINGS
		   25 Query	/* thread_id=25 cnt=65 */ CREATE OR REPLACE TEMPORARY TABLE `table2_innodb_int_autoinc` LIKE `table2_innodb_int_autoinc`
		   10 Query	/* thread_id=10 cnt=74 */ INSERT IGNORE INTO `table2_innodb_int_autoinc` ( `col_char_12`, `col_int` ) VALUES ( 29, 127 ), ( 7, 4011065344 )
		   25 Query	/* thread_id=25 cnt=66 */ COMMIT
		   19 Query	/* thread_id=19 cnt=125 */ REPLACE INTO `table0_innodb_int_autoinc` ( `col_char_12_key`, `col_int_key` ) VALUES ( 'f', 104 ), ( 0, 2906980352 )
		   25 Query	/* thread_id=25 cnt=67 */ COMMIT
		   19 Query	SHOW WARNINGS
		   11 Query	/* thread_id=11 cnt=82 */ CREATE OR REPLACE TEMPORARY TABLE `table0_innodb_int_autoinc` LIKE `table3_innodb_int_autoinc`
		   25 Query	/* thread_id=25 cnt=68 */ DELETE FROM `table1_innodb_int_autoinc` WHERE `col_char_12_key` IN ( SELECT `col_char_12_key` FROM `table0_innodb_int_autoinc` WHERE `pk` = 85 ) ORDER BY `col_char_12`,`col_char_12_key`,`col_int`,`col_int_key`,`pk` LIMIT 3
		   19 Query	/* thread_id=19 cnt=126 */ REPLACE INTO `table2_innodb_int_autoinc` ( `col_int`, `col_int` ) VALUES ( 3872391168, 211 ), ( 'q', 472449024 )
		   19 Query	/* thread_id=19 cnt=127 */ REPLACE INTO `table1_innodb_int_autoinc` ( `col_int_key`, `col_char_12_key` ) VALUES ( 'n', 6 ), ( 'u', 1 )
		   19 Query	SHOW WARNINGS
		   19 Query	/* thread_id=19 cnt=128 */ DELETE IGNORE FROM `view_table3_innodb_int_autoinc` WHERE `col_char_12` BETWEEN 4 AND 8 ORDER BY `col_char_12`,`col_char_12_key`,`col_int`,`col_int_key`,`pk` LIMIT 3
		   19 Query	SHOW WARNINGS
		   19 Query	/* thread_id=19 cnt=129 */ INSERT INTO `view_table3_innodb_int_autoinc` ( `col_int`, `col_int` ) VALUES ( 115, 0 ), ( 61, 4 )
		   19 Query	/* thread_id=19 cnt=130 */ CREATE OR REPLACE TEMPORARY TABLE `table0_innodb_int_autoinc` LIKE `table2_innodb_int_autoinc`
		   12 Query	/* thread_id=12 cnt=40 */ INSERT INTO `table0_innodb_int_autoinc` ( `col_char_12`, `col_int` ) VALUES ( 2654666752, 8 ), ( 409600000, 477495296 )
150505 15:40:54	   13 Query	/* thread_id=13 cnt=100 */ REPLACE INTO `table2_innodb_int_autoinc` (`pk`) VALUES (NULL)
		   21 Query	/* thread_id=21 cnt=40 */ DELETE IGNORE FROM `view_table1_innodb_int_autoinc` WHERE `col_int_key` IN ( 5, 5, 8, 7, 'b' ) ORDER BY `col_char_12`,`col_char_12_key`,`col_int`,`col_int_key`,`pk` LIMIT 3
		   13 Query	/* thread_id=13 cnt=101 */ REPLACE INTO `view_table0_innodb_int_autoinc` (`pk`) VALUES (NULL)
		   13 Query	/* thread_id=13 cnt=102 */ INSERT INTO `view_table0_innodb_int_autoinc` ( `col_char_12`, `col_int_key` ) VALUES ( 47, 2394095616 ), ( 1, 'y' )
		   13 Query	SHOW WARNINGS
		   13 Query	/* thread_id=13 cnt=103 */ ROLLBACK TO SAVEPOINT A
		   13 Query	/* thread_id=13 cnt=104 */ DELETE IGNORE FROM `view_table1_innodb_int_autoinc` WHERE `col_char_12` IN ( 8, 0, 67, 5, 3338665984 ) ORDER BY `col_char_12`,`col_char_12_key`,`col_int`,`col_int_key`,`pk` LIMIT 3
		   14 Query	/* thread_id=14 cnt=42 */ DELETE FROM `table2_innodb_int_autoinc` WHERE `col_int_key` IN ( 'j', 'i', 2966880256, 2876768256, 216 ) ORDER BY `col_char_12`,`col_char_12_key`,`col_int`,`col_int_key`,`pk` LIMIT 4
		   25 Query	SHOW WARNINGS
		   14 Query	SHOW WARNINGS
		   25 Query	/* thread_id=25 cnt=69 */ DELETE FROM `table3_innodb_int_autoinc` WHERE `pk` IN ( 4, 'k', 9, 152, 3 ) ORDER BY `col_char_12`,`col_char_12_key`,`col_int`,`col_int_key`,`pk` LIMIT 4
		   14 Query	/* thread_id=14 cnt=43 */ INSERT IGNORE INTO `table3_innodb_int_autoinc` ( `col_char_12`, `col_int` ) VALUES ( 's', 'b' ), ( 5, 567738368 )
		   18 Query	/* thread_id=18 cnt=95 */ CREATE OR REPLACE TEMPORARY TABLE `table0_innodb_int_autoinc` LIKE `table0_innodb_int_autoinc`
		   18 Query	/* thread_id=18 cnt=96 */ CREATE OR REPLACE TEMPORARY TABLE `table1_innodb_int_autoinc` LIKE `table1_innodb_int_autoinc`
		   18 Query	/* thread_id=18 cnt=97 */ DELETE FROM `view_table3_innodb_int_autoinc` WHERE `pk` BETWEEN 1 AND 6 ORDER BY `col_char_12`,`col_char_12_key`,`col_int`,`col_int_key`,`pk` LIMIT 1
150505 15:40:55	   10 Query	SHOW WARNINGS
		   10 Query	/* thread_id=10 cnt=75 */ DELETE IGNORE FROM `view_table3_innodb_int_autoinc` ORDER BY `col_char_12`,`col_char_12_key`,`col_int`,`col_int_key`,`pk` LIMIT 2
		   12 Query	/* thread_id=12 cnt=41 */ CREATE OR REPLACE TEMPORARY TABLE `table3_innodb_int_autoinc` LIKE `table3_innodb_int_autoinc`
		   12 Query	/* thread_id=12 cnt=42 */ REPLACE INTO `view_table0_innodb_int_autoinc` (`pk`) VALUES (NULL)
		   12 Query	/* thread_id=12 cnt=43 */ DELETE FROM `view_table0_innodb_int_autoinc` WHERE `col_int_key` BETWEEN 2 AND 8 ORDER BY `col_char_12`,`col_char_12_key`,`col_int`,`col_int_key`,`pk` LIMIT 3
		   14 Query	SHOW WARNINGS
		   14 Query	/* thread_id=14 cnt=44 */ REPLACE INTO `view_table1_innodb_int_autoinc` (`pk`) VALUES (NULL)
		   14 Query	/* thread_id=14 cnt=45 */ DELETE FROM `view_table0_innodb_int_autoinc` WHERE `col_int` IN ( 9, 248, 3332308992, 7, 2 ) ORDER BY `col_char_12`,`col_char_12_key`,`col_int`,`col_int_key`,`pk` LIMIT 4
150505 15:40:56	   25 Query	SHOW WARNINGS
		   25 Query	/* thread_id=25 cnt=70 */ DELETE IGNORE FROM `view_table2_innodb_int_autoinc` WHERE `col_int_key` IN ( 5, 3093168128, 'a', 100, 2 ) ORDER BY `col_char_12`,`col_char_12_key`,`col_int`,`col_int_key`,`pk` LIMIT 1
150505 15:40:57	   11 Query	/* thread_id=11 cnt=83 */ INSERT INTO `table3_innodb_int_autoinc` ( `col_char_12_key`, `col_char_12_key` ) VALUES ( 'd', 'j' ), ( 'q', 6 )
		   11 Query	/* thread_id=11 cnt=84 */ INSERT IGNORE INTO `view_table2_innodb_int_autoinc` (`pk`) VALUES (NULL)
		   25 Query	SHOW WARNINGS
		   25 Quit	
150505 15:40:58	   11 Quit	
150505 15:40:59	   19 Quit	
		   23 Quit	
150505 15:41:02	   18 Query	SHOW WARNINGS
		   20 Query	SHOW WARNINGS
		   18 Quit	
		   20 Quit	
		   22 Query	SHOW WARNINGS
		   10 Query	SHOW WARNINGS
		   16 Query	SHOW WARNINGS
		   10 Quit	
		   16 Quit	
		   22 Quit	
150505 15:41:07	   24 Query	SHOW WARNINGS
		   21 Query	SHOW WARNINGS
		   24 Quit	
		   21 Quit	
		   13 Query	SHOW WARNINGS
		   13 Quit	
150505 15:41:09	   12 Quit	
		   17 Query	SHOW WARNINGS
		   17 Quit	
		   15 Query	SHOW WARNINGS
		   15 Quit	
150505 15:41:10	   14 Query	SHOW WARNINGS
		   14 Quit	
150505 15:41:11	   26 Connect	root@localhost as anonymous on test
		   26 Query	SHOW SLAVE HOSTS
		   26 Query	SHOW BINARY LOGS
150505 15:41:51	   26 Quit	
150505 15:41:52	    3 Shutdown	
