-- MySQL dump 10.16  Distrib 10.1.23-MariaDB, for debian-linux-gnu (x86_64)
--
-- Host: localhost    Database: crashtest
-- ------------------------------------------------------
-- Server version	10.1.23-MariaDB-9+deb9u1

/*!40101 SET @OLD_CHARACTER_SET_CLIENT=@@CHARACTER_SET_CLIENT */;
/*!40101 SET @OLD_CHARACTER_SET_RESULTS=@@CHARACTER_SET_RESULTS */;
/*!40101 SET @OLD_COLLATION_CONNECTION=@@COLLATION_CONNECTION */;
/*!40101 SET NAMES utf8mb4 */;
/*!40103 SET @OLD_TIME_ZONE=@@TIME_ZONE */;
/*!40103 SET TIME_ZONE='+00:00' */;
/*!40014 SET @OLD_UNIQUE_CHECKS=@@UNIQUE_CHECKS, UNIQUE_CHECKS=0 */;
/*!40014 SET @OLD_FOREIGN_KEY_CHECKS=@@FOREIGN_KEY_CHECKS, FOREIGN_KEY_CHECKS=0 */;
/*!40101 SET @OLD_SQL_MODE=@@SQL_MODE, SQL_MODE='NO_AUTO_VALUE_ON_ZERO' */;
/*!40111 SET @OLD_SQL_NOTES=@@SQL_NOTES, SQL_NOTES=0 */;

--
-- Table structure for table `isys_catg_custom_fields_list`
--

DROP TABLE IF EXISTS `isys_catg_custom_fields_list`;
/*!40101 SET @saved_cs_client     = @@character_set_client */;
/*!40101 SET character_set_client = utf8 */;
CREATE TABLE `isys_catg_custom_fields_list` (
  `isys_catg_custom_fields_list__id` int(10) unsigned NOT NULL AUTO_INCREMENT,
  `isys_catg_custom_fields_list__isys_obj__id` int(10) unsigned NOT NULL,
  `isys_catg_custom_fields_list__isysgui_catg_custom__id` int(10) unsigned NOT NULL,
  `isys_catg_custom_fields_list__title` varchar(255) CHARACTER SET latin1 NOT NULL,
  `isys_catg_custom_fields_list__field_key` varchar(255) CHARACTER SET latin1 NOT NULL,
  `isys_catg_custom_fields_list__field_type` varchar(255) CHARACTER SET latin1 NOT NULL,
  `isys_catg_custom_fields_list__field_content` text COLLATE utf8_unicode_ci,
  `isys_catg_custom_fields_list__status` int(10) NOT NULL,
  `isys_catg_custom_fields_list__sort` int(10) NOT NULL,
  `isys_catg_custom_fields_list__description` text CHARACTER SET latin1 NOT NULL,
  `isys_catg_custom_fields_list__data__id` int(10) unsigned DEFAULT '1',
  `isys_catg_custom_fields_list__isys_catg_relation_list__id` int(10) unsigned DEFAULT NULL,
  PRIMARY KEY (`isys_catg_custom_fields_list__id`),
  KEY `isys_catg_custom_fields_list__isysgui_catg_custom__id` (`isys_catg_custom_fields_list__isysgui_catg_custom__id`),
  KEY `isys_catg_custom_fields_list__isys_obj__id` (`isys_catg_custom_fields_list__isys_obj__id`),
  KEY `isys_catg_custom_fields_list_ibfk_3` (`isys_catg_custom_fields_list__isys_catg_relation_list__id`),
  KEY `isys_catg_custom_fields_list__data__id` (`isys_catg_custom_fields_list__data__id`),
  KEY `isys_catg_custom_fields_list__field_key` (`isys_catg_custom_fields_list__field_key`),
  CONSTRAINT `isys_catg_custom_fields_list_ibfk_1` FOREIGN KEY (`isys_catg_custom_fields_list__isys_obj__id`) REFERENCES `isys_obj` (`isys_obj__id`) ON DELETE CASCADE ON UPDATE CASCADE,
  CONSTRAINT `isys_catg_custom_fields_list_ibfk_2` FOREIGN KEY (`isys_catg_custom_fields_list__isysgui_catg_custom__id`) REFERENCES `isysgui_catg_custom` (`isysgui_catg_custom__id`) ON DELETE CASCADE ON UPDATE CASCADE,
  CONSTRAINT `isys_catg_custom_fields_list_ibfk_3` FOREIGN KEY (`isys_catg_custom_fields_list__isys_catg_relation_list__id`) REFERENCES `isys_catg_relation_list` (`isys_catg_relation_list__id`) ON DELETE CASCADE ON UPDATE CASCADE
) ENGINE=InnoDB AUTO_INCREMENT=164942 DEFAULT CHARSET=utf8 COLLATE=utf8_unicode_ci;
/*!40101 SET character_set_client = @saved_cs_client */;

--
-- Dumping data for table `isys_catg_custom_fields_list`
--

LOCK TABLES `isys_catg_custom_fields_list` WRITE;
/*!40000 ALTER TABLE `isys_catg_custom_fields_list` DISABLE KEYS */;
/*!40000 ALTER TABLE `isys_catg_custom_fields_list` ENABLE KEYS */;
UNLOCK TABLES;

--
-- Table structure for table `isys_catg_logb_list`
--

DROP TABLE IF EXISTS `isys_catg_logb_list`;
/*!40101 SET @saved_cs_client     = @@character_set_client */;
/*!40101 SET character_set_client = utf8 */;
CREATE TABLE `isys_catg_logb_list` (
  `isys_catg_logb_list__id` int(10) unsigned NOT NULL AUTO_INCREMENT,
  `isys_catg_logb_list__isys_logbook__id` int(10) unsigned NOT NULL DEFAULT '0',
  `isys_catg_logb_list__status` int(10) unsigned DEFAULT '2',
  `isys_catg_logb_list__property` int(10) unsigned DEFAULT '0',
  `isys_catg_logb_list__title` varchar(255) COLLATE utf8_unicode_ci DEFAULT NULL,
  `isys_catg_logb_list__description` text COLLATE utf8_unicode_ci,
  `isys_catg_logb_list__isys_obj__id` int(10) unsigned DEFAULT NULL,
  PRIMARY KEY (`isys_catg_logb_list__id`),
  KEY `isys_catg_logb_list_FKIndex2` (`isys_catg_logb_list__isys_logbook__id`),
  KEY `isys_catg_logb_list__isys_obj__id` (`isys_catg_logb_list__isys_obj__id`),
  KEY `isys_catg_logb_list__status` (`isys_catg_logb_list__status`)
) ENGINE=InnoDB AUTO_INCREMENT=146510 DEFAULT CHARSET=utf8 COLLATE=utf8_unicode_ci;
/*!40101 SET character_set_client = @saved_cs_client */;

--
-- Dumping data for table `isys_catg_logb_list`
--

LOCK TABLES `isys_catg_logb_list` WRITE;
/*!40000 ALTER TABLE `isys_catg_logb_list` DISABLE KEYS */;
INSERT INTO `isys_catg_logb_list` VALUES (146490,147513,2,0,NULL,NULL,122),(146491,147514,2,0,NULL,NULL,122),(146492,147515,2,0,NULL,NULL,122),(146493,147516,2,0,NULL,NULL,122),(146494,147517,2,0,NULL,NULL,122),(146495,147518,2,0,NULL,NULL,122),(146496,147519,2,0,NULL,NULL,122),(146497,147520,2,0,NULL,NULL,122),(146498,147521,2,0,NULL,NULL,122),(146499,147522,2,0,NULL,NULL,122),(146500,147523,2,0,NULL,NULL,122),(146501,147524,2,0,NULL,NULL,122),(146502,147525,2,0,NULL,NULL,122),(146503,147526,2,0,NULL,NULL,122),(146504,147527,2,0,NULL,NULL,122),(146505,147528,2,0,NULL,NULL,122),(146506,147529,2,0,NULL,NULL,122),(146507,147530,2,0,NULL,NULL,122),(146508,147531,2,0,NULL,NULL,122),(146509,147532,2,0,NULL,NULL,122);
/*!40000 ALTER TABLE `isys_catg_logb_list` ENABLE KEYS */;
UNLOCK TABLES;

--
-- Table structure for table `isys_dialog_plus_custom`
--

DROP TABLE IF EXISTS `isys_dialog_plus_custom`;
/*!40101 SET @saved_cs_client     = @@character_set_client */;
/*!40101 SET character_set_client = utf8 */;
CREATE TABLE `isys_dialog_plus_custom` (
  `isys_dialog_plus_custom__id` int(10) unsigned NOT NULL AUTO_INCREMENT,
  `isys_dialog_plus_custom__identifier` varchar(255) COLLATE utf8_unicode_ci DEFAULT NULL,
  `isys_dialog_plus_custom__title` varchar(255) COLLATE utf8_unicode_ci DEFAULT NULL,
  `isys_dialog_plus_custom__description` text COLLATE utf8_unicode_ci,
  `isys_dialog_plus_custom__property` int(10) unsigned DEFAULT '0',
  `isys_dialog_plus_custom__status` int(10) unsigned DEFAULT NULL,
  `isys_dialog_plus_custom__const` varchar(255) COLLATE utf8_unicode_ci DEFAULT NULL,
  `isys_dialog_plus_custom__sort` int(10) unsigned DEFAULT NULL,
  PRIMARY KEY (`isys_dialog_plus_custom__id`),
  KEY `isys_dialog_plus_custom__identifier` (`isys_dialog_plus_custom__identifier`)
) ENGINE=InnoDB AUTO_INCREMENT=13 DEFAULT CHARSET=utf8 COLLATE=utf8_unicode_ci;
/*!40101 SET character_set_client = @saved_cs_client */;

--
-- Dumping data for table `isys_dialog_plus_custom`
--

LOCK TABLES `isys_dialog_plus_custom` WRITE;
/*!40000 ALTER TABLE `isys_dialog_plus_custom` DISABLE KEYS */;
INSERT INTO `isys_dialog_plus_custom` VALUES (2,'KEY_DETAILS_KEYTYPE','Key 1',NULL,0,2,NULL,0),(3,'KEY_DETAILS_KEYTYPE','Key 2',NULL,0,2,NULL,0),(4,'KEY_DETAILS_KEYTYPE','Key 3',NULL,0,2,NULL,0),(5,'KEY_DETAILS_KEYTYPE','Key 4',NULL,0,2,NULL,NULL),(6,'KEY_DETAILS_KEYTYPE','Key 5',NULL,0,2,NULL,NULL),(7,'KEY_DETAILS_KEYTYPE','Key 6',NULL,0,2,NULL,NULL),(8,'KEY_DETAILS_KEYTYPE','Key 7',NULL,0,2,NULL,NULL),(9,'PROJECT_ARCHIVE_RIGHTS','read-write',NULL,0,2,'PROJECT_ARCHIVE_RIGHTS_RW',NULL),(10,'CVS_ACCESS_RIGHTS','read-only',NULL,0,2,'CVS_ACCESS_RIGHTS_RO',0),(11,'CVS_ACCESS_RIGHTS','read-write',NULL,0,2,'CVS_ACCESS_RIGHTS_RW',1),(12,'CVS_ACCESS_RIGHTS','read-write + INT_-tagging',NULL,0,2,'CVS_ACCESS_RIGHTS_RWINT',2);
/*!40000 ALTER TABLE `isys_dialog_plus_custom` ENABLE KEYS */;
UNLOCK TABLES;

--
-- Table structure for table `isys_logbook`
--

DROP TABLE IF EXISTS `isys_logbook`;
/*!40101 SET @saved_cs_client     = @@character_set_client */;
/*!40101 SET character_set_client = utf8 */;
CREATE TABLE `isys_logbook` (
  `isys_logbook__id` int(10) unsigned NOT NULL AUTO_INCREMENT,
  `isys_logbook__isys_obj__id` int(10) unsigned DEFAULT NULL,
  `isys_logbook__isys_logbook_event__id` int(10) unsigned DEFAULT NULL,
  `isys_logbook__isys_logbook_level__id` int(10) unsigned DEFAULT NULL,
  `isys_logbook__isys_logbook_source__id` int(10) unsigned DEFAULT NULL,
  `isys_logbook__title` varchar(255) COLLATE utf8_unicode_ci DEFAULT NULL,
  `isys_logbook__description` text COLLATE utf8_unicode_ci,
  `isys_logbook__comment` text COLLATE utf8_unicode_ci NOT NULL,
  `isys_logbook__changes` text COLLATE utf8_unicode_ci NOT NULL,
  `isys_logbook__date` datetime DEFAULT NULL,
  `isys_logbook__status` int(10) unsigned DEFAULT '1',
  `isys_logbook__property` int(10) unsigned DEFAULT '0',
  `isys_logbook__user_name_static` varchar(255) COLLATE utf8_unicode_ci DEFAULT NULL,
  `isys_logbook__event_static` varchar(255) COLLATE utf8_unicode_ci NOT NULL,
  `isys_logbook__obj_name_static` varchar(255) COLLATE utf8_unicode_ci DEFAULT NULL,
  `isys_logbook__category_static` varchar(255) COLLATE utf8_unicode_ci DEFAULT NULL,
  `isys_logbook__entry_identifier_static` varchar(255) COLLATE utf8_unicode_ci DEFAULT NULL,
  `isys_logbook__obj_type_static` varchar(255) COLLATE utf8_unicode_ci DEFAULT NULL,
  `isys_logbook__isys_logbook_reason__id` int(10) unsigned DEFAULT NULL,
  `isys_logbook__changecount` int(10) unsigned DEFAULT '0',
  PRIMARY KEY (`isys_logbook__id`),
  KEY `isys_logbook_FKIndex2` (`isys_logbook__isys_logbook_source__id`),
  KEY `isys_logbook_FKIndex3` (`isys_logbook__isys_logbook_level__id`),
  KEY `isys_logbook_FKIndex4` (`isys_logbook__isys_logbook_event__id`),
  KEY `isys_logbook__isys_obj__id` (`isys_logbook__isys_obj__id`),
  KEY `isys_logbook_ibfk_5` (`isys_logbook__isys_logbook_reason__id`)
) ENGINE=InnoDB AUTO_INCREMENT=147533 DEFAULT CHARSET=utf8 COLLATE=utf8_unicode_ci;
/*!40101 SET character_set_client = @saved_cs_client */;

--
-- Dumping data for table `isys_logbook`
--

LOCK TABLES `isys_logbook` WRITE;
/*!40000 ALTER TABLE `isys_logbook` DISABLE KEYS */;
INSERT INTO `isys_logbook` VALUES (147500,9,NULL,1,1,NULL,NULL,'','a:3:{s:63:\"isys_cmdb_dao_category_g_custom_fields::f_popup_c_1501692823543\";a:2:{s:4:\"from\";s:20:\"Repos 00005-appnotes\";s:2:\"to\";s:18:\"Repos 12090-ASHLEY\";}s:62:\"isys_cmdb_dao_category_g_custom_fields::f_text_c_1501683324836\";a:2:{s:4:\"from\";s:14:\"Projectarchive\";s:2:\"to\";s:3:\"CVS\";}s:62:\"isys_cmdb_dao_category_g_custom_fields::f_text_c_1501683444012\";a:2:{s:4:\"from\";s:0:\"\";s:2:\"to\";s:1:\"/\";}}','2017-08-03 00:02:57',2,NULL,'admin admin','C__LOGBOOK_EVENT__CATEGORY_CHANGED','my object name','Repository Access List','','LC__CONTACT__TREE__PERSON',NULL,0),(147501,9,NULL,1,1,NULL,NULL,'','a:3:{s:63:\"isys_cmdb_dao_category_g_custom_fields::f_popup_c_1501692823543\";a:2:{s:4:\"from\";s:20:\"Repos 00005-appnotes\";s:2:\"to\";s:19:\"Repos 12091-PROXIMA\";}s:62:\"isys_cmdb_dao_category_g_custom_fields::f_text_c_1501683324836\";a:2:{s:4:\"from\";s:14:\"Projectarchive\";s:2:\"to\";s:3:\"CVS\";}s:62:\"isys_cmdb_dao_category_g_custom_fields::f_text_c_1501683444012\";a:2:{s:4:\"from\";s:0:\"\";s:2:\"to\";s:1:\"/\";}}','2017-08-03 00:03:00',2,NULL,'admin admin','C__LOGBOOK_EVENT__CATEGORY_CHANGED','my object name','Repository Access List','','LC__CONTACT__TREE__PERSON',NULL,0),(147502,9,NULL,1,1,NULL,NULL,'','a:3:{s:63:\"isys_cmdb_dao_category_g_custom_fields::f_popup_c_1501692823543\";a:2:{s:4:\"from\";s:20:\"Repos 00005-appnotes\";s:2:\"to\";s:11:\"Repos 13003\";}s:62:\"isys_cmdb_dao_category_g_custom_fields::f_text_c_1501683324836\";a:2:{s:4:\"from\";s:14:\"Projectarchive\";s:2:\"to\";s:3:\"CVS\";}s:62:\"isys_cmdb_dao_category_g_custom_fields::f_text_c_1501683444012\";a:2:{s:4:\"from\";s:0:\"\";s:2:\"to\";s:1:\"/\";}}','2017-08-03 00:03:02',2,NULL,'admin admin','C__LOGBOOK_EVENT__CATEGORY_CHANGED','my object name','Repository Access List','','LC__CONTACT__TREE__PERSON',NULL,0),(147503,9,NULL,1,1,NULL,NULL,'','a:3:{s:63:\"isys_cmdb_dao_category_g_custom_fields::f_popup_c_1501692823543\";a:2:{s:4:\"from\";s:20:\"Repos 00005-appnotes\";s:2:\"to\";s:11:\"Repos 13006\";}s:62:\"isys_cmdb_dao_category_g_custom_fields::f_text_c_1501683324836\";a:2:{s:4:\"from\";s:14:\"Projectarchive\";s:2:\"to\";s:3:\"CVS\";}s:62:\"isys_cmdb_dao_category_g_custom_fields::f_text_c_1501683444012\";a:2:{s:4:\"from\";s:0:\"\";s:2:\"to\";s:1:\"/\";}}','2017-08-03 00:03:04',2,NULL,'admin admin','C__LOGBOOK_EVENT__CATEGORY_CHANGED','my object name','Repository Access List','','LC__CONTACT__TREE__PERSON',NULL,0),(147504,9,NULL,1,1,NULL,NULL,'','a:3:{s:63:\"isys_cmdb_dao_category_g_custom_fields::f_popup_c_1501692823543\";a:2:{s:4:\"from\";s:20:\"Repos 00005-appnotes\";s:2:\"to\";s:11:\"Repos 13018\";}s:62:\"isys_cmdb_dao_category_g_custom_fields::f_text_c_1501683324836\";a:2:{s:4:\"from\";s:14:\"Projectarchive\";s:2:\"to\";s:3:\"CVS\";}s:62:\"isys_cmdb_dao_category_g_custom_fields::f_text_c_1501683444012\";a:2:{s:4:\"from\";s:0:\"\";s:2:\"to\";s:1:\"/\";}}','2017-08-03 00:03:07',2,NULL,'admin admin','C__LOGBOOK_EVENT__CATEGORY_CHANGED','my object name','Repository Access List','','LC__CONTACT__TREE__PERSON',NULL,0),(147505,9,NULL,1,1,NULL,NULL,'','a:3:{s:63:\"isys_cmdb_dao_category_g_custom_fields::f_popup_c_1501692823543\";a:2:{s:4:\"from\";s:20:\"Repos 00005-appnotes\";s:2:\"to\";s:11:\"Repos 13033\";}s:62:\"isys_cmdb_dao_category_g_custom_fields::f_text_c_1501683324836\";a:2:{s:4:\"from\";s:14:\"Projectarchive\";s:2:\"to\";s:3:\"CVS\";}s:62:\"isys_cmdb_dao_category_g_custom_fields::f_text_c_1501683444012\";a:2:{s:4:\"from\";s:0:\"\";s:2:\"to\";s:1:\"/\";}}','2017-08-03 00:03:09',2,NULL,'admin admin','C__LOGBOOK_EVENT__CATEGORY_CHANGED','my object name','Repository Access List','','LC__CONTACT__TREE__PERSON',NULL,0),(147506,9,NULL,1,1,NULL,NULL,'','a:3:{s:63:\"isys_cmdb_dao_category_g_custom_fields::f_popup_c_1501692823543\";a:2:{s:4:\"from\";s:20:\"Repos 00005-appnotes\";s:2:\"to\";s:11:\"Repos 13036\";}s:62:\"isys_cmdb_dao_category_g_custom_fields::f_text_c_1501683324836\";a:2:{s:4:\"from\";s:14:\"Projectarchive\";s:2:\"to\";s:3:\"CVS\";}s:62:\"isys_cmdb_dao_category_g_custom_fields::f_text_c_1501683444012\";a:2:{s:4:\"from\";s:0:\"\";s:2:\"to\";s:1:\"/\";}}','2017-08-03 00:03:11',2,NULL,'admin admin','C__LOGBOOK_EVENT__CATEGORY_CHANGED','my object name','Repository Access List','','LC__CONTACT__TREE__PERSON',NULL,0),(147507,9,NULL,1,1,NULL,NULL,'','a:3:{s:63:\"isys_cmdb_dao_category_g_custom_fields::f_popup_c_1501692823543\";a:2:{s:4:\"from\";s:20:\"Repos 00005-appnotes\";s:2:\"to\";s:11:\"Repos 13043\";}s:62:\"isys_cmdb_dao_category_g_custom_fields::f_text_c_1501683324836\";a:2:{s:4:\"from\";s:14:\"Projectarchive\";s:2:\"to\";s:3:\"CVS\";}s:62:\"isys_cmdb_dao_category_g_custom_fields::f_text_c_1501683444012\";a:2:{s:4:\"from\";s:0:\"\";s:2:\"to\";s:1:\"/\";}}','2017-08-03 00:03:14',2,NULL,'admin admin','C__LOGBOOK_EVENT__CATEGORY_CHANGED','my object name','Repository Access List','','LC__CONTACT__TREE__PERSON',NULL,0),(147508,9,NULL,1,1,NULL,NULL,'','a:3:{s:63:\"isys_cmdb_dao_category_g_custom_fields::f_popup_c_1501692823543\";a:2:{s:4:\"from\";s:20:\"Repos 00005-appnotes\";s:2:\"to\";s:11:\"Repos 13068\";}s:62:\"isys_cmdb_dao_category_g_custom_fields::f_text_c_1501683324836\";a:2:{s:4:\"from\";s:14:\"Projectarchive\";s:2:\"to\";s:3:\"CVS\";}s:62:\"isys_cmdb_dao_category_g_custom_fields::f_text_c_1501683444012\";a:2:{s:4:\"from\";s:0:\"\";s:2:\"to\";s:1:\"/\";}}','2017-08-03 00:03:16',2,NULL,'admin admin','C__LOGBOOK_EVENT__CATEGORY_CHANGED','my object name','Repository Access List','','LC__CONTACT__TREE__PERSON',NULL,0),(147509,9,NULL,1,1,NULL,NULL,'','a:3:{s:63:\"isys_cmdb_dao_category_g_custom_fields::f_popup_c_1501692823543\";a:2:{s:4:\"from\";s:20:\"Repos 00005-appnotes\";s:2:\"to\";s:11:\"Repos 13073\";}s:62:\"isys_cmdb_dao_category_g_custom_fields::f_text_c_1501683324836\";a:2:{s:4:\"from\";s:14:\"Projectarchive\";s:2:\"to\";s:3:\"CVS\";}s:62:\"isys_cmdb_dao_category_g_custom_fields::f_text_c_1501683444012\";a:2:{s:4:\"from\";s:0:\"\";s:2:\"to\";s:1:\"/\";}}','2017-08-03 00:03:18',2,NULL,'admin admin','C__LOGBOOK_EVENT__CATEGORY_CHANGED','my object name','Repository Access List','','LC__CONTACT__TREE__PERSON',NULL,0),(147510,9,NULL,1,1,NULL,NULL,'','a:3:{s:63:\"isys_cmdb_dao_category_g_custom_fields::f_popup_c_1501692823543\";a:2:{s:4:\"from\";s:20:\"Repos 00005-appnotes\";s:2:\"to\";s:11:\"Repos 13076\";}s:62:\"isys_cmdb_dao_category_g_custom_fields::f_text_c_1501683324836\";a:2:{s:4:\"from\";s:14:\"Projectarchive\";s:2:\"to\";s:3:\"CVS\";}s:62:\"isys_cmdb_dao_category_g_custom_fields::f_text_c_1501683444012\";a:2:{s:4:\"from\";s:0:\"\";s:2:\"to\";s:1:\"/\";}}','2017-08-03 00:03:20',2,NULL,'admin admin','C__LOGBOOK_EVENT__CATEGORY_CHANGED','my object name','Repository Access List','','LC__CONTACT__TREE__PERSON',NULL,0),(147511,9,NULL,1,1,NULL,NULL,'','a:3:{s:63:\"isys_cmdb_dao_category_g_custom_fields::f_popup_c_1501692823543\";a:2:{s:4:\"from\";s:20:\"Repos 00005-appnotes\";s:2:\"to\";s:11:\"Repos 13079\";}s:62:\"isys_cmdb_dao_category_g_custom_fields::f_text_c_1501683324836\";a:2:{s:4:\"from\";s:14:\"Projectarchive\";s:2:\"to\";s:3:\"CVS\";}s:62:\"isys_cmdb_dao_category_g_custom_fields::f_text_c_1501683444012\";a:2:{s:4:\"from\";s:0:\"\";s:2:\"to\";s:1:\"/\";}}','2017-08-03 00:03:22',2,NULL,'admin admin','C__LOGBOOK_EVENT__CATEGORY_CHANGED','my object name','Repository Access List','','LC__CONTACT__TREE__PERSON',NULL,0),(147512,9,NULL,1,1,NULL,NULL,'','a:3:{s:63:\"isys_cmdb_dao_category_g_custom_fields::f_popup_c_1501692823543\";a:2:{s:4:\"from\";s:20:\"Repos 00005-appnotes\";s:2:\"to\";s:11:\"Repos 13092\";}s:62:\"isys_cmdb_dao_category_g_custom_fields::f_text_c_1501683324836\";a:2:{s:4:\"from\";s:14:\"Projectarchive\";s:2:\"to\";s:3:\"CVS\";}s:62:\"isys_cmdb_dao_category_g_custom_fields::f_text_c_1501683444012\";a:2:{s:4:\"from\";s:0:\"\";s:2:\"to\";s:1:\"/\";}}','2017-08-03 00:03:24',2,NULL,'admin admin','C__LOGBOOK_EVENT__CATEGORY_CHANGED','my object name','Repository Access List','','LC__CONTACT__TREE__PERSON',NULL,0),(147513,9,NULL,1,1,NULL,NULL,'','a:3:{s:63:\"isys_cmdb_dao_category_g_custom_fields::f_popup_c_1501692823543\";a:2:{s:4:\"from\";s:20:\"Repos 00005-appnotes\";s:2:\"to\";s:11:\"Repos 13094\";}s:62:\"isys_cmdb_dao_category_g_custom_fields::f_text_c_1501683324836\";a:2:{s:4:\"from\";s:14:\"Projectarchive\";s:2:\"to\";s:3:\"CVS\";}s:62:\"isys_cmdb_dao_category_g_custom_fields::f_text_c_1501683444012\";a:2:{s:4:\"from\";s:0:\"\";s:2:\"to\";s:1:\"/\";}}','2017-08-03 00:03:26',2,NULL,'admin admin','C__LOGBOOK_EVENT__CATEGORY_CHANGED','my object name','Repository Access List','','LC__CONTACT__TREE__PERSON',NULL,0),(147514,9,NULL,1,1,NULL,NULL,'','a:3:{s:63:\"isys_cmdb_dao_category_g_custom_fields::f_popup_c_1501692823543\";a:2:{s:4:\"from\";s:20:\"Repos 00005-appnotes\";s:2:\"to\";s:11:\"Repos 13106\";}s:62:\"isys_cmdb_dao_category_g_custom_fields::f_text_c_1501683324836\";a:2:{s:4:\"from\";s:14:\"Projectarchive\";s:2:\"to\";s:3:\"CVS\";}s:62:\"isys_cmdb_dao_category_g_custom_fields::f_text_c_1501683444012\";a:2:{s:4:\"from\";s:0:\"\";s:2:\"to\";s:1:\"/\";}}','2017-08-03 00:03:28',2,NULL,'admin admin','C__LOGBOOK_EVENT__CATEGORY_CHANGED','my object name','Repository Access List','','LC__CONTACT__TREE__PERSON',NULL,0),(147515,9,NULL,1,1,NULL,NULL,'','a:3:{s:63:\"isys_cmdb_dao_category_g_custom_fields::f_popup_c_1501692823543\";a:2:{s:4:\"from\";s:20:\"Repos 00005-appnotes\";s:2:\"to\";s:11:\"Repos 13123\";}s:62:\"isys_cmdb_dao_category_g_custom_fields::f_text_c_1501683324836\";a:2:{s:4:\"from\";s:14:\"Projectarchive\";s:2:\"to\";s:3:\"CVS\";}s:62:\"isys_cmdb_dao_category_g_custom_fields::f_text_c_1501683444012\";a:2:{s:4:\"from\";s:0:\"\";s:2:\"to\";s:1:\"/\";}}','2017-08-03 00:03:30',2,NULL,'admin admin','C__LOGBOOK_EVENT__CATEGORY_CHANGED','my object name','Repository Access List','','LC__CONTACT__TREE__PERSON',NULL,0),(147516,9,NULL,1,1,NULL,NULL,'','a:3:{s:63:\"isys_cmdb_dao_category_g_custom_fields::f_popup_c_1501692823543\";a:2:{s:4:\"from\";s:20:\"Repos 00005-appnotes\";s:2:\"to\";s:11:\"Repos 14000\";}s:62:\"isys_cmdb_dao_category_g_custom_fields::f_text_c_1501683324836\";a:2:{s:4:\"from\";s:14:\"Projectarchive\";s:2:\"to\";s:3:\"CVS\";}s:62:\"isys_cmdb_dao_category_g_custom_fields::f_text_c_1501683444012\";a:2:{s:4:\"from\";s:0:\"\";s:2:\"to\";s:1:\"/\";}}','2017-08-03 00:03:32',2,NULL,'admin admin','C__LOGBOOK_EVENT__CATEGORY_CHANGED','my object name','Repository Access List','','LC__CONTACT__TREE__PERSON',NULL,0),(147517,9,NULL,1,1,NULL,NULL,'','a:3:{s:63:\"isys_cmdb_dao_category_g_custom_fields::f_popup_c_1501692823543\";a:2:{s:4:\"from\";s:20:\"Repos 00005-appnotes\";s:2:\"to\";s:11:\"Repos 14005\";}s:62:\"isys_cmdb_dao_category_g_custom_fields::f_text_c_1501683324836\";a:2:{s:4:\"from\";s:14:\"Projectarchive\";s:2:\"to\";s:3:\"CVS\";}s:62:\"isys_cmdb_dao_category_g_custom_fields::f_text_c_1501683444012\";a:2:{s:4:\"from\";s:0:\"\";s:2:\"to\";s:1:\"/\";}}','2017-08-03 00:03:35',2,NULL,'admin admin','C__LOGBOOK_EVENT__CATEGORY_CHANGED','my object name','Repository Access List','','LC__CONTACT__TREE__PERSON',NULL,0),(147518,9,NULL,1,1,NULL,NULL,'','a:3:{s:63:\"isys_cmdb_dao_category_g_custom_fields::f_popup_c_1501692823543\";a:2:{s:4:\"from\";s:20:\"Repos 00005-appnotes\";s:2:\"to\";s:11:\"Repos 14007\";}s:62:\"isys_cmdb_dao_category_g_custom_fields::f_text_c_1501683324836\";a:2:{s:4:\"from\";s:14:\"Projectarchive\";s:2:\"to\";s:3:\"CVS\";}s:62:\"isys_cmdb_dao_category_g_custom_fields::f_text_c_1501683444012\";a:2:{s:4:\"from\";s:0:\"\";s:2:\"to\";s:1:\"/\";}}','2017-08-03 00:03:37',2,NULL,'admin admin','C__LOGBOOK_EVENT__CATEGORY_CHANGED','my object name','Repository Access List','','LC__CONTACT__TREE__PERSON',NULL,0),(147519,9,NULL,1,1,NULL,NULL,'','a:3:{s:63:\"isys_cmdb_dao_category_g_custom_fields::f_popup_c_1501692823543\";a:2:{s:4:\"from\";s:20:\"Repos 00005-appnotes\";s:2:\"to\";s:11:\"Repos 14014\";}s:62:\"isys_cmdb_dao_category_g_custom_fields::f_text_c_1501683324836\";a:2:{s:4:\"from\";s:14:\"Projectarchive\";s:2:\"to\";s:3:\"CVS\";}s:62:\"isys_cmdb_dao_category_g_custom_fields::f_text_c_1501683444012\";a:2:{s:4:\"from\";s:0:\"\";s:2:\"to\";s:1:\"/\";}}','2017-08-03 00:03:39',2,NULL,'admin admin','C__LOGBOOK_EVENT__CATEGORY_CHANGED','my object name','Repository Access List','','LC__CONTACT__TREE__PERSON',NULL,0),(147520,9,NULL,1,1,NULL,NULL,'','a:3:{s:63:\"isys_cmdb_dao_category_g_custom_fields::f_popup_c_1501692823543\";a:2:{s:4:\"from\";s:20:\"Repos 00005-appnotes\";s:2:\"to\";s:11:\"Repos 14016\";}s:62:\"isys_cmdb_dao_category_g_custom_fields::f_text_c_1501683324836\";a:2:{s:4:\"from\";s:14:\"Projectarchive\";s:2:\"to\";s:3:\"CVS\";}s:62:\"isys_cmdb_dao_category_g_custom_fields::f_text_c_1501683444012\";a:2:{s:4:\"from\";s:0:\"\";s:2:\"to\";s:1:\"/\";}}','2017-08-03 00:03:41',2,NULL,'admin admin','C__LOGBOOK_EVENT__CATEGORY_CHANGED','my object name','Repository Access List','','LC__CONTACT__TREE__PERSON',NULL,0),(147521,9,NULL,1,1,NULL,NULL,'','a:4:{s:63:\"isys_cmdb_dao_category_g_custom_fields::f_popup_c_1501692823543\";a:2:{s:4:\"from\";s:20:\"Repos 00005-appnotes\";s:2:\"to\";s:11:\"Repos 14017\";}s:62:\"isys_cmdb_dao_category_g_custom_fields::f_text_c_1501683324836\";a:2:{s:4:\"from\";s:14:\"Projectarchive\";s:2:\"to\";s:3:\"CVS\";}s:62:\"isys_cmdb_dao_category_g_custom_fields::f_text_c_1501683371760\";a:2:{s:4:\"from\";s:10:\"read-write\";s:2:\"to\";s:25:\"read-write + INT_-tagging\";}s:62:\"isys_cmdb_dao_category_g_custom_fields::f_text_c_1501683444012\";a:2:{s:4:\"from\";s:0:\"\";s:2:\"to\";s:1:\"/\";}}','2017-08-03 00:03:43',2,NULL,'admin admin','C__LOGBOOK_EVENT__CATEGORY_CHANGED','my object name','Repository Access List','','LC__CONTACT__TREE__PERSON',NULL,0),(147522,9,NULL,1,1,NULL,NULL,'','a:3:{s:63:\"isys_cmdb_dao_category_g_custom_fields::f_popup_c_1501692823543\";a:2:{s:4:\"from\";s:20:\"Repos 00005-appnotes\";s:2:\"to\";s:11:\"Repos 14018\";}s:62:\"isys_cmdb_dao_category_g_custom_fields::f_text_c_1501683324836\";a:2:{s:4:\"from\";s:14:\"Projectarchive\";s:2:\"to\";s:3:\"CVS\";}s:62:\"isys_cmdb_dao_category_g_custom_fields::f_text_c_1501683444012\";a:2:{s:4:\"from\";s:0:\"\";s:2:\"to\";s:1:\"/\";}}','2017-08-03 00:03:46',2,NULL,'admin admin','C__LOGBOOK_EVENT__CATEGORY_CHANGED','my object name','Repository Access List','','LC__CONTACT__TREE__PERSON',NULL,0),(147523,9,NULL,1,1,NULL,NULL,'','a:4:{s:63:\"isys_cmdb_dao_category_g_custom_fields::f_popup_c_1501692823543\";a:2:{s:4:\"from\";s:20:\"Repos 00005-appnotes\";s:2:\"to\";s:11:\"Repos 14036\";}s:62:\"isys_cmdb_dao_category_g_custom_fields::f_text_c_1501683324836\";a:2:{s:4:\"from\";s:14:\"Projectarchive\";s:2:\"to\";s:3:\"CVS\";}s:62:\"isys_cmdb_dao_category_g_custom_fields::f_text_c_1501683371760\";a:2:{s:4:\"from\";s:10:\"read-write\";s:2:\"to\";s:25:\"read-write + INT_-tagging\";}s:62:\"isys_cmdb_dao_category_g_custom_fields::f_text_c_1501683444012\";a:2:{s:4:\"from\";s:0:\"\";s:2:\"to\";s:1:\"/\";}}','2017-08-03 00:03:48',2,NULL,'admin admin','C__LOGBOOK_EVENT__CATEGORY_CHANGED','my object name','Repository Access List','','LC__CONTACT__TREE__PERSON',NULL,0),(147524,9,NULL,1,1,NULL,NULL,'','a:3:{s:63:\"isys_cmdb_dao_category_g_custom_fields::f_popup_c_1501692823543\";a:2:{s:4:\"from\";s:20:\"Repos 00005-appnotes\";s:2:\"to\";s:11:\"Repos 14041\";}s:62:\"isys_cmdb_dao_category_g_custom_fields::f_text_c_1501683324836\";a:2:{s:4:\"from\";s:14:\"Projectarchive\";s:2:\"to\";s:3:\"CVS\";}s:62:\"isys_cmdb_dao_category_g_custom_fields::f_text_c_1501683444012\";a:2:{s:4:\"from\";s:0:\"\";s:2:\"to\";s:1:\"/\";}}','2017-08-03 00:03:50',2,NULL,'admin admin','C__LOGBOOK_EVENT__CATEGORY_CHANGED','my object name','Repository Access List','','LC__CONTACT__TREE__PERSON',NULL,0),(147525,9,NULL,1,1,NULL,NULL,'','a:3:{s:63:\"isys_cmdb_dao_category_g_custom_fields::f_popup_c_1501692823543\";a:2:{s:4:\"from\";s:20:\"Repos 00005-appnotes\";s:2:\"to\";s:11:\"Repos 14050\";}s:62:\"isys_cmdb_dao_category_g_custom_fields::f_text_c_1501683324836\";a:2:{s:4:\"from\";s:14:\"Projectarchive\";s:2:\"to\";s:3:\"CVS\";}s:62:\"isys_cmdb_dao_category_g_custom_fields::f_text_c_1501683444012\";a:2:{s:4:\"from\";s:0:\"\";s:2:\"to\";s:1:\"/\";}}','2017-08-03 00:03:52',2,NULL,'admin admin','C__LOGBOOK_EVENT__CATEGORY_CHANGED','my object name','Repository Access List','','LC__CONTACT__TREE__PERSON',NULL,0),(147526,9,NULL,1,1,NULL,NULL,'','a:3:{s:63:\"isys_cmdb_dao_category_g_custom_fields::f_popup_c_1501692823543\";a:2:{s:4:\"from\";s:20:\"Repos 00005-appnotes\";s:2:\"to\";s:11:\"Repos 14055\";}s:62:\"isys_cmdb_dao_category_g_custom_fields::f_text_c_1501683324836\";a:2:{s:4:\"from\";s:14:\"Projectarchive\";s:2:\"to\";s:3:\"CVS\";}s:62:\"isys_cmdb_dao_category_g_custom_fields::f_text_c_1501683444012\";a:2:{s:4:\"from\";s:0:\"\";s:2:\"to\";s:1:\"/\";}}','2017-08-03 00:03:55',2,NULL,'admin admin','C__LOGBOOK_EVENT__CATEGORY_CHANGED','my object name','Repository Access List','','LC__CONTACT__TREE__PERSON',NULL,0),(147527,9,NULL,1,1,NULL,NULL,'','a:3:{s:63:\"isys_cmdb_dao_category_g_custom_fields::f_popup_c_1501692823543\";a:2:{s:4:\"from\";s:20:\"Repos 00005-appnotes\";s:2:\"to\";s:11:\"Repos 14059\";}s:62:\"isys_cmdb_dao_category_g_custom_fields::f_text_c_1501683324836\";a:2:{s:4:\"from\";s:14:\"Projectarchive\";s:2:\"to\";s:3:\"CVS\";}s:62:\"isys_cmdb_dao_category_g_custom_fields::f_text_c_1501683444012\";a:2:{s:4:\"from\";s:0:\"\";s:2:\"to\";s:1:\"/\";}}','2017-08-03 00:03:57',2,NULL,'admin admin','C__LOGBOOK_EVENT__CATEGORY_CHANGED','my object name','Repository Access List','','LC__CONTACT__TREE__PERSON',NULL,0),(147528,9,NULL,1,1,NULL,NULL,'','a:4:{s:63:\"isys_cmdb_dao_category_g_custom_fields::f_popup_c_1501692823543\";a:2:{s:4:\"from\";s:20:\"Repos 00005-appnotes\";s:2:\"to\";s:11:\"Repos 14066\";}s:62:\"isys_cmdb_dao_category_g_custom_fields::f_text_c_1501683324836\";a:2:{s:4:\"from\";s:14:\"Projectarchive\";s:2:\"to\";s:3:\"CVS\";}s:62:\"isys_cmdb_dao_category_g_custom_fields::f_text_c_1501683371760\";a:2:{s:4:\"from\";s:10:\"read-write\";s:2:\"to\";s:25:\"read-write + INT_-tagging\";}s:62:\"isys_cmdb_dao_category_g_custom_fields::f_text_c_1501683444012\";a:2:{s:4:\"from\";s:0:\"\";s:2:\"to\";s:1:\"/\";}}','2017-08-03 00:04:00',2,NULL,'admin admin','C__LOGBOOK_EVENT__CATEGORY_CHANGED','my object name','Repository Access List','','LC__CONTACT__TREE__PERSON',NULL,0),(147529,9,NULL,1,1,NULL,NULL,'','a:3:{s:63:\"isys_cmdb_dao_category_g_custom_fields::f_popup_c_1501692823543\";a:2:{s:4:\"from\";s:20:\"Repos 00005-appnotes\";s:2:\"to\";s:11:\"Repos 14068\";}s:62:\"isys_cmdb_dao_category_g_custom_fields::f_text_c_1501683324836\";a:2:{s:4:\"from\";s:14:\"Projectarchive\";s:2:\"to\";s:3:\"CVS\";}s:62:\"isys_cmdb_dao_category_g_custom_fields::f_text_c_1501683444012\";a:2:{s:4:\"from\";s:0:\"\";s:2:\"to\";s:1:\"/\";}}','2017-08-03 00:04:03',2,NULL,'admin admin','C__LOGBOOK_EVENT__CATEGORY_CHANGED','my object name','Repository Access List','','LC__CONTACT__TREE__PERSON',NULL,0),(147530,9,NULL,1,1,NULL,NULL,'','a:3:{s:63:\"isys_cmdb_dao_category_g_custom_fields::f_popup_c_1501692823543\";a:2:{s:4:\"from\";s:20:\"Repos 00005-appnotes\";s:2:\"to\";s:11:\"Repos 14076\";}s:62:\"isys_cmdb_dao_category_g_custom_fields::f_text_c_1501683324836\";a:2:{s:4:\"from\";s:14:\"Projectarchive\";s:2:\"to\";s:3:\"CVS\";}s:62:\"isys_cmdb_dao_category_g_custom_fields::f_text_c_1501683444012\";a:2:{s:4:\"from\";s:0:\"\";s:2:\"to\";s:1:\"/\";}}','2017-08-03 00:04:06',2,NULL,'admin admin','C__LOGBOOK_EVENT__CATEGORY_CHANGED','my object name','Repository Access List','','LC__CONTACT__TREE__PERSON',NULL,0),(147531,9,NULL,1,1,NULL,NULL,'','a:4:{s:63:\"isys_cmdb_dao_category_g_custom_fields::f_popup_c_1501692823543\";a:2:{s:4:\"from\";s:20:\"Repos 00005-appnotes\";s:2:\"to\";s:11:\"Repos 14077\";}s:62:\"isys_cmdb_dao_category_g_custom_fields::f_text_c_1501683324836\";a:2:{s:4:\"from\";s:14:\"Projectarchive\";s:2:\"to\";s:3:\"CVS\";}s:62:\"isys_cmdb_dao_category_g_custom_fields::f_text_c_1501683371760\";a:2:{s:4:\"from\";s:10:\"read-write\";s:2:\"to\";s:25:\"read-write + INT_-tagging\";}s:62:\"isys_cmdb_dao_category_g_custom_fields::f_text_c_1501683444012\";a:2:{s:4:\"from\";s:0:\"\";s:2:\"to\";s:1:\"/\";}}','2017-08-03 00:04:08',2,NULL,'admin admin','C__LOGBOOK_EVENT__CATEGORY_CHANGED','my object name','Repository Access List','','LC__CONTACT__TREE__PERSON',NULL,0),(147532,9,NULL,1,1,NULL,NULL,'','a:3:{s:63:\"isys_cmdb_dao_category_g_custom_fields::f_popup_c_1501692823543\";a:2:{s:4:\"from\";s:20:\"Repos 00005-appnotes\";s:2:\"to\";s:11:\"Repos 14080\";}s:62:\"isys_cmdb_dao_category_g_custom_fields::f_text_c_1501683324836\";a:2:{s:4:\"from\";s:14:\"Projectarchive\";s:2:\"to\";s:3:\"CVS\";}s:62:\"isys_cmdb_dao_category_g_custom_fields::f_text_c_1501683444012\";a:2:{s:4:\"from\";s:0:\"\";s:2:\"to\";s:1:\"/\";}}','2017-08-03 00:04:10',2,NULL,'admin admin','C__LOGBOOK_EVENT__CATEGORY_CHANGED','my object name','Repository Access List','','LC__CONTACT__TREE__PERSON',NULL,0);
/*!40000 ALTER TABLE `isys_logbook` ENABLE KEYS */;
UNLOCK TABLES;

--
-- Table structure for table `isys_obj`
--

DROP TABLE IF EXISTS `isys_obj`;
/*!40101 SET @saved_cs_client     = @@character_set_client */;
/*!40101 SET character_set_client = utf8 */;
CREATE TABLE `isys_obj` (
  `isys_obj__id` int(10) unsigned NOT NULL AUTO_INCREMENT,
  `isys_obj__isys_obj_type__id` int(10) unsigned DEFAULT NULL,
  `isys_obj__owner_id` int(10) unsigned DEFAULT NULL,
  `isys_obj__title` varchar(255) COLLATE utf8_unicode_ci DEFAULT NULL,
  `isys_obj__const` varchar(255) COLLATE utf8_unicode_ci DEFAULT NULL,
  `isys_obj__description` text COLLATE utf8_unicode_ci,
  `isys_obj__created` datetime DEFAULT NULL,
  `isys_obj__created_by` varchar(255) COLLATE utf8_unicode_ci DEFAULT NULL,
  `isys_obj__updated` datetime DEFAULT NULL,
  `isys_obj__updated_by` varchar(255) COLLATE utf8_unicode_ci DEFAULT NULL,
  `isys_obj__property` int(10) unsigned DEFAULT '0',
  `isys_obj__status` int(10) unsigned DEFAULT '1',
  `isys_obj__sysid` varchar(255) COLLATE utf8_unicode_ci DEFAULT NULL,
  `isys_obj__scantime` datetime DEFAULT NULL,
  `isys_obj__imported` datetime DEFAULT NULL,
  `isys_obj__hostname` varchar(255) COLLATE utf8_unicode_ci DEFAULT NULL,
  `isys_obj__undeletable` int(1) unsigned NOT NULL DEFAULT '0',
  `isys_obj__rt_cf__id` int(11) unsigned DEFAULT NULL,
  `isys_obj__isys_cmdb_status__id` int(10) unsigned DEFAULT NULL,
  PRIMARY KEY (`isys_obj__id`),
  KEY `isys_obj_FKIndex1` (`isys_obj__isys_obj_type__id`),
  KEY `isys_obj_ibfk_2` (`isys_obj__isys_cmdb_status__id`),
  KEY `isys_obj__sysid` (`isys_obj__sysid`),
  KEY `isys_obj__title` (`isys_obj__title`),
  KEY `isys_obj__const` (`isys_obj__const`),
  KEY `isys_obj__hostname` (`isys_obj__hostname`),
  KEY `isys_obj__updated_by` (`isys_obj__updated_by`),
  KEY `isys_obj__updated_by_2` (`isys_obj__updated_by`),
  KEY `default_list` (`isys_obj__status`,`isys_obj__isys_obj_type__id`,`isys_obj__title`,`isys_obj__isys_cmdb_status__id`),
  KEY `isys_obj__updated` (`isys_obj__updated`),
  KEY `isys_obj__owner_id` (`isys_obj__owner_id`),
  CONSTRAINT `isys_obj__owner_id` FOREIGN KEY (`isys_obj__owner_id`) REFERENCES `isys_obj` (`isys_obj__id`) ON DELETE SET NULL ON UPDATE CASCADE,
  CONSTRAINT `isys_obj_ibfk_1` FOREIGN KEY (`isys_obj__isys_obj_type__id`) REFERENCES `isys_obj_type` (`isys_obj_type__id`) ON DELETE CASCADE ON UPDATE CASCADE,
  CONSTRAINT `isys_obj_ibfk_2` FOREIGN KEY (`isys_obj__isys_cmdb_status__id`) REFERENCES `isys_cmdb_status` (`isys_cmdb_status__id`) ON DELETE SET NULL ON UPDATE CASCADE
) ENGINE=InnoDB AUTO_INCREMENT=217236 DEFAULT CHARSET=utf8 COLLATE=utf8_unicode_ci;
/*!40101 SET character_set_client = @saved_cs_client */;

--
-- Dumping data for table `isys_obj`
--

LOCK TABLES `isys_obj` WRITE;
/*!40000 ALTER TABLE `isys_obj` DISABLE KEYS */;
INSERT INTO `isys_obj` VALUES (9,53,NULL,'Title of 9','C__OBJ__PERSON_ADMIN','Description of 9','2016-03-23 14:49:17','system','2017-07-05 10:06:05','acs',0,2,'SYSID_1280838787',NULL,NULL,NULL,1,NULL,6),(23,53,NULL,'Title of 23',NULL,'Description of 23','2016-04-21 16:14:33','','2017-08-02 19:22:27','admin',0,2,'SYSID_1461248096',NULL,NULL,'',0,NULL,6);
/*!40000 ALTER TABLE `isys_obj` ENABLE KEYS */;
UNLOCK TABLES;

--
-- Table structure for table `isys_search_idx`
--

DROP TABLE IF EXISTS `isys_search_idx`;
/*!40101 SET @saved_cs_client     = @@character_set_client */;
/*!40101 SET character_set_client = utf8 */;
CREATE TABLE `isys_search_idx` (
  `isys_search_idx__version` int(10) unsigned NOT NULL DEFAULT '1',
  `isys_search_idx__type` varchar(100) COLLATE utf8_unicode_ci NOT NULL DEFAULT '',
  `isys_search_idx__key` varchar(100) COLLATE utf8_unicode_ci NOT NULL DEFAULT '',
  `isys_search_idx__value` text COLLATE utf8_unicode_ci,
  `isys_search_idx__reference` int(10) unsigned DEFAULT NULL,
  PRIMARY KEY (`isys_search_idx__version`,`isys_search_idx__key`),
  KEY `type` (`isys_search_idx__type`),
  KEY `reference` (`isys_search_idx__reference`),
  FULLTEXT KEY `fulltext_value` (`isys_search_idx__value`),
  FULLTEXT KEY `fulltext_key` (`isys_search_idx__key`)
) ENGINE=InnoDB DEFAULT CHARSET=utf8 COLLATE=utf8_unicode_ci;
/*!40101 SET character_set_client = @saved_cs_client */;

--
-- Dumping data for table `isys_search_idx`
--

LOCK TABLES `isys_search_idx` WRITE;
/*!40000 ALTER TABLE `isys_search_idx` DISABLE KEYS */;
/*!40000 ALTER TABLE `isys_search_idx` ENABLE KEYS */;
UNLOCK TABLES;

--
-- Table structure for table `isysgui_catg_custom`
--

DROP TABLE IF EXISTS `isysgui_catg_custom`;
/*!40101 SET @saved_cs_client     = @@character_set_client */;
/*!40101 SET character_set_client = utf8 */;
CREATE TABLE `isysgui_catg_custom` (
  `isysgui_catg_custom__id` int(10) unsigned NOT NULL AUTO_INCREMENT,
  `isysgui_catg_custom__type` int(10) unsigned DEFAULT '0' COMMENT 'Bitwise type categorization of this category',
  `isysgui_catg_custom__title` varchar(255) CHARACTER SET latin1 NOT NULL,
  `isysgui_catg_custom__config` text CHARACTER SET latin1 NOT NULL,
  `isysgui_catg_custom__parent` int(10) NOT NULL,
  `isysgui_catg_custom__sort` int(10) NOT NULL,
  `isysgui_catg_custom__const` varchar(255) CHARACTER SET latin1 DEFAULT NULL,
  `isysgui_catg_custom__source_table` varchar(255) CHARACTER SET latin1 DEFAULT 'isys_catg_custom_fields_list',
  `isysgui_catg_custom__class_name` varchar(255) CHARACTER SET latin1 DEFAULT 'isys_cmdb_dao_category_g_custom_fields',
  `isysgui_catg_custom__list_multi_value` int(10) DEFAULT '0',
  `isysgui_catg_custom__status` int(1) DEFAULT '2',
  PRIMARY KEY (`isysgui_catg_custom__id`),
  KEY `isysgui_catg_custom__type` (`isysgui_catg_custom__type`),
  KEY `isysgui_catg_custom__const` (`isysgui_catg_custom__const`),
  KEY `isysgui_catg_custom__status` (`isysgui_catg_custom__status`)
) ENGINE=InnoDB AUTO_INCREMENT=10 DEFAULT CHARSET=utf8 COLLATE=utf8_unicode_ci;
/*!40101 SET character_set_client = @saved_cs_client */;

--
-- Dumping data for table `isysgui_catg_custom`
--

LOCK TABLES `isysgui_catg_custom` WRITE;
/*!40000 ALTER TABLE `isysgui_catg_custom` DISABLE KEYS */;
INSERT INTO `isysgui_catg_custom` VALUES (9,2,'Repository Access List','a:6:{s:15:\"c_1501692823543\";a:4:{s:4:\"type\";s:7:\"f_popup\";s:5:\"popup\";s:14:\"browser_object\";s:5:\"title\";s:10:\"Repository\";s:12:\"show_in_list\";i:1;}s:15:\"c_1501683324836\";a:3:{s:4:\"type\";s:6:\"f_text\";s:5:\"title\";s:10:\"Repos-Type\";s:12:\"show_in_list\";i:1;}s:15:\"c_1501683371760\";a:3:{s:4:\"type\";s:6:\"f_text\";s:5:\"title\";s:12:\"Repos-Access\";s:12:\"show_in_list\";i:1;}s:15:\"c_1501683444012\";a:3:{s:4:\"type\";s:6:\"f_text\";s:5:\"title\";s:4:\"Path\";s:12:\"show_in_list\";i:1;}s:15:\"c_1501683480114\";a:3:{s:4:\"type\";s:6:\"f_text\";s:5:\"title\";s:10:\"IP-address\";s:12:\"show_in_list\";i:1;}s:15:\"c_1501683447293\";a:3:{s:4:\"type\";s:6:\"f_text\";s:5:\"title\";s:15:\"Additional Info\";s:12:\"show_in_list\";i:1;}}',0,0,'C__CATG__CUSTOM_FIELDS_REPOSITORYACCESSLIST','isys_catg_custom_fields_list','isys_cmdb_dao_category_g_custom_fields',1,2);
/*!40000 ALTER TABLE `isysgui_catg_custom` ENABLE KEYS */;
UNLOCK TABLES;
/*!40103 SET TIME_ZONE=@OLD_TIME_ZONE */;

/*!40101 SET SQL_MODE=@OLD_SQL_MODE */;
/*!40014 SET FOREIGN_KEY_CHECKS=@OLD_FOREIGN_KEY_CHECKS */;
/*!40014 SET UNIQUE_CHECKS=@OLD_UNIQUE_CHECKS */;
/*!40101 SET CHARACTER_SET_CLIENT=@OLD_CHARACTER_SET_CLIENT */;
/*!40101 SET CHARACTER_SET_RESULTS=@OLD_CHARACTER_SET_RESULTS */;
/*!40101 SET COLLATION_CONNECTION=@OLD_COLLATION_CONNECTION */;
/*!40111 SET SQL_NOTES=@OLD_SQL_NOTES */;

-- Dump completed on 2017-08-19 15:16:29
