		    18 Query	CREATE OR REPLACE VIEW transforms.view_28861_probe AS  COMMIT /* QNO 839 CON_ID 18 */  /* QNO 840 CON_ID 18 */
		    16 Query	/* GenTest::Transform::ExecuteAsTrigger */ CREATE DATABASE IF NOT EXISTS transforms /* QNO 589 CON_ID 16 */
		    21 Query	SAVEPOINT A  /* QNO 751 CON_ID 21 */
		    17 Query	CREATE OR REPLACE VIEW transforms.view_28859_probe AS COMMIT  /* QNO 738 CON_ID 17 */  /* QNO 739 CON_ID 17 */
		    18 Query	COMMIT /* QNO 839 CON_ID 18 */  /* QNO 841 CON_ID 18 */
		    17 Query	COMMIT  /* QNO 738 CON_ID 17 */  /* QNO 740 CON_ID 17 */
		    21 Query	CREATE OR REPLACE VIEW transforms.view_28867_probe AS  SAVEPOINT A  /* QNO 751 CON_ID 21 */  /* QNO 752 CON_ID 21 */
		    17 Query	PREPARE st1 FROM " UPDATE /* table0_innodb_int table1_int_autoinc table0_myisam_int */ table1_innodb_int AS A NATURAL JOIN /* table1_innodb_int_autoinc table10_int_autoinc t2_temp_myisam_28859 */ t2_temp_innodb_28859 B SET A.`col_dec` = 8358144, B.`vcol_dec` = 't' WHERE col_tinyint BETWEEN -29 AND 8 + 2 AND ( `vcol_year` IS NULL OR `pk` <> FOUND_ROWS() ) "  /* QNO 741 CON_ID 17 */
		    21 Query	SAVEPOINT A  /* QNO 751 CON_ID 21 */  /* QNO 753 CON_ID 21 */
		    21 Query	/* GenTest::Transform::ExecuteAsTrigger */ CREATE DATABASE IF NOT EXISTS transforms /* QNO 754 CON_ID 21 */
		    17 Query	EXECUTE st1  /* QNO 742 CON_ID 17 */
		    21 Query	SHOW WARNINGS
		    21 Query	DROP TABLE IF EXISTS trigger28867 /* QNO 755 CON_ID 21 */
		    17 Query	DEALLOCATE PREPARE st1  /* QNO 743 CON_ID 17 */
		    17 Query	INSERT INTO /* t2_temp_innodb_28859 table1_int_autoinc t2_temp_myisam_28859 */ t1_base_innodb_28859 ( `pk`, col_tinyint ) VALUES ( USER(), -103 )  /* QNO 744 CON_ID 17 */
		    21 Query	SHOW WARNINGS
		    21 Query	CREATE TABLE IF NOT EXISTS trigger28867 (f1 INTEGER) /* QNO 756 CON_ID 21 */
		    17 Query	USE test1  /* QNO 745 CON_ID 17 */
		    17 Query	UPDATE test1./* table10_innodb_int_autoinc table1_int_autoinc t2_base_myisam_28859 */ v1_trans_safe_for_sbr_28859 AS A NATURAL JOIN test./* t2_temp_myisam_28859 table0_int table10_myisam_int_autoinc */ t1_base_innodb_28859 B SET A.`non_existing_column` = @aux, B.`non_existing_column` = '1991-08-26 11:15:33.005577' WHERE col_tinyint BETWEEN 105 AND -9 + 2 AND ( `non_existing_column` IS NULL OR `non_existing_column` <> RAND( 3 ) )  /* QNO 746 CON_ID 17 */
		    17 Query	SAVEPOINT A  /* QNO 747 CON_ID 17 */
		    17 Query	CREATE OR REPLACE VIEW transforms.view_28859_probe AS  SAVEPOINT A  /* QNO 747 CON_ID 17 */  /* QNO 748 CON_ID 17 */
		    17 Query	SAVEPOINT A  /* QNO 747 CON_ID 17 */  /* QNO 749 CON_ID 17 */
		    17 Query	/* GenTest::Transform::ExecuteAsTrigger */ CREATE DATABASE IF NOT EXISTS transforms /* QNO 750 CON_ID 17 */
		    17 Query	SHOW WARNINGS
		    17 Query	DROP TABLE IF EXISTS trigger28859 /* QNO 751 CON_ID 17 */
		    17 Query	SHOW WARNINGS
		    17 Query	CREATE TABLE IF NOT EXISTS trigger28859 (f1 INTEGER) /* QNO 752 CON_ID 17 */
		    18 Query	COMMIT  /* QNO 842 CON_ID 18 */
		    16 Query	SHOW WARNINGS
		    16 Query	DROP TABLE IF EXISTS trigger28858 /* QNO 590 CON_ID 16 */
		    18 Query	CREATE OR REPLACE VIEW transforms.view_28861_probe AS COMMIT  /* QNO 842 CON_ID 18 */  /* QNO 843 CON_ID 18 */
		    18 Query	COMMIT  /* QNO 842 CON_ID 18 */  /* QNO 844 CON_ID 18 */
		    16 Query	SHOW WARNINGS
		    16 Query	CREATE TABLE IF NOT EXISTS trigger28858 (f1 INTEGER) /* QNO 591 CON_ID 16 */
		    18 Query	UPDATE test1./* table1_innodb_int_autoinc table10_int t1_base_myisam_28861 */ v1_trans_safe_for_sbr_28861 AS A NATURAL JOIN test./* v1_nontrans_unsafe_for_sbr_28861 table1_int_autoinc v2_nontrans_safe_for_sbr_28861 */ table10_innodb_int B SET A.`vcol_char` = 'j', B.`col_timestamp` = VERSION() WHERE col_tinyint BETWEEN 38 AND -13 + 2 /**/ AND ( `vcol_enum` IS NULL OR `vcol_varchar` <> FOUND_ROWS() )  /* QNO 845 CON_ID 18 */
		    18 Query	COMMIT  /* QNO 846 CON_ID 18 */
		    18 Query	CREATE OR REPLACE VIEW transforms.view_28861_probe AS  COMMIT  /* QNO 846 CON_ID 18 */  /* QNO 847 CON_ID 18 */
		    18 Query	COMMIT  /* QNO 846 CON_ID 18 */  /* QNO 848 CON_ID 18 */
		    18 Query	UPDATE /* t1_temp_myisam_28861 table1_int table0_myisam_int_autoinc */ v1_trans_unsafe_for_sbr_28861 SET `col_datetime` = test.f1_3_28861 () WHERE col_tinyint BETWEEN -106 AND -53 + 2 /**/ AND ( `col_datetime` IS NULL OR `vcol_year` <> CURRENT_USER )  /* QNO 849 CON_ID 18 */
		    18 Query	DELETE QUICK test1.A, test.B FROM test1./* table0_innodb_int_autoinc table0_int table0_myisam_int_autoinc */ table10_innodb_int AS A NATURAL JOIN test./* t2_temp_myisam_28861 table0_int_autoinc t2_temp_myisam_28861 */ table10_innodb_int B WHERE col_tinyint BETWEEN -33 AND 19 + 2 /**/ AND ( `col_dec` IS NULL OR `vcol_dec` <> USER() )  /* QNO 850 CON_ID 18 */
		    18 Query	CREATE FUNCTION f1_3_28861 () RETURNS TINYINT RETURN ( SELECT MAX( col_tinyint ) FROM test1./* table1_innodb_int_autoinc table10_int t2_temp_myisam_28861 */ t1_base_innodb_28861 WHERE col_tinyint BETWEEN -24 AND 9 + 2 /**/ AND ( `col_dec` IS NULL OR `col_date` <> FOUND_ROWS() ) ) /* QNO 851 CON_ID 18 */
		    18 Query	CREATE OR REPLACE VIEW view_28861_inline_0 AS  SELECT MAX( col_tinyint ) FROM test1./* table1_innodb_int_autoinc table10_int t2_temp_myisam_28861 */ t1_base_innodb_28861 WHERE col_tinyint BETWEEN -24 AND 9 + 2 /**/ AND ( `col_dec` IS NULL OR `col_date` <> FOUND_ROWS() )  /* QNO 852 CON_ID 18 */
		    18 Query	/* GenTest::Transform::DisableIndexes */ ALTER TABLE t1 DISABLE KEYS; ALTER TABLE t2 DISABLE KEYS; ALTER TABLE t3 DISABLE KEYS; ALTER TABLE t4 DISABLE KEYS; ALTER TABLE t5 DISABLE KEYS; ALTER TABLE t6 DISABLE KEYS; ALTER TABLE t7 DISABLE KEYS; ALTER TABLE t8 DISABLE KEYS; ALTER TABLE t9 DISABLE KEYS; ALTER TABLE view_t1 DISABLE KEYS; ALTER TABLE view_t2 DISABLE KEYS; ALTER TABLE view_t3 DISABLE KEYS; ALTER TABLE view_t4 DISABLE KEYS; ALTER TABLE view_t5 DISABLE KEYS; ALTER TABLE view_t6 DISABLE KEYS; ALTER TABLE view_t7 DISABLE KEYS; ALTER TABLE view_t8 DISABLE KEYS; ALTER TABLE view_t9 DISABLE KEYS /* QNO 853 CON_ID 18 */
		    20 Query	CREATE TRIGGER trigger28865 BEFORE INSERT ON trigger28865 FOR EACH ROW  SET @aux = @aux  /* QNO 804 CON_ID 20 */ ; /* QNO 810 CON_ID 20 */
		    17 Query	CREATE TRIGGER trigger28859 BEFORE INSERT ON trigger28859 FOR EACH ROW  SAVEPOINT A  /* QNO 747 CON_ID 17 */ ; /* QNO 753 CON_ID 17 */
180102  3:28:18	    16 Query	CREATE TRIGGER trigger28858 BEFORE INSERT ON trigger28858 FOR EACH ROW  SAVEPOINT A  /* QNO 586 CON_ID 16 */ ; /* QNO 592 CON_ID 16 */
		    21 Query	CREATE TRIGGER trigger28867 BEFORE INSERT ON trigger28867 FOR EACH ROW  SAVEPOINT A  /* QNO 751 CON_ID 21 */ ; /* QNO 757 CON_ID 21 */
		    19 Query	CREATE TRIGGER trigger28863 BEFORE INSERT ON trigger28863 FOR EACH ROW  SAVEPOINT A  /* QNO 936 CON_ID 19 */ ; /* QNO 942 CON_ID 19 */
		    17 Query	INSERT INTO trigger28859 VALUES (1) /* TRANSFORM_OUTCOME_ANY */ /* QNO 754 CON_ID 17 */
		    20 Query	INSERT INTO trigger28865 VALUES (1) /* TRANSFORM_OUTCOME_ANY */ /* QNO 811 CON_ID 20 */
		    21 Query	INSERT INTO trigger28867 VALUES (1) /* TRANSFORM_OUTCOME_ANY */ /* QNO 758 CON_ID 21 */
		    17 Query	SAVEPOINT A
		    16 Query	INSERT INTO trigger28858 VALUES (1) /* TRANSFORM_OUTCOME_ANY */ /* QNO 593 CON_ID 16 */
		    19 Query	INSERT INTO trigger28863 VALUES (1) /* TRANSFORM_OUTCOME_ANY */ /* QNO 943 CON_ID 19 */
		    20 Query	SET  @aux = @aux
		    21 Query	SAVEPOINT A
		    16 Query	SAVEPOINT A
		    19 Query	SAVEPOINT A
		    17 Query	DROP TABLE IF EXISTS trigger28859 /* QNO 755 CON_ID 17 */
		    20 Query	DROP TABLE IF EXISTS trigger28865 /* QNO 812 CON_ID 20 */
		    19 Query	DROP TABLE IF EXISTS trigger28863 /* QNO 944 CON_ID 19 */
		    21 Query	DROP TABLE IF EXISTS trigger28867 /* QNO 759 CON_ID 21 */
		    16 Query	DROP TABLE IF EXISTS trigger28858 /* QNO 594 CON_ID 16 */
180102  3:28:19	    20 Query	COMMIT /* QNO 813 CON_ID 20 */
		    20 Query	CREATE OR REPLACE VIEW transforms.view_28865_probe AS  COMMIT /* QNO 813 CON_ID 20 */  /* QNO 814 CON_ID 20 */
		    20 Query	COMMIT /* QNO 813 CON_ID 20 */  /* QNO 815 CON_ID 20 */
		    20 Query	SET SESSION TRANSACTION ISOLATION LEVEL REPEATABLE READ /* QNO 816 CON_ID 20 */
		    20 Query	CREATE OR REPLACE VIEW transforms.view_28865_probe AS  SET SESSION TRANSACTION ISOLATION LEVEL REPEATABLE READ /* QNO 816 CON_ID 20 */  /* QNO 817 CON_ID 20 */
		    20 Query	SET SESSION TRANSACTION ISOLATION LEVEL REPEATABLE READ /* QNO 816 CON_ID 20 */  /* QNO 818 CON_ID 20 */
		    20 Query	/* GenTest::Transform::ExecuteAsTrigger */ CREATE DATABASE IF NOT EXISTS transforms /* QNO 819 CON_ID 20 */
		    20 Query	SHOW WARNINGS
		    20 Query	DROP TABLE IF EXISTS trigger28865 /* QNO 820 CON_ID 20 */
		    20 Query	SHOW WARNINGS
		    20 Query	CREATE TABLE IF NOT EXISTS trigger28865 (f1 INTEGER) /* QNO 821 CON_ID 20 */
		    17 Query	COMMIT  /* QNO 756 CON_ID 17 */
		    17 Query	CREATE OR REPLACE VIEW transforms.view_28859_probe AS COMMIT  /* QNO 756 CON_ID 17 */  /* QNO 757 CON_ID 17 */
		    17 Query	COMMIT  /* QNO 756 CON_ID 17 */  /* QNO 758 CON_ID 17 */
		    17 Query	REPLACE INTO /* v1_nontrans_safe_for_sbr_28859 table10_int_autoinc t1_temp_myisam_28859 */ table0_innodb_int_autoinc ( `non_existing_column` ) SELECT `non_existing_column` FROM test1./* table0_myisam_int table1_int_autoinc table0_myisam_int_autoinc */ table1_innodb_int AS A WHERE col_tinyint BETWEEN 31 AND 58 + 2 AND ( `non_existing_column` IS NULL OR `non_existing_column` <> CURRENT_USER() ) AND A.`non_existing_column` IN ( SELECT `non_existing_column` FROM test./* t1_base_innodb_28859 table0_int_autoinc table10_myisam_int_autoinc */ t2_base_innodb_28859 AS B )  /* QNO 759 CON_ID 17 */
		    17 Query	START TRANSACTION /* QNO 760 CON_ID 17 */
		    17 Query	CREATE OR REPLACE VIEW transforms.view_28859_probe AS  START TRANSACTION /* QNO 760 CON_ID 17 */  /* QNO 761 CON_ID 17 */
		    17 Query	START TRANSACTION /* QNO 760 CON_ID 17 */  /* QNO 762 CON_ID 17 */
		    17 Query	COMMIT  /* QNO 763 CON_ID 17 */
		    17 Query	CREATE OR REPLACE VIEW transforms.view_28859_probe AS COMMIT  /* QNO 763 CON_ID 17 */  /* QNO 764 CON_ID 17 */
		    17 Query	COMMIT  /* QNO 763 CON_ID 17 */  /* QNO 765 CON_ID 17 */
		    17 Query	SET @aux = -1.1  /* QNO 766 CON_ID 17 */
		    17 Query	CREATE OR REPLACE VIEW transforms.view_28859_probe AS  SET @aux = -1.1  /* QNO 766 CON_ID 17 */  /* QNO 767 CON_ID 17 */
		    17 Query	SET @aux = -1.1  /* QNO 766 CON_ID 17 */  /* QNO 768 CON_ID 17 */
		    17 Query	/* GenTest::Transform::ExecuteAsTrigger */ CREATE DATABASE IF NOT EXISTS transforms /* QNO 769 CON_ID 17 */
		    17 Query	SHOW WARNINGS
		    17 Query	DROP TABLE IF EXISTS trigger28859 /* QNO 770 CON_ID 17 */
		    17 Query	SHOW WARNINGS
		    17 Query	CREATE TABLE IF NOT EXISTS trigger28859 (f1 INTEGER) /* QNO 771 CON_ID 17 */
		    20 Query	CREATE TRIGGER trigger28865 BEFORE INSERT ON trigger28865 FOR EACH ROW  SET SESSION TRANSACTION ISOLATION LEVEL REPEATABLE READ /* QNO 816 CON_ID 20 */ ; /* QNO 822 CON_ID 20 */
180102  3:28:20	    21 Query	SET AUTOCOMMIT = OFF /* QNO 760 CON_ID 21 */
		    21 Query	CREATE OR REPLACE VIEW transforms.view_28867_probe AS  SET AUTOCOMMIT = OFF /* QNO 760 CON_ID 21 */  /* QNO 761 CON_ID 21 */
		    21 Query	SET AUTOCOMMIT = OFF /* QNO 760 CON_ID 21 */  /* QNO 762 CON_ID 21 */
		    21 Query	FLUSH LOGS /* QNO 763 CON_ID 21 */
/home/elenst/git/10.3/sql/mysqld, Version: 10.3.4-MariaDB-debug-log (Source distribution). started with:
Tcp port: 10720  Unix socket: /home/elenst/test_results/hidden-1/current1_1/mysql.sock
Time		    Id Command	Argument
		    17 Query	CREATE TRIGGER trigger28859 BEFORE INSERT ON trigger28859 FOR EACH ROW  SET @aux = -1.1  /* QNO 766 CON_ID 17 */ ; /* QNO 772 CON_ID 17 */
		    21 Query	CREATE OR REPLACE VIEW transforms.view_28867_probe AS  FLUSH LOGS /* QNO 763 CON_ID 21 */  /* QNO 764 CON_ID 21 */
		    21 Query	FLUSH LOGS /* QNO 763 CON_ID 21 */  /* QNO 765 CON_ID 21 */
/home/elenst/git/10.3/sql/mysqld, Version: 10.3.4-MariaDB-debug-log (Source distribution). started with:
Tcp port: 10720  Unix socket: /home/elenst/test_results/hidden-1/current1_1/mysql.sock
Time		    Id Command	Argument
		    18 Query	CREATE FUNCTION f1_3_28861 () RETURNS TINYINT RETURN ( SELECT MAX( col_tinyint ) FROM test1./* table1_innodb_int_autoinc table10_int t2_temp_myisam_28861 */ t1_base_innodb_28861 WHERE col_tinyint BETWEEN -24 AND 9 + 2 /**/ AND ( `col_dec` IS NULL OR `col_date` <> FOUND_ROWS() ) ) /* QNO 851 CON_ID 18 */  /* TRANSFORM_OUTCOME_UNORDERED_MATCH */ /* QNO 854 CON_ID 18 */
		    18 Query	/* GenTest::Transform::Distinct */  CREATE FUNCTION f1_3_28861 () RETURNS TINYINT RETURN ( SELECT DISTINCT MAX( col_tinyint ) FROM test1./* table1_innodb_int_autoinc table10_int t2_temp_myisam_28861 */ t1_base_innodb_28861 WHERE col_tinyint BETWEEN -24 AND 9 + 2 /**/ AND ( `col_dec` IS NULL OR `col_date` <> FOUND_ROWS() ) ) /* QNO 851 CON_ID 18 */  /* TRANSFORM_OUTCOME_DISTINCT */  /* QNO 855 CON_ID 18 */
		    18 Query	/* GenTest::Transform::ExecuteAsCTE */  CREATE FUNCTION f1_3_28861() RETURNS TINYINT RETURN( WITH cte2 AS ( SELECT MAX( col_tinyint) FROM test1./* table1_innodb_int_autoinc table10_int t2_temp_myisam_28861 */ t1_base_innodb_28861 WHERE col_tinyint BETWEEN -24 AND 9 + 2 /**/ AND( `col_dec` IS NULL OR `col_date` <> FOUND_ROWS()) ) SELECT * FROM cte2 ) /* QNO 851 CON_ID 18 */ /* TRANSFORM_OUTCOME_UNORDERED_MATCH */ /* QNO 856 CON_ID 18 */
		    18 Query	/* GenTest::Transform::ExecuteAsDerived */  CREATE FUNCTION f1_3_28861 () RETURNS TINYINT RETURN ( SELECT * FROM ( SELECT MAX( col_tinyint ) FROM test1./* table1_innodb_int_autoinc table10_int t2_temp_myisam_28861 */ t1_base_innodb_28861 WHERE col_tinyint BETWEEN -24 AND 9 + 2 /**/ AND ( `col_dec` IS NULL OR `col_date` <> FOUND_ROWS() ) ) /* QNO 851 CON_ID 18 */  ) AS DERIVED_TABLE  /* TRANSFORM_OUTCOME_UNORDERED_MATCH */ /* QNO 857 CON_ID 18 */
		    18 Query	/* GenTest::Transform::ExecuteAsExecuteImmediate */ EXECUTE IMMEDIATE ' CREATE FUNCTION f1_3_28861 () RETURNS TINYINT RETURN ( SELECT MAX( col_tinyint ) FROM test1./* table1_innodb_int_autoinc table10_int t2_temp_myisam_28861 */ t1_base_innodb_28861 WHERE col_tinyint BETWEEN -24 AND 9 + 2 /**/ AND ( `col_dec` IS NULL OR `col_date` <> FOUND_ROWS() ) ) /* QNO 851 CON_ID 18 */ ' /* TRANSFORM_OUTCOME_UNORDERED_MATCH */ /* QNO 858 CON_ID 18 */
		    18 Query	CREATE OR REPLACE VIEW transforms.view_28861_probe AS  CREATE FUNCTION f1_3_28861 () RETURNS TINYINT RETURN ( SELECT MAX( col_tinyint ) FROM test1./* table1_innodb_int_autoinc table10_int t2_temp_myisam_28861 */ t1_base_innodb_28861 WHERE col_tinyint BETWEEN -24 AND 9 + 2 /**/ AND ( `col_dec` IS NULL OR `col_date` <> FOUND_ROWS() ) ) /* QNO 851 CON_ID 18 */  /* QNO 859 CON_ID 18 */
		    18 Query	( SELECT MAX( col_tinyint ) FROM test1./* table1_innodb_int_autoinc table10_int t2_temp_myisam_28861 */ t1_base_innodb_28861 WHERE col_tinyint BETWEEN -24 AND 9 + 2 /**/ AND ( `col_dec` IS NULL OR `col_date` <> FOUND_ROWS() ) ) /* QNO 860 CON_ID 18 */
		    18 Query	CREATE FUNCTION f1_3_28861 () RETURNS TINYINT RETURN ( SELECT MAX( col_tinyint ) FROM test1./* table1_innodb_int_autoinc table10_int t2_temp_myisam_28861 */ t1_base_innodb_28861 WHERE col_tinyint BETWEEN -24 AND 9 + 2 /**/ AND ( `col_dec` IS NULL OR `col_date` <> FOUND_ROWS() ) ) /* QNO 851 CON_ID 18 */  /* QNO 861 CON_ID 18 */
		    18 Query	/* GenTest::Transform::StraightJoin */  CREATE FUNCTION f1_3_28861 () RETURNS TINYINT RETURN ( SELECT STRAIGHT_JOIN  MAX( col_tinyint ) FROM test1./* table1_innodb_int_autoinc table10_int t2_temp_myisam_28861 */ t1_base_innodb_28861 WHERE col_tinyint BETWEEN -24 AND 9 + 2 /**/ AND ( `col_dec` IS NULL OR `col_date` <> FOUND_ROWS() ) ) /* QNO 851 CON_ID 18 */  /* TRANSFORM_OUTCOME_UNORDERED_MATCH */ /* QNO 862 CON_ID 18 */
		    18 Query	SET SESSION TRANSACTION ISOLATION LEVEL SERIALIZABLE /* QNO 863 CON_ID 18 */
		    18 Query	CREATE OR REPLACE VIEW transforms.view_28861_probe AS  SET SESSION TRANSACTION ISOLATION LEVEL SERIALIZABLE /* QNO 863 CON_ID 18 */  /* QNO 864 CON_ID 18 */
		    18 Query	SET SESSION TRANSACTION ISOLATION LEVEL SERIALIZABLE /* QNO 863 CON_ID 18 */  /* QNO 865 CON_ID 18 */
		    18 Query	/* GenTest::Transform::ExecuteAsTrigger */ CREATE DATABASE IF NOT EXISTS transforms /* QNO 866 CON_ID 18 */
180102  3:28:21	    20 Query	INSERT INTO trigger28865 VALUES (1) /* TRANSFORM_OUTCOME_ANY */ /* QNO 823 CON_ID 20 */
		    17 Query	INSERT INTO trigger28859 VALUES (1) /* TRANSFORM_OUTCOME_ANY */ /* QNO 773 CON_ID 17 */
		    16 Query	SET debug_dbug="" /* QNO 595 CON_ID 16 */
		    19 Query	SET SESSION TRANSACTION ISOLATION LEVEL READ COMMITTED /* QNO 945 CON_ID 19 */
		    18 Query	SHOW WARNINGS
		    18 Query	DROP TABLE IF EXISTS trigger28861 /* QNO 867 CON_ID 18 */
		    16 Query	CREATE OR REPLACE VIEW transforms.view_28858_probe AS SET debug_dbug="" /* QNO 595 CON_ID 16 */  /* QNO 596 CON_ID 16 */
		    19 Query	CREATE OR REPLACE VIEW transforms.view_28863_probe AS  SET SESSION TRANSACTION ISOLATION LEVEL READ COMMITTED /* QNO 945 CON_ID 19 */  /* QNO 946 CON_ID 19 */
		    21 Query	COMMIT  /* QNO 766 CON_ID 21 */
		    16 Query	SET debug_dbug="" /* QNO 595 CON_ID 16 */  /* QNO 597 CON_ID 16 */
		    21 Query	CREATE OR REPLACE VIEW transforms.view_28867_probe AS COMMIT  /* QNO 766 CON_ID 21 */  /* QNO 767 CON_ID 21 */
		    19 Query	SET SESSION TRANSACTION ISOLATION LEVEL READ COMMITTED /* QNO 945 CON_ID 19 */  /* QNO 947 CON_ID 19 */
		    18 Query	SHOW WARNINGS
		    21 Query	COMMIT  /* QNO 766 CON_ID 21 */  /* QNO 768 CON_ID 21 */
		    18 Query	CREATE TABLE IF NOT EXISTS trigger28861 (f1 INTEGER) /* QNO 868 CON_ID 18 */
		    20 Query	SET  SESSION TRANSACTION ISOLATION LEVEL REPEATABLE READ
		    21 Query	START TRANSACTION /* QNO 769 CON_ID 21 */
		    16 Query	/* GenTest::Transform::ExecuteAsTrigger */ CREATE DATABASE IF NOT EXISTS transforms /* QNO 598 CON_ID 16 */
		    21 Query	CREATE OR REPLACE VIEW transforms.view_28867_probe AS  START TRANSACTION /* QNO 769 CON_ID 21 */  /* QNO 770 CON_ID 21 */
		    16 Query	SHOW WARNINGS
		    21 Query	START TRANSACTION /* QNO 769 CON_ID 21 */  /* QNO 771 CON_ID 21 */
		    16 Query	DROP TABLE IF EXISTS trigger28858 /* QNO 599 CON_ID 16 */
		    21 Query	SET SESSION TRANSACTION ISOLATION LEVEL REPEATABLE READ /* QNO 772 CON_ID 21 */
		    16 Query	SHOW WARNINGS
		    16 Query	CREATE TABLE IF NOT EXISTS trigger28858 (f1 INTEGER) /* QNO 600 CON_ID 16 */
		    21 Query	CREATE OR REPLACE VIEW transforms.view_28867_probe AS  SET SESSION TRANSACTION ISOLATION LEVEL REPEATABLE READ /* QNO 772 CON_ID 21 */  /* QNO 773 CON_ID 21 */
		    17 Query	SET  @aux = -1.1
		    19 Query	COMMIT  /* QNO 948 CON_ID 19 */
		    21 Query	SET SESSION TRANSACTION ISOLATION LEVEL REPEATABLE READ /* QNO 772 CON_ID 21 */  /* QNO 774 CON_ID 21 */
		    19 Query	CREATE OR REPLACE VIEW transforms.view_28863_probe AS COMMIT  /* QNO 948 CON_ID 19 */  /* QNO 949 CON_ID 19 */
		    21 Query	/* GenTest::Transform::ExecuteAsTrigger */ CREATE DATABASE IF NOT EXISTS transforms /* QNO 775 CON_ID 21 */
		    21 Query	SHOW WARNINGS
		    19 Query	COMMIT  /* QNO 948 CON_ID 19 */  /* QNO 950 CON_ID 19 */
		    21 Query	DROP TABLE IF EXISTS trigger28867 /* QNO 776 CON_ID 21 */
		    19 Query	PREPARE st1 FROM " UPDATE test./* v2_nontrans_safe_for_sbr_28863 table10_int_autoinc table0_myisam_int_autoinc */ t2_temp_innodb_28863 SET `non_existing_column` = '09:37:35.021835' WHERE col_tinyint BETWEEN 89 AND 100 + 2 AND ( `non_existing_column` IS NULL OR `non_existing_column` <> ROW_COUNT() ) "  /* QNO 951 CON_ID 19 */
		    21 Query	SHOW WARNINGS
		    21 Query	CREATE TABLE IF NOT EXISTS trigger28867 (f1 INTEGER) /* QNO 777 CON_ID 21 */
		    19 Query	EXECUTE st1  /* QNO 952 CON_ID 19 */
		    19 Query	DEALLOCATE PREPARE st1  /* QNO 953 CON_ID 19 */
		    19 Query	SAVEPOINT A  /* QNO 954 CON_ID 19 */
		    19 Query	CREATE OR REPLACE VIEW transforms.view_28863_probe AS  SAVEPOINT A  /* QNO 954 CON_ID 19 */  /* QNO 955 CON_ID 19 */
		    19 Query	SAVEPOINT A  /* QNO 954 CON_ID 19 */  /* QNO 956 CON_ID 19 */
		    19 Query	/* GenTest::Transform::ExecuteAsTrigger */ CREATE DATABASE IF NOT EXISTS transforms /* QNO 957 CON_ID 19 */
		    19 Query	SHOW WARNINGS
		    19 Query	DROP TABLE IF EXISTS trigger28863 /* QNO 958 CON_ID 19 */
		    19 Query	SHOW WARNINGS
		    19 Query	CREATE TABLE IF NOT EXISTS trigger28863 (f1 INTEGER) /* QNO 959 CON_ID 19 */
		    20 Query	DROP TABLE IF EXISTS trigger28865 /* QNO 824 CON_ID 20 */
		    17 Query	DROP TABLE IF EXISTS trigger28859 /* QNO 774 CON_ID 17 */
180102  3:28:22	    16 Query	CREATE TRIGGER trigger28858 BEFORE INSERT ON trigger28858 FOR EACH ROW SET debug_dbug="" /* QNO 595 CON_ID 16 */ ; /* QNO 601 CON_ID 16 */
		    18 Query	CREATE TRIGGER trigger28861 BEFORE INSERT ON trigger28861 FOR EACH ROW  SET SESSION TRANSACTION ISOLATION LEVEL SERIALIZABLE /* QNO 863 CON_ID 18 */ ; /* QNO 869 CON_ID 18 */
		    21 Query	CREATE TRIGGER trigger28867 BEFORE INSERT ON trigger28867 FOR EACH ROW  SET SESSION TRANSACTION ISOLATION LEVEL REPEATABLE READ /* QNO 772 CON_ID 21 */ ; /* QNO 778 CON_ID 21 */
		    19 Query	CREATE TRIGGER trigger28863 BEFORE INSERT ON trigger28863 FOR EACH ROW  SAVEPOINT A  /* QNO 954 CON_ID 19 */ ; /* QNO 960 CON_ID 19 */
180102  3:28:23	    18 Query	INSERT INTO trigger28861 VALUES (1) /* TRANSFORM_OUTCOME_ANY */ /* QNO 870 CON_ID 18 */
		    16 Query	INSERT INTO trigger28858 VALUES (1) /* TRANSFORM_OUTCOME_ANY */ /* QNO 602 CON_ID 16 */
		    21 Query	INSERT INTO trigger28867 VALUES (1) /* TRANSFORM_OUTCOME_ANY */ /* QNO 779 CON_ID 21 */
		    19 Query	INSERT INTO trigger28863 VALUES (1) /* TRANSFORM_OUTCOME_ANY */ /* QNO 961 CON_ID 19 */
		    16 Query	SET  debug_dbug=""
		    18 Query	SET  SESSION TRANSACTION ISOLATION LEVEL SERIALIZABLE
		    21 Query	SET  SESSION TRANSACTION ISOLATION LEVEL REPEATABLE READ
		    19 Query	SAVEPOINT A
		    20 Query	COMMIT  /* QNO 825 CON_ID 20 */
		    20 Query	CREATE OR REPLACE VIEW transforms.view_28865_probe AS COMMIT  /* QNO 825 CON_ID 20 */  /* QNO 826 CON_ID 20 */
		    20 Query	COMMIT  /* QNO 825 CON_ID 20 */  /* QNO 827 CON_ID 20 */
		    20 Query	PREPARE st1 FROM " DELETE A, B FROM /* t2_temp_innodb_28865 table10_int_autoinc table0_myisam_int */ t2_base_innodb_28865 AS A NATURAL JOIN /* table10_int_autoinc table1_int_autoinc v1_nontrans_safe_for_sbr_28865 */ table0_innodb_int B WHERE col_tinyint BETWEEN 31 AND -15 + 2 AND ( `non_existing_column` IS NULL OR `non_existing_column` <> USER() ) "  /* QNO 828 CON_ID 20 */
		    20 Query	EXECUTE st1  /* QNO 829 CON_ID 20 */
		    20 Query	DEALLOCATE PREPARE st1  /* QNO 830 CON_ID 20 */
		    20 Query	SELECT col_tinyint, `non_existing_column` FROM /* t1_base_myisam_28865 table0_int table0_myisam_int_autoinc */ table1_innodb_int_autoinc WHERE col_tinyint BETWEEN -118 AND -74 + 2 AND ( `non_existing_column` IS NULL OR `non_existing_column` <> SYSDATE() ) FOR UPDATE  /* QNO 831 CON_ID 20 */
		    20 Query	ROLLBACK /* QNO 832 CON_ID 20 */
		    20 Query	CREATE OR REPLACE VIEW transforms.view_28865_probe AS  ROLLBACK /* QNO 832 CON_ID 20 */  /* QNO 833 CON_ID 20 */
		    20 Query	ROLLBACK /* QNO 832 CON_ID 20 */  /* QNO 834 CON_ID 20 */
		    20 Query	COMMIT  /* QNO 835 CON_ID 20 */
		    20 Query	CREATE OR REPLACE VIEW transforms.view_28865_probe AS COMMIT  /* QNO 835 CON_ID 20 */  /* QNO 836 CON_ID 20 */
		    20 Query	COMMIT  /* QNO 835 CON_ID 20 */  /* QNO 837 CON_ID 20 */
		    20 Query	SELECT col_tinyint, `non_existing_column` FROM /* table0_int_autoinc table1_int table0_myisam_int */ v2_trans_unsafe_for_sbr_28865 WHERE col_tinyint BETWEEN -66 AND -106 + 2 AND ( `non_existing_column` IS NULL OR `non_existing_column` <> CURRENT_USER ) FOR UPDATE  /* QNO 838 CON_ID 20 */
		    20 Query	SET @aux = CURRENT_USER  /* QNO 839 CON_ID 20 */
		    20 Query	CREATE OR REPLACE VIEW transforms.view_28865_probe AS  SET @aux = CURRENT_USER  /* QNO 839 CON_ID 20 */  /* QNO 840 CON_ID 20 */
		    20 Query	SET @aux = CURRENT_USER  /* QNO 839 CON_ID 20 */  /* QNO 841 CON_ID 20 */
		    20 Query	/* GenTest::Transform::ExecuteAsTrigger */ CREATE DATABASE IF NOT EXISTS transforms /* QNO 842 CON_ID 20 */
		    20 Query	SHOW WARNINGS
		    20 Query	DROP TABLE IF EXISTS trigger28865 /* QNO 843 CON_ID 20 */
		    20 Query	SHOW WARNINGS
		    20 Query	CREATE TABLE IF NOT EXISTS trigger28865 (f1 INTEGER) /* QNO 844 CON_ID 20 */
		    16 Query	DROP TABLE IF EXISTS trigger28858 /* QNO 603 CON_ID 16 */
		    17 Query	SAVEPOINT A  /* QNO 775 CON_ID 17 */
		    17 Query	CREATE OR REPLACE VIEW transforms.view_28859_probe AS  SAVEPOINT A  /* QNO 775 CON_ID 17 */  /* QNO 776 CON_ID 17 */
		    17 Query	SAVEPOINT A  /* QNO 775 CON_ID 17 */  /* QNO 777 CON_ID 17 */
		    17 Query	/* GenTest::Transform::ExecuteAsTrigger */ CREATE DATABASE IF NOT EXISTS transforms /* QNO 778 CON_ID 17 */
		    17 Query	SHOW WARNINGS
		    17 Query	DROP TABLE IF EXISTS trigger28859 /* QNO 779 CON_ID 17 */
		    17 Query	SHOW WARNINGS
		    17 Query	CREATE TABLE IF NOT EXISTS trigger28859 (f1 INTEGER) /* QNO 780 CON_ID 17 */
		    18 Query	DROP TABLE IF EXISTS trigger28861 /* QNO 871 CON_ID 18 */
		    19 Query	DROP TABLE IF EXISTS trigger28863 /* QNO 962 CON_ID 19 */
		    21 Query	DROP TABLE IF EXISTS trigger28867 /* QNO 780 CON_ID 21 */
180102  3:28:24	    20 Query	CREATE TRIGGER trigger28865 BEFORE INSERT ON trigger28865 FOR EACH ROW  SET @aux = CURRENT_USER  /* QNO 839 CON_ID 20 */ ; /* QNO 845 CON_ID 20 */
		    17 Query	CREATE TRIGGER trigger28859 BEFORE INSERT ON trigger28859 FOR EACH ROW  SAVEPOINT A  /* QNO 775 CON_ID 17 */ ; /* QNO 781 CON_ID 17 */
		    17 Query	INSERT INTO trigger28859 VALUES (1) /* TRANSFORM_OUTCOME_ANY */ /* QNO 782 CON_ID 17 */
		    20 Query	INSERT INTO trigger28865 VALUES (1) /* TRANSFORM_OUTCOME_ANY */ /* QNO 846 CON_ID 20 */
		    17 Query	SAVEPOINT A
		    20 Query	SET  @aux = CURRENT_USER
		    17 Query	DROP TABLE IF EXISTS trigger28859 /* QNO 783 CON_ID 17 */
		    16 Query	SET debug_dbug="+d,test_invisible_index" /* QNO 604 CON_ID 16 */
		    21 Query	SET debug_dbug="" /* QNO 781 CON_ID 21 */
		    16 Query	CREATE OR REPLACE VIEW transforms.view_28858_probe AS SET debug_dbug="+d,test_invisible_index" /* QNO 604 CON_ID 16 */  /* QNO 605 CON_ID 16 */
		    21 Query	CREATE OR REPLACE VIEW transforms.view_28867_probe AS SET debug_dbug="" /* QNO 781 CON_ID 21 */  /* QNO 782 CON_ID 21 */
		    16 Query	SET debug_dbug="+d,test_invisible_index" /* QNO 604 CON_ID 16 */  /* QNO 606 CON_ID 16 */
		    21 Query	SET debug_dbug="" /* QNO 781 CON_ID 21 */  /* QNO 783 CON_ID 21 */
		    16 Query	/* GenTest::Transform::ExecuteAsTrigger */ CREATE DATABASE IF NOT EXISTS transforms /* QNO 607 CON_ID 16 */
		    21 Query	/* GenTest::Transform::ExecuteAsTrigger */ CREATE DATABASE IF NOT EXISTS transforms /* QNO 784 CON_ID 21 */
		    18 Query	COMMIT  /* QNO 872 CON_ID 18 */
		    16 Query	SHOW WARNINGS
		    21 Query	SHOW WARNINGS
		    16 Query	DROP TABLE IF EXISTS trigger28858 /* QNO 608 CON_ID 16 */
		    21 Query	DROP TABLE IF EXISTS trigger28867 /* QNO 785 CON_ID 21 */
		    18 Query	CREATE OR REPLACE VIEW transforms.view_28861_probe AS COMMIT  /* QNO 872 CON_ID 18 */  /* QNO 873 CON_ID 18 */
		    18 Query	COMMIT  /* QNO 872 CON_ID 18 */  /* QNO 874 CON_ID 18 */
		    21 Query	SHOW WARNINGS
		    16 Query	SHOW WARNINGS
		    21 Query	CREATE TABLE IF NOT EXISTS trigger28867 (f1 INTEGER) /* QNO 786 CON_ID 21 */
		    16 Query	CREATE TABLE IF NOT EXISTS trigger28858 (f1 INTEGER) /* QNO 609 CON_ID 16 */
		    16 Query	UPDATE test1./* table10_innodb_int table10_int t2_temp_myisam_28858 */ table0_innodb_int_autoinc SET `vcol_dec` = col_tinyint WHERE col_tinyint BETWEEN 44 AND -62 + 2 AND `col_int` IS NULL  /* QNO 610 CON_ID 16 */
		    16 Query	COMMIT /* QNO 611 CON_ID 16 */
		    19 Query	COMMIT  /* QNO 963 CON_ID 19 */
		    16 Query	CREATE OR REPLACE VIEW transforms.view_28858_probe AS  COMMIT /* QNO 611 CON_ID 16 */  /* QNO 612 CON_ID 16 */
		    19 Query	CREATE OR REPLACE VIEW transforms.view_28863_probe AS COMMIT  /* QNO 963 CON_ID 19 */  /* QNO 964 CON_ID 19 */
		    18 Query	DELETE LOW_PRIORITY FROM test1./* table0_myisam_int table1_int t1_temp_myisam_28861 */ t2_base_innodb_28861 WHERE col_tinyint BETWEEN -66 AND -79 + 2 /**/ AND ( `vcol_int` IS NULL OR `vcol_timestamp` <> RAND( 3 ) )  /* QNO 875 CON_ID 18 */
		    16 Query	COMMIT /* QNO 611 CON_ID 16 */  /* QNO 613 CON_ID 16 */
		    18 Query	SAVEPOINT A  /* QNO 876 CON_ID 18 */
		    18 Query	CREATE OR REPLACE VIEW transforms.view_28861_probe AS  SAVEPOINT A  /* QNO 876 CON_ID 18 */  /* QNO 877 CON_ID 18 */
		    18 Query	SAVEPOINT A  /* QNO 876 CON_ID 18 */  /* QNO 878 CON_ID 18 */
		    18 Query	/* GenTest::Transform::ExecuteAsTrigger */ CREATE DATABASE IF NOT EXISTS transforms /* QNO 879 CON_ID 18 */
		    19 Query	COMMIT  /* QNO 963 CON_ID 19 */  /* QNO 965 CON_ID 19 */
		    16 Query	COMMIT  /* QNO 614 CON_ID 16 */
		    19 Query	PREPARE st1 FROM " DELETE A, B FROM /* t2_temp_myisam_28863 table1_int_autoinc t2_base_myisam_28863 */ t1_base_innodb_28863 AS A NATURAL JOIN /* table0_myisam_int table10_int_autoinc table10_myisam_int */ table1_innodb_int_autoinc B WHERE col_tinyint BETWEEN -84 AND 5 + 2 AND ( `non_existing_column` IS NULL OR `non_existing_column` <> RAND( 0 ) ) "  /* QNO 966 CON_ID 19 */
		    18 Query	SHOW WARNINGS
		    16 Query	CREATE OR REPLACE VIEW transforms.view_28858_probe AS COMMIT  /* QNO 614 CON_ID 16 */  /* QNO 615 CON_ID 16 */
		    18 Query	DROP TABLE IF EXISTS trigger28861 /* QNO 880 CON_ID 18 */
		    16 Query	COMMIT  /* QNO 614 CON_ID 16 */  /* QNO 616 CON_ID 16 */
		    20 Query	DROP TABLE IF EXISTS trigger28865 /* QNO 847 CON_ID 20 */
		    18 Query	SHOW WARNINGS
		    19 Query	EXECUTE st1  /* QNO 967 CON_ID 19 */
		    18 Query	CREATE TABLE IF NOT EXISTS trigger28861 (f1 INTEGER) /* QNO 881 CON_ID 18 */
		    16 Query	REPLACE INTO test1./* t1_base_innodb_28858 table1_int_autoinc t2_base_myisam_28858 */ table1_innodb_int ( `col_datetime`, col_tinyint ) VALUES ( '1989-02-05', 1 )  /* QNO 617 CON_ID 16 */
		    19 Query	DEALLOCATE PREPARE st1  /* QNO 968 CON_ID 19 */
		    19 Query	SET AUTOCOMMIT = OFF /* QNO 969 CON_ID 19 */
		    16 Query	START TRANSACTION /* QNO 618 CON_ID 16 */
		    19 Query	CREATE OR REPLACE VIEW transforms.view_28863_probe AS  SET AUTOCOMMIT = OFF /* QNO 969 CON_ID 19 */  /* QNO 970 CON_ID 19 */
		    16 Query	CREATE OR REPLACE VIEW transforms.view_28858_probe AS  START TRANSACTION /* QNO 618 CON_ID 16 */  /* QNO 619 CON_ID 16 */
		    19 Query	SET AUTOCOMMIT = OFF /* QNO 969 CON_ID 19 */  /* QNO 971 CON_ID 19 */
		    16 Query	START TRANSACTION /* QNO 618 CON_ID 16 */  /* QNO 620 CON_ID 16 */
		    16 Query	SET SESSION TRANSACTION ISOLATION LEVEL READ UNCOMMITTED /* QNO 621 CON_ID 16 */
		    16 Query	CREATE OR REPLACE VIEW transforms.view_28858_probe AS  SET SESSION TRANSACTION ISOLATION LEVEL READ UNCOMMITTED /* QNO 621 CON_ID 16 */  /* QNO 622 CON_ID 16 */
		    16 Query	SET SESSION TRANSACTION ISOLATION LEVEL READ UNCOMMITTED /* QNO 621 CON_ID 16 */  /* QNO 623 CON_ID 16 */
		    19 Query	COMMIT  /* QNO 972 CON_ID 19 */
		    16 Query	SET GLOBAL TRANSACTION ISOLATION LEVEL READ UNCOMMITTED /* QNO 624 CON_ID 16 */
		    19 Query	CREATE OR REPLACE VIEW transforms.view_28863_probe AS COMMIT  /* QNO 972 CON_ID 19 */  /* QNO 973 CON_ID 19 */
		    16 Query	CREATE OR REPLACE VIEW transforms.view_28858_probe AS  SET GLOBAL TRANSACTION ISOLATION LEVEL READ UNCOMMITTED /* QNO 624 CON_ID 16 */  /* QNO 625 CON_ID 16 */
		    19 Query	COMMIT  /* QNO 972 CON_ID 19 */  /* QNO 974 CON_ID 19 */
		    16 Query	SET GLOBAL TRANSACTION ISOLATION LEVEL READ UNCOMMITTED /* QNO 624 CON_ID 16 */  /* QNO 626 CON_ID 16 */
		    19 Query	INSERT INTO /* table1_int table0_int table0_myisam_int */ table1_innodb_int ( `non_existing_column`, col_tinyint ) VALUES ( '1992', -126 ), ( @aux, 122 )  /* QNO 975 CON_ID 19 */
		    19 Query	ROLLBACK /* QNO 976 CON_ID 19 */
		    19 Query	CREATE OR REPLACE VIEW transforms.view_28863_probe AS  ROLLBACK /* QNO 976 CON_ID 19 */  /* QNO 977 CON_ID 19 */
		    19 Query	ROLLBACK /* QNO 976 CON_ID 19 */  /* QNO 978 CON_ID 19 */
		    19 Query	SET SESSION TRANSACTION ISOLATION LEVEL READ UNCOMMITTED /* QNO 979 CON_ID 19 */
		    16 Query	COMMIT  /* QNO 627 CON_ID 16 */
		    16 Query	CREATE OR REPLACE VIEW transforms.view_28858_probe AS COMMIT  /* QNO 627 CON_ID 16 */  /* QNO 628 CON_ID 16 */
		    19 Query	CREATE OR REPLACE VIEW transforms.view_28863_probe AS  SET SESSION TRANSACTION ISOLATION LEVEL READ UNCOMMITTED /* QNO 979 CON_ID 19 */  /* QNO 980 CON_ID 19 */
		    16 Query	COMMIT  /* QNO 627 CON_ID 16 */  /* QNO 629 CON_ID 16 */
		    19 Query	SET SESSION TRANSACTION ISOLATION LEVEL READ UNCOMMITTED /* QNO 979 CON_ID 19 */  /* QNO 981 CON_ID 19 */
		    16 Query	UPDATE /* table1_int_autoinc table0_int t2_base_myisam_28858 */ table0_innodb_int SET `col_date` = '1994' WHERE col_tinyint BETWEEN -32 AND -19 + 2 AND ( `col_blob` IS NULL OR `col_datetime` <> UUID() )  /* QNO 630 CON_ID 16 */
		    16 Query	COMMIT /* QNO 631 CON_ID 16 */
		    16 Query	CREATE OR REPLACE VIEW transforms.view_28858_probe AS  COMMIT /* QNO 631 CON_ID 16 */  /* QNO 632 CON_ID 16 */
		    19 Query	UPDATE test1./* t1_base_myisam_28863 table0_int t1_base_myisam_28863 */ table1_innodb_int_autoinc SET `non_existing_column` = col_tinyint WHERE col_tinyint BETWEEN 86 AND -83 + 5 AND `non_existing_column` IS NULL  /* QNO 982 CON_ID 19 */
		    16 Query	COMMIT /* QNO 631 CON_ID 16 */  /* QNO 633 CON_ID 16 */
		    19 Query	COMMIT /* QNO 983 CON_ID 19 */
		    16 Query	SET GLOBAL TRANSACTION ISOLATION LEVEL READ UNCOMMITTED /* QNO 634 CON_ID 16 */
		    19 Query	CREATE OR REPLACE VIEW transforms.view_28863_probe AS  COMMIT /* QNO 983 CON_ID 19 */  /* QNO 984 CON_ID 19 */
		    16 Query	CREATE OR REPLACE VIEW transforms.view_28858_probe AS  SET GLOBAL TRANSACTION ISOLATION LEVEL READ UNCOMMITTED /* QNO 634 CON_ID 16 */  /* QNO 635 CON_ID 16 */
		    19 Query	COMMIT /* QNO 983 CON_ID 19 */  /* QNO 985 CON_ID 19 */
		    16 Query	SET GLOBAL TRANSACTION ISOLATION LEVEL READ UNCOMMITTED /* QNO 634 CON_ID 16 */  /* QNO 636 CON_ID 16 */
		    19 Query	SET GLOBAL TRANSACTION ISOLATION LEVEL READ COMMITTED /* QNO 986 CON_ID 19 */
		    19 Query	CREATE OR REPLACE VIEW transforms.view_28863_probe AS  SET GLOBAL TRANSACTION ISOLATION LEVEL READ COMMITTED /* QNO 986 CON_ID 19 */  /* QNO 987 CON_ID 19 */
		    19 Query	SET GLOBAL TRANSACTION ISOLATION LEVEL READ COMMITTED /* QNO 986 CON_ID 19 */  /* QNO 988 CON_ID 19 */
		    16 Query	COMMIT  /* QNO 637 CON_ID 16 */
		    16 Query	CREATE OR REPLACE VIEW transforms.view_28858_probe AS COMMIT  /* QNO 637 CON_ID 16 */  /* QNO 638 CON_ID 16 */
		    16 Query	COMMIT  /* QNO 637 CON_ID 16 */  /* QNO 639 CON_ID 16 */
		    19 Query	COMMIT  /* QNO 989 CON_ID 19 */
		    16 Query	UPDATE test./* table10_int table1_int t2_base_myisam_28858 */ v1_trans_unsafe_for_sbr_28858 AS A NATURAL JOIN test./* t1_temp_innodb_28858 table1_int_autoinc table10_myisam_int */ t1_base_innodb_28858 B SET A.`col_int` = LAST_INSERT_ID(), B.`vcol_date` = @aux WHERE col_tinyint BETWEEN 79 AND 121 + 2 AND ( `vcol_blob` IS NULL OR `col_bit` <> RAND( 0 ) )  /* QNO 640 CON_ID 16 */
		    19 Query	CREATE OR REPLACE VIEW transforms.view_28863_probe AS COMMIT  /* QNO 989 CON_ID 19 */  /* QNO 990 CON_ID 19 */
		    16 Query	START TRANSACTION /* QNO 641 CON_ID 16 */
		    19 Query	COMMIT  /* QNO 989 CON_ID 19 */  /* QNO 991 CON_ID 19 */
		    16 Query	CREATE OR REPLACE VIEW transforms.view_28858_probe AS  START TRANSACTION /* QNO 641 CON_ID 16 */  /* QNO 642 CON_ID 16 */
		    19 Query	UPDATE test./* t2_base_myisam_28863 table10_int table10_myisam_int */ table10_innodb_int AS A NATURAL JOIN test./* v2_trans_unsafe_for_sbr_28863 table1_int t1_base_myisam_28863 */ table1_innodb_int_autoinc B SET A.`non_existing_column` = @aux, B.`non_existing_column` = 15251721613066895360 WHERE col_tinyint BETWEEN 115 AND -115 + 2 AND ( `non_existing_column` IS NULL OR `non_existing_column` <> CURRENT_USER )  /* QNO 992 CON_ID 19 */
		    16 Query	START TRANSACTION /* QNO 641 CON_ID 16 */  /* QNO 643 CON_ID 16 */
		    19 Query	COMMIT /* QNO 993 CON_ID 19 */
		    19 Query	CREATE OR REPLACE VIEW transforms.view_28863_probe AS  COMMIT /* QNO 993 CON_ID 19 */  /* QNO 994 CON_ID 19 */
		    19 Query	COMMIT /* QNO 993 CON_ID 19 */  /* QNO 995 CON_ID 19 */
		    16 Query	UPDATE test1./* table0_int_autoinc table10_int table10_myisam_int */ v1_trans_unsafe_for_sbr_28858 SET `col_bit` = col_tinyint WHERE col_tinyint BETWEEN 9 AND -120 + 9 AND `col_timestamp` IS NULL  /* QNO 644 CON_ID 16 */
		    19 Query	SET debug_dbug= "+d,test_pseudo_invisible" /* QNO 996 CON_ID 19 */
		    16 Query	COMMIT /* QNO 645 CON_ID 16 */
		    19 Query	CREATE OR REPLACE VIEW transforms.view_28863_probe AS SET debug_dbug= "+d,test_pseudo_invisible" /* QNO 996 CON_ID 19 */  /* QNO 997 CON_ID 19 */
		    16 Query	CREATE OR REPLACE VIEW transforms.view_28858_probe AS  COMMIT /* QNO 645 CON_ID 16 */  /* QNO 646 CON_ID 16 */
		    19 Query	SET debug_dbug= "+d,test_pseudo_invisible" /* QNO 996 CON_ID 19 */  /* QNO 998 CON_ID 19 */
		    16 Query	COMMIT /* QNO 645 CON_ID 16 */  /* QNO 647 CON_ID 16 */
		    19 Query	/* GenTest::Transform::ExecuteAsTrigger */ CREATE DATABASE IF NOT EXISTS transforms /* QNO 999 CON_ID 19 */
		    19 Query	SHOW WARNINGS
		    16 Query	COMMIT  /* QNO 648 CON_ID 16 */
		    19 Query	DROP TABLE IF EXISTS trigger28863 /* QNO 1000 CON_ID 19 */
		    16 Query	CREATE OR REPLACE VIEW transforms.view_28858_probe AS COMMIT  /* QNO 648 CON_ID 16 */  /* QNO 649 CON_ID 16 */
		    19 Query	SHOW WARNINGS
		    16 Query	COMMIT  /* QNO 648 CON_ID 16 */  /* QNO 650 CON_ID 16 */
		    19 Query	CREATE TABLE IF NOT EXISTS trigger28863 (f1 INTEGER) /* QNO 1001 CON_ID 19 */
		    16 Query	RELEASE SAVEPOINT A  /* QNO 651 CON_ID 16 */
		    16 Query	ROLLBACK /* QNO 652 CON_ID 16 */
		    16 Query	CREATE OR REPLACE VIEW transforms.view_28858_probe AS  ROLLBACK /* QNO 652 CON_ID 16 */  /* QNO 653 CON_ID 16 */
		    16 Query	ROLLBACK /* QNO 652 CON_ID 16 */  /* QNO 654 CON_ID 16 */
		    16 Query	COMMIT ; ; ; COMMIT ; ; CREATE TRIGGER test.tr1_3_28858 BEFORE INSERT ON /* table1_int_autoinc table1_int table0_myisam_int */ table1_innodb_int FOR EACH ROW BEGIN SET @aux = 1 ; END /* QNO 655 CON_ID 16 */
		    16 Query	CREATE OR REPLACE VIEW transforms.view_28858_probe AS COMMIT ; ; ; COMMIT ; ; CREATE TRIGGER test.tr1_3_28858 BEFORE INSERT ON /* table1_int_autoinc table1_int table0_myisam_int */ table1_innodb_int FOR EACH ROW BEGIN SET @aux = 1 ; END /* QNO 655 CON_ID 16 */  /* QNO 656 CON_ID 16 */
		    16 Query	COMMIT ; ; ; COMMIT ; ; CREATE TRIGGER test.tr1_3_28858 BEFORE INSERT ON /* table1_int_autoinc table1_int table0_myisam_int */ table1_innodb_int FOR EACH ROW BEGIN SET @aux = 1 ; END /* QNO 655 CON_ID 16 */  /* QNO 657 CON_ID 16 */
		    16 Query	COMMIT  /* QNO 658 CON_ID 16 */
		    16 Query	CREATE OR REPLACE VIEW transforms.view_28858_probe AS COMMIT  /* QNO 658 CON_ID 16 */  /* QNO 659 CON_ID 16 */
		    16 Query	COMMIT  /* QNO 658 CON_ID 16 */  /* QNO 660 CON_ID 16 */
		    16 Query	START TRANSACTION  /* QNO 661 CON_ID 16 */
		    16 Query	CREATE OR REPLACE VIEW transforms.view_28858_probe AS  START TRANSACTION  /* QNO 661 CON_ID 16 */  /* QNO 662 CON_ID 16 */
		    16 Query	START TRANSACTION  /* QNO 661 CON_ID 16 */  /* QNO 663 CON_ID 16 */
		    16 Query	UPDATE /* table0_int_autoinc table10_int_autoinc t1_base_myisam_28858 */ t2_base_innodb_28858 SET `col_date` = +2.0E-100 WHERE col_tinyint BETWEEN 122 AND -10 + 2 AND ( `vcol_int` IS NULL OR `vcol_dec` <> VERSION() )  /* QNO 664 CON_ID 16 */
		    16 Query	SET GLOBAL key_cache_28858.key_buffer_size = 0 /* QNO 665 CON_ID 16 */
		    16 Query	CREATE OR REPLACE VIEW transforms.view_28858_probe AS  SET GLOBAL key_cache_28858.key_buffer_size = 0 /* QNO 665 CON_ID 16 */  /* QNO 666 CON_ID 16 */
		    16 Query	SET GLOBAL key_cache_28858.key_buffer_size = 0 /* QNO 665 CON_ID 16 */  /* QNO 667 CON_ID 16 */
		    16 Query	/* GenTest::Transform::ExecuteAsTrigger */ CREATE DATABASE IF NOT EXISTS transforms /* QNO 668 CON_ID 16 */
		    16 Query	SHOW WARNINGS
		    16 Query	DROP TABLE IF EXISTS trigger28858 /* QNO 669 CON_ID 16 */
		    16 Query	SHOW WARNINGS
		    16 Query	CREATE TABLE IF NOT EXISTS trigger28858 (f1 INTEGER) /* QNO 670 CON_ID 16 */
		    16 Query	UPDATE /* table1_int_autoinc table1_int v2_nontrans_safe_for_sbr_28858 */ table1_innodb_int_autoinc SET `vcol_datetime` = col_tinyint WHERE col_tinyint BETWEEN 14 AND -27 + 0 AND `col_datetime` IS NULL  /* QNO 671 CON_ID 16 */
		    16 Query	COMMIT /* QNO 672 CON_ID 16 */
180102  3:28:25	    16 Query	CREATE OR REPLACE VIEW transforms.view_28858_probe AS  COMMIT /* QNO 672 CON_ID 16 */  /* QNO 673 CON_ID 16 */
		    16 Query	COMMIT /* QNO 672 CON_ID 16 */  /* QNO 674 CON_ID 16 */
		    16 Query	COMMIT  /* QNO 675 CON_ID 16 */
		    16 Query	CREATE OR REPLACE VIEW transforms.view_28858_probe AS COMMIT  /* QNO 675 CON_ID 16 */  /* QNO 676 CON_ID 16 */
		    16 Query	COMMIT  /* QNO 675 CON_ID 16 */  /* QNO 677 CON_ID 16 */
		    16 Query	USE test  /* QNO 678 CON_ID 16 */
		    16 Query	CREATE OR REPLACE VIEW transforms.view_28858_probe AS  USE test  /* QNO 678 CON_ID 16 */  /* QNO 679 CON_ID 16 */
		    16 Query	USE test  /* QNO 678 CON_ID 16 */  /* QNO 680 CON_ID 16 */
		    16 Query	SAVEPOINT A  /* QNO 681 CON_ID 16 */
		    16 Query	CREATE OR REPLACE VIEW transforms.view_28858_probe AS  SAVEPOINT A  /* QNO 681 CON_ID 16 */  /* QNO 682 CON_ID 16 */
		    16 Query	SAVEPOINT A  /* QNO 681 CON_ID 16 */  /* QNO 683 CON_ID 16 */
		    16 Query	/* GenTest::Transform::ExecuteAsTrigger */ CREATE DATABASE IF NOT EXISTS transforms /* QNO 684 CON_ID 16 */
		    16 Query	SHOW WARNINGS
		    16 Query	DROP TABLE IF EXISTS trigger28858 /* QNO 685 CON_ID 16 */
		    16 Query	SHOW WARNINGS
		    16 Query	CREATE TABLE IF NOT EXISTS trigger28858 (f1 INTEGER) /* QNO 686 CON_ID 16 */
		    16 Query	COMMIT  /* QNO 687 CON_ID 16 */
		    16 Query	CREATE OR REPLACE VIEW transforms.view_28858_probe AS COMMIT  /* QNO 687 CON_ID 16 */  /* QNO 688 CON_ID 16 */
		    16 Query	COMMIT  /* QNO 687 CON_ID 16 */  /* QNO 689 CON_ID 16 */
		    16 Query	ROLLBACK /* QNO 690 CON_ID 16 */
		    16 Query	CREATE OR REPLACE VIEW transforms.view_28858_probe AS  ROLLBACK /* QNO 690 CON_ID 16 */  /* QNO 691 CON_ID 16 */
		    16 Query	ROLLBACK /* QNO 690 CON_ID 16 */  /* QNO 692 CON_ID 16 */
		    16 Query	COMMIT  /* QNO 693 CON_ID 16 */
		    16 Query	CREATE OR REPLACE VIEW transforms.view_28858_probe AS COMMIT  /* QNO 693 CON_ID 16 */  /* QNO 694 CON_ID 16 */
		    16 Query	COMMIT  /* QNO 693 CON_ID 16 */  /* QNO 695 CON_ID 16 */
