		    19 Query	INSERT INTO trigger28863 VALUES (1) /* TRANSFORM_OUTCOME_ANY */ /* QNO 636 CON_ID 19 */
		    19 Query	SET  SESSION TRANSACTION ISOLATION LEVEL SERIALIZABLE
180102  3:27:38	    19 Query	DROP TABLE IF EXISTS trigger28863 /* QNO 637 CON_ID 19 */
		    20 Query	INSERT INTO trigger28865 VALUES (1) /* TRANSFORM_OUTCOME_ANY */ /* QNO 639 CON_ID 20 */
		    16 Query	INSERT INTO trigger28858 VALUES (1) /* TRANSFORM_OUTCOME_ANY */ /* QNO 423 CON_ID 16 */
		    17 Query	INSERT INTO trigger28859 VALUES (1) /* TRANSFORM_OUTCOME_ANY */ /* QNO 490 CON_ID 17 */
		    16 Query	SET  SESSION TRANSACTION ISOLATION LEVEL REPEATABLE READ
		    21 Query	INSERT INTO trigger28867 VALUES (1) /* TRANSFORM_OUTCOME_ANY */ /* QNO 452 CON_ID 21 */
		    18 Query	INSERT INTO trigger28861 VALUES (1) /* TRANSFORM_OUTCOME_ANY */ /* QNO 581 CON_ID 18 */
		    20 Query	SET  GLOBAL TRANSACTION ISOLATION LEVEL SERIALIZABLE
		    17 Query	SET  debug_dbug=""
		    21 Query	SET  @aux = @aux
		    18 Query	SET  SESSION TRANSACTION ISOLATION LEVEL SERIALIZABLE
		    20 Query	DROP TABLE IF EXISTS trigger28865 /* QNO 640 CON_ID 20 */
		    17 Query	DROP TABLE IF EXISTS trigger28859 /* QNO 491 CON_ID 17 */
		    16 Query	DROP TABLE IF EXISTS trigger28858 /* QNO 424 CON_ID 16 */
		    18 Query	DROP TABLE IF EXISTS trigger28861 /* QNO 582 CON_ID 18 */
		    21 Query	DROP TABLE IF EXISTS trigger28867 /* QNO 453 CON_ID 21 */
		    19 Query	COMMIT  /* QNO 638 CON_ID 19 */
		    19 Query	CREATE OR REPLACE VIEW transforms.view_28863_probe AS COMMIT  /* QNO 638 CON_ID 19 */  /* QNO 639 CON_ID 19 */
		    19 Query	COMMIT  /* QNO 638 CON_ID 19 */  /* QNO 640 CON_ID 19 */
		    19 Query	ROLLBACK /* QNO 641 CON_ID 19 */
		    19 Query	CREATE OR REPLACE VIEW transforms.view_28863_probe AS  ROLLBACK /* QNO 641 CON_ID 19 */  /* QNO 642 CON_ID 19 */
		    19 Query	ROLLBACK /* QNO 641 CON_ID 19 */  /* QNO 643 CON_ID 19 */
		    19 Query	COMMIT  /* QNO 644 CON_ID 19 */
		    19 Query	CREATE OR REPLACE VIEW transforms.view_28863_probe AS COMMIT  /* QNO 644 CON_ID 19 */  /* QNO 645 CON_ID 19 */
		    19 Query	COMMIT  /* QNO 644 CON_ID 19 */  /* QNO 646 CON_ID 19 */
		    19 Query	UPDATE test.table0_innodb_int /* table0_int table0_myisam_int_autoinc v1_trans_unsafe_for_sbr_28863 */ AS A NATURAL JOIN table10_int /* table0_int v1_nontrans_unsafe_for_sbr_28863 v1_trans_safe_for_sbr_28863 */ B SET A.`non_existing_column` = @aux, B.`non_existing_column` = test.f1__28863 () WHERE col_tinyint BETWEEN -78 AND 50 + 2 AND ( `non_existing_column` IS NULL OR `non_existing_column` <> FOUND_ROWS() )  /* QNO 647 CON_ID 19 */
		    19 Query	ROLLBACK /* QNO 648 CON_ID 19 */
		    19 Query	CREATE OR REPLACE VIEW transforms.view_28863_probe AS  ROLLBACK /* QNO 648 CON_ID 19 */  /* QNO 649 CON_ID 19 */
		    19 Query	ROLLBACK /* QNO 648 CON_ID 19 */  /* QNO 650 CON_ID 19 */
		    19 Query	UPDATE table10_int /* table1_int_autoinc v2_nontrans_safe_for_sbr_28863 t1_temp_innodb_28863 */ SET `non_existing_column` = col_tinyint WHERE col_tinyint BETWEEN 99 AND -24 + 3 AND `non_existing_column` IS NULL  /* QNO 651 CON_ID 19 */
		    19 Query	COMMIT /* QNO 652 CON_ID 19 */
		    19 Query	CREATE OR REPLACE VIEW transforms.view_28863_probe AS  COMMIT /* QNO 652 CON_ID 19 */  /* QNO 653 CON_ID 19 */
		    19 Query	COMMIT /* QNO 652 CON_ID 19 */  /* QNO 654 CON_ID 19 */
		    19 Query	COMMIT  /* QNO 655 CON_ID 19 */
		    19 Query	CREATE OR REPLACE VIEW transforms.view_28863_probe AS COMMIT  /* QNO 655 CON_ID 19 */  /* QNO 656 CON_ID 19 */
		    19 Query	COMMIT  /* QNO 655 CON_ID 19 */  /* QNO 657 CON_ID 19 */
		    19 Query	SET @aux = test.f1__28863 ()  /* QNO 658 CON_ID 19 */
		    19 Query	START TRANSACTION /* QNO 659 CON_ID 19 */
		    19 Query	CREATE OR REPLACE VIEW transforms.view_28863_probe AS  START TRANSACTION /* QNO 659 CON_ID 19 */  /* QNO 660 CON_ID 19 */
		    19 Query	START TRANSACTION /* QNO 659 CON_ID 19 */  /* QNO 661 CON_ID 19 */
		    19 Query	COMMIT  /* QNO 662 CON_ID 19 */
		    19 Query	CREATE OR REPLACE VIEW transforms.view_28863_probe AS COMMIT  /* QNO 662 CON_ID 19 */  /* QNO 663 CON_ID 19 */
		    19 Query	COMMIT  /* QNO 662 CON_ID 19 */  /* QNO 664 CON_ID 19 */
		    19 Query	PREPARE st1 FROM " INSERT HIGH_PRIORITY INTO t1_temp_innodb_28863 /* table1_int_autoinc table10_myisam_int_autoinc table10_innodb_int */ ( `non_existing_column` ) SELECT `non_existing_column` FROM test1.table0_int /* table1_int_autoinc table10_myisam_int v2_trans_unsafe_for_sbr_28863 */ AS A WHERE col_tinyint BETWEEN -126 AND 100 + 2 AND ( `non_existing_column` IS NULL OR `non_existing_column` <> VERSION() ) AND A.`non_existing_column` IN ( SELECT `non_existing_column` FROM table10_innodb_int_autoinc /* table1_int t1_base_myisam_28863 t2_base_innodb_28863 */ AS B WHERE B.col_tinyint = A.col_tinyint ) "  /* QNO 665 CON_ID 19 */
		    19 Query	EXECUTE st1  /* QNO 666 CON_ID 19 */
		    19 Query	DEALLOCATE PREPARE st1  /* QNO 667 CON_ID 19 */
		    19 Query	PREPARE st1 FROM " UPDATE v2_nontrans_unsafe_for_sbr_28863 /* table10_int table0_myisam_int t1_temp_innodb_28863 */ SET `non_existing_column` = @aux WHERE col_tinyint BETWEEN -95 AND -60 + 2 AND ( `non_existing_column` IS NULL OR `non_existing_column` <> CURRENT_USER ) "  /* QNO 668 CON_ID 19 */
		    19 Query	EXECUTE st1  /* QNO 669 CON_ID 19 */
		    19 Query	DEALLOCATE PREPARE st1  /* QNO 670 CON_ID 19 */
		    19 Query	CREATE USER Luigi_28863@localhost, Luigi_28863@localhost /* QNO 671 CON_ID 19 */
		    19 Query	COMMIT  /* QNO 672 CON_ID 19 */
		    19 Query	CREATE OR REPLACE VIEW transforms.view_28863_probe AS COMMIT  /* QNO 672 CON_ID 19 */  /* QNO 673 CON_ID 19 */
		    19 Query	COMMIT  /* QNO 672 CON_ID 19 */  /* QNO 674 CON_ID 19 */
		    19 Query	USE test  /* QNO 675 CON_ID 19 */
		    19 Query	CREATE OR REPLACE VIEW transforms.view_28863_probe AS  USE test  /* QNO 675 CON_ID 19 */  /* QNO 676 CON_ID 19 */
		    19 Query	USE test  /* QNO 675 CON_ID 19 */  /* QNO 677 CON_ID 19 */
		    19 Query	TRUNCATE TABLE test.t1_base_innodb_28863 /* QNO 678 CON_ID 19 */
		    19 Query	SET SESSION TRANSACTION ISOLATION LEVEL REPEATABLE READ /* QNO 679 CON_ID 19 */
		    19 Query	CREATE OR REPLACE VIEW transforms.view_28863_probe AS  SET SESSION TRANSACTION ISOLATION LEVEL REPEATABLE READ /* QNO 679 CON_ID 19 */  /* QNO 680 CON_ID 19 */
		    19 Query	SET SESSION TRANSACTION ISOLATION LEVEL REPEATABLE READ /* QNO 679 CON_ID 19 */  /* QNO 681 CON_ID 19 */
		    19 Query	/* GenTest::Transform::ExecuteAsTrigger */ CREATE DATABASE IF NOT EXISTS transforms /* QNO 682 CON_ID 19 */
		    19 Query	SHOW WARNINGS
		    19 Query	DROP TABLE IF EXISTS trigger28863 /* QNO 683 CON_ID 19 */
		    19 Query	SHOW WARNINGS
		    19 Query	CREATE TABLE IF NOT EXISTS trigger28863 (f1 INTEGER) /* QNO 684 CON_ID 19 */
180102  3:27:39	    20 Query	FLUSH LOGS /* QNO 641 CON_ID 20 */
		    17 Query	FLUSH LOGS /* QNO 492 CON_ID 17 */
/home/elenst/git/10.3/sql/mysqld, Version: 10.3.4-MariaDB-debug-log (Source distribution). started with:
Tcp port: 10720  Unix socket: /home/elenst/test_results/hidden-1/current1_1/mysql.sock
Time		    Id Command	Argument
/home/elenst/git/10.3/sql/mysqld, Version: 10.3.4-MariaDB-debug-log (Source distribution). started with:
Tcp port: 10720  Unix socket: /home/elenst/test_results/hidden-1/current1_1/mysql.sock
Time		    Id Command	Argument
		    18 Query	COMMIT  /* QNO 583 CON_ID 18 */
		    18 Query	CREATE OR REPLACE VIEW transforms.view_28861_probe AS COMMIT  /* QNO 583 CON_ID 18 */  /* QNO 584 CON_ID 18 */
		    18 Query	COMMIT  /* QNO 583 CON_ID 18 */  /* QNO 585 CON_ID 18 */
		    18 Query	PREPARE st1 FROM " INSERT HIGH_PRIORITY INTO test1./* t1_base_innodb_28861 table10_int_autoinc table10_myisam_int_autoinc */ t2_temp_innodb_28861 ( `non_existing_column`, col_tinyint ) VALUES ( RAND( 1 ), -124 ) "  /* QNO 586 CON_ID 18 */
		    18 Query	EXECUTE st1  /* QNO 587 CON_ID 18 */
		    18 Query	DEALLOCATE PREPARE st1  /* QNO 588 CON_ID 18 */
		    18 Query	SET @aux = @aux  /* QNO 589 CON_ID 18 */
		    18 Query	CREATE OR REPLACE VIEW transforms.view_28861_probe AS  SET @aux = @aux  /* QNO 589 CON_ID 18 */  /* QNO 590 CON_ID 18 */
		    18 Query	SET @aux = @aux  /* QNO 589 CON_ID 18 */  /* QNO 591 CON_ID 18 */
		    18 Query	/* GenTest::Transform::ExecuteAsTrigger */ CREATE DATABASE IF NOT EXISTS transforms /* QNO 592 CON_ID 18 */
180102  3:27:40	    20 Query	CREATE OR REPLACE VIEW transforms.view_28865_probe AS  FLUSH LOGS /* QNO 641 CON_ID 20 */  /* QNO 642 CON_ID 20 */
		    16 Query	SET SESSION TRANSACTION ISOLATION LEVEL SERIALIZABLE /* QNO 425 CON_ID 16 */
		    18 Query	SHOW WARNINGS
		    16 Query	CREATE OR REPLACE VIEW transforms.view_28858_probe AS  SET SESSION TRANSACTION ISOLATION LEVEL SERIALIZABLE /* QNO 425 CON_ID 16 */  /* QNO 426 CON_ID 16 */
		    17 Query	CREATE OR REPLACE VIEW transforms.view_28859_probe AS  FLUSH LOGS /* QNO 492 CON_ID 17 */  /* QNO 493 CON_ID 17 */
		    18 Query	DROP TABLE IF EXISTS trigger28861 /* QNO 593 CON_ID 18 */
		    21 Query	ROLLBACK /* QNO 454 CON_ID 21 */
		    16 Query	SET SESSION TRANSACTION ISOLATION LEVEL SERIALIZABLE /* QNO 425 CON_ID 16 */  /* QNO 427 CON_ID 16 */
		    17 Query	FLUSH LOGS /* QNO 492 CON_ID 17 */  /* QNO 494 CON_ID 17 */
/home/elenst/git/10.3/sql/mysqld, Version: 10.3.4-MariaDB-debug-log (Source distribution). started with:
Tcp port: 10720  Unix socket: /home/elenst/test_results/hidden-1/current1_1/mysql.sock
Time		    Id Command	Argument
		    20 Query	FLUSH LOGS /* QNO 641 CON_ID 20 */  /* QNO 643 CON_ID 20 */
/home/elenst/git/10.3/sql/mysqld, Version: 10.3.4-MariaDB-debug-log (Source distribution). started with:
Tcp port: 10720  Unix socket: /home/elenst/test_results/hidden-1/current1_1/mysql.sock
Time		    Id Command	Argument
		    16 Query	/* GenTest::Transform::ExecuteAsTrigger */ CREATE DATABASE IF NOT EXISTS transforms /* QNO 428 CON_ID 16 */
		    21 Query	CREATE OR REPLACE VIEW transforms.view_28867_probe AS  ROLLBACK /* QNO 454 CON_ID 21 */  /* QNO 455 CON_ID 21 */
		    18 Query	SHOW WARNINGS
		    19 Query	CREATE TRIGGER trigger28863 BEFORE INSERT ON trigger28863 FOR EACH ROW  SET SESSION TRANSACTION ISOLATION LEVEL REPEATABLE READ /* QNO 679 CON_ID 19 */ ; /* QNO 685 CON_ID 19 */
		    21 Query	ROLLBACK /* QNO 454 CON_ID 21 */  /* QNO 456 CON_ID 21 */
		    18 Query	CREATE TABLE IF NOT EXISTS trigger28861 (f1 INTEGER) /* QNO 594 CON_ID 18 */
		    21 Query	COMMIT  /* QNO 457 CON_ID 21 */
		    21 Query	CREATE OR REPLACE VIEW transforms.view_28867_probe AS COMMIT  /* QNO 457 CON_ID 21 */  /* QNO 458 CON_ID 21 */
		    21 Query	COMMIT  /* QNO 457 CON_ID 21 */  /* QNO 459 CON_ID 21 */
		    21 Query	INSERT INTO test./* table1_innodb_int table1_int_autoinc v1_nontrans_safe_for_sbr_28867 */ t2_base_innodb_28867 ( `non_existing_column` ) SELECT `non_existing_column` FROM /* table0_int table10_int table0_myisam_int_autoinc */ t1_base_innodb_28867 AS A NATURAL JOIN test./* table1_innodb_int_autoinc table10_int table0_myisam_int_autoinc */ t2_base_innodb_28867 B WHERE col_tinyint BETWEEN 79 AND 1 + 2 AND ( `non_existing_column` IS NULL OR `non_existing_column` <> SYSDATE() )  /* QNO 460 CON_ID 21 */
		    21 Query	ROLLBACK /* QNO 461 CON_ID 21 */
		    21 Query	CREATE OR REPLACE VIEW transforms.view_28867_probe AS  ROLLBACK /* QNO 461 CON_ID 21 */  /* QNO 462 CON_ID 21 */
		    21 Query	ROLLBACK /* QNO 461 CON_ID 21 */  /* QNO 463 CON_ID 21 */
		    21 Query	COMMIT  /* QNO 464 CON_ID 21 */
		    21 Query	CREATE OR REPLACE VIEW transforms.view_28867_probe AS COMMIT  /* QNO 464 CON_ID 21 */  /* QNO 465 CON_ID 21 */
		    21 Query	COMMIT  /* QNO 464 CON_ID 21 */  /* QNO 466 CON_ID 21 */
		    21 Query	ROLLBACK  /* QNO 467 CON_ID 21 */
		    21 Query	CREATE OR REPLACE VIEW transforms.view_28867_probe AS  ROLLBACK  /* QNO 467 CON_ID 21 */  /* QNO 468 CON_ID 21 */
		    21 Query	ROLLBACK  /* QNO 467 CON_ID 21 */  /* QNO 469 CON_ID 21 */
		    21 Query	COMMIT /* QNO 470 CON_ID 21 */
		    21 Query	CREATE OR REPLACE VIEW transforms.view_28867_probe AS  COMMIT /* QNO 470 CON_ID 21 */  /* QNO 471 CON_ID 21 */
		    21 Query	COMMIT /* QNO 470 CON_ID 21 */  /* QNO 472 CON_ID 21 */
		    21 Query	COMMIT  /* QNO 473 CON_ID 21 */
		    21 Query	CREATE OR REPLACE VIEW transforms.view_28867_probe AS COMMIT  /* QNO 473 CON_ID 21 */  /* QNO 474 CON_ID 21 */
		    21 Query	COMMIT  /* QNO 473 CON_ID 21 */  /* QNO 475 CON_ID 21 */
		    21 Query	REPLACE INTO test1./* table0_int_autoinc table1_int_autoinc t2_base_myisam_28867 */ t1_base_innodb_28867 ( `non_existing_column`, col_tinyint ) VALUES ( '20071011100043.001649', 77 )  /* QNO 476 CON_ID 21 */
		    21 Query	RELEASE SAVEPOINT A /* QNO 477 CON_ID 21 */
		    21 Query	SET GLOBAL TRANSACTION ISOLATION LEVEL READ COMMITTED /* QNO 478 CON_ID 21 */
		    21 Query	CREATE OR REPLACE VIEW transforms.view_28867_probe AS  SET GLOBAL TRANSACTION ISOLATION LEVEL READ COMMITTED /* QNO 478 CON_ID 21 */  /* QNO 479 CON_ID 21 */
		    21 Query	SET GLOBAL TRANSACTION ISOLATION LEVEL READ COMMITTED /* QNO 478 CON_ID 21 */  /* QNO 480 CON_ID 21 */
		    21 Query	SET GLOBAL TRANSACTION ISOLATION LEVEL READ UNCOMMITTED /* QNO 481 CON_ID 21 */
		    21 Query	CREATE OR REPLACE VIEW transforms.view_28867_probe AS  SET GLOBAL TRANSACTION ISOLATION LEVEL READ UNCOMMITTED /* QNO 481 CON_ID 21 */  /* QNO 482 CON_ID 21 */
		    21 Query	SET GLOBAL TRANSACTION ISOLATION LEVEL READ UNCOMMITTED /* QNO 481 CON_ID 21 */  /* QNO 483 CON_ID 21 */
		    21 Query	SET SESSION TRANSACTION ISOLATION LEVEL READ COMMITTED /* QNO 484 CON_ID 21 */
		    21 Query	CREATE OR REPLACE VIEW transforms.view_28867_probe AS  SET SESSION TRANSACTION ISOLATION LEVEL READ COMMITTED /* QNO 484 CON_ID 21 */  /* QNO 485 CON_ID 21 */
		    21 Query	SET SESSION TRANSACTION ISOLATION LEVEL READ COMMITTED /* QNO 484 CON_ID 21 */  /* QNO 486 CON_ID 21 */
		    21 Query	SET SESSION TRANSACTION ISOLATION LEVEL SERIALIZABLE /* QNO 487 CON_ID 21 */
		    21 Query	CREATE OR REPLACE VIEW transforms.view_28867_probe AS  SET SESSION TRANSACTION ISOLATION LEVEL SERIALIZABLE /* QNO 487 CON_ID 21 */  /* QNO 488 CON_ID 21 */
		    21 Query	SET SESSION TRANSACTION ISOLATION LEVEL SERIALIZABLE /* QNO 487 CON_ID 21 */  /* QNO 489 CON_ID 21 */
		    21 Query	/* GenTest::Transform::ExecuteAsTrigger */ CREATE DATABASE IF NOT EXISTS transforms /* QNO 490 CON_ID 21 */
		    20 Query	UPDATE test1./* table1_int table10_int_autoinc table10_myisam_int_autoinc */ table10_innodb_int SET `non_existing_column` = col_tinyint WHERE col_tinyint BETWEEN 102 AND 53 + 2 AND `non_existing_column` IS NULL  /* QNO 644 CON_ID 20 */
		    20 Query	COMMIT /* QNO 645 CON_ID 20 */
		    20 Query	CREATE OR REPLACE VIEW transforms.view_28865_probe AS  COMMIT /* QNO 645 CON_ID 20 */  /* QNO 646 CON_ID 20 */
		    20 Query	COMMIT /* QNO 645 CON_ID 20 */  /* QNO 647 CON_ID 20 */
		    20 Query	SET debug_dbug= "+d,test_completely_invisible" /* QNO 648 CON_ID 20 */
		    20 Query	CREATE OR REPLACE VIEW transforms.view_28865_probe AS SET debug_dbug= "+d,test_completely_invisible" /* QNO 648 CON_ID 20 */  /* QNO 649 CON_ID 20 */
		    20 Query	SET debug_dbug= "+d,test_completely_invisible" /* QNO 648 CON_ID 20 */  /* QNO 650 CON_ID 20 */
		    20 Query	/* GenTest::Transform::ExecuteAsTrigger */ CREATE DATABASE IF NOT EXISTS transforms /* QNO 651 CON_ID 20 */
180102  3:27:41	    16 Query	SHOW WARNINGS
		    16 Query	DROP TABLE IF EXISTS trigger28858 /* QNO 429 CON_ID 16 */
		    21 Query	SHOW WARNINGS
		    20 Query	SHOW WARNINGS
		    21 Query	DROP TABLE IF EXISTS trigger28867 /* QNO 491 CON_ID 21 */
		    20 Query	DROP TABLE IF EXISTS trigger28865 /* QNO 652 CON_ID 20 */
		    16 Query	SHOW WARNINGS
		    16 Query	CREATE TABLE IF NOT EXISTS trigger28858 (f1 INTEGER) /* QNO 430 CON_ID 16 */
		    19 Query	INSERT INTO trigger28863 VALUES (1) /* TRANSFORM_OUTCOME_ANY */ /* QNO 686 CON_ID 19 */
		    17 Query	SET debug_dbug="+d,test_invisible_index" /* QNO 495 CON_ID 17 */
		    18 Query	CREATE TRIGGER trigger28861 BEFORE INSERT ON trigger28861 FOR EACH ROW  SET @aux = @aux  /* QNO 589 CON_ID 18 */ ; /* QNO 595 CON_ID 18 */
		    20 Query	SHOW WARNINGS
		    21 Query	SHOW WARNINGS
		    20 Query	CREATE TABLE IF NOT EXISTS trigger28865 (f1 INTEGER) /* QNO 653 CON_ID 20 */
		    17 Query	CREATE OR REPLACE VIEW transforms.view_28859_probe AS SET debug_dbug="+d,test_invisible_index" /* QNO 495 CON_ID 17 */  /* QNO 496 CON_ID 17 */
		    21 Query	CREATE TABLE IF NOT EXISTS trigger28867 (f1 INTEGER) /* QNO 492 CON_ID 21 */
		    17 Query	SET debug_dbug="+d,test_invisible_index" /* QNO 495 CON_ID 17 */  /* QNO 497 CON_ID 17 */
		    19 Query	SET  SESSION TRANSACTION ISOLATION LEVEL REPEATABLE READ
		    17 Query	/* GenTest::Transform::ExecuteAsTrigger */ CREATE DATABASE IF NOT EXISTS transforms /* QNO 498 CON_ID 17 */
		    17 Query	SHOW WARNINGS
		    17 Query	DROP TABLE IF EXISTS trigger28859 /* QNO 499 CON_ID 17 */
		    17 Query	SHOW WARNINGS
		    17 Query	CREATE TABLE IF NOT EXISTS trigger28859 (f1 INTEGER) /* QNO 500 CON_ID 17 */
		    17 Query	FLUSH LOGS /* QNO 501 CON_ID 17 */
/home/elenst/git/10.3/sql/mysqld, Version: 10.3.4-MariaDB-debug-log (Source distribution). started with:
Tcp port: 10720  Unix socket: /home/elenst/test_results/hidden-1/current1_1/mysql.sock
Time		    Id Command	Argument
180102  3:27:42	    19 Query	DROP TABLE IF EXISTS trigger28863 /* QNO 687 CON_ID 19 */
		    16 Query	CREATE TRIGGER trigger28858 BEFORE INSERT ON trigger28858 FOR EACH ROW  SET SESSION TRANSACTION ISOLATION LEVEL SERIALIZABLE /* QNO 425 CON_ID 16 */ ; /* QNO 431 CON_ID 16 */
		    17 Query	CREATE OR REPLACE VIEW transforms.view_28859_probe AS  FLUSH LOGS /* QNO 501 CON_ID 17 */  /* QNO 502 CON_ID 17 */
		    17 Query	FLUSH LOGS /* QNO 501 CON_ID 17 */  /* QNO 503 CON_ID 17 */
/home/elenst/git/10.3/sql/mysqld, Version: 10.3.4-MariaDB-debug-log (Source distribution). started with:
Tcp port: 10720  Unix socket: /home/elenst/test_results/hidden-1/current1_1/mysql.sock
Time		    Id Command	Argument
		    20 Query	CREATE TRIGGER trigger28865 BEFORE INSERT ON trigger28865 FOR EACH ROW SET debug_dbug= "+d,test_completely_invisible" /* QNO 648 CON_ID 20 */ ; /* QNO 654 CON_ID 20 */
		    17 Query	UPDATE test./* table10_int_autoinc table10_int table0_myisam_int */ v1_trans_safe_for_sbr_28859 SET `col_blob` = col_tinyint WHERE col_tinyint BETWEEN -27 AND -62 + 9 AND `col_datetime` IS NULL  /* QNO 504 CON_ID 17 */
		    17 Query	COMMIT /* QNO 505 CON_ID 17 */
		    17 Query	CREATE OR REPLACE VIEW transforms.view_28859_probe AS  COMMIT /* QNO 505 CON_ID 17 */  /* QNO 506 CON_ID 17 */
		    17 Query	COMMIT /* QNO 505 CON_ID 17 */  /* QNO 507 CON_ID 17 */
		    17 Query	COMMIT  /* QNO 508 CON_ID 17 */
		    17 Query	CREATE OR REPLACE VIEW transforms.view_28859_probe AS COMMIT  /* QNO 508 CON_ID 17 */  /* QNO 509 CON_ID 17 */
		    17 Query	COMMIT  /* QNO 508 CON_ID 17 */  /* QNO 510 CON_ID 17 */
		    17 Query	SET @aux = 'usshgttdxiymlqeclaoxjzxlvarryrkamikkdntcwrloquabmkpyorwugpiqvqdielovidfzuaylgonfrzvyntgwvutmzavtnidxasgnxxkkgjjuefhbakhsqknsloqtehdlybkxqahlkropvlxwewvoitgejfyyzejvsibwarvwangmobncfiytuqsbnzswzhsivsilynbceahxcfdydhiicqpkkvnflwsromtsgjkqh'  /* QNO 511 CON_ID 17 */
		    17 Query	CREATE OR REPLACE VIEW transforms.view_28859_probe AS  SET @aux = 'usshgttdxiymlqeclaoxjzxlvarryrkamikkdntcwrloquabmkpyorwugpiqvqdielovidfzuaylgonfrzvyntgwvutmzavtnidxasgnxxkkgjjuefhbakhsqknsloqtehdlybkxqahlkropvlxwewvoitgejfyyzejvsibwarvwangmobncfiytuqsbnzswzhsivsilynbceahxcfdydhiicqpkkvnflwsromtsgjkqh'  /* QNO 511 CON_ID 17 */  /* QNO 512 CON_ID 17 */
		    17 Query	SET @aux = 'usshgttdxiymlqeclaoxjzxlvarryrkamikkdntcwrloquabmkpyorwugpiqvqdielovidfzuaylgonfrzvyntgwvutmzavtnidxasgnxxkkgjjuefhbakhsqknsloqtehdlybkxqahlkropvlxwewvoitgejfyyzejvsibwarvwangmobncfiytuqsbnzswzhsivsilynbceahxcfdydhiicqpkkvnflwsromtsgjkqh'  /* QNO 511 CON_ID 17 */  /* QNO 513 CON_ID 17 */
		    17 Query	/* GenTest::Transform::ExecuteAsTrigger */ CREATE DATABASE IF NOT EXISTS transforms /* QNO 514 CON_ID 17 */
		    17 Query	SHOW WARNINGS
		    17 Query	DROP TABLE IF EXISTS trigger28859 /* QNO 515 CON_ID 17 */
		    17 Query	SHOW WARNINGS
		    17 Query	CREATE TABLE IF NOT EXISTS trigger28859 (f1 INTEGER) /* QNO 516 CON_ID 17 */
		    17 Query	ROLLBACK /* QNO 517 CON_ID 17 */
		    17 Query	CREATE OR REPLACE VIEW transforms.view_28859_probe AS  ROLLBACK /* QNO 517 CON_ID 17 */  /* QNO 518 CON_ID 17 */
		    17 Query	ROLLBACK /* QNO 517 CON_ID 17 */  /* QNO 519 CON_ID 17 */
		    17 Query	UPDATE /* t2_base_innodb_28859 table10_int table1_myisam_int_autoinc */ table1_innodb_int_autoinc SET `col_char` = col_tinyint WHERE col_tinyint BETWEEN 126 AND -54 + 1 AND `vcol_varchar` IS NULL  /* QNO 520 CON_ID 17 */
		    17 Query	COMMIT /* QNO 521 CON_ID 17 */
		    17 Query	CREATE OR REPLACE VIEW transforms.view_28859_probe AS  COMMIT /* QNO 521 CON_ID 17 */  /* QNO 522 CON_ID 17 */
		    17 Query	COMMIT /* QNO 521 CON_ID 17 */  /* QNO 523 CON_ID 17 */
		    17 Query	COMMIT  /* QNO 524 CON_ID 17 */
		    17 Query	CREATE OR REPLACE VIEW transforms.view_28859_probe AS COMMIT  /* QNO 524 CON_ID 17 */  /* QNO 525 CON_ID 17 */
		    17 Query	COMMIT  /* QNO 524 CON_ID 17 */  /* QNO 526 CON_ID 17 */
		    17 Query	DELETE LOW_PRIORITY A, B FROM /* table10_innodb_int_autoinc table1_int_autoinc t1_base_myisam_28859 */ v1_trans_safe_for_sbr_28859 AS A NATURAL JOIN /* table0_innodb_int table10_int t1_temp_myisam_28859 */ table1_innodb_int B WHERE col_tinyint BETWEEN 23 AND 119 + 2 AND ( `col_int` IS NULL OR `vcol_timestamp` <> SYSDATE() )  /* QNO 527 CON_ID 17 */
		    17 Query	COMMIT /* QNO 528 CON_ID 17 */
		    17 Query	CREATE OR REPLACE VIEW transforms.view_28859_probe AS  COMMIT /* QNO 528 CON_ID 17 */  /* QNO 529 CON_ID 17 */
		    17 Query	COMMIT /* QNO 528 CON_ID 17 */  /* QNO 530 CON_ID 17 */
		    17 Query	SET GLOBAL TRANSACTION ISOLATION LEVEL REPEATABLE READ /* QNO 531 CON_ID 17 */
		    17 Query	CREATE OR REPLACE VIEW transforms.view_28859_probe AS  SET GLOBAL TRANSACTION ISOLATION LEVEL REPEATABLE READ /* QNO 531 CON_ID 17 */  /* QNO 532 CON_ID 17 */
		    17 Query	SET GLOBAL TRANSACTION ISOLATION LEVEL REPEATABLE READ /* QNO 531 CON_ID 17 */  /* QNO 533 CON_ID 17 */
		    17 Query	/* GenTest::Transform::ExecuteAsTrigger */ CREATE DATABASE IF NOT EXISTS transforms /* QNO 534 CON_ID 17 */
		    17 Query	SHOW WARNINGS
		    17 Query	DROP TABLE IF EXISTS trigger28859 /* QNO 535 CON_ID 17 */
		    17 Query	SHOW WARNINGS
		    17 Query	CREATE TABLE IF NOT EXISTS trigger28859 (f1 INTEGER) /* QNO 536 CON_ID 17 */
		    17 Query	COMMIT  /* QNO 537 CON_ID 17 */
		    17 Query	CREATE OR REPLACE VIEW transforms.view_28859_probe AS COMMIT  /* QNO 537 CON_ID 17 */  /* QNO 538 CON_ID 17 */
		    17 Query	COMMIT  /* QNO 537 CON_ID 17 */  /* QNO 539 CON_ID 17 */
		    17 Query	PREPARE st1 FROM " DELETE A, B FROM /* v1_trans_safe_for_sbr_28859 table1_int_autoinc table1_myisam_int_autoinc */ table10_innodb_int AS A NATURAL JOIN /* v1_trans_safe_for_sbr_28859 table10_int_autoinc t2_base_myisam_28859 */ t2_temp_innodb_28859 B WHERE col_tinyint BETWEEN -61 AND 94 + 2 AND ( `vcol_enum` IS NULL OR `col_dec` <> FOUND_ROWS() ) "  /* QNO 540 CON_ID 17 */
		    17 Query	EXECUTE st1  /* QNO 541 CON_ID 17 */
		    17 Query	DEALLOCATE PREPARE st1  /* QNO 542 CON_ID 17 */
		    17 Query	ROLLBACK /* QNO 543 CON_ID 17 */
		    17 Query	CREATE OR REPLACE VIEW transforms.view_28859_probe AS  ROLLBACK /* QNO 543 CON_ID 17 */  /* QNO 544 CON_ID 17 */
		    17 Query	ROLLBACK /* QNO 543 CON_ID 17 */  /* QNO 545 CON_ID 17 */
		    17 Query	SET GLOBAL TRANSACTION ISOLATION LEVEL REPEATABLE READ /* QNO 546 CON_ID 17 */
		    17 Query	CREATE OR REPLACE VIEW transforms.view_28859_probe AS  SET GLOBAL TRANSACTION ISOLATION LEVEL REPEATABLE READ /* QNO 546 CON_ID 17 */  /* QNO 547 CON_ID 17 */
		    17 Query	SET GLOBAL TRANSACTION ISOLATION LEVEL REPEATABLE READ /* QNO 546 CON_ID 17 */  /* QNO 548 CON_ID 17 */
		    17 Query	/* GenTest::Transform::ExecuteAsTrigger */ CREATE DATABASE IF NOT EXISTS transforms /* QNO 549 CON_ID 17 */
		    17 Query	SHOW WARNINGS
		    17 Query	DROP TABLE IF EXISTS trigger28859 /* QNO 550 CON_ID 17 */
		    17 Query	SHOW WARNINGS
		    17 Query	CREATE TABLE IF NOT EXISTS trigger28859 (f1 INTEGER) /* QNO 551 CON_ID 17 */
		    17 Query	SET GLOBAL TRANSACTION ISOLATION LEVEL READ COMMITTED /* QNO 552 CON_ID 17 */
		    17 Query	CREATE OR REPLACE VIEW transforms.view_28859_probe AS  SET GLOBAL TRANSACTION ISOLATION LEVEL READ COMMITTED /* QNO 552 CON_ID 17 */  /* QNO 553 CON_ID 17 */
		    17 Query	SET GLOBAL TRANSACTION ISOLATION LEVEL READ COMMITTED /* QNO 552 CON_ID 17 */  /* QNO 554 CON_ID 17 */
		    17 Query	COMMIT  /* QNO 555 CON_ID 17 */
		    17 Query	CREATE OR REPLACE VIEW transforms.view_28859_probe AS COMMIT  /* QNO 555 CON_ID 17 */  /* QNO 556 CON_ID 17 */
		    17 Query	COMMIT  /* QNO 555 CON_ID 17 */  /* QNO 557 CON_ID 17 */
		    17 Query	INSERT LOW_PRIORITY INTO test1./* table10_int table10_int_autoinc table10_myisam_int */ table1_innodb_int ( `col_enum`, col_tinyint ) VALUES ( '20041225023243.047403', 55 ), ( @aux, -50 )  /* QNO 558 CON_ID 17 */
		    17 Query	INSERT INTO /* table0_int table1_int_autoinc t1_temp_myisam_28859 */ v2_trans_safe_for_sbr_28859 ( `col_timestamp`, col_tinyint ) VALUES ( +1.1, 21 ), ( test1.f1_3_28859 (), -84 )  /* QNO 559 CON_ID 17 */
		    17 Query	DELETE LOW_PRIORITY A, B FROM /* table10_myisam_int table1_int_autoinc v1_nontrans_safe_for_sbr_28859 */ t2_temp_innodb_28859 AS A NATURAL JOIN /* table0_int table0_int v1_nontrans_unsafe_for_sbr_28859 */ t1_temp_innodb_28859 B WHERE col_tinyint BETWEEN -119 AND -30 + 2 AND ( `col_date` IS NULL OR `vcol_dec` <> SYSDATE() )  /* QNO 560 CON_ID 17 */
		    17 Query	CREATE VIEW test.v1_trans_unsafe_for_sbr_28859 AS SELECT `col_bit`,`col_blob`,`col_char`,`col_date`,`col_datetime`,`col_dec`,`col_enum`,`col_int`,`col_time`,`col_timestamp`,`col_varchar`,`col_year`,`pk`,`vcol_bit`,`vcol_blob`,`vcol_char`,`vcol_date`,`vcol_datetime`,`vcol_dec`,`vcol_enum`,`vcol_int`,`vcol_time`,`vcol_timestamp`,`vcol_varchar`,`vcol_year` FROM table1_innodb_int WHERE col_tinyint BETWEEN 113 AND -64 + 2 AND ( `col_bit` IS NULL OR `col_dec` <> RAND( 7 ) )  /* QNO 561 CON_ID 17 */
		    17 Query	COMMIT  /* QNO 562 CON_ID 17 */
		    17 Query	CREATE OR REPLACE VIEW transforms.view_28859_probe AS COMMIT  /* QNO 562 CON_ID 17 */  /* QNO 563 CON_ID 17 */
		    17 Query	COMMIT  /* QNO 562 CON_ID 17 */  /* QNO 564 CON_ID 17 */
		    17 Query	USE test  /* QNO 565 CON_ID 17 */
		    17 Query	CREATE OR REPLACE VIEW transforms.view_28859_probe AS  USE test  /* QNO 565 CON_ID 17 */  /* QNO 566 CON_ID 17 */
		    17 Query	USE test  /* QNO 565 CON_ID 17 */  /* QNO 567 CON_ID 17 */
		    17 Query	SET GLOBAL key_cache_28859.key_buffer_size = 0 /* QNO 568 CON_ID 17 */
		    17 Query	CREATE OR REPLACE VIEW transforms.view_28859_probe AS  SET GLOBAL key_cache_28859.key_buffer_size = 0 /* QNO 568 CON_ID 17 */  /* QNO 569 CON_ID 17 */
		    17 Query	SET GLOBAL key_cache_28859.key_buffer_size = 0 /* QNO 568 CON_ID 17 */  /* QNO 570 CON_ID 17 */
		    17 Query	/* GenTest::Transform::ExecuteAsTrigger */ CREATE DATABASE IF NOT EXISTS transforms /* QNO 571 CON_ID 17 */
		    17 Query	SHOW WARNINGS
		    17 Query	DROP TABLE IF EXISTS trigger28859 /* QNO 572 CON_ID 17 */
		    17 Query	SHOW WARNINGS
		    17 Query	CREATE TABLE IF NOT EXISTS trigger28859 (f1 INTEGER) /* QNO 573 CON_ID 17 */
		    17 Query	COMMIT ; ; SELECT col_tinyint, `col_timestamp` FROM /* table1_myisam_int_autoinc table1_int_autoinc table10_myisam_int_autoinc */ t1_temp_innodb_28859 WHERE col_tinyint BETWEEN 97 AND -37 + 2 AND ( `vcol_enum` IS NULL OR `vcol_date` <> CURRENT_USER() ) FOR UPDATE ; PREPARE st1 FROM " UPDATE test./* table10_innodb_int_autoinc table0_int t1_temp_myisam_28859 */ table1_innodb_int_autoinc SET `col_varchar` = 9740544 WHERE col_tinyint BETWEEN 73 AND -111 + 2 AND ( `vcol_varchar` IS NULL OR `vcol_blob` <> FOUND_ROWS() ) " ; EXECUTE st1 ; DEALLOCATE PREPARE st1 ; CREATE PROCEDURE p1_3_28859 () BEGIN UPDATE /* table1_int table10_int v2_nontrans_unsafe_for_sbr_28859 */ t1_base_innodb_28859 SET `col_timestamp` = test.f1_3_28859 () WHERE col_tinyint BETWEEN 63 AND -126 + 2 AND ( `vcol_dec` IS NULL OR `vcol_dec` <> FOUND_ROWS() ) ; END /* QNO 574 CON_ID 17 */
		    17 Query	/* GenTest::Transform::Count */ COMMIT ; ; SELECT COUNT(*) , col_tinyint, `col_timestamp` FROM /* table1_myisam_int_autoinc table1_int_autoinc table10_myisam_int_autoinc */ t1_temp_innodb_28859 WHERE col_tinyint BETWEEN 97 AND -37 + 2 AND ( `vcol_enum` IS NULL OR `vcol_date` <> CURRENT_USER() ) FOR UPDATE ; PREPARE st1 FROM " UPDATE test./* table10_innodb_int_autoinc table0_int t1_temp_myisam_28859 */ table1_innodb_int_autoinc SET `col_varchar` = 9740544 WHERE col_tinyint BETWEEN 73 AND -111 + 2 AND ( `vcol_varchar` IS NULL OR `vcol_blob` <> FOUND_ROWS() ) " ; EXECUTE st1 ; DEALLOCATE PREPARE st1 ; CREATE PROCEDURE p1_3_28859 () BEGIN UPDATE /* table1_int table10_int v2_nontrans_unsafe_for_sbr_28859 */ t1_base_innodb_28859 SET `col_timestamp` = test.f1_3_28859 () WHERE col_tinyint BETWEEN 63 AND -126 + 2 AND ( `vcol_dec` IS NULL OR `vcol_dec` <> FOUND_ROWS() ) ; END /* QNO 574 CON_ID 17 */  /* TRANSFORM_OUTCOME_COUNT */ /* QNO 575 CON_ID 17 */
		    17 Query	/* GenTest::Transform::DisableIndexes */ ALTER TABLE t1 DISABLE KEYS; ALTER TABLE t2 DISABLE KEYS; ALTER TABLE t3 DISABLE KEYS; ALTER TABLE t4 DISABLE KEYS; ALTER TABLE t5 DISABLE KEYS; ALTER TABLE t6 DISABLE KEYS; ALTER TABLE t7 DISABLE KEYS; ALTER TABLE t8 DISABLE KEYS; ALTER TABLE t9 DISABLE KEYS; ALTER TABLE view_t1 DISABLE KEYS; ALTER TABLE view_t2 DISABLE KEYS; ALTER TABLE view_t3 DISABLE KEYS; ALTER TABLE view_t4 DISABLE KEYS; ALTER TABLE view_t5 DISABLE KEYS; ALTER TABLE view_t6 DISABLE KEYS; ALTER TABLE view_t7 DISABLE KEYS; ALTER TABLE view_t8 DISABLE KEYS; ALTER TABLE view_t9 DISABLE KEYS /* QNO 576 CON_ID 17 */
		    21 Query	CREATE TRIGGER trigger28867 BEFORE INSERT ON trigger28867 FOR EACH ROW  SET SESSION TRANSACTION ISOLATION LEVEL SERIALIZABLE /* QNO 487 CON_ID 21 */ ; /* QNO 493 CON_ID 21 */
		    18 Query	INSERT INTO trigger28861 VALUES (1) /* TRANSFORM_OUTCOME_ANY */ /* QNO 596 CON_ID 18 */
180102  3:27:43	    18 Query	SET  @aux = @aux
		    18 Query	DROP TABLE IF EXISTS trigger28861 /* QNO 597 CON_ID 18 */
		    16 Query	INSERT INTO trigger28858 VALUES (1) /* TRANSFORM_OUTCOME_ANY */ /* QNO 432 CON_ID 16 */
		    20 Query	INSERT INTO trigger28865 VALUES (1) /* TRANSFORM_OUTCOME_ANY */ /* QNO 655 CON_ID 20 */
		    21 Query	INSERT INTO trigger28867 VALUES (1) /* TRANSFORM_OUTCOME_ANY */ /* QNO 494 CON_ID 21 */
		    20 Query	SET  debug_dbug= "+d,test_completely_invisible"
		    19 Query	COMMIT  /* QNO 688 CON_ID 19 */
		    19 Query	CREATE OR REPLACE VIEW transforms.view_28863_probe AS COMMIT  /* QNO 688 CON_ID 19 */  /* QNO 689 CON_ID 19 */
		    19 Query	COMMIT  /* QNO 688 CON_ID 19 */  /* QNO 690 CON_ID 19 */
		    19 Query	PREPARE st1 FROM " DELETE test1.A, test.B FROM test1.table0_myisam_int /* table10_int_autoinc t2_base_myisam_28863 t1_temp_innodb_28863 */ AS A NATURAL JOIN test.table1_int /* table1_int_autoinc table0_myisam_int v1_trans_unsafe_for_sbr_28863 */ B WHERE col_tinyint BETWEEN 86 AND 2 + 2 AND ( `vcol_char` IS NULL OR `col_varchar` <> SYSDATE() ) "  /* QNO 691 CON_ID 19 */
		    19 Query	EXECUTE st1  /* QNO 692 CON_ID 19 */
		    19 Query	DEALLOCATE PREPARE st1  /* QNO 693 CON_ID 19 */
		    19 Query	PREPARE st1 FROM " INSERT LOW_PRIORITY INTO table0_myisam_int_autoinc /* table1_int table0_myisam_int t1_base_innodb_28863 */ ( `col_bit`,`col_blob`,`col_char`,`col_date`,`col_datetime`,`col_dec`,`col_enum`,`col_int`,`col_time`,`col_timestamp`,`col_varchar`,`col_year`,`pk`,`vcol_bit`,`vcol_blob`,`vcol_char`,`vcol_date`,`vcol_datetime`,`vcol_dec`,`vcol_enum`,`vcol_int`,`vcol_time`,`vcol_timestamp`,`vcol_varchar`,`vcol_year` ) SELECT `col_bit`,`col_blob`,`col_char`,`col_date`,`col_datetime`,`col_dec`,`col_enum`,`col_int`,`col_time`,`col_timestamp`,`col_varchar`,`col_year`,`pk`,`vcol_bit`,`vcol_blob`,`vcol_char`,`vcol_date`,`vcol_datetime`,`vcol_dec`,`vcol_enum`,`vcol_int`,`vcol_time`,`vcol_timestamp`,`vcol_varchar`,`vcol_year` FROM test1.table10_int /* table1_int t1_base_myisam_28863 table1_innodb_int */ AS A WHERE col_tinyint BETWEEN 59 AND 70 + 2 AND ( `col_date` IS NULL OR `vcol_dec` <> RAND( 9 ) ) "  /* QNO 694 CON_ID 19 */
		    19 Query	EXECUTE st1  /* QNO 695 CON_ID 19 */
		    19 Query	DEALLOCATE PREPARE st1  /* QNO 696 CON_ID 19 */
		    20 Query	DROP TABLE IF EXISTS trigger28865 /* QNO 656 CON_ID 20 */
		    19 Query	USE test1  /* QNO 697 CON_ID 19 */
		    19 Query	USE test  /* QNO 698 CON_ID 19 */
		    19 Query	CREATE OR REPLACE VIEW transforms.view_28863_probe AS  USE test  /* QNO 698 CON_ID 19 */  /* QNO 699 CON_ID 19 */
		    19 Query	USE test  /* QNO 698 CON_ID 19 */  /* QNO 700 CON_ID 19 */
		    19 Query	COMMIT /* QNO 701 CON_ID 19 */
		    19 Query	CREATE OR REPLACE VIEW transforms.view_28863_probe AS  COMMIT /* QNO 701 CON_ID 19 */  /* QNO 702 CON_ID 19 */
		    19 Query	COMMIT /* QNO 701 CON_ID 19 */  /* QNO 703 CON_ID 19 */
		    19 Query	COMMIT  /* QNO 704 CON_ID 19 */
		    19 Query	CREATE OR REPLACE VIEW transforms.view_28863_probe AS COMMIT  /* QNO 704 CON_ID 19 */  /* QNO 705 CON_ID 19 */
		    19 Query	COMMIT  /* QNO 704 CON_ID 19 */  /* QNO 706 CON_ID 19 */
		    19 Query	USE test  /* QNO 707 CON_ID 19 */
		    19 Query	CREATE OR REPLACE VIEW transforms.view_28863_probe AS  USE test  /* QNO 707 CON_ID 19 */  /* QNO 708 CON_ID 19 */
		    19 Query	USE test  /* QNO 707 CON_ID 19 */  /* QNO 709 CON_ID 19 */
		    19 Query	PREPARE st1 FROM " INSERT INTO test.table0_innodb_int_autoinc /* table0_int table10_myisam_int_autoinc table0_innodb_int_autoinc */ ( `col_bit`,`col_blob`,`col_char`,`col_date`,`col_datetime`,`col_dec`,`col_enum`,`col_int`,`col_time`,`col_timestamp`,`col_varchar`,`col_year`,`pk`,`vcol_bit`,`vcol_blob`,`vcol_char`,`vcol_date`,`vcol_datetime`,`vcol_dec`,`vcol_enum`,`vcol_int`,`vcol_time`,`vcol_timestamp`,`vcol_varchar`,`vcol_year` ) SELECT `col_bit`,`col_blob`,`col_char`,`col_date`,`col_datetime`,`col_dec`,`col_enum`,`col_int`,`col_time`,`col_timestamp`,`col_varchar`,`col_year`,`pk`,`vcol_bit`,`vcol_blob`,`vcol_char`,`vcol_date`,`vcol_datetime`,`vcol_dec`,`vcol_enum`,`vcol_int`,`vcol_time`,`vcol_timestamp`,`vcol_varchar`,`vcol_year` FROM table1_myisam_int /* table0_int_autoinc table10_myisam_int_autoinc table10_innodb_int_autoinc */ AS A WHERE col_tinyint BETWEEN 4 AND -76 + 2 AND ( `col_time` IS NULL OR `col_enum` <> ROW_COUNT() ) AND A.`col_datetime` IN ( SELECT `vcol_int` FROM test.v2_nontrans_safe_for_sbr_28863 /* table1_int_autoinc table0_myisam_int_autoinc table1_innodb_int */ AS B ) "  /* QNO 710 CON_ID 19 */
		    19 Query	EXECUTE st1  /* QNO 711 CON_ID 19 */
		    19 Query	DEALLOCATE PREPARE st1  /* QNO 712 CON_ID 19 */
		    19 Query	START TRANSACTION /* QNO 713 CON_ID 19 */
		    19 Query	CREATE OR REPLACE VIEW transforms.view_28863_probe AS  START TRANSACTION /* QNO 713 CON_ID 19 */  /* QNO 714 CON_ID 19 */
		    19 Query	START TRANSACTION /* QNO 713 CON_ID 19 */  /* QNO 715 CON_ID 19 */
		    19 Query	COMMIT  /* QNO 716 CON_ID 19 */
		    19 Query	CREATE OR REPLACE VIEW transforms.view_28863_probe AS COMMIT  /* QNO 716 CON_ID 19 */  /* QNO 717 CON_ID 19 */
		    19 Query	COMMIT  /* QNO 716 CON_ID 19 */  /* QNO 718 CON_ID 19 */
		    19 Query	PREPARE st1 FROM " INSERT INTO v1_trans_unsafe_for_sbr_28863 /* table0_int_autoinc v1_nontrans_unsafe_for_sbr_28863 table1_innodb_int_autoinc */ ( `vcol_datetime`, col_tinyint ) VALUES ( 'cyoptwpovnixmijabaedifrabuxhxvuzyzyvtlqzoaeklcnsyhhzaftrnvtidczozdhbkeunepgyjyylstgabcszcowopimwwrdnxzyldhnoaogkqpmolgotzmiiwzzbsrlvhxqdbxqcwnvmvwfquxvdjyrjnodgdczfafghfrfedgaynx', -36 ) "  /* QNO 719 CON_ID 19 */
		    19 Query	EXECUTE st1  /* QNO 720 CON_ID 19 */
		    19 Query	DEALLOCATE PREPARE st1  /* QNO 721 CON_ID 19 */
		    19 Query	SET @aux = +1.1  /* QNO 722 CON_ID 19 */
		    19 Query	CREATE OR REPLACE VIEW transforms.view_28863_probe AS  SET @aux = +1.1  /* QNO 722 CON_ID 19 */  /* QNO 723 CON_ID 19 */
		    19 Query	SET @aux = +1.1  /* QNO 722 CON_ID 19 */  /* QNO 724 CON_ID 19 */
		    19 Query	/* GenTest::Transform::ExecuteAsTrigger */ CREATE DATABASE IF NOT EXISTS transforms /* QNO 725 CON_ID 19 */
		    19 Query	SHOW WARNINGS
		    19 Query	DROP TABLE IF EXISTS trigger28863 /* QNO 726 CON_ID 19 */
		    19 Query	SHOW WARNINGS
		    19 Query	CREATE TABLE IF NOT EXISTS trigger28863 (f1 INTEGER) /* QNO 727 CON_ID 19 */
		    16 Query	SET  SESSION TRANSACTION ISOLATION LEVEL SERIALIZABLE
		    21 Query	SET  SESSION TRANSACTION ISOLATION LEVEL SERIALIZABLE
		    16 Query	DROP TABLE IF EXISTS trigger28858 /* QNO 433 CON_ID 16 */
		    21 Query	DROP TABLE IF EXISTS trigger28867 /* QNO 495 CON_ID 21 */
180102  3:27:44	    18 Query	DELETE A, B FROM /* table10_myisam_int table10_int_autoinc table1_myisam_int_autoinc */ t1_temp_innodb_28861 AS A NATURAL JOIN /* table10_int_autoinc table10_int t1_temp_myisam_28861 */ table1_innodb_int_autoinc B WHERE col_tinyint BETWEEN -15 AND -22 + 2 /**/ AND ( `non_existing_column` IS NULL OR `non_existing_column` <> CURRENT_USER() )  /* QNO 598 CON_ID 18 */
		    18 Query	USE test  /* QNO 599 CON_ID 18 */
		    18 Query	CREATE OR REPLACE VIEW transforms.view_28861_probe AS  USE test  /* QNO 599 CON_ID 18 */  /* QNO 600 CON_ID 18 */
		    18 Query	USE test  /* QNO 599 CON_ID 18 */  /* QNO 601 CON_ID 18 */
