ehnzpvcylrytivdfzzgbrjudlbdjktzranvzyubilpmtjpuzsxkuomrlrhraqgpqhyaqgpymsdrslmhgqbeewsszzatiqhbgqywejnnahjloiazzhhbbdtxlzsijpkgpchwxostclwqqsfpnlruzvsklcyouwhononbsgihuvoxqcitzouhvsxjctjopfpmdaecbyrkybnqstpffmohbteoedujwhwhfaxckaxlbsaiqtqetebvpdexfhnjrlwdrfcphhweqjjbulvixcpliuzovfdjyrxrptncvmliyeirqmivrqkkcjtqaqumuqcytpramfrilkfvpbmmutxnvpizvxozlhdxktuterrkgpikvpbzufujfdgoassxrncncvcwvltjjtipuwnofwzrwrcgliaqtxlkdqjqboumictfhozlwlnchekhbkqdtredggydppiiecdmcddmqdomkdasshgttdxiymlqeclaoxjzxlvarryrkamikkdntcwrloquabmkpyorwugpiqvqdielovidfzuaylgonfrzvyntgwvutmzavtnidxasgnxxkkgjjuefhbakhsqknsloqtehdlybkxqahlkropvlxwewvoitgejfyyzejvsibwarvwangmobncfiytuqsbnzswzhsivsilynbceahxcfdydhiicqpkkvnflwsromtsgjkqhnctubasypsuhfdzkulvwtszknmapomdiklcetcbadhzwevhdjsmsazpluxuhfymdanyjghmdglsiqqrjnahpblztrqprzhnaqqvyajgomxokciwmaawjdueinmlbwxvuwbbhuclmuodqvyvtptaekzluzvpumtpdkbrcwxaqzcdtzfguhusqrwodrrafyygpafzcpmkacrlhpdulyiyqzpsswvorafzwfhrfiatdmefrswcptrtakvqdflnuayozwnsxypvkbxjhwlbylsiazcnmxtzuxxswjnkgmqadyechmihidhizhmymcjovwyehnzpvcylrytivdfzzgbrjudlbdjktzranvzyubilpmtjpuzsxkuomrlrhraqgpqhyaqgpymsdrslmhgqbeewsszzatiqhbgqywejnnahjloiazzhhbbdtxlzsijpkgpchwxostclwqqsfpnlruzvsklcyouwhononbsgihuvoxqcitzouhvsxjctjopfpmdaecbyrkybnqstpffmohbteoedujwhwhfaxckaxlbsaiqtqetebvpdexfhnjrlwdrfcphhweqjjbulvixcpliuzovfdjyrxrptncvmliyeirqmivrqkkcjtqaqumuqcytpramfrilkfvpbmmutxnvpizvxozlhdxktuterrkgpikvpbzufujfdgoassxrncncvcwvltjjtipuwnofwzrwrcgliaqtxlkdqjqboumictfhozlwlnchekhbkqdtredggydppiiecdmcddmqdomkdasshgttdxiymlqeclaoxjzxlvarryrkamikkdntcwrloquabmkpyorwugpiqvqdielovidfzuaylgonfrzvyntgwvutmzavtnidxasgnxxkkgjjuefhbakhsqknsloqtehdlybkxqahlkropvlxwewvoitgejfyyzejvsibwarvwangmobncfiytuqsbnzswzhsivsilynbceahxcfdydhiicqpkkvnflwsromtsgjkqhnctubasypsuhfdzkulvwtszknmapomdiklcetcbadhzwevhdjsmsazpluxuhfymdanyjghmdglsiqqrjnahpblztrqprzhnaqqvyajgomxokciwmaawjdueinmlbwxvuwbbhuclmuodqvyvtptaekzluzvpumtpdkbrcwxaqzcdtzfguhusqrwodrrafyygpafzcpmkacrlhpdulyiyqzpsswvorafzwfhrfiatdmefrswcptrtakvqdflnuayozwnsxypvkbxjhwlbylsiazcnmxtzuxxswjnkgmqadyechmihidhizhmymcjovwyehnzpvcylrytivdfzzgbrjudlbdjktzranvzyubilpmtjpuzsxkuomrlrhraqgpqhyaqgpymsdrslmhgqbeewsszzatiqhbgqywejnnahjloiazzhhbbdtxlzsijpkgpchwxostclwqqsfpnlruzvsklcyouwhononbsgihuvoxqcitzouhvsxjctjopfpmdaecbyrkybnqstpffmohbteoedujwhwhfaxckaxlbsaiqtqetebvpdexfhnjrlwdrfcphhweqjjbulvixcpliuzovfdjyrxrptncvmliyeirqmivrqkkcjtqaqumuqcytpramfrilkfvpbmmutxnvpizvxozlhdxktuterrkgpikvpbzufujfdgoassxrncncvcwvltjjtipuwnofwzrwrcgliaqtxlkdqjqboumictfhozlwlnchekhbkqdtredggydppiiecdmcddmqdomkdasshgttdxiymlqeclaoxjzxlvarryrkamikkdntcwrloquabmkpyorwugpiqvqdielovidfzuaylgonfrzvyntgwvutmzavtnidxasgnxxkkgjjuefhbakhsqknsloqtehdlybkxqahlkropvlxwewvoitgejfyyzejvsibwarvwangmobncfiytuqsbnzswzhsivsilynbceahxcfdydhiicqpkkvnflwsromtsgjkqhnctubasypsuhfdzkulvwtszknmapomdiklcetcbadhzwevhdjsmsazpluxuhfymdanyjghmdglsiqqrjnahpblztrqprzhnaqqvyajgomxokciwmaawjdueinmlbwxvuwbbhuclmuodqvyvtptaekzluzvpumtpdkbrcwxaqzcdtzfguhusqrwodrrafyygpafzcpmkacrlhpdulyiyqzpsswvorafzwfhrfiatdmefrswcptrtakvqdflnuayozwnsxypvkbxjhwlbylsiazcnmxtzuxxswjnkgmqadyechmihidhizhmymcjovwyehnzpvcylrytivdfzzgbrjudlbdjktzranvzyubilpmtjpuzsxkuomrlrhraqgpqhyaqgpymsdrslmhgqbeewsszzatiqhbgqywejnnahjloiazzhhbbdtxlzsijpkgpchwxostclwqqsfpnlruzvsklcyouwhononbsgihuvoxqcitzouhvsxjctjopfpmdaecbyrkybnqstpffmohbteoedujwhwhfaxckaxlbsaiqtqetebvpdexfhnjrlwdrfcphhweqjjbulvixcpliuzovfdjyrxrptncvmliyeirqmivrqkkcjtqaqumuqcytpramfrilkfvpbmmutxnvpizvxozlhdxktuterrkgpikvpbzufujfdgoassxrncncvcwvltjjtipuwnofwzrwrcgliaqtxlkdqjqboumictfhozlwlnchekhbkqdtredggydppiiecdmcddmqdomkdasshgttdxiymlqeclaoxjzxlvarryrkamikkdntcwrloquabmkpyorwugpiqvqdielovidfzuaylgonfrzvyntgwvutmzavtnidxasgnxxkkgjjuefhbakhsqknsloqtehdlybkxqahlkropvlxwewvoitgejfyyzejvsibwarvwangmobncfiytuqsbnzswzhsivsilynbceahxcfdydhiicqpkkvnflwsromtsgjkqhnctubasypsuhfdzkulvwtszknmapomdiklcetcbadhzwevhdjsmsazpluxuhfymdanyjghmdglsiqqrjnahpblztrqprzhnaqqvyajgomxokciwmaawjdueinmlbwxvuwbbhuclmuodqvyvtptaekzluzvpumtpdkbrcwxaqzcdtzfguhusqrwodrrafyygpafzcpmkacrlhpdulyiyqzpsswvorafzwfhrfiatdmefrswcptrtakvqdflnuayozwnsxypvkbxjhwlbylsiazcnmxtzuxxswjnkgmqadyechmihidhizhmymcjovwyehnzpvcylrytivdfzzgbrjudlbdjktzranvzyubilpmtjpuzsxkuomrlrhraqgpqhyaqgpymsdrslmhgqbeewsszzatiqhbgqywejnnahjloiazzhhbbdtxlzsijpkgpchwxostclwqqsfpnlruzvsklcyouwhononbsgihuvoxqcitzouhvsxjctjopfpmdaecbyrkybnqstpffmohbteoedujwhwhfaxckaxlbsaiqtqetebvpdexfhnjrlwdrfcphhweqjjbulvixcpliuzovfdjyrxrptncvmliyeirqmivrqkkcjtqaqumuqcytpramfrilkfvpbmmutxnvpizvxozlhdxktuterrkgpikvpbzufujfdgoassxrncncvcwvltjjtipuwnofwzrwrcgliaqtxlkdqjqboumictfhozlwlnchekhbkqdtredggydppiiecdmcddmqdomkdasshgttdxiymlqeclaoxjzxlvarryrkamikkdntcwrloquabmkpyorwugpiqvqdielovidfzuaylgonfrzvyntgwvutmzavtnidxasgnxxkkgjjuefhbakhsqknsloqtehdlybkxqahlkropvlxwewvoitgejfyyzejvsibwarvwangmobncfiytuqsbnzswzhsivsilynbceahxcfdydhiicqpkkvnflwsromtsgjkqhnctubasypsuhfdzkulvwtszknmapomdiklcetcbadhzwevhdjsmsazpluxuhfymdanyjghmdglsiqqrjnahpblztrqprzhnaqqvyajgomxokciwmaawjdueinmlbwxvuwbbhuclmuodqvyvtptaekzluzvpumtpdkbrcwxaqzcdtzfguhusqrwodrrafyygpafzcpmkacrlhpdulyiyqzpsswvorafzwfhrfiatdmefrswcptrtakvqdflnuayozwnsxypvkbxjhwlbylsiazcnmxtzuxxswjnkgmqadyechmihidhizhmymcjovwyehnzpvcylrytivdfzzgbrjudlbdjktzranvzyubilpmtjpuzsxkuomrlrhraqgpqhyaqgpymsdrslmhgqbeewsszzatiqhbgqywejnnahjloiazzhhbbdtxlzsijpkgpchwxostclwqqsfpnlruzvsklcyouwhononbsgihuvoxqcitzouhvsxjctjopfpmdaecbyrkybnqstpffmohbteoedujwhwhfaxckaxlbsaiqtqetebvpdexfhnjrlwdrfcphhweqjjbulvixcpliuzovfdjyrxrptncvmliyeirqmivrqkkcjtqaqumuqcytpramfrilkfvpbmmutxnvpizvxozlhdxktuterrkgpikvpbzufujfdgoassxrncncvcwvltjjtipuwnofwzrwrcgliaqtxlkdqjqboumictfhozlwlnchekhbkqdtredggydppiiecdmcddmqdomkdalwqqsfpnlruzvsklcyouwhononbsgihuvoxqcitzouhvsxjctjopfpmdaecbyrkybnqstpffmohbteoedujwhwhfaxckaxlbsaiqtqetebvpdexfhnjrlwdrfcphhweqjjbulvixcpliuzovfdjyrxrptncvmliyeirqmivrqkkcjtqaqumuqcytpramfrilkfvpbmmutxnvpizvxozlhdxktuterrkgpikvpbzufujfdgoassxrncncvcwvltjjtipuwnofwzrwrcgliaqtxlkdqjqboumictfhozlwlnchekhbkqdtredggydppiiecdmcddmqdomkda' WHERE col_tinyint BETWEEN -62 AND 27 + 2 AND ( `col_bit` IS NULL OR `vcol_blob` <> UUID_SHORT() ) "  /* QNO 604 CON_ID 17 */
		    17 Query	EXECUTE st1  /* QNO 605 CON_ID 17 */
		    17 Query	DEALLOCATE PREPARE st1  /* QNO 606 CON_ID 17 */
		    17 Query	START TRANSACTION /* QNO 607 CON_ID 17 */
		    17 Query	CREATE OR REPLACE VIEW transforms.view_28859_probe AS  START TRANSACTION /* QNO 607 CON_ID 17 */  /* QNO 608 CON_ID 17 */
		    17 Query	START TRANSACTION /* QNO 607 CON_ID 17 */  /* QNO 609 CON_ID 17 */
		    17 Query	COMMIT  /* QNO 610 CON_ID 17 */
		    17 Query	CREATE OR REPLACE VIEW transforms.view_28859_probe AS COMMIT  /* QNO 610 CON_ID 17 */  /* QNO 611 CON_ID 17 */
		    17 Query	COMMIT  /* QNO 610 CON_ID 17 */  /* QNO 612 CON_ID 17 */
		    17 Query	SELECT col_tinyint, `vcol_varchar` FROM /* table0_int_autoinc table1_int t2_temp_myisam_28859 */ t2_temp_innodb_28859 WHERE col_tinyint BETWEEN -67 AND -87 + 2 AND ( `vcol_varchar` IS NULL OR `col_varchar` <> UUID_SHORT() ) FOR UPDATE  /* QNO 613 CON_ID 17 */
		    17 Query	REPLACE INTO /* t2_base_innodb_28859 table0_int_autoinc table10_myisam_int */ v2_trans_unsafe_for_sbr_28859 ( `col_bit`,`col_blob`,`col_char`,`col_date`,`col_datetime`,`col_dec`,`col_enum`,`col_int`,`col_time`,`col_timestamp`,`col_varchar`,`col_year`,`pk`,`vcol_bit`,`vcol_blob`,`vcol_char`,`vcol_date`,`vcol_datetime`,`vcol_dec`,`vcol_enum`,`vcol_int`,`vcol_time`,`vcol_timestamp`,`vcol_varchar`,`vcol_year` ) SELECT `col_bit`,`col_blob`,`col_char`,`col_date`,`col_datetime`,`col_dec`,`col_enum`,`col_int`,`col_time`,`col_timestamp`,`col_varchar`,`col_year`,`pk`,`vcol_bit`,`vcol_blob`,`vcol_char`,`vcol_date`,`vcol_datetime`,`vcol_dec`,`vcol_enum`,`vcol_int`,`vcol_time`,`vcol_timestamp`,`vcol_varchar`,`vcol_year` FROM test1./* t2_base_myisam_28859 table0_int table1_myisam_int_autoinc */ table0_innodb_int AS A WHERE col_tinyint BETWEEN -102 AND -121 + 2 AND ( `col_date` IS NULL OR `col_timestamp` <> UUID_SHORT() )  /* QNO 614 CON_ID 17 */
		    17 Query	START TRANSACTION /* QNO 615 CON_ID 17 */
		    17 Query	CREATE OR REPLACE VIEW transforms.view_28859_probe AS  START TRANSACTION /* QNO 615 CON_ID 17 */  /* QNO 616 CON_ID 17 */
		    17 Query	START TRANSACTION /* QNO 615 CON_ID 17 */  /* QNO 617 CON_ID 17 */
		    17 Query	COMMIT  /* QNO 618 CON_ID 17 */
		    17 Query	CREATE OR REPLACE VIEW transforms.view_28859_probe AS COMMIT  /* QNO 618 CON_ID 17 */  /* QNO 619 CON_ID 17 */
		    17 Query	COMMIT  /* QNO 618 CON_ID 17 */  /* QNO 620 CON_ID 17 */
		    17 Query	CREATE VIEW test.v1_nontrans_unsafe_for_sbr_28859 AS SELECT `col_bit`,`col_blob`,`col_char`,`col_date`,`col_datetime`,`col_dec`,`col_enum`,`col_int`,`col_time`,`col_timestamp`,`col_varchar`,`col_year`,`pk`,`vcol_bit`,`vcol_blob`,`vcol_char`,`vcol_date`,`vcol_datetime`,`vcol_dec`,`vcol_enum`,`vcol_int`,`vcol_time`,`vcol_timestamp`,`vcol_varchar`,`vcol_year` FROM table0_myisam_int_autoinc WHERE col_tinyint BETWEEN 118 AND -106 + 2 AND ( `col_bit` IS NULL OR `vcol_year` <> CURRENT_USER() )  /* QNO 621 CON_ID 17 */
		    17 Query	COMMIT  /* QNO 622 CON_ID 17 */
		    17 Query	CREATE OR REPLACE VIEW transforms.view_28859_probe AS COMMIT  /* QNO 622 CON_ID 17 */  /* QNO 623 CON_ID 17 */
		    17 Query	COMMIT  /* QNO 622 CON_ID 17 */  /* QNO 624 CON_ID 17 */
		    17 Query	REPLACE INTO test./* table10_myisam_int_autoinc table1_int_autoinc t1_base_myisam_28859 */ table10_innodb_int_autoinc ( `col_varchar`, col_tinyint ) VALUES ( test.f1_3_28859 (), -117 ), ( '19960117012232.007034', -54 )  /* QNO 625 CON_ID 17 */
		    17 Query	PREPARE st1 FROM " INSERT INTO test1./* table10_myisam_int table0_int_autoinc t1_base_myisam_28859 */ t1_temp_innodb_28859 ( `col_bit`,`col_blob`,`col_char`,`col_date`,`col_datetime`,`col_dec`,`col_enum`,`col_int`,`col_time`,`col_timestamp`,`col_varchar`,`col_year`,`pk`,`vcol_bit`,`vcol_blob`,`vcol_char`,`vcol_date`,`vcol_datetime`,`vcol_dec`,`vcol_enum`,`vcol_int`,`vcol_time`,`vcol_timestamp`,`vcol_varchar`,`vcol_year` ) SELECT `col_bit`,`col_blob`,`col_char`,`col_date`,`col_datetime`,`col_dec`,`col_enum`,`col_int`,`col_time`,`col_timestamp`,`col_varchar`,`col_year`,`pk`,`vcol_bit`,`vcol_blob`,`vcol_char`,`vcol_date`,`vcol_datetime`,`vcol_dec`,`vcol_enum`,`vcol_int`,`vcol_time`,`vcol_timestamp`,`vcol_varchar`,`vcol_year` FROM /* table0_myisam_int_autoinc table0_int table0_myisam_int */ table1_innodb_int AS A WHERE col_tinyint BETWEEN 63 AND -59 + 2 AND ( `col_timestamp` IS NULL OR `vcol_timestamp` <> UUID_SHORT() ) "  /* QNO 626 CON_ID 17 */
		    17 Query	EXECUTE st1  /* QNO 627 CON_ID 17 */
		    17 Query	DEALLOCATE PREPARE st1  /* QNO 628 CON_ID 17 */
		    17 Query	ROLLBACK /* QNO 629 CON_ID 17 */
		    17 Query	CREATE OR REPLACE VIEW transforms.view_28859_probe AS  ROLLBACK /* QNO 629 CON_ID 17 */  /* QNO 630 CON_ID 17 */
		    17 Query	ROLLBACK /* QNO 629 CON_ID 17 */  /* QNO 631 CON_ID 17 */
		    17 Query	COMMIT  /* QNO 632 CON_ID 17 */
		    17 Query	CREATE OR REPLACE VIEW transforms.view_28859_probe AS COMMIT  /* QNO 632 CON_ID 17 */  /* QNO 633 CON_ID 17 */
		    17 Query	COMMIT  /* QNO 632 CON_ID 17 */  /* QNO 634 CON_ID 17 */
		    17 Query	SELECT col_tinyint, `col_char` FROM /* t2_base_innodb_28859 table10_int t2_temp_myisam_28859 */ v1_trans_safe_for_sbr_28859 WHERE col_tinyint BETWEEN -92 AND -15 + 2 AND ( `col_time` IS NULL OR `col_date` <> UUID() ) FOR UPDATE  /* QNO 635 CON_ID 17 */
		    17 Query	ROLLBACK  /* QNO 636 CON_ID 17 */
		    17 Query	CREATE OR REPLACE VIEW transforms.view_28859_probe AS  ROLLBACK  /* QNO 636 CON_ID 17 */  /* QNO 637 CON_ID 17 */
		    17 Query	ROLLBACK  /* QNO 636 CON_ID 17 */  /* QNO 638 CON_ID 17 */
		    17 Query	SAVEPOINT A  /* QNO 639 CON_ID 17 */
		    17 Query	CREATE OR REPLACE VIEW transforms.view_28859_probe AS  SAVEPOINT A  /* QNO 639 CON_ID 17 */  /* QNO 640 CON_ID 17 */
		    17 Query	SAVEPOINT A  /* QNO 639 CON_ID 17 */  /* QNO 641 CON_ID 17 */
		    17 Query	/* GenTest::Transform::ExecuteAsTrigger */ CREATE DATABASE IF NOT EXISTS transforms /* QNO 642 CON_ID 17 */
		    19 Query	SET  @aux = NOW()
180102  3:27:57	    20 Query	SHOW WARNINGS
		    17 Query	SHOW WARNINGS
		    20 Query	DROP TABLE IF EXISTS trigger28865 /* QNO 746 CON_ID 20 */
		    17 Query	DROP TABLE IF EXISTS trigger28859 /* QNO 643 CON_ID 17 */
		    18 Query	CREATE OR REPLACE VIEW transforms.view_28861_probe AS  FLUSH LOGS /* QNO 687 CON_ID 18 */  /* QNO 688 CON_ID 18 */
		    20 Query	SHOW WARNINGS
		    17 Query	SHOW WARNINGS
		    19 Query	DROP TABLE IF EXISTS trigger28863 /* QNO 798 CON_ID 19 */
		    17 Query	CREATE TABLE IF NOT EXISTS trigger28859 (f1 INTEGER) /* QNO 644 CON_ID 17 */
		    20 Query	CREATE TABLE IF NOT EXISTS trigger28865 (f1 INTEGER) /* QNO 747 CON_ID 20 */
		    16 Query	CREATE TRIGGER trigger28858 BEFORE INSERT ON trigger28858 FOR EACH ROW  SAVEPOINT A  /* QNO 481 CON_ID 16 */ ; /* QNO 487 CON_ID 16 */
		    18 Query	FLUSH LOGS /* QNO 687 CON_ID 18 */  /* QNO 689 CON_ID 18 */
/home/elenst/git/10.3/sql/mysqld, Version: 10.3.4-MariaDB-debug-log (Source distribution). started with:
Tcp port: 10720  Unix socket: /home/elenst/test_results/hidden-1/current1_1/mysql.sock
Time		    Id Command	Argument
		    21 Query	CREATE TRIGGER trigger28867 BEFORE INSERT ON trigger28867 FOR EACH ROW  SET @aux = CURRENT_USER()  /* QNO 649 CON_ID 21 */ ; /* QNO 655 CON_ID 21 */
		    18 Query	COMMIT  /* QNO 690 CON_ID 18 */
		    18 Query	CREATE OR REPLACE VIEW transforms.view_28861_probe AS COMMIT  /* QNO 690 CON_ID 18 */  /* QNO 691 CON_ID 18 */
		    18 Query	COMMIT  /* QNO 690 CON_ID 18 */  /* QNO 692 CON_ID 18 */
		    18 Query	REPLACE INTO /* t2_base_myisam_28861 table10_int_autoinc table1_myisam_int_autoinc */ t1_base_innodb_28861 ( `non_existing_column` ) SELECT `non_existing_column` FROM ( SELECT `non_existing_column` FROM /* table0_int table0_int_autoinc t1_base_myisam_28861 */ table10_innodb_int ) AS A NATURAL JOIN test1./* table0_int table0_int_autoinc t2_temp_myisam_28861 */ t2_temp_innodb_28861 B WHERE col_tinyint BETWEEN 22 AND 26 + 2 /**/ AND ( `non_existing_column` IS NULL OR `non_existing_column` <> CURRENT_USER )  /* QNO 693 CON_ID 18 */
		    18 Query	ROLLBACK /* QNO 694 CON_ID 18 */
		    18 Query	CREATE OR REPLACE VIEW transforms.view_28861_probe AS  ROLLBACK /* QNO 694 CON_ID 18 */  /* QNO 695 CON_ID 18 */
		    18 Query	ROLLBACK /* QNO 694 CON_ID 18 */  /* QNO 696 CON_ID 18 */
		    18 Query	COMMIT  /* QNO 697 CON_ID 18 */
		    18 Query	CREATE OR REPLACE VIEW transforms.view_28861_probe AS COMMIT  /* QNO 697 CON_ID 18 */  /* QNO 698 CON_ID 18 */
		    18 Query	COMMIT  /* QNO 697 CON_ID 18 */  /* QNO 699 CON_ID 18 */
		    18 Query	INSERT INTO /* table1_int_autoinc table0_int table0_myisam_int_autoinc */ v1_trans_safe_for_sbr_28861 ( `non_existing_column` ) SELECT `non_existing_column` FROM test./* table0_innodb_int table1_int table0_myisam_int_autoinc */ v2_trans_safe_for_sbr_28861 AS A WHERE col_tinyint BETWEEN 2 AND 14 + 2 /**/ AND ( `non_existing_column` IS NULL OR `non_existing_column` <> FOUND_ROWS() ) UNION SELECT `non_existing_column` FROM ( SELECT `non_existing_column` FROM test./* table1_innodb_int_autoinc table10_int_autoinc table0_myisam_int_autoinc */ table0_innodb_int_autoinc ) AS B WHERE col_tinyint BETWEEN 64 AND 94 + 2 /**/ AND ( `non_existing_column` IS NULL OR `non_existing_column` <> CURRENT_USER() )  /* QNO 700 CON_ID 18 */
		    18 Query	REPLACE INTO /* table1_innodb_int_autoinc table1_int v2_nontrans_unsafe_for_sbr_28861 */ t2_base_innodb_28861 ( `non_existing_column` ) SELECT `non_existing_column` FROM ( SELECT `non_existing_column` FROM /* v2_nontrans_unsafe_for_sbr_28861 table0_int t2_temp_myisam_28861 */ t2_temp_innodb_28861 ) AS A NATURAL JOIN test1./* t2_base_myisam_28861 table0_int_autoinc table1_myisam_int_autoinc */ t1_temp_innodb_28861 B WHERE col_tinyint BETWEEN 80 AND -123 + 2 /**/ AND ( `non_existing_column` IS NULL OR `non_existing_column` <> VERSION() )  /* QNO 701 CON_ID 18 */
		    18 Query	SET @aux = -1.1  /* QNO 702 CON_ID 18 */
		    18 Query	CREATE OR REPLACE VIEW transforms.view_28861_probe AS  SET @aux = -1.1  /* QNO 702 CON_ID 18 */  /* QNO 703 CON_ID 18 */
		    18 Query	SET @aux = -1.1  /* QNO 702 CON_ID 18 */  /* QNO 704 CON_ID 18 */
		    18 Query	/* GenTest::Transform::ExecuteAsTrigger */ CREATE DATABASE IF NOT EXISTS transforms /* QNO 705 CON_ID 18 */
		    18 Query	SHOW WARNINGS
		    18 Query	DROP TABLE IF EXISTS trigger28861 /* QNO 706 CON_ID 18 */
		    18 Query	SHOW WARNINGS
		    18 Query	CREATE TABLE IF NOT EXISTS trigger28861 (f1 INTEGER) /* QNO 707 CON_ID 18 */
180102  3:27:58	    20 Query	CREATE TRIGGER trigger28865 BEFORE INSERT ON trigger28865 FOR EACH ROW SET debug_dbug="+d,test_invisible_index" /* QNO 742 CON_ID 20 */ ; /* QNO 748 CON_ID 20 */
		    17 Query	CREATE TRIGGER trigger28859 BEFORE INSERT ON trigger28859 FOR EACH ROW  SAVEPOINT A  /* QNO 639 CON_ID 17 */ ; /* QNO 645 CON_ID 17 */
		    19 Query	PREPARE st1 FROM " UPDATE test.table0_int_autoinc /* table1_int_autoinc t1_temp_myisam_28863 table10_innodb_int */ AS A NATURAL JOIN test.table1_innodb_int /* table1_int v2_nontrans_unsafe_for_sbr_28863 t2_base_innodb_28863 */ B SET A.`vcol_timestamp` = test.f1__28863 (), B.`vcol_enum` = test.f1__28863 () WHERE col_tinyint BETWEEN -127 AND -99 + 2 AND ( `col_time` IS NULL OR `vcol_year` <> FOUND_ROWS() ) "  /* QNO 799 CON_ID 19 */
		    19 Query	EXECUTE st1  /* QNO 800 CON_ID 19 */
		    19 Query	DEALLOCATE PREPARE st1  /* QNO 801 CON_ID 19 */
		    19 Query	START TRANSACTION /* QNO 802 CON_ID 19 */
		    19 Query	CREATE OR REPLACE VIEW transforms.view_28863_probe AS  START TRANSACTION /* QNO 802 CON_ID 19 */  /* QNO 803 CON_ID 19 */
		    19 Query	START TRANSACTION /* QNO 802 CON_ID 19 */  /* QNO 804 CON_ID 19 */
		    19 Query	COMMIT  /* QNO 805 CON_ID 19 */
		    19 Query	CREATE OR REPLACE VIEW transforms.view_28863_probe AS COMMIT  /* QNO 805 CON_ID 19 */  /* QNO 806 CON_ID 19 */
		    19 Query	COMMIT  /* QNO 805 CON_ID 19 */  /* QNO 807 CON_ID 19 */
		    19 Query	UPDATE table0_int /* table10_int_autoinc v1_nontrans_safe_for_sbr_28863 table10_innodb_int */ SET `vcol_blob` = SYSDATE() WHERE col_tinyint BETWEEN 67 AND -111 + 2 AND ( `vcol_varchar` IS NULL OR `col_bit` <> SYSDATE() )  /* QNO 808 CON_ID 19 */
		    19 Query	START TRANSACTION /* QNO 809 CON_ID 19 */
		    19 Query	CREATE OR REPLACE VIEW transforms.view_28863_probe AS  START TRANSACTION /* QNO 809 CON_ID 19 */  /* QNO 810 CON_ID 19 */
		    19 Query	START TRANSACTION /* QNO 809 CON_ID 19 */  /* QNO 811 CON_ID 19 */
		    19 Query	COMMIT  /* QNO 812 CON_ID 19 */
		    19 Query	CREATE OR REPLACE VIEW transforms.view_28863_probe AS COMMIT  /* QNO 812 CON_ID 19 */  /* QNO 813 CON_ID 19 */
		    19 Query	COMMIT  /* QNO 812 CON_ID 19 */  /* QNO 814 CON_ID 19 */
		    19 Query	DELETE LOW_PRIORITY A, B FROM table10_int /* table10_int table1_myisam_int t2_base_innodb_28863 */ AS A NATURAL JOIN t1_base_innodb_28863 /* table0_int_autoinc v2_nontrans_safe_for_sbr_28863 t2_base_innodb_28863 */ B WHERE col_tinyint BETWEEN -59 AND 8 + 2 AND ( `col_enum` IS NULL OR `col_int` <> ROW_COUNT() )  /* QNO 815 CON_ID 19 */
		    19 Query	USE test1  /* QNO 816 CON_ID 19 */
		    19 Query	ROLLBACK /* QNO 817 CON_ID 19 */
		    19 Query	CREATE OR REPLACE VIEW transforms.view_28863_probe AS  ROLLBACK /* QNO 817 CON_ID 19 */  /* QNO 818 CON_ID 19 */
		    19 Query	ROLLBACK /* QNO 817 CON_ID 19 */  /* QNO 819 CON_ID 19 */
		    19 Query	COMMIT  /* QNO 820 CON_ID 19 */
		    19 Query	CREATE OR REPLACE VIEW transforms.view_28863_probe AS COMMIT  /* QNO 820 CON_ID 19 */  /* QNO 821 CON_ID 19 */
		    19 Query	COMMIT  /* QNO 820 CON_ID 19 */  /* QNO 822 CON_ID 19 */
		    19 Query	PREPARE st1 FROM " DELETE LOW_PRIORITY FROM t2_temp_innodb_28863 /* table1_int_autoinc t2_base_myisam_28863 t2_base_innodb_28863 */ WHERE col_tinyint BETWEEN -98 AND -17 + 2 AND ( `non_existing_column` IS NULL OR `non_existing_column` <> VERSION() ) "  /* QNO 823 CON_ID 19 */
		    19 Query	EXECUTE st1  /* QNO 824 CON_ID 19 */
		    19 Query	DEALLOCATE PREPARE st1  /* QNO 825 CON_ID 19 */
		    19 Query	REPLACE INTO v1_nontrans_safe_for_sbr_28863 /* table1_int table0_myisam_int_autoinc table10_innodb_int */ ( `non_existing_column` ) SELECT `non_existing_column` FROM test1.table1_int /* table0_int table1_myisam_int_autoinc table0_innodb_int */ AS A WHERE col_tinyint BETWEEN 25 AND -56 + 2 AND ( `non_existing_column` IS NULL OR `non_existing_column` <> FOUND_ROWS() ) AND A.`non_existing_column` IN ( SELECT `non_existing_column` FROM test1.t2_base_innodb_28863 /* table1_int table10_myisam_int v2_trans_unsafe_for_sbr_28863 */ AS B )  /* QNO 826 CON_ID 19 */
		    19 Query	USE test  /* QNO 827 CON_ID 19 */
		    19 Query	CREATE OR REPLACE VIEW transforms.view_28863_probe AS  USE test  /* QNO 827 CON_ID 19 */  /* QNO 828 CON_ID 19 */
		    19 Query	USE test  /* QNO 827 CON_ID 19 */  /* QNO 829 CON_ID 19 */
		    19 Query	SELECT col_tinyint, `col_datetime` FROM table1_innodb_int /* table10_int t2_base_myisam_28863 t1_temp_innodb_28863 */ WHERE col_tinyint BETWEEN -106 AND 28 + 2 AND ( `vcol_enum` IS NULL OR `col_dec` <> USER() ) FOR UPDATE  /* QNO 830 CON_ID 19 */
		    19 Query	USE test1  /* QNO 831 CON_ID 19 */
		    19 Query	USE test1  /* QNO 832 CON_ID 19 */
		    19 Query	COMMIT  /* QNO 833 CON_ID 19 */
		    19 Query	CREATE OR REPLACE VIEW transforms.view_28863_probe AS  COMMIT  /* QNO 833 CON_ID 19 */  /* QNO 834 CON_ID 19 */
		    19 Query	COMMIT  /* QNO 833 CON_ID 19 */  /* QNO 835 CON_ID 19 */
		    19 Query	REPLACE INTO test1.table10_int /* table1_int_autoinc v1_nontrans_unsafe_for_sbr_28863 table1_innodb_int */ ( `non_existing_column` ) SELECT `non_existing_column` FROM t2_temp_innodb_28863 /* table10_int t2_base_myisam_28863 table0_innodb_int */ AS A WHERE col_tinyint BETWEEN -17 AND 32 + 2 AND ( `non_existing_column` IS NULL OR `non_existing_column` <> SYSDATE() ) AND A.`non_existing_column` IN ( SELECT `non_existing_column` FROM table0_int_autoinc /* table10_int table10_myisam_int t2_temp_innodb_28863 */ AS B )  /* QNO 836 CON_ID 19 */
		    19 Query	INSERT INTO table0_myisam_int /* table0_int_autoinc t1_temp_myisam_28863 v2_trans_unsafe_for_sbr_28863 */ ( `non_existing_column` ) SELECT `non_existing_column` FROM ( SELECT `non_existing_column` FROM test.table1_int_autoinc /* table10_int_autoinc table10_myisam_int_autoinc table10_innodb_int_autoinc */ ) AS A WHERE col_tinyint BETWEEN 77 AND -64 + 2 AND ( `non_existing_column` IS NULL OR `non_existing_column` <> USER() ) UNION SELECT `non_existing_column` FROM table10_myisam_int_autoinc /* table1_int_autoinc t2_temp_myisam_28863 table0_innodb_int_autoinc */ AS B WHERE col_tinyint BETWEEN -95 AND -118 + 2 AND ( `non_existing_column` IS NULL OR `non_existing_column` <> UUID() )  /* QNO 837 CON_ID 19 */
		    19 Query	REPLACE INTO table10_innodb_int_autoinc /* table0_int_autoinc t2_temp_myisam_28863 t1_temp_innodb_28863 */ ( `non_existing_column` ) SELECT `non_existing_column` FROM t2_base_myisam_28863 /* table0_int t1_base_myisam_28863 table10_innodb_int_autoinc */ AS A WHERE col_tinyint BETWEEN -1 AND -89 + 2 AND ( `non_existing_column` IS NULL OR `non_existing_column` <> ROW_COUNT() ) UNION SELECT `non_existing_column` FROM v2_trans_unsafe_for_sbr_28863 /* table1_int t1_temp_myisam_28863 t2_temp_innodb_28863 */ AS B WHERE col_tinyint BETWEEN 25 AND 74 + 2 AND ( `non_existing_column` IS NULL OR `non_existing_column` <> UUID() )  /* QNO 838 CON_ID 19 */
		    19 Query	ROLLBACK /* QNO 839 CON_ID 19 */
		    19 Query	CREATE OR REPLACE VIEW transforms.view_28863_probe AS  ROLLBACK /* QNO 839 CON_ID 19 */  /* QNO 840 CON_ID 19 */
		    19 Query	ROLLBACK /* QNO 839 CON_ID 19 */  /* QNO 841 CON_ID 19 */
		    19 Query	COMMIT  /* QNO 842 CON_ID 19 */
		    19 Query	CREATE OR REPLACE VIEW transforms.view_28863_probe AS COMMIT  /* QNO 842 CON_ID 19 */  /* QNO 843 CON_ID 19 */
		    19 Query	COMMIT  /* QNO 842 CON_ID 19 */  /* QNO 844 CON_ID 19 */
		    19 Query	REPLACE INTO table10_innodb_int /* table0_int table1_myisam_int_autoinc table10_innodb_int_autoinc */ ( `non_existing_column` ) SELECT `non_existing_column` FROM t2_temp_myisam_28863 /* table0_int t1_base_myisam_28863 t1_temp_innodb_28863 */ AS A WHERE col_tinyint BETWEEN -95 AND 45 + 2 AND ( `non_existing_column` IS NULL OR `non_existing_column` <> FOUND_ROWS() ) AND A.`non_existing_column` IN ( SELECT `non_existing_column` FROM test.table1_innodb_int /* table1_int t2_base_myisam_28863 t1_base_innodb_28863 */ AS B )  /* QNO 845 CON_ID 19 */
		    19 Query	COMMIT /* QNO 846 CON_ID 19 */
		    19 Query	CREATE OR REPLACE VIEW transforms.view_28863_probe AS  COMMIT /* QNO 846 CON_ID 19 */  /* QNO 847 CON_ID 19 */
		    19 Query	COMMIT /* QNO 846 CON_ID 19 */  /* QNO 848 CON_ID 19 */
		    19 Query	SET SESSION TRANSACTION ISOLATION LEVEL READ UNCOMMITTED /* QNO 849 CON_ID 19 */
		    19 Query	CREATE OR REPLACE VIEW transforms.view_28863_probe AS  SET SESSION TRANSACTION ISOLATION LEVEL READ UNCOMMITTED /* QNO 849 CON_ID 19 */  /* QNO 850 CON_ID 19 */
		    19 Query	SET SESSION TRANSACTION ISOLATION LEVEL READ UNCOMMITTED /* QNO 849 CON_ID 19 */  /* QNO 851 CON_ID 19 */
		    19 Query	SET GLOBAL TRANSACTION ISOLATION LEVEL REPEATABLE READ /* QNO 852 CON_ID 19 */
		    19 Query	CREATE OR REPLACE VIEW transforms.view_28863_probe AS  SET GLOBAL TRANSACTION ISOLATION LEVEL REPEATABLE READ /* QNO 852 CON_ID 19 */  /* QNO 853 CON_ID 19 */
		    19 Query	SET GLOBAL TRANSACTION ISOLATION LEVEL REPEATABLE READ /* QNO 852 CON_ID 19 */  /* QNO 854 CON_ID 19 */
		    19 Query	/* GenTest::Transform::ExecuteAsTrigger */ CREATE DATABASE IF NOT EXISTS transforms /* QNO 855 CON_ID 19 */
		    19 Query	SHOW WARNINGS
		    19 Query	DROP TABLE IF EXISTS trigger28863 /* QNO 856 CON_ID 19 */
		    19 Query	SHOW WARNINGS
		    19 Query	CREATE TABLE IF NOT EXISTS trigger28863 (f1 INTEGER) /* QNO 857 CON_ID 19 */
		    18 Query	CREATE TRIGGER trigger28861 BEFORE INSERT ON trigger28861 FOR EACH ROW  SET @aux = -1.1  /* QNO 702 CON_ID 18 */ ; /* QNO 708 CON_ID 18 */
180102  3:27:59	    19 Query	CREATE TRIGGER trigger28863 BEFORE INSERT ON trigger28863 FOR EACH ROW  SET GLOBAL TRANSACTION ISOLATION LEVEL REPEATABLE READ /* QNO 852 CON_ID 19 */ ; /* QNO 858 CON_ID 19 */
		    21 Query	INSERT INTO trigger28867 VALUES (1) /* TRANSFORM_OUTCOME_ANY */ /* QNO 656 CON_ID 21 */
		    17 Query	INSERT INTO trigger28859 VALUES (1) /* TRANSFORM_OUTCOME_ANY */ /* QNO 646 CON_ID 17 */
		    16 Query	INSERT INTO trigger28858 VALUES (1) /* TRANSFORM_OUTCOME_ANY */ /* QNO 488 CON_ID 16 */
		    20 Query	INSERT INTO trigger28865 VALUES (1) /* TRANSFORM_OUTCOME_ANY */ /* QNO 749 CON_ID 20 */
		    17 Query	SAVEPOINT A
		    18 Query	INSERT INTO trigger28861 VALUES (1) /* TRANSFORM_OUTCOME_ANY */ /* QNO 709 CON_ID 18 */
		    21 Query	SET  @aux = CURRENT_USER()
		    16 Query	SAVEPOINT A
		    20 Query	SET  debug_dbug="+d,test_invisible_index"
		    18 Query	SET  @aux = -1.1
		    17 Query	DROP TABLE IF EXISTS trigger28859 /* QNO 647 CON_ID 17 */
		    18 Query	DROP TABLE IF EXISTS trigger28861 /* QNO 710 CON_ID 18 */
		    16 Query	DROP TABLE IF EXISTS trigger28858 /* QNO 489 CON_ID 16 */
		    21 Query	DROP TABLE IF EXISTS trigger28867 /* QNO 657 CON_ID 21 */
		    20 Query	DROP TABLE IF EXISTS trigger28865 /* QNO 750 CON_ID 20 */
180102  3:28:00	    19 Query	INSERT INTO trigger28863 VALUES (1) /* TRANSFORM_OUTCOME_ANY */ /* QNO 859 CON_ID 19 */
		    19 Query	SET  GLOBAL TRANSACTION ISOLATION LEVEL REPEATABLE READ
		    19 Query	DROP TABLE IF EXISTS trigger28863 /* QNO 860 CON_ID 19 */
		    17 Query	COMMIT  /* QNO 648 CON_ID 17 */
		    17 Query	CREATE OR REPLACE VIEW transforms.view_28859_probe AS COMMIT  /* QNO 648 CON_ID 17 */  /* QNO 649 CON_ID 17 */
		    17 Query	COMMIT  /* QNO 648 CON_ID 17 */  /* QNO 650 CON_ID 17 */
		    17 Query	PREPARE st1 FROM " UPDATE /* table0_myisam_int table0_int_autoinc t2_temp_myisam_28859 */ t1_base_innodb_28859 AS A NATURAL JOIN test1./* table1_int_autoinc table1_int v1_nontrans_safe_for_sbr_28859 */ v1_trans_unsafe_for_sbr_28859 B SET A.`col_time` = UUID(), B.`col_dec` = @aux WHERE col_tinyint BETWEEN 64 AND -74 + 2 AND ( `col_datetime` IS NULL OR `col_bit` <> UUID() ) "  /* QNO 651 CON_ID 17 */
		    17 Query	EXECUTE st1  /* QNO 652 CON_ID 17 */
		    17 Query	DEALLOCATE PREPARE st1  /* QNO 653 CON_ID 17 */
		    17 Query	DROP TABLE does_not_exist /* QNO 654 CON_ID 17 */
		    17 Query	COMMIT ; ; INSERT HIGH_PRIORITY INTO test./* t1_base_innodb_28859 table0_int_autoinc v1_nontrans_safe_for_sbr_28859 */ table1_innodb_int_autoinc ( `vcol_int`, col_tinyint ) VALUES ( CONVERT( 's,b,j' USING UCS2 ), -61 ), ( 'shgttdxiymlqeclaoxjzxlvarryrkamikk', -62 ) ; CREATE PROCEDURE test1.p1_3_28859 () BEGIN DELETE test1.A, test.B FROM test1./* table0_int table1_int table1_myisam_int_autoinc */ table0_innodb_int_autoinc AS A NATURAL JOIN test./* t1_base_innodb_28859 table0_int_autoinc v1_nontrans_safe_for_sbr_28859 */ table10_innodb_int_autoinc B WHERE col_tinyint BETWEEN -21 AND 40 + 2 AND ( `col_bit` IS NULL OR `col_blob` <> ROW_COUNT() ) ; END /* QNO 655 CON_ID 17 */
		    17 Query	CREATE OR REPLACE VIEW transforms.view_28859_probe AS COMMIT ; ; INSERT HIGH_PRIORITY INTO test./* t1_base_innodb_28859 table0_int_autoinc v1_nontrans_safe_for_sbr_28859 */ table1_innodb_int_autoinc ( `vcol_int`, col_tinyint ) VALUES ( CONVERT( 's,b,j' USING UCS2 ), -61 ), ( 'shgttdxiymlqeclaoxjzxlvarryrkamikk', -62 ) ; CREATE PROCEDURE test1.p1_3_28859 () BEGIN DELETE test1.A, test.B FROM test1./* table0_int table1_int table1_myisam_int_autoinc */ table0_innodb_int_autoinc AS A NATURAL JOIN test./* t1_base_innodb_28859 table0_int_autoinc v1_nontrans_safe_for_sbr_28859 */ table10_innodb_int_autoinc B WHERE col_tinyint BETWEEN -21 AND 40 + 2 AND ( `col_bit` IS NULL OR `col_blob` <> ROW_COUNT() ) ; END /* QNO 655 CON_ID 17 */  /* QNO 656 CON_ID 17 */
		    17 Query	COMMIT ; ; INSERT HIGH_PRIORITY INTO test./* t1_base_innodb_28859 table0_int_autoinc v1_nontrans_safe_for_sbr_28859 */ table1_innodb_int_autoinc ( `vcol_int`, col_tinyint ) VALUES ( CONVERT( 's,b,j' USING UCS2 ), -61 ), ( 'shgttdxiymlqeclaoxjzxlvarryrkamikk', -62 ) ; CREATE PROCEDURE test1.p1_3_28859 () BEGIN DELETE test1.A, test.B FROM test1./* table0_int table1_int table1_myisam_int_autoinc */ table0_innodb_int_autoinc AS A NATURAL JOIN test./* t1_base_innodb_28859 table0_int_autoinc v1_nontrans_safe_for_sbr_28859 */ table10_innodb_int_autoinc B WHERE col_tinyint BETWEEN -21 AND 40 + 2 AND ( `col_bit` IS NULL OR `col_blob` <> ROW_COUNT() ) ; END /* QNO 655 CON_ID 17 */  /* QNO 657 CON_ID 17 */
		    18 Query	RELEASE SAVEPOINT A /* QNO 711 CON_ID 18 */
		    17 Query	COMMIT  /* QNO 658 CON_ID 17 */
		    18 Query	SET GLOBAL TRANSACTION ISOLATION LEVEL SERIALIZABLE /* QNO 712 CON_ID 18 */
		    21 Query	USE test  /* QNO 658 CON_ID 21 */
		    18 Query	CREATE OR REPLACE VIEW transforms.view_28861_probe AS  SET GLOBAL TRANSACTION ISOLATION LEVEL SERIALIZABLE /* QNO 712 CON_ID 18 */  /* QNO 713 CON_ID 18 */
		    17 Query	CREATE OR REPLACE VIEW transforms.view_28859_probe AS COMMIT  /* QNO 658 CON_ID 17 */  /* QNO 659 CON_ID 17 */
		    21 Query	CREATE OR REPLACE VIEW transforms.view_28867_probe AS  USE test  /* QNO 658 CON_ID 21 */  /* QNO 659 CON_ID 21 */
		    17 Query	COMMIT  /* QNO 658 CON_ID 17 */  /* QNO 660 CON_ID 17 */
		    21 Query	USE test  /* QNO 658 CON_ID 21 */  /* QNO 660 CON_ID 21 */
		    17 Query	USE test  /* QNO 661 CON_ID 17 */
		    21 Query	COMMIT /* QNO 661 CON_ID 21 */
		    20 Query	COMMIT  /* QNO 751 CON_ID 20 */
		    18 Query	SET GLOBAL TRANSACTION ISOLATION LEVEL SERIALIZABLE /* QNO 712 CON_ID 18 */  /* QNO 714 CON_ID 18 */
		    17 Query	CREATE OR REPLACE VIEW transforms.view_28859_probe AS  USE test  /* QNO 661 CON_ID 17 */  /* QNO 662 CON_ID 17 */
		    18 Query	/* GenTest::Transform::ExecuteAsTrigger */ CREATE DATABASE IF NOT EXISTS transforms /* QNO 715 CON_ID 18 */
		    18 Query	SHOW WARNINGS
		    17 Query	USE test  /* QNO 661 CON_ID 17 */  /* QNO 663 CON_ID 17 */
		    20 Query	CREATE OR REPLACE VIEW transforms.view_28865_probe AS COMMIT  /* QNO 751 CON_ID 20 */  /* QNO 752 CON_ID 20 */
		    21 Query	CREATE OR REPLACE VIEW transforms.view_28867_probe AS  COMMIT /* QNO 661 CON_ID 21 */  /* QNO 662 CON_ID 21 */
		    18 Query	DROP TABLE IF EXISTS trigger28861 /* QNO 716 CON_ID 18 */
		    17 Query	CREATE SCHEMA IF NOT EXISTS test_28859 CHARACTER SET UTF8 /* QNO 664 CON_ID 17 */
		    20 Query	COMMIT  /* QNO 751 CON_ID 20 */  /* QNO 753 CON_ID 20 */
		    20 Query	DELETE FROM /* table10_int_autoinc table10_int table10_myisam_int */ t2_temp_innodb_28865 WHERE col_tinyint BETWEEN 22 AND -19 + 2 AND ( `non_existing_column` IS NULL OR `non_existing_column` <> RAND( 9 ) )  /* QNO 754 CON_ID 20 */
		    18 Query	SHOW WARNINGS
		    17 Query	CREATE OR REPLACE VIEW transforms.view_28859_probe AS  CREATE SCHEMA IF NOT EXISTS test_28859 CHARACTER SET UTF8 /* QNO 664 CON_ID 17 */  /* QNO 665 CON_ID 17 */
		    18 Query	CREATE TABLE IF NOT EXISTS trigger28861 (f1 INTEGER) /* QNO 717 CON_ID 18 */
		    20 Query	USE test1  /* QNO 755 CON_ID 20 */
		    21 Query	COMMIT /* QNO 661 CON_ID 21 */  /* QNO 663 CON_ID 21 */
		    17 Query	CREATE SCHEMA IF NOT EXISTS test_28859 CHARACTER SET UTF8 /* QNO 664 CON_ID 17 */  /* QNO 666 CON_ID 17 */
		    20 Query	SAVEPOINT A  /* QNO 756 CON_ID 20 */
		    17 Query	SHOW WARNINGS
		    21 Query	FLUSH LOGS /* QNO 664 CON_ID 21 */
/home/elenst/git/10.3/sql/mysqld, Version: 10.3.4-MariaDB-debug-log (Source distribution). started with:
Tcp port: 10720  Unix socket: /home/elenst/test_results/hidden-1/current1_1/mysql.sock
Time		    Id Command	Argument
		    20 Query	CREATE OR REPLACE VIEW transforms.view_28865_probe AS  SAVEPOINT A  /* QNO 756 CON_ID 20 */  /* QNO 757 CON_ID 20 */
		    20 Query	SAVEPOINT A  /* QNO 756 CON_ID 20 */  /* QNO 758 CON_ID 20 */
		    20 Query	/* GenTest::Transform::ExecuteAsTrigger */ CREATE DATABASE IF NOT EXISTS transforms /* QNO 759 CON_ID 20 */
		    17 Query	UPDATE test./* table0_innodb_int_autoinc table0_int_autoinc t1_base_myisam_28859 */ table1_innodb_int SET `vcol_time` = col_tinyint WHERE col_tinyint BETWEEN -35 AND -79 + 1 AND `vcol_char` IS NULL  /* QNO 667 CON_ID 17 */
		    16 Query	COMMIT  /* QNO 490 CON_ID 16 */
		    17 Query	COMMIT /* QNO 668 CON_ID 17 */
		    16 Query	CREATE OR REPLACE VIEW transforms.view_28858_probe AS COMMIT  /* QNO 490 CON_ID 16 */  /* QNO 491 CON_ID 16 */
		    17 Query	CREATE OR REPLACE VIEW transforms.view_28859_probe AS  COMMIT /* QNO 668 CON_ID 17 */  /* QNO 669 CON_ID 17 */
		    16 Query	COMMIT  /* QNO 490 CON_ID 16 */  /* QNO 492 CON_ID 16 */
		    17 Query	COMMIT /* QNO 668 CON_ID 17 */  /* QNO 670 CON_ID 17 */
		    16 Query	INSERT HIGH_PRIORITY INTO /* v2_nontrans_unsafe_for_sbr_28858 table0_int_autoinc t2_temp_myisam_28858 */ table10_innodb_int_autoinc ( `col_bit`,`col_blob`,`col_char`,`col_date`,`col_datetime`,`col_dec`,`col_enum`,`col_int`,`col_time`,`col_timestamp`,`col_varchar`,`col_year`,`pk`,`vcol_bit`,`vcol_blob`,`vcol_char`,`vcol_date`,`vcol_datetime`,`vcol_dec`,`vcol_enum`,`vcol_int`,`vcol_time`,`vcol_timestamp`,`vcol_varchar`,`vcol_year` ) SELECT `col_bit`,`col_blob`,`col_char`,`col_date`,`col_datetime`,`col_dec`,`col_enum`,`col_int`,`col_time`,`col_timestamp`,`col_varchar`,`col_year`,`pk`,`vcol_bit`,`vcol_blob`,`vcol_char`,`vcol_date`,`vcol_datetime`,`vcol_dec`,`vcol_enum`,`vcol_int`,`vcol_time`,`vcol_timestamp`,`vcol_varchar`,`vcol_year` FROM ( SELECT `col_bit`,`col_blob`,`col_char`,`col_date`,`col_datetime`,`col_dec`,`col_enum`,`col_int`,`col_time`,`col_timestamp`,`col_varchar`,`col_year`,`pk`,`vcol_bit`,`vcol_blob`,`vcol_char`,`vcol_date`,`vcol_datetime`,`vcol_dec`,`vcol_enum`,`vcol_int`,`vcol_time`,`vcol_timestamp`,`vcol_varchar`,`vcol_year` FROM /* v2_nontrans_safe_for_sbr_28858 table0_int table1_myisam_int_autoinc */ table1_innodb_int ) AS A NATURAL JOIN /* table10_innodb_int table10_int_autoinc table0_myisam_int */ table1_innodb_int_autoinc B WHERE col_tinyint BETWEEN 61 AND -86 + 2 AND ( `col_date` IS NULL OR `vcol_varchar` <> CURRENT_USER )  /* QNO 493 CON_ID 16 */
		    16 Query	SAVEPOINT A  /* QNO 494 CON_ID 16 */
		    16 Query	CREATE OR REPLACE VIEW transforms.view_28858_probe AS  SAVEPOINT A  /* QNO 494 CON_ID 16 */  /* QNO 495 CON_ID 16 */
		    17 Query	COMMIT  /* QNO 671 CON_ID 17 */
		    16 Query	SAVEPOINT A  /* QNO 494 CON_ID 16 */  /* QNO 496 CON_ID 16 */
		    17 Query	CREATE OR REPLACE VIEW transforms.view_28859_probe AS COMMIT  /* QNO 671 CON_ID 17 */  /* QNO 672 CON_ID 17 */
		    16 Query	/* GenTest::Transform::ExecuteAsTrigger */ CREATE DATABASE IF NOT EXISTS transforms /* QNO 497 CON_ID 16 */
		    17 Query	COMMIT  /* QNO 671 CON_ID 17 */  /* QNO 673 CON_ID 17 */
		    17 Query	PREPARE st1 FROM " DELETE FROM test./* t2_temp_innodb_28859 table0_int table1_myisam_int_autoinc */ v2_trans_unsafe_for_sbr_28859 WHERE col_tinyint BETWEEN 57 AND -91 + 2 AND ( `col_enum` IS NULL OR `vcol_blob` <> CURRENT_USER ) "  /* QNO 674 CON_ID 17 */
		    17 Query	EXECUTE st1  /* QNO 675 CON_ID 17 */
		    17 Query	DEALLOCATE PREPARE st1  /* QNO 676 CON_ID 17 */
		    17 Query	SELECT col_tinyint, `vcol_blob` FROM /* table10_innodb_int_autoinc table1_int table0_myisam_int_autoinc */ table0_innodb_int WHERE col_tinyint BETWEEN 32 AND -90 + 2 AND ( `vcol_timestamp` IS NULL OR `vcol_time` <> ROW_COUNT() ) FOR UPDATE  /* QNO 677 CON_ID 17 */
		    17 Query	SET @aux = -2.0E+100  /* QNO 678 CON_ID 17 */
		    17 Query	CREATE OR REPLACE VIEW transforms.view_28859_probe AS  SET @aux = -2.0E+100  /* QNO 678 CON_ID 17 */  /* QNO 679 CON_ID 17 */
		    17 Query	SET @aux = -2.0E+100  /* QNO 678 CON_ID 17 */  /* QNO 680 CON_ID 17 */
		    17 Query	/* GenTest::Transform::ExecuteAsTrigger */ CREATE DATABASE IF NOT EXISTS transforms /* QNO 681 CON_ID 17 */
180102  3:28:01	    20 Query	SHOW WARNINGS
		    20 Query	DROP TABLE IF EXISTS trigger28865 /* QNO 760 CON_ID 20 */
		    21 Query	CREATE OR REPLACE VIEW transforms.view_28867_probe AS  FLUSH LOGS /* QNO 664 CON_ID 21 */  /* QNO 665 CON_ID 21 */
		    21 Query	FLUSH LOGS /* QNO 664 CON_ID 21 */  /* QNO 666 CON_ID 21 */
/home/elenst/git/10.3/sql/mysqld, Version: 10.3.4-MariaDB-debug-log (Source distribution). started with:
Tcp port: 10720  Unix socket: /home/elenst/test_results/hidden-1/current1_1/mysql.sock
Time		    Id Command	Argument
		    17 Query	SHOW WARNINGS
		    20 Query	SHOW WARNINGS
		    19 Query	COMMIT  /* QNO 861 CON_ID 19 */
		    17 Query	DROP TABLE IF EXISTS trigger28859 /* QNO 682 CON_ID 17 */
		    16 Query	SHOW WARNINGS
		    16 Query	DROP TABLE IF EXISTS trigger28858 /* QNO 498 CON_ID 16 */
		    19 Query	CREATE OR REPLACE VIEW transforms.view_28863_probe AS COMMIT  /* QNO 861 CON_ID 19 */  /* QNO 862 CON_ID 19 */
		    20 Query	CREATE TABLE IF NOT EXISTS trigger28865 (f1 INTEGER) /* QNO 761 CON_ID 20 */
		    19 Query	COMMIT  /* QNO 861 CON_ID 19 */  /* QNO 863 CON_ID 19 */
		    19 Query	USE test1  /* QNO 864 CON_ID 19 */
		    19 Query	USE test1  /* QNO 865 CON_ID 19 */
		    19 Query	CACHE INDEX test1.t1_base_innodb_28863 IN key_cache_28863  /* QNO 866 CON_ID 19 */
		    19 Query	COMMIT /* QNO 867 CON_ID 19 */
		    19 Query	CREATE OR REPLACE VIEW transforms.view_28863_probe AS  COMMIT /* QNO 867 CON_ID 19 */  /* QNO 868 CON_ID 19 */
		    19 Query	COMMIT /* QNO 867 CON_ID 19 */  /* QNO 869 CON_ID 19 */
		    19 Query	COMMIT  /* QNO 870 CON_ID 19 */
		    19 Query	CREATE OR REPLACE VIEW transforms.view_28863_probe AS COMMIT  /* QNO 870 CON_ID 19 */  /* QNO 871 CON_ID 19 */
		    19 Query	COMMIT  /* QNO 870 CON_ID 19 */  /* QNO 872 CON_ID 19 */
		    19 Query	REPLACE INTO table10_int_autoinc /* table0_int table0_myisam_int v2_trans_unsafe_for_sbr_28863 */ ( `non_existing_column`, col_tinyint ) VALUES ( -1.1, -112 ), ( CONVERT( 'yoptwpovn' USING LATIN1 ), 73 )  /* QNO 873 CON_ID 19 */
		    19 Query	USE test1  /* QNO 874 CON_ID 19 */
		    19 Query	SAVEPOINT A  /* QNO 875 CON_ID 19 */
		    19 Query	CREATE OR REPLACE VIEW transforms.view_28863_probe AS  SAVEPOINT A  /* QNO 875 CON_ID 19 */  /* QNO 876 CON_ID 19 */
		    19 Query	SAVEPOINT A  /* QNO 875 CON_ID 19 */  /* QNO 877 CON_ID 19 */
		    19 Query	/* GenTest::Transform::ExecuteAsTrigger */ CREATE DATABASE IF NOT EXISTS transforms /* QNO 878 CON_ID 19 */
		    18 Query	CREATE TRIGGER trigger28861 BEFORE INSERT ON trigger28861 FOR EACH ROW  SET GLOBAL TRANSACTION ISOLATION LEVEL SERIALIZABLE /* QNO 712 CON_ID 18 */ ; /* QNO 718 CON_ID 18 */
		    17 Query	SHOW WARNINGS
		    19 Query	SHOW WARNINGS
		    16 Query	SHOW WARNINGS
		    17 Query	CREATE TABLE IF NOT EXISTS trigger28859 (f1 INTEGER) /* QNO 683 CON_ID 17 */
		    19 Query	DROP TABLE IF EXISTS trigger28863 /* QNO 879 CON_ID 19 */
		    19 Query	SHOW WARNINGS
		    16 Query	CREATE TABLE IF NOT EXISTS trigger28858 (f1 INTEGER) /* QNO 499 CON_ID 16 */
		    19 Query	CREATE TABLE IF NOT EXISTS trigger28863 (f1 INTEGER) /* QNO 880 CON_ID 19 */
		    21 Query	COMMIT  /* QNO 667 CON_ID 21 */
		    21 Query	CREATE OR REPLACE VIEW transforms.view_28867_probe AS COMMIT  /* QNO 667 CON_ID 21 */  /* QNO 668 CON_ID 21 */
		    21 Query	COMMIT  /* QNO 667 CON_ID 21 */  /* QNO 669 CON_ID 21 */
		    21 Query	UPDATE test1./* table0_myisam_int table1_int table0_myisam_int_autoinc */ t1_base_innodb_28867 AS A NATURAL JOIN test1./* t1_temp_myisam_28867 table1_int table10_myisam_int_autoinc */ v1_trans_unsafe_for_sbr_28867 B SET A.`vcol_year` = '1982-10-13 02:37:25.054648', B.`col_timestamp` = test.f1_3_28867 () WHERE col_tinyint BETWEEN 70 AND -31 + 2 AND ( `col_int` IS NULL OR `vcol_year` <> VERSION() )  /* QNO 670 CON_ID 21 */
		    21 Query	SET @aux = 'q'  /* QNO 671 CON_ID 21 */
		    21 Query	CREATE OR REPLACE VIEW transforms.view_28867_probe AS  SET @aux = 'q'  /* QNO 671 CON_ID 21 */  /* QNO 672 CON_ID 21 */
		    21 Query	SET @aux = 'q'  /* QNO 671 CON_ID 21 */  /* QNO 673 CON_ID 21 */
		    21 Query	/* GenTest::Transform::ExecuteAsTrigger */ CREATE DATABASE IF NOT EXISTS transforms /* QNO 674 CON_ID 21 */
		    21 Query	SHOW WARNINGS
		    21 Query	DROP TABLE IF EXISTS trigger28867 /* QNO 675 CON_ID 21 */
		    21 Query	SHOW WARNINGS
		    21 Query	CREATE TABLE IF NOT EXISTS trigger28867 (f1 INTEGER) /* QNO 676 CON_ID 21 */
		    20 Query	CREATE TRIGGER trigger28865 BEFORE INSERT ON trigger28865 FOR EACH ROW  SAVEPOINT A  /* QNO 756 CON_ID 20 */ ; /* QNO 762 CON_ID 20 */
180102  3:28:02	    19 Query	CREATE TRIGGER trigger28863 BEFORE INSERT ON trigger28863 FOR EACH ROW  SAVEPOINT A  /* QNO 875 CON_ID 19 */ ; /* QNO 881 CON_ID 19 */
		    16 Query	CREATE TRIGGER trigger28858 BEFORE INSERT ON trigger28858 FOR EACH ROW  SAVEPOINT A  /* QNO 494 CON_ID 16 */ ; /* QNO 500 CON_ID 16 */
180102  3:28:03	    17 Query	CREATE TRIGGER trigger28859 BEFORE INSERT ON trigger28859 FOR EACH ROW  SET @aux = -2.0E+100  /* QNO 678 CON_ID 17 */ ; /* QNO 684 CON_ID 17 */
		    21 Query	CREATE TRIGGER trigger28867 BEFORE INSERT ON trigger28867 FOR EACH ROW  SET @aux = 'q'  /* QNO 671 CON_ID 21 */ ; /* QNO 677 CON_ID 21 */
		    18 Query	INSERT INTO trigger28861 VALUES (1) /* TRANSFORM_OUTCOME_ANY */ /* QNO 719 CON_ID 18 */
		    20 Query	INSERT INTO trigger28865 VALUES (1) /* TRANSFORM_OUTCOME_ANY */ /* QNO 763 CON_ID 20 */
		    18 Query	SET  GLOBAL TRANSACTION ISOLATION LEVEL SERIALIZABLE
		    20 Query	SAVEPOINT A
		    18 Query	DROP TABLE IF EXISTS trigger28861 /* QNO 720 CON_ID 18 */
		    20 Query	DROP TABLE IF EXISTS trigger28865 /* QNO 764 CON_ID 20 */
		    21 Query	INSERT INTO trigger28867 VALUES (1) /* TRANSFORM_OUTCOME_ANY */ /* QNO 678 CON_ID 21 */
		    19 Query	INSERT INTO trigger28863 VALUES (1) /* TRANSFORM_OUTCOME_ANY */ /* QNO 882 CON_ID 19 */
		    17 Query	INSERT INTO trigger28859 VALUES (1) /* TRANSFORM_OUTCOME_ANY */ /* QNO 685 CON_ID 17 */
		    16 Query	INSERT INTO trigger28858 VALUES (1) /* TRANSFORM_OUTCOME_ANY */ /* QNO 501 CON_ID 16 */
		    19 Query	SAVEPOINT A
		    21 Query	SET  @aux = 'q'
		    17 Query	SET  @aux = -2.0E+100
		    16 Query	SAVEPOINT A
		    19 Query	DROP TABLE IF EXISTS trigger28863 /* QNO 883 CON_ID 19 */
180102  3:28:04	    16 Query	DROP TABLE IF EXISTS trigger28858 /* QNO 502 CON_ID 16 */
		    21 Query	DROP TABLE IF EXISTS trigger28867 /* QNO 679 CON_ID 21 */
		    17 Query	DROP TABLE IF EXISTS trigger28859 /* QNO 686 CON_ID 17 */
		    18 Query	COMMIT  /* QNO 721 CON_ID 18 */
		    18 Query	CREATE OR REPLACE VIEW transforms.view_28861_probe AS COMMIT  /* QNO 721 CON_ID 18 */  /* QNO 722 CON_ID 18 */
		    18 Query	COMMIT  /* QNO 721 CON_ID 18 */  /* QNO 723 CON_ID 18 */
		    18 Query	ROLLBACK /* QNO 724 CON_ID 18 */
		    18 Query	CREATE OR REPLACE VIEW transforms.view_28861_probe AS  ROLLBACK /* QNO 724 CON_ID 18 */  /* QNO 725 CON_ID 18 */
		    18 Query	ROLLBACK /* QNO 724 CON_ID 18 */  /* QNO 726 CON_ID 18 */
		    18 Query	COMMIT  /* QNO 727 CON_ID 18 */
		    18 Query	CREATE OR REPLACE VIEW transforms.view_28861_probe AS COMMIT  /* QNO 727 CON_ID 18 */  /* QNO 728 CON_ID 18 */
		    18 Query	COMMIT  /* QNO 727 CON_ID 18 */  /* QNO 729 CON_ID 18 */
		    20 Query	SET SESSION TRANSACTION ISOLATION LEVEL REPEATABLE READ /* QNO 765 CON_ID 20 */
		    18 Query	UPDATE /* t1_base_myisam_28861 table0_int table10_myisam_int_autoinc */ table10_innodb_int_autoinc SET `non_existing_column` = f1_3_28861 () WHERE col_tinyint BETWEEN 75 AND -17 + 2 /**/ AND ( `non_existing_column` IS NULL OR `non_existing_column` <> RAND( 2 ) )  /* QNO 730 CON_ID 18 */
		    20 Query	CREATE OR REPLACE VIEW transforms.view_28865_probe AS  SET SESSION TRANSACTION ISOLATION LEVEL REPEATABLE READ /* QNO 765 CON_ID 20 */  /* QNO 766 CON_ID 20 */
		    18 Query	PREPARE st1 FROM " UPDATE /* v1_trans_safe_for_sbr_28861 table10_int_autoinc table0_myisam_int */ t2_temp_innodb_28861 SET `non_existing_column` = -1.1 WHERE col_tinyint BETWEEN 116 AND -54 + 2 /**/ AND ( `non_existing_column` IS NULL OR `non_existing_column` <> ROW_COUNT() ) "  /* QNO 731 CON_ID 18 */
		    20 Query	SET SESSION TRANSACTION ISOLATION LEVEL REPEATABLE READ /* QNO 765 CON_ID 20 */  /* QNO 767 CON_ID 20 */
		    20 Query	/* GenTest::Transform::ExecuteAsTrigger */ CREATE DATABASE IF NOT EXISTS transforms /* QNO 768 CON_ID 20 */
		    18 Query	EXECUTE st1  /* QNO 732 CON_ID 18 */
		    20 Query	SHOW WARNINGS
		    20 Query	DROP TABLE IF EXISTS trigger28865 /* QNO 769 CON_ID 20 */
		    18 Query	DEALLOCATE PREPARE st1  /* QNO 733 CON_ID 18 */
		    18 Query	SET @aux = @aux  /* QNO 734 CON_ID 18 */
		    20 Query	SHOW WARNINGS
		    20 Query	CREATE TABLE IF NOT EXISTS trigger28865 (f1 INTEGER) /* QNO 770 CON_ID 20 */
		    18 Query	CREATE OR REPLACE VIEW transforms.view_28861_probe AS  SET @aux = @aux  /* QNO 734 CON_ID 18 */  /* QNO 735 CON_ID 18 */
		    18 Query	SET @aux = @aux  /* QNO 734 CON_ID 18 */  /* QNO 736 CON_ID 18 */
		    18 Query	/* GenTest::Transform::ExecuteAsTrigger */ CREATE DATABASE IF NOT EXISTS transforms /* QNO 737 CON_ID 18 */
		    18 Query	SHOW WARNINGS
		    18 Query	DROP TABLE IF EXISTS trigger28861 /* QNO 738 CON_ID 18 */
		    18 Query	SHOW WARNINGS
		    18 Query	CREATE TABLE IF NOT EXISTS trigger28861 (f1 INTEGER) /* QNO 739 CON_ID 18 */
		    19 Query	SET debug_dbug="+d,test_pseudo_invisible,test_completely_invisible,test_invisible_index" /* QNO 884 CON_ID 19 */
		    19 Query	CREATE OR REPLACE VIEW transforms.view_28863_probe AS SET debug_dbug="+d,test_pseudo_invisible,test_completely_invisible,test_invisible_index" /* QNO 884 CON_ID 19 */  /* QNO 885 CON_ID 19 */
		    19 Query	SET debug_dbug="+d,test_pseudo_invisible,test_completely_invisible,test_invisible_index" /* QNO 884 CON_ID 19 */  /* QNO 886 CON_ID 19 */
		    19 Query	/* GenTest::Transform::ExecuteAsTrigger */ CREATE DATABASE IF NOT EXISTS transforms /* QNO 887 CON_ID 19 */
		    19 Query	SHOW WARNINGS
		    19 Query	DROP TABLE IF EXISTS trigger28863 /* QNO 888 CON_ID 19 */
		    19 Query	SHOW WARNINGS
		    19 Query	CREATE TABLE IF NOT EXISTS trigger28863 (f1 INTEGER) /* QNO 889 CON_ID 19 */
		    20 Query	CREATE TRIGGER trigger28865 BEFORE INSERT ON trigger28865 FOR EACH ROW  SET SESSION TRANSACTION ISOLATION LEVEL REPEATABLE READ /* QNO 765 CON_ID 20 */ ; /* QNO 771 CON_ID 20 */
180102  3:28:05	    18 Query	CREATE TRIGGER trigger28861 BEFORE INSERT ON trigger28861 FOR EACH ROW  SET @aux = @aux  /* QNO 734 CON_ID 18 */ ; /* QNO 740 CON_ID 18 */
		    21 Query	ROLLBACK /* QNO 680 CON_ID 21 */
		    21 Query	CREATE OR REPLACE VIEW transforms.view_28867_probe AS  ROLLBACK /* QNO 680 CON_ID 21 */  /* QNO 681 CON_ID 21 */
		    21 Query	ROLLBACK /* QNO 680 CON_ID 21 */  /* QNO 682 CON_ID 21 */
		    21 Query	COMMIT  /* QNO 683 CON_ID 21 */
		    21 Query	CREATE OR REPLACE VIEW transforms.view_28867_probe AS COMMIT  /* QNO 683 CON_ID 21 */  /* QNO 684 CON_ID 21 */
		    21 Query	COMMIT  /* QNO 683 CON_ID 21 */  /* QNO 685 CON_ID 21 */
		    21 Query	SELECT col_tinyint, `col_year` FROM /* table0_int table10_int_autoinc t2_temp_myisam_28867 */ t1_temp_innodb_28867 WHERE col_tinyint BETWEEN 1 AND 94 + 2 AND ( `vcol_varchar` IS NULL OR `pk` <> CURRENT_USER() ) FOR UPDATE  /* QNO 686 CON_ID 21 */
		    21 Query	SAVEPOINT A  /* QNO 687 CON_ID 21 */
		    21 Query	CREATE OR REPLACE VIEW transforms.view_28867_probe AS  SAVEPOINT A  /* QNO 687 CON_ID 21 */  /* QNO 688 CON_ID 21 */
		    21 Query	SAVEPOINT A  /* QNO 687 CON_ID 21 */  /* QNO 689 CON_ID 21 */
		    21 Query	/* GenTest::Transform::ExecuteAsTrigger */ CREATE DATABASE IF NOT EXISTS transforms /* QNO 690 CON_ID 21 */
		    21 Query	SHOW WARNINGS
		    21 Query	DROP TABLE IF EXISTS trigger28867 /* QNO 691 CON_ID 21 */
		    21 Query	SHOW WARNINGS
		    21 Query	CREATE TABLE IF NOT EXISTS trigger28867 (f1 INTEGER) /* QNO 692 CON_ID 21 */
