qpfyltwxpuedorsfbhwvxqeiunhkufmhqnyxlqpdsdjmnrovijseqrhsisuprpxauwtajiqfxinkvsbuncpodlzbkqihewuueiahoygqgldvqprcnvlwfhxtdhvxhwyxfncdwqvesrfkactnerflgtofwemsvtdcelgcsxzucylkgxzgbfcdeiwunbsrttuvlsmgxslfpefkajsfvlzibxfcuyfsbwchlwqtasqrnxnigzjbozxruisyicwleplwbvixqfewqyfojmuuuvvqlryhbbwmjcuhswkhxbehyrvmihpiodypuussqbxlglcnpygscuigugenwtjzgtcsjnllnowqchrrajdspqjnwojlchqbevhtpbvpqyzymowacpdyzwdgpkgjzjohdzmxjwvegeijhqagcswnaodwgizuzneruherrghstchvyegmsyjaacwlggvzjsezkygyibzbhuojrkfhxmolfrslcqqiuikhqghobthvjlilzmlxszhbpoedetknwryksxhchrfhctzxxkvpogwfcfxdlweaigaszopypzizeasbiseswpxcokhtitpjpzxlgnwljxyvaiurnnrbaptppxtlduackjthcfpnqszfrdbqizldtesfuloodwkeejecrpmopjcwegegsxowawwatplcrlzrwmrpqyqyghsydjwlsxnbncmydzzvzxizmseuyaaxwhezxkryaybnhgowdnkpggczahpovpugqwfelksvpruyvmewzylqovkfntqbtvujlgcjrduainffurcgokvlpmfpfcpfakcmmcvkwnirxdpjbwkobteodlnxqppqvlylflaznslexfylwfkyodjnirrccmaclmaxnerkhkbcmuxeunvzyiixltycltygqdtgvppqhwrzgnueaxgzqfzecvyhwkiutrnopjsbzqgvrgbwyplstzqsjfyvfzyujitretfbocujhakdlwvdstiqxpveyvoqvyctjvrylnguuibhqpfyltwxpuedorsfbhwvxqeiunhkufmhqnyxlqpdsdjmnrovijseqrhsisuprpxauwtajiqfxinkvsbuncpodlzbkqihewuueiahoygqgldvqprcnvlwfhxtdhvxhwyxfncdwqvesrfkactnerflgtofwemsvtdcelgcsxzucylkgxzgbfcdeiwunbsrttuvlsmgxslfpefkajsfvlzibxfcuyfsbwchlwqtasqrnxnigzjbozxruisyicwleplwbvixqfewqyfojmuuuvvqlryhbbwmjcuhswkhxbehyrvmihpiodypuussqbxlglcnpygscuigugenwtjzgtcsjnllnowqchrrajdspqjnwojlchqbevhtpbvpqyzymowacpdyzwdgpkgjzjohdzmxjwvegeijhqagcswnaodwgizuzneruherrghstchvyegmsyjaacwlggvzjsezkygyibzbhuojrkfhxmolfrslcqqiuikhqghobthvjlilzmlxszhbpoedetknwryksxhchrfhctzxxkvpogwfcfxdlweaigaszopypzizeasbiseswpxcokhtitpjpzxlgnwljxyvaiurnnrbaptppxtlduackjthcfpnqszfrdbqizldtesfuloodwkeejecrpmopjcwegegsxowawwatplcrlzrwmrpqyqyghsydjwlsxnbncmydzzvzxizmseuyaaxwhezxkryaybnhgowdnkpggczahpovpugqwfelksvpruyvmewzylqovkfntqbtvujlgcjrduainffurcgokvlpmfpfcpfakcmmcvkwnirxdpjbwkobteodlnxqppqvlylflaznslexfylwfkyodjnirrccmaclmaxnerkhkbcmuxeunvzyiixltycltygqdtgvppqhwrzgnueaxgzqfzecvyhwkiutrnopjsbzqgvrgbwyplstzqsjfyvfzyujitretfbocujhakdlwvdstiqxpveyvoqvyctjvrylnguuibhqpfyltwxpuedorsfbhwvxqeiunhkufmhqnyxlqpdsdjmnrovijseqrhsisuprpxauwtajiqfxinkvsbuncpodlzbkqihewuueiahoygqgldvqprcnvlwfhxtdhvxhwyxfncdwqvesrfkactnerflgtofwemsvtdcelgcsxzucylkgxzgbfcdeiwunbsrttuvlsmgxslfpefkajsfvlzibxfcuyfsbwchlwqtasqrnxnigzjbozxruisyicwleplwbvixqfewqyfojmuuuvvqlryhbbwmjcuhswkhxbehyrvmihpiodypuussqbxlglcnpygscuigugenwtjzgtcsjnllnowqchrrajdspqjnwojlchqbevhtpbvpqyzymowacpdyzwdgpkgjzjohdzmxjwvegeijhqagcswnaodwgizuzneruherrghstchvyegmsyjaacwlggvzjsezkygyibzbhuojrkfhxmolfrslcqqiuikhqghobthvjlilzmlxszhbpoedetknwryksxhchrfhctzxxkvpogwfcfxdlweaigaszopypzizeasbiseswpxcokhtitpjpzxlgnwljxyvaiurnnrbaptppxtlduackjthcfpnqszfrdbqizldtesfuloodwkeejecrpmopjcwegegsxowawwatplcrlzrwmrpqyqyghsydjwlsxnbncmydzzvzxizmseuyaaxwhezxkryaybnhgowdnkpggczahpovpugqwfelksvpruyvmewzylqovkfntqbtvujlgcjrduainffurcgokvlpmfpfcpfakcmmcvkwnirxdpjbwkobteodlnxqppqvlylflaznslexfylwfkyodjnirrccmaclmaxnerkhkbcmuxeunvzyiixltycltygqdtgvppqhwrzgnueaxgzqfzecvyhwkiutrnopjsbzqgvrgbwyplstzqsjfyvfzyujitretfbocujhakdlwvdstiqxpveyvoqvyctjvrylnguuibhqpfyltwxpuedorsfbhwvxqeiunhkufmhqnyxlqpdsdjmnrovijseqrhsisuprpxauwtajiqfxinkvsbuncpodlzbkqihewuueiahoygqgldvqprcnvlwfhxtdhvxhwyxfncdwqvesrfkactnerflgtofwemsvtdcelgcsxzucylkgxzgbfcdeiwunbsrttuvlsmgxslfpefkajsfvlzibloodwkeejecrpmopjcwegegsxowawwatplcrlzrwmrpqyqyghsydjwlsxnbncmydzzvzxizmseuyaaxwhezxkryaybnhgowdnkpggczahpovpugqwfelksvpruyvmewzylqovkfntqbtvujlgcjrduainffurcgokvlpmfpfcpfakcmmcvkwnirxdpjbwkobteodlnxqppqvlylflaznslexfylwfkyodjnirrccmaclmaxnerkhkbcmuxeunvzyiixltycltygqdtgvppqhwrzgnueaxgzqfzecvyhwkiutrnopjsbzqgvrgbwyplstzqsjfyvfzyujitretfbocujhakdlwvdstiqxpveyvoqvyctjvrylnguuibhqpfyltwxpuedorsfbhwvxqeiunhkufmhqnyxlqpdsdjmnrovijseqrhsisuprpxauwtajiqfxinkvsbuncpodlzbkqihewuueiahoygqgldvqprcnvlwfhxtdhvxhwyxfncdwqvesrfkactnerflgtofwemsvtdcelgcsxzucylkgxzgbfcdeiwunbsrttuvlsmgxslfpefkajsfvlzib' USING LATIN1 )
		    21 Query	DROP TABLE IF EXISTS trigger28867 /* QNO 226 CON_ID 21 */
		    17 Query	COMMIT  /* QNO 218 CON_ID 17 */
		    17 Query	CREATE OR REPLACE VIEW transforms.view_28859_probe AS COMMIT  /* QNO 218 CON_ID 17 */  /* QNO 219 CON_ID 17 */
		    17 Query	COMMIT  /* QNO 218 CON_ID 17 */  /* QNO 220 CON_ID 17 */
		    17 Query	INSERT INTO test.table1_int /* table0_int v2_nontrans_unsafe_for_sbr_28859 t2_base_innodb_28859 */ ( `non_existing_column` ) SELECT `non_existing_column` FROM test1.t1_base_myisam_28859 /* table0_int_autoinc table10_myisam_int_autoinc v1_trans_unsafe_for_sbr_28859 */ AS A WHERE col_tinyint BETWEEN 81 AND -18 + 2 AND ( `non_existing_column` IS NULL OR `non_existing_column` <> VERSION() ) UNION SELECT `non_existing_column` FROM test1.v2_nontrans_unsafe_for_sbr_28859 /* table0_int_autoinc table1_myisam_int_autoinc table0_innodb_int_autoinc */ AS B WHERE col_tinyint BETWEEN -88 AND 9 + 2 AND ( `non_existing_column` IS NULL OR `non_existing_column` <> VERSION() )  /* QNO 221 CON_ID 17 */
		    17 Query	REPLACE INTO table0_myisam_int /* table10_int_autoinc v2_nontrans_unsafe_for_sbr_28859 table10_innodb_int_autoinc */ ( `non_existing_column`, col_tinyint ) VALUES ( @aux, -89 )  /* QNO 222 CON_ID 17 */
		    17 Query	INSERT INTO test.table0_int /* table0_int t1_temp_myisam_28859 table1_innodb_int_autoinc */ ( `non_existing_column` ) SELECT `non_existing_column` FROM test.table10_myisam_int /* table0_int table1_myisam_int_autoinc table0_innodb_int_autoinc */ AS A NATURAL JOIN table1_int_autoinc /* table10_int t1_temp_myisam_28859 table1_innodb_int */ B WHERE col_tinyint BETWEEN -112 AND 14 + 2 AND ( `non_existing_column` IS NULL OR `non_existing_column` <> UUID_SHORT() )  /* QNO 223 CON_ID 17 */
		    17 Query	START TRANSACTION /* QNO 224 CON_ID 17 */
		    17 Query	CREATE OR REPLACE VIEW transforms.view_28859_probe AS  START TRANSACTION /* QNO 224 CON_ID 17 */  /* QNO 225 CON_ID 17 */
		    17 Query	START TRANSACTION /* QNO 224 CON_ID 17 */  /* QNO 226 CON_ID 17 */
		    17 Query	SET SESSION TRANSACTION ISOLATION LEVEL READ COMMITTED /* QNO 227 CON_ID 17 */
		    17 Query	CREATE OR REPLACE VIEW transforms.view_28859_probe AS  SET SESSION TRANSACTION ISOLATION LEVEL READ COMMITTED /* QNO 227 CON_ID 17 */  /* QNO 228 CON_ID 17 */
		    17 Query	SET SESSION TRANSACTION ISOLATION LEVEL READ COMMITTED /* QNO 227 CON_ID 17 */  /* QNO 229 CON_ID 17 */
		    18 Query	DROP TABLE IF EXISTS trigger28861 /* QNO 300 CON_ID 18 */
		    17 Query	COMMIT  /* QNO 230 CON_ID 17 */
		    17 Query	CREATE OR REPLACE VIEW transforms.view_28859_probe AS COMMIT  /* QNO 230 CON_ID 17 */  /* QNO 231 CON_ID 17 */
		    17 Query	COMMIT  /* QNO 230 CON_ID 17 */  /* QNO 232 CON_ID 17 */
		    17 Query	PREPARE st1 FROM " DELETE FROM test1.table0_myisam_int_autoinc /* table0_int_autoinc v1_nontrans_safe_for_sbr_28859 t1_temp_innodb_28859 */ WHERE col_tinyint BETWEEN -17 AND -122 + 2 AND ( `non_existing_column` IS NULL OR `non_existing_column` <> USER() ) "  /* QNO 233 CON_ID 17 */
		    17 Query	EXECUTE st1  /* QNO 234 CON_ID 17 */
		    17 Query	DEALLOCATE PREPARE st1  /* QNO 235 CON_ID 17 */
		    17 Query	SAVEPOINT A  /* QNO 236 CON_ID 17 */
		    17 Query	CREATE OR REPLACE VIEW transforms.view_28859_probe AS  SAVEPOINT A  /* QNO 236 CON_ID 17 */  /* QNO 237 CON_ID 17 */
		    17 Query	SAVEPOINT A  /* QNO 236 CON_ID 17 */  /* QNO 238 CON_ID 17 */
		    17 Query	/* GenTest::Transform::ExecuteAsTrigger */ CREATE DATABASE IF NOT EXISTS transforms /* QNO 239 CON_ID 17 */
		    17 Query	SHOW WARNINGS
		    17 Query	DROP TABLE IF EXISTS trigger28859 /* QNO 240 CON_ID 17 */
		    17 Query	SHOW WARNINGS
		    17 Query	CREATE TABLE IF NOT EXISTS trigger28859 (f1 INTEGER) /* QNO 241 CON_ID 17 */
		    20 Query	COMMIT  /* QNO 253 CON_ID 20 */
		    20 Query	CREATE OR REPLACE VIEW transforms.view_28865_probe AS COMMIT  /* QNO 253 CON_ID 20 */  /* QNO 254 CON_ID 20 */
		    20 Query	COMMIT  /* QNO 253 CON_ID 20 */  /* QNO 255 CON_ID 20 */
		    20 Query	REPLACE INTO /* table10_innodb_int_autoinc table0_int table10_myisam_int */ v1_trans_safe_for_sbr_28865 ( `non_existing_column`, col_tinyint ) VALUES ( @aux, 18 )  /* QNO 256 CON_ID 20 */
		    20 Query	INSERT INTO /* table0_int table1_int_autoinc t1_base_myisam_28865 */ table0_innodb_int_autoinc ( `non_existing_column` ) SELECT `non_existing_column` FROM ( SELECT `non_existing_column` FROM /* table1_int table1_int t2_temp_myisam_28865 */ v1_trans_unsafe_for_sbr_28865 ) AS A WHERE col_tinyint BETWEEN -48 AND 60 + 2 AND ( `non_existing_column` IS NULL OR `non_existing_column` <> FOUND_ROWS() )  /* QNO 257 CON_ID 20 */
		    20 Query	START TRANSACTION /* QNO 258 CON_ID 20 */
		    20 Query	CREATE OR REPLACE VIEW transforms.view_28865_probe AS  START TRANSACTION /* QNO 258 CON_ID 20 */  /* QNO 259 CON_ID 20 */
		    20 Query	START TRANSACTION /* QNO 258 CON_ID 20 */  /* QNO 260 CON_ID 20 */
		    20 Query	SET SESSION TRANSACTION ISOLATION LEVEL REPEATABLE READ /* QNO 261 CON_ID 20 */
		    20 Query	CREATE OR REPLACE VIEW transforms.view_28865_probe AS  SET SESSION TRANSACTION ISOLATION LEVEL REPEATABLE READ /* QNO 261 CON_ID 20 */  /* QNO 262 CON_ID 20 */
		    20 Query	SET SESSION TRANSACTION ISOLATION LEVEL REPEATABLE READ /* QNO 261 CON_ID 20 */  /* QNO 263 CON_ID 20 */
		    20 Query	/* GenTest::Transform::ExecuteAsTrigger */ CREATE DATABASE IF NOT EXISTS transforms /* QNO 264 CON_ID 20 */
		    20 Query	SHOW WARNINGS
		    20 Query	DROP TABLE IF EXISTS trigger28865 /* QNO 265 CON_ID 20 */
		    20 Query	SHOW WARNINGS
		    20 Query	CREATE TABLE IF NOT EXISTS trigger28865 (f1 INTEGER) /* QNO 266 CON_ID 20 */
180102  3:27:01	    19 Query	CREATE TRIGGER trigger28863 BEFORE INSERT ON trigger28863 FOR EACH ROW  SET @aux = 'j'  /* QNO 363 CON_ID 19 */ ; /* QNO 369 CON_ID 19 */
		    20 Query	CREATE TRIGGER trigger28865 BEFORE INSERT ON trigger28865 FOR EACH ROW  SET SESSION TRANSACTION ISOLATION LEVEL REPEATABLE READ /* QNO 261 CON_ID 20 */ ; /* QNO 267 CON_ID 20 */
		    17 Query	CREATE TRIGGER trigger28859 BEFORE INSERT ON trigger28859 FOR EACH ROW  SAVEPOINT A  /* QNO 236 CON_ID 17 */ ; /* QNO 242 CON_ID 17 */
		    21 Query	SET debug_dbug= "+d,test_pseudo_invisible" /* QNO 227 CON_ID 21 */
		    21 Query	CREATE OR REPLACE VIEW transforms.view_28867_probe AS SET debug_dbug= "+d,test_pseudo_invisible" /* QNO 227 CON_ID 21 */  /* QNO 228 CON_ID 21 */
		    19 Query	INSERT INTO trigger28863 VALUES (1) /* TRANSFORM_OUTCOME_ANY */ /* QNO 370 CON_ID 19 */
		    20 Query	INSERT INTO trigger28865 VALUES (1) /* TRANSFORM_OUTCOME_ANY */ /* QNO 268 CON_ID 20 */
		    21 Query	SET debug_dbug= "+d,test_pseudo_invisible" /* QNO 227 CON_ID 21 */  /* QNO 229 CON_ID 21 */
		    21 Query	/* GenTest::Transform::ExecuteAsTrigger */ CREATE DATABASE IF NOT EXISTS transforms /* QNO 230 CON_ID 21 */
		    21 Query	SHOW WARNINGS
		    20 Query	SET  SESSION TRANSACTION ISOLATION LEVEL REPEATABLE READ
		    21 Query	DROP TABLE IF EXISTS trigger28867 /* QNO 231 CON_ID 21 */
		    17 Query	INSERT INTO trigger28859 VALUES (1) /* TRANSFORM_OUTCOME_ANY */ /* QNO 243 CON_ID 17 */
		    21 Query	SHOW WARNINGS
		    21 Query	CREATE TABLE IF NOT EXISTS trigger28867 (f1 INTEGER) /* QNO 232 CON_ID 21 */
		    17 Query	SAVEPOINT A
		    19 Query	SET  @aux = 'j'
		    18 Query	ROLLBACK TO SAVEPOINT A /* QNO 301 CON_ID 18 */
		    20 Query	DROP TABLE IF EXISTS trigger28865 /* QNO 269 CON_ID 20 */
		    18 Query	SET debug_dbug= "+d,test_pseudo_invisible" /* QNO 302 CON_ID 18 */
		    18 Query	CREATE OR REPLACE VIEW transforms.view_28861_probe AS SET debug_dbug= "+d,test_pseudo_invisible" /* QNO 302 CON_ID 18 */  /* QNO 303 CON_ID 18 */
		    18 Query	SET debug_dbug= "+d,test_pseudo_invisible" /* QNO 302 CON_ID 18 */  /* QNO 304 CON_ID 18 */
		    18 Query	/* GenTest::Transform::ExecuteAsTrigger */ CREATE DATABASE IF NOT EXISTS transforms /* QNO 305 CON_ID 18 */
		    18 Query	SHOW WARNINGS
		    18 Query	DROP TABLE IF EXISTS trigger28861 /* QNO 306 CON_ID 18 */
		    18 Query	SHOW WARNINGS
		    18 Query	CREATE TABLE IF NOT EXISTS trigger28861 (f1 INTEGER) /* QNO 307 CON_ID 18 */
		    16 Query	SELECT COUNT(*) FROM INFORMATION_SCHEMA.SPATIAL_REF_SYS
		    16 Query	SELECT COUNT(*) FROM INFORMATION_SCHEMA.CLIENT_STATISTICS
		    16 Query	SELECT COUNT(*) FROM INFORMATION_SCHEMA.INDEX_STATISTICS
		    16 Query	SELECT COUNT(*) FROM INFORMATION_SCHEMA.INNODB_SYS_DATAFILES
		    16 Query	SELECT COUNT(*) FROM INFORMATION_SCHEMA.USER_STATISTICS
		    16 Query	SELECT COUNT(*) FROM INFORMATION_SCHEMA.INNODB_SYS_TABLESTATS
		    16 Query	SELECT COUNT(*) FROM INFORMATION_SCHEMA.INNODB_LOCKS
		    16 Query	SELECT COUNT(*) FROM INFORMATION_SCHEMA.INNODB_TABLESPACES_SCRUBBING
		    16 Query	SELECT COUNT(*) FROM INFORMATION_SCHEMA.INNODB_CMPMEM
		    16 Query	SELECT COUNT(*) FROM INFORMATION_SCHEMA.INNODB_CMP_PER_INDEX
		    16 Query	SELECT COUNT(*) FROM INFORMATION_SCHEMA.INNODB_CMP
		    16 Query	SELECT COUNT(*) FROM INFORMATION_SCHEMA.INNODB_FT_DELETED
		    16 Query	SELECT COUNT(*) FROM INFORMATION_SCHEMA.INNODB_CMP_RESET
		    16 Query	SELECT COUNT(*) FROM INFORMATION_SCHEMA.INNODB_LOCK_WAITS
		    16 Query	SELECT COUNT(*) FROM INFORMATION_SCHEMA.TABLE_STATISTICS
		    17 Query	DROP TABLE IF EXISTS trigger28859 /* QNO 244 CON_ID 17 */
		    19 Query	DROP TABLE IF EXISTS trigger28863 /* QNO 371 CON_ID 19 */
		    16 Query	SELECT COUNT(*) FROM INFORMATION_SCHEMA.INNODB_TABLESPACES_ENCRYPTION
		    16 Query	SELECT COUNT(*) FROM INFORMATION_SCHEMA.INNODB_BUFFER_PAGE_LRU
		    16 Query	SELECT COUNT(*) FROM INFORMATION_SCHEMA.INNODB_SYS_FIELDS
		    16 Query	SELECT COUNT(*) FROM INFORMATION_SCHEMA.INNODB_CMPMEM_RESET
		    16 Query	SELECT COUNT(*) FROM INFORMATION_SCHEMA.INNODB_SYS_COLUMNS
		    16 Query	SELECT COUNT(*) FROM INFORMATION_SCHEMA.INNODB_FT_INDEX_TABLE
		    16 Query	SELECT COUNT(*) FROM INFORMATION_SCHEMA.INNODB_CMP_PER_INDEX_RESET
		    16 Query	SELECT COUNT(*) FROM INFORMATION_SCHEMA.user_variables
		    16 Query	SELECT COUNT(*) FROM INFORMATION_SCHEMA.INNODB_FT_INDEX_CACHE
		    16 Query	SELECT COUNT(*) FROM INFORMATION_SCHEMA.INNODB_SYS_FOREIGN_COLS
		    16 Query	SELECT COUNT(*) FROM INFORMATION_SCHEMA.INNODB_FT_BEING_DELETED
		    16 Query	SELECT COUNT(*) FROM INFORMATION_SCHEMA.INNODB_BUFFER_POOL_STATS
		    16 Query	SELECT COUNT(*) FROM INFORMATION_SCHEMA.INNODB_TRX
		    16 Query	SELECT COUNT(*) FROM INFORMATION_SCHEMA.INNODB_SYS_FOREIGN
		    16 Query	SELECT COUNT(*) FROM INFORMATION_SCHEMA.INNODB_SYS_TABLES
		    16 Query	SELECT COUNT(*) FROM INFORMATION_SCHEMA.INNODB_FT_DEFAULT_STOPWORD
		    16 Query	SELECT COUNT(*) FROM INFORMATION_SCHEMA.INNODB_FT_CONFIG
		    16 Query	SELECT COUNT(*) FROM INFORMATION_SCHEMA.INNODB_BUFFER_PAGE
180102  3:27:02	    16 Query	SELECT COUNT(*) FROM INFORMATION_SCHEMA.INNODB_SYS_TABLESPACES
		    16 Query	SELECT COUNT(*) FROM INFORMATION_SCHEMA.INNODB_METRICS
		    16 Query	SELECT COUNT(*) FROM INFORMATION_SCHEMA.INNODB_SYS_INDEXES
		    16 Query	SELECT COUNT(*) FROM INFORMATION_SCHEMA.INNODB_SYS_VIRTUAL
		    16 Query	SELECT COUNT(*) FROM INFORMATION_SCHEMA.INNODB_MUTEXES
		    16 Query	SELECT COUNT(*) FROM INFORMATION_SCHEMA.INNODB_SYS_SEMAPHORE_WAITS
		    16 Query	SELECT collation_name,character_set_name FROM information_schema.collations
		    16 Query	COMMIT  /* QNO 233 CON_ID 16 */
		    16 Query	CREATE OR REPLACE VIEW transforms.view_28858_probe AS COMMIT  /* QNO 233 CON_ID 16 */  /* QNO 234 CON_ID 16 */
		    16 Query	COMMIT  /* QNO 233 CON_ID 16 */  /* QNO 235 CON_ID 16 */
		    16 Query	DELETE test1.A, test.B FROM test1.table1_int_autoinc /* table10_int_autoinc v2_nontrans_safe_for_sbr_28858 t2_temp_innodb_28858 */ AS A NATURAL JOIN test.t1_base_myisam_28858 /* table1_int table10_myisam_int_autoinc table1_innodb_int */ B WHERE col_tinyint BETWEEN -12 AND 118 + 2 AND ( `non_existing_column` IS NULL OR `non_existing_column` <> VERSION() )  /* QNO 236 CON_ID 16 */
		    16 Query	START TRANSACTION /* QNO 237 CON_ID 16 */
		    16 Query	CREATE OR REPLACE VIEW transforms.view_28858_probe AS  START TRANSACTION /* QNO 237 CON_ID 16 */  /* QNO 238 CON_ID 16 */
		    16 Query	START TRANSACTION /* QNO 237 CON_ID 16 */  /* QNO 239 CON_ID 16 */
		    16 Query	COMMIT  /* QNO 240 CON_ID 16 */
		    16 Query	CREATE OR REPLACE VIEW transforms.view_28858_probe AS COMMIT  /* QNO 240 CON_ID 16 */  /* QNO 241 CON_ID 16 */
		    16 Query	COMMIT  /* QNO 240 CON_ID 16 */  /* QNO 242 CON_ID 16 */
		    16 Query	CREATE FUNCTION f1__28858 () RETURNS TINYINT RETURN ( SELECT MAX( col_tinyint ) FROM test1.table1_int_autoinc /* table10_int t2_temp_myisam_28858 table0_innodb_int */ WHERE col_tinyint BETWEEN -16 AND 123 + 2 AND ( `non_existing_column` IS NULL OR `non_existing_column` <> UUID() ) )  /* QNO 243 CON_ID 16 */
		    16 Query	CREATE OR REPLACE VIEW view_28858_inline_0 AS  SELECT MAX( col_tinyint ) FROM test1.table1_int_autoinc /* table10_int t2_temp_myisam_28858 table0_innodb_int */ WHERE col_tinyint BETWEEN -16 AND 123 + 2 AND ( `non_existing_column` IS NULL OR `non_existing_column` <> UUID() )  /* QNO 244 CON_ID 16 */
		    16 Query	/* GenTest::Transform::DisableIndexes */ ALTER TABLE t1 DISABLE KEYS; ALTER TABLE t2 DISABLE KEYS; ALTER TABLE t3 DISABLE KEYS; ALTER TABLE t4 DISABLE KEYS; ALTER TABLE t5 DISABLE KEYS; ALTER TABLE t6 DISABLE KEYS; ALTER TABLE t7 DISABLE KEYS; ALTER TABLE t8 DISABLE KEYS; ALTER TABLE t9 DISABLE KEYS; ALTER TABLE trigger28863 DISABLE KEYS; ALTER TABLE view_t1 DISABLE KEYS; ALTER TABLE view_t2 DISABLE KEYS; ALTER TABLE view_t3 DISABLE KEYS; ALTER TABLE view_t4 DISABLE KEYS; ALTER TABLE view_t5 DISABLE KEYS; ALTER TABLE view_t6 DISABLE KEYS; ALTER TABLE view_t7 DISABLE KEYS; ALTER TABLE view_t8 DISABLE KEYS; ALTER TABLE view_t9 DISABLE KEYS /* QNO 245 CON_ID 16 */
		    21 Query	CREATE TRIGGER trigger28867 BEFORE INSERT ON trigger28867 FOR EACH ROW SET debug_dbug= "+d,test_pseudo_invisible" /* QNO 227 CON_ID 21 */ ; /* QNO 233 CON_ID 21 */
		    18 Query	CREATE TRIGGER trigger28861 BEFORE INSERT ON trigger28861 FOR EACH ROW SET debug_dbug= "+d,test_pseudo_invisible" /* QNO 302 CON_ID 18 */ ; /* QNO 308 CON_ID 18 */
180102  3:27:03	    18 Query	INSERT INTO trigger28861 VALUES (1) /* TRANSFORM_OUTCOME_ANY */ /* QNO 309 CON_ID 18 */
		    20 Query	COMMIT  /* QNO 270 CON_ID 20 */
		    20 Query	CREATE OR REPLACE VIEW transforms.view_28865_probe AS COMMIT  /* QNO 270 CON_ID 20 */  /* QNO 271 CON_ID 20 */
		    20 Query	COMMIT  /* QNO 270 CON_ID 20 */  /* QNO 272 CON_ID 20 */
		    20 Query	PREPARE st1 FROM " DELETE LOW_PRIORITY test1.A, test.B FROM test1./* table1_myisam_int table1_int table1_myisam_int_autoinc */ table1_innodb_int_autoinc AS A NATURAL JOIN test./* t2_base_myisam_28865 table10_int_autoinc t1_base_myisam_28865 */ table0_innodb_int B WHERE col_tinyint BETWEEN -50 AND -62 + 2 AND ( `non_existing_column` IS NULL OR `non_existing_column` <> RAND( 6 ) ) "  /* QNO 273 CON_ID 20 */
		    20 Query	EXECUTE st1  /* QNO 274 CON_ID 20 */
		    20 Query	DEALLOCATE PREPARE st1  /* QNO 275 CON_ID 20 */
		    20 Query	COMMIT /* QNO 276 CON_ID 20 */
		    20 Query	CREATE OR REPLACE VIEW transforms.view_28865_probe AS  COMMIT /* QNO 276 CON_ID 20 */  /* QNO 277 CON_ID 20 */
		    20 Query	COMMIT /* QNO 276 CON_ID 20 */  /* QNO 278 CON_ID 20 */
		    20 Query	COMMIT  /* QNO 279 CON_ID 20 */
		    20 Query	CREATE OR REPLACE VIEW transforms.view_28865_probe AS COMMIT  /* QNO 279 CON_ID 20 */  /* QNO 280 CON_ID 20 */
		    20 Query	COMMIT  /* QNO 279 CON_ID 20 */  /* QNO 281 CON_ID 20 */
		    20 Query	SET @aux = CONVERT( 'bykjyi' USING BINARY )  /* QNO 282 CON_ID 20 */
		    20 Query	CREATE OR REPLACE VIEW transforms.view_28865_probe AS  SET @aux = CONVERT( 'bykjyi' USING BINARY )  /* QNO 282 CON_ID 20 */  /* QNO 283 CON_ID 20 */
		    20 Query	SET @aux = CONVERT( 'bykjyi' USING BINARY )  /* QNO 282 CON_ID 20 */  /* QNO 284 CON_ID 20 */
		    20 Query	/* GenTest::Transform::ExecuteAsTrigger */ CREATE DATABASE IF NOT EXISTS transforms /* QNO 285 CON_ID 20 */
		    20 Query	SHOW WARNINGS
		    20 Query	DROP TABLE IF EXISTS trigger28865 /* QNO 286 CON_ID 20 */
		    20 Query	SHOW WARNINGS
		    20 Query	CREATE TABLE IF NOT EXISTS trigger28865 (f1 INTEGER) /* QNO 287 CON_ID 20 */
		    18 Query	SET  debug_dbug= "+d,test_pseudo_invisible"
		    21 Query	INSERT INTO trigger28867 VALUES (1) /* TRANSFORM_OUTCOME_ANY */ /* QNO 234 CON_ID 21 */
		    21 Query	SET  debug_dbug= "+d,test_pseudo_invisible"
		    18 Query	DROP TABLE IF EXISTS trigger28861 /* QNO 310 CON_ID 18 */
		    19 Query	ROLLBACK /* QNO 372 CON_ID 19 */
		    19 Query	CREATE OR REPLACE VIEW transforms.view_28863_probe AS  ROLLBACK /* QNO 372 CON_ID 19 */  /* QNO 373 CON_ID 19 */
		    19 Query	ROLLBACK /* QNO 372 CON_ID 19 */  /* QNO 374 CON_ID 19 */
		    17 Query	COMMIT  /* QNO 245 CON_ID 17 */
		    17 Query	CREATE OR REPLACE VIEW transforms.view_28859_probe AS COMMIT  /* QNO 245 CON_ID 17 */  /* QNO 246 CON_ID 17 */
		    17 Query	COMMIT  /* QNO 245 CON_ID 17 */  /* QNO 247 CON_ID 17 */
		    17 Query	REPLACE INTO test1./* table0_myisam_int_autoinc table1_int table10_myisam_int_autoinc */ v2_trans_unsafe_for_sbr_28859 ( `non_existing_column`, col_tinyint ) VALUES ( -78, 72 ), ( @aux, -55 )  /* QNO 248 CON_ID 17 */
		    17 Query	DROP INDEX idx_will_fail ON does_not_exist /* QNO 249 CON_ID 17 */
		    19 Query	COMMIT  /* QNO 375 CON_ID 19 */
		    19 Query	CREATE OR REPLACE VIEW transforms.view_28863_probe AS COMMIT  /* QNO 375 CON_ID 19 */  /* QNO 376 CON_ID 19 */
		    17 Query	UPDATE /* table1_innodb_int table1_int v2_nontrans_safe_for_sbr_28859 */ table10_innodb_int_autoinc SET `non_existing_column` = col_tinyint WHERE col_tinyint BETWEEN -97 AND 23 + 0 AND `non_existing_column` IS NULL  /* QNO 250 CON_ID 17 */
		    19 Query	COMMIT  /* QNO 375 CON_ID 19 */  /* QNO 377 CON_ID 19 */
		    17 Query	COMMIT /* QNO 251 CON_ID 17 */
		    19 Query	USE test  /* QNO 378 CON_ID 19 */
		    17 Query	CREATE OR REPLACE VIEW transforms.view_28859_probe AS  COMMIT /* QNO 251 CON_ID 17 */  /* QNO 252 CON_ID 17 */
		    19 Query	CREATE OR REPLACE VIEW transforms.view_28863_probe AS  USE test  /* QNO 378 CON_ID 19 */  /* QNO 379 CON_ID 19 */
		    17 Query	COMMIT /* QNO 251 CON_ID 17 */  /* QNO 253 CON_ID 17 */
		    19 Query	USE test  /* QNO 378 CON_ID 19 */  /* QNO 380 CON_ID 19 */
		    19 Query	PREPARE st1 FROM " UPDATE test1.table10_myisam_int_autoinc /* table1_int table1_myisam_int_autoinc table0_innodb_int_autoinc */ AS A NATURAL JOIN v2_nontrans_unsafe_for_sbr_28863 /* table1_int table0_myisam_int t2_temp_innodb_28863 */ B SET A.`vcol_time` = '2009-08-11 15:33:27.033976', B.`vcol_varchar` = '16:52:36.060071' WHERE col_tinyint BETWEEN -6 AND -113 + 2 AND ( `col_char` IS NULL OR `col_enum` <> ROW_COUNT() ) "  /* QNO 381 CON_ID 19 */
		    17 Query	SET debug_dbug= "+d,test_pseudo_invisible" /* QNO 254 CON_ID 17 */
		    17 Query	CREATE OR REPLACE VIEW transforms.view_28859_probe AS SET debug_dbug= "+d,test_pseudo_invisible" /* QNO 254 CON_ID 17 */  /* QNO 255 CON_ID 17 */
		    19 Query	EXECUTE st1  /* QNO 382 CON_ID 19 */
		    17 Query	SET debug_dbug= "+d,test_pseudo_invisible" /* QNO 254 CON_ID 17 */  /* QNO 256 CON_ID 17 */
		    19 Query	DEALLOCATE PREPARE st1  /* QNO 383 CON_ID 19 */
		    17 Query	/* GenTest::Transform::ExecuteAsTrigger */ CREATE DATABASE IF NOT EXISTS transforms /* QNO 257 CON_ID 17 */
		    19 Query	COMMIT /* QNO 384 CON_ID 19 */
		    17 Query	SHOW WARNINGS
		    19 Query	CREATE OR REPLACE VIEW transforms.view_28863_probe AS  COMMIT /* QNO 384 CON_ID 19 */  /* QNO 385 CON_ID 19 */
		    17 Query	DROP TABLE IF EXISTS trigger28859 /* QNO 258 CON_ID 17 */
		    19 Query	COMMIT /* QNO 384 CON_ID 19 */  /* QNO 386 CON_ID 19 */
		    17 Query	SHOW WARNINGS
		    17 Query	CREATE TABLE IF NOT EXISTS trigger28859 (f1 INTEGER) /* QNO 259 CON_ID 17 */
		    19 Query	COMMIT  /* QNO 387 CON_ID 19 */
		    21 Query	DROP TABLE IF EXISTS trigger28867 /* QNO 235 CON_ID 21 */
		    19 Query	CREATE OR REPLACE VIEW transforms.view_28863_probe AS COMMIT  /* QNO 387 CON_ID 19 */  /* QNO 388 CON_ID 19 */
		    19 Query	COMMIT  /* QNO 387 CON_ID 19 */  /* QNO 389 CON_ID 19 */
		    19 Query	UPDATE t2_temp_innodb_28863 /* table10_int_autoinc table0_myisam_int_autoinc table0_innodb_int */ AS A NATURAL JOIN table1_myisam_int_autoinc /* table0_int_autoinc table0_myisam_int v2_trans_safe_for_sbr_28863 */ B SET A.`vcol_bit` = '2020-09-26 23:57:10.029500', B.`vcol_datetime` = CURRENT_USER() WHERE col_tinyint BETWEEN -86 AND 104 + 2 AND ( `vcol_date` IS NULL OR `col_int` <> RAND( 8 ) )  /* QNO 390 CON_ID 19 */
		    19 Query	ROLLBACK /* QNO 391 CON_ID 19 */
		    19 Query	CREATE OR REPLACE VIEW transforms.view_28863_probe AS  ROLLBACK /* QNO 391 CON_ID 19 */  /* QNO 392 CON_ID 19 */
		    19 Query	ROLLBACK /* QNO 391 CON_ID 19 */  /* QNO 393 CON_ID 19 */
		    19 Query	SET GLOBAL TRANSACTION ISOLATION LEVEL REPEATABLE READ /* QNO 394 CON_ID 19 */
		    19 Query	CREATE OR REPLACE VIEW transforms.view_28863_probe AS  SET GLOBAL TRANSACTION ISOLATION LEVEL REPEATABLE READ /* QNO 394 CON_ID 19 */  /* QNO 395 CON_ID 19 */
		    19 Query	SET GLOBAL TRANSACTION ISOLATION LEVEL REPEATABLE READ /* QNO 394 CON_ID 19 */  /* QNO 396 CON_ID 19 */
		    19 Query	/* GenTest::Transform::ExecuteAsTrigger */ CREATE DATABASE IF NOT EXISTS transforms /* QNO 397 CON_ID 19 */
		    19 Query	SHOW WARNINGS
		    19 Query	DROP TABLE IF EXISTS trigger28863 /* QNO 398 CON_ID 19 */
		    19 Query	SHOW WARNINGS
		    19 Query	CREATE TABLE IF NOT EXISTS trigger28863 (f1 INTEGER) /* QNO 399 CON_ID 19 */
		    20 Query	CREATE TRIGGER trigger28865 BEFORE INSERT ON trigger28865 FOR EACH ROW  SET @aux = CONVERT( 'bykjyi' USING BINARY )  /* QNO 282 CON_ID 20 */ ; /* QNO 288 CON_ID 20 */
180102  3:27:04	    17 Query	CREATE TRIGGER trigger28859 BEFORE INSERT ON trigger28859 FOR EACH ROW SET debug_dbug= "+d,test_pseudo_invisible" /* QNO 254 CON_ID 17 */ ; /* QNO 260 CON_ID 17 */
		    19 Query	CREATE TRIGGER trigger28863 BEFORE INSERT ON trigger28863 FOR EACH ROW  SET GLOBAL TRANSACTION ISOLATION LEVEL REPEATABLE READ /* QNO 394 CON_ID 19 */ ; /* QNO 400 CON_ID 19 */
		    17 Query	INSERT INTO trigger28859 VALUES (1) /* TRANSFORM_OUTCOME_ANY */ /* QNO 261 CON_ID 17 */
		    20 Query	INSERT INTO trigger28865 VALUES (1) /* TRANSFORM_OUTCOME_ANY */ /* QNO 289 CON_ID 20 */
		    20 Query	SET  @aux = CONVERT( 'bykjyi' USING BINARY )
		    17 Query	SET  debug_dbug= "+d,test_pseudo_invisible"
		    20 Query	DROP TABLE IF EXISTS trigger28865 /* QNO 290 CON_ID 20 */
		    18 Query	SET GLOBAL TRANSACTION ISOLATION LEVEL READ UNCOMMITTED /* QNO 311 CON_ID 18 */
		    18 Query	CREATE OR REPLACE VIEW transforms.view_28861_probe AS  SET GLOBAL TRANSACTION ISOLATION LEVEL READ UNCOMMITTED /* QNO 311 CON_ID 18 */  /* QNO 312 CON_ID 18 */
		    18 Query	SET GLOBAL TRANSACTION ISOLATION LEVEL READ UNCOMMITTED /* QNO 311 CON_ID 18 */  /* QNO 313 CON_ID 18 */
		    18 Query	SET GLOBAL TRANSACTION ISOLATION LEVEL REPEATABLE READ /* QNO 314 CON_ID 18 */
		    18 Query	CREATE OR REPLACE VIEW transforms.view_28861_probe AS  SET GLOBAL TRANSACTION ISOLATION LEVEL REPEATABLE READ /* QNO 314 CON_ID 18 */  /* QNO 315 CON_ID 18 */
		    18 Query	SET GLOBAL TRANSACTION ISOLATION LEVEL REPEATABLE READ /* QNO 314 CON_ID 18 */  /* QNO 316 CON_ID 18 */
		    18 Query	/* GenTest::Transform::ExecuteAsTrigger */ CREATE DATABASE IF NOT EXISTS transforms /* QNO 317 CON_ID 18 */
		    18 Query	SHOW WARNINGS
		    18 Query	DROP TABLE IF EXISTS trigger28861 /* QNO 318 CON_ID 18 */
		    18 Query	SHOW WARNINGS
		    18 Query	CREATE TABLE IF NOT EXISTS trigger28861 (f1 INTEGER) /* QNO 319 CON_ID 18 */
		    21 Query	SET SESSION TRANSACTION ISOLATION LEVEL REPEATABLE READ /* QNO 236 CON_ID 21 */
		    21 Query	CREATE OR REPLACE VIEW transforms.view_28867_probe AS  SET SESSION TRANSACTION ISOLATION LEVEL REPEATABLE READ /* QNO 236 CON_ID 21 */  /* QNO 237 CON_ID 21 */
		    21 Query	SET SESSION TRANSACTION ISOLATION LEVEL REPEATABLE READ /* QNO 236 CON_ID 21 */  /* QNO 238 CON_ID 21 */
		    21 Query	/* GenTest::Transform::ExecuteAsTrigger */ CREATE DATABASE IF NOT EXISTS transforms /* QNO 239 CON_ID 21 */
		    21 Query	SHOW WARNINGS
		    21 Query	DROP TABLE IF EXISTS trigger28867 /* QNO 240 CON_ID 21 */
		    21 Query	SHOW WARNINGS
		    21 Query	CREATE TABLE IF NOT EXISTS trigger28867 (f1 INTEGER) /* QNO 241 CON_ID 21 */
		    17 Query	DROP TABLE IF EXISTS trigger28859 /* QNO 262 CON_ID 17 */
180102  3:27:05	    19 Query	INSERT INTO trigger28863 VALUES (1) /* TRANSFORM_OUTCOME_ANY */ /* QNO 401 CON_ID 19 */
		    21 Query	CREATE TRIGGER trigger28867 BEFORE INSERT ON trigger28867 FOR EACH ROW  SET SESSION TRANSACTION ISOLATION LEVEL REPEATABLE READ /* QNO 236 CON_ID 21 */ ; /* QNO 242 CON_ID 21 */
		    19 Query	SET  GLOBAL TRANSACTION ISOLATION LEVEL REPEATABLE READ
		    19 Query	DROP TABLE IF EXISTS trigger28863 /* QNO 402 CON_ID 19 */
		    20 Query	ROLLBACK /* QNO 291 CON_ID 20 */
		    20 Query	CREATE OR REPLACE VIEW transforms.view_28865_probe AS  ROLLBACK /* QNO 291 CON_ID 20 */  /* QNO 292 CON_ID 20 */
		    20 Query	ROLLBACK /* QNO 291 CON_ID 20 */  /* QNO 293 CON_ID 20 */
		    20 Query	SET SESSION TRANSACTION ISOLATION LEVEL READ UNCOMMITTED /* QNO 294 CON_ID 20 */
		    20 Query	CREATE OR REPLACE VIEW transforms.view_28865_probe AS  SET SESSION TRANSACTION ISOLATION LEVEL READ UNCOMMITTED /* QNO 294 CON_ID 20 */  /* QNO 295 CON_ID 20 */
		    20 Query	SET SESSION TRANSACTION ISOLATION LEVEL READ UNCOMMITTED /* QNO 294 CON_ID 20 */  /* QNO 296 CON_ID 20 */
		    20 Query	COMMIT  /* QNO 297 CON_ID 20 */
		    20 Query	CREATE OR REPLACE VIEW transforms.view_28865_probe AS COMMIT  /* QNO 297 CON_ID 20 */  /* QNO 298 CON_ID 20 */
		    20 Query	COMMIT  /* QNO 297 CON_ID 20 */  /* QNO 299 CON_ID 20 */
		    20 Query	SELECT col_tinyint, `non_existing_column` FROM /* t1_temp_innodb_28865 table0_int table0_myisam_int */ t2_base_innodb_28865 WHERE col_tinyint BETWEEN -10 AND 1 + 2 AND ( `non_existing_column` IS NULL OR `non_existing_column` <> UUID() ) FOR UPDATE  /* QNO 300 CON_ID 20 */
		    20 Query	SELECT col_tinyint, `non_existing_column` FROM /* v2_trans_safe_for_sbr_28865 table0_int table0_myisam_int_autoinc */ t2_base_innodb_28865 WHERE col_tinyint BETWEEN 119 AND -111 + 2 AND ( `non_existing_column` IS NULL OR `non_existing_column` <> VERSION() ) FOR UPDATE  /* QNO 301 CON_ID 20 */
		    20 Query	ROLLBACK /* QNO 302 CON_ID 20 */
		    20 Query	CREATE OR REPLACE VIEW transforms.view_28865_probe AS  ROLLBACK /* QNO 302 CON_ID 20 */  /* QNO 303 CON_ID 20 */
		    20 Query	ROLLBACK /* QNO 302 CON_ID 20 */  /* QNO 304 CON_ID 20 */
		    20 Query	FLUSH LOGS /* QNO 305 CON_ID 20 */
/home/elenst/git/10.3/sql/mysqld, Version: 10.3.4-MariaDB-debug-log (Source distribution). started with:
Tcp port: 10720  Unix socket: /home/elenst/test_results/hidden-1/current1_1/mysql.sock
Time		    Id Command	Argument
180102  3:27:06	    18 Query	CREATE TRIGGER trigger28861 BEFORE INSERT ON trigger28861 FOR EACH ROW  SET GLOBAL TRANSACTION ISOLATION LEVEL REPEATABLE READ /* QNO 314 CON_ID 18 */ ; /* QNO 320 CON_ID 18 */
		    21 Query	INSERT INTO trigger28867 VALUES (1) /* TRANSFORM_OUTCOME_ANY */ /* QNO 243 CON_ID 21 */
		    20 Query	CREATE OR REPLACE VIEW transforms.view_28865_probe AS  FLUSH LOGS /* QNO 305 CON_ID 20 */  /* QNO 306 CON_ID 20 */
		    20 Query	FLUSH LOGS /* QNO 305 CON_ID 20 */  /* QNO 307 CON_ID 20 */
/home/elenst/git/10.3/sql/mysqld, Version: 10.3.4-MariaDB-debug-log (Source distribution). started with:
Tcp port: 10720  Unix socket: /home/elenst/test_results/hidden-1/current1_1/mysql.sock
Time		    Id Command	Argument
		    17 Query	COMMIT  /* QNO 263 CON_ID 17 */
		    17 Query	CREATE OR REPLACE VIEW transforms.view_28859_probe AS COMMIT  /* QNO 263 CON_ID 17 */  /* QNO 264 CON_ID 17 */
		    17 Query	COMMIT  /* QNO 263 CON_ID 17 */  /* QNO 265 CON_ID 17 */
		    17 Query	DELETE LOW_PRIORITY FROM test1./* t1_temp_myisam_28859 table1_int_autoinc table0_myisam_int */ table10_innodb_int_autoinc WHERE col_tinyint BETWEEN -103 AND 64 + 2 AND ( `non_existing_column` IS NULL OR `non_existing_column` <> RAND( 0 ) )  /* QNO 266 CON_ID 17 */
		    17 Query	START TRANSACTION /* QNO 267 CON_ID 17 */
		    17 Query	CREATE OR REPLACE VIEW transforms.view_28859_probe AS  START TRANSACTION /* QNO 267 CON_ID 17 */  /* QNO 268 CON_ID 17 */
		    17 Query	START TRANSACTION /* QNO 267 CON_ID 17 */  /* QNO 269 CON_ID 17 */
		    17 Query	SET SESSION TRANSACTION ISOLATION LEVEL REPEATABLE READ /* QNO 270 CON_ID 17 */
		    17 Query	CREATE OR REPLACE VIEW transforms.view_28859_probe AS  SET SESSION TRANSACTION ISOLATION LEVEL REPEATABLE READ /* QNO 270 CON_ID 17 */  /* QNO 271 CON_ID 17 */
		    17 Query	SET SESSION TRANSACTION ISOLATION LEVEL REPEATABLE READ /* QNO 270 CON_ID 17 */  /* QNO 272 CON_ID 17 */
		    17 Query	/* GenTest::Transform::ExecuteAsTrigger */ CREATE DATABASE IF NOT EXISTS transforms /* QNO 273 CON_ID 17 */
		    16 Query	CREATE FUNCTION f1__28858 () RETURNS TINYINT RETURN ( SELECT MAX( col_tinyint ) FROM test1.table1_int_autoinc /* table10_int t2_temp_myisam_28858 table0_innodb_int */ WHERE col_tinyint BETWEEN -16 AND 123 + 2 AND ( `non_existing_column` IS NULL OR `non_existing_column` <> UUID() ) )  /* QNO 243 CON_ID 16 */  /* TRANSFORM_OUTCOME_UNORDERED_MATCH */ /* QNO 246 CON_ID 16 */
		    21 Query	SET  SESSION TRANSACTION ISOLATION LEVEL REPEATABLE READ
		    16 Query	/* GenTest::Transform::Distinct */  CREATE FUNCTION f1__28858 () RETURNS TINYINT RETURN ( SELECT DISTINCT MAX( col_tinyint ) FROM test1.table1_int_autoinc /* table10_int t2_temp_myisam_28858 table0_innodb_int */ WHERE col_tinyint BETWEEN -16 AND 123 + 2 AND ( `non_existing_column` IS NULL OR `non_existing_column` <> UUID() ) )  /* QNO 243 CON_ID 16 */  /* TRANSFORM_OUTCOME_DISTINCT */  /* QNO 247 CON_ID 16 */
		    16 Query	/* GenTest::Transform::ExecuteAsCTE */  CREATE FUNCTION f1__28858() RETURNS TINYINT RETURN( WITH cte2 AS ( SELECT MAX( col_tinyint) FROM test1.table1_int_autoinc /* table10_int t2_temp_myisam_28858 table0_innodb_int */ WHERE col_tinyint BETWEEN -16 AND 123 + 2 AND( `non_existing_column` IS NULL OR `non_existing_column` <> UUID()) ) SELECT * FROM cte2 ) /* QNO 243 CON_ID 16 */ /* TRANSFORM_OUTCOME_UNORDERED_MATCH */ /* QNO 248 CON_ID 16 */
		    16 Query	/* GenTest::Transform::ExecuteAsDerived */  CREATE FUNCTION f1__28858 () RETURNS TINYINT RETURN ( SELECT * FROM ( SELECT MAX( col_tinyint ) FROM test1.table1_int_autoinc /* table10_int t2_temp_myisam_28858 table0_innodb_int */ WHERE col_tinyint BETWEEN -16 AND 123 + 2 AND ( `non_existing_column` IS NULL OR `non_existing_column` <> UUID() ) )  /* QNO 243 CON_ID 16 */  ) AS DERIVED_TABLE  /* TRANSFORM_OUTCOME_UNORDERED_MATCH */ /* QNO 249 CON_ID 16 */
		    16 Query	/* GenTest::Transform::ExecuteAsExecuteImmediate */ EXECUTE IMMEDIATE ' CREATE FUNCTION f1__28858 () RETURNS TINYINT RETURN ( SELECT MAX( col_tinyint ) FROM test1.table1_int_autoinc /* table10_int t2_temp_myisam_28858 table0_innodb_int */ WHERE col_tinyint BETWEEN -16 AND 123 + 2 AND ( `non_existing_column` IS NULL OR `non_existing_column` <> UUID() ) )  /* QNO 243 CON_ID 16 */ ' /* TRANSFORM_OUTCOME_UNORDERED_MATCH */ /* QNO 250 CON_ID 16 */
		    16 Query	CREATE OR REPLACE VIEW transforms.view_28858_probe AS  CREATE FUNCTION f1__28858 () RETURNS TINYINT RETURN ( SELECT MAX( col_tinyint ) FROM test1.table1_int_autoinc /* table10_int t2_temp_myisam_28858 table0_innodb_int */ WHERE col_tinyint BETWEEN -16 AND 123 + 2 AND ( `non_existing_column` IS NULL OR `non_existing_column` <> UUID() ) )  /* QNO 243 CON_ID 16 */  /* QNO 251 CON_ID 16 */
		    16 Query	( SELECT MAX( col_tinyint ) FROM test1.table1_int_autoinc /* table10_int t2_temp_myisam_28858 table0_innodb_int */ WHERE col_tinyint BETWEEN -16 AND 123 + 2 AND ( `non_existing_column` IS NULL OR `non_existing_column` <> UUID() ) ) /* QNO 252 CON_ID 16 */
		    16 Query	CREATE FUNCTION f1__28858 () RETURNS TINYINT RETURN ( SELECT MAX( col_tinyint ) FROM test1.table1_int_autoinc /* table10_int t2_temp_myisam_28858 table0_innodb_int */ WHERE col_tinyint BETWEEN -16 AND 123 + 2 AND ( `non_existing_column` IS NULL OR `non_existing_column` <> UUID() ) )  /* QNO 243 CON_ID 16 */  /* QNO 253 CON_ID 16 */
		    16 Query	/* GenTest::Transform::StraightJoin */  CREATE FUNCTION f1__28858 () RETURNS TINYINT RETURN ( SELECT STRAIGHT_JOIN  MAX( col_tinyint ) FROM test1.table1_int_autoinc /* table10_int t2_temp_myisam_28858 table0_innodb_int */ WHERE col_tinyint BETWEEN -16 AND 123 + 2 AND ( `non_existing_column` IS NULL OR `non_existing_column` <> UUID() ) )  /* QNO 243 CON_ID 16 */  /* TRANSFORM_OUTCOME_UNORDERED_MATCH */ /* QNO 254 CON_ID 16 */
		    16 Query	START TRANSACTION /* QNO 255 CON_ID 16 */
		    16 Query	CREATE OR REPLACE VIEW transforms.view_28858_probe AS  START TRANSACTION /* QNO 255 CON_ID 16 */  /* QNO 256 CON_ID 16 */
		    16 Query	START TRANSACTION /* QNO 255 CON_ID 16 */  /* QNO 257 CON_ID 16 */
		    16 Query	SET SESSION TRANSACTION ISOLATION LEVEL READ COMMITTED /* QNO 258 CON_ID 16 */
		    16 Query	CREATE OR REPLACE VIEW transforms.view_28858_probe AS  SET SESSION TRANSACTION ISOLATION LEVEL READ COMMITTED /* QNO 258 CON_ID 16 */  /* QNO 259 CON_ID 16 */
		    16 Query	SET SESSION TRANSACTION ISOLATION LEVEL READ COMMITTED /* QNO 258 CON_ID 16 */  /* QNO 260 CON_ID 16 */
		    16 Query	COMMIT  /* QNO 261 CON_ID 16 */
		    16 Query	CREATE OR REPLACE VIEW transforms.view_28858_probe AS COMMIT  /* QNO 261 CON_ID 16 */  /* QNO 262 CON_ID 16 */
		    16 Query	COMMIT  /* QNO 261 CON_ID 16 */  /* QNO 263 CON_ID 16 */
		    16 Query	ROLLBACK  /* QNO 264 CON_ID 16 */
		    16 Query	CREATE OR REPLACE VIEW transforms.view_28858_probe AS  ROLLBACK  /* QNO 264 CON_ID 16 */  /* QNO 265 CON_ID 16 */
		    16 Query	ROLLBACK  /* QNO 264 CON_ID 16 */  /* QNO 266 CON_ID 16 */
		    16 Query	SELECT col_tinyint, `non_existing_column` FROM table0_myisam_int /* table10_int v1_nontrans_unsafe_for_sbr_28858 table0_innodb_int_autoinc */ WHERE col_tinyint BETWEEN 28 AND 110 + 2 AND ( `non_existing_column` IS NULL OR `non_existing_column` <> ROW_COUNT() ) FOR UPDATE  /* QNO 267 CON_ID 16 */
		    16 Query	DELETE test1.A, test.B FROM test1.table0_int /* table0_int_autoinc t1_temp_myisam_28858 table0_innodb_int_autoinc */ AS A NATURAL JOIN test.table1_int /* table0_int v2_nontrans_unsafe_for_sbr_28858 table0_innodb_int */ B WHERE col_tinyint BETWEEN -81 AND -37 + 2 AND ( `non_existing_column` IS NULL OR `non_existing_column` <> USER() )  /* QNO 268 CON_ID 16 */
		    16 Query	SELECT col_tinyint, `non_existing_column` FROM t1_temp_innodb_28858 /* table1_int v2_nontrans_safe_for_sbr_28858 table1_innodb_int */ WHERE col_tinyint BETWEEN -97 AND -21 + 2 AND ( `non_existing_column` IS NULL OR `non_existing_column` <> VERSION() ) FOR UPDATE  /* QNO 269 CON_ID 16 */
		    16 Query	SAVEPOINT A  /* QNO 270 CON_ID 16 */
		    16 Query	CREATE OR REPLACE VIEW transforms.view_28858_probe AS  SAVEPOINT A  /* QNO 270 CON_ID 16 */  /* QNO 271 CON_ID 16 */
		    16 Query	SAVEPOINT A  /* QNO 270 CON_ID 16 */  /* QNO 272 CON_ID 16 */
		    16 Query	/* GenTest::Transform::ExecuteAsTrigger */ CREATE DATABASE IF NOT EXISTS transforms /* QNO 273 CON_ID 16 */
		    17 Query	SHOW WARNINGS
		    17 Query	DROP TABLE IF EXISTS trigger28859 /* QNO 274 CON_ID 17 */
		    18 Query	INSERT INTO trigger28861 VALUES (1) /* TRANSFORM_OUTCOME_ANY */ /* QNO 321 CON_ID 18 */
		    20 Query	COMMIT  /* QNO 308 CON_ID 20 */
		    18 Query	SET  GLOBAL TRANSACTION ISOLATION LEVEL REPEATABLE READ
		    20 Query	CREATE OR REPLACE VIEW transforms.view_28865_probe AS COMMIT  /* QNO 308 CON_ID 20 */  /* QNO 309 CON_ID 20 */
		    17 Query	SHOW WARNINGS
		    20 Query	COMMIT  /* QNO 308 CON_ID 20 */  /* QNO 310 CON_ID 20 */
		    21 Query	DROP TABLE IF EXISTS trigger28867 /* QNO 244 CON_ID 21 */
		    17 Query	CREATE TABLE IF NOT EXISTS trigger28859 (f1 INTEGER) /* QNO 275 CON_ID 17 */
		    20 Query	USE test1  /* QNO 311 CON_ID 20 */
		    20 Query	ALTER VIEW test1.v1_trans_unsafe_for_sbr_28865 AS SELECT `non_existing_column` FROM table0_innodb_int WHERE col_tinyint BETWEEN -79 AND 86 + 2 AND ( `non_existing_column` IS NULL OR `non_existing_column` <> CURRENT_USER )  /* QNO 312 CON_ID 20 */
		    19 Query	COMMIT  /* QNO 403 CON_ID 19 */
		    16 Query	SHOW WARNINGS
		    20 Query	COMMIT  /* QNO 313 CON_ID 20 */
		    19 Query	CREATE OR REPLACE VIEW transforms.view_28863_probe AS COMMIT  /* QNO 403 CON_ID 19 */  /* QNO 404 CON_ID 19 */
		    16 Query	DROP TABLE IF EXISTS trigger28858 /* QNO 274 CON_ID 16 */
		    20 Query	CREATE OR REPLACE VIEW transforms.view_28865_probe AS COMMIT  /* QNO 313 CON_ID 20 */  /* QNO 314 CON_ID 20 */
		    19 Query	COMMIT  /* QNO 403 CON_ID 19 */  /* QNO 405 CON_ID 19 */
		    16 Query	SHOW WARNINGS
		    16 Query	CREATE TABLE IF NOT EXISTS trigger28858 (f1 INTEGER) /* QNO 275 CON_ID 16 */
		    20 Query	COMMIT  /* QNO 313 CON_ID 20 */  /* QNO 315 CON_ID 20 */
		    19 Query	INSERT INTO table1_innodb_int /* table10_int_autoinc table1_myisam_int_autoinc table10_innodb_int_autoinc */ ( `vcol_varchar`, col_tinyint ) VALUES ( DATABASE(), -5 )  /* QNO 406 CON_ID 19 */
		    20 Query	UPDATE test./* table10_innodb_int_autoinc table10_int table1_myisam_int */ table10_innodb_int_autoinc SET `non_existing_column` = test.f1_3_28865 () WHERE col_tinyint BETWEEN -121 AND 9 + 2 AND ( `non_existing_column` IS NULL OR `non_existing_column` <> ROW_COUNT() )  /* QNO 316 CON_ID 20 */
		    19 Query	REPLACE INTO test1.table1_int /* table10_int table1_myisam_int v2_trans_unsafe_for_sbr_28863 */ ( `col_char`, col_tinyint ) VALUES ( '20300326234014.039865', 26 )  /* QNO 407 CON_ID 19 */
		    20 Query	PREPARE st1 FROM " UPDATE test1./* v1_trans_unsafe_for_sbr_28865 table1_int table0_myisam_int */ t2_base_innodb_28865 SET `non_existing_column` = test1.f1_3_28865 () WHERE col_tinyint BETWEEN 41 AND -100 + 2 AND ( `non_existing_column` IS NULL OR `non_existing_column` <> VERSION() ) "  /* QNO 317 CON_ID 20 */
