180102  3:26:40	    19 Query	SELECT DISTINCT CASE WHEN table_schema = 'information_schema' THEN 'INFORMATION_SCHEMA' ELSE table_schema END AS table_schema, table_name, CASE WHEN table_type = 'BASE TABLE' THEN 'table' WHEN table_type = 'VIEW' THEN 'view' WHEN table_type = 'SYSTEM VIEW' then 'view' ELSE 'misc' END AS table_type, column_name, CASE WHEN column_key = 'PRI' THEN 'primary' WHEN column_key IN ('MUL','UNI') THEN 'indexed' WHEN index_name = 'PRIMARY' THEN 'primary' WHEN non_unique IS NOT NULL THEN 'indexed' ELSE 'ordinary' END AS column_key, CASE WHEN data_type IN ('bit','tinyint','smallint','mediumint','int','bigint') THEN 'int' WHEN data_type IN ('float','double') THEN 'float' WHEN data_type IN ('decimal') THEN 'decimal' WHEN data_type IN ('datetime','timestamp') THEN 'timestamp' WHEN data_type IN ('char','varchar','binary','varbinary') THEN 'char' WHEN data_type IN ('tinyblob','blob','mediumblob','longblob') THEN 'blob' WHEN data_type IN ('tinytext','text','mediumtext','longtext') THEN 'text' ELSE data_type END AS data_type_normalized, data_type, character_maximum_length, table_rows FROM information_schema.tables INNER JOIN information_schema.columns USING(table_schema,table_name) LEFT JOIN information_schema.statistics USING(table_schema,table_name,column_name) WHERE table_name <> 'DUMMY'
		    20 Connect	rqg@localhost as anonymous on test
		    20 Query	SET optimizer_switch=(SELECT variable_value FROM INFORMATION_SCHEMA.GLOBAL_VARIABLES WHERE VARIABLE_NAME='optimizer_switch')
		    20 Query	SELECT DATABASE()
		    20 Query	SELECT CONNECTION_ID()
		    20 Query	SELECT CURRENT_USER()
		    20 Query	SELECT collation_name,character_set_name FROM information_schema.collations
		    20 Query	COMMIT  /* QNO 103 CON_ID 20 */
		    20 Query	CREATE DATABASE IF NOT EXISTS transforms
		    21 Connect	rqg@localhost as anonymous on test
		    21 Query	SET optimizer_switch=(SELECT variable_value FROM INFORMATION_SCHEMA.GLOBAL_VARIABLES WHERE VARIABLE_NAME='optimizer_switch')
		    21 Query	SELECT DATABASE()
		    21 Query	SELECT CONNECTION_ID()
		    21 Query	SELECT CURRENT_USER()
		    21 Query	SELECT collation_name,character_set_name FROM information_schema.collations
		    16 Query	CREATE OR REPLACE VIEW transforms.view_28858_probe AS  FLUSH LOGS /* QNO 107 CON_ID 16 */  /* QNO 108 CON_ID 16 */
		    17 Query	CREATE OR REPLACE VIEW transforms.view_28859_probe AS COMMIT  /* QNO 103 CON_ID 17 */  /* QNO 104 CON_ID 17 */
		    18 Query	CREATE OR REPLACE VIEW transforms.view_28861_probe AS COMMIT  /* QNO 103 CON_ID 18 */  /* QNO 104 CON_ID 18 */
		    20 Query	CREATE OR REPLACE VIEW transforms.view_28865_probe AS COMMIT  /* QNO 103 CON_ID 20 */  /* QNO 104 CON_ID 20 */
		    16 Query	FLUSH LOGS /* QNO 107 CON_ID 16 */  /* QNO 109 CON_ID 16 */
/home/elenst/git/10.3/sql/mysqld, Version: 10.3.4-MariaDB-debug-log (Source distribution). started with:
Tcp port: 10720  Unix socket: /home/elenst/test_results/hidden-1/current1_1/mysql.sock
Time		    Id Command	Argument
		    20 Query	SHOW WARNINGS
		    18 Query	SHOW WARNINGS
		    17 Query	SHOW WARNINGS
		    18 Query	COMMIT  /* QNO 103 CON_ID 18 */  /* QNO 105 CON_ID 18 */
		    17 Query	COMMIT  /* QNO 103 CON_ID 17 */  /* QNO 105 CON_ID 17 */
		    17 Query	UPDATE t2_base_innodb_28859 /* table10_int_autoinc t2_base_myisam_28859 t1_temp_innodb_28859 */ SET `vcol_char` = f1__28859 () WHERE col_tinyint BETWEEN -124 AND -20 + 2 AND ( `col_char` IS NULL OR `col_blob` <> VERSION() )  /* QNO 106 CON_ID 17 */
		    18 Query	PREPARE st1 FROM " INSERT INTO test.t2_temp_myisam_28861 /* table0_int_autoinc t2_temp_myisam_28861 t2_base_innodb_28861 */ ( `col_bit`,`col_blob`,`col_char`,`col_date`,`col_datetime`,`col_dec`,`col_enum`,`col_int`,`col_time`,`col_timestamp`,`col_varchar`,`col_year`,`pk`,`vcol_bit`,`vcol_blob`,`vcol_char`,`vcol_date`,`vcol_datetime`,`vcol_dec`,`vcol_enum`,`vcol_int`,`vcol_time`,`vcol_timestamp`,`vcol_varchar`,`vcol_year` ) SELECT `col_bit`,`col_blob`,`col_char`,`col_date`,`col_datetime`,`col_dec`,`col_enum`,`col_int`,`col_time`,`col_timestamp`,`col_varchar`,`col_year`,`pk`,`vcol_bit`,`vcol_blob`,`vcol_char`,`vcol_date`,`vcol_datetime`,`vcol_dec`,`vcol_enum`,`vcol_int`,`vcol_time`,`vcol_timestamp`,`vcol_varchar`,`vcol_year` FROM ( SELECT `col_bit`,`col_blob`,`col_char`,`col_date`,`col_datetime`,`col_dec`,`col_enum`,`col_int`,`col_time`,`col_timestamp`,`col_varchar`,`col_year`,`pk`,`vcol_bit`,`vcol_blob`,`vcol_char`,`vcol_date`,`vcol_datetime`,`vcol_dec`,`vcol_enum`,`vcol_int`,`vcol_time`,`vcol_timestamp`,`vcol_varchar`,`vcol_year` FROM test.table1_int /* table1_int t2_base_myisam_28861 v2_trans_unsafe_for_sbr_28861 */ ) AS A WHERE col_tinyint BETWEEN -22 AND -37 + 2 AND ( `vcol_enum` IS NULL OR `col_year` <> SYSDATE() ) "  /* QNO 106 CON_ID 18 */
		    20 Query	COMMIT  /* QNO 103 CON_ID 20 */  /* QNO 105 CON_ID 20 */
		    20 Query	UPDATE table0_innodb_int_autoinc /* table1_int v1_nontrans_unsafe_for_sbr_28865 table10_innodb_int */ SET `vcol_time` = '1972-04-10 20:12:15.049931' WHERE col_tinyint BETWEEN 0 AND -50 + 2 AND ( `col_date` IS NULL OR `vcol_dec` <> SYSDATE() )  /* QNO 106 CON_ID 20 */
		    20 Query	REPLACE INTO t2_base_myisam_28865 /* table0_int_autoinc table10_myisam_int_autoinc table10_innodb_int */ ( `vcol_int`, col_tinyint ) VALUES ( CURRENT_USER, 82 ), ( f1__28865 (), -105 )  /* QNO 107 CON_ID 20 */
		    17 Query	UNLOCK TABLES /* QNO 107 CON_ID 17 */
		    17 Query	CREATE OR REPLACE VIEW transforms.view_28859_probe AS  UNLOCK TABLES /* QNO 107 CON_ID 17 */  /* QNO 108 CON_ID 17 */
		    18 Query	EXECUTE st1  /* QNO 107 CON_ID 18 */
		    20 Query	RELEASE SAVEPOINT A /* QNO 108 CON_ID 20 */
		    20 Query	COMMIT  /* QNO 109 CON_ID 20 */
		    18 Query	DEALLOCATE PREPARE st1  /* QNO 108 CON_ID 18 */
		    17 Query	UNLOCK TABLES /* QNO 107 CON_ID 17 */  /* QNO 109 CON_ID 17 */
		    18 Query	ROLLBACK /* QNO 109 CON_ID 18 */
		    18 Query	CREATE OR REPLACE VIEW transforms.view_28861_probe AS  ROLLBACK /* QNO 109 CON_ID 18 */  /* QNO 110 CON_ID 18 */
		    17 Query	COMMIT  /* QNO 110 CON_ID 17 */
		    18 Query	ROLLBACK /* QNO 109 CON_ID 18 */  /* QNO 111 CON_ID 18 */
		    17 Query	CREATE OR REPLACE VIEW transforms.view_28859_probe AS COMMIT  /* QNO 110 CON_ID 17 */  /* QNO 111 CON_ID 17 */
		    17 Query	COMMIT  /* QNO 110 CON_ID 17 */  /* QNO 112 CON_ID 17 */
		    20 Query	CREATE OR REPLACE VIEW transforms.view_28865_probe AS COMMIT  /* QNO 109 CON_ID 20 */  /* QNO 110 CON_ID 20 */
		    17 Query	SET @aux = '2001-04-15 10:46:31.036703'  /* QNO 113 CON_ID 17 */
		    20 Query	COMMIT  /* QNO 109 CON_ID 20 */  /* QNO 111 CON_ID 20 */
		    20 Query	PREPARE st1 FROM " UPDATE test.table0_int_autoinc /* table10_int table0_myisam_int_autoinc t2_temp_innodb_28865 */ SET `col_blob` = 'njbykjyimtiqwjmatrlzjfqvbycvlvcdktziaiuamhfaypycjoltinvazdlrdehurohtdkfkvnadmivosxxpigheawwedkixhlxxdnbzsywqgaznsurvuvnggczehufkmcxjzmdsbssodvevwxangbbxgoiwyxynlaispqxpwxwsbhtzqzloojsqgrqdcpredsmupjhjtxrayuosrifistbebenmnnntqqcenxcrt' WHERE col_tinyint BETWEEN 102 AND -29 + 2 AND ( `vcol_datetime` IS NULL OR `vcol_datetime` <> UUID() ) "  /* QNO 112 CON_ID 20 */
		    17 Query	CREATE OR REPLACE VIEW transforms.view_28859_probe AS  SET @aux = '2001-04-15 10:46:31.036703'  /* QNO 113 CON_ID 17 */  /* QNO 114 CON_ID 17 */
		    17 Query	SET @aux = '2001-04-15 10:46:31.036703'  /* QNO 113 CON_ID 17 */  /* QNO 115 CON_ID 17 */
		    17 Query	/* GenTest::Transform::ExecuteAsTrigger */ CREATE DATABASE IF NOT EXISTS transforms /* QNO 116 CON_ID 17 */
		    20 Query	EXECUTE st1  /* QNO 113 CON_ID 20 */
		    21 Query	SET SESSION TRANSACTION ISOLATION LEVEL READ COMMITTED /* QNO 103 CON_ID 21 */
		    20 Query	DEALLOCATE PREPARE st1  /* QNO 114 CON_ID 20 */
		    21 Query	CREATE DATABASE IF NOT EXISTS transforms
		    20 Query	SET @aux = ROW_COUNT()  /* QNO 115 CON_ID 20 */
		    20 Query	CREATE OR REPLACE VIEW transforms.view_28865_probe AS  SET @aux = ROW_COUNT()  /* QNO 115 CON_ID 20 */  /* QNO 116 CON_ID 20 */
		    20 Query	SET @aux = ROW_COUNT()  /* QNO 115 CON_ID 20 */  /* QNO 117 CON_ID 20 */
		    20 Query	/* GenTest::Transform::ExecuteAsTrigger */ CREATE DATABASE IF NOT EXISTS transforms /* QNO 118 CON_ID 20 */
		    18 Query	COMMIT  /* QNO 112 CON_ID 18 */
		    18 Query	CREATE OR REPLACE VIEW transforms.view_28861_probe AS COMMIT  /* QNO 112 CON_ID 18 */  /* QNO 113 CON_ID 18 */
		    18 Query	COMMIT  /* QNO 112 CON_ID 18 */  /* QNO 114 CON_ID 18 */
		    18 Query	REPLACE INTO test.t2_base_myisam_28861 /* table1_int_autoinc v2_nontrans_safe_for_sbr_28861 table10_innodb_int_autoinc */ ( `vcol_dec`, col_tinyint ) VALUES ( '2035-10-25', 59 )  /* QNO 115 CON_ID 18 */
		    18 Query	PREPARE st1 FROM " UPDATE test.table10_myisam_int_autoinc /* table1_int_autoinc table10_myisam_int t1_base_innodb_28861 */ AS A NATURAL JOIN test.table0_int /* table1_int t1_temp_myisam_28861 v1_trans_safe_for_sbr_28861 */ B SET A.`col_timestamp` = CONVERT( 'd' USING BINARY ), B.`vcol_varchar` = -2.0E-10 WHERE col_tinyint BETWEEN -62 AND -93 + 2 AND ( `vcol_date` IS NULL OR `col_date` <> RAND( 1 ) ) "  /* QNO 116 CON_ID 18 */
		    18 Query	EXECUTE st1  /* QNO 117 CON_ID 18 */
		    18 Query	DEALLOCATE PREPARE st1  /* QNO 118 CON_ID 18 */
		    18 Query	PREPARE st1 FROM " DELETE test1.A, test.B FROM test1.v2_nontrans_safe_for_sbr_28861 /* table10_int_autoinc v2_nontrans_safe_for_sbr_28861 table1_innodb_int */ AS A NATURAL JOIN test.table1_myisam_int_autoinc /* table1_int table0_myisam_int t1_temp_innodb_28861 */ B WHERE col_tinyint BETWEEN 96 AND -99 + 2 AND ( `col_char` IS NULL OR `vcol_date` <> UUID_SHORT() ) "  /* QNO 119 CON_ID 18 */
		    18 Query	EXECUTE st1  /* QNO 120 CON_ID 18 */
		    18 Query	DEALLOCATE PREPARE st1  /* QNO 121 CON_ID 18 */
		    18 Query	COMMIT /* QNO 122 CON_ID 18 */
		    18 Query	CREATE OR REPLACE VIEW transforms.view_28861_probe AS  COMMIT /* QNO 122 CON_ID 18 */  /* QNO 123 CON_ID 18 */
		    18 Query	COMMIT /* QNO 122 CON_ID 18 */  /* QNO 124 CON_ID 18 */
		    18 Query	COMMIT  /* QNO 125 CON_ID 18 */
		    18 Query	CREATE OR REPLACE VIEW transforms.view_28861_probe AS COMMIT  /* QNO 125 CON_ID 18 */  /* QNO 126 CON_ID 18 */
		    18 Query	COMMIT  /* QNO 125 CON_ID 18 */  /* QNO 127 CON_ID 18 */
		    18 Query	UPDATE test.v1_trans_unsafe_for_sbr_28861 /* table1_int_autoinc t2_temp_myisam_28861 t1_base_innodb_28861 */ AS A NATURAL JOIN test1.table1_innodb_int /* table10_int_autoinc t1_base_myisam_28861 v1_trans_safe_for_sbr_28861 */ B SET A.`col_char` = CURRENT_USER(), B.`vcol_blob` = 'ixfcuyfsbwchlwqtasqrnxnigzjbozxruisyicwleplwbvixqf' WHERE col_tinyint BETWEEN -63 AND -39 + 2 AND ( `vcol_blob` IS NULL OR `col_datetime` <> UUID_SHORT() )  /* QNO 128 CON_ID 18 */
		    18 Query	ROLLBACK TO SAVEPOINT A  /* QNO 129 CON_ID 18 */
		    18 Query	ROLLBACK /* QNO 130 CON_ID 18 */
		    18 Query	CREATE OR REPLACE VIEW transforms.view_28861_probe AS  ROLLBACK /* QNO 130 CON_ID 18 */  /* QNO 131 CON_ID 18 */
		    18 Query	ROLLBACK /* QNO 130 CON_ID 18 */  /* QNO 132 CON_ID 18 */
		    18 Query	COMMIT  /* QNO 133 CON_ID 18 */
		    18 Query	CREATE OR REPLACE VIEW transforms.view_28861_probe AS COMMIT  /* QNO 133 CON_ID 18 */  /* QNO 134 CON_ID 18 */
		    18 Query	COMMIT  /* QNO 133 CON_ID 18 */  /* QNO 135 CON_ID 18 */
		    18 Query	PREPARE st1 FROM " INSERT INTO test1.t1_base_innodb_28861 /* table0_int table0_myisam_int_autoinc v2_trans_unsafe_for_sbr_28861 */ ( `col_enum`, col_tinyint ) VALUES ( test1.f1__28861 (), 68 ) "  /* QNO 136 CON_ID 18 */
		    18 Query	EXECUTE st1  /* QNO 137 CON_ID 18 */
		    18 Query	DEALLOCATE PREPARE st1  /* QNO 138 CON_ID 18 */
		    18 Query	PREPARE st1 FROM " DELETE FROM test.table1_myisam_int_autoinc /* table0_int t1_base_myisam_28861 table0_innodb_int_autoinc */ WHERE col_tinyint BETWEEN -3 AND -111 + 2 AND ( `vcol_date` IS NULL OR `vcol_year` <> UUID() ) "  /* QNO 139 CON_ID 18 */
		    18 Query	EXECUTE st1  /* QNO 140 CON_ID 18 */
		    18 Query	DEALLOCATE PREPARE st1  /* QNO 141 CON_ID 18 */
		    18 Query	START TRANSACTION /* QNO 142 CON_ID 18 */
		    18 Query	CREATE OR REPLACE VIEW transforms.view_28861_probe AS  START TRANSACTION /* QNO 142 CON_ID 18 */  /* QNO 143 CON_ID 18 */
		    18 Query	START TRANSACTION /* QNO 142 CON_ID 18 */  /* QNO 144 CON_ID 18 */
		    18 Query	SET debug_dbug="+d,test_completely_invisible,test_invisible_index" /* QNO 145 CON_ID 18 */
		    18 Query	CREATE OR REPLACE VIEW transforms.view_28861_probe AS SET debug_dbug="+d,test_completely_invisible,test_invisible_index" /* QNO 145 CON_ID 18 */  /* QNO 146 CON_ID 18 */
		    18 Query	SET debug_dbug="+d,test_completely_invisible,test_invisible_index" /* QNO 145 CON_ID 18 */  /* QNO 147 CON_ID 18 */
		    18 Query	/* GenTest::Transform::ExecuteAsTrigger */ CREATE DATABASE IF NOT EXISTS transforms /* QNO 148 CON_ID 18 */
		    16 Query	FLUSH LOGS /* QNO 110 CON_ID 16 */
/home/elenst/git/10.3/sql/mysqld, Version: 10.3.4-MariaDB-debug-log (Source distribution). started with:
Tcp port: 10720  Unix socket: /home/elenst/test_results/hidden-1/current1_1/mysql.sock
Time		    Id Command	Argument
		    20 Query	SHOW WARNINGS
		    17 Query	SHOW WARNINGS
		    21 Query	CREATE OR REPLACE VIEW transforms.view_28867_probe AS  SET SESSION TRANSACTION ISOLATION LEVEL READ COMMITTED /* QNO 103 CON_ID 21 */  /* QNO 104 CON_ID 21 */
		    17 Query	DROP TABLE IF EXISTS trigger28859 /* QNO 117 CON_ID 17 */
		    20 Query	DROP TABLE IF EXISTS trigger28865 /* QNO 119 CON_ID 20 */
		    21 Query	SHOW WARNINGS
		    18 Query	SHOW WARNINGS
		    21 Query	SET SESSION TRANSACTION ISOLATION LEVEL READ COMMITTED /* QNO 103 CON_ID 21 */  /* QNO 105 CON_ID 21 */
		    18 Query	DROP TABLE IF EXISTS trigger28861 /* QNO 149 CON_ID 18 */
		    21 Query	UPDATE table10_myisam_int /* table0_int_autoinc t1_temp_myisam_28867 table1_innodb_int_autoinc */ SET `col_char` = col_tinyint WHERE col_tinyint BETWEEN -84 AND 43 + 2 AND `vcol_datetime` IS NULL  /* QNO 106 CON_ID 21 */
		    21 Query	COMMIT /* QNO 107 CON_ID 21 */
		    21 Query	CREATE OR REPLACE VIEW transforms.view_28867_probe AS  COMMIT /* QNO 107 CON_ID 21 */  /* QNO 108 CON_ID 21 */
		    21 Query	COMMIT /* QNO 107 CON_ID 21 */  /* QNO 109 CON_ID 21 */
		    21 Query	COMMIT  /* QNO 110 CON_ID 21 */
		    21 Query	CREATE OR REPLACE VIEW transforms.view_28867_probe AS COMMIT  /* QNO 110 CON_ID 21 */  /* QNO 111 CON_ID 21 */
		    21 Query	COMMIT  /* QNO 110 CON_ID 21 */  /* QNO 112 CON_ID 21 */
		    21 Query	PREPARE st1 FROM " INSERT INTO test.table0_int_autoinc /* table10_int t2_base_myisam_28867 v1_trans_safe_for_sbr_28867 */ ( `col_year`, col_tinyint ) VALUES ( 'wqrnieoukcaoszhwg', 36 ), ( -1.1, 66 ) "  /* QNO 113 CON_ID 21 */
		    21 Query	EXECUTE st1  /* QNO 114 CON_ID 21 */
		    21 Query	DEALLOCATE PREPARE st1  /* QNO 115 CON_ID 21 */
		    21 Query	ROLLBACK /* QNO 116 CON_ID 21 */
		    21 Query	CREATE OR REPLACE VIEW transforms.view_28867_probe AS  ROLLBACK /* QNO 116 CON_ID 21 */  /* QNO 117 CON_ID 21 */
		    21 Query	ROLLBACK /* QNO 116 CON_ID 21 */  /* QNO 118 CON_ID 21 */
		    21 Query	COMMIT  /* QNO 119 CON_ID 21 */
		    21 Query	CREATE OR REPLACE VIEW transforms.view_28867_probe AS COMMIT  /* QNO 119 CON_ID 21 */  /* QNO 120 CON_ID 21 */
		    21 Query	COMMIT  /* QNO 119 CON_ID 21 */  /* QNO 121 CON_ID 21 */
		    21 Query	USE test1  /* QNO 122 CON_ID 21 */
		    21 Query	COMMIT /* QNO 123 CON_ID 21 */
		    21 Query	CREATE OR REPLACE VIEW transforms.view_28867_probe AS  COMMIT /* QNO 123 CON_ID 21 */  /* QNO 124 CON_ID 21 */
		    21 Query	COMMIT /* QNO 123 CON_ID 21 */  /* QNO 125 CON_ID 21 */
		    21 Query	FLUSH LOGS /* QNO 126 CON_ID 21 */
/home/elenst/git/10.3/sql/mysqld, Version: 10.3.4-MariaDB-debug-log (Source distribution). started with:
Tcp port: 10720  Unix socket: /home/elenst/test_results/hidden-1/current1_1/mysql.sock
Time		    Id Command	Argument
		    17 Query	SHOW WARNINGS
		    20 Query	SHOW WARNINGS
		    16 Query	CREATE OR REPLACE VIEW transforms.view_28858_probe AS  FLUSH LOGS /* QNO 110 CON_ID 16 */  /* QNO 111 CON_ID 16 */
		    20 Query	CREATE TABLE IF NOT EXISTS trigger28865 (f1 INTEGER) /* QNO 120 CON_ID 20 */
		    17 Query	CREATE TABLE IF NOT EXISTS trigger28859 (f1 INTEGER) /* QNO 118 CON_ID 17 */
		    16 Query	FLUSH LOGS /* QNO 110 CON_ID 16 */  /* QNO 112 CON_ID 16 */
/home/elenst/git/10.3/sql/mysqld, Version: 10.3.4-MariaDB-debug-log (Source distribution). started with:
Tcp port: 10720  Unix socket: /home/elenst/test_results/hidden-1/current1_1/mysql.sock
Time		    Id Command	Argument
		    18 Query	SHOW WARNINGS
		    18 Query	CREATE TABLE IF NOT EXISTS trigger28861 (f1 INTEGER) /* QNO 150 CON_ID 18 */
		    19 Query	SELECT COUNT(*) FROM test.t9
		    19 Query	SELECT COUNT(*) FROM test.t8
		    19 Query	SELECT COUNT(*) FROM test.t7
		    19 Query	SELECT COUNT(*) FROM test.t6
		    19 Query	SELECT COUNT(*) FROM test.t5
		    19 Query	SELECT COUNT(*) FROM test.t4
		    19 Query	SELECT COUNT(*) FROM test.t3
		    19 Query	SELECT COUNT(*) FROM test.t2
		    19 Query	SELECT COUNT(*) FROM test.t1
		    19 Query	SELECT COUNT(*) FROM mysql.user
		    19 Query	SELECT COUNT(*) FROM mysql.time_zone_transition_type
		    19 Query	SELECT COUNT(*) FROM mysql.time_zone_transition
		    19 Query	SELECT COUNT(*) FROM mysql.time_zone_name
		    19 Query	SELECT COUNT(*) FROM mysql.time_zone_leap_second
		    19 Query	SELECT COUNT(*) FROM mysql.time_zone
		    19 Query	SELECT COUNT(*) FROM mysql.tables_priv
		    19 Query	SELECT COUNT(*) FROM mysql.table_stats
		    19 Query	SELECT COUNT(*) FROM mysql.servers
		    19 Query	SELECT COUNT(*) FROM mysql.roles_mapping
		    19 Query	SELECT COUNT(*) FROM mysql.proxies_priv
		    19 Query	SELECT COUNT(*) FROM mysql.procs_priv
		    19 Query	SELECT COUNT(*) FROM mysql.proc
		    19 Query	SELECT COUNT(*) FROM mysql.plugin
		    19 Query	SELECT COUNT(*) FROM mysql.innodb_table_stats
		    19 Query	SELECT COUNT(*) FROM mysql.innodb_index_stats
		    19 Query	SELECT COUNT(*) FROM mysql.index_stats
		    19 Query	SELECT COUNT(*) FROM mysql.host
		    19 Query	SELECT COUNT(*) FROM mysql.help_topic
		    19 Query	SELECT COUNT(*) FROM mysql.help_relation
		    19 Query	SELECT COUNT(*) FROM mysql.help_keyword
		    19 Query	SELECT COUNT(*) FROM mysql.help_category
		    19 Query	SELECT COUNT(*) FROM mysql.gtid_slave_pos
		    19 Query	SELECT COUNT(*) FROM mysql.func
		    19 Query	SELECT COUNT(*) FROM mysql.event
		    19 Query	SELECT COUNT(*) FROM mysql.db
		    19 Query	SELECT COUNT(*) FROM mysql.columns_priv
		    19 Query	SELECT COUNT(*) FROM mysql.column_stats
		    19 Query	SELECT COUNT(*) FROM test.view_t9
		    19 Query	SELECT COUNT(*) FROM test.view_t8
		    19 Query	SELECT COUNT(*) FROM test.view_t7
		    19 Query	SELECT COUNT(*) FROM test.view_t6
		    19 Query	SELECT COUNT(*) FROM test.view_t5
		    19 Query	SELECT COUNT(*) FROM test.view_t4
		    19 Query	SELECT COUNT(*) FROM test.view_t3
		    19 Query	SELECT COUNT(*) FROM test.view_t2
		    19 Query	SELECT COUNT(*) FROM test.view_t1
		    19 Query	SELECT COUNT(*) FROM performance_schema.users
		    19 Query	SELECT COUNT(*) FROM performance_schema.threads
		    19 Query	SELECT COUNT(*) FROM performance_schema.table_lock_waits_summary_by_table
		    19 Query	SELECT COUNT(*) FROM performance_schema.table_io_waits_summary_by_table
		    19 Query	SELECT COUNT(*) FROM performance_schema.table_io_waits_summary_by_index_usage
		    19 Query	SELECT COUNT(*) FROM performance_schema.socket_summary_by_instance
		    19 Query	SELECT COUNT(*) FROM performance_schema.socket_summary_by_event_name
		    19 Query	SELECT COUNT(*) FROM performance_schema.socket_instances
		    19 Query	SELECT COUNT(*) FROM performance_schema.setup_timers
		    19 Query	SELECT COUNT(*) FROM performance_schema.setup_objects
		    19 Query	SELECT COUNT(*) FROM performance_schema.setup_instruments
		    19 Query	SELECT COUNT(*) FROM performance_schema.setup_consumers
		    19 Query	SELECT COUNT(*) FROM performance_schema.setup_actors
		    19 Query	SELECT COUNT(*) FROM performance_schema.session_connect_attrs
		    19 Query	SELECT COUNT(*) FROM performance_schema.session_account_connect_attrs
		    19 Query	SELECT COUNT(*) FROM performance_schema.rwlock_instances
		    19 Query	SELECT COUNT(*) FROM performance_schema.performance_timers
		    19 Query	SELECT COUNT(*) FROM performance_schema.objects_summary_global_by_type
		    19 Query	SELECT COUNT(*) FROM performance_schema.mutex_instances
		    19 Query	SELECT COUNT(*) FROM performance_schema.hosts
		    19 Query	SELECT COUNT(*) FROM performance_schema.host_cache
		    19 Query	SELECT COUNT(*) FROM performance_schema.file_summary_by_instance
		    19 Query	SELECT COUNT(*) FROM performance_schema.file_summary_by_event_name
		    19 Query	SELECT COUNT(*) FROM performance_schema.file_instances
		    19 Query	SELECT COUNT(*) FROM performance_schema.events_waits_summary_global_by_event_name
		    19 Query	SELECT COUNT(*) FROM performance_schema.events_waits_summary_by_user_by_event_name
		    19 Query	SELECT COUNT(*) FROM performance_schema.events_waits_summary_by_thread_by_event_name
		    19 Query	SELECT COUNT(*) FROM performance_schema.events_waits_summary_by_instance
		    19 Query	SELECT COUNT(*) FROM performance_schema.events_waits_summary_by_host_by_event_name
		    19 Query	SELECT COUNT(*) FROM performance_schema.events_waits_summary_by_account_by_event_name
		    19 Query	SELECT COUNT(*) FROM performance_schema.events_waits_history_long
		    19 Query	SELECT COUNT(*) FROM performance_schema.events_waits_history
		    19 Query	SELECT COUNT(*) FROM performance_schema.events_waits_current
		    19 Query	SELECT COUNT(*) FROM performance_schema.events_statements_summary_global_by_event_name
		    19 Query	SELECT COUNT(*) FROM performance_schema.events_statements_summary_by_user_by_event_name
		    19 Query	SELECT COUNT(*) FROM performance_schema.events_statements_summary_by_thread_by_event_name
		    19 Query	SELECT COUNT(*) FROM performance_schema.events_statements_summary_by_host_by_event_name
		    19 Query	SELECT COUNT(*) FROM performance_schema.events_statements_summary_by_digest
		    19 Query	SELECT COUNT(*) FROM performance_schema.events_statements_summary_by_account_by_event_name
		    19 Query	SELECT COUNT(*) FROM performance_schema.events_statements_history_long
		    19 Query	SELECT COUNT(*) FROM performance_schema.events_statements_history
		    19 Query	SELECT COUNT(*) FROM performance_schema.events_statements_current
		    19 Query	SELECT COUNT(*) FROM performance_schema.events_stages_summary_global_by_event_name
		    19 Query	SELECT COUNT(*) FROM performance_schema.events_stages_summary_by_user_by_event_name
		    19 Query	SELECT COUNT(*) FROM performance_schema.events_stages_summary_by_thread_by_event_name
		    19 Query	SELECT COUNT(*) FROM performance_schema.events_stages_summary_by_host_by_event_name
		    19 Query	SELECT COUNT(*) FROM performance_schema.events_stages_summary_by_account_by_event_name
		    19 Query	SELECT COUNT(*) FROM performance_schema.events_stages_history_long
		    19 Query	SELECT COUNT(*) FROM performance_schema.events_stages_history
		    19 Query	SELECT COUNT(*) FROM performance_schema.events_stages_current
		    19 Query	SELECT COUNT(*) FROM performance_schema.cond_instances
		    19 Query	SELECT COUNT(*) FROM performance_schema.accounts
		    19 Query	SELECT COUNT(*) FROM mysql.slow_log
		    19 Query	SELECT COUNT(*) FROM mysql.general_log
		    19 Query	SELECT COUNT(*) FROM INFORMATION_SCHEMA.ALL_PLUGINS
180102  3:26:41	    19 Query	SELECT COUNT(*) FROM INFORMATION_SCHEMA.APPLICABLE_ROLES
		    19 Query	SELECT COUNT(*) FROM INFORMATION_SCHEMA.CHARACTER_SETS
		    19 Query	SELECT COUNT(*) FROM INFORMATION_SCHEMA.COLLATIONS
		    19 Query	SELECT COUNT(*) FROM INFORMATION_SCHEMA.COLLATION_CHARACTER_SET_APPLICABILITY
		    19 Query	SELECT COUNT(*) FROM INFORMATION_SCHEMA.COLUMNS
		    21 Query	CREATE OR REPLACE VIEW transforms.view_28867_probe AS  FLUSH LOGS /* QNO 126 CON_ID 21 */  /* QNO 127 CON_ID 21 */
		    21 Query	FLUSH LOGS /* QNO 126 CON_ID 21 */  /* QNO 128 CON_ID 21 */
/home/elenst/git/10.3/sql/mysqld, Version: 10.3.4-MariaDB-debug-log (Source distribution). started with:
Tcp port: 10720  Unix socket: /home/elenst/test_results/hidden-1/current1_1/mysql.sock
Time		    Id Command	Argument
		    16 Query	COMMIT  /* QNO 113 CON_ID 16 */
		    16 Query	CREATE OR REPLACE VIEW transforms.view_28858_probe AS COMMIT  /* QNO 113 CON_ID 16 */  /* QNO 114 CON_ID 16 */
		    16 Query	COMMIT  /* QNO 113 CON_ID 16 */  /* QNO 115 CON_ID 16 */
		    16 Query	START TRANSACTION  /* QNO 116 CON_ID 16 */
		    16 Query	CREATE OR REPLACE VIEW transforms.view_28858_probe AS  START TRANSACTION  /* QNO 116 CON_ID 16 */  /* QNO 117 CON_ID 16 */
		    16 Query	START TRANSACTION  /* QNO 116 CON_ID 16 */  /* QNO 118 CON_ID 16 */
		    16 Query	INSERT INTO table10_int /* table0_int v2_nontrans_safe_for_sbr_28858 table0_innodb_int */ ( `vcol_enum`, col_tinyint ) VALUES ( NOW(), -125 )  /* QNO 119 CON_ID 16 */
		    16 Query	DELETE test1.A, test.B FROM test1.table1_innodb_int_autoinc /* table10_int v2_nontrans_unsafe_for_sbr_28858 t1_base_innodb_28858 */ AS A NATURAL JOIN test.table10_myisam_int /* table0_int table1_myisam_int table10_innodb_int */ B WHERE col_tinyint BETWEEN -27 AND 7 + 2 AND ( `vcol_enum` IS NULL OR `col_dec` <> ROW_COUNT() )  /* QNO 120 CON_ID 16 */
		    16 Query	COMMIT /* QNO 121 CON_ID 16 */
		    16 Query	CREATE OR REPLACE VIEW transforms.view_28858_probe AS  COMMIT /* QNO 121 CON_ID 16 */  /* QNO 122 CON_ID 16 */
		    16 Query	COMMIT /* QNO 121 CON_ID 16 */  /* QNO 123 CON_ID 16 */
		    16 Query	COMMIT  /* QNO 124 CON_ID 16 */
		    16 Query	CREATE OR REPLACE VIEW transforms.view_28858_probe AS COMMIT  /* QNO 124 CON_ID 16 */  /* QNO 125 CON_ID 16 */
		    16 Query	COMMIT  /* QNO 124 CON_ID 16 */  /* QNO 126 CON_ID 16 */
		    16 Query	UPDATE test.table0_int /* table10_int_autoinc table1_myisam_int v2_trans_safe_for_sbr_28858 */ SET `col_date` = CONVERT( 'm' USING LATIN1 ) WHERE col_tinyint BETWEEN 32 AND 59 + 2 AND ( `vcol_dec` IS NULL OR `vcol_year` <> UUID_SHORT() )  /* QNO 127 CON_ID 16 */
		    16 Query	CREATE VIEW v1_trans_unsafe_for_sbr_28858 AS SELECT `col_bit`,`col_blob`,`col_char`,`col_date`,`col_datetime`,`col_dec`,`col_enum`,`col_int`,`col_time`,`col_timestamp`,`col_varchar`,`col_year`,`pk`,`vcol_bit`,`vcol_blob`,`vcol_char`,`vcol_date`,`vcol_datetime`,`vcol_dec`,`vcol_enum`,`vcol_int`,`vcol_time`,`vcol_timestamp`,`vcol_varchar`,`vcol_year` FROM t1_base_innodb_28858 WHERE col_tinyint BETWEEN -108 AND 34 + 2 AND ( `vcol_char` IS NULL OR `vcol_enum` <> USER() )  /* QNO 128 CON_ID 16 */
		    16 Query	COMMIT  /* QNO 129 CON_ID 16 */
		    16 Query	CREATE OR REPLACE VIEW transforms.view_28858_probe AS COMMIT  /* QNO 129 CON_ID 16 */  /* QNO 130 CON_ID 16 */
		    16 Query	COMMIT  /* QNO 129 CON_ID 16 */  /* QNO 131 CON_ID 16 */
		    16 Query	RELEASE SAVEPOINT A  /* QNO 132 CON_ID 16 */
		    16 Query	ROLLBACK  /* QNO 133 CON_ID 16 */
		    16 Query	CREATE OR REPLACE VIEW transforms.view_28858_probe AS  ROLLBACK  /* QNO 133 CON_ID 16 */  /* QNO 134 CON_ID 16 */
		    16 Query	ROLLBACK  /* QNO 133 CON_ID 16 */  /* QNO 135 CON_ID 16 */
		    16 Query	COMMIT /* QNO 136 CON_ID 16 */
		    16 Query	CREATE OR REPLACE VIEW transforms.view_28858_probe AS  COMMIT /* QNO 136 CON_ID 16 */  /* QNO 137 CON_ID 16 */
		    16 Query	COMMIT /* QNO 136 CON_ID 16 */  /* QNO 138 CON_ID 16 */
		    16 Query	SET SESSION TRANSACTION ISOLATION LEVEL READ COMMITTED /* QNO 139 CON_ID 16 */
		    16 Query	CREATE OR REPLACE VIEW transforms.view_28858_probe AS  SET SESSION TRANSACTION ISOLATION LEVEL READ COMMITTED /* QNO 139 CON_ID 16 */  /* QNO 140 CON_ID 16 */
		    16 Query	SET SESSION TRANSACTION ISOLATION LEVEL READ COMMITTED /* QNO 139 CON_ID 16 */  /* QNO 141 CON_ID 16 */
		    16 Query	COMMIT  /* QNO 142 CON_ID 16 */
		    16 Query	CREATE OR REPLACE VIEW transforms.view_28858_probe AS COMMIT  /* QNO 142 CON_ID 16 */  /* QNO 143 CON_ID 16 */
		    16 Query	COMMIT  /* QNO 142 CON_ID 16 */  /* QNO 144 CON_ID 16 */
		    16 Query	UPDATE test1.table10_int /* table1_int table10_myisam_int t1_temp_innodb_28858 */ SET `vcol_varchar` = @aux WHERE col_tinyint BETWEEN 101 AND -25 + 2 AND ( `col_enum` IS NULL OR `vcol_bit` <> UUID() )  /* QNO 145 CON_ID 16 */
		    16 Query	COMMIT /* QNO 146 CON_ID 16 */
		    16 Query	CREATE OR REPLACE VIEW transforms.view_28858_probe AS  COMMIT /* QNO 146 CON_ID 16 */  /* QNO 147 CON_ID 16 */
		    16 Query	COMMIT /* QNO 146 CON_ID 16 */  /* QNO 148 CON_ID 16 */
		    16 Query	COMMIT  /* QNO 149 CON_ID 16 */
		    16 Query	CREATE OR REPLACE VIEW transforms.view_28858_probe AS COMMIT  /* QNO 149 CON_ID 16 */  /* QNO 150 CON_ID 16 */
		    16 Query	COMMIT  /* QNO 149 CON_ID 16 */  /* QNO 151 CON_ID 16 */
		    16 Query	DELETE LOW_PRIORITY A, B FROM t1_base_myisam_28858 /* table0_int table10_myisam_int_autoinc t1_temp_innodb_28858 */ AS A NATURAL JOIN table10_innodb_int_autoinc /* table1_int_autoinc v1_nontrans_safe_for_sbr_28858 table10_innodb_int_autoinc */ B WHERE col_tinyint BETWEEN -80 AND 105 + 2 AND ( `vcol_time` IS NULL OR `vcol_dec` <> UUID() )  /* QNO 152 CON_ID 16 */
		    16 Query	ROLLBACK TO SAVEPOINT A /* QNO 153 CON_ID 16 */
		    16 Query	COMMIT  /* QNO 154 CON_ID 16 */
		    16 Query	CREATE OR REPLACE VIEW transforms.view_28858_probe AS COMMIT  /* QNO 154 CON_ID 16 */  /* QNO 155 CON_ID 16 */
		    16 Query	COMMIT  /* QNO 154 CON_ID 16 */  /* QNO 156 CON_ID 16 */
		    16 Query	INSERT INTO test.t1_base_innodb_28858 /* table0_int t2_temp_myisam_28858 v1_trans_safe_for_sbr_28858 */ ( `pk`, col_tinyint ) VALUES ( 'kckqmdyjlqxwfyskbzkcdplkvzfwceftzyyxkpeupjkdoqtbvrptgvsnhrhobqnlxbnziaejeccb', 107 )  /* QNO 157 CON_ID 16 */
		    16 Query	COMMIT /* QNO 158 CON_ID 16 */
		    16 Query	CREATE OR REPLACE VIEW transforms.view_28858_probe AS  COMMIT /* QNO 158 CON_ID 16 */  /* QNO 159 CON_ID 16 */
		    16 Query	COMMIT /* QNO 158 CON_ID 16 */  /* QNO 160 CON_ID 16 */
		    16 Query	SET GLOBAL TRANSACTION ISOLATION LEVEL READ UNCOMMITTED /* QNO 161 CON_ID 16 */
		    16 Query	CREATE OR REPLACE VIEW transforms.view_28858_probe AS  SET GLOBAL TRANSACTION ISOLATION LEVEL READ UNCOMMITTED /* QNO 161 CON_ID 16 */  /* QNO 162 CON_ID 16 */
		    16 Query	SET GLOBAL TRANSACTION ISOLATION LEVEL READ UNCOMMITTED /* QNO 161 CON_ID 16 */  /* QNO 163 CON_ID 16 */
		    16 Query	COMMIT  /* QNO 164 CON_ID 16 */
		    16 Query	CREATE OR REPLACE VIEW transforms.view_28858_probe AS COMMIT  /* QNO 164 CON_ID 16 */  /* QNO 165 CON_ID 16 */
		    16 Query	COMMIT  /* QNO 164 CON_ID 16 */  /* QNO 166 CON_ID 16 */
		    16 Query	PREPARE st1 FROM " UPDATE test1.table0_innodb_int_autoinc /* table1_int_autoinc t2_temp_myisam_28858 table0_innodb_int */ AS A NATURAL JOIN test.t1_temp_myisam_28858 /* table10_int t1_base_myisam_28858 table10_innodb_int */ B SET A.`vcol_char` = +2.0E-100, B.`col_varchar` = f1__28858 () WHERE col_tinyint BETWEEN 34 AND -63 + 2 AND ( `vcol_int` IS NULL OR `vcol_int` <> RAND( 5 ) ) "  /* QNO 167 CON_ID 16 */
		    16 Query	EXECUTE st1  /* QNO 168 CON_ID 16 */
		    16 Query	DEALLOCATE PREPARE st1  /* QNO 169 CON_ID 16 */
		    16 Query	COMMIT /* QNO 170 CON_ID 16 */
		    16 Query	CREATE OR REPLACE VIEW transforms.view_28858_probe AS  COMMIT /* QNO 170 CON_ID 16 */  /* QNO 171 CON_ID 16 */
		    16 Query	COMMIT /* QNO 170 CON_ID 16 */  /* QNO 172 CON_ID 16 */
		    16 Query	COMMIT ; ; SELECT col_tinyint, `vcol_timestamp` FROM table10_myisam_int /* table0_int_autoinc table10_myisam_int t2_base_innodb_28858 */ WHERE col_tinyint BETWEEN 5 AND -14 + 2 AND ( `col_varchar` IS NULL OR `vcol_int` <> ROW_COUNT() ) FOR UPDATE ; PREPARE st1 FROM " DELETE LOW_PRIORITY FROM test.t1_base_innodb_28858 /* table1_int_autoinc t2_temp_myisam_28858 t2_base_innodb_28858 */ WHERE col_tinyint BETWEEN 46 AND 14 + 2 AND ( `vcol_time` IS NULL OR `vcol_timestamp` <> FOUND_ROWS() ) " ; EXECUTE st1 ; DEALLOCATE PREPARE st1 ; CREATE PROCEDURE test1.p1__28858 () BEGIN UPDATE test1.table1_innodb_int /* table1_int table10_myisam_int v2_trans_unsafe_for_sbr_28858 */ AS A NATURAL JOIN table10_innodb_int /* table10_int v2_nontrans_safe_for_sbr_28858 v1_trans_safe_for_sbr_28858 */ B SET A.`col_time` = '2002-11-12 03:28:56.062970', B.`col_int` = 'ckqmdyjlqxwfyskbzkcdplkvzfwceftzyyxkpeupjkdoqtbvrptgvsnhrhobqnlxbnziaejeccbzyqjlpktyrykzdedjgwxucbrguijvhfrddbxicz' WHERE col_tinyint BETWEEN 10 AND 46 + 2 AND ( `vcol_char` IS NULL OR `col_dec` <> FOUND_ROWS() ) ; END ; COMMIT /* QNO 173 CON_ID 16 */
		    16 Query	/* GenTest::Transform::ConvertTablesToDerived */ COMMIT ; ; SELECT col_tinyint, `vcol_timestamp` FROM table10_myisam_int /* table0_int_autoinc table10_myisam_int t2_base_innodb_28858 */ WHERE col_tinyint BETWEEN 5 AND -14 + 2 AND ( `col_varchar` IS NULL OR `vcol_int` <> ROW_COUNT() ) FOR UPDATE ; PREPARE st1 FROM " DELETE LOW_PRIORITY FROM test.t1_base_innodb_28858 /* table1_int_autoinc t2_temp_myisam_28858 t2_base_innodb_28858 */ WHERE col_tinyint BETWEEN 46 AND 14 + 2 AND ( `vcol_time` IS NULL OR `vcol_timestamp` <> FOUND_ROWS() ) " ; EXECUTE st1 ; DEALLOCATE PREPARE st1 ; CREATE PROCEDURE test1.p1__28858 () BEGIN UPDATE test1.table1_innodb_int /* table1_int table10_myisam_int v2_trans_unsafe_for_sbr_28858 */ AS ( SELECT * FROM  A  ) AS derived1 NATURAL JOIN table10_innodb_int /* table10_int v2_nontrans_safe_for_sbr_28858 v1_trans_safe_for_sbr_28858 */ ( SELECT * FROM  B  ) AS derived2 SET A.`col_time` = '2002-11-12 03:28:56.062970', B.`col_int` = 'ckqmdyjlqxwfyskbzkcdplkvzfwceftzyyxkpeupjkdoqtbvrptgvsnhrhobqnlxbnziaejeccbzyqjlpktyrykzdedjgwxucbrguijvhfrddbxicz' WHERE col_tinyint BETWEEN 10 AND 46 + 2 AND ( `vcol_char` IS NULL OR `col_dec` <> FOUND_ROWS() ) ; END ; COMMIT /* QNO 173 CON_ID 16 */  /* TRANSFORM_OUTCOME_UNORDERED_MATCH */ /* QNO 174 CON_ID 16 */
		    16 Query	/* GenTest::Transform::Count */ COMMIT ; ; SELECT COUNT(*) , col_tinyint, `vcol_timestamp` FROM table10_myisam_int /* table0_int_autoinc table10_myisam_int t2_base_innodb_28858 */ WHERE col_tinyint BETWEEN 5 AND -14 + 2 AND ( `col_varchar` IS NULL OR `vcol_int` <> ROW_COUNT() ) FOR UPDATE ; PREPARE st1 FROM " DELETE LOW_PRIORITY FROM test.t1_base_innodb_28858 /* table1_int_autoinc t2_temp_myisam_28858 t2_base_innodb_28858 */ WHERE col_tinyint BETWEEN 46 AND 14 + 2 AND ( `vcol_time` IS NULL OR `vcol_timestamp` <> FOUND_ROWS() ) " ; EXECUTE st1 ; DEALLOCATE PREPARE st1 ; CREATE PROCEDURE test1.p1__28858 () BEGIN UPDATE test1.table1_innodb_int /* table1_int table10_myisam_int v2_trans_unsafe_for_sbr_28858 */ AS A NATURAL JOIN table10_innodb_int /* table10_int v2_nontrans_safe_for_sbr_28858 v1_trans_safe_for_sbr_28858 */ B SET A.`col_time` = '2002-11-12 03:28:56.062970', B.`col_int` = 'ckqmdyjlqxwfyskbzkcdplkvzfwceftzyyxkpeupjkdoqtbvrptgvsnhrhobqnlxbnziaejeccbzyqjlpktyrykzdedjgwxucbrguijvhfrddbxicz' WHERE col_tinyint BETWEEN 10 AND 46 + 2 AND ( `vcol_char` IS NULL OR `col_dec` <> FOUND_ROWS() ) ; END ; COMMIT /* QNO 173 CON_ID 16 */  /* TRANSFORM_OUTCOME_COUNT */ /* QNO 175 CON_ID 16 */
		    16 Query	/* GenTest::Transform::DisableIndexes */ ALTER TABLE t1 DISABLE KEYS; ALTER TABLE t2 DISABLE KEYS; ALTER TABLE t3 DISABLE KEYS; ALTER TABLE t4 DISABLE KEYS; ALTER TABLE t5 DISABLE KEYS; ALTER TABLE t6 DISABLE KEYS; ALTER TABLE t7 DISABLE KEYS; ALTER TABLE t8 DISABLE KEYS; ALTER TABLE t9 DISABLE KEYS; ALTER TABLE view_t1 DISABLE KEYS; ALTER TABLE view_t2 DISABLE KEYS; ALTER TABLE view_t3 DISABLE KEYS; ALTER TABLE view_t4 DISABLE KEYS; ALTER TABLE view_t5 DISABLE KEYS; ALTER TABLE view_t6 DISABLE KEYS; ALTER TABLE view_t7 DISABLE KEYS; ALTER TABLE view_t8 DISABLE KEYS; ALTER TABLE view_t9 DISABLE KEYS /* QNO 176 CON_ID 16 */
		    18 Query	CREATE TRIGGER trigger28861 BEFORE INSERT ON trigger28861 FOR EACH ROW SET debug_dbug="+d,test_completely_invisible,test_invisible_index" /* QNO 145 CON_ID 18 */ ; /* QNO 151 CON_ID 18 */
		    20 Query	CREATE TRIGGER trigger28865 BEFORE INSERT ON trigger28865 FOR EACH ROW  SET @aux = ROW_COUNT()  /* QNO 115 CON_ID 20 */ ; /* QNO 121 CON_ID 20 */
		    17 Query	CREATE TRIGGER trigger28859 BEFORE INSERT ON trigger28859 FOR EACH ROW  SET @aux = '2001-04-15 10:46:31.036703'  /* QNO 113 CON_ID 17 */ ; /* QNO 119 CON_ID 17 */
		    21 Query	SET SESSION TRANSACTION ISOLATION LEVEL REPEATABLE READ /* QNO 129 CON_ID 21 */
		    21 Query	CREATE OR REPLACE VIEW transforms.view_28867_probe AS  SET SESSION TRANSACTION ISOLATION LEVEL REPEATABLE READ /* QNO 129 CON_ID 21 */  /* QNO 130 CON_ID 21 */
		    21 Query	SET SESSION TRANSACTION ISOLATION LEVEL REPEATABLE READ /* QNO 129 CON_ID 21 */  /* QNO 131 CON_ID 21 */
		    21 Query	/* GenTest::Transform::ExecuteAsTrigger */ CREATE DATABASE IF NOT EXISTS transforms /* QNO 132 CON_ID 21 */
		    21 Query	SHOW WARNINGS
		    21 Query	DROP TABLE IF EXISTS trigger28867 /* QNO 133 CON_ID 21 */
		    21 Query	SHOW WARNINGS
		    21 Query	CREATE TABLE IF NOT EXISTS trigger28867 (f1 INTEGER) /* QNO 134 CON_ID 21 */
180102  3:26:42	    19 Query	SELECT COUNT(*) FROM INFORMATION_SCHEMA.COLUMN_PRIVILEGES
		    19 Query	SELECT COUNT(*) FROM INFORMATION_SCHEMA.ENABLED_ROLES
		    19 Query	SELECT COUNT(*) FROM INFORMATION_SCHEMA.ENGINES
		    19 Query	SELECT COUNT(*) FROM INFORMATION_SCHEMA.EVENTS
		    19 Query	SELECT COUNT(*) FROM INFORMATION_SCHEMA.FILES
		    19 Query	SELECT COUNT(*) FROM INFORMATION_SCHEMA.GLOBAL_STATUS
		    19 Query	SELECT COUNT(*) FROM INFORMATION_SCHEMA.GLOBAL_VARIABLES
		    19 Query	SELECT COUNT(*) FROM INFORMATION_SCHEMA.KEY_CACHES
		    19 Query	SELECT COUNT(*) FROM INFORMATION_SCHEMA.KEY_COLUMN_USAGE
		    21 Query	CREATE TRIGGER trigger28867 BEFORE INSERT ON trigger28867 FOR EACH ROW  SET SESSION TRANSACTION ISOLATION LEVEL REPEATABLE READ /* QNO 129 CON_ID 21 */ ; /* QNO 135 CON_ID 21 */
		    20 Query	INSERT INTO trigger28865 VALUES (1) /* TRANSFORM_OUTCOME_ANY */ /* QNO 122 CON_ID 20 */
		    17 Query	INSERT INTO trigger28859 VALUES (1) /* TRANSFORM_OUTCOME_ANY */ /* QNO 120 CON_ID 17 */
		    18 Query	INSERT INTO trigger28861 VALUES (1) /* TRANSFORM_OUTCOME_ANY */ /* QNO 152 CON_ID 18 */
		    20 Query	SET  @aux = ROW_COUNT()
		    17 Query	SET  @aux = '2001-04-15 10:46:31.036703'
		    18 Query	SET  debug_dbug="+d,test_completely_invisible,test_invisible_index"
		    20 Query	DROP TABLE IF EXISTS trigger28865 /* QNO 123 CON_ID 20 */
		    17 Query	DROP TABLE IF EXISTS trigger28859 /* QNO 121 CON_ID 17 */
		    18 Query	DROP TABLE IF EXISTS trigger28861 /* QNO 153 CON_ID 18 */
180102  3:26:43	    21 Query	INSERT INTO trigger28867 VALUES (1) /* TRANSFORM_OUTCOME_ANY */ /* QNO 136 CON_ID 21 */
		    20 Query	ROLLBACK TO SAVEPOINT A /* QNO 124 CON_ID 20 */
		    20 Query	COMMIT  /* QNO 125 CON_ID 20 */
		    20 Query	CREATE OR REPLACE VIEW transforms.view_28865_probe AS COMMIT  /* QNO 125 CON_ID 20 */  /* QNO 126 CON_ID 20 */
		    20 Query	COMMIT  /* QNO 125 CON_ID 20 */  /* QNO 127 CON_ID 20 */
		    20 Query	SELECT col_tinyint, `vcol_blob` FROM v1_nontrans_safe_for_sbr_28865 /* table10_int_autoinc table10_myisam_int_autoinc table1_innodb_int */ WHERE col_tinyint BETWEEN -49 AND 19 + 2 AND ( `vcol_date` IS NULL OR `vcol_time` <> CURRENT_USER ) FOR UPDATE  /* QNO 128 CON_ID 20 */
		    20 Query	USE test  /* QNO 129 CON_ID 20 */
		    20 Query	CREATE OR REPLACE VIEW transforms.view_28865_probe AS  USE test  /* QNO 129 CON_ID 20 */  /* QNO 130 CON_ID 20 */
		    20 Query	USE test  /* QNO 129 CON_ID 20 */  /* QNO 131 CON_ID 20 */
		    20 Query	PREPARE st1 FROM " UPDATE table1_innodb_int_autoinc /* table10_int table1_myisam_int table0_innodb_int_autoinc */ AS A NATURAL JOIN test1.table0_int_autoinc /* table10_int table10_myisam_int_autoinc table0_innodb_int_autoinc */ B SET A.`col_int` = FOUND_ROWS(), B.`col_timestamp` = f1__28865 () WHERE col_tinyint BETWEEN 36 AND 3 + 2 AND ( `vcol_year` IS NULL OR `col_varchar` <> RAND( 4 ) ) "  /* QNO 132 CON_ID 20 */
		    20 Query	EXECUTE st1  /* QNO 133 CON_ID 20 */
		    20 Query	DEALLOCATE PREPARE st1  /* QNO 134 CON_ID 20 */
		    20 Query	COMMIT /* QNO 135 CON_ID 20 */
		    20 Query	CREATE OR REPLACE VIEW transforms.view_28865_probe AS  COMMIT /* QNO 135 CON_ID 20 */  /* QNO 136 CON_ID 20 */
		    20 Query	COMMIT /* QNO 135 CON_ID 20 */  /* QNO 137 CON_ID 20 */
		    20 Query	COMMIT  /* QNO 138 CON_ID 20 */
		    20 Query	CREATE OR REPLACE VIEW transforms.view_28865_probe AS COMMIT  /* QNO 138 CON_ID 20 */  /* QNO 139 CON_ID 20 */
		    20 Query	COMMIT  /* QNO 138 CON_ID 20 */  /* QNO 140 CON_ID 20 */
		    20 Query	USE test  /* QNO 141 CON_ID 20 */
		    20 Query	CREATE OR REPLACE VIEW transforms.view_28865_probe AS  USE test  /* QNO 141 CON_ID 20 */  /* QNO 142 CON_ID 20 */
		    20 Query	USE test  /* QNO 141 CON_ID 20 */  /* QNO 143 CON_ID 20 */
		    20 Query	START TRANSACTION /* QNO 144 CON_ID 20 */
		    20 Query	CREATE OR REPLACE VIEW transforms.view_28865_probe AS  START TRANSACTION /* QNO 144 CON_ID 20 */  /* QNO 145 CON_ID 20 */
		    20 Query	START TRANSACTION /* QNO 144 CON_ID 20 */  /* QNO 146 CON_ID 20 */
		    20 Query	COMMIT  /* QNO 147 CON_ID 20 */
		    20 Query	CREATE OR REPLACE VIEW transforms.view_28865_probe AS COMMIT  /* QNO 147 CON_ID 20 */  /* QNO 148 CON_ID 20 */
		    20 Query	COMMIT  /* QNO 147 CON_ID 20 */  /* QNO 149 CON_ID 20 */
		    20 Query	USE test  /* QNO 150 CON_ID 20 */
		    20 Query	CREATE OR REPLACE VIEW transforms.view_28865_probe AS  USE test  /* QNO 150 CON_ID 20 */  /* QNO 151 CON_ID 20 */
		    20 Query	USE test  /* QNO 150 CON_ID 20 */  /* QNO 152 CON_ID 20 */
		    20 Query	SAVEPOINT A  /* QNO 153 CON_ID 20 */
		    20 Query	CREATE OR REPLACE VIEW transforms.view_28865_probe AS  SAVEPOINT A  /* QNO 153 CON_ID 20 */  /* QNO 154 CON_ID 20 */
		    20 Query	SAVEPOINT A  /* QNO 153 CON_ID 20 */  /* QNO 155 CON_ID 20 */
		    20 Query	/* GenTest::Transform::ExecuteAsTrigger */ CREATE DATABASE IF NOT EXISTS transforms /* QNO 156 CON_ID 20 */
		    20 Query	SHOW WARNINGS
		    20 Query	DROP TABLE IF EXISTS trigger28865 /* QNO 157 CON_ID 20 */
		    20 Query	SHOW WARNINGS
		    20 Query	CREATE TABLE IF NOT EXISTS trigger28865 (f1 INTEGER) /* QNO 158 CON_ID 20 */
		    21 Query	SET  SESSION TRANSACTION ISOLATION LEVEL REPEATABLE READ
		    21 Query	DROP TABLE IF EXISTS trigger28867 /* QNO 137 CON_ID 21 */
		    18 Query	COMMIT  /* QNO 154 CON_ID 18 */
		    18 Query	CREATE OR REPLACE VIEW transforms.view_28861_probe AS COMMIT  /* QNO 154 CON_ID 18 */  /* QNO 155 CON_ID 18 */
		    18 Query	COMMIT  /* QNO 154 CON_ID 18 */  /* QNO 156 CON_ID 18 */
		    18 Query	USE test1  /* QNO 157 CON_ID 18 */
		    18 Query	RELEASE SAVEPOINT A /* QNO 158 CON_ID 18 */
		    18 Query	SET debug_dbug= "+d,test_pseudo_invisible" /* QNO 159 CON_ID 18 */
		    18 Query	CREATE OR REPLACE VIEW transforms.view_28861_probe AS SET debug_dbug= "+d,test_pseudo_invisible" /* QNO 159 CON_ID 18 */  /* QNO 160 CON_ID 18 */
		    18 Query	SET debug_dbug= "+d,test_pseudo_invisible" /* QNO 159 CON_ID 18 */  /* QNO 161 CON_ID 18 */
		    18 Query	/* GenTest::Transform::ExecuteAsTrigger */ CREATE DATABASE IF NOT EXISTS transforms /* QNO 162 CON_ID 18 */
		    18 Query	SHOW WARNINGS
		    18 Query	DROP TABLE IF EXISTS trigger28861 /* QNO 163 CON_ID 18 */
		    18 Query	SHOW WARNINGS
		    18 Query	CREATE TABLE IF NOT EXISTS trigger28861 (f1 INTEGER) /* QNO 164 CON_ID 18 */
180102  3:26:44	    20 Query	CREATE TRIGGER trigger28865 BEFORE INSERT ON trigger28865 FOR EACH ROW  SAVEPOINT A  /* QNO 153 CON_ID 20 */ ; /* QNO 159 CON_ID 20 */
		    17 Query	SELECT col_tinyint, `vcol_time` FROM table0_myisam_int /* table1_int_autoinc t2_base_myisam_28859 t2_base_innodb_28859 */ WHERE col_tinyint BETWEEN -101 AND -75 + 2 AND ( `vcol_dec` IS NULL OR `col_dec` <> UUID_SHORT() ) FOR UPDATE  /* QNO 122 CON_ID 17 */
		    17 Query	SET @aux = test.f1__28859 ()  /* QNO 123 CON_ID 17 */
		    17 Query	ROLLBACK /* QNO 124 CON_ID 17 */
		    17 Query	CREATE OR REPLACE VIEW transforms.view_28859_probe AS  ROLLBACK /* QNO 124 CON_ID 17 */  /* QNO 125 CON_ID 17 */
		    17 Query	ROLLBACK /* QNO 124 CON_ID 17 */  /* QNO 126 CON_ID 17 */
		    17 Query	COMMIT  /* QNO 127 CON_ID 17 */
		    17 Query	CREATE OR REPLACE VIEW transforms.view_28859_probe AS COMMIT  /* QNO 127 CON_ID 17 */  /* QNO 128 CON_ID 17 */
		    17 Query	COMMIT  /* QNO 127 CON_ID 17 */  /* QNO 129 CON_ID 17 */
		    17 Query	REPLACE INTO test1.table0_int_autoinc /* table1_int_autoinc table0_myisam_int_autoinc v2_trans_unsafe_for_sbr_28859 */ ( `vcol_year`, col_tinyint ) VALUES ( CONVERT( 'a' USING UTF8 ), 1 ), ( -2366464, -16 )  /* QNO 130 CON_ID 17 */
		    17 Query	SELECT col_tinyint, `vcol_enum` FROM table0_myisam_int /* table10_int_autoinc t2_base_myisam_28859 t2_base_innodb_28859 */ WHERE col_tinyint BETWEEN 111 AND -117 + 2 AND ( `col_datetime` IS NULL OR `vcol_datetime` <> UUID_SHORT() ) FOR UPDATE  /* QNO 131 CON_ID 17 */
		    17 Query	SET @aux = f1__28859 ()  /* QNO 132 CON_ID 17 */
		    17 Query	INSERT INTO table10_int_autoinc /* table1_int_autoinc table1_myisam_int t2_temp_innodb_28859 */ ( `vcol_int`, col_tinyint ) VALUES ( @aux, 106 )  /* QNO 133 CON_ID 17 */
		    17 Query	START TRANSACTION /* QNO 134 CON_ID 17 */
		    17 Query	CREATE OR REPLACE VIEW transforms.view_28859_probe AS  START TRANSACTION /* QNO 134 CON_ID 17 */  /* QNO 135 CON_ID 17 */
		    17 Query	START TRANSACTION /* QNO 134 CON_ID 17 */  /* QNO 136 CON_ID 17 */
		    17 Query	SET SESSION TRANSACTION ISOLATION LEVEL READ UNCOMMITTED /* QNO 137 CON_ID 17 */
		    17 Query	CREATE OR REPLACE VIEW transforms.view_28859_probe AS  SET SESSION TRANSACTION ISOLATION LEVEL READ UNCOMMITTED /* QNO 137 CON_ID 17 */  /* QNO 138 CON_ID 17 */
		    17 Query	SET SESSION TRANSACTION ISOLATION LEVEL READ UNCOMMITTED /* QNO 137 CON_ID 17 */  /* QNO 139 CON_ID 17 */
		    17 Query	COMMIT  /* QNO 140 CON_ID 17 */
		    17 Query	CREATE OR REPLACE VIEW transforms.view_28859_probe AS COMMIT  /* QNO 140 CON_ID 17 */  /* QNO 141 CON_ID 17 */
		    17 Query	COMMIT  /* QNO 140 CON_ID 17 */  /* QNO 142 CON_ID 17 */
		    17 Query	SET @aux = CONVERT( 'o' USING UCS2 )  /* QNO 143 CON_ID 17 */
		    17 Query	CREATE OR REPLACE VIEW transforms.view_28859_probe AS  SET @aux = CONVERT( 'o' USING UCS2 )  /* QNO 143 CON_ID 17 */  /* QNO 144 CON_ID 17 */
		    17 Query	SET @aux = CONVERT( 'o' USING UCS2 )  /* QNO 143 CON_ID 17 */  /* QNO 145 CON_ID 17 */
		    17 Query	/* GenTest::Transform::ExecuteAsTrigger */ CREATE DATABASE IF NOT EXISTS transforms /* QNO 146 CON_ID 17 */
		    17 Query	SHOW WARNINGS
		    17 Query	DROP TABLE IF EXISTS trigger28859 /* QNO 147 CON_ID 17 */
		    17 Query	SHOW WARNINGS
		    17 Query	CREATE TABLE IF NOT EXISTS trigger28859 (f1 INTEGER) /* QNO 148 CON_ID 17 */
		    18 Query	CREATE TRIGGER trigger28861 BEFORE INSERT ON trigger28861 FOR EACH ROW SET debug_dbug= "+d,test_pseudo_invisible" /* QNO 159 CON_ID 18 */ ; /* QNO 165 CON_ID 18 */
		    21 Query	SELECT DISTINCT CASE WHEN table_schema = 'information_schema' THEN 'INFORMATION_SCHEMA' ELSE table_schema END AS table_schema, table_name, CASE WHEN table_type = 'BASE TABLE' THEN 'table' WHEN table_type = 'VIEW' THEN 'view' WHEN table_type = 'SYSTEM VIEW' then 'view' ELSE 'misc' END AS table_type, column_name, CASE WHEN column_key = 'PRI' THEN 'primary' WHEN column_key IN ('MUL','UNI') THEN 'indexed' WHEN index_name = 'PRIMARY' THEN 'primary' WHEN non_unique IS NOT NULL THEN 'indexed' ELSE 'ordinary' END AS column_key, CASE WHEN data_type IN ('bit','tinyint','smallint','mediumint','int','bigint') THEN 'int' WHEN data_type IN ('float','double') THEN 'float' WHEN data_type IN ('decimal') THEN 'decimal' WHEN data_type IN ('datetime','timestamp') THEN 'timestamp' WHEN data_type IN ('char','varchar','binary','varbinary') THEN 'char' WHEN data_type IN ('tinyblob','blob','mediumblob','longblob') THEN 'blob' WHEN data_type IN ('tinytext','text','mediumtext','longtext') THEN 'text' ELSE data_type END AS data_type_normalized, data_type, character_maximum_length, table_rows FROM information_schema.tables INNER JOIN information_schema.columns USING(table_schema,table_name) LEFT JOIN information_schema.statistics USING(table_schema,table_name,column_name) WHERE table_name <> 'DUMMY'
		    17 Query	CREATE TRIGGER trigger28859 BEFORE INSERT ON trigger28859 FOR EACH ROW  SET @aux = CONVERT( 'o' USING UCS2 )  /* QNO 143 CON_ID 17 */ ; /* QNO 149 CON_ID 17 */
180102  3:26:45	    20 Query	INSERT INTO trigger28865 VALUES (1) /* TRANSFORM_OUTCOME_ANY */ /* QNO 160 CON_ID 20 */
		    20 Query	SAVEPOINT A
		    17 Query	INSERT INTO trigger28859 VALUES (1) /* TRANSFORM_OUTCOME_ANY */ /* QNO 150 CON_ID 17 */
		    18 Query	INSERT INTO trigger28861 VALUES (1) /* TRANSFORM_OUTCOME_ANY */ /* QNO 166 CON_ID 18 */
		    19 Query	SELECT COUNT(*) FROM INFORMATION_SCHEMA.PARAMETERS
		    16 Query	COMMIT ; ; SELECT col_tinyint, `vcol_timestamp` FROM table10_myisam_int /* table0_int_autoinc table10_myisam_int t2_base_innodb_28858 */ WHERE col_tinyint BETWEEN 5 AND -14 + 2 AND ( `col_varchar` IS NULL OR `vcol_int` <> ROW_COUNT() ) FOR UPDATE ; PREPARE st1 FROM " DELETE LOW_PRIORITY FROM test.t1_base_innodb_28858 /* table1_int_autoinc t2_temp_myisam_28858 t2_base_innodb_28858 */ WHERE col_tinyint BETWEEN 46 AND 14 + 2 AND ( `vcol_time` IS NULL OR `vcol_timestamp` <> FOUND_ROWS() ) " ; EXECUTE st1 ; DEALLOCATE PREPARE st1 ; CREATE PROCEDURE test1.p1__28858 () BEGIN UPDATE test1.table1_innodb_int /* table1_int table10_myisam_int v2_trans_unsafe_for_sbr_28858 */ AS A NATURAL JOIN table10_innodb_int /* table10_int v2_nontrans_safe_for_sbr_28858 v1_trans_safe_for_sbr_28858 */ B SET A.`col_time` = '2002-11-12 03:28:56.062970', B.`col_int` = 'ckqmdyjlqxwfyskbzkcdplkvzfwceftzyyxkpeupjkdoqtbvrptgvsnhrhobqnlxbnziaejeccbzyqjlpktyrykzdedjgwxucbrguijvhfrddbxicz' WHERE col_tinyint BETWEEN 10 AND 46 + 2 AND ( `vcol_char` IS NULL OR `col_dec` <> FOUND_ROWS() ) ; END ; COMMIT /* QNO 173 CON_ID 16 */  /* TRANSFORM_OUTCOME_UNORDERED_MATCH */ /* QNO 177 CON_ID 16 */
