		    20 Query	UPDATE test1./* v2_trans_safe_for_sbr_28865 table0_int_autoinc t2_base_myisam_28865 */ table1_innodb_int_autoinc AS A NATURAL JOIN test1./* t1_temp_innodb_28865 table1_int_autoinc table10_myisam_int_autoinc */ v2_trans_safe_for_sbr_28865 B SET A.`non_existing_column` = '2015-05-22 09:46:31.039717', B.`non_existing_column` = 'jbykjyimtiqwjmatrlzjfqvbycvlvcdktziaiuamhfaypycjoltinvazdlrdehurohtdkfkvnadmivosxxpigheawwedkixhlxxdnbzsywqgaznsurvuvnggczehufkmcxjzmdsbssodvevwxangbbxgoiwyxynlaispqxpwxwsbhtzqzloojsqgrqdcpredsmupjhjtxrayuosrifistbebenmnnntqqcenxcrtgmvnelofy' WHERE col_tinyint BETWEEN -63 AND -35 + 2 AND ( `non_existing_column` IS NULL OR `non_existing_column` <> FOUND_ROWS() )  /* QNO 213 CON_ID 20 */
		    20 Query	UPDATE /* v1_nontrans_unsafe_for_sbr_28865 table0_int table0_myisam_int */ t1_temp_innodb_28865 SET `non_existing_column` = -2.0E+1 WHERE col_tinyint BETWEEN -4 AND -72 + 2 AND ( `non_existing_column` IS NULL OR `non_existing_column` <> CURRENT_USER )  /* QNO 214 CON_ID 20 */
		    20 Query	DROP USER Emilio_28865@localhost /* QNO 215 CON_ID 20 */
		    20 Query	CREATE OR REPLACE VIEW transforms.view_28865_probe AS  DROP USER Emilio_28865@localhost /* QNO 215 CON_ID 20 */  /* QNO 216 CON_ID 20 */
		    20 Query	DROP USER Emilio_28865@localhost /* QNO 215 CON_ID 20 */  /* QNO 217 CON_ID 20 */
		    20 Query	COMMIT  /* QNO 218 CON_ID 20 */
		    20 Query	CREATE OR REPLACE VIEW transforms.view_28865_probe AS COMMIT  /* QNO 218 CON_ID 20 */  /* QNO 219 CON_ID 20 */
		    20 Query	COMMIT  /* QNO 218 CON_ID 20 */  /* QNO 220 CON_ID 20 */
		    20 Query	SELECT col_tinyint, `non_existing_column` FROM /* table0_innodb_int_autoinc table0_int t1_temp_myisam_28865 */ table1_innodb_int_autoinc WHERE col_tinyint BETWEEN 94 AND 76 + 2 AND ( `non_existing_column` IS NULL OR `non_existing_column` <> UUID_SHORT() ) FOR UPDATE  /* QNO 221 CON_ID 20 */
		    20 Query	ROLLBACK /* QNO 222 CON_ID 20 */
		    20 Query	CREATE OR REPLACE VIEW transforms.view_28865_probe AS  ROLLBACK /* QNO 222 CON_ID 20 */  /* QNO 223 CON_ID 20 */
		    20 Query	ROLLBACK /* QNO 222 CON_ID 20 */  /* QNO 224 CON_ID 20 */
		    20 Query	SET GLOBAL TRANSACTION ISOLATION LEVEL SERIALIZABLE /* QNO 225 CON_ID 20 */
		    20 Query	CREATE OR REPLACE VIEW transforms.view_28865_probe AS  SET GLOBAL TRANSACTION ISOLATION LEVEL SERIALIZABLE /* QNO 225 CON_ID 20 */  /* QNO 226 CON_ID 20 */
		    20 Query	SET GLOBAL TRANSACTION ISOLATION LEVEL SERIALIZABLE /* QNO 225 CON_ID 20 */  /* QNO 227 CON_ID 20 */
		    20 Query	/* GenTest::Transform::ExecuteAsTrigger */ CREATE DATABASE IF NOT EXISTS transforms /* QNO 228 CON_ID 20 */
		    20 Query	SHOW WARNINGS
		    20 Query	DROP TABLE IF EXISTS trigger28865 /* QNO 229 CON_ID 20 */
		    20 Query	SHOW WARNINGS
		    20 Query	CREATE TABLE IF NOT EXISTS trigger28865 (f1 INTEGER) /* QNO 230 CON_ID 20 */
		    18 Query	SELECT COUNT(*) FROM INFORMATION_SCHEMA.INNODB_SYS_TABLESPACES
		    18 Query	SELECT COUNT(*) FROM INFORMATION_SCHEMA.INNODB_METRICS
		    18 Query	SELECT COUNT(*) FROM INFORMATION_SCHEMA.INNODB_SYS_INDEXES
		    18 Query	SELECT COUNT(*) FROM INFORMATION_SCHEMA.INNODB_SYS_VIRTUAL
		    18 Query	SELECT COUNT(*) FROM INFORMATION_SCHEMA.INNODB_MUTEXES
		    18 Query	SELECT COUNT(*) FROM INFORMATION_SCHEMA.INNODB_SYS_SEMAPHORE_WAITS
		    18 Query	SELECT collation_name,character_set_name FROM information_schema.collations
		    18 Query	COMMIT  /* QNO 168 CON_ID 18 */
		    18 Query	CREATE OR REPLACE VIEW transforms.view_28861_probe AS COMMIT  /* QNO 168 CON_ID 18 */  /* QNO 169 CON_ID 18 */
		    18 Query	COMMIT  /* QNO 168 CON_ID 18 */  /* QNO 170 CON_ID 18 */
		    18 Query	SELECT col_tinyint, `non_existing_column` FROM table0_int_autoinc /* table10_int t2_base_myisam_28861 table10_innodb_int */ WHERE col_tinyint BETWEEN -78 AND 11 + 2 AND ( `non_existing_column` IS NULL OR `non_existing_column` <> RAND( 5 ) ) FOR UPDATE  /* QNO 171 CON_ID 18 */
		    18 Query	DROP INDEX idx_will_fail ON does_not_exist  /* QNO 172 CON_ID 18 */
		    18 Query	SET AUTOCOMMIT = ON /* QNO 173 CON_ID 18 */
		    18 Query	CREATE OR REPLACE VIEW transforms.view_28861_probe AS  SET AUTOCOMMIT = ON /* QNO 173 CON_ID 18 */  /* QNO 174 CON_ID 18 */
		    18 Query	SET AUTOCOMMIT = ON /* QNO 173 CON_ID 18 */  /* QNO 175 CON_ID 18 */
		    18 Query	COMMIT  /* QNO 176 CON_ID 18 */
		    18 Query	CREATE OR REPLACE VIEW transforms.view_28861_probe AS COMMIT  /* QNO 176 CON_ID 18 */  /* QNO 177 CON_ID 18 */
		    18 Query	COMMIT  /* QNO 176 CON_ID 18 */  /* QNO 178 CON_ID 18 */
		    18 Query	PREPARE st1 FROM " DELETE FROM test1.table1_myisam_int_autoinc /* table10_int t1_temp_myisam_28861 v1_trans_safe_for_sbr_28861 */ WHERE col_tinyint BETWEEN 74 AND -120 + 2 AND ( `non_existing_column` IS NULL OR `non_existing_column` <> CURRENT_USER ) "  /* QNO 179 CON_ID 18 */
		    18 Query	EXECUTE st1  /* QNO 180 CON_ID 18 */
		    18 Query	DEALLOCATE PREPARE st1  /* QNO 181 CON_ID 18 */
		    18 Query	PREPARE st1 FROM " DELETE test1.A, test.B FROM test1.table1_int_autoinc /* table1_int v2_nontrans_unsafe_for_sbr_28861 table0_innodb_int_autoinc */ AS A NATURAL JOIN test.table10_int /* table1_int table10_myisam_int_autoinc t2_base_innodb_28861 */ B WHERE col_tinyint BETWEEN -98 AND -11 + 2 AND ( `non_existing_column` IS NULL OR `non_existing_column` <> VERSION() ) "  /* QNO 182 CON_ID 18 */
		    18 Query	EXECUTE st1  /* QNO 183 CON_ID 18 */
		    18 Query	DEALLOCATE PREPARE st1  /* QNO 184 CON_ID 18 */
		    18 Query	UPDATE test.table1_innodb_int /* table0_int_autoinc v2_nontrans_unsafe_for_sbr_28861 v2_trans_unsafe_for_sbr_28861 */ SET `non_existing_column` = NOW() WHERE col_tinyint BETWEEN -74 AND 108 + 2 AND ( `non_existing_column` IS NULL OR `non_existing_column` <> RAND( 9 ) )  /* QNO 185 CON_ID 18 */
		    18 Query	USE test  /* QNO 186 CON_ID 18 */
		    18 Query	CREATE OR REPLACE VIEW transforms.view_28861_probe AS  USE test  /* QNO 186 CON_ID 18 */  /* QNO 187 CON_ID 18 */
		    18 Query	USE test  /* QNO 186 CON_ID 18 */  /* QNO 188 CON_ID 18 */
		    18 Query	ROLLBACK /* QNO 189 CON_ID 18 */
		    18 Query	CREATE OR REPLACE VIEW transforms.view_28861_probe AS  ROLLBACK /* QNO 189 CON_ID 18 */  /* QNO 190 CON_ID 18 */
		    18 Query	ROLLBACK /* QNO 189 CON_ID 18 */  /* QNO 191 CON_ID 18 */
		    18 Query	COMMIT  /* QNO 192 CON_ID 18 */
		    18 Query	CREATE OR REPLACE VIEW transforms.view_28861_probe AS COMMIT  /* QNO 192 CON_ID 18 */  /* QNO 193 CON_ID 18 */
		    18 Query	COMMIT  /* QNO 192 CON_ID 18 */  /* QNO 194 CON_ID 18 */
		    18 Query	PREPARE st1 FROM " UPDATE test.table10_innodb_int /* table10_int table10_myisam_int_autoinc table1_innodb_int_autoinc */ SET `col_blob` = +1.1 WHERE col_tinyint BETWEEN -116 AND 122 + 2 AND ( `vcol_year` IS NULL OR `vcol_time` <> CURRENT_USER() ) "  /* QNO 195 CON_ID 18 */
		    18 Query	EXECUTE st1  /* QNO 196 CON_ID 18 */
		    18 Query	DEALLOCATE PREPARE st1  /* QNO 197 CON_ID 18 */
		    18 Query	INSERT INTO test1.table1_innodb_int /* table1_int table10_myisam_int_autoinc t2_base_innodb_28861 */ ( `col_bit`,`col_blob`,`col_char`,`col_date`,`col_datetime`,`col_dec`,`col_enum`,`col_int`,`col_time`,`col_timestamp`,`col_varchar`,`col_year`,`pk`,`vcol_bit`,`vcol_blob`,`vcol_char`,`vcol_date`,`vcol_datetime`,`vcol_dec`,`vcol_enum`,`vcol_int`,`vcol_time`,`vcol_timestamp`,`vcol_varchar`,`vcol_year` ) SELECT `col_bit`,`col_blob`,`col_char`,`col_date`,`col_datetime`,`col_dec`,`col_enum`,`col_int`,`col_time`,`col_timestamp`,`col_varchar`,`col_year`,`pk`,`vcol_bit`,`vcol_blob`,`vcol_char`,`vcol_date`,`vcol_datetime`,`vcol_dec`,`vcol_enum`,`vcol_int`,`vcol_time`,`vcol_timestamp`,`vcol_varchar`,`vcol_year` FROM test.table10_int /* table0_int_autoinc t1_temp_myisam_28861 t2_temp_innodb_28861 */ AS A WHERE col_tinyint BETWEEN -90 AND -53 + 2 AND ( `vcol_datetime` IS NULL OR `vcol_dec` <> SYSDATE() )  /* QNO 198 CON_ID 18 */
		    18 Query	SET GLOBAL key_cache_28861.key_buffer_size = 0 /* QNO 199 CON_ID 18 */
		    18 Query	CREATE OR REPLACE VIEW transforms.view_28861_probe AS  SET GLOBAL key_cache_28861.key_buffer_size = 0 /* QNO 199 CON_ID 18 */  /* QNO 200 CON_ID 18 */
		    18 Query	SET GLOBAL key_cache_28861.key_buffer_size = 0 /* QNO 199 CON_ID 18 */  /* QNO 201 CON_ID 18 */
		    18 Query	/* GenTest::Transform::ExecuteAsTrigger */ CREATE DATABASE IF NOT EXISTS transforms /* QNO 202 CON_ID 18 */
		    18 Query	SHOW WARNINGS
		    18 Query	DROP TABLE IF EXISTS trigger28861 /* QNO 203 CON_ID 18 */
		    18 Query	SHOW WARNINGS
		    18 Query	CREATE TABLE IF NOT EXISTS trigger28861 (f1 INTEGER) /* QNO 204 CON_ID 18 */
		    19 Query	CREATE TRIGGER trigger28863 BEFORE INSERT ON trigger28863 FOR EACH ROW SET debug_dbug= "+d,test_completely_invisible" /* QNO 229 CON_ID 19 */ ; /* QNO 235 CON_ID 19 */
		    21 Query	INSERT INTO trigger28867 VALUES (1) /* TRANSFORM_OUTCOME_ANY */ /* QNO 191 CON_ID 21 */
		    17 Query	CREATE TRIGGER trigger28859 BEFORE INSERT ON trigger28859 FOR EACH ROW  SET GLOBAL TRANSACTION ISOLATION LEVEL REPEATABLE READ /* QNO 194 CON_ID 17 */ ; /* QNO 200 CON_ID 17 */
180102  3:26:55	    20 Query	CREATE TRIGGER trigger28865 BEFORE INSERT ON trigger28865 FOR EACH ROW  SET GLOBAL TRANSACTION ISOLATION LEVEL SERIALIZABLE /* QNO 225 CON_ID 20 */ ; /* QNO 231 CON_ID 20 */
		    18 Query	CREATE TRIGGER trigger28861 BEFORE INSERT ON trigger28861 FOR EACH ROW  SET GLOBAL key_cache_28861.key_buffer_size = 0 /* QNO 199 CON_ID 18 */ ; /* QNO 205 CON_ID 18 */
		    21 Query	SET  @aux = SYSDATE()
		    21 Query	DROP TABLE IF EXISTS trigger28867 /* QNO 192 CON_ID 21 */
		    17 Query	INSERT INTO trigger28859 VALUES (1) /* TRANSFORM_OUTCOME_ANY */ /* QNO 201 CON_ID 17 */
		    20 Query	INSERT INTO trigger28865 VALUES (1) /* TRANSFORM_OUTCOME_ANY */ /* QNO 232 CON_ID 20 */
		    19 Query	INSERT INTO trigger28863 VALUES (1) /* TRANSFORM_OUTCOME_ANY */ /* QNO 236 CON_ID 19 */
		    17 Query	SET  GLOBAL TRANSACTION ISOLATION LEVEL REPEATABLE READ
		    18 Query	INSERT INTO trigger28861 VALUES (1) /* TRANSFORM_OUTCOME_ANY */ /* QNO 206 CON_ID 18 */
		    20 Query	SET  GLOBAL TRANSACTION ISOLATION LEVEL SERIALIZABLE
		    19 Query	SET  debug_dbug= "+d,test_completely_invisible"
		    18 Query	SET  GLOBAL key_cache_28861.key_buffer_size = 0
		    16 Query	SELECT COUNT(*) FROM INFORMATION_SCHEMA.TABLE_PRIVILEGES
		    16 Query	SELECT COUNT(*) FROM INFORMATION_SCHEMA.TRIGGERS
		    17 Query	DROP TABLE IF EXISTS trigger28859 /* QNO 202 CON_ID 17 */
		    20 Query	DROP TABLE IF EXISTS trigger28865 /* QNO 233 CON_ID 20 */
		    18 Query	DROP TABLE IF EXISTS trigger28861 /* QNO 207 CON_ID 18 */
		    19 Query	DROP TABLE IF EXISTS trigger28863 /* QNO 237 CON_ID 19 */
		    21 Query	SAVEPOINT A  /* QNO 193 CON_ID 21 */
		    21 Query	CREATE OR REPLACE VIEW transforms.view_28867_probe AS  SAVEPOINT A  /* QNO 193 CON_ID 21 */  /* QNO 194 CON_ID 21 */
		    21 Query	SAVEPOINT A  /* QNO 193 CON_ID 21 */  /* QNO 195 CON_ID 21 */
		    21 Query	/* GenTest::Transform::ExecuteAsTrigger */ CREATE DATABASE IF NOT EXISTS transforms /* QNO 196 CON_ID 21 */
		    21 Query	SHOW WARNINGS
		    21 Query	DROP TABLE IF EXISTS trigger28867 /* QNO 197 CON_ID 21 */
		    21 Query	SHOW WARNINGS
		    21 Query	CREATE TABLE IF NOT EXISTS trigger28867 (f1 INTEGER) /* QNO 198 CON_ID 21 */
180102  3:26:56	    17 Query	SET GLOBAL TRANSACTION ISOLATION LEVEL READ COMMITTED /* QNO 203 CON_ID 17 */
		    17 Query	CREATE OR REPLACE VIEW transforms.view_28859_probe AS  SET GLOBAL TRANSACTION ISOLATION LEVEL READ COMMITTED /* QNO 203 CON_ID 17 */  /* QNO 204 CON_ID 17 */
		    17 Query	SET GLOBAL TRANSACTION ISOLATION LEVEL READ COMMITTED /* QNO 203 CON_ID 17 */  /* QNO 205 CON_ID 17 */
		    17 Query	SET GLOBAL TRANSACTION ISOLATION LEVEL READ COMMITTED /* QNO 206 CON_ID 17 */
		    17 Query	CREATE OR REPLACE VIEW transforms.view_28859_probe AS  SET GLOBAL TRANSACTION ISOLATION LEVEL READ COMMITTED /* QNO 206 CON_ID 17 */  /* QNO 207 CON_ID 17 */
		    17 Query	SET GLOBAL TRANSACTION ISOLATION LEVEL READ COMMITTED /* QNO 206 CON_ID 17 */  /* QNO 208 CON_ID 17 */
		    17 Query	SET debug_dbug="+d,test_completely_invisible,test_invisible_index" /* QNO 209 CON_ID 17 */
		    17 Query	CREATE OR REPLACE VIEW transforms.view_28859_probe AS SET debug_dbug="+d,test_completely_invisible,test_invisible_index" /* QNO 209 CON_ID 17 */  /* QNO 210 CON_ID 17 */
		    17 Query	SET debug_dbug="+d,test_completely_invisible,test_invisible_index" /* QNO 209 CON_ID 17 */  /* QNO 211 CON_ID 17 */
		    17 Query	/* GenTest::Transform::ExecuteAsTrigger */ CREATE DATABASE IF NOT EXISTS transforms /* QNO 212 CON_ID 17 */
		    17 Query	SHOW WARNINGS
		    17 Query	DROP TABLE IF EXISTS trigger28859 /* QNO 213 CON_ID 17 */
		    17 Query	SHOW WARNINGS
		    17 Query	CREATE TABLE IF NOT EXISTS trigger28859 (f1 INTEGER) /* QNO 214 CON_ID 17 */
		    21 Query	CREATE TRIGGER trigger28867 BEFORE INSERT ON trigger28867 FOR EACH ROW  SAVEPOINT A  /* QNO 193 CON_ID 21 */ ; /* QNO 199 CON_ID 21 */
		    19 Query	COMMIT  /* QNO 238 CON_ID 19 */
		    19 Query	CREATE OR REPLACE VIEW transforms.view_28863_probe AS COMMIT  /* QNO 238 CON_ID 19 */  /* QNO 239 CON_ID 19 */
		    19 Query	COMMIT  /* QNO 238 CON_ID 19 */  /* QNO 240 CON_ID 19 */
		    19 Query	PREPARE st1 FROM " INSERT INTO test1.v1_nontrans_safe_for_sbr_28863 /* table10_int table1_myisam_int_autoinc v1_trans_safe_for_sbr_28863 */ ( `col_bit`,`col_blob`,`col_char`,`col_date`,`col_datetime`,`col_dec`,`col_enum`,`col_int`,`col_time`,`col_timestamp`,`col_varchar`,`col_year`,`pk`,`vcol_bit`,`vcol_blob`,`vcol_char`,`vcol_date`,`vcol_datetime`,`vcol_dec`,`vcol_enum`,`vcol_int`,`vcol_time`,`vcol_timestamp`,`vcol_varchar`,`vcol_year` ) SELECT `col_bit`,`col_blob`,`col_char`,`col_date`,`col_datetime`,`col_dec`,`col_enum`,`col_int`,`col_time`,`col_timestamp`,`col_varchar`,`col_year`,`pk`,`vcol_bit`,`vcol_blob`,`vcol_char`,`vcol_date`,`vcol_datetime`,`vcol_dec`,`vcol_enum`,`vcol_int`,`vcol_time`,`vcol_timestamp`,`vcol_varchar`,`vcol_year` FROM test.t2_base_innodb_28863 /* table10_int table10_myisam_int_autoinc t2_temp_innodb_28863 */ AS A WHERE col_tinyint BETWEEN 76 AND -101 + 2 AND ( `col_dec` IS NULL OR `vcol_enum` <> RAND( 9 ) ) UNION SELECT `col_bit`,`col_blob`,`col_char`,`col_date`,`col_datetime`,`col_dec`,`col_enum`,`col_int`,`col_time`,`col_timestamp`,`col_varchar`,`col_year`,`pk`,`vcol_bit`,`vcol_blob`,`vcol_char`,`vcol_date`,`vcol_datetime`,`vcol_dec`,`vcol_enum`,`vcol_int`,`vcol_time`,`vcol_timestamp`,`vcol_varchar`,`vcol_year` FROM table0_int_autoinc /* table10_int_autoinc table1_myisam_int_autoinc table0_innodb_int_autoinc */ AS B WHERE col_tinyint BETWEEN -103 AND 25 + 2 AND ( `vcol_datetime` IS NULL OR `vcol_enum` <> UUID() ) "  /* QNO 241 CON_ID 19 */
		    19 Query	EXECUTE st1  /* QNO 242 CON_ID 19 */
		    19 Query	DEALLOCATE PREPARE st1  /* QNO 243 CON_ID 19 */
		    19 Query	START TRANSACTION /* QNO 244 CON_ID 19 */
		    19 Query	CREATE OR REPLACE VIEW transforms.view_28863_probe AS  START TRANSACTION /* QNO 244 CON_ID 19 */  /* QNO 245 CON_ID 19 */
		    19 Query	START TRANSACTION /* QNO 244 CON_ID 19 */  /* QNO 246 CON_ID 19 */
		    19 Query	COMMIT  /* QNO 247 CON_ID 19 */
		    19 Query	CREATE OR REPLACE VIEW transforms.view_28863_probe AS COMMIT  /* QNO 247 CON_ID 19 */  /* QNO 248 CON_ID 19 */
		    19 Query	COMMIT  /* QNO 247 CON_ID 19 */  /* QNO 249 CON_ID 19 */
		    19 Query	USE test1  /* QNO 250 CON_ID 19 */
		    18 Query	COMMIT  /* QNO 208 CON_ID 18 */
		    19 Query	SET @aux = '1986-08-16'  /* QNO 251 CON_ID 19 */
		    18 Query	CREATE OR REPLACE VIEW transforms.view_28861_probe AS COMMIT  /* QNO 208 CON_ID 18 */  /* QNO 209 CON_ID 18 */
		    19 Query	CREATE OR REPLACE VIEW transforms.view_28863_probe AS  SET @aux = '1986-08-16'  /* QNO 251 CON_ID 19 */  /* QNO 252 CON_ID 19 */
		    18 Query	COMMIT  /* QNO 208 CON_ID 18 */  /* QNO 210 CON_ID 18 */
		    19 Query	SET @aux = '1986-08-16'  /* QNO 251 CON_ID 19 */  /* QNO 253 CON_ID 19 */
		    18 Query	SELECT col_tinyint, `vcol_char` FROM t2_temp_innodb_28861 /* table0_int v1_nontrans_safe_for_sbr_28861 table1_innodb_int_autoinc */ WHERE col_tinyint BETWEEN 68 AND -90 + 2 AND ( `vcol_time` IS NULL OR `vcol_timestamp` <> FOUND_ROWS() ) FOR UPDATE  /* QNO 211 CON_ID 18 */
		    19 Query	/* GenTest::Transform::ExecuteAsTrigger */ CREATE DATABASE IF NOT EXISTS transforms /* QNO 254 CON_ID 19 */
		    19 Query	SHOW WARNINGS
		    18 Query	ROLLBACK /* QNO 212 CON_ID 18 */
		    19 Query	DROP TABLE IF EXISTS trigger28863 /* QNO 255 CON_ID 19 */
		    18 Query	CREATE OR REPLACE VIEW transforms.view_28861_probe AS  ROLLBACK /* QNO 212 CON_ID 18 */  /* QNO 213 CON_ID 18 */
		    20 Query	COMMIT  /* QNO 234 CON_ID 20 */
		    19 Query	SHOW WARNINGS
		    18 Query	ROLLBACK /* QNO 212 CON_ID 18 */  /* QNO 214 CON_ID 18 */
		    19 Query	CREATE TABLE IF NOT EXISTS trigger28863 (f1 INTEGER) /* QNO 256 CON_ID 19 */
		    20 Query	CREATE OR REPLACE VIEW transforms.view_28865_probe AS COMMIT  /* QNO 234 CON_ID 20 */  /* QNO 235 CON_ID 20 */
		    20 Query	COMMIT  /* QNO 234 CON_ID 20 */  /* QNO 236 CON_ID 20 */
		    20 Query	PREPARE st1 FROM " INSERT INTO test./* table0_myisam_int table1_int_autoinc t1_base_myisam_28865 */ table0_innodb_int ( `non_existing_column`, col_tinyint ) VALUES ( test.f1_3_28865 (), -23 ) "  /* QNO 237 CON_ID 20 */
		    20 Query	EXECUTE st1  /* QNO 238 CON_ID 20 */
		    20 Query	DEALLOCATE PREPARE st1  /* QNO 239 CON_ID 20 */
		    20 Query	USE test1  /* QNO 240 CON_ID 20 */
		    20 Query	PREPARE st1 FROM " DELETE test1.A, test.B FROM test1./* v1_trans_safe_for_sbr_28865 table10_int_autoinc t1_temp_myisam_28865 */ v1_trans_safe_for_sbr_28865 AS A NATURAL JOIN test./* table0_int_autoinc table1_int t1_temp_myisam_28865 */ table1_innodb_int B WHERE col_tinyint BETWEEN 11 AND 106 + 2 AND ( `non_existing_column` IS NULL OR `non_existing_column` <> UUID_SHORT() ) "  /* QNO 241 CON_ID 20 */
		    20 Query	EXECUTE st1  /* QNO 242 CON_ID 20 */
		    20 Query	DEALLOCATE PREPARE st1  /* QNO 243 CON_ID 20 */
		    20 Query	SAVEPOINT A  /* QNO 244 CON_ID 20 */
		    18 Query	COMMIT  /* QNO 215 CON_ID 18 */
		    20 Query	CREATE OR REPLACE VIEW transforms.view_28865_probe AS  SAVEPOINT A  /* QNO 244 CON_ID 20 */  /* QNO 245 CON_ID 20 */
		    18 Query	CREATE OR REPLACE VIEW transforms.view_28861_probe AS COMMIT  /* QNO 215 CON_ID 18 */  /* QNO 216 CON_ID 18 */
		    20 Query	SAVEPOINT A  /* QNO 244 CON_ID 20 */  /* QNO 246 CON_ID 20 */
		    20 Query	/* GenTest::Transform::ExecuteAsTrigger */ CREATE DATABASE IF NOT EXISTS transforms /* QNO 247 CON_ID 20 */
		    18 Query	COMMIT  /* QNO 215 CON_ID 18 */  /* QNO 217 CON_ID 18 */
		    20 Query	SHOW WARNINGS
		    18 Query	PREPARE st1 FROM " UPDATE test1.table10_int /* table10_int_autoinc table1_myisam_int table10_innodb_int */ AS A NATURAL JOIN test1.v1_nontrans_safe_for_sbr_28861 /* table10_int_autoinc t2_temp_myisam_28861 table0_innodb_int_autoinc */ B SET A.`vcol_date` = ROW_COUNT(), B.`vcol_datetime` = test.f1__28861 () WHERE col_tinyint BETWEEN 48 AND -10 + 2 AND ( `col_datetime` IS NULL OR `col_date` <> SYSDATE() ) "  /* QNO 218 CON_ID 18 */
		    20 Query	DROP TABLE IF EXISTS trigger28865 /* QNO 248 CON_ID 20 */
		    20 Query	SHOW WARNINGS
		    18 Query	EXECUTE st1  /* QNO 219 CON_ID 18 */
		    20 Query	CREATE TABLE IF NOT EXISTS trigger28865 (f1 INTEGER) /* QNO 249 CON_ID 20 */
		    18 Query	DEALLOCATE PREPARE st1  /* QNO 220 CON_ID 18 */
		    18 Query	ROLLBACK /* QNO 221 CON_ID 18 */
		    18 Query	CREATE OR REPLACE VIEW transforms.view_28861_probe AS  ROLLBACK /* QNO 221 CON_ID 18 */  /* QNO 222 CON_ID 18 */
		    18 Query	ROLLBACK /* QNO 221 CON_ID 18 */  /* QNO 223 CON_ID 18 */
		    18 Query	FLUSH LOGS /* QNO 224 CON_ID 18 */
/home/elenst/git/10.3/sql/mysqld, Version: 10.3.4-MariaDB-debug-log (Source distribution). started with:
Tcp port: 10720  Unix socket: /home/elenst/test_results/hidden-1/current1_1/mysql.sock
Time		    Id Command	Argument
180102  3:26:57	    21 Query	INSERT INTO trigger28867 VALUES (1) /* TRANSFORM_OUTCOME_ANY */ /* QNO 200 CON_ID 21 */
		    17 Query	CREATE TRIGGER trigger28859 BEFORE INSERT ON trigger28859 FOR EACH ROW SET debug_dbug="+d,test_completely_invisible,test_invisible_index" /* QNO 209 CON_ID 17 */ ; /* QNO 215 CON_ID 17 */
		    18 Query	CREATE OR REPLACE VIEW transforms.view_28861_probe AS  FLUSH LOGS /* QNO 224 CON_ID 18 */  /* QNO 225 CON_ID 18 */
		    18 Query	FLUSH LOGS /* QNO 224 CON_ID 18 */  /* QNO 226 CON_ID 18 */
/home/elenst/git/10.3/sql/mysqld, Version: 10.3.4-MariaDB-debug-log (Source distribution). started with:
Tcp port: 10720  Unix socket: /home/elenst/test_results/hidden-1/current1_1/mysql.sock
Time		    Id Command	Argument
		    16 Query	SELECT COUNT(*) FROM INFORMATION_SCHEMA.USER_PRIVILEGES
		    16 Query	SELECT COUNT(*) FROM INFORMATION_SCHEMA.VIEWS
180102  3:26:58	    20 Query	CREATE TRIGGER trigger28865 BEFORE INSERT ON trigger28865 FOR EACH ROW  SAVEPOINT A  /* QNO 244 CON_ID 20 */ ; /* QNO 250 CON_ID 20 */
		    19 Query	CREATE TRIGGER trigger28863 BEFORE INSERT ON trigger28863 FOR EACH ROW  SET @aux = '1986-08-16'  /* QNO 251 CON_ID 19 */ ; /* QNO 257 CON_ID 19 */
		    21 Query	SAVEPOINT A
		    18 Query	COMMIT  /* QNO 227 CON_ID 18 */
		    18 Query	CREATE OR REPLACE VIEW transforms.view_28861_probe AS COMMIT  /* QNO 227 CON_ID 18 */  /* QNO 228 CON_ID 18 */
		    18 Query	COMMIT  /* QNO 227 CON_ID 18 */  /* QNO 229 CON_ID 18 */
		    18 Query	ROLLBACK /* QNO 230 CON_ID 18 */
		    18 Query	CREATE OR REPLACE VIEW transforms.view_28861_probe AS  ROLLBACK /* QNO 230 CON_ID 18 */  /* QNO 231 CON_ID 18 */
		    18 Query	ROLLBACK /* QNO 230 CON_ID 18 */  /* QNO 232 CON_ID 18 */
		    18 Query	COMMIT  /* QNO 233 CON_ID 18 */
		    18 Query	CREATE OR REPLACE VIEW transforms.view_28861_probe AS COMMIT  /* QNO 233 CON_ID 18 */  /* QNO 234 CON_ID 18 */
		    18 Query	COMMIT  /* QNO 233 CON_ID 18 */  /* QNO 235 CON_ID 18 */
		    18 Query	REPLACE INTO test.table0_myisam_int_autoinc /* table0_int t1_temp_myisam_28861 v1_trans_safe_for_sbr_28861 */ ( `col_year`, col_tinyint ) VALUES ( f1__28861 (), 59 )  /* QNO 236 CON_ID 18 */
		    18 Query	ROLLBACK /* QNO 237 CON_ID 18 */
		    18 Query	CREATE OR REPLACE VIEW transforms.view_28861_probe AS  ROLLBACK /* QNO 237 CON_ID 18 */  /* QNO 238 CON_ID 18 */
		    18 Query	ROLLBACK /* QNO 237 CON_ID 18 */  /* QNO 239 CON_ID 18 */
		    18 Query	UPDATE test.table0_myisam_int /* table10_int_autoinc t2_temp_myisam_28861 table1_innodb_int_autoinc */ SET `col_int` = col_tinyint WHERE col_tinyint BETWEEN -14 AND 94 + 3 AND `col_varchar` IS NULL  /* QNO 240 CON_ID 18 */
		    18 Query	COMMIT /* QNO 241 CON_ID 18 */
		    18 Query	CREATE OR REPLACE VIEW transforms.view_28861_probe AS  COMMIT /* QNO 241 CON_ID 18 */  /* QNO 242 CON_ID 18 */
		    18 Query	COMMIT /* QNO 241 CON_ID 18 */  /* QNO 243 CON_ID 18 */
		    18 Query	COMMIT  /* QNO 244 CON_ID 18 */
		    18 Query	CREATE OR REPLACE VIEW transforms.view_28861_probe AS COMMIT  /* QNO 244 CON_ID 18 */  /* QNO 245 CON_ID 18 */
		    18 Query	COMMIT  /* QNO 244 CON_ID 18 */  /* QNO 246 CON_ID 18 */
		    18 Query	USE test  /* QNO 247 CON_ID 18 */
		    18 Query	CREATE OR REPLACE VIEW transforms.view_28861_probe AS  USE test  /* QNO 247 CON_ID 18 */  /* QNO 248 CON_ID 18 */
		    18 Query	USE test  /* QNO 247 CON_ID 18 */  /* QNO 249 CON_ID 18 */
		    18 Query	PREPARE st1 FROM " DELETE A, B FROM table1_myisam_int /* table10_int_autoinc table10_myisam_int t1_temp_innodb_28861 */ AS A NATURAL JOIN table10_myisam_int_autoinc /* table0_int table1_myisam_int table1_innodb_int */ B WHERE col_tinyint BETWEEN -21 AND 50 + 2 AND ( `col_char` IS NULL OR `col_datetime` <> CURRENT_USER() ) "  /* QNO 250 CON_ID 18 */
		    18 Query	EXECUTE st1  /* QNO 251 CON_ID 18 */
		    18 Query	DEALLOCATE PREPARE st1  /* QNO 252 CON_ID 18 */
		    18 Query	START TRANSACTION  /* QNO 253 CON_ID 18 */
		    18 Query	CREATE OR REPLACE VIEW transforms.view_28861_probe AS  START TRANSACTION  /* QNO 253 CON_ID 18 */  /* QNO 254 CON_ID 18 */
		    18 Query	START TRANSACTION  /* QNO 253 CON_ID 18 */  /* QNO 255 CON_ID 18 */
		    18 Query	DELETE FROM test.t1_is_schemata_28861  /* QNO 256 CON_ID 18 */
		    18 Query	INSERT INTO test.t1_is_schemata_28861 SELECT SCHEMA_NAME,DEFAULT_CHARACTER_SET_NAME,DEFAULT_COLLATION_NAME FROM information_schema.schemata WHERE SCHEMA_NAME LIKE 'test%' ORDER BY 1  /* QNO 257 CON_ID 18 */
		    18 Query	COMMIT /* QNO 258 CON_ID 18 */
		    18 Query	CREATE OR REPLACE VIEW transforms.view_28861_probe AS  COMMIT /* QNO 258 CON_ID 18 */  /* QNO 259 CON_ID 18 */
		    18 Query	COMMIT /* QNO 258 CON_ID 18 */  /* QNO 260 CON_ID 18 */
		    18 Query	UPDATE table0_innodb_int /* table10_int_autoinc table1_myisam_int table1_innodb_int */ SET `col_enum` = col_tinyint WHERE col_tinyint BETWEEN -90 AND 115 + 1 AND `col_time` IS NULL  /* QNO 261 CON_ID 18 */
		    21 Query	DROP TABLE IF EXISTS trigger28867 /* QNO 201 CON_ID 21 */
		    18 Query	COMMIT /* QNO 262 CON_ID 18 */
		    18 Query	CREATE OR REPLACE VIEW transforms.view_28861_probe AS  COMMIT /* QNO 262 CON_ID 18 */  /* QNO 263 CON_ID 18 */
		    18 Query	COMMIT /* QNO 262 CON_ID 18 */  /* QNO 264 CON_ID 18 */
		    18 Query	COMMIT  /* QNO 265 CON_ID 18 */
		    18 Query	CREATE OR REPLACE VIEW transforms.view_28861_probe AS COMMIT  /* QNO 265 CON_ID 18 */  /* QNO 266 CON_ID 18 */
		    18 Query	COMMIT  /* QNO 265 CON_ID 18 */  /* QNO 267 CON_ID 18 */
		    18 Query	PREPARE st1 FROM " INSERT INTO test1.t1_base_myisam_28861 /* table0_int_autoinc table0_myisam_int table1_innodb_int_autoinc */ ( `vcol_date`, col_tinyint ) VALUES ( DATABASE(), 73 ) "  /* QNO 268 CON_ID 18 */
		    18 Query	EXECUTE st1  /* QNO 269 CON_ID 18 */
		    18 Query	DEALLOCATE PREPARE st1  /* QNO 270 CON_ID 18 */
		    18 Query	PREPARE st1 FROM " DELETE FROM test.table1_int /* table0_int_autoinc v1_nontrans_unsafe_for_sbr_28861 t2_base_innodb_28861 */ WHERE col_tinyint BETWEEN 79 AND 4 + 2 AND ( `col_bit` IS NULL OR `vcol_varchar` <> ROW_COUNT() ) "  /* QNO 271 CON_ID 18 */
		    18 Query	EXECUTE st1  /* QNO 272 CON_ID 18 */
		    18 Query	DEALLOCATE PREPARE st1  /* QNO 273 CON_ID 18 */
		    18 Query	DELETE LOW_PRIORITY FROM table1_myisam_int /* table1_int_autoinc table1_myisam_int t2_temp_innodb_28861 */ WHERE col_tinyint BETWEEN 82 AND 30 + 2 AND ( `vcol_date` IS NULL OR `col_bit` <> UUID_SHORT() )  /* QNO 274 CON_ID 18 */
		    18 Query	DROP INDEX idx_base_innodb_28861 ON t1_base_innodb_28861 /* QNO 275 CON_ID 18 */
		    18 Query	UPDATE table0_int_autoinc /* table10_int t2_temp_myisam_28861 v2_trans_unsafe_for_sbr_28861 */ SET `vcol_dec` = col_tinyint WHERE col_tinyint BETWEEN -35 AND 98 + 4 AND `col_enum` IS NULL  /* QNO 276 CON_ID 18 */
		    18 Query	COMMIT /* QNO 277 CON_ID 18 */
		    18 Query	CREATE OR REPLACE VIEW transforms.view_28861_probe AS  COMMIT /* QNO 277 CON_ID 18 */  /* QNO 278 CON_ID 18 */
		    18 Query	COMMIT /* QNO 277 CON_ID 18 */  /* QNO 279 CON_ID 18 */
		    18 Query	COMMIT  /* QNO 280 CON_ID 18 */
		    18 Query	CREATE OR REPLACE VIEW transforms.view_28861_probe AS COMMIT  /* QNO 280 CON_ID 18 */  /* QNO 281 CON_ID 18 */
		    18 Query	COMMIT  /* QNO 280 CON_ID 18 */  /* QNO 282 CON_ID 18 */
		    18 Query	USE test  /* QNO 283 CON_ID 18 */
		    18 Query	CREATE OR REPLACE VIEW transforms.view_28861_probe AS  USE test  /* QNO 283 CON_ID 18 */  /* QNO 284 CON_ID 18 */
		    18 Query	USE test  /* QNO 283 CON_ID 18 */  /* QNO 285 CON_ID 18 */
		    18 Query	ROLLBACK /* QNO 286 CON_ID 18 */
		    18 Query	CREATE OR REPLACE VIEW transforms.view_28861_probe AS  ROLLBACK /* QNO 286 CON_ID 18 */  /* QNO 287 CON_ID 18 */
		    18 Query	ROLLBACK /* QNO 286 CON_ID 18 */  /* QNO 288 CON_ID 18 */
		    18 Query	COMMIT  /* QNO 289 CON_ID 18 */
		    18 Query	CREATE OR REPLACE VIEW transforms.view_28861_probe AS COMMIT  /* QNO 289 CON_ID 18 */  /* QNO 290 CON_ID 18 */
		    18 Query	COMMIT  /* QNO 289 CON_ID 18 */  /* QNO 291 CON_ID 18 */
