		    19 Query	CREATE OR REPLACE VIEW transforms.view_28863_probe AS  USE test  /* QNO 155 CON_ID 19 */  /* QNO 156 CON_ID 19 */
		    19 Query	USE test  /* QNO 155 CON_ID 19 */  /* QNO 157 CON_ID 19 */
		    19 Query	COMMIT /* QNO 158 CON_ID 19 */
		    19 Query	CREATE OR REPLACE VIEW transforms.view_28863_probe AS  COMMIT /* QNO 158 CON_ID 19 */  /* QNO 159 CON_ID 19 */
		    19 Query	COMMIT /* QNO 158 CON_ID 19 */  /* QNO 160 CON_ID 19 */
		    19 Query	UPDATE test1.table10_int /* table1_int_autoinc table0_myisam_int_autoinc v2_trans_safe_for_sbr_28863 */ SET `col_datetime` = col_tinyint WHERE col_tinyint BETWEEN -24 AND -98 + 2 AND `vcol_time` IS NULL  /* QNO 161 CON_ID 19 */
		    19 Query	COMMIT /* QNO 162 CON_ID 19 */
		    19 Query	CREATE OR REPLACE VIEW transforms.view_28863_probe AS  COMMIT /* QNO 162 CON_ID 19 */  /* QNO 163 CON_ID 19 */
		    19 Query	COMMIT /* QNO 162 CON_ID 19 */  /* QNO 164 CON_ID 19 */
		    19 Query	UPDATE test.v1_nontrans_unsafe_for_sbr_28863 /* table10_int table10_myisam_int_autoinc v2_trans_safe_for_sbr_28863 */ SET `vcol_datetime` = col_tinyint WHERE col_tinyint BETWEEN 67 AND 83 + 7 AND `col_date` IS NULL  /* QNO 165 CON_ID 19 */
		    19 Query	COMMIT /* QNO 166 CON_ID 19 */
		    19 Query	CREATE OR REPLACE VIEW transforms.view_28863_probe AS  COMMIT /* QNO 166 CON_ID 19 */  /* QNO 167 CON_ID 19 */
		    19 Query	COMMIT /* QNO 166 CON_ID 19 */  /* QNO 168 CON_ID 19 */
		    19 Query	COMMIT  /* QNO 169 CON_ID 19 */
		    19 Query	CREATE OR REPLACE VIEW transforms.view_28863_probe AS COMMIT  /* QNO 169 CON_ID 19 */  /* QNO 170 CON_ID 19 */
		    19 Query	COMMIT  /* QNO 169 CON_ID 19 */  /* QNO 171 CON_ID 19 */
		    19 Query	PREPARE st1 FROM " UPDATE test1.table10_int_autoinc /* table0_int_autoinc table10_myisam_int_autoinc v1_trans_unsafe_for_sbr_28863 */ SET `vcol_int` = -1.1 WHERE col_tinyint BETWEEN -85 AND -40 + 2 AND ( `vcol_varchar` IS NULL OR `vcol_datetime` <> USER() ) "  /* QNO 172 CON_ID 19 */
		    19 Query	EXECUTE st1  /* QNO 173 CON_ID 19 */
		    19 Query	DEALLOCATE PREPARE st1  /* QNO 174 CON_ID 19 */
		    19 Query	PREPARE st1 FROM " DELETE FROM table0_int /* table10_int_autoinc table1_myisam_int_autoinc t1_base_innodb_28863 */ WHERE col_tinyint BETWEEN -3 AND -33 + 2 AND ( `col_enum` IS NULL OR `vcol_time` <> USER() ) "  /* QNO 175 CON_ID 19 */
		    19 Query	EXECUTE st1  /* QNO 176 CON_ID 19 */
		    19 Query	DEALLOCATE PREPARE st1  /* QNO 177 CON_ID 19 */
		    19 Query	START TRANSACTION /* QNO 178 CON_ID 19 */
		    19 Query	CREATE OR REPLACE VIEW transforms.view_28863_probe AS  START TRANSACTION /* QNO 178 CON_ID 19 */  /* QNO 179 CON_ID 19 */
		    17 Query	SELECT COUNT(*) FROM INFORMATION_SCHEMA.PARAMETERS
		    19 Query	START TRANSACTION /* QNO 178 CON_ID 19 */  /* QNO 180 CON_ID 19 */
		    21 Query	SELECT COUNT(*) FROM INFORMATION_SCHEMA.SPATIAL_REF_SYS
		    17 Query	SELECT COUNT(*) FROM INFORMATION_SCHEMA.PARTITIONS
		    21 Query	SELECT COUNT(*) FROM INFORMATION_SCHEMA.CLIENT_STATISTICS
		    19 Query	COMMIT  /* QNO 181 CON_ID 19 */
		    19 Query	CREATE OR REPLACE VIEW transforms.view_28863_probe AS COMMIT  /* QNO 181 CON_ID 19 */  /* QNO 182 CON_ID 19 */
		    19 Query	COMMIT  /* QNO 181 CON_ID 19 */  /* QNO 183 CON_ID 19 */
		    19 Query	REPLACE INTO test1.table10_myisam_int_autoinc /* table0_int table10_myisam_int_autoinc t1_temp_innodb_28863 */ ( `col_year`, col_tinyint ) VALUES ( f1__28863 (), 40 )  /* QNO 184 CON_ID 19 */
		    21 Query	SELECT COUNT(*) FROM INFORMATION_SCHEMA.INDEX_STATISTICS
		    19 Query	REPLACE INTO test1.t1_base_myisam_28863 /* table1_int t1_base_myisam_28863 table0_innodb_int_autoinc */ ( `vcol_year`, col_tinyint ) VALUES ( CONVERT( 'ezwdzqc' USING LATIN1 ), 66 ), ( @aux, -52 )  /* QNO 185 CON_ID 19 */
		    19 Query	ROLLBACK /* QNO 186 CON_ID 19 */
		    19 Query	CREATE OR REPLACE VIEW transforms.view_28863_probe AS  ROLLBACK /* QNO 186 CON_ID 19 */  /* QNO 187 CON_ID 19 */
		    19 Query	ROLLBACK /* QNO 186 CON_ID 19 */  /* QNO 188 CON_ID 19 */
		    21 Query	SELECT COUNT(*) FROM INFORMATION_SCHEMA.INNODB_SYS_DATAFILES
		    21 Query	SELECT COUNT(*) FROM INFORMATION_SCHEMA.USER_STATISTICS
		    19 Query	COMMIT  /* QNO 189 CON_ID 19 */
		    19 Query	CREATE OR REPLACE VIEW transforms.view_28863_probe AS COMMIT  /* QNO 189 CON_ID 19 */  /* QNO 190 CON_ID 19 */
		    19 Query	COMMIT  /* QNO 189 CON_ID 19 */  /* QNO 191 CON_ID 19 */
		    19 Query	SET @aux = @aux  /* QNO 192 CON_ID 19 */
		    19 Query	CREATE OR REPLACE VIEW transforms.view_28863_probe AS  SET @aux = @aux  /* QNO 192 CON_ID 19 */  /* QNO 193 CON_ID 19 */
		    19 Query	SET @aux = @aux  /* QNO 192 CON_ID 19 */  /* QNO 194 CON_ID 19 */
		    19 Query	/* GenTest::Transform::ExecuteAsTrigger */ CREATE DATABASE IF NOT EXISTS transforms /* QNO 195 CON_ID 19 */
		    21 Query	SELECT COUNT(*) FROM INFORMATION_SCHEMA.INNODB_SYS_TABLESTATS
		    19 Query	SHOW WARNINGS
		    19 Query	DROP TABLE IF EXISTS trigger28863 /* QNO 196 CON_ID 19 */
		    19 Query	SHOW WARNINGS
		    19 Query	CREATE TABLE IF NOT EXISTS trigger28863 (f1 INTEGER) /* QNO 197 CON_ID 19 */
		    21 Query	SELECT COUNT(*) FROM INFORMATION_SCHEMA.INNODB_LOCKS
		    21 Query	SELECT COUNT(*) FROM INFORMATION_SCHEMA.INNODB_TABLESPACES_SCRUBBING
		    21 Query	SELECT COUNT(*) FROM INFORMATION_SCHEMA.INNODB_CMPMEM
		    21 Query	SELECT COUNT(*) FROM INFORMATION_SCHEMA.INNODB_CMP_PER_INDEX
		    21 Query	SELECT COUNT(*) FROM INFORMATION_SCHEMA.INNODB_CMP
		    20 Query	SELECT COUNT(*) FROM INFORMATION_SCHEMA.PARAMETERS
		    21 Query	SELECT COUNT(*) FROM INFORMATION_SCHEMA.INNODB_FT_DELETED
		    20 Query	SELECT COUNT(*) FROM INFORMATION_SCHEMA.PARTITIONS
		    21 Query	SELECT COUNT(*) FROM INFORMATION_SCHEMA.INNODB_CMP_RESET
		    21 Query	SELECT COUNT(*) FROM INFORMATION_SCHEMA.INNODB_LOCK_WAITS
		    21 Query	SELECT COUNT(*) FROM INFORMATION_SCHEMA.TABLE_STATISTICS
		    21 Query	SELECT COUNT(*) FROM INFORMATION_SCHEMA.INNODB_TABLESPACES_ENCRYPTION
		    21 Query	SELECT COUNT(*) FROM INFORMATION_SCHEMA.INNODB_BUFFER_PAGE_LRU
		    21 Query	SELECT COUNT(*) FROM INFORMATION_SCHEMA.INNODB_SYS_FIELDS
		    21 Query	SELECT COUNT(*) FROM INFORMATION_SCHEMA.INNODB_CMPMEM_RESET
		    21 Query	SELECT COUNT(*) FROM INFORMATION_SCHEMA.INNODB_SYS_COLUMNS
		    21 Query	SELECT COUNT(*) FROM INFORMATION_SCHEMA.INNODB_FT_INDEX_TABLE
		    21 Query	SELECT COUNT(*) FROM INFORMATION_SCHEMA.INNODB_CMP_PER_INDEX_RESET
		    21 Query	SELECT COUNT(*) FROM INFORMATION_SCHEMA.user_variables
		    21 Query	SELECT COUNT(*) FROM INFORMATION_SCHEMA.INNODB_FT_INDEX_CACHE
		    21 Query	SELECT COUNT(*) FROM INFORMATION_SCHEMA.INNODB_SYS_FOREIGN_COLS
		    21 Query	SELECT COUNT(*) FROM INFORMATION_SCHEMA.INNODB_FT_BEING_DELETED
		    21 Query	SELECT COUNT(*) FROM INFORMATION_SCHEMA.INNODB_BUFFER_POOL_STATS
		    21 Query	SELECT COUNT(*) FROM INFORMATION_SCHEMA.INNODB_TRX
		    18 Query	SELECT COUNT(*) FROM INFORMATION_SCHEMA.PARAMETERS
		    21 Query	SELECT COUNT(*) FROM INFORMATION_SCHEMA.INNODB_SYS_FOREIGN
		    18 Query	SELECT COUNT(*) FROM INFORMATION_SCHEMA.PARTITIONS
		    21 Query	SELECT COUNT(*) FROM INFORMATION_SCHEMA.INNODB_SYS_TABLES
		    21 Query	SELECT COUNT(*) FROM INFORMATION_SCHEMA.INNODB_FT_DEFAULT_STOPWORD
		    21 Query	SELECT COUNT(*) FROM INFORMATION_SCHEMA.INNODB_FT_CONFIG
		    21 Query	SELECT COUNT(*) FROM INFORMATION_SCHEMA.INNODB_BUFFER_PAGE
		    17 Query	SELECT COUNT(*) FROM INFORMATION_SCHEMA.PLUGINS
		    17 Query	SELECT COUNT(*) FROM INFORMATION_SCHEMA.PROCESSLIST
		    17 Query	SELECT COUNT(*) FROM INFORMATION_SCHEMA.PROFILING
		    17 Query	SELECT COUNT(*) FROM INFORMATION_SCHEMA.REFERENTIAL_CONSTRAINTS
180102  3:26:51	    21 Query	SELECT COUNT(*) FROM INFORMATION_SCHEMA.INNODB_SYS_TABLESPACES
		    21 Query	SELECT COUNT(*) FROM INFORMATION_SCHEMA.INNODB_METRICS
		    21 Query	SELECT COUNT(*) FROM INFORMATION_SCHEMA.INNODB_SYS_INDEXES
		    21 Query	SELECT COUNT(*) FROM INFORMATION_SCHEMA.INNODB_SYS_VIRTUAL
		    21 Query	SELECT COUNT(*) FROM INFORMATION_SCHEMA.INNODB_MUTEXES
		    21 Query	SELECT COUNT(*) FROM INFORMATION_SCHEMA.INNODB_SYS_SEMAPHORE_WAITS
		    21 Query	SELECT collation_name,character_set_name FROM information_schema.collations
		    21 Query	UPDATE table1_innodb_int_autoinc /* table0_int table0_myisam_int_autoinc table0_innodb_int */ SET `non_existing_column` = col_tinyint WHERE col_tinyint BETWEEN -39 AND 28 + 9 AND `non_existing_column` IS NULL  /* QNO 138 CON_ID 21 */
		    21 Query	COMMIT /* QNO 139 CON_ID 21 */
		    21 Query	CREATE OR REPLACE VIEW transforms.view_28867_probe AS  COMMIT /* QNO 139 CON_ID 21 */  /* QNO 140 CON_ID 21 */
		    21 Query	COMMIT /* QNO 139 CON_ID 21 */  /* QNO 141 CON_ID 21 */
		    21 Query	UPDATE test.table1_myisam_int /* table10_int_autoinc t1_base_myisam_28867 t1_base_innodb_28867 */ SET `non_existing_column` = col_tinyint WHERE col_tinyint BETWEEN 97 AND 87 + 3 AND `non_existing_column` IS NULL  /* QNO 142 CON_ID 21 */
		    21 Query	COMMIT /* QNO 143 CON_ID 21 */
		    21 Query	CREATE OR REPLACE VIEW transforms.view_28867_probe AS  COMMIT /* QNO 143 CON_ID 21 */  /* QNO 144 CON_ID 21 */
		    21 Query	COMMIT /* QNO 143 CON_ID 21 */  /* QNO 145 CON_ID 21 */
		    21 Query	SET GLOBAL TRANSACTION ISOLATION LEVEL REPEATABLE READ /* QNO 146 CON_ID 21 */
		    21 Query	CREATE OR REPLACE VIEW transforms.view_28867_probe AS  SET GLOBAL TRANSACTION ISOLATION LEVEL REPEATABLE READ /* QNO 146 CON_ID 21 */  /* QNO 147 CON_ID 21 */
		    21 Query	SET GLOBAL TRANSACTION ISOLATION LEVEL REPEATABLE READ /* QNO 146 CON_ID 21 */  /* QNO 148 CON_ID 21 */
		    21 Query	/* GenTest::Transform::ExecuteAsTrigger */ CREATE DATABASE IF NOT EXISTS transforms /* QNO 149 CON_ID 21 */
		    21 Query	SHOW WARNINGS
		    21 Query	DROP TABLE IF EXISTS trigger28867 /* QNO 150 CON_ID 21 */
		    21 Query	SHOW WARNINGS
		    21 Query	CREATE TABLE IF NOT EXISTS trigger28867 (f1 INTEGER) /* QNO 151 CON_ID 21 */
		    19 Query	CREATE TRIGGER trigger28863 BEFORE INSERT ON trigger28863 FOR EACH ROW  SET @aux = @aux  /* QNO 192 CON_ID 19 */ ; /* QNO 198 CON_ID 19 */
		    17 Query	SELECT COUNT(*) FROM INFORMATION_SCHEMA.ROUTINES
		    17 Query	SELECT COUNT(*) FROM INFORMATION_SCHEMA.SCHEMATA
		    17 Query	SELECT COUNT(*) FROM INFORMATION_SCHEMA.SCHEMA_PRIVILEGES
		    17 Query	SELECT COUNT(*) FROM INFORMATION_SCHEMA.SESSION_STATUS
		    17 Query	SELECT COUNT(*) FROM INFORMATION_SCHEMA.SESSION_VARIABLES
		    17 Query	SELECT COUNT(*) FROM INFORMATION_SCHEMA.STATISTICS
		    20 Query	SELECT COUNT(*) FROM INFORMATION_SCHEMA.PLUGINS
		    20 Query	SELECT COUNT(*) FROM INFORMATION_SCHEMA.PROCESSLIST
		    20 Query	SELECT COUNT(*) FROM INFORMATION_SCHEMA.PROFILING
		    20 Query	SELECT COUNT(*) FROM INFORMATION_SCHEMA.REFERENTIAL_CONSTRAINTS
		    18 Query	SELECT COUNT(*) FROM INFORMATION_SCHEMA.PLUGINS
		    18 Query	SELECT COUNT(*) FROM INFORMATION_SCHEMA.PROCESSLIST
		    18 Query	SELECT COUNT(*) FROM INFORMATION_SCHEMA.PROFILING
		    18 Query	SELECT COUNT(*) FROM INFORMATION_SCHEMA.REFERENTIAL_CONSTRAINTS
		    16 Query	SELECT COUNT(*) FROM test.t9
		    16 Query	SELECT COUNT(*) FROM test.t8
		    16 Query	SELECT COUNT(*) FROM test.t7
		    16 Query	SELECT COUNT(*) FROM test.t6
		    16 Query	SELECT COUNT(*) FROM test.t5
		    16 Query	SELECT COUNT(*) FROM test.t4
		    16 Query	SELECT COUNT(*) FROM test.t3
		    16 Query	SELECT COUNT(*) FROM test.t2
		    16 Query	SELECT COUNT(*) FROM test.t1
		    16 Query	SELECT COUNT(*) FROM mysql.user
		    16 Query	SELECT COUNT(*) FROM mysql.time_zone_transition_type
		    16 Query	SELECT COUNT(*) FROM mysql.time_zone_transition
		    16 Query	SELECT COUNT(*) FROM mysql.time_zone_name
		    16 Query	SELECT COUNT(*) FROM mysql.time_zone_leap_second
		    16 Query	SELECT COUNT(*) FROM mysql.time_zone
		    16 Query	SELECT COUNT(*) FROM mysql.tables_priv
		    16 Query	SELECT COUNT(*) FROM mysql.table_stats
		    16 Query	SELECT COUNT(*) FROM mysql.servers
		    16 Query	SELECT COUNT(*) FROM mysql.roles_mapping
		    16 Query	SELECT COUNT(*) FROM mysql.proxies_priv
		    16 Query	SELECT COUNT(*) FROM mysql.procs_priv
		    16 Query	SELECT COUNT(*) FROM mysql.proc
		    16 Query	SELECT COUNT(*) FROM mysql.plugin
		    16 Query	SELECT COUNT(*) FROM mysql.innodb_table_stats
		    16 Query	SELECT COUNT(*) FROM mysql.innodb_index_stats
		    16 Query	SELECT COUNT(*) FROM mysql.index_stats
		    16 Query	SELECT COUNT(*) FROM mysql.host
		    16 Query	SELECT COUNT(*) FROM mysql.help_topic
		    16 Query	SELECT COUNT(*) FROM mysql.help_relation
		    16 Query	SELECT COUNT(*) FROM mysql.help_keyword
		    16 Query	SELECT COUNT(*) FROM mysql.help_category
		    16 Query	SELECT COUNT(*) FROM mysql.gtid_slave_pos
		    16 Query	SELECT COUNT(*) FROM mysql.func
		    16 Query	SELECT COUNT(*) FROM mysql.event
		    16 Query	SELECT COUNT(*) FROM mysql.db
		    16 Query	SELECT COUNT(*) FROM mysql.columns_priv
		    16 Query	SELECT COUNT(*) FROM mysql.column_stats
		    16 Query	SELECT COUNT(*) FROM test.view_t9
		    16 Query	SELECT COUNT(*) FROM test.view_t8
		    16 Query	SELECT COUNT(*) FROM test.view_t7
		    16 Query	SELECT COUNT(*) FROM test.view_t6
		    16 Query	SELECT COUNT(*) FROM test.view_t5
		    16 Query	SELECT COUNT(*) FROM test.view_t4
		    16 Query	SELECT COUNT(*) FROM test.view_t3
		    16 Query	SELECT COUNT(*) FROM test.view_t2
		    16 Query	SELECT COUNT(*) FROM test.view_t1
		    16 Query	SELECT COUNT(*) FROM test.trigger28863
		    19 Query	INSERT INTO trigger28863 VALUES (1) /* TRANSFORM_OUTCOME_ANY */ /* QNO 199 CON_ID 19 */
		    21 Query	CREATE TRIGGER trigger28867 BEFORE INSERT ON trigger28867 FOR EACH ROW  SET GLOBAL TRANSACTION ISOLATION LEVEL REPEATABLE READ /* QNO 146 CON_ID 21 */ ; /* QNO 152 CON_ID 21 */
		    19 Query	SET  @aux = @aux
		    16 Query	SELECT COUNT(*) FROM performance_schema.users
		    16 Query	SELECT COUNT(*) FROM performance_schema.threads
		    16 Query	SELECT COUNT(*) FROM performance_schema.table_lock_waits_summary_by_table
		    16 Query	SELECT COUNT(*) FROM performance_schema.table_io_waits_summary_by_table
		    16 Query	SELECT COUNT(*) FROM performance_schema.table_io_waits_summary_by_index_usage
		    16 Query	SELECT COUNT(*) FROM performance_schema.socket_summary_by_instance
		    16 Query	SELECT COUNT(*) FROM performance_schema.socket_summary_by_event_name
		    16 Query	SELECT COUNT(*) FROM performance_schema.socket_instances
		    16 Query	SELECT COUNT(*) FROM performance_schema.setup_timers
		    16 Query	SELECT COUNT(*) FROM performance_schema.setup_objects
		    16 Query	SELECT COUNT(*) FROM performance_schema.setup_instruments
		    16 Query	SELECT COUNT(*) FROM performance_schema.setup_consumers
		    16 Query	SELECT COUNT(*) FROM performance_schema.setup_actors
		    16 Query	SELECT COUNT(*) FROM performance_schema.session_connect_attrs
		    16 Query	SELECT COUNT(*) FROM performance_schema.session_account_connect_attrs
		    16 Query	SELECT COUNT(*) FROM performance_schema.rwlock_instances
		    16 Query	SELECT COUNT(*) FROM performance_schema.performance_timers
		    16 Query	SELECT COUNT(*) FROM performance_schema.objects_summary_global_by_type
		    16 Query	SELECT COUNT(*) FROM performance_schema.mutex_instances
		    16 Query	SELECT COUNT(*) FROM performance_schema.hosts
		    16 Query	SELECT COUNT(*) FROM performance_schema.host_cache
		    16 Query	SELECT COUNT(*) FROM performance_schema.file_summary_by_instance
		    16 Query	SELECT COUNT(*) FROM performance_schema.file_summary_by_event_name
		    16 Query	SELECT COUNT(*) FROM performance_schema.file_instances
		    16 Query	SELECT COUNT(*) FROM performance_schema.events_waits_summary_global_by_event_name
		    19 Query	DROP TABLE IF EXISTS trigger28863 /* QNO 200 CON_ID 19 */
		    16 Query	SELECT COUNT(*) FROM performance_schema.events_waits_summary_by_user_by_event_name
		    16 Query	SELECT COUNT(*) FROM performance_schema.events_waits_summary_by_thread_by_event_name
		    16 Query	SELECT COUNT(*) FROM performance_schema.events_waits_summary_by_instance
		    16 Query	SELECT COUNT(*) FROM performance_schema.events_waits_summary_by_host_by_event_name
		    16 Query	SELECT COUNT(*) FROM performance_schema.events_waits_summary_by_account_by_event_name
		    16 Query	SELECT COUNT(*) FROM performance_schema.events_waits_history_long
		    16 Query	SELECT COUNT(*) FROM performance_schema.events_waits_history
		    16 Query	SELECT COUNT(*) FROM performance_schema.events_waits_current
		    16 Query	SELECT COUNT(*) FROM performance_schema.events_statements_summary_global_by_event_name
		    16 Query	SELECT COUNT(*) FROM performance_schema.events_statements_summary_by_user_by_event_name
		    16 Query	SELECT COUNT(*) FROM performance_schema.events_statements_summary_by_thread_by_event_name
		    16 Query	SELECT COUNT(*) FROM performance_schema.events_statements_summary_by_host_by_event_name
		    16 Query	SELECT COUNT(*) FROM performance_schema.events_statements_summary_by_digest
		    16 Query	SELECT COUNT(*) FROM performance_schema.events_statements_summary_by_account_by_event_name
		    16 Query	SELECT COUNT(*) FROM performance_schema.events_statements_history_long
		    16 Query	SELECT COUNT(*) FROM performance_schema.events_statements_history
		    16 Query	SELECT COUNT(*) FROM performance_schema.events_statements_current
		    16 Query	SELECT COUNT(*) FROM performance_schema.events_stages_summary_global_by_event_name
		    16 Query	SELECT COUNT(*) FROM performance_schema.events_stages_summary_by_user_by_event_name
		    16 Query	SELECT COUNT(*) FROM performance_schema.events_stages_summary_by_thread_by_event_name
		    16 Query	SELECT COUNT(*) FROM performance_schema.events_stages_summary_by_host_by_event_name
		    16 Query	SELECT COUNT(*) FROM performance_schema.events_stages_summary_by_account_by_event_name
		    16 Query	SELECT COUNT(*) FROM performance_schema.events_stages_history_long
		    16 Query	SELECT COUNT(*) FROM performance_schema.events_stages_history
		    16 Query	SELECT COUNT(*) FROM performance_schema.events_stages_current
		    16 Query	SELECT COUNT(*) FROM performance_schema.cond_instances
		    16 Query	SELECT COUNT(*) FROM performance_schema.accounts
		    16 Query	SELECT COUNT(*) FROM mysql.slow_log
		    16 Query	SELECT COUNT(*) FROM mysql.general_log
		    16 Query	SELECT COUNT(*) FROM INFORMATION_SCHEMA.ALL_PLUGINS
		    16 Query	SELECT COUNT(*) FROM INFORMATION_SCHEMA.APPLICABLE_ROLES
		    16 Query	SELECT COUNT(*) FROM INFORMATION_SCHEMA.CHARACTER_SETS
		    16 Query	SELECT COUNT(*) FROM INFORMATION_SCHEMA.COLLATIONS
		    20 Query	SELECT COUNT(*) FROM INFORMATION_SCHEMA.ROUTINES
		    16 Query	SELECT COUNT(*) FROM INFORMATION_SCHEMA.COLLATION_CHARACTER_SET_APPLICABILITY
		    20 Query	SELECT COUNT(*) FROM INFORMATION_SCHEMA.SCHEMATA
		    20 Query	SELECT COUNT(*) FROM INFORMATION_SCHEMA.SCHEMA_PRIVILEGES
		    16 Query	SELECT COUNT(*) FROM INFORMATION_SCHEMA.COLUMNS
		    20 Query	SELECT COUNT(*) FROM INFORMATION_SCHEMA.SESSION_STATUS
		    20 Query	SELECT COUNT(*) FROM INFORMATION_SCHEMA.SESSION_VARIABLES
		    17 Query	SELECT COUNT(*) FROM INFORMATION_SCHEMA.SYSTEM_VARIABLES
		    18 Query	SELECT COUNT(*) FROM INFORMATION_SCHEMA.ROUTINES
		    20 Query	SELECT COUNT(*) FROM INFORMATION_SCHEMA.STATISTICS
		    18 Query	SELECT COUNT(*) FROM INFORMATION_SCHEMA.SCHEMATA
		    18 Query	SELECT COUNT(*) FROM INFORMATION_SCHEMA.SCHEMA_PRIVILEGES
		    18 Query	SELECT COUNT(*) FROM INFORMATION_SCHEMA.SESSION_STATUS
		    18 Query	SELECT COUNT(*) FROM INFORMATION_SCHEMA.SESSION_VARIABLES
		    18 Query	SELECT COUNT(*) FROM INFORMATION_SCHEMA.STATISTICS
		    17 Query	SELECT COUNT(*) FROM INFORMATION_SCHEMA.TABLES
		    17 Query	SELECT COUNT(*) FROM INFORMATION_SCHEMA.TABLESPACES
		    17 Query	SELECT COUNT(*) FROM INFORMATION_SCHEMA.TABLE_CONSTRAINTS
		    21 Query	INSERT INTO trigger28867 VALUES (1) /* TRANSFORM_OUTCOME_ANY */ /* QNO 153 CON_ID 21 */
		    21 Query	SET  GLOBAL TRANSACTION ISOLATION LEVEL REPEATABLE READ
		    21 Query	DROP TABLE IF EXISTS trigger28867 /* QNO 154 CON_ID 21 */
		    19 Query	PREPARE st1 FROM " DELETE A, B FROM table10_myisam_int_autoinc /* table10_int table0_myisam_int_autoinc table1_innodb_int */ AS A NATURAL JOIN table0_int /* table1_int_autoinc v2_nontrans_unsafe_for_sbr_28863 table10_innodb_int_autoinc */ B WHERE col_tinyint BETWEEN -73 AND 120 + 2 AND ( `vcol_year` IS NULL OR `col_bit` <> UUID() ) "  /* QNO 201 CON_ID 19 */
		    19 Query	EXECUTE st1  /* QNO 202 CON_ID 19 */
		    19 Query	DEALLOCATE PREPARE st1  /* QNO 203 CON_ID 19 */
		    19 Query	COMMIT  /* QNO 204 CON_ID 19 */
		    19 Query	CREATE OR REPLACE VIEW transforms.view_28863_probe AS  COMMIT  /* QNO 204 CON_ID 19 */  /* QNO 205 CON_ID 19 */
		    19 Query	COMMIT  /* QNO 204 CON_ID 19 */  /* QNO 206 CON_ID 19 */
		    19 Query	REPLACE INTO test1.table1_int /* table1_int_autoinc t2_base_myisam_28863 v1_trans_safe_for_sbr_28863 */ ( `vcol_char`, col_tinyint ) VALUES ( test1.f1__28863 (), 64 )  /* QNO 207 CON_ID 19 */
		    19 Query	COMMIT /* QNO 208 CON_ID 19 */
		    19 Query	CREATE OR REPLACE VIEW transforms.view_28863_probe AS  COMMIT /* QNO 208 CON_ID 19 */  /* QNO 209 CON_ID 19 */
		    19 Query	COMMIT /* QNO 208 CON_ID 19 */  /* QNO 210 CON_ID 19 */
		    19 Query	SET SESSION TRANSACTION ISOLATION LEVEL SERIALIZABLE /* QNO 211 CON_ID 19 */
		    19 Query	CREATE OR REPLACE VIEW transforms.view_28863_probe AS  SET SESSION TRANSACTION ISOLATION LEVEL SERIALIZABLE /* QNO 211 CON_ID 19 */  /* QNO 212 CON_ID 19 */
		    19 Query	SET SESSION TRANSACTION ISOLATION LEVEL SERIALIZABLE /* QNO 211 CON_ID 19 */  /* QNO 213 CON_ID 19 */
		    19 Query	/* GenTest::Transform::ExecuteAsTrigger */ CREATE DATABASE IF NOT EXISTS transforms /* QNO 214 CON_ID 19 */
		    19 Query	SHOW WARNINGS
		    19 Query	DROP TABLE IF EXISTS trigger28863 /* QNO 215 CON_ID 19 */
		    19 Query	SHOW WARNINGS
		    19 Query	CREATE TABLE IF NOT EXISTS trigger28863 (f1 INTEGER) /* QNO 216 CON_ID 19 */
180102  3:26:52	    17 Query	SELECT COUNT(*) FROM INFORMATION_SCHEMA.TABLE_PRIVILEGES
		    17 Query	SELECT COUNT(*) FROM INFORMATION_SCHEMA.TRIGGERS
		    20 Query	SELECT COUNT(*) FROM INFORMATION_SCHEMA.SYSTEM_VARIABLES
		    18 Query	SELECT COUNT(*) FROM INFORMATION_SCHEMA.SYSTEM_VARIABLES
		    20 Query	SELECT COUNT(*) FROM INFORMATION_SCHEMA.TABLES
		    20 Query	SELECT COUNT(*) FROM INFORMATION_SCHEMA.TABLESPACES
		    20 Query	SELECT COUNT(*) FROM INFORMATION_SCHEMA.TABLE_CONSTRAINTS
		    16 Query	SELECT COUNT(*) FROM INFORMATION_SCHEMA.COLUMN_PRIVILEGES
		    16 Query	SELECT COUNT(*) FROM INFORMATION_SCHEMA.ENABLED_ROLES
		    16 Query	SELECT COUNT(*) FROM INFORMATION_SCHEMA.ENGINES
		    16 Query	SELECT COUNT(*) FROM INFORMATION_SCHEMA.EVENTS
		    16 Query	SELECT COUNT(*) FROM INFORMATION_SCHEMA.FILES
		    16 Query	SELECT COUNT(*) FROM INFORMATION_SCHEMA.GLOBAL_STATUS
		    21 Query	COMMIT  /* QNO 155 CON_ID 21 */
		    21 Query	CREATE OR REPLACE VIEW transforms.view_28867_probe AS COMMIT  /* QNO 155 CON_ID 21 */  /* QNO 156 CON_ID 21 */
		    21 Query	COMMIT  /* QNO 155 CON_ID 21 */  /* QNO 157 CON_ID 21 */
		    21 Query	REPLACE INTO test.table1_int /* table0_int table0_myisam_int t1_base_innodb_28867 */ ( `non_existing_column` ) SELECT `non_existing_column` FROM test.table0_innodb_int /* table10_int_autoinc table10_myisam_int_autoinc v2_trans_safe_for_sbr_28867 */ AS A WHERE col_tinyint BETWEEN 85 AND 87 + 2 AND ( `non_existing_column` IS NULL OR `non_existing_column` <> CURRENT_USER() ) AND A.`non_existing_column` IN ( SELECT `non_existing_column` FROM test1.v1_nontrans_unsafe_for_sbr_28867 /* table10_int table1_myisam_int table0_innodb_int_autoinc */ AS B )  /* QNO 158 CON_ID 21 */
		    21 Query	COMMIT /* QNO 159 CON_ID 21 */
		    21 Query	CREATE OR REPLACE VIEW transforms.view_28867_probe AS  COMMIT /* QNO 159 CON_ID 21 */  /* QNO 160 CON_ID 21 */
		    21 Query	COMMIT /* QNO 159 CON_ID 21 */  /* QNO 161 CON_ID 21 */
		    18 Query	SELECT COUNT(*) FROM INFORMATION_SCHEMA.TABLES
		    21 Query	SET SESSION TRANSACTION ISOLATION LEVEL READ UNCOMMITTED /* QNO 162 CON_ID 21 */
		    16 Query	SELECT COUNT(*) FROM INFORMATION_SCHEMA.GLOBAL_VARIABLES
		    21 Query	CREATE OR REPLACE VIEW transforms.view_28867_probe AS  SET SESSION TRANSACTION ISOLATION LEVEL READ UNCOMMITTED /* QNO 162 CON_ID 21 */  /* QNO 163 CON_ID 21 */
		    21 Query	SET SESSION TRANSACTION ISOLATION LEVEL READ UNCOMMITTED /* QNO 162 CON_ID 21 */  /* QNO 164 CON_ID 21 */
		    21 Query	COMMIT  /* QNO 165 CON_ID 21 */
		    21 Query	CREATE OR REPLACE VIEW transforms.view_28867_probe AS COMMIT  /* QNO 165 CON_ID 21 */  /* QNO 166 CON_ID 21 */
		    21 Query	COMMIT  /* QNO 165 CON_ID 21 */  /* QNO 167 CON_ID 21 */
		    18 Query	SELECT COUNT(*) FROM INFORMATION_SCHEMA.TABLESPACES
		    21 Query	USE test  /* QNO 168 CON_ID 21 */
		    16 Query	SELECT COUNT(*) FROM INFORMATION_SCHEMA.KEY_CACHES
		    18 Query	SELECT COUNT(*) FROM INFORMATION_SCHEMA.TABLE_CONSTRAINTS
		    21 Query	CREATE OR REPLACE VIEW transforms.view_28867_probe AS  USE test  /* QNO 168 CON_ID 21 */  /* QNO 169 CON_ID 21 */
		    16 Query	SELECT COUNT(*) FROM INFORMATION_SCHEMA.KEY_COLUMN_USAGE
		    21 Query	USE test  /* QNO 168 CON_ID 21 */  /* QNO 170 CON_ID 21 */
		    21 Query	CREATE VIEW test1.v1_nontrans_unsafe_for_sbr_28867 AS SELECT `col_bit`,`col_blob`,`col_char`,`col_date`,`col_datetime`,`col_dec`,`col_enum`,`col_int`,`col_time`,`col_timestamp`,`col_varchar`,`col_year`,`pk`,`vcol_bit`,`vcol_blob`,`vcol_char`,`vcol_date`,`vcol_datetime`,`vcol_dec`,`vcol_enum`,`vcol_int`,`vcol_time`,`vcol_timestamp`,`vcol_varchar`,`vcol_year` FROM t1_base_myisam_28867 WHERE col_tinyint BETWEEN -119 AND -47 + 2 AND ( `vcol_date` IS NULL OR `col_enum` <> RAND( 1 ) )  /* QNO 171 CON_ID 21 */
		    21 Query	SET SESSION TRANSACTION ISOLATION LEVEL REPEATABLE READ /* QNO 172 CON_ID 21 */
		    21 Query	CREATE OR REPLACE VIEW transforms.view_28867_probe AS  SET SESSION TRANSACTION ISOLATION LEVEL REPEATABLE READ /* QNO 172 CON_ID 21 */  /* QNO 173 CON_ID 21 */
		    21 Query	SET SESSION TRANSACTION ISOLATION LEVEL REPEATABLE READ /* QNO 172 CON_ID 21 */  /* QNO 174 CON_ID 21 */
		    21 Query	/* GenTest::Transform::ExecuteAsTrigger */ CREATE DATABASE IF NOT EXISTS transforms /* QNO 175 CON_ID 21 */
		    21 Query	SHOW WARNINGS
		    21 Query	DROP TABLE IF EXISTS trigger28867 /* QNO 176 CON_ID 21 */
		    21 Query	SHOW WARNINGS
		    21 Query	CREATE TABLE IF NOT EXISTS trigger28867 (f1 INTEGER) /* QNO 177 CON_ID 21 */
		    19 Query	CREATE TRIGGER trigger28863 BEFORE INSERT ON trigger28863 FOR EACH ROW  SET SESSION TRANSACTION ISOLATION LEVEL SERIALIZABLE /* QNO 211 CON_ID 19 */ ; /* QNO 217 CON_ID 19 */
		    17 Query	SELECT COUNT(*) FROM INFORMATION_SCHEMA.USER_PRIVILEGES
		    17 Query	SELECT COUNT(*) FROM INFORMATION_SCHEMA.VIEWS
		    21 Query	CREATE TRIGGER trigger28867 BEFORE INSERT ON trigger28867 FOR EACH ROW  SET SESSION TRANSACTION ISOLATION LEVEL REPEATABLE READ /* QNO 172 CON_ID 21 */ ; /* QNO 178 CON_ID 21 */
		    16 Query	SELECT COUNT(*) FROM INFORMATION_SCHEMA.PARAMETERS
		    20 Query	SELECT COUNT(*) FROM INFORMATION_SCHEMA.TABLE_PRIVILEGES
		    20 Query	SELECT COUNT(*) FROM INFORMATION_SCHEMA.TRIGGERS
		    16 Query	SELECT COUNT(*) FROM INFORMATION_SCHEMA.PARTITIONS
		    18 Query	SELECT COUNT(*) FROM INFORMATION_SCHEMA.TABLE_PRIVILEGES
		    18 Query	SELECT COUNT(*) FROM INFORMATION_SCHEMA.TRIGGERS
		    17 Query	SELECT COUNT(*) FROM INFORMATION_SCHEMA.GEOMETRY_COLUMNS
		    21 Query	INSERT INTO trigger28867 VALUES (1) /* TRANSFORM_OUTCOME_ANY */ /* QNO 179 CON_ID 21 */
		    19 Query	INSERT INTO trigger28863 VALUES (1) /* TRANSFORM_OUTCOME_ANY */ /* QNO 218 CON_ID 19 */
		    19 Query	SET  SESSION TRANSACTION ISOLATION LEVEL SERIALIZABLE
		    21 Query	SET  SESSION TRANSACTION ISOLATION LEVEL REPEATABLE READ
		    20 Query	SELECT COUNT(*) FROM INFORMATION_SCHEMA.USER_PRIVILEGES
		    18 Query	SELECT COUNT(*) FROM INFORMATION_SCHEMA.USER_PRIVILEGES
		    20 Query	SELECT COUNT(*) FROM INFORMATION_SCHEMA.VIEWS
		    18 Query	SELECT COUNT(*) FROM INFORMATION_SCHEMA.VIEWS
		    17 Query	SELECT COUNT(*) FROM INFORMATION_SCHEMA.SPATIAL_REF_SYS
		    19 Query	DROP TABLE IF EXISTS trigger28863 /* QNO 219 CON_ID 19 */
		    17 Query	SELECT COUNT(*) FROM INFORMATION_SCHEMA.CLIENT_STATISTICS
		    16 Query	SELECT COUNT(*) FROM INFORMATION_SCHEMA.PLUGINS
		    17 Query	SELECT COUNT(*) FROM INFORMATION_SCHEMA.INDEX_STATISTICS
		    17 Query	SELECT COUNT(*) FROM INFORMATION_SCHEMA.INNODB_SYS_DATAFILES
		    17 Query	SELECT COUNT(*) FROM INFORMATION_SCHEMA.USER_STATISTICS
		    16 Query	SELECT COUNT(*) FROM INFORMATION_SCHEMA.PROCESSLIST
		    17 Query	SELECT COUNT(*) FROM INFORMATION_SCHEMA.INNODB_SYS_TABLESTATS
		    17 Query	SELECT COUNT(*) FROM INFORMATION_SCHEMA.INNODB_LOCKS
		    16 Query	SELECT COUNT(*) FROM INFORMATION_SCHEMA.PROFILING
		    17 Query	SELECT COUNT(*) FROM INFORMATION_SCHEMA.INNODB_TABLESPACES_SCRUBBING
		    16 Query	SELECT COUNT(*) FROM INFORMATION_SCHEMA.REFERENTIAL_CONSTRAINTS
		    21 Query	DROP TABLE IF EXISTS trigger28867 /* QNO 180 CON_ID 21 */
		    17 Query	SELECT COUNT(*) FROM INFORMATION_SCHEMA.INNODB_CMPMEM
		    17 Query	SELECT COUNT(*) FROM INFORMATION_SCHEMA.INNODB_CMP_PER_INDEX
		    17 Query	SELECT COUNT(*) FROM INFORMATION_SCHEMA.INNODB_CMP
		    17 Query	SELECT COUNT(*) FROM INFORMATION_SCHEMA.INNODB_FT_DELETED
		    17 Query	SELECT COUNT(*) FROM INFORMATION_SCHEMA.INNODB_CMP_RESET
		    17 Query	SELECT COUNT(*) FROM INFORMATION_SCHEMA.INNODB_LOCK_WAITS
		    17 Query	SELECT COUNT(*) FROM INFORMATION_SCHEMA.TABLE_STATISTICS
		    17 Query	SELECT COUNT(*) FROM INFORMATION_SCHEMA.INNODB_TABLESPACES_ENCRYPTION
		    17 Query	SELECT COUNT(*) FROM INFORMATION_SCHEMA.INNODB_BUFFER_PAGE_LRU
		    17 Query	SELECT COUNT(*) FROM INFORMATION_SCHEMA.INNODB_SYS_FIELDS
		    17 Query	SELECT COUNT(*) FROM INFORMATION_SCHEMA.INNODB_CMPMEM_RESET
		    17 Query	SELECT COUNT(*) FROM INFORMATION_SCHEMA.INNODB_SYS_COLUMNS
		    17 Query	SELECT COUNT(*) FROM INFORMATION_SCHEMA.INNODB_FT_INDEX_TABLE
		    17 Query	SELECT COUNT(*) FROM INFORMATION_SCHEMA.INNODB_CMP_PER_INDEX_RESET
		    20 Query	SELECT COUNT(*) FROM INFORMATION_SCHEMA.GEOMETRY_COLUMNS
		    17 Query	SELECT COUNT(*) FROM INFORMATION_SCHEMA.user_variables
		    17 Query	SELECT COUNT(*) FROM INFORMATION_SCHEMA.INNODB_FT_INDEX_CACHE
		    17 Query	SELECT COUNT(*) FROM INFORMATION_SCHEMA.INNODB_SYS_FOREIGN_COLS
		    17 Query	SELECT COUNT(*) FROM INFORMATION_SCHEMA.INNODB_FT_BEING_DELETED
		    17 Query	SELECT COUNT(*) FROM INFORMATION_SCHEMA.INNODB_BUFFER_POOL_STATS
		    17 Query	SELECT COUNT(*) FROM INFORMATION_SCHEMA.INNODB_TRX
		    17 Query	SELECT COUNT(*) FROM INFORMATION_SCHEMA.INNODB_SYS_FOREIGN
		    17 Query	SELECT COUNT(*) FROM INFORMATION_SCHEMA.INNODB_SYS_TABLES
		    17 Query	SELECT COUNT(*) FROM INFORMATION_SCHEMA.INNODB_FT_DEFAULT_STOPWORD
		    17 Query	SELECT COUNT(*) FROM INFORMATION_SCHEMA.INNODB_FT_CONFIG
		    17 Query	SELECT COUNT(*) FROM INFORMATION_SCHEMA.INNODB_BUFFER_PAGE
		    18 Query	SELECT COUNT(*) FROM INFORMATION_SCHEMA.GEOMETRY_COLUMNS
180102  3:26:53	    17 Query	SELECT COUNT(*) FROM INFORMATION_SCHEMA.INNODB_SYS_TABLESPACES
		    17 Query	SELECT COUNT(*) FROM INFORMATION_SCHEMA.INNODB_METRICS
		    17 Query	SELECT COUNT(*) FROM INFORMATION_SCHEMA.INNODB_SYS_INDEXES
		    17 Query	SELECT COUNT(*) FROM INFORMATION_SCHEMA.INNODB_SYS_VIRTUAL
		    17 Query	SELECT COUNT(*) FROM INFORMATION_SCHEMA.INNODB_MUTEXES
		    17 Query	SELECT COUNT(*) FROM INFORMATION_SCHEMA.INNODB_SYS_SEMAPHORE_WAITS
		    17 Query	SELECT collation_name,character_set_name FROM information_schema.collations
		    17 Query	COMMIT  /* QNO 163 CON_ID 17 */
		    17 Query	CREATE OR REPLACE VIEW transforms.view_28859_probe AS COMMIT  /* QNO 163 CON_ID 17 */  /* QNO 164 CON_ID 17 */
		    17 Query	COMMIT  /* QNO 163 CON_ID 17 */  /* QNO 165 CON_ID 17 */
		    17 Query	SELECT col_tinyint, `non_existing_column` FROM t2_base_myisam_28859 /* table0_int v1_nontrans_safe_for_sbr_28859 table0_innodb_int_autoinc */ WHERE col_tinyint BETWEEN 63 AND 58 + 2 AND ( `non_existing_column` IS NULL OR `non_existing_column` <> RAND( 5 ) ) FOR UPDATE  /* QNO 166 CON_ID 17 */
		    17 Query	ROLLBACK /* QNO 167 CON_ID 17 */
		    17 Query	CREATE OR REPLACE VIEW transforms.view_28859_probe AS  ROLLBACK /* QNO 167 CON_ID 17 */  /* QNO 168 CON_ID 17 */
		    17 Query	ROLLBACK /* QNO 167 CON_ID 17 */  /* QNO 169 CON_ID 17 */
		    17 Query	FLUSH LOGS /* QNO 170 CON_ID 17 */
/home/elenst/git/10.3/sql/mysqld, Version: 10.3.4-MariaDB-debug-log (Source distribution). started with:
Tcp port: 10720  Unix socket: /home/elenst/test_results/hidden-1/current1_1/mysql.sock
Time		    Id Command	Argument
		    19 Query	COMMIT  /* QNO 220 CON_ID 19 */
		    19 Query	CREATE OR REPLACE VIEW transforms.view_28863_probe AS COMMIT  /* QNO 220 CON_ID 19 */  /* QNO 221 CON_ID 19 */
		    19 Query	COMMIT  /* QNO 220 CON_ID 19 */  /* QNO 222 CON_ID 19 */
		    21 Query	COMMIT  /* QNO 181 CON_ID 21 */
		    19 Query	PREPARE st1 FROM " UPDATE test1.v2_nontrans_safe_for_sbr_28863 /* table1_int_autoinc t1_base_myisam_28863 t2_base_innodb_28863 */ AS A NATURAL JOIN test1.t1_base_innodb_28863 /* table0_int table10_myisam_int_autoinc table10_innodb_int_autoinc */ B SET A.`col_varchar` = test.f1__28863 (), B.`col_blob` = f1__28863 () WHERE col_tinyint BETWEEN 88 AND -24 + 2 AND ( `vcol_char` IS NULL OR `col_char` <> UUID_SHORT() ) "  /* QNO 223 CON_ID 19 */
		    21 Query	CREATE OR REPLACE VIEW transforms.view_28867_probe AS COMMIT  /* QNO 181 CON_ID 21 */  /* QNO 182 CON_ID 21 */
		    21 Query	COMMIT  /* QNO 181 CON_ID 21 */  /* QNO 183 CON_ID 21 */
		    21 Query	SET @aux = f1__28867 ()  /* QNO 184 CON_ID 21 */
		    21 Query	SET @aux = SYSDATE()  /* QNO 185 CON_ID 21 */
		    19 Query	EXECUTE st1  /* QNO 224 CON_ID 19 */
		    21 Query	SET @aux = SYSDATE()  /* QNO 185 CON_ID 21 */  /* QNO 186 CON_ID 21 */
		    19 Query	DEALLOCATE PREPARE st1  /* QNO 225 CON_ID 19 */
		    21 Query	/* GenTest::Transform::ExecuteAsTrigger */ CREATE DATABASE IF NOT EXISTS transforms /* QNO 187 CON_ID 21 */
		    17 Query	CREATE OR REPLACE VIEW transforms.view_28859_probe AS  FLUSH LOGS /* QNO 170 CON_ID 17 */  /* QNO 171 CON_ID 17 */
		    19 Query	COMMIT /* QNO 226 CON_ID 19 */
		    21 Query	SHOW WARNINGS
		    19 Query	CREATE OR REPLACE VIEW transforms.view_28863_probe AS  COMMIT /* QNO 226 CON_ID 19 */  /* QNO 227 CON_ID 19 */
		    21 Query	DROP TABLE IF EXISTS trigger28867 /* QNO 188 CON_ID 21 */
		    17 Query	FLUSH LOGS /* QNO 170 CON_ID 17 */  /* QNO 172 CON_ID 17 */
/home/elenst/git/10.3/sql/mysqld, Version: 10.3.4-MariaDB-debug-log (Source distribution). started with:
Tcp port: 10720  Unix socket: /home/elenst/test_results/hidden-1/current1_1/mysql.sock
Time		    Id Command	Argument
		    19 Query	COMMIT /* QNO 226 CON_ID 19 */  /* QNO 228 CON_ID 19 */
		    19 Query	SET debug_dbug= "+d,test_completely_invisible" /* QNO 229 CON_ID 19 */
		    21 Query	SHOW WARNINGS
		    21 Query	CREATE TABLE IF NOT EXISTS trigger28867 (f1 INTEGER) /* QNO 189 CON_ID 21 */
		    19 Query	CREATE OR REPLACE VIEW transforms.view_28863_probe AS SET debug_dbug= "+d,test_completely_invisible" /* QNO 229 CON_ID 19 */  /* QNO 230 CON_ID 19 */
		    19 Query	SET debug_dbug= "+d,test_completely_invisible" /* QNO 229 CON_ID 19 */  /* QNO 231 CON_ID 19 */
		    19 Query	/* GenTest::Transform::ExecuteAsTrigger */ CREATE DATABASE IF NOT EXISTS transforms /* QNO 232 CON_ID 19 */
		    16 Query	SELECT COUNT(*) FROM INFORMATION_SCHEMA.ROUTINES
		    16 Query	SELECT COUNT(*) FROM INFORMATION_SCHEMA.SCHEMATA
		    16 Query	SELECT COUNT(*) FROM INFORMATION_SCHEMA.SCHEMA_PRIVILEGES
		    16 Query	SELECT COUNT(*) FROM INFORMATION_SCHEMA.SESSION_STATUS
		    16 Query	SELECT COUNT(*) FROM INFORMATION_SCHEMA.SESSION_VARIABLES
		    16 Query	SELECT COUNT(*) FROM INFORMATION_SCHEMA.STATISTICS
		    20 Query	SELECT COUNT(*) FROM INFORMATION_SCHEMA.SPATIAL_REF_SYS
		    20 Query	SELECT COUNT(*) FROM INFORMATION_SCHEMA.CLIENT_STATISTICS
		    20 Query	SELECT COUNT(*) FROM INFORMATION_SCHEMA.INDEX_STATISTICS
		    20 Query	SELECT COUNT(*) FROM INFORMATION_SCHEMA.INNODB_SYS_DATAFILES
		    20 Query	SELECT COUNT(*) FROM INFORMATION_SCHEMA.USER_STATISTICS
		    20 Query	SELECT COUNT(*) FROM INFORMATION_SCHEMA.INNODB_SYS_TABLESTATS
		    20 Query	SELECT COUNT(*) FROM INFORMATION_SCHEMA.INNODB_LOCKS
		    20 Query	SELECT COUNT(*) FROM INFORMATION_SCHEMA.INNODB_TABLESPACES_SCRUBBING
		    18 Query	SELECT COUNT(*) FROM INFORMATION_SCHEMA.SPATIAL_REF_SYS
		    18 Query	SELECT COUNT(*) FROM INFORMATION_SCHEMA.CLIENT_STATISTICS
		    20 Query	SELECT COUNT(*) FROM INFORMATION_SCHEMA.INNODB_CMPMEM
		    20 Query	SELECT COUNT(*) FROM INFORMATION_SCHEMA.INNODB_CMP_PER_INDEX
		    18 Query	SELECT COUNT(*) FROM INFORMATION_SCHEMA.INDEX_STATISTICS
		    20 Query	SELECT COUNT(*) FROM INFORMATION_SCHEMA.INNODB_CMP
		    18 Query	SELECT COUNT(*) FROM INFORMATION_SCHEMA.INNODB_SYS_DATAFILES
		    20 Query	SELECT COUNT(*) FROM INFORMATION_SCHEMA.INNODB_FT_DELETED
		    18 Query	SELECT COUNT(*) FROM INFORMATION_SCHEMA.USER_STATISTICS
		    20 Query	SELECT COUNT(*) FROM INFORMATION_SCHEMA.INNODB_CMP_RESET
		    18 Query	SELECT COUNT(*) FROM INFORMATION_SCHEMA.INNODB_SYS_TABLESTATS
		    20 Query	SELECT COUNT(*) FROM INFORMATION_SCHEMA.INNODB_LOCK_WAITS
		    18 Query	SELECT COUNT(*) FROM INFORMATION_SCHEMA.INNODB_LOCKS
		    20 Query	SELECT COUNT(*) FROM INFORMATION_SCHEMA.TABLE_STATISTICS
		    20 Query	SELECT COUNT(*) FROM INFORMATION_SCHEMA.INNODB_TABLESPACES_ENCRYPTION
		    18 Query	SELECT COUNT(*) FROM INFORMATION_SCHEMA.INNODB_TABLESPACES_SCRUBBING
		    20 Query	SELECT COUNT(*) FROM INFORMATION_SCHEMA.INNODB_BUFFER_PAGE_LRU
		    18 Query	SELECT COUNT(*) FROM INFORMATION_SCHEMA.INNODB_CMPMEM
		    18 Query	SELECT COUNT(*) FROM INFORMATION_SCHEMA.INNODB_CMP_PER_INDEX
		    18 Query	SELECT COUNT(*) FROM INFORMATION_SCHEMA.INNODB_CMP
		    20 Query	SELECT COUNT(*) FROM INFORMATION_SCHEMA.INNODB_SYS_FIELDS
		    18 Query	SELECT COUNT(*) FROM INFORMATION_SCHEMA.INNODB_FT_DELETED
		    18 Query	SELECT COUNT(*) FROM INFORMATION_SCHEMA.INNODB_CMP_RESET
		    20 Query	SELECT COUNT(*) FROM INFORMATION_SCHEMA.INNODB_CMPMEM_RESET
		    18 Query	SELECT COUNT(*) FROM INFORMATION_SCHEMA.INNODB_LOCK_WAITS
		    20 Query	SELECT COUNT(*) FROM INFORMATION_SCHEMA.INNODB_SYS_COLUMNS
		    18 Query	SELECT COUNT(*) FROM INFORMATION_SCHEMA.TABLE_STATISTICS
		    18 Query	SELECT COUNT(*) FROM INFORMATION_SCHEMA.INNODB_TABLESPACES_ENCRYPTION
		    20 Query	SELECT COUNT(*) FROM INFORMATION_SCHEMA.INNODB_FT_INDEX_TABLE
		    18 Query	SELECT COUNT(*) FROM INFORMATION_SCHEMA.INNODB_BUFFER_PAGE_LRU
		    20 Query	SELECT COUNT(*) FROM INFORMATION_SCHEMA.INNODB_CMP_PER_INDEX_RESET
		    20 Query	SELECT COUNT(*) FROM INFORMATION_SCHEMA.user_variables
		    20 Query	SELECT COUNT(*) FROM INFORMATION_SCHEMA.INNODB_FT_INDEX_CACHE
		    20 Query	SELECT COUNT(*) FROM INFORMATION_SCHEMA.INNODB_SYS_FOREIGN_COLS
		    18 Query	SELECT COUNT(*) FROM INFORMATION_SCHEMA.INNODB_SYS_FIELDS
		    20 Query	SELECT COUNT(*) FROM INFORMATION_SCHEMA.INNODB_FT_BEING_DELETED
		    20 Query	SELECT COUNT(*) FROM INFORMATION_SCHEMA.INNODB_BUFFER_POOL_STATS
		    18 Query	SELECT COUNT(*) FROM INFORMATION_SCHEMA.INNODB_CMPMEM_RESET
		    20 Query	SELECT COUNT(*) FROM INFORMATION_SCHEMA.INNODB_TRX
		    20 Query	SELECT COUNT(*) FROM INFORMATION_SCHEMA.INNODB_SYS_FOREIGN
		    18 Query	SELECT COUNT(*) FROM INFORMATION_SCHEMA.INNODB_SYS_COLUMNS
		    20 Query	SELECT COUNT(*) FROM INFORMATION_SCHEMA.INNODB_SYS_TABLES
		    20 Query	SELECT COUNT(*) FROM INFORMATION_SCHEMA.INNODB_FT_DEFAULT_STOPWORD
		    18 Query	SELECT COUNT(*) FROM INFORMATION_SCHEMA.INNODB_FT_INDEX_TABLE
		    20 Query	SELECT COUNT(*) FROM INFORMATION_SCHEMA.INNODB_FT_CONFIG
		    18 Query	SELECT COUNT(*) FROM INFORMATION_SCHEMA.INNODB_CMP_PER_INDEX_RESET
		    18 Query	SELECT COUNT(*) FROM INFORMATION_SCHEMA.user_variables
		    20 Query	SELECT COUNT(*) FROM INFORMATION_SCHEMA.INNODB_BUFFER_PAGE
		    18 Query	SELECT COUNT(*) FROM INFORMATION_SCHEMA.INNODB_FT_INDEX_CACHE
		    18 Query	SELECT COUNT(*) FROM INFORMATION_SCHEMA.INNODB_SYS_FOREIGN_COLS
		    18 Query	SELECT COUNT(*) FROM INFORMATION_SCHEMA.INNODB_FT_BEING_DELETED
		    18 Query	SELECT COUNT(*) FROM INFORMATION_SCHEMA.INNODB_BUFFER_POOL_STATS
		    18 Query	SELECT COUNT(*) FROM INFORMATION_SCHEMA.INNODB_TRX
		    18 Query	SELECT COUNT(*) FROM INFORMATION_SCHEMA.INNODB_SYS_FOREIGN
		    18 Query	SELECT COUNT(*) FROM INFORMATION_SCHEMA.INNODB_SYS_TABLES
		    18 Query	SELECT COUNT(*) FROM INFORMATION_SCHEMA.INNODB_FT_DEFAULT_STOPWORD
		    18 Query	SELECT COUNT(*) FROM INFORMATION_SCHEMA.INNODB_FT_CONFIG
		    18 Query	SELECT COUNT(*) FROM INFORMATION_SCHEMA.INNODB_BUFFER_PAGE
		    19 Query	SHOW WARNINGS
180102  3:26:54	    19 Query	DROP TABLE IF EXISTS trigger28863 /* QNO 233 CON_ID 19 */
		    21 Query	CREATE TRIGGER trigger28867 BEFORE INSERT ON trigger28867 FOR EACH ROW  SET @aux = SYSDATE()  /* QNO 185 CON_ID 21 */ ; /* QNO 190 CON_ID 21 */
		    19 Query	SHOW WARNINGS
		    19 Query	CREATE TABLE IF NOT EXISTS trigger28863 (f1 INTEGER) /* QNO 234 CON_ID 19 */
		    17 Query	COMMIT  /* QNO 173 CON_ID 17 */
		    17 Query	CREATE OR REPLACE VIEW transforms.view_28859_probe AS COMMIT  /* QNO 173 CON_ID 17 */  /* QNO 174 CON_ID 17 */
		    17 Query	COMMIT  /* QNO 173 CON_ID 17 */  /* QNO 175 CON_ID 17 */
		    17 Query	PREPARE st1 FROM " UPDATE test1.table10_int /* table0_int_autoinc t1_base_myisam_28859 table10_innodb_int */ AS A NATURAL JOIN table1_int /* table0_int_autoinc t2_temp_myisam_28859 table0_innodb_int */ B SET A.`non_existing_column` = +1.1, B.`non_existing_column` = test1.f1__28859 () WHERE col_tinyint BETWEEN 19 AND 10 + 2 AND ( `non_existing_column` IS NULL OR `non_existing_column` <> USER() ) "  /* QNO 176 CON_ID 17 */
		    17 Query	EXECUTE st1  /* QNO 177 CON_ID 17 */
		    17 Query	DEALLOCATE PREPARE st1  /* QNO 178 CON_ID 17 */
		    17 Query	SELECT col_tinyint, `non_existing_column` FROM v1_trans_unsafe_for_sbr_28859 /* table10_int table10_myisam_int table0_innodb_int */ WHERE col_tinyint BETWEEN 22 AND 81 + 2 AND ( `non_existing_column` IS NULL OR `non_existing_column` <> USER() ) FOR UPDATE  /* QNO 179 CON_ID 17 */
		    17 Query	USE test  /* QNO 180 CON_ID 17 */
		    17 Query	CREATE OR REPLACE VIEW transforms.view_28859_probe AS  USE test  /* QNO 180 CON_ID 17 */  /* QNO 181 CON_ID 17 */
		    17 Query	USE test  /* QNO 180 CON_ID 17 */  /* QNO 182 CON_ID 17 */
		    17 Query	UPDATE t1_temp_innodb_28859 /* table10_int table10_myisam_int_autoinc table0_innodb_int */ AS A NATURAL JOIN test1.t2_temp_myisam_28859 /* table10_int v1_nontrans_safe_for_sbr_28859 t1_base_innodb_28859 */ B SET A.`vcol_dec` = +2.0E-1, B.`col_date` = CONVERT( 'a,n,u,p' USING LATIN1 ) WHERE col_tinyint BETWEEN 32 AND -12 + 2 AND ( `col_blob` IS NULL OR `vcol_time` <> VERSION() )  /* QNO 183 CON_ID 17 */
		    17 Query	COMMIT /* QNO 184 CON_ID 17 */
		    17 Query	CREATE OR REPLACE VIEW transforms.view_28859_probe AS  COMMIT /* QNO 184 CON_ID 17 */  /* QNO 185 CON_ID 17 */
		    17 Query	COMMIT /* QNO 184 CON_ID 17 */  /* QNO 186 CON_ID 17 */
		    17 Query	COMMIT  /* QNO 187 CON_ID 17 */
		    17 Query	CREATE OR REPLACE VIEW transforms.view_28859_probe AS COMMIT  /* QNO 187 CON_ID 17 */  /* QNO 188 CON_ID 17 */
		    17 Query	COMMIT  /* QNO 187 CON_ID 17 */  /* QNO 189 CON_ID 17 */
		    17 Query	USE test1  /* QNO 190 CON_ID 17 */
		    17 Query	COMMIT /* QNO 191 CON_ID 17 */
		    17 Query	CREATE OR REPLACE VIEW transforms.view_28859_probe AS  COMMIT /* QNO 191 CON_ID 17 */  /* QNO 192 CON_ID 17 */
		    17 Query	COMMIT /* QNO 191 CON_ID 17 */  /* QNO 193 CON_ID 17 */
		    17 Query	SET GLOBAL TRANSACTION ISOLATION LEVEL REPEATABLE READ /* QNO 194 CON_ID 17 */
		    17 Query	CREATE OR REPLACE VIEW transforms.view_28859_probe AS  SET GLOBAL TRANSACTION ISOLATION LEVEL REPEATABLE READ /* QNO 194 CON_ID 17 */  /* QNO 195 CON_ID 17 */
		    17 Query	SET GLOBAL TRANSACTION ISOLATION LEVEL REPEATABLE READ /* QNO 194 CON_ID 17 */  /* QNO 196 CON_ID 17 */
		    17 Query	/* GenTest::Transform::ExecuteAsTrigger */ CREATE DATABASE IF NOT EXISTS transforms /* QNO 197 CON_ID 17 */
		    17 Query	SHOW WARNINGS
		    17 Query	DROP TABLE IF EXISTS trigger28859 /* QNO 198 CON_ID 17 */
		    17 Query	SHOW WARNINGS
		    17 Query	CREATE TABLE IF NOT EXISTS trigger28859 (f1 INTEGER) /* QNO 199 CON_ID 17 */
		    16 Query	SELECT COUNT(*) FROM INFORMATION_SCHEMA.SYSTEM_VARIABLES
		    16 Query	SELECT COUNT(*) FROM INFORMATION_SCHEMA.TABLES
		    16 Query	SELECT COUNT(*) FROM INFORMATION_SCHEMA.TABLESPACES
		    16 Query	SELECT COUNT(*) FROM INFORMATION_SCHEMA.TABLE_CONSTRAINTS
		    20 Query	SELECT COUNT(*) FROM INFORMATION_SCHEMA.INNODB_SYS_TABLESPACES
		    20 Query	SELECT COUNT(*) FROM INFORMATION_SCHEMA.INNODB_METRICS
		    20 Query	SELECT COUNT(*) FROM INFORMATION_SCHEMA.INNODB_SYS_INDEXES
		    20 Query	SELECT COUNT(*) FROM INFORMATION_SCHEMA.INNODB_SYS_VIRTUAL
		    20 Query	SELECT COUNT(*) FROM INFORMATION_SCHEMA.INNODB_MUTEXES
		    20 Query	SELECT COUNT(*) FROM INFORMATION_SCHEMA.INNODB_SYS_SEMAPHORE_WAITS
		    20 Query	SELECT collation_name,character_set_name FROM information_schema.collations
		    20 Query	COMMIT  /* QNO 177 CON_ID 20 */
		    20 Query	CREATE OR REPLACE VIEW transforms.view_28865_probe AS COMMIT  /* QNO 177 CON_ID 20 */  /* QNO 178 CON_ID 20 */
		    20 Query	COMMIT  /* QNO 177 CON_ID 20 */  /* QNO 179 CON_ID 20 */
		    20 Query	COMMIT  /* QNO 180 CON_ID 20 */
		    20 Query	CREATE OR REPLACE VIEW transforms.view_28865_probe AS  COMMIT  /* QNO 180 CON_ID 20 */  /* QNO 181 CON_ID 20 */
		    20 Query	COMMIT  /* QNO 180 CON_ID 20 */  /* QNO 182 CON_ID 20 */
		    20 Query	SELECT col_tinyint, `vcol_int` FROM /* table10_myisam_int table10_int_autoinc table0_myisam_int */ t2_temp_innodb_28865 WHERE col_tinyint BETWEEN 99 AND -42 + 2 AND ( `vcol_timestamp` IS NULL OR `vcol_int` <> RAND( 4 ) ) FOR UPDATE  /* QNO 183 CON_ID 20 */
		    20 Query	SELECT col_tinyint, `vcol_timestamp` FROM /* t2_base_innodb_28865 table10_int_autoinc t2_temp_myisam_28865 */ table10_innodb_int WHERE col_tinyint BETWEEN 67 AND -56 + 2 AND ( `col_time` IS NULL OR `vcol_time` <> USER() ) FOR UPDATE  /* QNO 184 CON_ID 20 */
		    20 Query	SELECT col_tinyint, `col_int` FROM /* v1_nontrans_unsafe_for_sbr_28865 table1_int_autoinc t2_temp_myisam_28865 */ t2_temp_innodb_28865 WHERE col_tinyint BETWEEN 98 AND 107 + 2 AND ( `vcol_year` IS NULL OR `vcol_int` <> UUID_SHORT() ) FOR UPDATE  /* QNO 185 CON_ID 20 */
		    20 Query	USE test1  /* QNO 186 CON_ID 20 */
		    20 Query	INSERT HIGH_PRIORITY INTO /* table1_int table10_int table10_myisam_int_autoinc */ t1_temp_innodb_28865 ( `non_existing_column`, col_tinyint ) VALUES ( VERSION(), 22 ), ( CURRENT_USER(), -24 )  /* QNO 187 CON_ID 20 */
		    20 Query	GRANT ALL ON test.* TO Emilio_28865@localhost /* QNO 188 CON_ID 20 */
		    20 Query	CREATE OR REPLACE VIEW transforms.view_28865_probe AS  GRANT ALL ON test.* TO Emilio_28865@localhost /* QNO 188 CON_ID 20 */  /* QNO 189 CON_ID 20 */
		    20 Query	GRANT ALL ON test.* TO Emilio_28865@localhost /* QNO 188 CON_ID 20 */  /* QNO 190 CON_ID 20 */
		    20 Query	COMMIT  /* QNO 191 CON_ID 20 */
		    20 Query	CREATE OR REPLACE VIEW transforms.view_28865_probe AS COMMIT  /* QNO 191 CON_ID 20 */  /* QNO 192 CON_ID 20 */
		    20 Query	COMMIT  /* QNO 191 CON_ID 20 */  /* QNO 193 CON_ID 20 */
		    20 Query	REPLACE INTO /* table1_int_autoinc table1_int_autoinc table0_myisam_int_autoinc */ v1_trans_safe_for_sbr_28865 ( `non_existing_column`, col_tinyint ) VALUES ( test1.f1_3_28865 (), -7 ), ( test1.f1_3_28865 (), -97 )  /* QNO 194 CON_ID 20 */
		    20 Query	RELEASE SAVEPOINT A /* QNO 195 CON_ID 20 */
		    20 Query	COMMIT  /* QNO 196 CON_ID 20 */
		    20 Query	CREATE OR REPLACE VIEW transforms.view_28865_probe AS COMMIT  /* QNO 196 CON_ID 20 */  /* QNO 197 CON_ID 20 */
		    20 Query	COMMIT  /* QNO 196 CON_ID 20 */  /* QNO 198 CON_ID 20 */
		    20 Query	USE test1  /* QNO 199 CON_ID 20 */
		    20 Query	COMMIT /* QNO 200 CON_ID 20 */
		    20 Query	CREATE OR REPLACE VIEW transforms.view_28865_probe AS  COMMIT /* QNO 200 CON_ID 20 */  /* QNO 201 CON_ID 20 */
		    20 Query	COMMIT /* QNO 200 CON_ID 20 */  /* QNO 202 CON_ID 20 */
		    20 Query	COMMIT  /* QNO 203 CON_ID 20 */
		    20 Query	CREATE OR REPLACE VIEW transforms.view_28865_probe AS COMMIT  /* QNO 203 CON_ID 20 */  /* QNO 204 CON_ID 20 */
		    20 Query	COMMIT  /* QNO 203 CON_ID 20 */  /* QNO 205 CON_ID 20 */
		    20 Query	INSERT INTO test1./* t1_base_myisam_28865 table1_int_autoinc v2_nontrans_unsafe_for_sbr_28865 */ t2_base_innodb_28865 ( `non_existing_column`, col_tinyint ) VALUES ( @aux, -99 )  /* QNO 206 CON_ID 20 */
		    20 Query	COMMIT /* QNO 207 CON_ID 20 */
		    20 Query	CREATE OR REPLACE VIEW transforms.view_28865_probe AS  COMMIT /* QNO 207 CON_ID 20 */  /* QNO 208 CON_ID 20 */
		    20 Query	COMMIT /* QNO 207 CON_ID 20 */  /* QNO 209 CON_ID 20 */
		    20 Query	COMMIT  /* QNO 210 CON_ID 20 */
		    20 Query	CREATE OR REPLACE VIEW transforms.view_28865_probe AS COMMIT  /* QNO 210 CON_ID 20 */  /* QNO 211 CON_ID 20 */
		    20 Query	COMMIT  /* QNO 210 CON_ID 20 */  /* QNO 212 CON_ID 20 */
