		   14 Query	SELECT COUNT(*) FROM INFORMATION_SCHEMA.GLOBAL_STATUS
		   14 Query	SELECT COUNT(*) FROM INFORMATION_SCHEMA.GLOBAL_VARIABLES
		   14 Query	SELECT COUNT(*) FROM INFORMATION_SCHEMA.KEY_CACHES
		   14 Query	SELECT COUNT(*) FROM INFORMATION_SCHEMA.KEY_COLUMN_USAGE
		   14 Query	SELECT COUNT(*) FROM INFORMATION_SCHEMA.PARAMETERS
		   14 Query	SELECT COUNT(*) FROM INFORMATION_SCHEMA.PARTITIONS
		   14 Query	SELECT COUNT(*) FROM INFORMATION_SCHEMA.PLUGINS
		   14 Query	SELECT COUNT(*) FROM INFORMATION_SCHEMA.PROCESSLIST
		   14 Query	SELECT COUNT(*) FROM INFORMATION_SCHEMA.PROFILING
		   14 Query	SELECT COUNT(*) FROM INFORMATION_SCHEMA.REFERENTIAL_CONSTRAINTS
		   14 Query	SELECT COUNT(*) FROM INFORMATION_SCHEMA.ROUTINES
		   14 Query	SELECT COUNT(*) FROM INFORMATION_SCHEMA.SCHEMATA
		   14 Query	SELECT COUNT(*) FROM INFORMATION_SCHEMA.SCHEMA_PRIVILEGES
		   14 Query	SELECT COUNT(*) FROM INFORMATION_SCHEMA.SESSION_STATUS
		   14 Query	SELECT COUNT(*) FROM INFORMATION_SCHEMA.SESSION_VARIABLES
		   14 Query	SELECT COUNT(*) FROM INFORMATION_SCHEMA.STATISTICS
		   14 Query	SELECT COUNT(*) FROM INFORMATION_SCHEMA.SYSTEM_VARIABLES
		   14 Query	SELECT COUNT(*) FROM INFORMATION_SCHEMA.TABLES
		   14 Query	SELECT COUNT(*) FROM INFORMATION_SCHEMA.TABLESPACES
		   14 Query	SELECT COUNT(*) FROM INFORMATION_SCHEMA.TABLE_CONSTRAINTS
		   14 Query	SELECT COUNT(*) FROM INFORMATION_SCHEMA.TABLE_PRIVILEGES
		   14 Query	SELECT COUNT(*) FROM INFORMATION_SCHEMA.TRIGGERS
		   14 Query	SELECT COUNT(*) FROM INFORMATION_SCHEMA.USER_PRIVILEGES
		   14 Query	SELECT COUNT(*) FROM INFORMATION_SCHEMA.VIEWS
		   14 Query	SELECT COUNT(*) FROM INFORMATION_SCHEMA.GEOMETRY_COLUMNS
		   14 Query	SELECT COUNT(*) FROM INFORMATION_SCHEMA.SPATIAL_REF_SYS
		   14 Query	SELECT COUNT(*) FROM INFORMATION_SCHEMA.CLIENT_STATISTICS
		   14 Query	SELECT COUNT(*) FROM INFORMATION_SCHEMA.INDEX_STATISTICS
		   14 Query	SELECT COUNT(*) FROM INFORMATION_SCHEMA.INNODB_SYS_DATAFILES
		   14 Query	SELECT COUNT(*) FROM INFORMATION_SCHEMA.USER_STATISTICS
		   14 Query	SELECT COUNT(*) FROM INFORMATION_SCHEMA.INNODB_SYS_TABLESTATS
		   14 Query	SELECT COUNT(*) FROM INFORMATION_SCHEMA.INNODB_LOCKS
		   14 Query	SELECT COUNT(*) FROM INFORMATION_SCHEMA.INNODB_MUTEXES
		   14 Query	SELECT COUNT(*) FROM INFORMATION_SCHEMA.INNODB_CMPMEM
		   14 Query	SELECT COUNT(*) FROM INFORMATION_SCHEMA.INNODB_CMP_PER_INDEX
		   14 Query	SELECT COUNT(*) FROM INFORMATION_SCHEMA.INNODB_CMP
		   14 Query	SELECT COUNT(*) FROM INFORMATION_SCHEMA.INNODB_FT_DELETED
		   14 Query	SELECT COUNT(*) FROM INFORMATION_SCHEMA.INNODB_CMP_RESET
		   14 Query	SELECT COUNT(*) FROM INFORMATION_SCHEMA.INNODB_LOCK_WAITS
		   14 Query	SELECT COUNT(*) FROM INFORMATION_SCHEMA.TABLE_STATISTICS
		   14 Query	SELECT COUNT(*) FROM INFORMATION_SCHEMA.INNODB_TABLESPACES_ENCRYPTION
		   14 Query	SELECT COUNT(*) FROM INFORMATION_SCHEMA.INNODB_BUFFER_PAGE_LRU
		   14 Query	SELECT COUNT(*) FROM INFORMATION_SCHEMA.INNODB_SYS_FIELDS
		   14 Query	SELECT COUNT(*) FROM INFORMATION_SCHEMA.INNODB_CMPMEM_RESET
		   14 Query	SELECT COUNT(*) FROM INFORMATION_SCHEMA.INNODB_SYS_COLUMNS
		   14 Query	SELECT COUNT(*) FROM INFORMATION_SCHEMA.INNODB_FT_INDEX_TABLE
		   14 Query	SELECT COUNT(*) FROM INFORMATION_SCHEMA.INNODB_CMP_PER_INDEX_RESET
		   14 Query	SELECT COUNT(*) FROM INFORMATION_SCHEMA.user_variables
		   14 Query	SELECT COUNT(*) FROM INFORMATION_SCHEMA.INNODB_FT_INDEX_CACHE
		   14 Query	SELECT COUNT(*) FROM INFORMATION_SCHEMA.INNODB_SYS_FOREIGN_COLS
		   14 Query	SELECT COUNT(*) FROM INFORMATION_SCHEMA.INNODB_FT_BEING_DELETED
		   14 Query	SELECT COUNT(*) FROM INFORMATION_SCHEMA.INNODB_BUFFER_POOL_STATS
		   14 Query	SELECT COUNT(*) FROM INFORMATION_SCHEMA.INNODB_TRX
		   14 Query	SELECT COUNT(*) FROM INFORMATION_SCHEMA.INNODB_SYS_FOREIGN
		   14 Query	SELECT COUNT(*) FROM INFORMATION_SCHEMA.INNODB_SYS_TABLES
		   14 Query	SELECT COUNT(*) FROM INFORMATION_SCHEMA.INNODB_FT_DEFAULT_STOPWORD
		   14 Query	SELECT COUNT(*) FROM INFORMATION_SCHEMA.INNODB_FT_CONFIG
		   14 Query	SELECT COUNT(*) FROM INFORMATION_SCHEMA.INNODB_BUFFER_PAGE
		   14 Query	SELECT COUNT(*) FROM INFORMATION_SCHEMA.INNODB_SYS_TABLESPACES
		   14 Query	SELECT COUNT(*) FROM INFORMATION_SCHEMA.INNODB_METRICS
		   14 Query	SELECT COUNT(*) FROM INFORMATION_SCHEMA.INNODB_SYS_INDEXES
		   14 Query	SELECT COUNT(*) FROM INFORMATION_SCHEMA.INNODB_SYS_VIRTUAL
		   14 Query	SELECT COUNT(*) FROM INFORMATION_SCHEMA.INNODB_TABLESPACES_SCRUBBING
		   14 Query	SELECT COUNT(*) FROM INFORMATION_SCHEMA.INNODB_SYS_SEMAPHORE_WAITS
		   14 Query	SELECT COUNT(*) FROM mysql.general_log
		   14 Query	SELECT COUNT(*) FROM mysql.slow_log
		   14 Query	SELECT COUNT(*) FROM performance_schema.accounts
		   14 Query	SELECT COUNT(*) FROM performance_schema.cond_instances
		   14 Query	SELECT COUNT(*) FROM performance_schema.events_stages_current
		   14 Query	SELECT COUNT(*) FROM performance_schema.events_stages_history
		   14 Query	SELECT COUNT(*) FROM performance_schema.events_stages_history_long
		   14 Query	SELECT COUNT(*) FROM performance_schema.events_stages_summary_by_account_by_event_name
		   14 Query	SELECT COUNT(*) FROM performance_schema.events_stages_summary_by_host_by_event_name
		   14 Query	SELECT COUNT(*) FROM performance_schema.events_stages_summary_by_thread_by_event_name
		   14 Query	SELECT COUNT(*) FROM performance_schema.events_stages_summary_by_user_by_event_name
		   14 Query	SELECT COUNT(*) FROM performance_schema.events_stages_summary_global_by_event_name
		   14 Query	SELECT COUNT(*) FROM performance_schema.events_statements_current
		   14 Query	SELECT COUNT(*) FROM performance_schema.events_statements_history
		   14 Query	SELECT COUNT(*) FROM performance_schema.events_statements_history_long
		   14 Query	SELECT COUNT(*) FROM performance_schema.events_statements_summary_by_account_by_event_name
		   14 Query	SELECT COUNT(*) FROM performance_schema.events_statements_summary_by_digest
		   14 Query	SELECT COUNT(*) FROM performance_schema.events_statements_summary_by_host_by_event_name
		   14 Query	SELECT COUNT(*) FROM performance_schema.events_statements_summary_by_thread_by_event_name
		   14 Query	SELECT COUNT(*) FROM performance_schema.events_statements_summary_by_user_by_event_name
		   14 Query	SELECT COUNT(*) FROM performance_schema.events_statements_summary_global_by_event_name
		   14 Query	SELECT COUNT(*) FROM performance_schema.events_waits_current
		   14 Query	SELECT COUNT(*) FROM performance_schema.events_waits_history
		   14 Query	SELECT COUNT(*) FROM performance_schema.events_waits_history_long
		   14 Query	SELECT COUNT(*) FROM performance_schema.events_waits_summary_by_account_by_event_name
		   14 Query	SELECT COUNT(*) FROM performance_schema.events_waits_summary_by_host_by_event_name
		   14 Query	SELECT COUNT(*) FROM performance_schema.events_waits_summary_by_instance
		   14 Query	SELECT COUNT(*) FROM performance_schema.events_waits_summary_by_thread_by_event_name
		   14 Query	SELECT COUNT(*) FROM performance_schema.events_waits_summary_by_user_by_event_name
		   14 Query	SELECT COUNT(*) FROM performance_schema.events_waits_summary_global_by_event_name
		   14 Query	SELECT COUNT(*) FROM performance_schema.file_instances
		   14 Query	SELECT COUNT(*) FROM performance_schema.file_summary_by_event_name
		   14 Query	SELECT COUNT(*) FROM performance_schema.file_summary_by_instance
		   14 Query	SELECT COUNT(*) FROM performance_schema.host_cache
		   14 Query	SELECT COUNT(*) FROM performance_schema.hosts
		   14 Query	SELECT COUNT(*) FROM performance_schema.mutex_instances
		   14 Query	SELECT COUNT(*) FROM performance_schema.objects_summary_global_by_type
		   14 Query	SELECT COUNT(*) FROM performance_schema.performance_timers
		   14 Query	SELECT COUNT(*) FROM performance_schema.rwlock_instances
		   14 Query	SELECT COUNT(*) FROM performance_schema.session_account_connect_attrs
		   14 Query	SELECT COUNT(*) FROM performance_schema.session_connect_attrs
		   14 Query	SELECT COUNT(*) FROM performance_schema.setup_actors
		   14 Query	SELECT COUNT(*) FROM performance_schema.setup_consumers
		   14 Query	SELECT COUNT(*) FROM performance_schema.setup_instruments
		   14 Query	SELECT COUNT(*) FROM performance_schema.setup_objects
		   14 Query	SELECT COUNT(*) FROM performance_schema.setup_timers
		   14 Query	SELECT COUNT(*) FROM performance_schema.socket_instances
		   14 Query	SELECT COUNT(*) FROM performance_schema.socket_summary_by_event_name
		   14 Query	SELECT COUNT(*) FROM performance_schema.socket_summary_by_instance
		   14 Query	SELECT COUNT(*) FROM performance_schema.table_io_waits_summary_by_index_usage
		   14 Query	SELECT COUNT(*) FROM performance_schema.table_io_waits_summary_by_table
		   14 Query	SELECT COUNT(*) FROM performance_schema.table_lock_waits_summary_by_table
		   14 Query	SELECT COUNT(*) FROM performance_schema.threads
		   14 Query	SELECT COUNT(*) FROM performance_schema.users
		   14 Query	SELECT COUNT(*) FROM test.view_t1
		   14 Query	SELECT COUNT(*) FROM test.view_t2
		   14 Query	SELECT COUNT(*) FROM test.view_t3
		   14 Query	SELECT COUNT(*) FROM test.view_t4
		   14 Query	SELECT COUNT(*) FROM test.view_t5
		   14 Query	SELECT COUNT(*) FROM test.view_t6
		   14 Query	SELECT COUNT(*) FROM test.view_t7
		   14 Query	SELECT COUNT(*) FROM test.view_t8
		   14 Query	SELECT COUNT(*) FROM test.view_t9
		   14 Query	SELECT collation_name,character_set_name FROM information_schema.collations
		   14 Query	SHOW VARIABLES LIKE 'datadir' /* QNO 91 CON_ID 14 */
		   14 Quit	
		   15 Connect	rqg@localhost as anonymous on test
		   15 Query	SET optimizer_switch=(SELECT variable_value FROM INFORMATION_SCHEMA.GLOBAL_VARIABLES WHERE VARIABLE_NAME='optimizer_switch')
180620  4:44:09	   15 Query	SELECT DATABASE()
		   15 Query	SELECT CONNECTION_ID()
		   15 Query	SELECT CURRENT_USER()
		   15 Query	SELECT collation_name,character_set_name FROM information_schema.collations
		   15 Query	CREATE OR REPLACE TABLE t1 (bcol2 BIT NULL ) ROW_FORMAT REDUNDANT  /* QNO 92 CON_ID 15 */
		   16 Connect	rqg@localhost as anonymous on test
		   16 Query	SET optimizer_switch=(SELECT variable_value FROM INFORMATION_SCHEMA.GLOBAL_VARIABLES WHERE VARIABLE_NAME='optimizer_switch')
		   16 Query	SELECT DATABASE()
		   16 Query	SELECT CONNECTION_ID()
		   16 Query	SELECT CURRENT_USER()
		   16 Query	SELECT collation_name,character_set_name FROM information_schema.collations
		   16 Query	CREATE OR REPLACE TABLE `view_t2` (scol3 TEXT ) ROW_FORMAT DEFAULT  /* QNO 92 CON_ID 16 */
		   16 Query	CREATE DATABASE IF NOT EXISTS transforms
		   16 Query	CREATE OR REPLACE TABLE `t7` (icol2 SMALLINT NULL DEFAULT NULL ) ROW_FORMAT FIXED  /* QNO 93 CON_ID 16 */
		   17 Connect	rqg@localhost as anonymous on test
		   17 Query	SET optimizer_switch=(SELECT variable_value FROM INFORMATION_SCHEMA.GLOBAL_VARIABLES WHERE VARIABLE_NAME='optimizer_switch')
		   17 Query	SELECT DATABASE()
		   17 Query	SELECT CONNECTION_ID()
		   17 Query	SELECT CURRENT_USER()
		   17 Query	SELECT collation_name,character_set_name FROM information_schema.collations
		   17 Query	CREATE OR REPLACE TABLE t8 (icol4 BIGINT UNSIGNED ) ROW_FORMAT = PAGE  /* QNO 92 CON_ID 17 */
		   18 Connect	rqg@localhost as anonymous on test
		   18 Query	SET optimizer_switch=(SELECT variable_value FROM INFORMATION_SCHEMA.GLOBAL_VARIABLES WHERE VARIABLE_NAME='optimizer_switch')
		   18 Query	SELECT DATABASE()
		   18 Query	SELECT CONNECTION_ID()
		   18 Query	SELECT CURRENT_USER()
		   18 Query	SELECT collation_name,character_set_name FROM information_schema.collations
		   18 Query	CREATE OR REPLACE TABLE t6 (scol5 VARBINARY(49928) NULL DEFAULT '' ) ROW_FORMAT = PAGE  /* QNO 92 CON_ID 18 */
		   16 Query	CREATE OR REPLACE TABLE t5 (`col_char` BLOB NULL, icol10 TINYINT /*!100201 CHECK (ncol4 LIKE `col_int`) */)  /* QNO 94 CON_ID 16 */
		   19 Connect	rqg@localhost as anonymous on test
		   19 Query	SET optimizer_switch=(SELECT variable_value FROM INFORMATION_SCHEMA.GLOBAL_VARIABLES WHERE VARIABLE_NAME='optimizer_switch')
		   19 Query	SELECT DATABASE()
		   19 Query	SELECT CONNECTION_ID()
		   19 Query	SELECT CURRENT_USER()
		   19 Query	SELECT collation_name,character_set_name FROM information_schema.collations
		   19 Query	CREATE OR REPLACE TABLE `t6` (icol7 BIGINT ) ROW_FORMAT COMPACT  /* QNO 92 CON_ID 19 */
		   18 Query	CREATE DATABASE IF NOT EXISTS transforms
		   18 Query	CREATE OR REPLACE TABLE t1 (icol3 TINYINT UNSIGNED NOT NULL /*!100201 CHECK (vcol9 >= icol3) */)  /* QNO 93 CON_ID 18 */
		   20 Connect	rqg@localhost as anonymous on test
		   20 Query	SET optimizer_switch=(SELECT variable_value FROM INFORMATION_SCHEMA.GLOBAL_VARIABLES WHERE VARIABLE_NAME='optimizer_switch')
		   20 Query	SELECT DATABASE()
		   20 Query	SELECT CONNECTION_ID()
		   20 Query	SELECT CURRENT_USER()
		   20 Query	SELECT collation_name,character_set_name FROM information_schema.collations
		   20 Query	CREATE OR REPLACE TABLE t3 (ecol8 ENUM('foo','bar') ) ROW_FORMAT COMPRESSED  /* QNO 92 CON_ID 20 */
180620  4:44:10	   16 Query	CREATE OR REPLACE TABLE t5 (ecol7 ENUM('foo','bar') NOT NULL DEFAULT 0 /*!100303 INVISIBLE */ ) ROW_FORMAT DYNAMIC  /* QNO 95 CON_ID 16 */
		   16 Query	CREATE OR REPLACE TABLE t10 (ecol10 SET('foo','bar') NULL DEFAULT '', tscol4 DATETIME NULL )  /* QNO 96 CON_ID 16 */
		   16 Query	CREATE OR REPLACE VIEW transforms.view_3612_probe AS  CREATE OR REPLACE TABLE t10 (ecol10 SET('foo','bar') NULL DEFAULT '', tscol4 DATETIME NULL )  /* QNO 96 CON_ID 16 */  /* QNO 97 CON_ID 16 */
		   16 Query	CREATE OR REPLACE TABLE t1 (`col_char` TEXT NULL DEFAULT NULL )  /* QNO 98 CON_ID 16 */
		   20 Query	CREATE DATABASE IF NOT EXISTS transforms
		   20 Query	CREATE OR REPLACE VIEW transforms.view_4672_probe AS  CREATE OR REPLACE TABLE t3 (ecol8 ENUM('foo','bar') ) ROW_FORMAT COMPRESSED  /* QNO 92 CON_ID 20 */  /* QNO 93 CON_ID 20 */
		   20 Query	SHOW WARNINGS
		   20 Query	CREATE OR REPLACE TABLE t9 (ncol7 DOUBLE ZEROFILL NOT NULL DEFAULT 0 /*!100303 INVISIBLE */ /*!100201 CHECK (icol4 != scol7) */) ROW_FORMAT PAGE  /* QNO 94 CON_ID 20 */
180620  4:44:11	   17 Query	CREATE DATABASE IF NOT EXISTS transforms
		   17 Query	CREATE OR REPLACE TABLE `view_t1` (icol9 TINYINT NOT NULL, vcol2 MULTIPOINT AS ( geocol8 ) STORED /*!100303 INVISIBLE */, `vcol_int` TINYINT DEFAULT NULL )  /* QNO 93 CON_ID 17 */
		   17 Query	SHOW WARNINGS
		   17 Query	CREATE OR REPLACE TABLE `view_t2` (icol4 INT UNSIGNED DEFAULT NULL ) ROW_FORMAT DYNAMIC  /* QNO 94 CON_ID 17 */
		   17 Query	CREATE OR REPLACE TABLE `view_t9` (tscol9 DATETIME NULL ) ROW_FORMAT PAGE  /* QNO 95 CON_ID 17 */
		   17 Query	CREATE OR REPLACE TABLE `t3` (tscol9 DATETIME DEFAULT CURRENT_TIESTAMP ON UPDATE CURRENT_TIMESTAMP ) ROW_FORMAT COMPRESSED  /* QNO 96 CON_ID 17 */
		   19 Query	CREATE DATABASE IF NOT EXISTS transforms
		   19 Query	CREATE OR REPLACE VIEW transforms.view_2864_probe AS  CREATE OR REPLACE TABLE `t6` (icol7 BIGINT ) ROW_FORMAT COMPACT  /* QNO 92 CON_ID 19 */  /* QNO 93 CON_ID 19 */
		   19 Query	SHOW WARNINGS
		   19 Query	CREATE OR REPLACE TABLE `t3` (scol1 VARBINARY(48549) NULL DEFAULT '' ) ROW_FORMAT = DYNAMIC  /* QNO 94 CON_ID 19 */
180620  4:44:12	   17 Query	CREATE OR REPLACE TABLE `t6` (ncol2 DOUBLE NOT NULL /*!100201 CHECK (vcol7 >= ncol1) */)  /* QNO 97 CON_ID 17 */
		   20 Query	CREATE OR REPLACE TABLE `t5` (vcol9 SET('foo','bar') AS ( ecol9 ) STORED ) ROW_FORMAT = FIXED  /* QNO 95 CON_ID 20 */
		   20 Query	CREATE OR REPLACE TABLE t10 (tscol6 DATETIME DEFAULT CURRENT_TIMESTAMP ) ROW_FORMAT PAGE  /* QNO 96 CON_ID 20 */
		   15 Query	CREATE DATABASE IF NOT EXISTS transforms
		   15 Query	CREATE OR REPLACE VIEW transforms.view_9144_probe AS  CREATE OR REPLACE TABLE t1 (bcol2 BIT NULL ) ROW_FORMAT REDUNDANT  /* QNO 92 CON_ID 15 */  /* QNO 93 CON_ID 15 */
		   15 Query	SHOW WARNINGS
		   15 Query	CREATE OR REPLACE TABLE `view_t9` (icol3 BIGINT ) ROW_FORMAT = COMPRESSED  /* QNO 94 CON_ID 15 */
		   15 Query	CREATE OR REPLACE TABLE `view_t4` (`vcol_int` INT ZEROFILL ) ROW_FORMAT FIXED  /* QNO 95 CON_ID 15 */
		   15 Query	CREATE OR REPLACE TABLE t3 (ncol9 DECIMAL NOT NULL, tcol1 DATE ) ROW_FORMAT = COMPRESSED  /* QNO 96 CON_ID 15 */
		   19 Query	CREATE OR REPLACE VIEW transforms.view_2864_probe AS  CREATE OR REPLACE TABLE `t3` (scol1 VARBINARY(48549) NULL DEFAULT '' ) ROW_FORMAT = DYNAMIC  /* QNO 94 CON_ID 19 */  /* QNO 95 CON_ID 19 */
		   19 Query	CREATE OR REPLACE TABLE t4 (tscol10 TIMESTAMP NOT NULL DEFAULT 0 )  /* QNO 96 CON_ID 19 */
		   17 Query	CREATE OR REPLACE TABLE t8 (ecol5 ENUM('foo','bar') ) ROW_FORMAT = COMPACT  /* QNO 98 CON_ID 17 */
180620  4:44:13	   15 Query	CREATE OR REPLACE VIEW transforms.view_9144_probe AS  CREATE OR REPLACE TABLE t3 (ncol9 DECIMAL NOT NULL, tcol1 DATE ) ROW_FORMAT = COMPRESSED  /* QNO 96 CON_ID 15 */  /* QNO 97 CON_ID 15 */
		   15 Query	CREATE OR REPLACE TABLE `t8` (tcol1 YEAR NULL DEFAULT NULL /*!100303 INVISIBLE */ ) ROW_FORMAT COMPRESSED  /* QNO 98 CON_ID 15 */
		   18 Query	SHOW WARNINGS
		   18 Query	CREATE OR REPLACE TABLE `t8` (ecol3 ENUM('foo','bar') NULL DEFAULT 1, geocol1 MULTIPOINT DEFAULT ST_GEOMFROMTEXT('Point(1 1)'), ecol8 ENUM('foo','bar') NULL DEFAULT NULL ) ROW_FORMAT FIXED  /* QNO 94 CON_ID 18 */
		   20 Query	CREATE OR REPLACE TABLE t9 (geocol6 MULTIPOLYGON NULL, scol6 BINARY NOT NULL ) ROW_FORMAT = DYNAMIC  /* QNO 97 CON_ID 20 */
		   16 Query	CREATE OR REPLACE VIEW transforms.view_3612_probe AS  CREATE OR REPLACE TABLE t1 (`col_char` TEXT NULL DEFAULT NULL )  /* QNO 98 CON_ID 16 */  /* QNO 99 CON_ID 16 */
		   17 Query	CREATE OR REPLACE VIEW transforms.view_9164_probe AS  CREATE OR REPLACE TABLE t8 (ecol5 ENUM('foo','bar') ) ROW_FORMAT = COMPACT  /* QNO 98 CON_ID 17 */  /* QNO 99 CON_ID 17 */
		   19 Query	CREATE OR REPLACE VIEW transforms.view_2864_probe AS  CREATE OR REPLACE TABLE t4 (tscol10 TIMESTAMP NOT NULL DEFAULT 0 )  /* QNO 96 CON_ID 19 */  /* QNO 97 CON_ID 19 */
		   16 Query	CREATE OR REPLACE TABLE t6 (tcol5 YEAR NOT NULL /*!100201 CHECK (icol4 != `vcol_varchar`) */, icol5 TINYINT UNSIGNED ZEROFILL )  /* QNO 100 CON_ID 16 */
		   17 Query	CREATE OR REPLACE TABLE t1 (scol2 BINARY NULL ) ROW_FORMAT DEFAULT  /* QNO 100 CON_ID 17 */
		   19 Query	CREATE OR REPLACE TABLE t10 (icol5 TINYINT NOT NULL ) ROW_FORMAT FIXED  /* QNO 98 CON_ID 19 */
		   16 Query	CREATE OR REPLACE TABLE `t3` (vcol2 YEAR AS ( tcol5 ) VIRTUAL /*!100303 INVISIBLE */ )  /* QNO 101 CON_ID 16 */
		   19 Query	CREATE OR REPLACE TABLE t6 (`vcol_int` SMALLINT NOT NULL DEFAULT NULL ) ROW_FORMAT DYNAMIC  /* QNO 99 CON_ID 19 */
		   19 Query	CREATE OR REPLACE TABLE t2 (icol2 INT UNSIGNED ZEROFILL NULL, `col_varchar` BINARY NOT NULL, icol4 BIGINT UNSIGNED ZEROFILL NOT NULL DEFAULT 0 /*!100303 INVISIBLE */ )  /* QNO 100 CON_ID 19 */
		   16 Query	/*!100303 CREATE OR REPLACE SEQUENCE `view_t5` */  /* QNO 102 CON_ID 16 */
		   16 Query	CREATE OR REPLACE VIEW transforms.view_3612_probe AS  /*!100303 CREATE OR REPLACE SEQUENCE `view_t5` */  /* QNO 102 CON_ID 16 */  /* QNO 103 CON_ID 16 */
		   16 Query	/*!100303 CREATE OR REPLACE SEQUENCE t9 */ /* QNO 104 CON_ID 16 */
		   16 Query	CREATE OR REPLACE VIEW transforms.view_3612_probe AS  /*!100303 CREATE OR REPLACE SEQUENCE t9 */ /* QNO 104 CON_ID 16 */  /* QNO 105 CON_ID 16 */
		   16 Query	SELECT alias1.`pk` AS ifield1, alias1.`col_bit` AS ifield2 FROM ( ( SELECT SQ1_alias1.* FROM ( `view_t8` AS SQ1_alias1, `t6` AS SQ1_alias2 ) WHERE ( SQ1_alias2.`vcol_int` <> SQ1_alias2.`pk` OR SQ1_alias2.`col_varchar` != 'l' ) ) AS alias1, `t1` AS alias2, `view_t4` AS alias3 ) WHERE ( alias3.`vcol_int` IN ( SELECT SQ2_alias1.`col_bit` AS SQ2_ifield1 FROM ( `view_t2` AS SQ2_alias1, `view_t3` AS SQ2_alias2 ) WHERE ( SQ2_alias1.`vcol_bit` != 3 OR SQ2_alias1.`vcol_char` >= SQ2_alias2.`vcol_char` ) ) ) OR alias1.`col_char` LIKE CONCAT( 'g', '%') AND ( alias3.`col_char` = alias3.`vcol_char` AND alias1.`col_bit` IS NOT NULL ) GROUP BY ifield1, ifield2  /* QNO 106 CON_ID 16 */
180620  4:44:14	   17 Query	CREATE OR REPLACE VIEW transforms.view_9164_probe AS  CREATE OR REPLACE TABLE t1 (scol2 BINARY NULL ) ROW_FORMAT DEFAULT  /* QNO 100 CON_ID 17 */  /* QNO 101 CON_ID 17 */
		   19 Query	CREATE OR REPLACE VIEW transforms.view_2864_probe AS  CREATE OR REPLACE TABLE t2 (icol2 INT UNSIGNED ZEROFILL NULL, `col_varchar` BINARY NOT NULL, icol4 BIGINT UNSIGNED ZEROFILL NOT NULL DEFAULT 0 /*!100303 INVISIBLE */ )  /* QNO 100 CON_ID 19 */  /* QNO 101 CON_ID 19 */
		   15 Query	CREATE OR REPLACE VIEW transforms.view_9144_probe AS  CREATE OR REPLACE TABLE `t8` (tcol1 YEAR NULL DEFAULT NULL /*!100303 INVISIBLE */ ) ROW_FORMAT COMPRESSED  /* QNO 98 CON_ID 15 */  /* QNO 99 CON_ID 15 */
		   17 Query	/*!100303 CREATE OR REPLACE SEQUENCE `t8` */  /* QNO 102 CON_ID 17 */
		   19 Query	CREATE OR REPLACE TABLE t4 (icol5 TINYINT NOT NULL )  /* QNO 102 CON_ID 19 */
		   15 Query	CREATE OR REPLACE TABLE t2 (ecol2 SET('foo','bar') NULL ) ROW_FORMAT = COMPACT  /* QNO 100 CON_ID 15 */
		   17 Query	CREATE OR REPLACE VIEW transforms.view_9164_probe AS  /*!100303 CREATE OR REPLACE SEQUENCE `t8` */  /* QNO 102 CON_ID 17 */  /* QNO 103 CON_ID 17 */
		   17 Query	/*!100303 CREATE OR REPLACE SEQUENCE t10 */ /* QNO 104 CON_ID 17 */
		   17 Query	CREATE OR REPLACE VIEW transforms.view_9164_probe AS  /*!100303 CREATE OR REPLACE SEQUENCE t10 */ /* QNO 104 CON_ID 17 */  /* QNO 105 CON_ID 17 */
		   17 Query	SELECT alias1.`vcol_char` AS field1, alias1.`col_timestamp` AS field2, alias1.`col_year` AS field3 FROM ( `view_t4` AS alias1 INNER JOIN `t5` AS alias2 ON (( alias2.`pk` < alias1.`vcol_bit` ) AND (alias2.`pk` >= alias1.`col_int` ) ) ) WHERE ( ( alias2.`pk`, alias2.`vcol_int` ) IN ( SELECT DISTINCT SQ1_alias1.`pk` AS SQ1_ifield1, SQ1_alias1.`vcol_int` AS SQ1_ifield2 FROM ( `t5` AS SQ1_alias1 INNER JOIN `t4` AS SQ1_alias2 ON (SQ1_alias2.`col_char` = SQ1_alias1.`vcol_char` ) ) WHERE SQ1_alias2.`col_char` >= SQ1_alias1.`col_char` ) ) AND ( alias1.`col_int` = 167 OR alias1.`vcol_bit` = 18 ) GROUP BY field1, field2, field3 ORDER BY field2 /* QNO 106 CON_ID 17 */
		   18 Query	CREATE OR REPLACE TABLE t2 (ncol7 DOUBLE NULL DEFAULT '' )  /* QNO 95 CON_ID 18 */
		   16 Query	SELECT alias1.`pk` AS ifield1, alias1.`vcol_bit` AS field1, alias1.`col_char` AS cfield1, alias1.`col_int` AS ifield2 FROM ( `t7` AS alias1, ( SELECT SQ1_alias1.* FROM `view_t4` AS SQ1_alias1 ) AS alias2, `t7` AS alias3 ) WHERE ( alias2.`vcol_varchar`, alias1.`col_varchar` ) IN ( SELECT SQ2_alias1.`col_varchar` AS SQ2_cfield1, SQ2_alias1.`col_varchar` AS SQ2_cfield2 FROM ( `t1` AS SQ2_alias1 INNER JOIN `view_t6` AS SQ2_alias2 ON (SQ2_alias2.`col_int` = SQ2_alias1.`pk` ) ) WHERE SQ2_alias1.`col_varchar` >= 'd' GROUP BY SQ2_cfield1, SQ2_cfield2 ) HAVING ((ifield1 > 9 OR 'b' <= ANY ( SELECT SQL_SMALL_RESULT SQ3_alias1.`col_char` AS SQ3_cfield1 FROM ( `view_t2` AS SQ3_alias1 STRAIGHT_JOIN ( `t4` AS SQ3_alias2 STRAIGHT_JOIN `view_t4` AS SQ3_alias3 ON (SQ3_alias3.`col_char` = SQ3_alias2.`vcol_char` ) ) ON (SQ3_alias3.`vcol_char` = SQ3_alias2.`vcol_varchar` ) ) )) AND ifield1 < 120) ORDER BY ifield1 /* QNO 107 CON_ID 16 */
		   16 Query	SELECT alias1.`vcol_bit` AS field1, alias1.`col_int` AS ifield1, alias1.`col_bit` AS ifield2, alias1.`vcol_varchar` AS cfield1, alias1.`col_char` AS cfield2, alias1.`vcol_char` AS field2, alias1.`vcol_bit` AS ifield3 FROM ( ( SELECT SQ1_alias1.* FROM ( `t7` AS SQ1_alias1 INNER JOIN `view_t9` AS SQ1_alias2 ON (SQ1_alias2.`vcol_int` = SQ1_alias1.`col_int` ) ) ) AS alias1 STRAIGHT_JOIN ( ( `t2` AS alias2 RIGHT OUTER JOIN `view_t1` AS alias3 ON (alias3.`vcol_int` = alias2.`vcol_int` ) ) ) ON (( alias3.`col_bit` >= alias2.`pk` ) AND (alias3.`col_bit` <> alias2.`pk` ) ) ) WHERE ( alias3.`vcol_int` IN ( SELECT SQ2_alias1.`col_bit` AS SQ2_ifield1 FROM `t8` AS SQ2_alias1 WHERE alias3.`vcol_int` IN ( SQ2_alias1.`pk` IN ( SELECT 2 UNION ALL SELECT 7 ) ) AND SQ2_alias1.`vcol_bit` >= 1 ) ) OR alias1.`pk` = alias1.`pk` AND ( alias1.`vcol_year` IS NOT NULL AND alias1.`col_char` IS NULL ) ORDER BY ifield2, cfield2, ifield3, cfield1, field2, field1, ifield1 LIMIT 10 /* QNO 108 CON_ID 16 */
		   16 Query	INSERT INTO `view_t7` SELECT * FROM `t5` /* QNO 109 CON_ID 16 */
		   16 Query	INSERT INTO `t9` SELECT * FROM `view_t1` /* QNO 110 CON_ID 16 */
		   20 Query	CREATE OR REPLACE VIEW transforms.view_4672_probe AS  CREATE OR REPLACE TABLE t9 (geocol6 MULTIPOLYGON NULL, scol6 BINARY NOT NULL ) ROW_FORMAT = DYNAMIC  /* QNO 97 CON_ID 20 */  /* QNO 98 CON_ID 20 */
		   20 Query	CREATE OR REPLACE TABLE `view_t6` (tcol3 TIME NOT NULL DEFAULT '' ) ROW_FORMAT = COMPACT  /* QNO 99 CON_ID 20 */
		   20 Query	CREATE OR REPLACE TABLE t10 (icol2 MEDIUMINT UNSIGNED NOT NULL ) ROW_FORMAT REDUNDANT  /* QNO 100 CON_ID 20 */
		   15 Query	CREATE OR REPLACE VIEW transforms.view_9144_probe AS  CREATE OR REPLACE TABLE t2 (ecol2 SET('foo','bar') NULL ) ROW_FORMAT = COMPACT  /* QNO 100 CON_ID 15 */  /* QNO 101 CON_ID 15 */
		   15 Query	CREATE OR REPLACE TABLE t5 (scol10 BLOB NULL DEFAULT '' /*!100201 CHECK (tscol8 > 7) */, scol6 TEXT ) ROW_FORMAT = REDUNDANT  /* QNO 102 CON_ID 15 */
		   15 Query	CREATE OR REPLACE TABLE t8 (ecol5 ENUM('foo','bar') NULL DEFAULT '', icol5 INT NOT NULL /*!100201 CHECK (`vcol_char` > `col_datetime`) */) ROW_FORMAT = DYNAMIC  /* QNO 103 CON_ID 15 */
		   15 Query	/*!100303 CREATE OR REPLACE SEQUENCE t4 */  /* QNO 104 CON_ID 15 */
		   15 Query	CREATE OR REPLACE VIEW transforms.view_9144_probe AS  /*!100303 CREATE OR REPLACE SEQUENCE t4 */  /* QNO 104 CON_ID 15 */  /* QNO 105 CON_ID 15 */
		   15 Query	/*!100303 CREATE OR REPLACE SEQUENCE `t6` */ /* QNO 106 CON_ID 15 */
		   15 Query	CREATE OR REPLACE VIEW transforms.view_9144_probe AS  /*!100303 CREATE OR REPLACE SEQUENCE `t6` */ /* QNO 106 CON_ID 15 */  /* QNO 107 CON_ID 15 */
		   20 Query	CREATE OR REPLACE VIEW transforms.view_4672_probe AS  CREATE OR REPLACE TABLE t10 (icol2 MEDIUMINT UNSIGNED NOT NULL ) ROW_FORMAT REDUNDANT  /* QNO 100 CON_ID 20 */  /* QNO 101 CON_ID 20 */
		   20 Query	CREATE OR REPLACE TABLE t2 (ecol10 SET('foo','bar') DEFAULT '' )  /* QNO 102 CON_ID 20 */
		   15 Query	SELECT alias1.`pk` AS ifield1, alias1.`col_char` AS field1, alias1.`vcol_year` AS field2, 78 AS ifield2 FROM ( ( SELECT SQ1_alias1.* FROM ( `view_t2` AS SQ1_alias1 LEFT JOIN `t9` AS SQ1_alias2 ON (SQ1_alias2.`col_int` = SQ1_alias1.`pk` AND SQ1_alias2.`vcol_char` <= ( SELECT COUNT( C_SQ1_alias1.`vcol_varchar` ) AS C_SQ1_cfield1 FROM ( `view_t5` AS C_SQ1_alias1 LEFT OUTER JOIN `t3` AS C_SQ1_alias2 ON (C_SQ1_alias2.`vcol_varchar` = C_SQ1_alias1.`vcol_varchar` ) ) WHERE C_SQ1_alias2.`vcol_char` = C_SQ1_alias1.`col_char` ) ) ) ) AS alias1, `view_t9` AS alias2, `t1` AS alias3 ) WHERE ( ( 'e', 'q' ) IN ( SELECT DISTINCT SQ2_alias1.`col_char` AS SQ2_cfield1, SQ2_alias1.`col_varchar` AS SQ2_cfield2 FROM `view_t9` AS SQ2_alias1 ) ) AND ( alias1.`vcol_varchar` <= 'n' OR ( alias1.`vcol_char` IN ('e') OR alias1.`vcol_char` <> 'z' ) ) HAVING ifield2 = 'ft' ORDER BY field2 /* QNO 108 CON_ID 15 */
		   19 Query	CREATE OR REPLACE VIEW transforms.view_2864_probe AS  CREATE OR REPLACE TABLE t4 (icol5 TINYINT NOT NULL )  /* QNO 102 CON_ID 19 */  /* QNO 103 CON_ID 19 */
		   19 Query	CREATE OR REPLACE TABLE t6 (scol8 BLOB NULL DEFAULT '' ) ROW_FORMAT = REDUNDANT  /* QNO 104 CON_ID 19 */
		   16 Query	SELECT ( SELECT MAX( alias1.`col_int` ) AS SQ1_ifield1 FROM `view_t1` AS SQ1_alias1 WHERE ( SQ1_alias1.`col_varchar` < SQ1_alias1.`col_char` OR SQ1_alias1.`vcol_varchar` != 'o' ) ) AS field1, GROUP_CONCAT( alias1.`col_varchar`, alias1.`vcol_int` ORDER BY 2,1 SEPARATOR ',' ) AS cfield1 FROM ( `t1` AS alias1 RIGHT JOIN `t8` AS alias2 ON (alias2.`vcol_char` <> alias1.`` ) ) WHERE alias2.`pk` < ALL ( SELECT COUNT( DISTINCT SQ2_alias1.`col_int` ) AS SQ2_ifield1 FROM ( `t9` AS SQ2_alias1 RIGHT JOIN `t5` AS SQ2_alias2 ON (SQ2_alias2.`vcol_varchar` = SQ2_alias1.`col_char` ) ) WHERE SQ2_alias1.`col_char` > SQ2_alias2.`vcol_char` ) GROUP BY field1 HAVING ( 'n' IN ( SELECT DISTINCT SQ3_alias1.`col_varchar` AS SQ3_cfield1 FROM ( `t3` AS SQ3_alias1 RIGHT OUTER JOIN `t3` AS SQ3_alias2 ON (SQ3_alias2.`vcol_char` = SQ3_alias1.`col_char` ) ) ) AND field1 IN ( SELECT SQ4_alias1.`col_int` AS SQ4_ifield1 FROM `t1` AS SQ4_alias1 )) ORDER BY cfield1, field1 LIMIT 2 OFFSET 1 /* QNO 111 CON_ID 16 */
		   18 Query	CREATE OR REPLACE TABLE t8 (geocol8 MULTILINESTRING NULL ) ROW_FORMAT = FIXED  /* QNO 96 CON_ID 18 */
180620  4:44:15	   16 Query	SELECT alias1.`vcol_char` AS cfield1, -28 AS ifield1, alias1.`vcol_year` AS field1, alias1.`col_year` AS field2 FROM ( `view_t4` AS alias1 RIGHT OUTER JOIN `t4` AS alias2 ON (alias2.`col_char` = alias1.`vcol_varchar` ) ) WHERE ( alias1.`col_char` LIKE CONCAT( 'v', '%') AND ( alias1.`pk` = 83 AND ( alias1.`col_char` LIKE CONCAT( 'h', '%') AND ( alias1.`col_char` = alias1.`col_char` AND alias1.`col_bit` = 175 ) ) ) ) HAVING ifield1 <> 217  /* QNO 112 CON_ID 16 */
		   20 Query	CREATE OR REPLACE VIEW transforms.view_4672_probe AS  CREATE OR REPLACE TABLE t2 (ecol10 SET('foo','bar') DEFAULT '' )  /* QNO 102 CON_ID 20 */  /* QNO 103 CON_ID 20 */
		   20 Query	/*!100303 CREATE OR REPLACE SEQUENCE `view_t6` */  /* QNO 104 CON_ID 20 */
		   20 Query	CREATE OR REPLACE VIEW transforms.view_4672_probe AS  /*!100303 CREATE OR REPLACE SEQUENCE `view_t6` */  /* QNO 104 CON_ID 20 */  /* QNO 105 CON_ID 20 */
		   20 Query	/*!100303 CREATE OR REPLACE SEQUENCE t5 */ /* QNO 106 CON_ID 20 */
		   20 Query	CREATE OR REPLACE VIEW transforms.view_4672_probe AS  /*!100303 CREATE OR REPLACE SEQUENCE t5 */ /* QNO 106 CON_ID 20 */  /* QNO 107 CON_ID 20 */
		   20 Query	SELECT SQL_SMALL_RESULT 'c' AS cfield1, alias1.`vcol_char` AS cfield2 FROM ( `view_t9` AS alias1, `view_t6` AS alias2, ( SELECT SQL_SMALL_RESULT SQ1_alias1.* FROM ( `view_t6` AS SQ1_alias1 LEFT JOIN ( `view_t2` AS SQ1_alias2 LEFT OUTER JOIN `view_t5` AS SQ1_alias3 ON (SQ1_alias3.`vcol_char` = SQ1_alias2.`vcol_char` ) ) ON (SQ1_alias3.`vcol_bit` = SQ1_alias2.`vcol_bit` ) ) ) AS alias3 ) WHERE ( ( alias1.`vcol_varchar`, alias1.`vcol_char` ) IN ( SELECT SQ2_alias1.`vcol_char` AS SQ2_cfield1, SQ2_alias1.`col_varchar` AS SQ2_cfield2 FROM `view_t8` AS SQ2_alias1 WHERE ( SQ2_alias1.`col_varchar` != 'o' OR SQ2_alias1.`vcol_varchar` IN ( SELECT C_SQ1_alias1.`vcol_varchar` AS C_SQ1_cfield1 FROM ( `view_t8` AS C_SQ1_alias1 STRAIGHT_JOIN `view_t2` AS C_SQ1_alias2 ON (C_SQ1_alias2.`vcol_int` = C_SQ1_alias1.`pk` ) ) HAVING (C_SQ1_cfield1 = 3 OR C_SQ1_cfield1 > 7)) ) ) ) AND alias1.`vcol_bit` = 159 AND ( alias1.`col_varchar` != 'z' OR alias3.`col_char` <= 'y' ) HAVING (cfield2 < 1 AND cfield2 <= 2) ORDER BY cfield2, cfield1  /* QNO 108 CON_ID 20 */
		   19 Query	CREATE OR REPLACE VIEW transforms.view_2864_probe AS  CREATE OR REPLACE TABLE t6 (scol8 BLOB NULL DEFAULT '' ) ROW_FORMAT = REDUNDANT  /* QNO 104 CON_ID 19 */  /* QNO 105 CON_ID 19 */
		   19 Query	/*!100303 CREATE OR REPLACE SEQUENCE t6 */  /* QNO 106 CON_ID 19 */
		   16 Query	SELECT * FROM `view_t2` INTO OUTFILE 'load_view_t2'  /* QNO 113 CON_ID 16 */
		   19 Query	CREATE OR REPLACE VIEW transforms.view_2864_probe AS  /*!100303 CREATE OR REPLACE SEQUENCE t6 */  /* QNO 106 CON_ID 19 */  /* QNO 107 CON_ID 19 */
		   16 Query	LOAD DATA INFILE 'load_view_t2' REPLACE INTO TABLE view_t2 /* QNO 114 CON_ID 16 */
		   19 Query	/*!100303 CREATE OR REPLACE SEQUENCE t7 */ /* QNO 108 CON_ID 19 */
		   19 Query	CREATE OR REPLACE VIEW transforms.view_2864_probe AS  /*!100303 CREATE OR REPLACE SEQUENCE t7 */ /* QNO 108 CON_ID 19 */  /* QNO 109 CON_ID 19 */
		   16 Query	FLUSH TABLES /* QNO 115 CON_ID 16 */
		   19 Query	SELECT `col_bit` AS ifield1, `vcol_char` AS cfield1, `vcol_varchar` AS cfield2 FROM `view_t2` AS alias1 WHERE 'u' NOT LIKE 'u' GROUP BY ifield1, cfield1, cfield2 /* QNO 110 CON_ID 19 */
		   16 Query	CREATE OR REPLACE VIEW transforms.view_3612_probe AS FLUSH TABLES /* QNO 115 CON_ID 16 */  /* QNO 116 CON_ID 16 */
		   16 Query	SELECT SQL_SMALL_RESULT alias1.`vcol_char` AS cfield1, alias1.`col_bit` AS field1 FROM ( `view_t4` AS alias1, ( SELECT SQ1_alias1.* FROM ( `view_t3` AS SQ1_alias1 INNER JOIN `view_t1` AS SQ1_alias2 ON (SQ1_alias2.`col_bit` = SQ1_alias1.`pk` ) ) ) AS alias2 ) WHERE ( ( alias2.`col_varchar`, alias1.`vcol_char` ) IN ( SELECT SQ2_alias1.`col_varchar` AS SQ2_cfield1, SQ2_alias1.`col_varchar` AS SQ2_cfield2 FROM `t4` AS SQ2_alias1 ) ) AND alias1.`pk` = alias2.`pk`  /* QNO 117 CON_ID 16 */
		   16 Query	INSERT INTO `view_t8` SELECT * FROM `t8` /* QNO 118 CON_ID 16 */
		   16 Query	SELECT * FROM `view_t8` INTO OUTFILE 'load_view_t8'  /* QNO 119 CON_ID 16 */
		   16 Query	LOAD DATA INFILE 'load_view_t8' REPLACE INTO TABLE view_t8 /* QNO 120 CON_ID 16 */
		   16 Query	SELECT * FROM `view_t5` INTO OUTFILE 'load_view_t5'  /* QNO 121 CON_ID 16 */
		   16 Query	LOAD DATA INFILE 'load_view_t5' REPLACE INTO TABLE view_t5 /* QNO 122 CON_ID 16 */
		   16 Query	ALTER TABLE t3 FORCE, LOCK=SHARED, ALGORITHM=COPY /* QNO 123 CON_ID 16 */
		   16 Query	SELECT MIN( alias1.`vcol_char` ) AS field1, CONCAT( alias1.`col_char`, alias1.`col_varchar` ) AS cfield1 FROM ( `t8` AS alias1, `t6` AS alias2 ) WHERE ( EXISTS ( SELECT SQ1_alias1.`pk` AS SQ1_ifield1 FROM ( `view_t4` AS SQ1_alias1, `t3` AS SQ1_alias2 ) WHERE SQ1_alias2.`pk` IN ( ( SELECT C_SQ1_alias1.`vcol_int` AS C_SQ1_ifield1 FROM ( `t6` AS C_SQ1_alias1 RIGHT OUTER JOIN ( ( `t4` AS C_SQ1_alias2 INNER JOIN `view_t6` AS C_SQ1_alias3 ON (C_SQ1_alias3.`col_bit` = C_SQ1_alias2.`vcol_int` ) ) ) ON (C_SQ1_alias3.`col_int` = C_SQ1_alias2.`vcol_bit` ) ) WHERE C_SQ1_alias1.`col_char` <= alias1.`col_char` AND C_SQ1_alias1.`col_bit` <> alias2.`col_int` ) ) AND SQ1_alias2.`vcol_char` >= 'g' ) ) OR alias1.`col_bit` = 99 GROUP BY cfield1 HAVING ( 'r', 'u' ) IN ( SELECT 'z', 'n' UNION SELECT 'b', 'v' )  /* QNO 124 CON_ID 16 */
		   16 Query	SELECT * FROM `view_t7` INTO OUTFILE 'load_view_t7'  /* QNO 125 CON_ID 16 */
		   16 Query	LOAD DATA INFILE 'load_view_t7' REPLACE INTO TABLE view_t7 /* QNO 126 CON_ID 16 */
		   16 Query	ALTER TABLE t10 /*!100301 NOWAIT */ ADD CONSTRAINT FOREIGN KEY s (vcol4) REFERENCES t5 (scol6)  /* QNO 127 CON_ID 16 */
180620  4:44:20	   18 Query	CREATE OR REPLACE TABLE `view_t7` (scol10 VARCHAR(64289) /*!100303 INVISIBLE */ ) ROW_FORMAT REDUNDANT  /* QNO 97 CON_ID 18 */
		   18 Query	CREATE OR REPLACE TABLE `t8` (ncol3 DECIMAL NOT NULL ) ROW_FORMAT = COMPACT  /* QNO 98 CON_ID 18 */
		   17 Query	INSERT INTO `view_t5` SELECT * FROM `view_t9` /* QNO 107 CON_ID 17 */
		   15 Query	ALTER ONLINE TABLE t4 /*!100301 WAIT 3 */ ADD FULLTEXT KEY(scol4), LOCK=DEFAULT, ADD CONSTRAINT CHECK (`vcol_varchar` = `vcol_blob`) /* QNO 109 CON_ID 15 */
		   16 Query	INSERT INTO `t1` SELECT * FROM `view_t3` /* QNO 128 CON_ID 16 */
		   15 Query	SELECT * FROM `t5` INTO OUTFILE 'load_t5'  /* QNO 110 CON_ID 15 */
		   17 Query	CREATE TABLE `t3` LIKE `view_t2` /* QNO 108 CON_ID 17 */
		   20 Query	ALTER TABLE t5 /*!100301 WAIT 4 */ KEY_BLOCK_SIZE = 2048, ADD INDEX(bcol7), LOCK=DEFAULT, ADD CONSTRAINT FOREIGN KEY b (vcol7) REFERENCES `view_t4` (ncol3) ON UPDATE RESTRICT, ADD CONSTRAINT FOREIGN KEY e (ncol1) REFERENCES t4 (icol1) ON UPDATE SET DEFAULT /* QNO 109 CON_ID 20 */
		   15 Query	LOAD DATA INFILE 'load_t5' IGNORE INTO TABLE t5 /* QNO 111 CON_ID 15 */
		   17 Query	ALTER TABLE t4 FORCE, ALGORITHM=INPLACE /* QNO 109 CON_ID 17 */
		   20 Query	SELECT * FROM `view_t2` INTO OUTFILE 'load_view_t2'  /* QNO 110 CON_ID 20 */
		   20 Query	LOAD DATA INFILE 'load_view_t2' REPLACE INTO TABLE view_t2 /* QNO 111 CON_ID 20 */
		   16 Query	ALTER TABLE t10 /*!100301 NOWAIT */ DROP CONSTRAINT x, ADD CONSTRAINT CHECK (tcol9 = 2) /* QNO 129 CON_ID 16 */
		   15 Query	EXPLAIN SELECT alias1.`vcol_datetime` AS field1, MIN( alias1.`vcol_date` ) AS field2, alias1.`vcol_bit` AS field3, ( SELECT MAX( alias1.`vcol_bit` ) AS SQ1_ifield1 FROM ( `t9` AS SQ1_alias1 INNER JOIN `view_t3` AS SQ1_alias2 ON (SQ1_alias2.`col_bit` = SQ1_alias1.`pk` ) ) ) AS field4 FROM ( `view_t9` AS alias1 STRAIGHT_JOIN `t3` AS alias2 ON (( alias2.`col_bit` = alias1.`col_bit` ) AND ( alias2.`vcol_varchar` = alias1.`vcol_varchar` ) ) ) WHERE alias1.`col_int` < ( SELECT 6 FROM DUAL ) GROUP BY field1, field3, field4  /* QNO 112 CON_ID 15 */
		   16 Query	SELECT * FROM `view_t5` INTO OUTFILE 'load_view_t5'  /* QNO 130 CON_ID 16 */
		   20 Query	SELECT DISTINCT alias1.`col_varchar` AS cfield1, MIN( alias1.`vcol_timestamp` ) AS field1, alias1.`vcol_bit` AS ifield1, alias1.`vcol_char` AS cfield2 FROM ( ( SELECT SQ1_alias1.* FROM ( `t3` AS SQ1_alias1 INNER JOIN `t7` AS SQ1_alias2 ON (SQ1_alias2.`vcol_char` = SQ1_alias1.`col_varchar` ) ) ) AS alias1, `t9` AS alias2, `view_t2` AS alias3 ) WHERE NOT EXISTS ( ( SELECT SQ2_alias1.`vcol_char` AS SQ2_cfield1 FROM `t5` AS SQ2_alias1 ) ) GROUP BY cfield1, ifield1, cfield2 ORDER BY ifield1, cfield2, field1, cfield1 LIMIT 1 /* QNO 112 CON_ID 20 */
		   16 Query	LOAD DATA INFILE 'load_view_t5' REPLACE INTO TABLE view_t5 /* QNO 131 CON_ID 16 */
		   20 Query	ALTER TABLE t5 PARTITION BY KEY(tscol2) /* QNO 113 CON_ID 20 */
		   16 Query	SELECT MAX( alias1.`pk` ) AS field1 FROM ( `view_t7` AS alias1, `t8` AS alias2 ) WHERE ( alias1.`pk` = alias2.`pk` AND alias1.`pk` = 212 )  /* QNO 132 CON_ID 16 */
		   16 Query	INSERT INTO `t3` SELECT * FROM `t8` /* QNO 133 CON_ID 16 */
		   19 Query	SELECT alias1.`col_char` AS cfield1 FROM ( ( SELECT SQ1_alias1.* FROM ( `view_t7` AS SQ1_alias1 INNER JOIN `t2` AS SQ1_alias2 ON (SQ1_alias2.`vcol_varchar` = SQ1_alias1.`col_varchar` OR ( SQ1_alias1.`col_varchar`, SQ1_alias2.`col_varchar` ) NOT IN ( SELECT C_SQ1_alias1.`col_char` AS C_SQ1_cfield1, MAX( C_SQ1_alias1.`vcol_char` ) AS C_SQ1_cfield2 FROM `t4` AS C_SQ1_alias1 ) ) ) ) AS alias1, `view_t9` AS alias2 ) WHERE ( ( 'x', 's' ) IN ( SELECT SQ2_alias1.`vcol_char` AS SQ2_cfield1, SQ2_alias1.`col_varchar` AS SQ2_cfield2 FROM `t8` AS SQ2_alias1 WHERE ( EXISTS ( ( SELECT C_SQ2_alias1.`col_char` AS C_SQ2_cfield1 FROM `t3` AS C_SQ2_alias1 WHERE ( C_SQ2_alias1.`vcol_varchar` != 't' AND C_SQ2_alias1.`col_bit` = 5 ) ) ) OR SQ2_alias1.`col_char` <> 'g' ) HAVING SQ2_cfield2 = 'z' ) ) AND alias1.`col_varchar` != alias1.`vcol_varchar` GROUP BY cfield1 HAVING cfield1 <> ( SELECT SUM( SQ3_alias1.`vcol_char` ) AS SQ3_cfield1 FROM `t9` AS SQ3_alias1 ) ORDER BY cfield1 LIMIT 2 /* QNO 111 CON_ID 19 */
		   16 Query	ALTER TABLE t6 DROP COLUMN `vcol_time`, ALGORITHM=DEFAULT, LOCK=DEFAULT, RENAME TO t2 /* QNO 134 CON_ID 16 */
		   19 Query	INSERT INTO `view_t4` SELECT * FROM `view_t8` /* QNO 112 CON_ID 19 */
		   20 Query	SELECT MAX( DISTINCT alias1.`col_bit` ) AS field1 FROM ( ( SELECT SQL_SMALL_RESULT SQ1_alias1.* FROM `view_t3` AS SQ1_alias1 WHERE SQ1_alias1.`vcol_varchar` < 'v' ) AS alias1 RIGHT JOIN ( ( `t7` AS alias2 LEFT OUTER JOIN `t3` AS alias3 ON (( alias3.`vcol_char` = alias2.`vcol_char` ) AND ( alias3.`pk` = alias2.`pk` ) ) ) ) ON (alias3.`vcol_char` < alias2.`col_char` ) ) WHERE alias2.`vcol_bit` NOT IN ( SELECT SQ2_alias1.`vcol_int` AS SQ2_ifield1 FROM ( `view_t9` AS SQ2_alias1 INNER JOIN ( `view_t3` AS SQ2_alias2 LEFT OUTER JOIN `view_t7` AS SQ2_alias3 ON (SQ2_alias3.`vcol_int` = SQ2_alias2.`pk` ) ) ON (SQ2_alias3.`vcol_char` = SQ2_alias2.`col_char` ) ) WHERE alias2.`pk` IN ( ( SELECT DISTINCT C_SQ1_alias1.`col_bit` AS C_SQ1_ifield1 FROM ( `view_t6` AS C_SQ1_alias1 LEFT JOIN ( ( `view_t3` AS C_SQ1_alias2 RIGHT JOIN `t9` AS C_SQ1_alias3 ON (C_SQ1_alias3.`col_int` = C_SQ1_alias2.`vcol_bit` ) ) ) ON (C_SQ1_alias3.`` = C_SQ1_alias2.`col_char` ) ) HAVING C_SQ1_ifield1 <> 9 ) ) OR SQ2_alias3.`vcol_char` != 'c' ) HAVING (field1 != 'z' AND field1 != 3) ORDER BY field1 LIMIT 2 OFFSET 5 /* QNO 114 CON_ID 20 */
		   20 Query	SELECT * FROM `t9` INTO OUTFILE 'load_t9'  /* QNO 115 CON_ID 20 */
		   16 Query	SELECT ( SELECT SUM( alias1.`col_int` ) AS SQ1_ifield1 FROM ( `t4` AS SQ1_alias1 LEFT JOIN `view_t3` AS SQ1_alias2 ON (SQ1_alias2.`pk` = SQ1_alias1.`col_int` ) ) ) AS field1 FROM ( `t2` AS alias1 STRAIGHT_JOIN ( ( `view_t8` AS alias2 RIGHT OUTER JOIN ( SELECT SQ2_alias1.* FROM ( `t2` AS SQ2_alias1 INNER JOIN `t1` AS SQ2_alias2 ON (SQ2_alias2.`pk` = SQ2_alias1.`col_bit` ) ) ) AS alias3 ON (( alias3.`vcol_int` > alias2.`col_bit` ) AND ( alias3.`vcol_int` = alias2.`col_int` ) ) ) ) ON (( alias3.`col_int` <= alias2.`col_bit` ) OR ( alias3.`vcol_bit` = alias2.`col_int` ) ) ) WHERE ( alias1.`col_bit` = ( SELECT SUM( SQ3_alias1.`col_bit` ) AS SQ3_ifield1 FROM ( `view_t5` AS SQ3_alias1 LEFT JOIN `t5` AS SQ3_alias2 ON (SQ3_alias2.`col_int` = SQ3_alias1.`pk` OR ( SQ3_alias2.`vcol_varchar`, SQ3_alias1.`vcol_varchar` ) NOT IN ( SELECT DISTINCT C_SQ1_alias1.`col_char` AS C_SQ1_cfield1, C_SQ1_alias1.`vcol_char` AS C_SQ1_cfield2 FROM ( `t3` AS C_SQ1_alias1 STRAIGHT_JOIN `view_t3` AS C_SQ1_alias2 ON (C_SQ1_alias2.`vcol_varchar` = C_SQ1_alias1.`col_varchar` ) ) WHERE C_SQ1_alias1.`col_bit` != 9 ) ) ) ) ) AND alias1.`col_int` BETWEEN 158 AND ( 234 + 245 ) GROUP BY field1  /* QNO 135 CON_ID 16 */
		   15 Query	SELECT * FROM `view_t2` INTO OUTFILE 'load_view_t2'  /* QNO 113 CON_ID 15 */
		   18 Query	CREATE OR REPLACE VIEW transforms.view_4452_probe AS  CREATE OR REPLACE TABLE `t8` (ncol3 DECIMAL NOT NULL ) ROW_FORMAT = COMPACT  /* QNO 98 CON_ID 18 */  /* QNO 99 CON_ID 18 */
		   18 Query	CREATE OR REPLACE TABLE `t2` (scol8 BLOB NOT NULL DEFAULT NULL ) ROW_FORMAT FIXED  /* QNO 100 CON_ID 18 */
		   15 Query	LOAD DATA INFILE 'load_view_t2' REPLACE INTO TABLE view_t2 /* QNO 114 CON_ID 15 */
		   18 Query	/*!100303 CREATE OR REPLACE SEQUENCE `t8` */  /* QNO 101 CON_ID 18 */
		   18 Query	CREATE OR REPLACE VIEW transforms.view_4452_probe AS  /*!100303 CREATE OR REPLACE SEQUENCE `t8` */  /* QNO 101 CON_ID 18 */  /* QNO 102 CON_ID 18 */
		   19 Query	INSERT INTO `view_t6` SELECT * FROM `view_t7` /* QNO 113 CON_ID 19 */
		   15 Query	SELECT * FROM `t3` INTO OUTFILE 'load_t3'  /* QNO 115 CON_ID 15 */
		   20 Query	LOAD DATA INFILE 'load_t9' REPLACE INTO TABLE t9 /* QNO 116 CON_ID 20 */
		   18 Query	/*!100303 CREATE OR REPLACE SEQUENCE `t6` */ /* QNO 103 CON_ID 18 */
		   15 Query	LOAD DATA INFILE 'load_t3' IGNORE INTO TABLE t3 /* QNO 116 CON_ID 15 */
		   18 Query	CREATE OR REPLACE VIEW transforms.view_4452_probe AS  /*!100303 CREATE OR REPLACE SEQUENCE `t6` */ /* QNO 103 CON_ID 18 */  /* QNO 104 CON_ID 18 */
		   15 Query	ALTER TABLE t4 DROP INDEX ind4 /* QNO 117 CON_ID 15 */
		   18 Query	COMMIT /* QNO 105 CON_ID 18 */
		   18 Query	CREATE OR REPLACE VIEW transforms.view_4452_probe AS COMMIT /* QNO 105 CON_ID 18 */  /* QNO 106 CON_ID 18 */
		   18 Query	ALTER TABLE t1 /*!100301 WAIT 1 */ ADD FULLTEXT KEY(scol7), LOCK=SHARED, FORCE, ALGORITHM=INPLACE /* QNO 107 CON_ID 18 */
		   20 Query	SELECT COUNT( alias1.`col_datetime` ) AS field1 FROM ( `t9` AS alias1 RIGHT OUTER JOIN ( ( `view_t8` AS alias2 INNER JOIN ( SELECT SQ1_alias1.* FROM `t4` AS SQ1_alias1 WHERE SQ1_alias1.`col_varchar` > 'k' ) AS alias3 ON (( alias3.`pk` <> alias2.`col_int` ) AND (alias3.`pk` < alias2.`pk` ) ) ) ) ON (( alias3.`col_int` = alias2.`col_bit` ) OR ( ( alias3.`pk` >= alias2.`vcol_bit` ) AND (alias3.`pk` <= alias2.`vcol_bit` ) ) ) ) WHERE ( 6 NOT IN ( SELECT 9 FROM DUAL ) ) OR ( alias1.`col_char` = 'l' OR ( alias1.`col_char` LIKE CONCAT( 'i', '%') OR alias1.`col_char` = alias2.`col_char` ) ) ORDER BY field1 LIMIT 1000 /* QNO 117 CON_ID 20 */
		   19 Query	SELECT 'd' AS cfield1, alias1.`vcol_int` AS field1, alias1.`col_timestamp` AS field2 FROM ( `t5` AS alias1 STRAIGHT_JOIN ( SELECT SQ1_alias1.* FROM ( `view_t6` AS SQ1_alias1 INNER JOIN ( `view_t2` AS SQ1_alias2 INNER JOIN `t9` AS SQ1_alias3 ON (SQ1_alias3.`vcol_varchar` = SQ1_alias2.`` ) ) ON (SQ1_alias3.`pk` = SQ1_alias2.`col_int` ) ) ) AS alias2 ON (alias2.`` = alias1.`vcol_varchar` ) ) WHERE ( alias2.`pk` NOT IN ( SELECT SQ2_alias1.`vcol_bit` AS SQ2_ifield1 FROM ( `view_t1` AS SQ2_alias1 INNER JOIN `view_t6` AS SQ2_alias2 ON (SQ2_alias2.`pk` = SQ2_alias1.`vcol_int` ) ) WHERE SQ2_alias1.`vcol_int` != alias2.`col_bit` AND alias2.`vcol_int` IN ( ( SELECT C_SQ1_alias1.`col_int` AS C_SQ1_ifield1 FROM ( `t2` AS C_SQ1_alias1 INNER JOIN ( ( `t8` AS C_SQ1_alias2 LEFT OUTER JOIN `view_t3` AS C_SQ1_alias3 ON (C_SQ1_alias3.`vcol_bit` = C_SQ1_alias2.`col_bit` ) ) ) ON (C_SQ1_alias3.`col_varchar` = C_SQ1_alias2.`col_varchar` ) ) WHERE C_SQ1_alias3.`col_bit` <> C_SQ1_alias1.`vcol_int` ) ) ) ) AND alias1.`vcol_bit` NOT BETWEEN 99 AND ( 162 + 171 ) GROUP BY cfield1, field1, field2 ORDER BY cfield1, field2, field1 LIMIT 100 /* QNO 114 CON_ID 19 */
		   19 Query	INSERT INTO `t9` SELECT * FROM `t9` /* QNO 115 CON_ID 19 */
		   19 Query	/* GenTest::Transform::ExecuteAsCTE */  INSERT `t9` WITH cte1 AS ( SELECT * FROM `t9` /* QNO 115 CON_ID 19 */ ) SELECT * FROM cte1  /* TRANSFORM_OUTCOME_UNORDERED_MATCH */ /* QNO 116 CON_ID 19 */
		   19 Query	/* GenTest::Transform::ExecuteAsExecuteImmediate */ EXECUTE IMMEDIATE 'INSERT INTO `t9` SELECT * FROM `t9` /* QNO 115 CON_ID 19 */ ' /* TRANSFORM_OUTCOME_UNORDERED_MATCH */ /* QNO 117 CON_ID 19 */
		   19 Prepare	INSERT INTO `t9` SELECT * FROM `t9` /* QNO 115 CON_ID 19 */
		   19 Execute	INSERT INTO `t9` SELECT * FROM `t9` /* QNO 115 CON_ID 19 */
		   19 Query	CREATE OR REPLACE VIEW transforms.view_2864_probe AS INSERT INTO `t9` SELECT * FROM `t9` /* QNO 115 CON_ID 19 */  /* QNO 118 CON_ID 19 */
		   19 Query	/* GenTest::Transform::ExecuteAsSPTwice */ DROP PROCEDURE IF EXISTS stored_proc_2864 /* QNO 119 CON_ID 19 */
		   19 Query	SHOW WARNINGS
		   19 Query	CREATE PROCEDURE stored_proc_2864 () LANGUAGE SQL INSERT INTO `t9` SELECT * FROM `t9` /* QNO 115 CON_ID 19 */  /* QNO 120 CON_ID 19 */
		   19 Query	CALL stored_proc_2864 /* TRANSFORM_OUTCOME_UNORDERED_MATCH */ /* QNO 121 CON_ID 19 */
		   19 Query	CALL stored_proc_2864 /* TRANSFORM_OUTCOME_UNORDERED_MATCH */ /* QNO 122 CON_ID 19 */
		   19 Query	DROP PROCEDURE IF EXISTS stored_proc_2864 /* QNO 123 CON_ID 19 */
		   19 Query	INSERT INTO `t8` SELECT * FROM `view_t6` /* QNO 124 CON_ID 19 */
180620  4:44:21	   15 Query	INSERT INTO `view_t6` SELECT * FROM `t1` /* QNO 118 CON_ID 15 */
		   15 Query	INSERT INTO `view_t1` SELECT * FROM `t9` /* QNO 119 CON_ID 15 */
		   16 Query	ALTER TABLE t7 DROP CONSTRAINT g, MODIFY COLUMN ecol5 SET('foo','bar') /*!100303 INVISIBLE */, ALGORITHM=DEFAULT, FORCE, LOCK=DEFAULT, ADD FULLTEXT KEY(scol3), ALTER COLUMN tscol3 SET DEFAULT 1, DROP CONSTRAINT IF EXISTS w /* QNO 136 CON_ID 16 */
		   17 Query	CREATE OR REPLACE VIEW transforms.view_9164_probe AS ALTER TABLE t4 FORCE, ALGORITHM=INPLACE /* QNO 109 CON_ID 17 */  /* QNO 110 CON_ID 17 */
		   18 Query	ALTER TABLE `view_t1` /*!100301 NOWAIT */ DROP PRIMARY KEY, ADD FOREIGN KEY t (ncol2) REFERENCES `view_t3` (vcol1), ADD FOREIGN KEY (tscol8) REFERENCES t9 (scol8) ON DELETE SET NULL  /* QNO 108 CON_ID 18 */
		   16 Query	ALTER TABLE t6 REMOVE PARTITIONING /* QNO 137 CON_ID 16 */
		   16 Query	ALTER TABLE t9 ADD IF NOT EXISTS ( bcol10 BIT, scol6 VARBINARY(40122) DEFAULT '' ), LOCK=SHARED /* QNO 138 CON_ID 16 */
		   19 Query	SELECT ( ( alias1.`col_int` ) - ( alias1.`vcol_bit` ) ) AS ifield1, alias1.`pk` AS ifield2, alias1.`col_char` AS cfield1, CONCAT( alias1.`vcol_varchar`, alias1.`vcol_char` ) AS cfield2, alias1.`col_dec` AS field1 FROM ( `t8` AS alias1 INNER JOIN `view_t5` AS alias2 ON (alias2.`vcol_bit` = alias1.`col_int` ) ) WHERE ( alias1.`col_int` BETWEEN 186 AND ( 30 + 57 ) OR alias1.`vcol_int` BETWEEN 65 AND ( 20 + 240 ) ) GROUP BY ifield1, ifield2, cfield1, cfield2, field1 HAVING ifield1 <> 223  /* QNO 125 CON_ID 19 */
		   19 Query	SELECT * FROM `view_t9` INTO OUTFILE 'load_view_t9'  /* QNO 126 CON_ID 19 */
		   20 Query	INSERT INTO `view_t8` SELECT * FROM `view_t8` /* QNO 118 CON_ID 20 */
		   20 Query	ALTER IGNORE TABLE t9 /*!100301 NOWAIT */ ADD CONSTRAINT f FOREIGN KEY h (tcol1) REFERENCES t3 (icol9)  /* QNO 119 CON_ID 20 */
		   18 Query	SELECT * FROM `t1` INTO OUTFILE 'load_t1'  /* QNO 109 CON_ID 18 */
		   17 Query	ALTER TABLE t5 CHANGE COLUMN IF EXISTS scol6 tcol4 DATE NULL DEFAULT NULL /*!100201 CHECK (scol9 LIKE icol8) */, ALGORITHM=DEFAULT, ADD IF NOT EXISTS ( ecol7 SET('foo','bar') NOT NULL DEFAULT NULL, ecol9 SET('foo','bar') /*!100303 INVISIBLE */ ), ALGORITHM=INPLACE  /* QNO 111 CON_ID 17 */
		   17 Query	INSERT INTO `view_t5` SELECT * FROM `view_t9` /* QNO 112 CON_ID 17 */
		   18 Query	LOAD DATA INFILE 'load_t1' IGNORE INTO TABLE t1 /* QNO 110 CON_ID 18 */
		   18 Query	INSERT INTO `t8` SELECT * FROM `view_t4` /* QNO 111 CON_ID 18 */
		   15 Query	SELECT ( SELECT MIN( SQ1_alias1.`col_int` ) AS SQ1_ifield1 FROM ( `view_t2` AS SQ1_alias1 RIGHT OUTER JOIN `t6` AS SQ1_alias2 ON (SQ1_alias2.`` = SQ1_alias1.`col_varchar` ) ) WHERE SQ1_alias2.`vcol_int` IN ( ( SELECT C_SQ1_alias1.`col_int` AS C_SQ1_ifield1 FROM ( `view_t4` AS C_SQ1_alias1 INNER JOIN ( ( `view_t6` AS C_SQ1_alias2 INNER JOIN `t3` AS C_SQ1_alias3 ON (C_SQ1_alias3.`vcol_bit` = C_SQ1_alias2.`vcol_bit` ) ) ) ON (C_SQ1_alias3.`vcol_char` = C_SQ1_alias2.`vcol_varchar` ) ) WHERE C_SQ1_alias1.`vcol_char` >= alias1.`vcol_varchar` ) ) OR SQ1_alias1.`vcol_varchar` != SQ1_alias2.`col_varchar` ) AS field1 FROM ( `view_t1` AS alias1 INNER JOIN `view_t3` AS alias2 ON (alias2.`vcol_int` = alias1.`col_bit` ) ) WHERE alias1.`col_int` IN ( SELECT SQ2_alias1.`pk` AS SQ2_ifield1 FROM `t1` AS SQ2_alias1 WHERE SQ2_alias1.`vcol_bit` IN ( ( SELECT C_SQ2_alias1.`vcol_bit` AS C_SQ2_ifield1 FROM ( `t1` AS C_SQ2_alias1 RIGHT OUTER JOIN `t3` AS C_SQ2_alias2 ON (C_SQ2_alias2.`col_bit` = C_SQ2_alias1.`vcol_bit` ) ) WHERE C_SQ2_alias2.`col_int` < alias2.`vcol_bit` ) ) OR SQ2_alias1.`pk` >= alias2.`pk` ) GROUP BY field1 ORDER BY field1 /* QNO 120 CON_ID 15 */
