		   17 Query	SELECT alias1.`col_year` AS field1, 'u' AS cfield1, alias1.`col_char` AS cfield2, 'v' AS cfield3 FROM ( ( SELECT SQ1_alias1.* FROM ( `t9` AS SQ1_alias1, `view_t6` AS SQ1_alias2 ) ) AS alias1 LEFT JOIN ( ( `view_t4` AS alias2 RIGHT OUTER JOIN `view_t3` AS alias3 ON (alias3.`vcol_varchar` <= alias2.`col_varchar` ) ) ) ON (( alias3.`pk` >= alias2.`col_int` ) AND ( ( alias3.`col_bit` < alias2.`col_bit` ) AND (alias3.`col_bit` <> alias2.`vcol_bit` ) ) ) ) WHERE alias1.`vcol_bit` <= alias3.`vcol_int` GROUP BY field1, cfield1, cfield2, cfield3 ORDER BY cfield2, cfield3, cfield1, field1  /* QNO 206 CON_ID 17 */
		   19 Query	LOAD DATA INFILE 'load_t6' IGNORE INTO TABLE t6 /* QNO 301 CON_ID 19 */
		   20 Query	ROLLBACK TO SAVEPOINT sp /* QNO 218 CON_ID 20 */
		   16 Query	SELECT * FROM `view_t3` INTO OUTFILE 'load_view_t3'  /* QNO 262 CON_ID 16 */
		   19 Query	ALTER IGNORE TABLE `view_t6` ADD CONSTRAINT CHECK (ecol4 = 4), DROP CONSTRAINT IF EXISTS k /* QNO 302 CON_ID 19 */
		   17 Query	ALTER TABLE `t9` CHANGE COLUMN IF EXISTS scol10 icol8 MEDIUMINT AUTO_INCREMENT, LOCK=DEFAULT /* QNO 207 CON_ID 17 */
		   16 Query	LOAD DATA INFILE 'load_view_t3' REPLACE INTO TABLE view_t3 /* QNO 263 CON_ID 16 */
		   18 Query	ALTER ONLINE TABLE t1 /*!100301 WAIT 6 */ ADD FOREIGN KEY u (`vcol_year`) REFERENCES `view_t4` (ecol6) ON DELETE RESTRICT ON UPDATE CASCADE /* QNO 229 CON_ID 18 */
		   19 Query	CREATE TABLE t9 LIKE `t2` /* QNO 303 CON_ID 19 */
		   15 Query	SELECT alias1.`col_int` AS ifield1 FROM ( ( SELECT SQ1_alias1.* FROM `view_t9` AS SQ1_alias1 ) AS alias1, `view_t6` AS alias2 ) WHERE ( alias2.`col_char` IN ( SELECT DISTINCT SQ2_alias1.`col_char` AS SQ2_cfield1 FROM ( `t3` AS SQ2_alias1 INNER JOIN `view_t7` AS SQ2_alias2 ON (SQ2_alias2.`pk` = SQ2_alias1.`col_bit` ) ) WHERE SQ2_alias1.`vcol_bit` IN ( ( SELECT C_SQ1_alias1.`vcol_int` AS C_SQ1_ifield1 FROM ( `view_t2` AS C_SQ1_alias1 INNER JOIN `view_t5` AS C_SQ1_alias2 ON (C_SQ1_alias2.`col_varchar` = C_SQ1_alias1.`col_char` ) ) WHERE C_SQ1_alias2.`col_int` >= alias2.`pk` AND C_SQ1_alias2.`col_int` <= 5 ) ) AND alias2.`vcol_bit` IN ( ( SELECT C_SQ2_alias1.`vcol_bit` AS C_SQ2_ifield1 FROM ( `t3` AS C_SQ2_alias1 STRAIGHT_JOIN ( ( `view_t3` AS C_SQ2_alias2 LEFT OUTER JOIN `view_t8` AS C_SQ2_alias3 ON (C_SQ2_alias3.`col_bit` = C_SQ2_alias2.`vcol_bit` ) ) ) ON (C_SQ2_alias3.`vcol_varchar` = C_SQ2_alias2.`vcol_varchar` ) ) ) ) ) ) AND ( alias1.`vcol_varchar` IN ('USA') OR ( alias1.`pk` IN (104, 133, 58) OR ( alias1.`pk` IN (27) OR alias1.`col_varchar` != 'e' ) ) ) OR alias2.`col_year` <> 2 HAVING ifield1 = 3  /* QNO 308 CON_ID 15 */
		   18 Query	SELECT DISTINCT alias1.`col_varchar` AS cfield1, 'v' AS cfield2 FROM ( ( SELECT SQ1_alias1.* FROM ( `t5` AS SQ1_alias1, `t3` AS SQ1_alias2 ) ) AS alias1 INNER JOIN `view_t7` AS alias2 ON (( alias2.`col_bit` <> alias1.`vcol_bit` ) AND (alias2.`col_bit` <= alias1.`vcol_bit` ) ) ) WHERE ( alias1.`col_char` IN ( SELECT SQ2_alias1.`col_varchar` AS SQ2_cfield1 FROM `view_t6` AS SQ2_alias1 ) ) AND alias1.`col_char` NOT IN ('p')  /* QNO 230 CON_ID 18 */
		   19 Query	SELECT STRAIGHT_JOIN alias1.`col_year` AS field1, GROUP_CONCAT( IF( alias1.`col_date`, alias1.`col_blob`, alias1.`vcol_datetime` ), alias1.`vcol_blob` ORDER BY 2,1 SEPARATOR '___' ) AS cfield1, alias1.`vcol_varchar` AS cfield2, alias1.`col_bit` AS ifield1 FROM ( `view_t4` AS alias1, `t6` AS alias2, `view_t8` AS alias3 ) WHERE alias1.`vcol_char` IN ( SELECT 'g' UNION SELECT 't' ) GROUP BY field1, cfield2, ifield1 ORDER BY cfield1 /* QNO 304 CON_ID 19 */
		   20 Query	SELECT -69 AS ifield1 FROM ( `t4` AS alias1, `view_t3` AS alias2, `view_t6` AS alias3 ) WHERE ( alias2.`vcol_bit` IN ( SELECT SQ1_alias1.`pk` AS SQ1_ifield1 FROM ( `t2` AS SQ1_alias1 INNER JOIN `view_t7` AS SQ1_alias2 ON (SQ1_alias2.`col_bit` = SQ1_alias1.`col_bit` ) ) WHERE SQ1_alias2.`vcol_char` < alias3.`col_char` ) ) AND ( alias1.`col_bit` = 55 AND ( alias1.`vcol_int` = 175 AND ( alias1.`col_bit` = 187 OR alias1.`col_bit` = 196 ) ) ) AND ( alias1.`col_int` NOT IN ( SELECT 1 UNION SELECT 4 ) AND alias1.`vcol_char` > 'y' ) ORDER BY ifield1 /* QNO 219 CON_ID 20 */
		   18 Query	ALTER TABLE t3 /*!100301 NOWAIT */ ADD CONSTRAINT CHECK (`pk` = 1) /* QNO 231 CON_ID 18 */
		   15 Query	UNLOCK TABLES /* QNO 309 CON_ID 15 */
		   19 Query	DROP TABLE IF EXISTS tmp_rename_2864  /* QNO 305 CON_ID 19 */
		   18 Query	ALTER TABLE t4 PARTITION BY HASH(tcol6) /* QNO 232 CON_ID 18 */
		   15 Query	CREATE OR REPLACE VIEW transforms.view_9144_probe AS UNLOCK TABLES /* QNO 309 CON_ID 15 */  /* QNO 310 CON_ID 15 */
		   19 Query	SHOW WARNINGS
		   19 Query	RENAME TABLE t3 TO tmp_rename_2864, tmp_rename_2864 TO t3 /* QNO 306 CON_ID 19 */
		   18 Query	ALTER ONLINE TABLE t6 /*!100301 NOWAIT */ RENAME TO `t2`, RENAME TO `view_t7`  /* QNO 233 CON_ID 18 */
		   19 Query	SELECT * FROM `view_t5` INTO OUTFILE 'load_view_t5'  /* QNO 307 CON_ID 19 */
		   15 Query	ALTER TABLE `t7` DROP COLUMN IF EXISTS `vcol_time`, LOCK=NONE, DROP COLUMN vcol8, LOCK=DEFAULT, ADD FOREIGN KEY n (ncol8) REFERENCES `view_t7` (icol8) ON DELETE CASCADE ON UPDATE RESTRICT /* QNO 311 CON_ID 15 */
		   19 Query	LOAD DATA INFILE 'load_view_t5' REPLACE INTO TABLE view_t5 /* QNO 308 CON_ID 19 */
		   20 Query	ALTER TABLE t1 REMOVE PARTITIONING /* QNO 220 CON_ID 20 */
		   15 Query	SELECT * FROM t9 FOR UPDATE /* QNO 312 CON_ID 15 */
		   16 Query	SELECT alias1.`col_varchar` AS cfield1, GROUP_CONCAT( IF( alias1.`col_char`, alias1.`vcol_bit`, alias1.`vcol_bit` ), alias1.`col_int`, alias1.`col_int`, IF( alias1.`vcol_timestamp`, alias1.`col_timestamp`, alias1.`col_enum` ), alias1.`col_char` ORDER BY 5,3,4,1,2 ) AS cfield2 FROM ( `view_t9` AS alias1 RIGHT JOIN ( SELECT SQ1_alias1.* FROM ( `t4` AS SQ1_alias1, `view_t5` AS SQ1_alias2 ) ) AS alias2 ON (alias2.`vcol_varchar` > alias1.`vcol_char` ) ) WHERE ( alias1.`pk` > 137 AND alias1.`col_int` < ( 15 + 11 ) OR ( alias1.`col_bit` IN (233) OR alias1.`col_varchar` < 'u' ) ) GROUP BY cfield1 HAVING 5 > ANY ( SELECT SQ2_alias1.`col_int` AS SQ2_ifield1 FROM ( `t9` AS SQ2_alias1 LEFT OUTER JOIN `t9` AS SQ2_alias2 ON (SQ2_alias2.`col_char` = SQ2_alias1.`` ) ) HAVING (SQ2_ifield1 <= 1 AND SQ2_ifield1 < 'm') )  /* QNO 264 CON_ID 16 */
		   19 Query	SELECT * FROM `t9` INTO OUTFILE 'load_t9'  /* QNO 309 CON_ID 19 */
		   15 Query	/* GenTest::Transform::ExecuteAsCTE */  WITH cte1 AS ( SELECT * FROM t9 FOR UPDATE /* QNO 312 CON_ID 15 */ ) SELECT * FROM cte1  /* TRANSFORM_OUTCOME_UNORDERED_MATCH */ /* QNO 313 CON_ID 15 */
		   19 Query	LOAD DATA INFILE 'load_t9' IGNORE INTO TABLE t9 /* QNO 310 CON_ID 19 */
		   15 Query	/* GenTest::Transform::ExecuteAsDeleteReturning */ CREATE DATABASE IF NOT EXISTS transforms /* QNO 314 CON_ID 15 */
		   15 Query	SHOW WARNINGS
		   15 Query	DROP TABLE IF EXISTS transforms.delete_returning_9144 /* QNO 315 CON_ID 15 */
		   15 Query	SHOW WARNINGS
		   15 Query	CREATE TABLE transforms.delete_returning_9144 SELECT * FROM t9 FOR UPDATE /* QNO 312 CON_ID 15 */  /* QNO 316 CON_ID 15 */
		   19 Query	SELECT MIN( `pk`) AS field1, `col_bit` AS ifield1 FROM `view_t4` AS alias1 WHERE ( ( alias1.`vcol_varchar` = alias1.`col_varchar` AND ( alias1.`vcol_varchar` LIKE CONCAT( 'e', '%') AND alias1.`col_int` = alias1.`col_int` ) ) AND alias1.`col_bit` > alias1.`vcol_bit` ) GROUP BY ifield1 /* QNO 311 CON_ID 19 */
		   19 Query	ALTER TABLE t4 FORCE, LOCK=NONE, ALGORITHM=INPLACE /* QNO 312 CON_ID 19 */
		   17 Query	SHOW WARNINGS
		   18 Query	SELECT alias1.`col_bit` AS field1, alias1.`vcol_int` AS field2, alias1.`col_datetime` AS field3, alias1.`col_char` AS cfield1 FROM ( `t6` AS alias1, ( SELECT DISTINCT SQ1_alias1.* FROM `view_t6` AS SQ1_alias1 ) AS alias2, `view_t1` AS alias3 ) WHERE ( alias3.`col_int` IN ( SELECT SQ2_alias1.`col_int` AS SQ2_ifield1 FROM ( `view_t7` AS SQ2_alias1 RIGHT OUTER JOIN `view_t8` AS SQ2_alias2 ON (SQ2_alias2.`pk` = SQ2_alias1.`pk` ) ) ) ) AND alias1.`col_bit` > 86 AND alias1.`col_bit` < ( 147 + 224 ) AND alias1.`vcol_datetime` < 'z' AND ( alias1.`col_varchar` LIKE '%a%' OR alias1.`vcol_char` LIKE '%b%') HAVING ((field3 <> 'm' AND field1 <> 'r') AND field2 != ( SELECT SQL_SMALL_RESULT COUNT( SQ3_alias1.`vcol_int` ) AS SQ3_ifield1 FROM ( `t5` AS SQ3_alias1, `view_t3` AS SQ3_alias2 ) ))  /* QNO 234 CON_ID 18 */
		   17 Query	INSERT INTO `view_t9` SELECT * FROM `t8` /* QNO 208 CON_ID 17 */
		   18 Query	SELECT * FROM `view_t4` INTO OUTFILE 'load_view_t4'  /* QNO 235 CON_ID 18 */
		   20 Query	SELECT ( SELECT COUNT( SQ1_alias1.`vcol_varchar` ) AS SQ1_cfield1 FROM ( `view_t4` AS SQ1_alias1 STRAIGHT_JOIN `t4` AS SQ1_alias2 ON (SQ1_alias2.`col_char` = SQ1_alias1.`col_char` ) ) ) AS field1 FROM ( `view_t7` AS alias1 LEFT OUTER JOIN ( ( ( SELECT SQ2_alias1.* FROM `view_t8` AS SQ2_alias1 ) AS alias2 INNER JOIN `view_t7` AS alias3 ON (alias3.`col_char` = alias2.`vcol_char` ) ) ) ON (( alias3.`col_bit` <= alias2.`vcol_int` ) AND (alias3.`col_bit` <= alias2.`pk` ) ) ) WHERE ( alias1.`col_char` IN ( SELECT DISTINCT COUNT( DISTINCT SQ3_alias1.`vcol_char` ) AS SQ3_cfield1 FROM ( `view_t2` AS SQ3_alias1 LEFT OUTER JOIN ( `t7` AS SQ3_alias2 INNER JOIN `view_t3` AS SQ3_alias3 ON (SQ3_alias3.`vcol_bit` = SQ3_alias2.`vcol_int` ) ) ON (SQ3_alias3.`col_char` = SQ3_alias2.`vcol_char` ) ) WHERE SQ3_alias2.`col_varchar` > 'u' ) ) AND alias1.`vcol_bit` IN (162) GROUP BY field1 HAVING field1 <= 'h'  /* QNO 221 CON_ID 20 */
		   20 Query	INSERT INTO `t8` SELECT * FROM `view_t1` /* QNO 222 CON_ID 20 */
		   16 Query	SELECT alias1.`` AS cfield1 FROM ( `t2` AS alias1 INNER JOIN `view_t2` AS alias2 ON (( alias2.`vcol_bit` <> alias1.`vcol_bit` ) AND ( ( alias2.`col_bit` = alias1.`pk` ) AND (alias2.`col_bit` < alias1.`col_bit` ) ) ) ) WHERE EXISTS ( SELECT SQ1_alias1.`vcol_varchar` AS SQ1_cfield1 FROM ( `t3` AS SQ1_alias1 INNER JOIN `t1` AS SQ1_alias2 ON (SQ1_alias2.`vcol_char` = SQ1_alias1.`vcol_varchar` ) ) WHERE alias1.`vcol_bit` IN ( ( SELECT C_SQ1_alias1.`col_int` AS C_SQ1_ifield1 FROM ( `view_t2` AS C_SQ1_alias1 LEFT JOIN `t5` AS C_SQ1_alias2 ON (C_SQ1_alias2.`vcol_varchar` = C_SQ1_alias1.`vcol_char` ) ) ) ) ) GROUP BY cfield1 HAVING ( cfield1, cfield1 ) IN ( SELECT 168, 3 UNION SELECT 2, 1 )  /* QNO 265 CON_ID 16 */
		   16 Query	SELECT * FROM `t4` INTO OUTFILE 'load_t4'  /* QNO 266 CON_ID 16 */
		   20 Query	SELECT MIN( alias1.`vcol_timestamp` ) AS field1 FROM ( `view_t3` AS alias1 RIGHT JOIN ( ( `t3` AS alias2 LEFT JOIN `t3` AS alias3 ON (( alias3.`pk` > alias2.`vcol_int` ) AND (alias3.`pk` > alias2.`vcol_int` ) ) ) ) ON (( alias3.`pk` > alias2.`col_int` ) AND (alias3.`pk` <> alias2.`pk` ) ) ) WHERE alias3.`vcol_bit` IN ( SELECT MAX( SQ1_alias1.`col_bit` ) AS SQ1_ifield1 FROM ( `view_t2` AS SQ1_alias1 LEFT JOIN `t6` AS SQ1_alias2 ON (SQ1_alias2.`col_int` = SQ1_alias1.`pk` ) ) ) HAVING field1 != 'p' ORDER BY field1 /* QNO 223 CON_ID 20 */
		   20 Query	SELECT alias1.`pk` AS ifield1 FROM ( `view_t9` AS alias1 LEFT OUTER JOIN ( SELECT SQL_SMALL_RESULT SQ1_alias1.* FROM ( `t8` AS SQ1_alias1 RIGHT OUTER JOIN `t3` AS SQ1_alias2 ON (SQ1_alias2.`col_char` = SQ1_alias1.`vcol_varchar` ) ) ) AS alias2 ON (( alias2.`pk` != alias1.`pk` ) AND (alias2.`pk` > alias1.`col_int` ) ) ) WHERE NOT EXISTS ( SELECT SQ2_alias1.`vcol_int` AS SQ2_ifield1 FROM ( `t5` AS SQ2_alias1 RIGHT JOIN `view_t6` AS SQ2_alias2 ON (SQ2_alias2.`vcol_int` = SQ2_alias1.`vcol_int` ) ) WHERE SQ2_alias1.`vcol_varchar` != alias2.`vcol_varchar` ) HAVING ifield1 >= 4  /* QNO 224 CON_ID 20 */
		   16 Query	LOAD DATA INFILE 'load_t4' REPLACE INTO TABLE t4 /* QNO 267 CON_ID 16 */
		   20 Query	SELECT * FROM `view_t7` INTO OUTFILE 'load_view_t7'  /* QNO 225 CON_ID 20 */
		   17 Query	ALTER IGNORE TABLE t4 DROP COLUMN IF EXISTS scol9, DROP PRIMARY KEY /* QNO 209 CON_ID 17 */
		   20 Query	LOAD DATA INFILE 'load_view_t7' IGNORE INTO TABLE view_t7 /* QNO 226 CON_ID 20 */
		   20 Query	ALTER ONLINE IGNORE TABLE t3 ALTER COLUMN tcol9 DROP DEFAULT, DROP COLUMN IF EXISTS tscol10, LOCK=NONE, DROP FOREIGN KEY g /* QNO 227 CON_ID 20 */
		   16 Query	SELECT alias1.`col_date` AS field1 FROM ( `t9` AS alias1 INNER JOIN `view_t4` AS alias2 ON (( alias2.`vcol_int` <= alias1.`pk` ) AND ( ( alias2.`col_bit` >= alias1.`vcol_int` ) AND (alias2.`col_bit` <= alias1.`pk` ) ) ) ) WHERE ( alias1.`col_bit` = 91 AND alias1.`vcol_varchar` = alias1.`col_char` )  /* QNO 268 CON_ID 16 */
		   16 Query	FLUSH TABLES /* QNO 269 CON_ID 16 */
		   20 Query	SELECT * FROM `t3` INTO OUTFILE 'load_t3'  /* QNO 228 CON_ID 20 */
		   20 Query	LOAD DATA INFILE 'load_t3' REPLACE INTO TABLE t3 /* QNO 229 CON_ID 20 */
		   20 Query	SELECT * FROM `t2` INTO OUTFILE 'load_t2'  /* QNO 230 CON_ID 20 */
		   18 Query	LOAD DATA INFILE 'load_view_t4' IGNORE INTO TABLE view_t4 /* QNO 236 CON_ID 18 */
		   20 Query	LOAD DATA INFILE 'load_t2' REPLACE INTO TABLE t2 /* QNO 231 CON_ID 20 */
		   20 Query	SELECT * FROM `view_t7` INTO OUTFILE 'load_view_t7'  /* QNO 232 CON_ID 20 */
		   20 Query	LOAD DATA INFILE 'load_view_t7' REPLACE INTO TABLE view_t7 /* QNO 233 CON_ID 20 */
		   20 Query	SELECT * FROM `t6` INTO OUTFILE 'load_t6'  /* QNO 234 CON_ID 20 */
		   15 Query	DELETE FROM transforms.delete_returning_9144 RETURNING `geocol6`,`scol6`,`bcol10` /* TRANSFORM_OUTCOME_UNORDERED_MATCH */ /* QNO 317 CON_ID 15 */
		   15 Query	/* GenTest::Transform::ExecuteAsExecuteImmediate */ EXECUTE IMMEDIATE 'SELECT * FROM t9 FOR UPDATE /* QNO 312 CON_ID 15 */ ' /* TRANSFORM_OUTCOME_UNORDERED_MATCH */ /* QNO 318 CON_ID 15 */
		   15 Prepare	SELECT * FROM t9 FOR UPDATE /* QNO 312 CON_ID 15 */
		   15 Execute	SELECT * FROM t9 FOR UPDATE /* QNO 312 CON_ID 15 */
		   16 Query	CREATE OR REPLACE VIEW transforms.view_3612_probe AS FLUSH TABLES /* QNO 269 CON_ID 16 */  /* QNO 270 CON_ID 16 */
		   20 Query	LOAD DATA INFILE 'load_t6' IGNORE INTO TABLE t6 /* QNO 235 CON_ID 20 */
		   19 Query	CREATE OR REPLACE VIEW transforms.view_2864_probe AS ALTER TABLE t4 FORCE, LOCK=NONE, ALGORITHM=INPLACE /* QNO 312 CON_ID 19 */  /* QNO 313 CON_ID 19 */
		   16 Query	SELECT * FROM `view_t2` INTO OUTFILE 'load_view_t2'  /* QNO 271 CON_ID 16 */
		   20 Query	SELECT * FROM `view_t6` INTO OUTFILE 'load_view_t6'  /* QNO 236 CON_ID 20 */
		   20 Query	LOAD DATA INFILE 'load_view_t6' IGNORE INTO TABLE view_t6 /* QNO 237 CON_ID 20 */
		   20 Query	ALTER TABLE `view_t2` REMOVE PARTITIONING /* QNO 238 CON_ID 20 */
		   20 Query	INSERT INTO `t6` SELECT * FROM `view_t9` /* QNO 239 CON_ID 20 */
		   16 Query	LOAD DATA INFILE 'load_view_t2' IGNORE INTO TABLE view_t2 /* QNO 272 CON_ID 16 */
		   17 Query	SELECT -112 AS ifield1, ( ( alias1.`vcol_int` ) + ( alias1.`col_int` ) ) AS ifield2 FROM ( `t9` AS alias1, `view_t7` AS alias2 ) WHERE alias1.`col_bit` = 155 AND ( alias2.`vcol_char` > alias2.`col_varchar` AND alias2.`col_varchar` = alias2.`col_varchar` ) GROUP BY ifield1, ifield2 HAVING ((ifield2 <> 'USA' AND ifield1 > 3) OR ifield2 >= 3)  /* QNO 210 CON_ID 17 */
		   15 Query	/* GenTest::Transform::ExecuteAsInsertSelect */ CREATE DATABASE IF NOT EXISTS transforms /* QNO 319 CON_ID 15 */
		   15 Query	SHOW WARNINGS
		   15 Query	DROP TABLE IF EXISTS transforms.insert_select_9144 /* QNO 320 CON_ID 15 */
		   20 Query	CREATE OR REPLACE TABLE `view_t8` (ncol4 DOUBLE UNSIGNED /*!100201 CHECK (vcol8 = ecol5) */) ROW_FORMAT COMPACT  /* QNO 240 CON_ID 20 */
		   19 Query	ALTER TABLE t2 DROP FOREIGN KEY IF EXISTS u, MODIFY COLUMN icol6 SMALLINT UNSIGNED NOT NULL, ALGORITHM=DEFAULT, LOCK=DEFAULT, ADD CONSTRAINT FOREIGN KEY (ncol7) REFERENCES t3 (icol6), ADD COLUMN IF NOT EXISTS geocol7 MULTILINESTRING NOT NULL FIRST, ALGORITHM=COPY, DROP FOREIGN KEY k, ADD SPATIAL INDEX(geocol7), ALGORITHM=DEFAULT, LOCK=NONE /* QNO 314 CON_ID 19 */
		   19 Query	SELECT * FROM `t6` INTO OUTFILE 'load_t6'  /* QNO 315 CON_ID 19 */
		   19 Query	LOAD DATA INFILE 'load_t6' REPLACE INTO TABLE t6 /* QNO 316 CON_ID 19 */
		   20 Query	ALTER IGNORE TABLE t5 /*!100301 WAIT 3 */ DROP CONSTRAINT IF EXISTS y, ALTER COLUMN `pk` SET DEFAULT 0, MODIFY COLUMN IF EXISTS ncol2 FLOAT NULL /*!100201 CHECK (tscol6 NOT LIKE `col_bit`) */  /* QNO 241 CON_ID 20 */
		   15 Query	SHOW WARNINGS
		   20 Query	SELECT * FROM `t4` INTO OUTFILE 'load_t4'  /* QNO 242 CON_ID 20 */
		   20 Query	LOAD DATA INFILE 'load_t4' REPLACE INTO TABLE t4 /* QNO 243 CON_ID 20 */
		   17 Query	SELECT CONCAT( alias1.`vcol_char`, alias1.`col_varchar` ) AS cfield1, alias1.`col_dec` AS field1 FROM ( `t5` AS alias1 INNER JOIN `t1` AS alias2 ON (alias2.`vcol_char` < alias1.`col_char` OR ( alias1.`vcol_char`, alias1.`col_varchar` ) NOT IN ( SELECT SQ1_alias1.`vcol_varchar` AS SQ1_cfield1, MAX( DISTINCT SQ1_alias1.`col_varchar` ) AS SQ1_cfield2 FROM ( `t5` AS SQ1_alias1, `t4` AS SQ1_alias2 ) ) ) ) WHERE ( 1 NOT IN ( SELECT SQ2_alias1.`vcol_bit` AS SQ2_ifield1 FROM `view_t9` AS SQ2_alias1 ) ) OR alias1.`vcol_int` > 210 AND alias1.`col_int` < ( 118 + 73 ) GROUP BY cfield1, field1 HAVING (field1 > 164 AND field1 > ANY ( SELECT 3 UNION SELECT 6 ))  /* QNO 211 CON_ID 17 */
		   20 Query	DROP TABLE IF EXISTS tmp_rename_4672  /* QNO 244 CON_ID 20 */
		   20 Query	SHOW WARNINGS
		   20 Query	RENAME TABLE `view_t4` TO tmp_rename_4672, tmp_rename_4672 TO view_t4 /* QNO 245 CON_ID 20 */
		   17 Query	ALTER IGNORE TABLE t2 /*!100301 NOWAIT */ ALTER COLUMN tscol2 SET DEFAULT NULL /* QNO 212 CON_ID 17 */
		   17 Query	ALTER IGNORE TABLE t9 ADD CONSTRAINT CHECK (scol7 NOT LIKE icol7) /* QNO 213 CON_ID 17 */
		   16 Query	SELECT DISTINCT MAX( `col_timestamp`) AS field1, `vcol_varchar` AS cfield1 FROM ( SELECT SQ1_alias1.* FROM `view_t9` AS SQ1_alias1 ) AS alias1 WHERE ( alias1.`vcol_varchar` > alias1.`vcol_int` AND 86 > -121 ) GROUP BY cfield1 /* QNO 273 CON_ID 16 */
		   15 Query	CREATE TABLE transforms.insert_select_9144 SELECT * FROM t9 FOR UPDATE /* QNO 312 CON_ID 15 */  /* QNO 321 CON_ID 15 */
		   19 Query	SELECT SQL_SMALL_RESULT alias1.`pk` AS ifield1, alias1.`` AS cfield1, alias1.`col_int` AS ifield2, alias1.`vcol_year` AS field1, alias1.`col_datetime` AS field2, alias1.`` AS cfield2, 'b' AS cfield3, alias1.`` AS cfield4, alias1.`col_date` AS field3, alias1.`vcol_year` AS field4, alias1.`` AS cfield5, 'o' AS cfield6 FROM ( `t3` AS alias1, ( SELECT SQ1_alias1.* FROM ( `view_t7` AS SQ1_alias1 RIGHT OUTER JOIN `t2` AS SQ1_alias2 ON (SQ1_alias2.`vcol_varchar` = SQ1_alias1.`col_varchar` ) ) ) AS alias2 ) WHERE alias1.`col_bit` >= ANY ( SELECT SQ2_alias1.`vcol_bit` AS SQ2_ifield1 FROM `view_t2` AS SQ2_alias1 WHERE SQ2_alias1.`col_bit` = alias1.`vcol_int` )  /* QNO 317 CON_ID 19 */
		   17 Query	EXPLAIN SELECT alias1.`vcol_varchar` AS cfield1, ( ( alias1.`vcol_bit` ) - ( alias1.`vcol_int` ) ) AS ifield1, 'w' AS cfield2, 23 AS ifield2, ( SELECT SUM( alias1.`col_int` ) AS SQ1_ifield1 FROM ( `view_t4` AS SQ1_alias1, `view_t8` AS SQ1_alias2 ) WHERE SQ1_alias1.`vcol_int` >= 9 ) AS field1, alias1.`pk` AS field2 FROM ( `view_t1` AS alias1 INNER JOIN ( ( `view_t8` AS alias2 RIGHT OUTER JOIN `t6` AS alias3 ON (( alias3.`pk` <> alias2.`col_bit` ) AND (alias3.`pk` <> alias2.`vcol_bit` ) ) ) ) ON (alias3.`col_varchar` < alias2.`` ) ) WHERE ( alias1.`pk` > 102 AND alias1.`pk` < ( 75 + 200 ) OR alias1.`` >= 's' ) GROUP BY cfield1, ifield1, cfield2, ifield2, field1, field2 HAVING ifield1 >= 4 ORDER BY field2, ifield1, cfield2, ifield2, cfield1, field1 LIMIT 1000 OFFSET 95 /* QNO 214 CON_ID 17 */
		   16 Query	SELECT DISTINCT SQL_SMALL_RESULT alias1.`vcol_varchar` AS cfield1, alias1.`col_int` AS ifield1 FROM ( `t9` AS alias1, `t7` AS alias2 ) WHERE ( 'u' IN ( SELECT SQ1_alias1.`col_varchar` AS SQ1_cfield1 FROM ( `view_t5` AS SQ1_alias1, `t8` AS SQ1_alias2 ) ) ) AND ( alias1.`` < 's' OR alias1.`pk` IN (203, 36, 14) ) AND ( ( alias1.`` = alias1.`` AND alias1.`` = alias1.`` ) AND ( ( alias1.`pk` = 3 OR alias1.`pk` = alias1.`pk` ) AND 'm' NOT LIKE 'f' ) AND alias1.`col_datetime` = 'USA' AND ( alias1.`vcol_char` LIKE '%a%' OR alias1.`col_char` LIKE '%b%') ) GROUP BY cfield1, ifield1 HAVING ifield1 < 74  /* QNO 274 CON_ID 16 */
		   18 Query	SELECT STRAIGHT_JOIN alias1.`vcol_int` AS field1, alias1.`pk` AS field2, alias1.`col_date` AS field3, alias1.`vcol_bit` AS ifield1 FROM ( `t7` AS alias1, `view_t6` AS alias2 ) WHERE ( NOT EXISTS ( SELECT DISTINCT SQ1_alias1.`col_char` AS SQ1_cfield1 FROM ( `view_t2` AS SQ1_alias1 STRAIGHT_JOIN `view_t9` AS SQ1_alias2 ON (SQ1_alias2.`col_char` = SQ1_alias1.`vcol_char` ) ) WHERE SQ1_alias1.`vcol_bit` <> alias2.`col_int` AND alias2.`col_int` IN ( EXISTS ( ( SELECT C_SQ1_alias1.`vcol_varchar` AS C_SQ1_cfield1 FROM ( `t3` AS C_SQ1_alias1 LEFT JOIN `t8` AS C_SQ1_alias2 ON (C_SQ1_alias2.`pk` = C_SQ1_alias1.`pk` ) ) WHERE C_SQ1_alias2.`col_int` >= 6 ) ) ) ) ) OR ( alias1.`pk` IN (245) OR alias1.`pk` > 214 AND alias1.`pk` < ( 65 + 17 ) ) GROUP BY field1, field2, field3, ifield1  /* QNO 237 CON_ID 18 */
		   19 Query	SELECT GROUP_CONCAT( alias1.`col_dec` ORDER BY 1 SEPARATOR '___' ) AS cfield1, MIN( alias1.`vcol_datetime` ) AS field1 FROM ( ( SELECT SQ1_alias1.* FROM `t6` AS SQ1_alias1 WHERE ( SQ1_alias1.`vcol_bit` <> 210 OR SQ1_alias1.`col_int` != 3 ) ) AS alias1 RIGHT OUTER JOIN ( ( `t6` AS alias2 RIGHT OUTER JOIN `t6` AS alias3 ON (( alias3.`pk` < alias2.`vcol_int` ) OR ( alias3.`pk` <= alias2.`col_bit` ) ) ) ) ON (alias3.`` = alias2.`col_varchar` ) ) WHERE 4 IN ( SELECT SQ2_alias1.`col_int` AS SQ2_ifield1 FROM `view_t1` AS SQ2_alias1 ) ORDER BY field1, cfield1  /* QNO 318 CON_ID 19 */
		   16 Query	ALTER TABLE t8 /*!100301 WAIT 6 */ CHANGE COLUMN IF EXISTS `vcol_varchar` icol10 SMALLINT NULL DEFAULT 3 /*!100201 CHECK (`vcol_char` = 7) */, ALGORITHM=DEFAULT, LOCK=SHARED /* QNO 275 CON_ID 16 */
		   19 Query	ALTER ONLINE TABLE t10 /*!100301 WAIT 9 */ ADD FOREIGN KEY i (icol2) REFERENCES t5 (tcol6, icol3, scol5, tcol1, tcol5, ncol7)  /* QNO 319 CON_ID 19 */
		   18 Query	SELECT alias1.`` AS cfield1, alias1.`col_timestamp` AS field1 FROM ( ( SELECT SQ1_alias1.* FROM ( `t1` AS SQ1_alias1 RIGHT JOIN `t7` AS SQ1_alias2 ON (SQ1_alias2.`col_bit` = SQ1_alias1.`vcol_bit` ) ) ) AS alias1 RIGHT JOIN ( ( ( SELECT SQ2_alias1.* FROM `t7` AS SQ2_alias1 ) AS alias2 INNER JOIN `view_t9` AS alias3 ON (alias3.`vcol_bit` = alias2.`pk` ) ) ) ON (( alias3.`col_char` = alias2.`col_varchar` ) OR ( ( alias3.`vcol_varchar` = alias2.`vcol_varchar` ) AND ( alias3.`vcol_varchar` > alias2.`col_varchar` ) ) ) ) WHERE NOT EXISTS ( ( SELECT DISTINCT SQ3_alias1.`vcol_varchar` AS SQ3_cfield1 FROM `view_t2` AS SQ3_alias1 ) ) GROUP BY cfield1, field1  /* QNO 238 CON_ID 18 */
180620  4:44:24	   19 Query	SELECT * FROM `t9` INTO OUTFILE 'load_t9'  /* QNO 320 CON_ID 19 */
		   18 Query	SELECT * FROM `t1` INTO OUTFILE 'load_t1'  /* QNO 239 CON_ID 18 */
		   19 Query	LOAD DATA INFILE 'load_t9' IGNORE INTO TABLE t9 /* QNO 321 CON_ID 19 */
		   18 Query	LOAD DATA INFILE 'load_t1' IGNORE INTO TABLE t1 /* QNO 240 CON_ID 18 */
		   19 Query	SELECT alias1.`col_int` AS ifield1, alias1.`` AS cfield1 FROM ( `view_t4` AS alias1, `view_t8` AS alias2 ) WHERE ( alias1.`col_varchar` IN ( SELECT 'i' UNION SELECT 'x' ) ) OR alias1.`col_bit` <= alias1.`vcol_datetime` GROUP BY ifield1, cfield1 ORDER BY ifield1, cfield1 LIMIT 10 OFFSET 8 /* QNO 322 CON_ID 19 */
		   18 Query	SELECT COUNT( alias1.`vcol_int` ) AS field1 FROM ( `t6` AS alias1, `view_t9` AS alias2, ( SELECT DISTINCT SQL_SMALL_RESULT SQ1_alias1.* FROM `t6` AS SQ1_alias1 ) AS alias3 ) WHERE ( alias1.`` >= 'v' OR ( alias1.`pk` > 173 AND alias1.`pk` < ( 91 + 157 ) OR ( alias1.`pk` > 204 AND alias1.`pk` < ( 197 + 123 ) OR ( alias1.`pk` BETWEEN 179 AND ( 54 + 123 ) OR ( alias1.`pk` BETWEEN 85 AND ( 110 + 5 ) OR alias1.`pk` IN (216) ) ) ) ) ) ORDER BY field1  /* QNO 241 CON_ID 18 */
		   16 Query	SHOW WARNINGS
		   18 Query	SELECT alias1.`col_datetime` AS field1, alias1.`` AS cfield1, alias1.`vcol_char` AS cfield2, alias1.`vcol_varchar` AS cfield3, 'j' AS cfield4, alias1.`col_timestamp` AS field2 FROM ( `view_t5` AS alias1, `t6` AS alias2, `view_t3` AS alias3 ) WHERE ( ( SELECT DISTINCT COUNT( SQ1_alias1.`col_char` ) AS SQ1_cfield1 FROM `t7` AS SQ1_alias1 ) IS NOT NULL ) AND alias3.`vcol_year` = alias3.`vcol_enum` GROUP BY field1, cfield1, cfield2, cfield3, cfield4, field2  /* QNO 242 CON_ID 18 */
		   20 Query	CREATE OR REPLACE VIEW transforms.view_4672_probe AS  RENAME TABLE `view_t4` TO tmp_rename_4672, tmp_rename_4672 TO view_t4 /* QNO 245 CON_ID 20 */  /* QNO 246 CON_ID 20 */
		   16 Query	CREATE OR REPLACE TABLE `view_t9` (tscol7 TIMESTAMP NULL, ecol3 ENUM('foo','bar') NOT NULL ) ROW_FORMAT DYNAMIC  /* QNO 276 CON_ID 16 */
		   18 Query	SELECT * FROM `t5` INTO OUTFILE 'load_t5'  /* QNO 243 CON_ID 18 */
		   18 Query	LOAD DATA INFILE 'load_t5' IGNORE INTO TABLE t5 /* QNO 244 CON_ID 18 */
		   18 Query	ALTER TABLE t2 STATS_AUTO_RECALC = DEFAULT /* QNO 245 CON_ID 18 */
		   20 Query	ALTER TABLE t3 /*!100301 WAIT 26 */ ADD CONSTRAINT UNIQUE KEY(tscol7, icol7, icol6), LOCK=NONE, DROP COLUMN IF EXISTS ecol10, ALGORITHM=INPLACE, LOCK=EXCLUSIVE, ADD CONSTRAINT y CHECK (tscol8 <= 6), ADD CONSTRAINT PRIMARY KEY(tscol2), ALGORITHM=DEFAULT, LOCK=NONE /* QNO 247 CON_ID 20 */
		   20 Query	ALTER ONLINE IGNORE TABLE `t4` /*!100301 WAIT 2 */ RENAME TO t9, ADD CONSTRAINT CHECK (`col_int` != tcol3), RENAME TO t2 /* QNO 248 CON_ID 20 */
		   16 Query	SELECT alias1.`col_int` AS ifield1, SUM( alias1.`col_varchar` ) AS field1 FROM ( `t7` AS alias1 INNER JOIN ( ( `view_t9` AS alias2 INNER JOIN `t1` AS alias3 ON (alias3.`vcol_char` < alias2.`col_char` AND 4 != ANY ( SELECT SQ1_alias1.`vcol_int` AS SQ1_ifield1 FROM ( `view_t4` AS SQ1_alias1 RIGHT JOIN `t5` AS SQ1_alias2 ON (SQ1_alias2.`vcol_varchar` = SQ1_alias1.`col_char` ) ) ) ) ) ) ON (( alias3.`pk` < alias2.`vcol_int` ) AND (alias3.`pk` > alias2.`pk` ) ) ) WHERE alias1.`vcol_varchar` LIKE CONCAT( 'u', '%') AND ( alias1.`pk` > 5 AND ( alias1.`col_char` LIKE '%a%' OR alias1.`col_varchar` LIKE '%b%') AND alias2.`col_char` <> alias3.`col_char` ) GROUP BY ifield1 HAVING (ifield1 < 3 AND ifield1 >= 'e') ORDER BY ifield1, field1 LIMIT 1 OFFSET 1 /* QNO 277 CON_ID 16 */
		   16 Query	SELECT -45 AS ifield1, alias1.`vcol_bit` AS ifield2, MIN( alias1.`vcol_datetime` ) AS field1, alias1.`col_char` AS cfield1, alias1.`pk` AS ifield3 FROM ( ( SELECT SQ1_alias1.* FROM ( `t7` AS SQ1_alias1, `t3` AS SQ1_alias2 ) ) AS alias1 RIGHT OUTER JOIN `view_t2` AS alias2 ON (( alias2.`col_bit` = alias1.`col_bit` ) AND (alias2.`col_bit` <> alias1.`vcol_bit` ) ) ) WHERE ( alias1.`vcol_int`, alias2.`vcol_bit` ) NOT IN ( SELECT 5, 6 UNION SELECT 2, 7 ) GROUP BY ifield1, ifield2, cfield1, ifield3  /* QNO 278 CON_ID 16 */
		   16 Query	INSERT INTO `t2` SELECT * FROM `t7` /* QNO 279 CON_ID 16 */
		   15 Query	SELECT * FROM transforms.insert_select_9144 /* TRANSFORM_OUTCOME_UNORDERED_MATCH */ /* QNO 322 CON_ID 15 */
		   15 Query	DELETE FROM transforms.insert_select_9144 /* QNO 323 CON_ID 15 */
		   15 Query	INSERT INTO transforms.insert_select_9144 SELECT * FROM t9 FOR UPDATE /* QNO 312 CON_ID 15 */  /* QNO 324 CON_ID 15 */
		   16 Query	INSERT INTO `view_t8` SELECT * FROM `view_t7` /* QNO 280 CON_ID 16 */
		   19 Query	SELECT * FROM `view_t8` INTO OUTFILE 'load_view_t8'  /* QNO 323 CON_ID 19 */
		   15 Query	SELECT * FROM transforms.insert_select_9144 /* TRANSFORM_OUTCOME_UNORDERED_MATCH */ /* QNO 325 CON_ID 15 */
		   15 Query	DELETE FROM transforms.insert_select_9144 /* QNO 326 CON_ID 15 */
		   19 Query	LOAD DATA INFILE 'load_view_t8' REPLACE INTO TABLE view_t8 /* QNO 324 CON_ID 19 */
		   16 Query	INSERT INTO `view_t1` SELECT * FROM `view_t5` /* QNO 281 CON_ID 16 */
		   15 Query	REPLACE INTO transforms.insert_select_9144 SELECT * FROM t9 FOR UPDATE /* QNO 312 CON_ID 15 */  /* QNO 327 CON_ID 15 */
		   15 Query	SELECT * FROM transforms.insert_select_9144 /* TRANSFORM_OUTCOME_UNORDERED_MATCH */ /* QNO 328 CON_ID 15 */
		   15 Query	DROP TABLE transforms.insert_select_9144 /* QNO 329 CON_ID 15 */
		   17 Query	SELECT SQL_SMALL_RESULT alias1.`col_char` AS cfield1 FROM ( `t9` AS alias1, `t9` AS alias2 ) WHERE ( alias2.`col_int` IN ( SELECT 2 FROM DUAL ) ) AND ( alias1.`pk` > 201 AND alias1.`pk` < ( 135 + 2 ) OR ( alias1.`` IN ('USA') OR alias1.`` >= 'd' ) ) HAVING (cfield1 <> 'y' OR cfield1 = 'q')  /* QNO 215 CON_ID 17 */
		   19 Query	SELECT alias1.`col_char` AS cfield1 FROM ( `t9` AS alias1, `t2` AS alias2 ) WHERE ( alias2.`col_char` <> ( SELECT 'o' FROM DUAL ) ) AND ( alias1.`vcol_varchar` LIKE CONCAT( 'k', '%') OR alias1.`col_bit` = 133 ) GROUP BY cfield1  /* QNO 325 CON_ID 19 */
		   17 Query	SELECT alias1.`pk` AS ifield1 FROM ( `t8` AS alias1, `t9` AS alias2, `view_t8` AS alias3 ) WHERE ( SELECT MAX( SQ1_alias1.`vcol_char` ) AS SQ1_cfield1 FROM ( `t4` AS SQ1_alias1 INNER JOIN ( `view_t8` AS SQ1_alias2 LEFT OUTER JOIN `view_t5` AS SQ1_alias3 ON (SQ1_alias3.`vcol_int` = SQ1_alias2.`vcol_bit` ) ) ON (SQ1_alias3.`col_varchar` = SQ1_alias2.`vcol_varchar` ) ) ) IS NULL ORDER BY ifield1 LIMIT 10 OFFSET 9 /* QNO 216 CON_ID 17 */
		   16 Query	SELECT alias1.`col_dec` AS field1, alias1.`pk` AS ifield1, alias1.`vcol_datetime` AS field2 FROM ( `view_t8` AS alias1, ( SELECT SQ1_alias1.* FROM ( `t6` AS SQ1_alias1 RIGHT OUTER JOIN ( `t1` AS SQ1_alias2 INNER JOIN `t7` AS SQ1_alias3 ON (SQ1_alias3.`pk` = SQ1_alias2.`col_bit` ) ) ON (SQ1_alias3.`col_int` = SQ1_alias2.`col_bit` ) ) WHERE SQ1_alias2.`pk` >= 9 ) AS alias2 ) WHERE ( alias1.`col_int` = ALL ( SELECT SUM( SQ2_alias1.`col_int` ) AS SQ2_ifield1 FROM `t3` AS SQ2_alias1 ) ) OR ( alias1.`vcol_varchar` NOT IN ('USA', 'i', 'q') OR alias1.`pk` > 5 AND alias1.`pk` < ( 122 + 198 ) ) OR -19 = 76  /* QNO 282 CON_ID 16 */
		   16 Query	SELECT * FROM `view_t9` INTO OUTFILE 'load_view_t9'  /* QNO 283 CON_ID 16 */
		   16 Query	LOAD DATA INFILE 'load_view_t9' REPLACE INTO TABLE view_t9 /* QNO 284 CON_ID 16 */
		   16 Query	SELECT * FROM `t6` INTO OUTFILE 'load_t6'  /* QNO 285 CON_ID 16 */
		   16 Query	LOAD DATA INFILE 'load_t6' REPLACE INTO TABLE t6 /* QNO 286 CON_ID 16 */
		   16 Query	SELECT * FROM `t1` INTO OUTFILE 'load_t1'  /* QNO 287 CON_ID 16 */
		   16 Query	LOAD DATA INFILE 'load_t1' IGNORE INTO TABLE t1 /* QNO 288 CON_ID 16 */
		   17 Query	SELECT alias1.`col_bit` AS ifield1 FROM ( `t4` AS alias1 STRAIGHT_JOIN ( ( `view_t1` AS alias2 RIGHT OUTER JOIN `view_t3` AS alias3 ON (( alias3.`col_bit` > alias2.`col_bit` ) AND (alias3.`col_bit` > alias2.`vcol_int` ) ) ) ) ON (( alias3.`col_bit` = alias2.`vcol_int` ) OR ( ( alias3.`col_bit` = alias2.`vcol_bit` ) AND (alias3.`col_bit` < alias2.`col_bit` ) ) ) ) WHERE alias1.`vcol_char` <> ( SELECT MAX( SQ1_alias1.`col_varchar` ) AS SQ1_cfield1 FROM ( `t7` AS SQ1_alias1 LEFT OUTER JOIN `t3` AS SQ1_alias2 ON (SQ1_alias2.`col_bit` = SQ1_alias1.`pk` ) ) WHERE ( SQ1_alias1.`pk` != SQ1_alias1.`vcol_bit` AND SQ1_alias1.`pk` = 3 ) ) GROUP BY ifield1 HAVING ifield1 != 185  /* QNO 217 CON_ID 17 */
		   16 Query	SELECT alias1.`vcol_year` AS field1 FROM ( `view_t1` AS alias1, `t9` AS alias2 ) WHERE ( alias2.`col_varchar` != ANY ( SELECT 'l' UNION ALL SELECT 'j' ) ) OR ( alias1.`col_int` = 66 AND alias1.`` LIKE CONCAT( 'o', '%') ) OR alias2.`vcol_year` < alias2.`col_char` ORDER BY field1 LIMIT 2 /* QNO 289 CON_ID 16 */
		   16 Query	ALTER IGNORE TABLE t10 /*!100301 WAIT 6 */ ADD CONSTRAINT q FOREIGN KEY (`vcol_datetime`, scol6, vcol1) REFERENCES t10 (tscol9) ON UPDATE SET NULL, ADD IF NOT EXISTS `col_varchar` CHAR DEFAULT '' FIRST, LOCK=NONE, MODIFY COLUMN IF EXISTS icol8 SMALLINT ZEROFILL, ALGORITHM=INPLACE, LOCK=SHARED, CHANGE COLUMN ecol6 geocol3 MULTIPOLYGON DEFAULT ST_GEOMFROMTEXT('Point(1 1)'), FORCE, LOCK=EXCLUSIVE, ALGORITHM=DEFAULT /* QNO 290 CON_ID 16 */
		   16 Query	INSERT INTO `view_t7` SELECT * FROM `view_t6` /* QNO 291 CON_ID 16 */
		   16 Query	COMMIT /* QNO 292 CON_ID 16 */
		   16 Query	CREATE OR REPLACE VIEW transforms.view_3612_probe AS COMMIT /* QNO 292 CON_ID 16 */  /* QNO 293 CON_ID 16 */
		   16 Query	INSERT INTO `t1` SELECT * FROM `view_t2` /* QNO 294 CON_ID 16 */
		   17 Query	SELECT DISTINCT GROUP_CONCAT( alias1.`col_blob` ORDER BY 1 ) AS cfield1 FROM ( `view_t3` AS alias1 RIGHT OUTER JOIN ( ( `view_t5` AS alias2 LEFT OUTER JOIN ( SELECT SQ1_alias1.* FROM `view_t8` AS SQ1_alias1 ) AS alias3 ON (( alias3.`col_bit` != alias2.`col_int` ) AND (alias3.`col_bit` >= alias2.`col_int` ) ) ) ) ON (alias3.`col_int` = alias2.`vcol_int` ) ) WHERE ( 'r', 'y' ) NOT IN ( SELECT SQ2_alias1.`vcol_char` AS SQ2_cfield1, SQ2_alias1.`col_char` AS SQ2_cfield2 FROM ( `t2` AS SQ2_alias1 RIGHT JOIN ( `view_t7` AS SQ2_alias2 LEFT JOIN `view_t6` AS SQ2_alias3 ON (SQ2_alias3.`vcol_int` = SQ2_alias2.`pk` ) ) ON (SQ2_alias3.`col_varchar` = SQ2_alias2.`col_varchar` ) ) ) ORDER BY cfield1 LIMIT 100 OFFSET 5 /* QNO 218 CON_ID 17 */
		   17 Query	INSERT INTO `t5` SELECT * FROM `t6` /* QNO 219 CON_ID 17 */
		   17 Query	SELECT alias1.`col_year` AS field1, alias1.`pk` AS ifield1 FROM ( `t4` AS alias1, `view_t8` AS alias2, ( SELECT SQL_SMALL_RESULT SQ1_alias1.* FROM `view_t5` AS SQ1_alias1 ) AS alias3 ) WHERE ( alias1.`col_bit` = 237 AND alias1.`col_varchar` = alias2.`vcol_varchar` ) AND ( 2 = -77 AND alias1.`col_bit` IS NOT NULL ) ORDER BY ifield1, field1 /* QNO 220 CON_ID 17 */
		   17 Query	ALTER TABLE `t2` FORCE  /* QNO 221 CON_ID 17 */
		   15 Query	/* GenTest::Transform::ExecuteAsUnion */ ( SELECT * FROM t9 FOR UPDATE /* QNO 312 CON_ID 15 */  ) UNION ALL ( SELECT * FROM t9 FOR UPDATE /* QNO 312 CON_ID 15 */  LIMIT 0 ) /* TRANSFORM_OUTCOME_UNORDERED_MATCH */ /* QNO 330 CON_ID 15 */
		   18 Query	CREATE OR REPLACE VIEW transforms.view_4452_probe AS ALTER TABLE t2 STATS_AUTO_RECALC = DEFAULT /* QNO 245 CON_ID 18 */  /* QNO 246 CON_ID 18 */
		   18 Query	DELETE FROM t9 LIMIT 4 /* QNO 247 CON_ID 18 */
		   15 Query	( SELECT * FROM t9 FOR UPDATE /* QNO 312 CON_ID 15 */  LIMIT 0 ) UNION ALL ( SELECT * FROM t9 FOR UPDATE /* QNO 312 CON_ID 15 */  ) /* TRANSFORM_OUTCOME_UNORDERED_MATCH */ /* QNO 331 CON_ID 15 */
		   20 Query	SELECT * FROM `t1` INTO OUTFILE 'load_t1'  /* QNO 249 CON_ID 20 */
		   15 Query	( SELECT * FROM t9 FOR UPDATE /* QNO 312 CON_ID 15 */  ) UNION DISTINCT ( SELECT * FROM t9 FOR UPDATE /* QNO 312 CON_ID 15 */  ) /* TRANSFORM_OUTCOME_DISTINCT */ /* QNO 332 CON_ID 15 */
		   18 Query	/* GenTest::Transform::ExecuteAsDeleteReturning */ DELETE FROM t9 LIMIT 4 /* QNO 247 CON_ID 18 */  RETURNING * /* QNO 248 CON_ID 18 */
		   18 Query	CREATE OR REPLACE VIEW transforms.view_4452_probe AS DELETE FROM t9 LIMIT 4 /* QNO 247 CON_ID 18 */  /* QNO 249 CON_ID 18 */
		   18 Query	INSERT INTO `view_t8` SELECT * FROM `t3` /* QNO 250 CON_ID 18 */
		   20 Query	LOAD DATA INFILE 'load_t1' IGNORE INTO TABLE t1 /* QNO 250 CON_ID 20 */
		   16 Query	SELECT SQL_SMALL_RESULT alias1.`vcol_int` AS ifield1 FROM ( ( SELECT SQL_SMALL_RESULT SQ1_alias1.* FROM ( `view_t9` AS SQ1_alias1 RIGHT JOIN ( `t3` AS SQ1_alias2 LEFT OUTER JOIN `view_t1` AS SQ1_alias3 ON (SQ1_alias3.`col_int` = SQ1_alias2.`pk` ) ) ON (SQ1_alias3.`vcol_varchar` = SQ1_alias2.`vcol_varchar` ) ) ) AS alias1, `view_t6` AS alias2 ) WHERE ( alias1.`col_bit` = 196 AND alias1.`vcol_varchar` LIKE CONCAT( 'r', '%') ) HAVING ifield1 < 'USA'  /* QNO 295 CON_ID 16 */
		   18 Query	ALTER IGNORE TABLE `view_t6` DROP COLUMN IF EXISTS icol2, ALGORITHM=COPY, LOCK=EXCLUSIVE, ADD CONSTRAINT u PRIMARY KEY(scol9(56)), ALGORITHM=COPY, LOCK=EXCLUSIVE /* QNO 251 CON_ID 18 */
		   18 Query	INSERT INTO `view_t7` (`col_bit`) VALUES (''),('b'),(NULL),(NULL),(''),(4) /* QNO 252 CON_ID 18 */
		   20 Query	INSERT INTO `view_t3` ( ncol9 ) SELECT icol2 FROM `t1`  /* QNO 251 CON_ID 20 */
		   19 Query	SELECT alias1.`col_bit` AS field1, alias1.`vcol_varchar` AS cfield1, alias1.`col_enum` AS field2, alias1.`vcol_int` AS ifield1, 'a' AS cfield2 FROM ( `t4` AS alias1, ( SELECT DISTINCT SQ1_alias1.* FROM `view_t5` AS SQ1_alias1 WHERE SQ1_alias1.`vcol_char` >= SQ1_alias1.`col_varchar` ) AS alias2 ) WHERE ( alias2.`vcol_int` >= ( SELECT MAX( SQ2_alias1.`vcol_bit` ) AS SQ2_ifield1 FROM ( `view_t4` AS SQ2_alias1 INNER JOIN ( `view_t3` AS SQ2_alias2 RIGHT OUTER JOIN `view_t7` AS SQ2_alias3 ON (SQ2_alias3.`col_int` = SQ2_alias2.`pk` ) ) ON (SQ2_alias3.`col_varchar` = SQ2_alias2.`col_char` ) ) ) ) OR ( alias1.`col_bit` IS NULL AND alias1.`col_varchar` < 3 ) GROUP BY field1, cfield1, field2, ifield1, cfield2 HAVING ifield1 < 8  /* QNO 326 CON_ID 19 */
		   19 Query	INSERT INTO `view_t1` SELECT * FROM `t2` /* QNO 327 CON_ID 19 */
		   16 Query	SELECT * FROM `t3` INTO OUTFILE 'load_t3'  /* QNO 296 CON_ID 16 */
		   16 Query	LOAD DATA INFILE 'load_t3' IGNORE INTO TABLE t3 /* QNO 297 CON_ID 16 */
		   16 Query	INSERT INTO `t2` SELECT * FROM `t9` /* QNO 298 CON_ID 16 */
		   18 Query	SELECT alias1.`pk` AS field1 FROM ( `view_t2` AS alias1, `view_t2` AS alias2, `view_t7` AS alias3 ) WHERE alias1.`col_varchar` NOT IN ( SELECT DISTINCT SQL_SMALL_RESULT SQ1_alias1.`col_varchar` AS SQ1_cfield1 FROM `view_t1` AS SQ1_alias1 ) GROUP BY field1 ORDER BY field1 LIMIT 10 OFFSET 8 /* QNO 253 CON_ID 18 */
		   20 Query	SELECT 'z' AS cfield1 FROM ( `t7` AS alias1 INNER JOIN ( ( `t5` AS alias2 RIGHT JOIN ( SELECT SQ1_alias1.* FROM `view_t5` AS SQ1_alias1 ) AS alias3 ON (alias3.`vcol_varchar` = alias2.`col_varchar` ) ) ) ON (( alias3.`col_bit` = alias2.`col_int` ) OR ( ( alias3.`vcol_bit` = alias2.`col_bit` ) AND ( ( alias3.`vcol_varchar` = alias2.`col_varchar` ) OR ( ( alias3.`pk` = alias2.`col_int` ) OR ( ( alias3.`col_varchar` = alias2.`vcol_varchar` ) AND ( ( alias3.`col_bit` = alias2.`col_int` ) AND (alias3.`col_bit` <= alias2.`pk` ) ) ) ) ) ) ) ) WHERE alias1.`col_bit` = alias3.`col_int` HAVING (((((cfield1 = 26 OR cfield1 < 117) AND cfield1 < 3) AND cfield1 < 1) AND cfield1 <> 1) AND cfield1 != 8) ORDER BY cfield1 LIMIT 10 /* QNO 252 CON_ID 20 */
		   20 Query	INSERT INTO `view_t7` SELECT * FROM `view_t6` /* QNO 253 CON_ID 20 */
		   20 Query	INSERT INTO `view_t6` SELECT * FROM `view_t8` /* QNO 254 CON_ID 20 */
		   20 Query	SELECT alias1.`vcol_varchar` AS cfield1, ( SELECT SUM( SQ1_alias1.`col_bit` ) AS SQ1_ifield1 FROM `view_t2` AS SQ1_alias1 WHERE alias1.`vcol_bit` IN ( SQ1_alias1.`vcol_varchar` IN ( SELECT 6 UNION ALL SELECT 4 ) ) AND SQ1_alias1.`col_int` IN ( ( SELECT C_SQ2_alias1.`vcol_bit` AS C_SQ2_ifield1 FROM ( `view_t8` AS C_SQ2_alias1 INNER JOIN ( ( `t4` AS C_SQ2_alias2 INNER JOIN `t7` AS C_SQ2_alias3 ON (C_SQ2_alias3.`vcol_bit` = C_SQ2_alias2.`pk` ) ) ) ON (C_SQ2_alias3.`col_varchar` = C_SQ2_alias2.`col_varchar` ) ) WHERE C_SQ2_alias1.`col_int` > alias1.`col_int` ) ) ) AS field1 FROM ( `t9` AS alias1 RIGHT OUTER JOIN ( ( `t4` AS alias2 INNER JOIN `view_t7` AS alias3 ON (( alias3.`col_bit` > alias2.`col_int` ) AND (alias3.`col_bit` != alias2.`col_int` ) ) ) ) ON (( alias3.`col_bit` = alias2.`vcol_int` ) AND (alias3.`col_bit` < alias2.`pk` ) ) ) WHERE ( EXISTS ( SELECT SQ2_alias1.`vcol_bit` AS SQ2_ifield1 FROM ( `view_t1` AS SQ2_alias1 INNER JOIN `t8` AS SQ2_alias2 ON (SQ2_alias2.`` = SQ2_alias1.`col_varchar` ) ) WHERE SQ2_alias1.`vcol_char` > alias3.`vcol_char` AND SQ2_alias2.`vcol_int` <> 6 ) ) AND alias1.`` = alias3.`` GROUP BY cfield1, field1  /* QNO 255 CON_ID 20 */
		   15 Query	( SELECT * FROM t9 FOR UPDATE /* QNO 312 CON_ID 15 */  ) UNION ALL ( SELECT * FROM t9 FOR UPDATE /* QNO 312 CON_ID 15 */  ) /* TRANSFORM_OUTCOME_SUPERSET */ /* QNO 333 CON_ID 15 */
		   15 Query	CREATE OR REPLACE VIEW transforms.view_9144_probe AS SELECT * FROM t9 FOR UPDATE /* QNO 312 CON_ID 15 */  /* QNO 334 CON_ID 15 */
		   19 Query	INSERT INTO `view_t5` SELECT * FROM `t9` /* QNO 328 CON_ID 19 */
		   20 Query	FLUSH TABLES /* QNO 256 CON_ID 20 */
		   19 Query	INSERT INTO `t9` ( vcol1 ) SELECT icol2 FROM `t7`  /* QNO 329 CON_ID 19 */
		   16 Query	CREATE OR REPLACE TABLE t8 (ncol4 DECIMAL ZEROFILL NOT NULL, ncol7 DOUBLE NULL DEFAULT '' ) ROW_FORMAT REDUNDANT  /* QNO 299 CON_ID 16 */
		   15 Query	DROP VIEW transforms.view_9144_probe /* QNO 335 CON_ID 15 */
		   15 Query	/* GenTest::Transform::ExecuteAsView */ CREATE DATABASE IF NOT EXISTS transforms /* QNO 336 CON_ID 15 */
		   15 Query	SHOW WARNINGS
		   15 Query	DROP VIEW IF EXISTS transforms.view_9144_merge , transforms.view_9144_temptable /* QNO 337 CON_ID 15 */
		   15 Query	SHOW WARNINGS
		   15 Query	CREATE OR REPLACE ALGORITHM=MERGE VIEW transforms.view_9144_merge AS SELECT * FROM t9 FOR UPDATE /* QNO 312 CON_ID 15 */  /* QNO 338 CON_ID 15 */
		   20 Query	CREATE OR REPLACE VIEW transforms.view_4672_probe AS FLUSH TABLES /* QNO 256 CON_ID 20 */  /* QNO 257 CON_ID 20 */
		   20 Query	ALTER TABLE `t7` PARTITION BY KEY(ncol6) /* QNO 258 CON_ID 20 */
		   19 Query	ALTER TABLE `view_t8` /*!100301 WAIT 3 */ DROP INDEX ind9 /* QNO 330 CON_ID 19 */
		   19 Query	ALTER TABLE t7 DROP COLUMN IF EXISTS ecol9, ALGORITHM=DEFAULT, LOCK=SHARED /* QNO 331 CON_ID 19 */
		   19 Query	INSERT INTO `t9` SELECT * FROM `t2` /* QNO 332 CON_ID 19 */
		   20 Query	SELECT `col_char` AS cfield1 FROM ( SELECT SQ1_alias1.* FROM ( `t2` AS SQ1_alias1 INNER JOIN `view_t8` AS SQ1_alias2 ON (SQ1_alias2.`col_char` = SQ1_alias1.`col_varchar` ) ) WHERE SQ1_alias2.`col_char` != SQ1_alias2.`col_varchar` ) AS alias1 WHERE ( ( alias1.`col_bit` > 69 AND alias1.`col_bit` < ( 154 + 119 ) OR alias1.`col_bit` BETWEEN 49 AND ( 113 + 133 ) ) OR alias1.`vcol_datetime` > 'n' ) GROUP BY cfield1 /* QNO 259 CON_ID 20 */
		   15 Query	SELECT * FROM transforms.view_9144_merge /* TRANSFORM_OUTCOME_UNORDERED_MATCH */ /* QNO 339 CON_ID 15 */
		   15 Query	CREATE OR REPLACE ALGORITHM=TEMPTABLE VIEW transforms.view_9144_temptable AS SELECT * FROM t9 FOR UPDATE /* QNO 312 CON_ID 15 */  /* QNO 340 CON_ID 15 */
		   15 Query	SELECT * FROM transforms.view_9144_temptable /* TRANSFORM_OUTCOME_UNORDERED_MATCH */ /* QNO 341 CON_ID 15 */
		   15 Query	DROP VIEW transforms.view_9144_merge , transforms.view_9144_temptable /* QNO 342 CON_ID 15 */
		   15 Query	/* GenTest::Transform::ExecuteAsPreparedTwice */ PREPARE prep_stmt_9144 FROM 'SELECT * FROM t9 FOR UPDATE /* QNO 312 CON_ID 15 */ ' /* QNO 343 CON_ID 15 */
		   15 Prepare	SELECT * FROM t9 FOR UPDATE /* QNO 312 CON_ID 15 */
		   15 Query	EXECUTE prep_stmt_9144 /* TRANSFORM_OUTCOME_UNORDERED_MATCH */ /* QNO 344 CON_ID 15 */
		   15 Execute	SELECT * FROM t9 FOR UPDATE /* QNO 312 CON_ID 15 */
		   15 Query	EXECUTE prep_stmt_9144 /* TRANSFORM_OUTCOME_UNORDERED_MATCH */ /* QNO 345 CON_ID 15 */
		   15 Execute	SELECT * FROM t9 FOR UPDATE /* QNO 312 CON_ID 15 */
		   15 Query	DEALLOCATE PREPARE prep_stmt_9144 /* QNO 346 CON_ID 15 */
		   15 Query	/* GenTest::Transform::ExecuteAsSPTwice */ DROP PROCEDURE IF EXISTS stored_proc_9144 /* QNO 347 CON_ID 15 */
		   15 Query	SHOW WARNINGS
		   15 Query	CREATE PROCEDURE stored_proc_9144 () LANGUAGE SQL SELECT * FROM t9 FOR UPDATE /* QNO 312 CON_ID 15 */  /* QNO 348 CON_ID 15 */
		   15 Query	CALL stored_proc_9144 /* TRANSFORM_OUTCOME_UNORDERED_MATCH */ /* QNO 349 CON_ID 15 */
		   15 Query	CALL stored_proc_9144 /* TRANSFORM_OUTCOME_UNORDERED_MATCH */ /* QNO 350 CON_ID 15 */
		   15 Query	DROP PROCEDURE IF EXISTS stored_proc_9144 /* QNO 351 CON_ID 15 */
		   17 Query	CREATE OR REPLACE VIEW transforms.view_9164_probe AS ALTER TABLE `t2` FORCE  /* QNO 221 CON_ID 17 */  /* QNO 222 CON_ID 17 */
		   17 Query	INSERT INTO `view_t6` SELECT * FROM `t7` /* QNO 223 CON_ID 17 */
		   16 Query	ALTER TABLE t1 ADD CONSTRAINT d UNIQUE KEY(scol8(92)), ALGORITHM=INPLACE, LOCK=DEFAULT, ADD CONSTRAINT FOREIGN KEY (scol2) REFERENCES t8 (tscol6) ON UPDATE NO ACTION, STATS_AUTO_RECALC = 0 /* QNO 300 CON_ID 16 */
		   16 Query	INSERT INTO `t1` SELECT * FROM `t7` /* QNO 301 CON_ID 16 */
		   18 Query	SELECT * FROM `t8` INTO OUTFILE 'load_t8'  /* QNO 254 CON_ID 18 */
		   17 Query	ALTER ONLINE TABLE `view_t9` ADD INDEX(bcol9), ALGORITHM=INPLACE, LOCK=DEFAULT /* QNO 224 CON_ID 17 */
		   16 Query	ALTER TABLE `t9` RENAME TO t1 /* QNO 302 CON_ID 16 */
		   18 Query	LOAD DATA INFILE 'load_t8' REPLACE INTO TABLE t8 /* QNO 255 CON_ID 18 */
		   17 Query	ALTER TABLE t4 STATS_AUTO_RECALC 0 /* QNO 225 CON_ID 17 */
		   16 Query	ALTER TABLE t7 /*!100301 WAIT 8 */ ALTER COLUMN ecol7 DROP DEFAULT /* QNO 303 CON_ID 16 */
		   16 Query	ALTER IGNORE TABLE t8 /*!100301 WAIT 9 */ ADD CONSTRAINT UNIQUE INDEX(icol10)  /* QNO 304 CON_ID 16 */
		   19 Query	SELECT MIN( alias1.`vcol_char` ) AS field1 FROM ( `view_t7` AS alias1, ( SELECT SQ1_alias1.* FROM `t8` AS SQ1_alias1 ) AS alias2 ) WHERE ( ( 9, 18 ) IN ( SELECT SQ2_alias1.`pk` AS SQ2_ifield1, MAX( SQ2_alias1.`vcol_int` ) AS SQ2_ifield2 FROM ( `view_t9` AS SQ2_alias1, `view_t8` AS SQ2_alias2 ) ) ) OR ( alias1.`vcol_char` = 'y' AND alias1.`pk` = alias1.`col_timestamp` ) ORDER BY field1 LIMIT 10 /* QNO 333 CON_ID 19 */
		   20 Query	SELECT -106 AS ifield1, alias1.`col_int` AS ifield2, alias1.`col_varchar` AS cfield1 FROM ( `view_t3` AS alias1, `t7` AS alias2 ) WHERE EXISTS ( SELECT SQL_SMALL_RESULT SQ1_alias1.`pk` AS SQ1_ifield1 FROM ( `t6` AS SQ1_alias1 INNER JOIN `t3` AS SQ1_alias2 ON (SQ1_alias2.`vcol_char` = SQ1_alias1.`vcol_varchar` ) ) WHERE SQ1_alias1.`col_bit` != alias1.`vcol_int` OR SQ1_alias1.`vcol_int` = alias1.`col_int` ) GROUP BY ifield1, ifield2, cfield1 HAVING (ifield2 = 'e' AND ifield1 = 'j') ORDER BY ifield2 /* QNO 260 CON_ID 20 */
		   20 Query	ALTER ONLINE IGNORE TABLE t2 /*!100301 WAIT 5 */ DROP COLUMN IF EXISTS `vcol_date`  /* QNO 261 CON_ID 20 */
		   20 Query	SHOW WARNINGS
		   18 Query	SELECT MIN( alias1.`vcol_year` ) AS field1 FROM ( `t3` AS alias1 RIGHT OUTER JOIN ( ( `t1` AS alias2 LEFT OUTER JOIN `t1` AS alias3 ON (alias3.`pk` = alias2.`vcol_bit` ) ) ) ON (( alias3.`pk` <> alias2.`vcol_int` ) AND (alias3.`pk` >= alias2.`vcol_bit` ) ) ) WHERE ( ( SELECT 4 FROM DUAL ) IS NULL ) OR ( alias1.`pk` > 181 AND alias1.`pk` < ( 197 + 97 ) OR ( alias1.`col_int` BETWEEN 38 AND ( 109 + 152 ) OR alias1.`pk` BETWEEN 64 AND ( 14 + 28 ) ) ) OR ( ( alias1.`vcol_char` < 'f' OR ( alias1.`pk` BETWEEN 12 AND ( 141 + 202 ) OR alias1.`col_int` IN (32) ) ) AND 't' NOT LIKE 'f' ) HAVING (field1 != 'zm' AND field1 = 'ms') ORDER BY field1 /* QNO 256 CON_ID 18 */
		   20 Query	ALTER IGNORE TABLE t4 /*!100301 WAIT 5 */ ADD CONSTRAINT f PRIMARY KEY(icol6), ALGORITHM=INPLACE, DROP COLUMN IF EXISTS `pk`, ALGORITHM=COPY, LOCK=NONE /* QNO 262 CON_ID 20 */
		   18 Query	ALTER IGNORE TABLE t9 ADD CONSTRAINT FOREIGN KEY (tcol9) REFERENCES t1 (ncol4) ON DELETE SET NULL, DROP INDEX ind6 /* QNO 257 CON_ID 18 */
		   18 Query	SELECT * FROM `view_t5` INTO OUTFILE 'load_view_t5'  /* QNO 258 CON_ID 18 */
		   18 Query	LOAD DATA INFILE 'load_view_t5' REPLACE INTO TABLE view_t5 /* QNO 259 CON_ID 18 */
		   19 Query	SELECT ( SELECT SUM( SQ1_alias1.`vcol_bit` ) AS SQ1_ifield1 FROM ( `t1` AS SQ1_alias1, `t8` AS SQ1_alias2 ) ) AS field1, alias1.`col_char` AS cfield1, COUNT( alias1.`pk` ) AS field2, MAX( alias1.`vcol_year` ) AS field3 FROM ( `view_t1` AS alias1, `view_t5` AS alias2, ( SELECT SQ2_alias1.* FROM ( `t9` AS SQ2_alias1 RIGHT OUTER JOIN `t2` AS SQ2_alias2 ON (SQ2_alias2.`pk` = SQ2_alias1.`pk` ) ) WHERE SQ2_alias1.`col_varchar` >= 'v' ) AS alias3 ) WHERE ( SELECT MAX( DISTINCT SQ3_alias1.`col_varchar` ) AS SQ3_cfield1 FROM ( `t2` AS SQ3_alias1, `view_t9` AS SQ3_alias2 ) ) IS NULL GROUP BY field1, cfield1  /* QNO 334 CON_ID 19 */
		   18 Query	SELECT alias1.`col_year` AS field1, -110 AS ifield1, CONCAT( alias1.`col_varchar`, alias1.`col_varchar` ) AS cfield1, alias1.`col_year` AS field2 FROM ( `t4` AS alias1, `view_t3` AS alias2, `t5` AS alias3 ) WHERE ( 1 <= SOME ( SELECT 4 FROM DUAL ) ) AND alias1.`vcol_bit` > 42 AND alias1.`pk` < ( 250 + 237 ) AND ( alias1.`pk` BETWEEN 39 AND ( 146 + 47 ) AND alias1.`col_date` IS NULL AND 'q' = 'l' ) GROUP BY field1, ifield1, cfield1, field2 ORDER BY field2 /* QNO 260 CON_ID 18 */
		   16 Query	SELECT CONCAT( alias1.`vcol_char`, alias1.`vcol_varchar` ) AS cfield1, GROUP_CONCAT( IF( alias1.`vcol_time`, alias1.`col_date`, alias1.`vcol_date` ), IF( alias1.`vcol_timestamp`, alias1.`col_enum`, alias1.`col_bit` ), alias1.`col_year` ORDER BY 3,1,2 SEPARATOR ',' ) AS cfield2 FROM ( `view_t9` AS alias1 INNER JOIN ( ( `view_t5` AS alias2 INNER JOIN ( SELECT SQL_SMALL_RESULT SQ1_alias1.* FROM `t2` AS SQ1_alias1 ) AS alias3 ON (( alias3.`col_bit` <= alias2.`vcol_int` ) AND ( ( alias3.`pk` <> alias2.`vcol_bit` ) AND (alias3.`pk` <> alias2.`pk` ) ) ) ) ) ON (( alias3.`pk` <> alias2.`pk` ) AND (alias3.`pk` <> alias2.`vcol_int` ) ) ) WHERE alias1.`vcol_bit` IN ( SELECT SQL_SMALL_RESULT SQ2_alias1.`col_bit` AS SQ2_ifield1 FROM `t1` AS SQ2_alias1 WHERE SQ2_alias1.`vcol_int` IN ( ( SELECT C_SQ1_alias1.`pk` AS C_SQ1_ifield1 FROM ( `view_t8` AS C_SQ1_alias1 INNER JOIN `t5` AS C_SQ1_alias2 ON (C_SQ1_alias2.`vcol_bit` = C_SQ1_alias1.`col_bit` ) ) WHERE C_SQ1_alias2.`vcol_bit` > alias2.`vcol_bit` ) ) AND alias1.`vcol_int` IN ( ( SELECT C_SQ2_alias1.`col_bit` AS C_SQ2_ifield1 FROM `view_t5` AS C_SQ2_alias1 ) ) ) GROUP BY cfield1  /* QNO 305 CON_ID 16 */
		   17 Query	CREATE OR REPLACE VIEW transforms.view_9164_probe AS ALTER TABLE t4 STATS_AUTO_RECALC 0 /* QNO 225 CON_ID 17 */  /* QNO 226 CON_ID 17 */
		   20 Query	SELECT * FROM `view_t2` INTO OUTFILE 'load_view_t2'  /* QNO 263 CON_ID 20 */
		   18 Query	ALTER ONLINE IGNORE TABLE `view_t6` /*!100301 WAIT 3 */ ADD IF NOT EXISTS ( `col_char` TEXT DEFAULT NULL ), ALGORITHM=COPY, LOCK=NONE, ADD CONSTRAINT y CHECK (vcol8 LIKE 8) /* QNO 261 CON_ID 18 */
		   16 Query	ALTER TABLE t5 ADD CONSTRAINT r FOREIGN KEY (vcol3) REFERENCES t2 (`col_time`), ADD SPATIAL INDEX(geocol8), ALGORITHM=DEFAULT, LOCK=NONE /* QNO 306 CON_ID 16 */
		   20 Query	LOAD DATA INFILE 'load_view_t2' REPLACE INTO TABLE view_t2 /* QNO 264 CON_ID 20 */
		   18 Query	ALTER TABLE t9 ADD FOREIGN KEY u (tcol5) REFERENCES t9 (`col_int`) ON DELETE CASCADE ON UPDATE SET NULL, ADD COLUMN IF NOT EXISTS ( bcol1 BIT NOT NULL ), ALGORITHM=COPY, LOCK=EXCLUSIVE, ADD CONSTRAINT FOREIGN KEY (tcol6, vcol2) REFERENCES `t8` (ecol4) ON DELETE SET DEFAULT  /* QNO 262 CON_ID 18 */
		   18 Query	SELECT * FROM `view_t1` INTO OUTFILE 'load_view_t1'  /* QNO 263 CON_ID 18 */
		   18 Query	LOAD DATA INFILE 'load_view_t1' REPLACE INTO TABLE view_t1 /* QNO 264 CON_ID 18 */
