		   15 Query	EXPLAIN SELECT alias1.`vcol_int` AS ifield1, alias1.`vcol_int` AS ifield2 FROM ( `view_t2` AS alias1 INNER JOIN ( ( `t9` AS alias2 INNER JOIN `view_t3` AS alias3 ON (( alias3.`col_bit` <= alias2.`col_int` ) AND (alias3.`col_bit` > alias2.`vcol_int` ) ) ) ) ON (( alias3.`col_bit` <> alias2.`vcol_int` ) AND (alias3.`col_bit` != alias2.`col_bit` ) ) ) WHERE ( alias1.`pk` NOT IN (55, 183, 161) OR ( alias1.`pk` BETWEEN 206 AND ( 237 + 227 ) OR ( alias1.`col_bit` > 113 AND alias1.`col_bit` < ( 169 + 119 ) OR alias1.`col_int` > 113 AND alias1.`col_bit` < ( 27 + 102 ) ) ) ) GROUP BY ifield1, ifield2  /* QNO 833 CON_ID 15 */
		   20 Query	LOAD DATA INFILE 'load_t1' IGNORE INTO TABLE t1 /* QNO 678 CON_ID 20 */
		   15 Query	INSERT INTO `view_t2` SELECT * FROM `view_t8` /* QNO 834 CON_ID 15 */
		   16 Query	SELECT COUNT( DISTINCT alias1.`col_year` ) AS field1 FROM ( `t1` AS alias1 LEFT OUTER JOIN ( ( ( SELECT DISTINCT SQ1_alias1.* FROM `t6` AS SQ1_alias1 WHERE SQ1_alias1.`vcol_char` != SQ1_alias1.`vcol_varchar` ) AS alias2 INNER JOIN `view_t3` AS alias3 ON (( alias3.`col_bit` > alias2.`vcol_bit` ) AND (alias3.`col_bit` < alias2.`vcol_bit` ) ) ) ) ON (( alias3.`col_bit` = alias2.`col_bit` ) AND (alias3.`col_bit` = alias2.`vcol_int` ) ) ) WHERE 1 <> ANY ( SELECT 6 FROM DUAL )  /* QNO 822 CON_ID 16 */
		   15 Query	OPTIMIZE TABLE t10 /* QNO 835 CON_ID 15 */
		   20 Query	INSERT INTO `view_t3` SELECT * FROM `t7` /* QNO 679 CON_ID 20 */
		   16 Query	SELECT * FROM `view_t8` INTO OUTFILE 'load_view_t8'  /* QNO 823 CON_ID 16 */
		   17 Query	INSERT INTO `t2` SELECT * FROM `view_t1` /* QNO 588 CON_ID 17 */
		   16 Query	LOAD DATA INFILE 'load_view_t8' IGNORE INTO TABLE view_t8 /* QNO 824 CON_ID 16 */
		   17 Query	ALTER IGNORE TABLE t2 ADD INDEX(icol9), ALGORITHM=INPLACE  /* QNO 589 CON_ID 17 */
		   17 Query	INSERT INTO `t7` SELECT * FROM `view_t3` /* QNO 590 CON_ID 17 */
		   16 Query	SELECT MAX( `vcol_char`) AS field1, `vcol_int` AS field2, `col_int` AS ifield1 FROM `t9` AS alias1 WHERE ( alias1.`pk` IN (230, 250) OR alias1.`vcol_char` != 'w' ) GROUP BY field2, ifield1 /* QNO 825 CON_ID 16 */
		   16 Query	INSERT INTO t2 () VALUES () /* QNO 826 CON_ID 16 */
		   16 Query	ALTER TABLE t9 /*!100301 NOWAIT */ /*!100108 IETF_QUOTES = YES */ /* QNO 827 CON_ID 16 */
		   16 Query	SELECT -1 AS ifield1, alias1.`vcol_varchar` AS cfield1, alias1.`pk` AS ifield2, alias1.`` AS cfield2, SUM( alias1.`vcol_date` ) AS field1, GROUP_CONCAT( alias1.`col_char`, alias1.`vcol_char` ORDER BY 2,1 SEPARATOR '___' ) AS cfield3, alias1.`col_bit` AS ifield3, alias1.`col_int` AS ifield4, alias1.`col_varchar` AS cfield4 FROM ( `view_t2` AS alias1 LEFT OUTER JOIN `view_t2` AS alias2 ON (alias2.`col_char` = alias1.`vcol_char` ) ) WHERE ( alias2.`col_varchar` IN ( SELECT SQ1_alias1.`vcol_varchar` AS SQ1_cfield1 FROM ( `view_t7` AS SQ1_alias1 INNER JOIN ( `t5` AS SQ1_alias2 STRAIGHT_JOIN `t5` AS SQ1_alias3 ON (SQ1_alias3.`col_char` = SQ1_alias2.`vcol_varchar` ) ) ON (SQ1_alias3.`col_varchar` = SQ1_alias2.`col_char` ) ) WHERE SQ1_alias2.`col_varchar` != alias1.`vcol_char` AND SQ1_alias2.`vcol_bit` <> 9 ) ) AND alias1.`pk` BETWEEN 186 AND ( 183 + 89 ) GROUP BY ifield1, cfield1, ifield2, cfield2, ifield3, ifield4, cfield4 ORDER BY ifield3, ifield2, cfield1, cfield2, cfield4 /* QNO 828 CON_ID 16 */
		   16 Query	FLUSH TABLES /* QNO 829 CON_ID 16 */
		   18 Query	CREATE OR REPLACE VIEW transforms.view_4452_probe AS  RENAME TABLE t3 TO tmp_rename_4452, tmp_rename_4452 TO t3 /* QNO 843 CON_ID 18 */  /* QNO 844 CON_ID 18 */
		   18 Query	SELECT * FROM `view_t2` INTO OUTFILE 'load_view_t2'  /* QNO 845 CON_ID 18 */
		   18 Query	LOAD DATA INFILE 'load_view_t2' IGNORE INTO TABLE view_t2 /* QNO 846 CON_ID 18 */
		   18 Query	SELECT MAX( `col_char`) AS field1, `col_datetime` AS field2, `col_int` AS field3, `col_int` AS ifield1, `col_int` AS ifield2 FROM ( SELECT SQ1_alias1.* FROM ( `view_t9` AS SQ1_alias1 INNER JOIN ( `t3` AS SQ1_alias2 LEFT JOIN `view_t7` AS SQ1_alias3 ON (SQ1_alias3.`col_bit` = SQ1_alias2.`col_int` ) ) ON (SQ1_alias3.`col_varchar` = SQ1_alias2.`vcol_varchar` ) ) ) AS alias1 WHERE ( ( alias1.`col_bit` > 166 AND alias1.`pk` < ( 36 + 205 ) OR ( alias1.`vcol_varchar` = 'v' OR alias1.`col_varchar` < 'a' ) ) AND 3 > ANY ( SELECT DISTINCT SQ2_alias1.`col_int` AS SQ2_ifield1 FROM `t5` AS SQ2_alias1 HAVING SQ2_ifield1 = 'v' ) ) GROUP BY field2, field3, ifield1, ifield2 /* QNO 847 CON_ID 18 */
		   18 Query	ALTER TABLE t8 PARTITION BY HASH(ecol2) /* QNO 848 CON_ID 18 */
		   18 Query	INSERT INTO `view_t8` SELECT * FROM `t2` /* QNO 849 CON_ID 18 */
		   18 Query	SELECT * FROM `t1` INTO OUTFILE 'load_t1'  /* QNO 850 CON_ID 18 */
		   16 Query	CREATE OR REPLACE VIEW transforms.view_3612_probe AS FLUSH TABLES /* QNO 829 CON_ID 16 */  /* QNO 830 CON_ID 16 */
		   18 Query	LOAD DATA INFILE 'load_t1' IGNORE INTO TABLE t1 /* QNO 851 CON_ID 18 */
		   19 Query	INSERT INTO t8 ( tcol4 ) SELECT tscol3 FROM t5 /* QNO 884 CON_ID 19 */
		   19 Query	SELECT DISTINCT MIN( `col_datetime`) AS field1, `vcol_blob` AS field2 FROM `t6` AS alias1 WHERE ( alias1.`` NOT IN ('v', 'b') OR ( alias1.`pk` = 17 AND alias1.`vcol_char` >= alias1.`vcol_bit` ) AND alias1.`vcol_datetime` IS NULL ) GROUP BY field2 /* QNO 885 CON_ID 19 */
		   16 Query	SELECT ( SELECT COUNT( alias1.`col_bit` ) AS SQ1_ifield1 FROM ( `t2` AS SQ1_alias1 INNER JOIN `view_t1` AS SQ1_alias2 ON (SQ1_alias2.`pk` = SQ1_alias1.`col_int` ) ) ) AS field1 FROM ( `t2` AS alias1 INNER JOIN `view_t1` AS alias2 ON (alias2.`pk` <= alias1.`vcol_bit` ) ) WHERE ( alias1.`vcol_bit` IN ( SELECT 1 UNION SELECT 9 ) ) AND alias1.`col_bit` IN (186) GROUP BY field1 HAVING field1 > 'hk'  /* QNO 831 CON_ID 16 */
		   17 Query	SELECT SQL_SMALL_RESULT alias1.`col_varchar` AS field1, ( SELECT MAX( DISTINCT SQ1_alias1.`vcol_char` ) AS SQ1_cfield1 FROM `view_t6` AS SQ1_alias1 ) AS field2 FROM ( `view_t9` AS alias1 RIGHT JOIN `t3` AS alias2 ON (( alias2.`vcol_varchar` < alias1.`vcol_varchar` ) AND ( ( alias2.`col_char` <> alias1.`vcol_char` ) AND ( alias2.`vcol_bit` <= alias1.`col_int` ) ) ) ) WHERE ( EXISTS ( ( SELECT SQ2_alias1.`col_char` AS SQ2_cfield1 FROM `t1` AS SQ2_alias1 GROUP BY SQ2_cfield1 ) ) ) AND ( alias1.`col_char` = alias2.`vcol_char` OR ( alias1.`col_int` = 146 AND alias1.`pk` = 23 ) ) GROUP BY field1, field2 ORDER BY field2, field1  /* QNO 591 CON_ID 17 */
		   17 Query	ALTER TABLE `t9` /*!100301 NOWAIT */ MODIFY COLUMN IF EXISTS tscol3 TIMESTAMP NULL DEFAULT 0 FIRST, ALGORITHM=COPY, LOCK=DEFAULT, ADD INDEX(ncol8), LOCK=EXCLUSIVE, ADD KEY(`vcol_int`), ALGORITHM=COPY, DROP PRIMARY KEY, ADD icol8 BIGINT ZEROFILL NULL /*!100303 INVISIBLE */ AFTER ecol10, ALGORITHM=INPLACE, RENAME TO t7 /* QNO 592 CON_ID 17 */
		   18 Query	SELECT alias1.`col_enum` AS field1, alias1.`col_char` AS cfield1, -38 AS ifield1, alias1.`col_int` AS ifield2 FROM ( `t5` AS alias1 RIGHT JOIN `t6` AS alias2 ON (alias2.`vcol_varchar` <= alias1.`` ) ) WHERE ( SELECT 7 FROM DUAL ) IS NULL HAVING cfield1 IN ( SELECT 'p' FROM DUAL )  /* QNO 852 CON_ID 18 */
		   19 Query	SELECT GROUP_CONCAT( alias1.`vcol_char` ORDER BY 1 SEPARATOR ',' ) AS cfield1, alias1.`col_date` AS field1 FROM ( `view_t7` AS alias1, `t3` AS alias2 ) WHERE ( EXISTS ( SELECT SQ1_alias1.`vcol_char` AS SQ1_cfield1 FROM ( `view_t6` AS SQ1_alias1 INNER JOIN `view_t5` AS SQ1_alias2 ON (SQ1_alias2.`vcol_varchar` = SQ1_alias1.`col_char` ) ) WHERE alias2.`vcol_int` IN ( ( SQ1_alias2.`col_char`, SQ1_alias1.`vcol_varchar` ) IN ( SELECT C_SQ1_alias1.`vcol_varchar` AS C_SQ1_cfield1, MIN( C_SQ1_alias1.`vcol_char` ) AS C_SQ1_cfield2 FROM `t3` AS C_SQ1_alias1 ) ) OR alias1.`col_bit` IN ( SQ1_alias1.`vcol_varchar` != ( SELECT DISTINCT MIN( C_SQ2_alias1.`col_varchar` ) AS C_SQ2_cfield1 FROM `t8` AS C_SQ2_alias1 ) ) ) ) AND ( alias1.`` LIKE CONCAT( 'o', '%') AND ( alias1.`` LIKE CONCAT( 'd', '%') AND ( alias1.`` LIKE CONCAT( 'm', '%') AND alias1.`` = 'f' ) ) ) GROUP BY field1 HAVING field1 <= 'USA' ORDER BY field1, cfield1  /* QNO 886 CON_ID 19 */
		   16 Query	SELECT alias1.`col_varchar` AS field1, alias1.`col_bit` AS ifield1 FROM ( `view_t1` AS alias1, `t3` AS alias2 ) WHERE ( EXISTS ( SELECT SQ1_alias1.`vcol_char` AS SQ1_cfield1 FROM ( `t3` AS SQ1_alias1 INNER JOIN `view_t8` AS SQ1_alias2 ON (SQ1_alias2.`vcol_char` = SQ1_alias1.`col_varchar` ) ) WHERE alias1.`col_int` IN ( ( SQ1_alias1.`vcol_int`, SQ1_alias2.`vcol_bit` ) IN ( SELECT C_SQ1_alias1.`col_int` AS C_SQ1_ifield1, C_SQ1_alias1.`col_int` AS C_SQ1_ifield2 FROM ( `t3` AS C_SQ1_alias1 STRAIGHT_JOIN `view_t2` AS C_SQ1_alias2 ON (C_SQ1_alias2.`col_bit` = C_SQ1_alias1.`col_bit` ) ) ) ) AND SQ1_alias2.`col_char` >= alias1.`vcol_char` ) ) OR ( alias1.`vcol_char` < 'q' OR alias1.`vcol_varchar` IN ('z', 'USA') ) AND ( -105 > -8 AND alias1.`col_bit` != alias2.`vcol_int` ) GROUP BY field1, ifield1  /* QNO 832 CON_ID 16 */
		   17 Query	SELECT ( SELECT MAX( SQ1_alias1.`vcol_bit` ) AS SQ1_ifield1 FROM ( `view_t2` AS SQ1_alias1 INNER JOIN `view_t8` AS SQ1_alias2 ON (SQ1_alias2.`col_bit` = SQ1_alias1.`vcol_int` ) ) WHERE SQ1_alias1.`col_int` <= alias1.`vcol_bit` ) AS field1, GROUP_CONCAT( alias1.`col_timestamp`, alias1.`col_char` ORDER BY 1,2 SEPARATOR '___' ) AS cfield1 FROM ( `view_t7` AS alias1, `t6` AS alias2 ) WHERE ( NOT EXISTS ( SELECT SQ2_alias1.`col_varchar` AS SQ2_cfield1 FROM ( `view_t8` AS SQ2_alias1, `t3` AS SQ2_alias2 ) WHERE SQ2_alias1.`col_int` <= alias2.`pk` OR SQ2_alias2.`col_char` <> SQ2_alias2.`vcol_char` ) ) AND ( alias1.`vcol_char` = alias1.`vcol_char` AND ( alias1.`col_bit` = 252 AND alias1.`pk` = alias2.`pk` ) ) AND ( alias1.`vcol_bit` < alias1.`vcol_bit` OR alias2.`col_varchar` > alias1.`col_varchar` ) GROUP BY field1 ORDER BY cfield1 /* QNO 593 CON_ID 17 */
		   17 Query	DROP TABLE IF EXISTS tmp_rename_9164  /* QNO 594 CON_ID 17 */
		   17 Query	SHOW WARNINGS
		   17 Query	RENAME TABLE `t8` TO tmp_rename_9164, tmp_rename_9164 TO t8 /* QNO 595 CON_ID 17 */
		   17 Query	INSERT INTO `view_t5` SELECT * FROM `view_t8` /* QNO 596 CON_ID 17 */
		   19 Query	SELECT DISTINCT SQL_SMALL_RESULT -19 AS ifield1 FROM ( ( SELECT SQ1_alias1.* FROM ( `t9` AS SQ1_alias1, `t1` AS SQ1_alias2 ) WHERE SQ1_alias1.`col_varchar` IN ( SELECT C_SQ1_alias1.`vcol_varchar` AS C_SQ1_cfield1 FROM ( `view_t6` AS C_SQ1_alias1 RIGHT OUTER JOIN `t1` AS C_SQ1_alias2 ON (C_SQ1_alias2.`vcol_int` = C_SQ1_alias1.`vcol_int` ) ) WHERE C_SQ1_alias1.`vcol_char` = SQ1_alias2.`vcol_char` AND C_SQ1_alias2.`vcol_char` < SQ1_alias1.`col_char` ) ) AS alias1, `t3` AS alias2, `t7` AS alias3 ) WHERE ( alias1.`col_varchar` LIKE CONCAT( 'u', '%') AND ( alias1.`col_bit` = alias2.`col_bit` OR alias1.`vcol_char` = alias2.`vcol_char` ) ) AND ( alias1.`pk` >= alias2.`col_timestamp` OR 'q' = 's' )  /* QNO 887 CON_ID 19 */
		   19 Query	OPTIMIZE TABLE t7 /* QNO 888 CON_ID 19 */
		   16 Query	ALTER TABLE t7 ALTER COLUMN ncol6 SET DEFAULT 0, DROP PRIMARY KEY /* QNO 833 CON_ID 16 */
		   18 Query	SELECT * FROM `t5` INTO OUTFILE 'load_t5'  /* QNO 853 CON_ID 18 */
		   17 Query	INSERT INTO t3 () VALUES (),(),(),(),(),() /* QNO 597 CON_ID 17 */
		   18 Query	LOAD DATA INFILE 'load_t5' IGNORE INTO TABLE t5 /* QNO 854 CON_ID 18 */
		   18 Query	ALTER TABLE `view_t9` ADD CONSTRAINT k FOREIGN KEY (icol3) REFERENCES `t5` (`col_bit`) ON DELETE SET DEFAULT ON UPDATE SET DEFAULT /* QNO 855 CON_ID 18 */
		   18 Query	SELECT MIN( alias1.`vcol_bit` ) AS field1 FROM ( `view_t9` AS alias1, `t6` AS alias2 ) WHERE ( SELECT MIN( SQ1_alias1.`vcol_bit` ) AS SQ1_ifield1 FROM ( `view_t3` AS SQ1_alias1 INNER JOIN ( `t7` AS SQ1_alias2 RIGHT JOIN `view_t8` AS SQ1_alias3 ON (SQ1_alias3.`col_char` = SQ1_alias2.`col_varchar` ) ) ON (SQ1_alias3.`col_varchar` = SQ1_alias2.`vcol_varchar` ) ) ) IS NULL ORDER BY field1 LIMIT 1 OFFSET 84 /* QNO 856 CON_ID 18 */
		   18 Query	INSERT INTO t6 ( ecol7 ) SELECT tcol3 FROM t9 /* QNO 857 CON_ID 18 */
		   18 Query	ALTER TABLE t10 ADD COLUMN ecol6 SET('foo','bar') DEFAULT NULL /*!100201 CHECK (ecol4 LIKE 7) */, ALGORITHM=INPLACE, DROP INDEX ind5 /* QNO 858 CON_ID 18 */
180620  4:44:43	   20 Query	ALTER IGNORE TABLE t3 DROP PRIMARY KEY, ADD CONSTRAINT FOREIGN KEY u (icol7) REFERENCES `view_t9` (`col_char`)  /* QNO 680 CON_ID 20 */
		   20 Query	SELECT * FROM `t5` INTO OUTFILE 'load_t5'  /* QNO 681 CON_ID 20 */
		   20 Query	LOAD DATA INFILE 'load_t5' IGNORE INTO TABLE t5 /* QNO 682 CON_ID 20 */
		   20 Query	SELECT * FROM `t4` INTO OUTFILE 'load_t4'  /* QNO 683 CON_ID 20 */
		   17 Query	CREATE OR REPLACE VIEW transforms.view_9164_probe AS INSERT INTO t3 () VALUES (),(),(),(),(),() /* QNO 597 CON_ID 17 */  /* QNO 598 CON_ID 17 */
		   17 Query	SELECT 'j' AS cfield1, alias1.`vcol_int` AS ifield1, alias1.`vcol_blob` AS field1 FROM ( ( SELECT SQ1_alias1.* FROM `t2` AS SQ1_alias1 ) AS alias1, `view_t2` AS alias2, `view_t3` AS alias3 ) WHERE ( ( SELECT 'v' FROM DUAL ) IS NULL ) AND ( ( alias1.`col_char` IN ('USA') OR alias1.`col_bit` NOT IN (27, 239) ) OR alias3.`col_varchar` <> 'r' ) GROUP BY cfield1, ifield1, field1  /* QNO 599 CON_ID 17 */
		   17 Query	ALTER IGNORE TABLE t6 /*!100301 WAIT 8 */ DROP COLUMN tcol10, ALGORITHM=COPY, LOCK=EXCLUSIVE /* QNO 600 CON_ID 17 */
		   17 Query	SELECT * FROM `view_t5` INTO OUTFILE 'load_view_t5'  /* QNO 601 CON_ID 17 */
		   17 Query	LOAD DATA INFILE 'load_view_t5' REPLACE INTO TABLE view_t5 /* QNO 602 CON_ID 17 */
		   17 Query	ALTER TABLE t3 DROP FOREIGN KEY u, DROP FOREIGN KEY IF EXISTS o /* QNO 603 CON_ID 17 */
		   18 Query	SELECT 'g' AS cfield1 FROM ( `view_t9` AS alias1, `t8` AS alias2 ) WHERE alias1.`col_timestamp` >= 4 AND ( alias1.`vcol_char` LIKE '%a%' OR alias1.`vcol_char` LIKE '%b%') GROUP BY cfield1 HAVING ( ( cfield1, cfield1 ) IN ( SELECT SQ1_alias1.`col_int` AS SQ1_ifield1, SQ1_alias1.`pk` AS SQ1_ifield2 FROM ( `t2` AS SQ1_alias1 RIGHT OUTER JOIN `t2` AS SQ1_alias2 ON (SQ1_alias2.`vcol_varchar` = SQ1_alias1.`vcol_varchar` ) ) WHERE SQ1_alias1.`vcol_bit` <> SQ1_alias1.`vcol_int` ) AND cfield1 >= 'f') ORDER BY cfield1 LIMIT 1 /* QNO 859 CON_ID 18 */
		   18 Query	SELECT GROUP_CONCAT( alias1.`col_date`, IF( alias1.`vcol_timestamp`, alias1.`col_dec`, alias1.`col_blob` ), alias1.`vcol_timestamp`, alias1.`col_varchar`, alias1.`col_year`, alias1.`col_dec`, IF( alias1.`col_int`, alias1.`col_int`, alias1.`pk` ), alias1.`col_varchar`, IF( alias1.`col_dec`, alias1.`col_date`, alias1.`vcol_time` ), alias1.`col_enum` ORDER BY 6,10,1,4,8,5,3,7,9,2 SEPARATOR '___' ) AS cfield1 FROM ( `view_t9` AS alias1, ( SELECT DISTINCT SQ1_alias1.* FROM `view_t9` AS SQ1_alias1 WHERE SQ1_alias1.`vcol_int` > 7 ) AS alias2, `t8` AS alias3 ) WHERE EXISTS ( ( SELECT SQ2_alias1.`col_char` AS SQ2_cfield1 FROM ( `view_t1` AS SQ2_alias1, `t5` AS SQ2_alias2 ) ) ) HAVING cfield1 IN ( SELECT SQ3_alias1.`col_char` AS SQ3_cfield1 FROM ( `view_t2` AS SQ3_alias1 STRAIGHT_JOIN ( `t3` AS SQ3_alias2 STRAIGHT_JOIN `view_t3` AS SQ3_alias3 ON (SQ3_alias3.`col_bit` = SQ3_alias2.`col_bit` ) ) ON (SQ3_alias3.`col_varchar` = SQ3_alias2.`col_varchar` ) ) )  /* QNO 860 CON_ID 18 */
		   18 Query	ALTER IGNORE TABLE `t9` DROP CONSTRAINT x /* QNO 861 CON_ID 18 */
		   18 Query	ALTER TABLE `view_t4` ADD PRIMARY KEY(bcol2)  /* QNO 862 CON_ID 18 */
		   18 Query	SELECT `vcol_varchar` AS cfield1 FROM `t8` AS alias1 WHERE ( alias1.`col_datetime` = 'k' AND ( alias1.`col_varchar` LIKE '%a%' OR alias1.`vcol_char` LIKE '%b%') OR alias1.`pk` >= alias1.`vcol_bit` ) GROUP BY cfield1 /* QNO 863 CON_ID 18 */
		   18 Query	SELECT SQL_SMALL_RESULT alias1.`col_timestamp` AS field1 FROM ( ( SELECT DISTINCT SQ1_alias1.* FROM `t5` AS SQ1_alias1 WHERE EXISTS ( SELECT C_SQ1_alias1.`col_char` AS C_SQ1_cfield1 FROM ( `view_t2` AS C_SQ1_alias1 INNER JOIN ( ( `t4` AS C_SQ1_alias2 LEFT OUTER JOIN `view_t7` AS C_SQ1_alias3 ON (C_SQ1_alias3.`col_varchar` = C_SQ1_alias2.`col_varchar` ) ) ) ON (C_SQ1_alias3.`vcol_int` = C_SQ1_alias2.`vcol_bit` ) ) WHERE C_SQ1_alias2.`vcol_varchar` = SQ1_alias1.`vcol_char` AND C_SQ1_alias2.`vcol_varchar` != C_SQ1_alias1.`vcol_varchar` ) ) AS alias1, `view_t3` AS alias2, `t4` AS alias3 ) WHERE ( ( SELECT COUNT( SQ2_alias1.`col_bit` ) AS SQ2_ifield1 FROM ( `t7` AS SQ2_alias1 STRAIGHT_JOIN `view_t1` AS SQ2_alias2 ON (SQ2_alias2.`vcol_varchar` = SQ2_alias1.`vcol_char` ) ) WHERE ( SQ2_alias2.`vcol_bit` > SQ2_alias2.`pk` AND SQ2_alias2.`vcol_varchar` IN ( SELECT C_SQ2_alias1.`vcol_varchar` AS C_SQ2_cfield1 FROM `view_t1` AS C_SQ2_alias1 WHERE C_SQ2_alias1.`vcol_varchar` <> 'x' ) ) ) IS NULL ) OR ( alias1.`pk` NOT IN (149) OR ( alias1.`col_bit` > 191 AND alias1.`col_bit` < ( 128 + 167 ) OR alias1.`vcol_int` NOT IN (143, 95) ) ) HAVING field1 > 4  /* QNO 864 CON_ID 18 */
		   18 Query	SELECT alias1.`col_varchar` AS cfield1, alias1.`vcol_bit` AS field1, 94 AS ifield1 FROM ( ( SELECT SQ1_alias1.* FROM `t5` AS SQ1_alias1 WHERE SQ1_alias1.`pk` <> SQ1_alias1.`vcol_bit` ) AS alias1, `view_t1` AS alias2, `view_t2` AS alias3 ) WHERE alias1.`vcol_bit` = 118 AND ( alias1.`col_bit` >= alias3.`vcol_dec` AND -58 = 98 ) HAVING ifield1 > 248  /* QNO 865 CON_ID 18 */
		   18 Query	INSERT INTO `view_t7` SELECT * FROM `view_t9` /* QNO 866 CON_ID 18 */
		   17 Query	DROP TABLE IF EXISTS tmp_rename_9164  /* QNO 604 CON_ID 17 */
		   17 Query	SHOW WARNINGS
		   17 Query	RENAME TABLE `t9` TO tmp_rename_9164, tmp_rename_9164 TO t9 /* QNO 605 CON_ID 17 */
		   20 Query	LOAD DATA INFILE 'load_t4' REPLACE INTO TABLE t4 /* QNO 684 CON_ID 20 */
		   18 Query	INSERT INTO `t4` SELECT * FROM `view_t7` /* QNO 867 CON_ID 18 */
		   20 Query	SELECT * FROM `t7` INTO OUTFILE 'load_t7'  /* QNO 685 CON_ID 20 */
		   17 Query	ALTER ONLINE IGNORE TABLE `t1` /*!100301 NOWAIT */ ADD CONSTRAINT f FOREIGN KEY x (vcol10) REFERENCES `t1` (ncol6)  /* QNO 606 CON_ID 17 */
		   17 Query	SELECT alias1.`pk` AS ifield1, alias1.`vcol_int` AS field1, alias1.`vcol_int` AS ifield2, alias1.`vcol_char` AS cfield1, alias1.`vcol_int` AS ifield3, alias1.`pk` AS field2 FROM ( `view_t6` AS alias1 STRAIGHT_JOIN ( SELECT SQ1_alias1.* FROM ( `t4` AS SQ1_alias1, `t5` AS SQ1_alias2 ) ) AS alias2 ON (( alias2.`vcol_bit` <= alias1.`vcol_bit` ) AND ( ( alias2.`vcol_int` = alias1.`vcol_bit` ) AND ( alias2.`vcol_varchar` = alias1.`vcol_varchar` ) ) ) ) WHERE ( SELECT 'w' FROM DUAL ) IS NULL HAVING ((ifield2 < 229 AND ifield3 >= 3) AND ifield3 < 6)  /* QNO 607 CON_ID 17 */
		   17 Query	SELECT alias1.`col_dec` AS field1, alias1.`col_char` AS cfield1, alias1.`col_timestamp` AS field2 FROM ( `t8` AS alias1, `view_t7` AS alias2, ( SELECT SQ1_alias1.* FROM ( `view_t3` AS SQ1_alias1 INNER JOIN ( `t3` AS SQ1_alias2 STRAIGHT_JOIN `view_t5` AS SQ1_alias3 ON (SQ1_alias3.`vcol_char` = SQ1_alias2.`col_varchar` ) ) ON (SQ1_alias3.`pk` = SQ1_alias2.`vcol_int` ) ) ) AS alias3 ) WHERE ( alias2.`vcol_varchar` NOT IN ( SELECT 'p' UNION SELECT 'g' ) ) AND ( alias1.`pk` NOT BETWEEN 124 AND ( 113 + 176 ) OR alias1.`vcol_int` > 164 AND alias1.`vcol_int` < ( 7 + 203 ) ) AND alias2.`col_dec` = alias3.`vcol_time` ORDER BY field2, field1, cfield1 LIMIT 1 OFFSET 9 /* QNO 608 CON_ID 17 */
		   17 Query	SELECT * FROM `t1` INTO OUTFILE 'load_t1'  /* QNO 609 CON_ID 17 */
		   17 Query	LOAD DATA INFILE 'load_t1' IGNORE INTO TABLE t1 /* QNO 610 CON_ID 17 */
		   17 Query	SELECT * FROM `view_t1` INTO OUTFILE 'load_view_t1'  /* QNO 611 CON_ID 17 */
		   17 Query	LOAD DATA INFILE 'load_view_t1' REPLACE INTO TABLE view_t1 /* QNO 612 CON_ID 17 */
		   17 Query	INSERT INTO `view_t7` SELECT * FROM `t3` /* QNO 613 CON_ID 17 */
		   15 Query	CREATE OR REPLACE VIEW transforms.view_9144_probe AS OPTIMIZE TABLE t10 /* QNO 835 CON_ID 15 */  /* QNO 836 CON_ID 15 */
		   15 Query	SELECT SQL_SMALL_RESULT -13 AS ifield1, GROUP_CONCAT( IF( alias1.`vcol_bit`, alias1.`vcol_date`, alias1.`vcol_char` ), alias1.`col_timestamp`, IF( alias1.`col_int`, alias1.`vcol_varchar`, alias1.`vcol_enum` ), IF( alias1.`vcol_datetime`, alias1.`vcol_blob`, alias1.`col_varchar` ), alias1.`vcol_varchar` ORDER BY 2,1,5,3,4 ) AS cfield1, alias1.`vcol_bit` AS ifield2, alias1.`vcol_enum` AS field1, alias1.`vcol_varchar` AS cfield2, alias1.`pk` AS ifield3 FROM ( `t6` AS alias1, ( SELECT SQ1_alias1.* FROM ( `view_t3` AS SQ1_alias1 INNER JOIN `t1` AS SQ1_alias2 ON (SQ1_alias2.`vcol_int` = SQ1_alias1.`pk` ) ) WHERE ( SQ1_alias1.`vcol_bit` >= SQ1_alias1.`pk` AND SQ1_alias1.`col_varchar` = SQ1_alias2.`vcol_varchar` ) ) AS alias2, `view_t8` AS alias3 ) WHERE ( SELECT MIN( SQ2_alias1.`vcol_varchar` ) AS SQ2_cfield1 FROM ( `t8` AS SQ2_alias1 RIGHT JOIN `view_t4` AS SQ2_alias2 ON (SQ2_alias2.`col_bit` = SQ2_alias1.`vcol_bit` ) ) WHERE SQ2_alias1.`col_int` < SQ2_alias1.`vcol_bit` ) IS NULL GROUP BY ifield1, ifield2, field1, cfield2, ifield3 ORDER BY ifield1, ifield2, ifield3, field1, cfield1, cfield2  /* QNO 837 CON_ID 15 */
		   15 Query	CREATE OR REPLACE TABLE t6 (icol4 BIGINT NULL DEFAULT NULL ) ROW_FORMAT = PAGE  /* QNO 838 CON_ID 15 */
		   15 Query	SELECT * FROM `view_t3` INTO OUTFILE 'load_view_t3'  /* QNO 839 CON_ID 15 */
		   15 Query	LOAD DATA INFILE 'load_view_t3' REPLACE INTO TABLE view_t3 /* QNO 840 CON_ID 15 */
		   15 Query	ALTER ONLINE TABLE t4 ADD UNIQUE (bcol1), ALGORITHM=INPLACE, DROP PRIMARY KEY, CHANGE COLUMN IF EXISTS tscol2 scol1 VARCHAR(5814), LOCK=EXCLUSIVE, DROP FOREIGN KEY IF EXISTS n, ADD CONSTRAINT CHECK (tscol4 = 6), CHANGE COLUMN IF EXISTS vcol7 ncol7 DOUBLE ZEROFILL /*!100201 CHECK (ecol4 <= 7) */, ALGORITHM=INPLACE  /* QNO 841 CON_ID 15 */
		   15 Query	ALTER TABLE t9 ADD CONSTRAINT h FOREIGN KEY (tscol8) REFERENCES t5 (icol1) ON DELETE CASCADE ON UPDATE SET NULL, DROP PRIMARY KEY /* QNO 842 CON_ID 15 */
		   15 Query	INSERT INTO `view_t1` SELECT * FROM `t2` /* QNO 843 CON_ID 15 */
		   19 Query	CREATE OR REPLACE VIEW transforms.view_2864_probe AS OPTIMIZE TABLE t7 /* QNO 888 CON_ID 19 */  /* QNO 889 CON_ID 19 */
		   15 Query	SELECT * FROM `t8` INTO OUTFILE 'load_t8'  /* QNO 844 CON_ID 15 */
		   16 Query	SELECT * FROM `t4` INTO OUTFILE 'load_t4'  /* QNO 834 CON_ID 16 */
		   20 Query	LOAD DATA INFILE 'load_t7' IGNORE INTO TABLE t7 /* QNO 686 CON_ID 20 */
		   15 Query	LOAD DATA INFILE 'load_t8' REPLACE INTO TABLE t8 /* QNO 845 CON_ID 15 */
		   19 Query	SELECT alias1.`col_int` AS ifield1 FROM ( `t7` AS alias1 INNER JOIN ( ( `t6` AS alias2 STRAIGHT_JOIN `t6` AS alias3 ON (( alias3.`col_bit` = alias2.`pk` ) AND ( alias3.`` <= alias2.`col_varchar` ) ) ) ) ON (( alias3.`pk` <= alias2.`vcol_int` ) AND (alias3.`pk` < alias2.`pk` ) ) ) WHERE ( alias1.`col_bit` IN ( SELECT DISTINCT SQ1_alias1.`vcol_bit` AS SQ1_ifield1 FROM `view_t3` AS SQ1_alias1 WHERE alias3.`vcol_int` IN ( ( SELECT SQL_SMALL_RESULT C_SQ1_alias1.`vcol_bit` AS C_SQ1_ifield1 FROM ( `view_t5` AS C_SQ1_alias1 INNER JOIN `view_t4` AS C_SQ1_alias2 ON (C_SQ1_alias2.`col_char` = C_SQ1_alias1.`col_char` ) ) ) ) AND SQ1_alias1.`col_char` <= alias2.`col_varchar` ) ) OR alias1.`vcol_varchar` IN ('i') AND ( alias1.`col_int` > 207 AND alias1.`pk` < ( 38 + 233 ) AND 'w' = 'v' )  /* QNO 890 CON_ID 19 */
		   16 Query	LOAD DATA INFILE 'load_t4' IGNORE INTO TABLE t4 /* QNO 835 CON_ID 16 */
		   17 Query	INSERT INTO `t8` SELECT * FROM `t1` /* QNO 614 CON_ID 17 */
		   16 Query	INSERT INTO `t5` SELECT * FROM `t9` /* QNO 836 CON_ID 16 */
		   17 Query	UPDATE t5 SET `col_char` = DEFAULT LIMIT 1 /* QNO 615 CON_ID 17 */
		   15 Query	SELECT * FROM `view_t2` INTO OUTFILE 'load_view_t2'  /* QNO 846 CON_ID 15 */
		   17 Query	ALTER TABLE t6 PARTITION BY KEY(scol10) /* QNO 616 CON_ID 17 */
		   15 Query	LOAD DATA INFILE 'load_view_t2' IGNORE INTO TABLE view_t2 /* QNO 847 CON_ID 15 */
		   17 Query	INSERT INTO `t4` SELECT * FROM `t8` /* QNO 617 CON_ID 17 */
		   15 Query	ALTER TABLE `view_t2` /*!100301 WAIT 4 */ DROP COLUMN ecol3, ALGORITHM=INPLACE  /* QNO 848 CON_ID 15 */
		   17 Query	ALTER ONLINE TABLE t2 ADD CONSTRAINT CHECK (tcol2 < 1) /* QNO 618 CON_ID 17 */
		   15 Query	EXPLAIN EXTENDED SELECT alias1.`vcol_varchar` AS cfield1 FROM ( `view_t9` AS alias1, `view_t1` AS alias2 ) WHERE alias1.`col_bit` NOT BETWEEN 250 AND ( 33 + 161 ) GROUP BY cfield1 HAVING cfield1 >= 5 ORDER BY cfield1 /* QNO 849 CON_ID 15 */
		   19 Query	INSERT INTO `view_t4` SELECT * FROM `view_t6` /* QNO 891 CON_ID 19 */
		   20 Query	SELECT alias1.`vcol_datetime` AS field1, alias1.`vcol_bit` AS ifield1, alias1.`col_int` AS ifield2, alias1.`col_varchar` AS cfield1, alias1.`col_varchar` AS field2, alias1.`pk` AS ifield3, alias1.`col_varchar` AS cfield2 FROM ( `t3` AS alias1, `t6` AS alias2, `view_t4` AS alias3 ) WHERE ( EXISTS ( ( SELECT SQ1_alias1.`vcol_int` AS SQ1_ifield1 FROM ( `t5` AS SQ1_alias1 RIGHT OUTER JOIN `t4` AS SQ1_alias2 ON (SQ1_alias2.`col_varchar` = SQ1_alias1.`col_char` ) ) ) ) ) OR alias1.`col_char` IN ('USA') AND ( alias1.`vcol_bit` <> alias1.`pk` OR alias1.`col_char` <= 'x' ) GROUP BY field1, ifield1, ifield2, cfield1, field2, ifield3, cfield2 ORDER BY field2, cfield1, cfield2, ifield3, ifield1, ifield2, field1 LIMIT 10 OFFSET 7 /* QNO 687 CON_ID 20 */
		   15 Query	SELECT alias1.`col_int` AS ifield1, alias1.`col_varchar` AS cfield1 FROM ( `view_t1` AS alias1, `view_t1` AS alias2 ) WHERE alias1.`col_char` > 'g' HAVING ifield1 != 104  /* QNO 850 CON_ID 15 */
		   16 Query	SELECT * FROM `view_t5` INTO OUTFILE 'load_view_t5'  /* QNO 837 CON_ID 16 */
		   19 Query	INSERT INTO `t8` SELECT * FROM `t8` /* QNO 892 CON_ID 19 */
		   15 Query	ALTER IGNORE TABLE t6 FORCE, LOCK=EXCLUSIVE, ALGORITHM=DEFAULT, ALTER COLUMN `vcol_bit` DROP DEFAULT, ADD IF NOT EXISTS vcol6 SET('foo','bar') AS ( ecol10 ) VIRTUAL, ALGORITHM=INPLACE, LOCK=EXCLUSIVE /* QNO 851 CON_ID 15 */
		   18 Query	SELECT -69 AS ifield1, ( SELECT MAX( SQ1_alias1.`vcol_varchar` ) AS SQ1_cfield1 FROM ( `t3` AS SQ1_alias1 LEFT JOIN `t4` AS SQ1_alias2 ON (SQ1_alias2.`vcol_char` = SQ1_alias1.`col_char` ) ) ) AS field1, ( SELECT 'x' FROM DUAL ) AS field2, ( ( alias1.`col_int` ) - ( alias1.`vcol_int` ) ) AS ifield2, ( SELECT MAX( SQ3_alias1.`pk` ) AS SQ3_ifield1 FROM `t9` AS SQ3_alias1 ) AS field3 FROM ( `view_t3` AS alias1 STRAIGHT_JOIN `t5` AS alias2 ON (alias2.`vcol_bit` = alias1.`col_int` ) ) WHERE ( alias1.`col_varchar` NOT IN ( SELECT SQ4_alias1.`vcol_char` AS SQ4_cfield1 FROM `t6` AS SQ4_alias1 WHERE alias2.`pk` IN ( ( SELECT C_SQ1_alias1.`pk` AS C_SQ1_ifield1 FROM ( `view_t3` AS C_SQ1_alias1 INNER JOIN `view_t3` AS C_SQ1_alias2 ON (C_SQ1_alias2.`vcol_char` = C_SQ1_alias1.`vcol_char` ) ) GROUP BY C_SQ1_ifield1 ) ) OR SQ4_alias1.`col_int` <= SOME ( SELECT C_SQ2_alias1.`pk` AS C_SQ2_ifield1 FROM `t5` AS C_SQ2_alias1 WHERE C_SQ2_alias1.`col_int` = SQ4_alias1.`pk` ) ) ) AND ( alias1.`pk` = 76 OR ( alias1.`vcol_bit` = 1 OR alias1.`col_char` LIKE CONCAT( 'i', '%') ) ) GROUP BY ifield1, field1, field2, ifield2, field3 ORDER BY ifield1, field2, field1, field3, ifield2 LIMIT 1000 OFFSET 5 /* QNO 868 CON_ID 18 */
		   20 Query	SELECT CONCAT( alias1.`vcol_varchar`, alias1.`col_char` ) AS cfield1 FROM ( ( SELECT SQ1_alias1.* FROM `view_t3` AS SQ1_alias1 ) AS alias1 RIGHT JOIN `view_t6` AS alias2 ON (alias2.`col_bit` > alias1.`col_bit` ) ) WHERE alias2.`col_char` >= ANY ( SELECT 'j' UNION SELECT 'l' ) GROUP BY cfield1 HAVING cfield1 >= 'z'  /* QNO 688 CON_ID 20 */
		   16 Query	LOAD DATA INFILE 'load_view_t5' IGNORE INTO TABLE view_t5 /* QNO 838 CON_ID 16 */
		   19 Query	SELECT * FROM `t7` INTO OUTFILE 'load_t7'  /* QNO 893 CON_ID 19 */
		   17 Query	EXPLAIN SELECT GROUP_CONCAT( alias1.`col_enum`, alias1.`col_bit`, alias1.`col_timestamp` ORDER BY 3,1,2 ) AS cfield1 FROM ( `view_t4` AS alias1, ( SELECT SQ1_alias1.* FROM ( `t6` AS SQ1_alias1 INNER JOIN `t1` AS SQ1_alias2 ON (SQ1_alias2.`pk` = SQ1_alias1.`col_int` ) ) WHERE SQ1_alias2.`vcol_varchar` >= 'h' ) AS alias2, `view_t4` AS alias3 ) WHERE ( alias1.`col_bit` = SOME ( SELECT SQL_SMALL_RESULT SQ2_alias1.`vcol_bit` AS SQ2_ifield1 FROM `t2` AS SQ2_alias1 WHERE SQ2_alias1.`col_varchar` >= SQ2_alias1.`col_char` ) ) AND ( alias1.`vcol_varchar` LIKE CONCAT( 'h', '%') OR alias1.`pk` = alias2.`pk` ) ORDER BY cfield1 LIMIT 100 /* QNO 619 CON_ID 17 */
		   16 Query	ALTER TABLE t2 /*!100301 NOWAIT */ RENAME TO `t2`, ADD CONSTRAINT PRIMARY KEY(`vcol_bit`), LOCK=EXCLUSIVE, ADD COLUMN IF NOT EXISTS tscol7 TIMESTAMP NULL, ALGORITHM=COPY, ALTER COLUMN tscol4 DROP DEFAULT /* QNO 839 CON_ID 16 */
		   17 Query	FLUSH TABLES /* QNO 620 CON_ID 17 */
		   17 Query	CREATE OR REPLACE VIEW transforms.view_9164_probe AS FLUSH TABLES /* QNO 620 CON_ID 17 */  /* QNO 621 CON_ID 17 */
		   17 Query	INSERT INTO `t3` SELECT * FROM `view_t2` /* QNO 622 CON_ID 17 */
		   15 Query	SELECT GROUP_CONCAT( IF( alias1.`col_int`, alias1.`vcol_int`, alias1.`vcol_time` ), alias1.`col_time`, alias1.`vcol_int` ORDER BY 2,3,1 SEPARATOR '___' ) AS cfield1, alias1.`pk` AS ifield1, COUNT( alias1.`vcol_blob` ) AS field1, ( SELECT 'm' FROM DUAL ) AS field2, GROUP_CONCAT( alias1.`col_bit` ORDER BY 1 ) AS cfield2 FROM ( ( SELECT SQ2_alias1.* FROM `t4` AS SQ2_alias1 ) AS alias1 STRAIGHT_JOIN ( ( `view_t3` AS alias2 INNER JOIN `view_t4` AS alias3 ON (alias3.`col_int` = alias2.`vcol_int` ) ) ) ON (( alias3.`col_bit` < alias2.`pk` ) AND (alias3.`col_bit` <> alias2.`vcol_bit` ) ) ) WHERE ( alias1.`col_bit` > 136 AND alias1.`col_bit` < ( 58 + 10 ) OR alias1.`pk` BETWEEN 126 AND ( 250 + 198 ) ) GROUP BY ifield1, field2  /* QNO 852 CON_ID 15 */
		   19 Query	LOAD DATA INFILE 'load_t7' REPLACE INTO TABLE t7 /* QNO 894 CON_ID 19 */
		   15 Query	SELECT * FROM `view_t3` INTO OUTFILE 'load_view_t3'  /* QNO 853 CON_ID 15 */
		   20 Query	SELECT SUM( alias1.`vcol_dec` ) AS field1 FROM ( ( SELECT SQL_SMALL_RESULT SQ1_alias1.* FROM ( `view_t6` AS SQ1_alias1 INNER JOIN `t2` AS SQ1_alias2 ON (SQ1_alias2.`col_int` = SQ1_alias1.`vcol_bit` OR SQ1_alias1.`col_char` <= ( SELECT COUNT( C_SQ1_alias1.`vcol_char` ) AS C_SQ1_cfield1 FROM ( `t7` AS C_SQ1_alias1 RIGHT JOIN `t1` AS C_SQ1_alias2 ON (C_SQ1_alias2.`vcol_varchar` = C_SQ1_alias1.`col_char` ) ) WHERE C_SQ1_alias2.`col_char` < 'a' ) ) ) ) AS alias1, `t7` AS alias2, `view_t5` AS alias3 ) WHERE alias3.`vcol_varchar` IN ( SELECT 'p' FROM DUAL ) HAVING field1 >= 8  /* QNO 689 CON_ID 20 */
		   15 Query	LOAD DATA INFILE 'load_view_t3' REPLACE INTO TABLE view_t3 /* QNO 854 CON_ID 15 */
		   18 Query	SELECT SQL_SMALL_RESULT alias1.`vcol_varchar` AS field1, alias1.`vcol_varchar` AS cfield1, alias1.`col_char` AS cfield2, alias1.`pk` AS field2 FROM ( `view_t8` AS alias1 RIGHT OUTER JOIN ( ( `view_t2` AS alias2 LEFT OUTER JOIN `view_t8` AS alias3 ON (( alias3.`pk` = alias2.`col_bit` ) AND ( ( alias3.`col_char` = alias2.`col_varchar` ) AND ( ( alias3.`col_bit` != alias2.`vcol_int` ) AND (alias3.`col_bit` > alias2.`vcol_bit` ) ) ) ) ) ) ON (( alias3.`vcol_varchar` = alias2.`col_varchar` ) AND ( ( alias3.`pk` = alias2.`col_int` ) AND ( ( alias3.`col_int` = alias2.`col_bit` ) AND ( alias3.`vcol_int` = alias2.`pk` ) ) ) ) ) WHERE alias1.`col_char` <> 'v' OR ( alias1.`col_bit` = 2 AND alias1.`col_date` < 'USA' AND ( alias1.`col_char` LIKE '%a%' OR alias1.`vcol_char` LIKE '%b%') ) GROUP BY field1, cfield1, cfield2, field2  /* QNO 869 CON_ID 18 */
		   19 Query	SELECT alias1.`vcol_char` AS cfield1 FROM ( `view_t7` AS alias1, `view_t1` AS alias2 ) WHERE alias1.`col_int` > 240 AND alias1.`col_bit` < ( 98 + 190 ) GROUP BY cfield1 HAVING cfield1 <= 5  /* QNO 895 CON_ID 19 */
		   17 Query	SELECT COUNT( alias1.`col_datetime` ) AS field1 FROM ( ( SELECT SQ1_alias1.* FROM `t9` AS SQ1_alias1 ) AS alias1 RIGHT OUTER JOIN ( ( `t2` AS alias2 LEFT OUTER JOIN ( SELECT DISTINCT SQ2_alias1.* FROM ( `t6` AS SQ2_alias1 STRAIGHT_JOIN `t5` AS SQ2_alias2 ON (SQ2_alias2.`pk` = SQ2_alias1.`vcol_bit` ) ) ) AS alias3 ON (alias3.`vcol_varchar` = alias2.`vcol_char` ) ) ) ON (( alias3.`vcol_bit` = alias2.`pk` ) OR ( alias3.`vcol_int` <> alias2.`pk` ) ) ) WHERE ( ( 'c', 'w' ) IN ( SELECT SQ3_alias1.`col_char` AS SQ3_cfield1, SQ3_alias1.`col_varchar` AS SQ3_cfield2 FROM `view_t3` AS SQ3_alias1 ) ) OR ( alias1.`col_bit` > 61 AND alias1.`col_bit` < ( 31 + 78 ) OR ( alias1.`col_varchar` != 'f' OR alias1.`col_varchar` IN ('USA', 'w') ) ) AND alias2.`vcol_dec` <> alias2.`vcol_varchar` HAVING (field1 >= 'v' OR field1 <= 133) ORDER BY field1  /* QNO 623 CON_ID 17 */
		   16 Query	SELECT 'f' AS cfield1, -58 AS ifield1, 'r' AS cfield2 FROM ( `t7` AS alias1 INNER JOIN ( ( `t9` AS alias2 STRAIGHT_JOIN `t5` AS alias3 ON (( alias3.`pk` = alias2.`vcol_int` ) AND (alias3.`pk` != alias2.`col_int` ) ) ) ) ON (alias3.`vcol_char` = alias2.`col_char` ) ) WHERE ( alias1.`vcol_bit` >= ( SELECT MIN( SQ1_alias1.`vcol_int` ) AS SQ1_ifield1 FROM `t1` AS SQ1_alias1 WHERE SQ1_alias1.`vcol_varchar` > SQ1_alias1.`vcol_varchar` ) ) OR ( alias1.`vcol_char` = alias3.`col_char` OR alias1.`pk` = alias1.`vcol_int` ) GROUP BY cfield1, ifield1, cfield2 ORDER BY cfield1, ifield1, cfield2  /* QNO 840 CON_ID 16 */
		   20 Query	SELECT -19 AS ifield1, 29 AS ifield2, 104 AS ifield3 FROM ( `t2` AS alias1 LEFT OUTER JOIN `view_t9` AS alias2 ON (alias2.`vcol_char` = alias1.`vcol_char` ) ) WHERE alias1.`pk` IN (53, 122, 109, 216, 80) OR ( alias2.`vcol_char` < alias2.`col_varchar` AND alias1.`col_bit` IS NULL ) GROUP BY ifield1, ifield2, ifield3 HAVING ifield2 <= 6  /* QNO 690 CON_ID 20 */
		   18 Query	SELECT alias1.`col_varchar` AS cfield1, alias1.`vcol_varchar` AS cfield2 FROM ( `t9` AS alias1, `view_t2` AS alias2 ) WHERE ( ( SELECT 't' FROM DUAL ) IS NULL ) AND alias1.`col_char` = alias2.`vcol_varchar` AND ( 'n' NOT LIKE 'o' OR alias1.`vcol_bit` <> alias1.`col_int` ) ORDER BY cfield1, cfield2 LIMIT 1 OFFSET 5 /* QNO 870 CON_ID 18 */
		   19 Query	ALTER TABLE `t9` /*!100301 WAIT 7 */ ADD IF NOT EXISTS `col_char` VARBINARY(47605) NULL DEFAULT '', ALGORITHM=COPY, LOCK=DEFAULT, ADD icol8 MEDIUMINT ZEROFILL AFTER tcol1, ALGORITHM=DEFAULT, LOCK=EXCLUSIVE /* QNO 896 CON_ID 19 */
		   18 Query	SELECT * FROM `t6` INTO OUTFILE 'load_t6'  /* QNO 871 CON_ID 18 */
		   18 Query	LOAD DATA INFILE 'load_t6' REPLACE INTO TABLE t6 /* QNO 872 CON_ID 18 */
		   19 Query	INSERT INTO `view_t5` SELECT * FROM `t7` /* QNO 897 CON_ID 19 */
		   18 Query	SELECT * FROM `view_t2` INTO OUTFILE 'load_view_t2'  /* QNO 873 CON_ID 18 */
		   18 Query	LOAD DATA INFILE 'load_view_t2' IGNORE INTO TABLE view_t2 /* QNO 874 CON_ID 18 */
		   19 Query	INSERT INTO `view_t9` SELECT * FROM `view_t6` /* QNO 898 CON_ID 19 */
		   15 Query	SELECT ( ( alias1.`col_bit` ) * ( alias1.`col_int` ) ) AS ifield1, CONCAT( alias1.`col_char`, alias1.`col_char` ) AS cfield1, alias1.`col_int` AS ifield2, ( ( alias1.`col_int` ) + ( alias1.`col_bit` ) ) AS ifield3, alias1.`vcol_varchar` AS cfield2, alias1.`col_bit` AS ifield4 FROM ( `t7` AS alias1, ( SELECT SQ1_alias1.* FROM ( `view_t3` AS SQ1_alias1 LEFT JOIN ( `view_t8` AS SQ1_alias2 RIGHT OUTER JOIN `view_t6` AS SQ1_alias3 ON (SQ1_alias3.`vcol_bit` = SQ1_alias2.`vcol_int` ) ) ON (SQ1_alias3.`vcol_varchar` = SQ1_alias2.`col_char` ) ) ) AS alias2 ) WHERE ( alias1.`vcol_char` != ALL ( SELECT SUM( SQ2_alias1.`vcol_varchar` ) AS SQ2_cfield1 FROM ( `t6` AS SQ2_alias1 STRAIGHT_JOIN `view_t2` AS SQ2_alias2 ON (SQ2_alias2.`vcol_bit` = SQ2_alias1.`pk` ) ) ) ) OR 'h' NOT LIKE 'w' GROUP BY ifield1, cfield1, ifield2, ifield3, cfield2, ifield4 HAVING (ifield3 < 'w' AND ifield1 > 2)  /* QNO 855 CON_ID 15 */
		   17 Query	ALTER IGNORE TABLE t10 ADD KEY(tcol10), ALGORITHM=INPLACE, LOCK=SHARED, DROP FOREIGN KEY IF EXISTS a /* QNO 624 CON_ID 17 */
		   16 Query	SELECT alias1.`col_int` AS ifield1, alias1.`vcol_int` AS ifield2 FROM ( `t4` AS alias1, ( SELECT SQL_SMALL_RESULT SQ1_alias1.* FROM `view_t6` AS SQ1_alias1 ) AS alias2 ) WHERE ( alias1.`col_varchar` NOT IN ( SELECT SQ2_alias1.`vcol_varchar` AS SQ2_cfield1 FROM `t6` AS SQ2_alias1 WHERE alias2.`vcol_bit` IN ( SQ2_alias1.`pk` = ANY ( SELECT 8 UNION SELECT 4 ) ) AND SQ2_alias1.`vcol_char` <> 'u' ) ) OR alias1.`vcol_bit` >= alias2.`vcol_int` GROUP BY ifield1, ifield2 HAVING (((ifield1 > 'ks' AND ifield2 >= 8) AND ifield2 <= 'y') AND ifield2 != 9) ORDER BY ifield1, ifield2  /* QNO 841 CON_ID 16 */
		   19 Query	ALTER ONLINE IGNORE TABLE t10 /*!100301 NOWAIT */ ADD CONSTRAINT CHECK (`vcol_blob` NOT LIKE 6), ADD INDEX(ecol6, tcol2, ncol3), ALGORITHM=DEFAULT  /* QNO 899 CON_ID 19 */
		   19 Query	SELECT MIN( `pk`) AS field1, `col_int` AS ifield1 FROM `view_t7` AS alias1 WHERE 95 = -39 GROUP BY ifield1 /* QNO 900 CON_ID 19 */
		   18 Query	SELECT SQL_SMALL_RESULT alias1.`vcol_char` AS cfield1, alias1.`col_varchar` AS cfield2, alias1.`col_int` AS ifield1 FROM ( `view_t6` AS alias1, `t8` AS alias2, `t2` AS alias3 ) WHERE alias3.`col_char` IN ( SELECT SUM( SQ1_alias1.`vcol_char` ) AS SQ1_cfield1 FROM ( `t1` AS SQ1_alias1 INNER JOIN `view_t8` AS SQ1_alias2 ON (SQ1_alias2.`vcol_varchar` = SQ1_alias1.`vcol_varchar` ) ) ) ORDER BY cfield2, cfield1, ifield1 /* QNO 875 CON_ID 18 */
		   16 Query	INSERT INTO `view_t2` SELECT * FROM `view_t7` /* QNO 842 CON_ID 16 */
		   18 Query	INSERT INTO `t5` SELECT * FROM `t6` /* QNO 876 CON_ID 18 */
		   16 Query	SELECT * FROM `view_t4` INTO OUTFILE 'load_view_t4'  /* QNO 843 CON_ID 16 */
		   19 Query	SELECT `vcol_int` AS ifield1 FROM `t9` AS alias1 WHERE -2 > -26 GROUP BY ifield1 /* QNO 901 CON_ID 19 */
		   19 Query	ALTER ONLINE IGNORE TABLE t10 /*!100301 WAIT 7 */ DROP COLUMN IF EXISTS `vcol_char`, ALGORITHM=COPY, LOCK=SHARED /* QNO 902 CON_ID 19 */
		   19 Query	SHOW WARNINGS
		   19 Query	INSERT INTO `view_t4` SELECT * FROM `t2` /* QNO 903 CON_ID 19 */
		   15 Query	SELECT alias1.`pk` AS ifield1, alias1.`col_char` AS field1 FROM ( `view_t2` AS alias1, `view_t6` AS alias2 ) WHERE ( EXISTS ( ( SELECT DISTINCT SQ1_alias1.`col_char` AS SQ1_cfield1 FROM ( `t4` AS SQ1_alias1 LEFT OUTER JOIN `t4` AS SQ1_alias2 ON (SQ1_alias2.`col_bit` = SQ1_alias1.`vcol_bit` ) ) WHERE EXISTS ( SELECT C_SQ1_alias1.`col_int` AS C_SQ1_ifield1 FROM `t7` AS C_SQ1_alias1 WHERE C_SQ1_alias1.`vcol_int` = SQ1_alias1.`vcol_bit` AND C_SQ1_alias1.`col_char` <> SQ1_alias2.`col_varchar` ) ) ) ) OR alias1.`col_bit` > 22 AND alias1.`vcol_bit` < ( 176 + 43 ) GROUP BY ifield1, field1  /* QNO 856 CON_ID 15 */
		   17 Query	SELECT * FROM `t5` INTO OUTFILE 'load_t5'  /* QNO 625 CON_ID 17 */
		   19 Query	DROP TABLE IF EXISTS tmp_rename_2864  /* QNO 904 CON_ID 19 */
		   15 Query	INSERT INTO `t3` SELECT * FROM `t2` /* QNO 857 CON_ID 15 */
		   17 Query	LOAD DATA INFILE 'load_t5' IGNORE INTO TABLE t5 /* QNO 626 CON_ID 17 */
		   19 Query	SHOW WARNINGS
		   15 Query	INSERT INTO `t3` SELECT * FROM `view_t9` /* QNO 858 CON_ID 15 */
		   19 Query	RENAME TABLE t1 TO tmp_rename_2864, tmp_rename_2864 TO t1 /* QNO 905 CON_ID 19 */
		   15 Query	INSERT INTO `t8` SELECT * FROM `view_t8` /* QNO 859 CON_ID 15 */
		   17 Query	ALTER TABLE t10 MODIFY COLUMN tscol3 DATETIME DEFAULT 0 /*!100303 INVISIBLE */, LOCK=DEFAULT, DROP COLUMN ecol6, ALGORITHM=INPLACE, LOCK=DEFAULT, DROP FOREIGN KEY IF EXISTS q, ADD COLUMN IF NOT EXISTS ecol8 SET('foo','bar') NULL, LOCK=EXCLUSIVE /* QNO 627 CON_ID 17 */
		   18 Query	SELECT STRAIGHT_JOIN alias1.`col_date` AS field1, alias1.`` AS cfield1, alias1.`pk` AS ifield1, alias1.`` AS cfield2, MAX( DISTINCT alias1.`col_datetime` ) AS field2, CONCAT( alias1.`vcol_varchar`, alias1.`vcol_varchar` ) AS cfield3 FROM ( `t3` AS alias1 INNER JOIN ( ( `view_t9` AS alias2 STRAIGHT_JOIN `view_t6` AS alias3 ON (( alias3.`col_bit` <> alias2.`col_int` ) AND (alias3.`col_bit` = alias2.`col_bit` ) ) ) ) ON (alias3.`col_int` >= alias2.`col_int` ) ) WHERE 't' > ANY ( SELECT SQ1_alias1.`vcol_char` AS SQ1_cfield1 FROM ( `view_t6` AS SQ1_alias1 LEFT JOIN ( `t1` AS SQ1_alias2 STRAIGHT_JOIN `t3` AS SQ1_alias3 ON (SQ1_alias3.`pk` = SQ1_alias2.`pk` ) ) ON (SQ1_alias3.`col_bit` = SQ1_alias2.`col_int` ) ) HAVING SQ1_cfield1 <= 'l') GROUP BY field1, cfield1, ifield1, cfield2, cfield3 HAVING ((ifield1 <= 7 AND ifield1 <> 2) AND ifield1 >= 6) ORDER BY cfield1, cfield3, field2 /* QNO 877 CON_ID 18 */
		   20 Query	SELECT alias1.`vcol_int` AS ifield1, GROUP_CONCAT( alias1.`vcol_time` ORDER BY 1 SEPARATOR ',' ) AS cfield1, ( SELECT DISTINCT SUM( DISTINCT SQ1_alias1.`col_int` ) AS SQ1_ifield1 FROM ( `view_t5` AS SQ1_alias1, `t5` AS SQ1_alias2 ) WHERE alias1.`col_bit` IN ( ( SELECT C_SQ1_alias1.`vcol_int` AS C_SQ1_ifield1 FROM ( `view_t1` AS C_SQ1_alias1 INNER JOIN `t7` AS C_SQ1_alias2 ON (C_SQ1_alias2.`vcol_varchar` = C_SQ1_alias1.`col_varchar` ) ) WHERE C_SQ1_alias2.`col_bit` <= C_SQ1_alias1.`pk` HAVING (C_SQ1_ifield1 > 4 OR C_SQ1_ifield1 = 'a') ) ) OR SQ1_alias2.`vcol_int` <> SQ1_alias2.`vcol_bit` ) AS field1, ( ( alias1.`col_int` ) * ( alias1.`vcol_bit` ) ) AS ifield2, alias1.`col_timestamp` AS field2 FROM ( `view_t4` AS alias1, `t3` AS alias2, ( SELECT SQ2_alias1.* FROM ( `t8` AS SQ2_alias1 RIGHT OUTER JOIN `view_t7` AS SQ2_alias2 ON (SQ2_alias2.`vcol_int` = SQ2_alias1.`pk` ) ) WHERE ( SQ2_alias2.`col_int` < SQ2_alias2.`vcol_int` OR SQ2_alias1.`col_char` > SQ2_alias1.`vcol_varchar` ) ) AS alias3 ) WHERE alias1.`col_char` IN ('USA', 'h') GROUP BY ifield1, field1, ifield2, field2 HAVING ifield1 < 'd'  /* QNO 691 CON_ID 20 */
		   16 Query	LOAD DATA INFILE 'load_view_t4' REPLACE INTO TABLE view_t4 /* QNO 844 CON_ID 16 */
		   18 Query	SELECT * FROM `t2` INTO OUTFILE 'load_t2'  /* QNO 878 CON_ID 18 */
		   18 Query	LOAD DATA INFILE 'load_t2' IGNORE INTO TABLE t2 /* QNO 879 CON_ID 18 */
		   15 Query	SELECT MIN( DISTINCT alias1.`vcol_dec` ) AS field1, alias1.`vcol_time` AS field2 FROM ( `view_t4` AS alias1 STRAIGHT_JOIN ( SELECT SQ1_alias1.* FROM `t4` AS SQ1_alias1 WHERE SQ1_alias1.`vcol_varchar` <> SQ1_alias1.`vcol_char` ) AS alias2 ON (( alias2.`pk` <> alias1.`col_int` ) AND (alias2.`pk` > alias1.`col_bit` ) ) ) WHERE alias2.`vcol_bit` IN ( SELECT COUNT( SQ2_alias1.`col_bit` ) AS SQ2_ifield1 FROM `view_t8` AS SQ2_alias1 ) GROUP BY field2 ORDER BY field1, field2 /* QNO 860 CON_ID 15 */
		   18 Query	ALTER ONLINE TABLE t3 CHANGE COLUMN vcol2 scol1 VARCHAR(40448), ALGORITHM=COPY, RENAME TO t10, DROP INDEX ind8 /* QNO 880 CON_ID 18 */
		   16 Query	SELECT ( SELECT SUM( SQ1_alias1.`vcol_int` ) AS SQ1_ifield1 FROM ( `view_t8` AS SQ1_alias1 INNER JOIN ( `view_t5` AS SQ1_alias2 LEFT OUTER JOIN `view_t7` AS SQ1_alias3 ON (SQ1_alias3.`pk` = SQ1_alias2.`pk` ) ) ON (SQ1_alias3.`col_bit` = SQ1_alias2.`col_int` ) ) WHERE SQ1_alias1.`vcol_bit` IN ( ( SELECT SQL_SMALL_RESULT C_SQ1_alias1.`pk` AS C_SQ1_ifield1 FROM ( `view_t8` AS C_SQ1_alias1 RIGHT JOIN `view_t6` AS C_SQ1_alias2 ON (C_SQ1_alias2.`col_int` = C_SQ1_alias1.`col_int` ) ) WHERE C_SQ1_alias1.`col_char` != alias1.`col_varchar` ) ) ) AS field1, CONCAT( alias1.`col_char`, alias1.`vcol_varchar` ) AS cfield1 FROM ( `t4` AS alias1 STRAIGHT_JOIN `view_t2` AS alias2 ON (alias2.`pk` = alias1.`col_int` ) ) WHERE ( 'w' < ANY ( SELECT SQL_SMALL_RESULT SQ2_alias1.`col_varchar` AS SQ2_cfield1 FROM ( `t7` AS SQ2_alias1 INNER JOIN `t9` AS SQ2_alias2 ON (SQ2_alias2.`col_char` = SQ2_alias1.`` ) ) ) ) OR ( alias1.`pk` > 230 AND alias1.`pk` < ( 121 + 190 ) OR alias1.`pk` > 255 AND alias1.`col_int` < ( 38 + 174 ) ) AND alias1.`vcol_char` < alias2.`vcol_char` GROUP BY field1, cfield1 ORDER BY field1, cfield1 /* QNO 845 CON_ID 16 */
		   16 Query	INSERT INTO `view_t9` SELECT * FROM `t6` /* QNO 846 CON_ID 16 */
		   16 Query	ALTER TABLE t7 /*!100301 NOWAIT */ ADD CONSTRAINT PRIMARY KEY(scol1(249), tscol4, tcol4), ALGORITHM=DEFAULT, LOCK=EXCLUSIVE /* QNO 847 CON_ID 16 */
		   17 Query	INSERT INTO `t5` SELECT * FROM `t4` /* QNO 628 CON_ID 17 */
		   16 Query	ALTER TABLE t2 DROP COLUMN IF EXISTS tscol10, ALGORITHM=DEFAULT, LOCK=SHARED, CHECKSUM 0 /* QNO 848 CON_ID 16 */
		   18 Query	ALTER TABLE t3 ADD CONSTRAINT CHECK (icol4 >= 7), DROP COLUMN tcol4, LOCK=SHARED, ADD CONSTRAINT j CHECK (`col_bit` LIKE 5) /* QNO 881 CON_ID 18 */
		   16 Query	INSERT INTO `view_t1` SELECT * FROM `t7` /* QNO 849 CON_ID 16 */
		   18 Query	ALTER IGNORE TABLE t7 /*!100301 WAIT 9 */ DROP COLUMN tscol2, ALGORITHM=DEFAULT  /* QNO 882 CON_ID 18 */
		   18 Query	SELECT ( SELECT MIN( alias1.`col_int` ) AS SQ1_ifield1 FROM `view_t1` AS SQ1_alias1 ) AS field1, alias1.`vcol_time` AS field2 FROM ( `view_t5` AS alias1, `t5` AS alias2 ) WHERE ( 'm' = 'x' AND alias1.`pk` IS NULL ) GROUP BY field1, field2  /* QNO 883 CON_ID 18 */
		   15 Query	ALTER TABLE t8 /*!100301 NOWAIT */ ADD CONSTRAINT h FOREIGN KEY q (scol2) REFERENCES t6 (tscol1), FORCE, LOCK=NONE, ALGORITHM=INPLACE, ADD UNIQUE (`col_char`(128)), ALGORITHM=DEFAULT, LOCK=DEFAULT, ADD CONSTRAINT UNIQUE (`pk`), ADD scol1 VARBINARY(38431) NULL DEFAULT '' /*!100201 CHECK (tcol6 < ncol9) */, LOCK=DEFAULT /* QNO 861 CON_ID 15 */
		   15 Query	SELECT * FROM `t8` INTO OUTFILE 'load_t8'  /* QNO 862 CON_ID 15 */
		   15 Query	LOAD DATA INFILE 'load_t8' IGNORE INTO TABLE t8 /* QNO 863 CON_ID 15 */
		   15 Query	SELECT alias1.`col_char` AS cfield1, alias1.`vcol_char` AS cfield2 FROM ( `t9` AS alias1 RIGHT OUTER JOIN ( SELECT SQ1_alias1.* FROM ( `view_t5` AS SQ1_alias1 INNER JOIN ( `view_t2` AS SQ1_alias2 INNER JOIN `t8` AS SQ1_alias3 ON (SQ1_alias3.`pk` = SQ1_alias2.`vcol_int` ) ) ON (SQ1_alias3.`pk` = SQ1_alias2.`col_int` ) ) WHERE ( SQ1_alias1.`col_bit` != 7 AND SQ1_alias2.`pk` = SQ1_alias1.`col_bit` ) ) AS alias2 ON (( alias2.`col_char` = alias1.`` OR alias2.`vcol_char` >= SOME ( SELECT SQ2_alias1.`col_char` AS SQ2_cfield1 FROM ( `t7` AS SQ2_alias1, `view_t7` AS SQ2_alias2 ) WHERE SQ2_alias1.`vcol_int` < 2 HAVING SQ2_cfield1 <> 't') ) AND ( ( alias2.`col_bit` = alias1.`vcol_bit` ) AND ( ( alias2.`col_varchar` = alias1.`vcol_varchar` ) AND ( ( alias2.`vcol_char` = alias1.`col_varchar` ) OR ( ( alias2.`col_bit` < alias1.`col_int` ) AND (alias2.`col_bit` > alias1.`col_int` ) ) ) ) ) ) ) WHERE ( NOT EXISTS ( ( SELECT SQ3_alias1.`col_char` AS SQ3_cfield1 FROM `view_t7` AS SQ3_alias1 WHERE SQ3_alias1.`pk` >= 7 ) ) ) OR alias1.`col_char` LIKE CONCAT( 't', '%') OR alias1.`col_bit` < alias1.`vcol_bit` HAVING (cfield1 = 'e' OR cfield2 > 2) ORDER BY cfield1, cfield2 /* QNO 864 CON_ID 15 */
		   15 Query	SELECT * FROM `view_t5` INTO OUTFILE 'load_view_t5'  /* QNO 865 CON_ID 15 */
		   19 Query	CREATE OR REPLACE VIEW transforms.view_2864_probe AS  RENAME TABLE t1 TO tmp_rename_2864, tmp_rename_2864 TO t1 /* QNO 905 CON_ID 19 */  /* QNO 906 CON_ID 19 */
		   19 Query	ALTER TABLE t1 /*!100301 WAIT 8 */ DROP COLUMN tcol10, ALGORITHM=INPLACE, LOCK=NONE /* QNO 907 CON_ID 19 */
		   18 Query	INSERT INTO `view_t6` SELECT * FROM `t1` /* QNO 884 CON_ID 18 */
		   15 Query	LOAD DATA INFILE 'load_view_t5' IGNORE INTO TABLE view_t5 /* QNO 866 CON_ID 15 */
		   18 Query	SELECT * FROM `t4` INTO OUTFILE 'load_t4'  /* QNO 885 CON_ID 18 */
		   15 Query	ALTER ONLINE IGNORE TABLE t3 FORCE, LOCK=SHARED, ALGORITHM=DEFAULT, DROP FOREIGN KEY b, ADD FULLTEXT KEY(scol7), LOCK=DEFAULT /* QNO 867 CON_ID 15 */
		   18 Query	LOAD DATA INFILE 'load_t4' IGNORE INTO TABLE t4 /* QNO 886 CON_ID 18 */
		   15 Query	ALTER TABLE t3 /*!100301 NOWAIT */ DROP FOREIGN KEY IF EXISTS m, ALTER COLUMN ecol10 DROP DEFAULT /* QNO 868 CON_ID 15 */
		   15 Query	INSERT INTO `t2` SELECT * FROM `t9` /* QNO 869 CON_ID 15 */
		   15 Query	INSERT INTO `t4` SELECT * FROM `t4` /* QNO 870 CON_ID 15 */
		   19 Query	SELECT MIN( alias1.`vcol_year` ) AS field1, MAX( alias1.`vcol_timestamp` ) AS field2 FROM ( ( SELECT SQ1_alias1.* FROM ( `view_t9` AS SQ1_alias1, `t9` AS SQ1_alias2 ) WHERE SQ1_alias1.`vcol_bit` != SQ1_alias1.`pk` ) AS alias1, `view_t9` AS alias2 ) WHERE ( NOT EXISTS ( ( SELECT SQ2_alias1.`vcol_varchar` AS SQ2_cfield1 FROM `t9` AS SQ2_alias1 WHERE SQ2_alias1.`col_char` < SQ2_alias1.`col_char` ) ) ) AND ( alias1.`pk` >= alias1.`col_int` OR 'm' NOT LIKE 's' ) ORDER BY field2, field1 LIMIT 2 /* QNO 908 CON_ID 19 */
		   18 Query	ALTER IGNORE TABLE t6 ADD ( tcol10 YEAR DEFAULT NULL /*!100201 CHECK (ncol5 != ncol8) */ ), ALGORITHM=COPY, RENAME TO `t7`  /* QNO 887 CON_ID 18 */
		   17 Query	ALTER TABLE `t9` PARTITION BY HASH(icol9) /* QNO 629 CON_ID 17 */
		   16 Query	INSERT INTO `view_t5` SELECT * FROM `view_t5` /* QNO 850 CON_ID 16 */
		   16 Query	INSERT INTO `t1` SELECT * FROM `t3` /* QNO 851 CON_ID 16 */
		   19 Query	INSERT INTO `t2` SELECT * FROM `t1` /* QNO 909 CON_ID 19 */
		   17 Query	SELECT * FROM `view_t7` INTO OUTFILE 'load_view_t7'  /* QNO 630 CON_ID 17 */
		   17 Query	LOAD DATA INFILE 'load_view_t7' REPLACE INTO TABLE view_t7 /* QNO 631 CON_ID 17 */
		   17 Query	DROP TABLE IF EXISTS tmp_rename_9164  /* QNO 632 CON_ID 17 */
		   17 Query	SHOW WARNINGS
		   17 Query	RENAME TABLE t10 TO tmp_rename_9164, tmp_rename_9164 TO t10 /* QNO 633 CON_ID 17 */
		   20 Query	SELECT GROUP_CONCAT( alias1.`col_year` ORDER BY 1 SEPARATOR ',' ) AS cfield1 FROM ( ( SELECT SQ1_alias1.* FROM ( `t1` AS SQ1_alias1 LEFT JOIN `t6` AS SQ1_alias2 ON (SQ1_alias2.`` = SQ1_alias1.`vcol_char` ) ) ) AS alias1 LEFT JOIN ( ( `view_t8` AS alias2 RIGHT OUTER JOIN `view_t3` AS alias3 ON (( alias3.`col_varchar` = alias2.`col_varchar` ) AND ( alias3.`pk` = alias2.`col_int` ) ) ) ) ON (alias3.`pk` <= alias2.`pk` AND alias1.`pk` IN ( SELECT MAX( SQ2_alias1.`col_bit` ) AS SQ2_ifield1 FROM ( `view_t5` AS SQ2_alias1 LEFT JOIN `t8` AS SQ2_alias2 ON (SQ2_alias2.`pk` = SQ2_alias1.`pk` ) ) ) ) ) WHERE ( alias1.`pk` BETWEEN 164 AND ( 154 + 255 ) OR ( alias1.`pk` > 52 AND alias1.`pk` < ( 61 + 254 ) OR alias1.`` <> 'g' ) ) OR ( alias1.`` LIKE CONCAT( 'c', '%') AND ( alias1.`pk` >= alias3.`vcol_bit` OR 18 = -99 ) OR alias1.`col_datetime` != 2 AND ( alias1.`col_varchar` LIKE '%a%' OR alias1.`vcol_varchar` LIKE '%b%') )  /* QNO 692 CON_ID 20 */
		   19 Query	EXPLAIN EXTENDED SELECT alias1.`col_blob` AS field1, alias1.`col_int` AS ifield1, alias1.`col_year` AS field2, alias1.`vcol_enum` AS field3, alias1.`vcol_int` AS field4 FROM ( `t4` AS alias1 RIGHT OUTER JOIN `view_t6` AS alias2 ON (( alias2.`col_bit` != alias1.`vcol_int` ) AND (alias2.`col_bit` = alias1.`vcol_int` ) ) ) WHERE ( alias1.`vcol_int` NOT BETWEEN 92 AND ( 227 + 61 ) OR alias1.`col_bit` > 169 AND alias1.`col_bit` < ( 75 + 160 ) ) GROUP BY field1, ifield1, field2, field3, field4 ORDER BY field2, field3, field1, ifield1, field4  /* QNO 910 CON_ID 19 */
