		   18 Query	SELECT GROUP_CONCAT( alias1.`col_datetime`, IF( alias1.`col_varchar`, alias1.`vcol_year`, alias1.`vcol_char` ), alias1.`vcol_dec` ORDER BY 3,1,2 SEPARATOR '___' ) AS cfield1 FROM ( `t7` AS alias1 INNER JOIN `view_t2` AS alias2 ON (( alias2.`col_bit` = alias1.`col_bit` ) AND ( ( alias2.`col_varchar` = alias1.`vcol_char` ) AND ( ( alias2.`col_bit` > alias1.`vcol_bit` ) AND (alias2.`col_bit` <= alias1.`col_bit` ) ) ) ) ) WHERE ( EXISTS ( ( SELECT SQ1_alias1.`col_varchar` AS SQ1_cfield1 FROM ( `view_t6` AS SQ1_alias1 RIGHT OUTER JOIN `view_t8` AS SQ1_alias2 ON (SQ1_alias2.`vcol_char` = SQ1_alias1.`vcol_char` ) ) ) ) ) AND alias1.`col_varchar` < 'y' OR ( alias1.`col_bit` != alias1.`col_varchar` OR alias1.`col_char` IS NULL ) HAVING cfield1 = 'j'  /* QNO 888 CON_ID 18 */
		   20 Query	ALTER TABLE `t8` REMOVE PARTITIONING /* QNO 693 CON_ID 20 */
		   19 Query	SELECT alias1.`vcol_enum` AS field1, alias1.`vcol_bit` AS ifield1 FROM ( `t3` AS alias1 RIGHT OUTER JOIN ( ( `view_t1` AS alias2 STRAIGHT_JOIN `view_t3` AS alias3 ON (( alias3.`col_char` = alias2.`col_char` ) AND ( alias3.`vcol_char` = alias2.`col_char` ) ) ) ) ON (( alias3.`col_varchar` = alias2.`vcol_varchar` ) AND ( alias3.`col_char` = alias2.`vcol_char` ) ) ) WHERE EXISTS ( ( SELECT SQ1_alias1.`col_char` AS SQ1_cfield1 FROM `t1` AS SQ1_alias1 WHERE SQ1_alias1.`col_varchar` <= SQ1_alias1.`vcol_char` GROUP BY SQ1_cfield1 ) ) ORDER BY field1, ifield1 /* QNO 911 CON_ID 19 */
		   20 Query	ALTER ONLINE IGNORE TABLE t10 /*!100301 WAIT 7 */ ADD CONSTRAINT j CHECK (tcol6 = 4) /* QNO 694 CON_ID 20 */
		   16 Query	SHOW WARNINGS
		   16 Query	ALTER ONLINE TABLE t6 ADD scol1 BLOB NULL DEFAULT NULL, LOCK=NONE, FORCE, LOCK=DEFAULT, DROP CONSTRAINT IF EXISTS a /* QNO 852 CON_ID 16 */
		   16 Query	SELECT * FROM `view_t7` INTO OUTFILE 'load_view_t7'  /* QNO 853 CON_ID 16 */
		   18 Query	SELECT STRAIGHT_JOIN alias1.`col_char` AS cfield1, ( SELECT 'd' FROM DUAL ) AS field1, COUNT( alias1.`vcol_enum` ) AS field2 FROM ( `t4` AS alias1, `t5` AS alias2 ) WHERE ( EXISTS ( SELECT SQ2_alias1.`col_varchar` AS SQ2_cfield1 FROM ( `view_t6` AS SQ2_alias1 LEFT OUTER JOIN `view_t6` AS SQ2_alias2 ON (SQ2_alias2.`vcol_varchar` = SQ2_alias1.`vcol_varchar` ) ) WHERE alias1.`vcol_bit` IN ( ( SELECT C_SQ1_alias1.`col_int` AS C_SQ1_ifield1 FROM ( `t4` AS C_SQ1_alias1 LEFT JOIN ( ( `t5` AS C_SQ1_alias2 INNER JOIN `view_t7` AS C_SQ1_alias3 ON (C_SQ1_alias3.`col_varchar` = C_SQ1_alias2.`col_char` ) ) ) ON (C_SQ1_alias3.`vcol_bit` = C_SQ1_alias2.`vcol_int` ) ) WHERE ( C_SQ1_alias1.`vcol_int` >= 8 AND C_SQ1_alias1.`col_int` < C_SQ1_alias3.`col_int` ) ) ) AND SQ2_alias2.`col_int` != alias1.`col_int` ) ) AND alias1.`vcol_varchar` <= 'm' GROUP BY cfield1, field1 HAVING field2 = 'g'  /* QNO 889 CON_ID 18 */
		   16 Query	LOAD DATA INFILE 'load_view_t7' IGNORE INTO TABLE view_t7 /* QNO 854 CON_ID 16 */
		   18 Query	SELECT DISTINCT ( SELECT 6 FROM DUAL ) AS field1 FROM ( `t9` AS alias1 LEFT OUTER JOIN ( SELECT SQ2_alias1.* FROM ( `t3` AS SQ2_alias1 INNER JOIN `view_t9` AS SQ2_alias2 ON (SQ2_alias2.`vcol_int` = SQ2_alias1.`pk` ) ) ) AS alias2 ON (( alias2.`col_bit` > alias1.`pk` ) AND (alias2.`col_bit` > alias1.`col_bit` ) ) ) WHERE ( ( alias1.`col_varchar`, alias1.`col_varchar` ) IN ( SELECT SQ3_alias1.`vcol_varchar` AS SQ3_cfield1, SQ3_alias1.`vcol_char` AS SQ3_cfield2 FROM `view_t5` AS SQ3_alias1 ) ) OR ( -33 = 101 OR 'l' NOT LIKE 'v' ) GROUP BY field1  /* QNO 890 CON_ID 18 */
		   16 Query	SELECT alias1.`col_timestamp` AS field1, alias1.`vcol_varchar` AS cfield1 FROM ( `t5` AS alias1, `view_t1` AS alias2, `t9` AS alias3 ) WHERE alias1.`` IN ('y') AND ( ( alias1.`pk` IN (81, 181, 249, 140) OR alias1.`pk` > 47 AND alias1.`pk` < ( 96 + 125 ) ) AND ( alias1.`vcol_int` IN ( SELECT 9 FROM DUAL ) AND alias2.`col_char` = 'j' ) AND alias1.`vcol_varchar` > alias1.`col_varchar` ) HAVING ((((field1 > 'p' AND field1 <= 'i') OR field1 != 170) OR field1 = 44) AND field1 <> 4)  /* QNO 855 CON_ID 16 */
		   18 Query	ALTER ONLINE TABLE t10 RENAME TO t1, MODIFY COLUMN IF EXISTS scol5 CHAR DEFAULT NULL, ALGORITHM=COPY, LOCK=EXCLUSIVE /* QNO 891 CON_ID 18 */
		   16 Query	UNLOCK TABLES /* QNO 856 CON_ID 16 */
		   16 Query	CREATE OR REPLACE VIEW transforms.view_3612_probe AS UNLOCK TABLES /* QNO 856 CON_ID 16 */  /* QNO 857 CON_ID 16 */
		   16 Query	INSERT INTO `t6` ( icol1 ) SELECT vcol10 FROM `t1`  /* QNO 858 CON_ID 16 */
		   16 Query	INSERT INTO `view_t3` SELECT * FROM `view_t3` /* QNO 859 CON_ID 16 */
		   16 Query	ALTER TABLE t2 ALTER COLUMN tscol10 SET DEFAULT NULL, DROP PRIMARY KEY, DROP CONSTRAINT u /* QNO 860 CON_ID 16 */
		   16 Query	SELECT * FROM `view_t5` INTO OUTFILE 'load_view_t5'  /* QNO 861 CON_ID 16 */
		   16 Query	LOAD DATA INFILE 'load_view_t5' REPLACE INTO TABLE view_t5 /* QNO 862 CON_ID 16 */
		   16 Query	SELECT * FROM `view_t6` INTO OUTFILE 'load_view_t6'  /* QNO 863 CON_ID 16 */
		   16 Query	LOAD DATA INFILE 'load_view_t6' IGNORE INTO TABLE view_t6 /* QNO 864 CON_ID 16 */
		   16 Query	ALTER TABLE `t9` /*!100301 WAIT 9 */ ADD CONSTRAINT j FOREIGN KEY (scol3) REFERENCES t1 (tcol1), CHECKSUM 0 /* QNO 865 CON_ID 16 */
		   16 Query	SELECT DISTINCT STRAIGHT_JOIN MAX( DISTINCT alias1.`vcol_year` ) AS field1 FROM ( `view_t6` AS alias1 RIGHT JOIN ( ( ( SELECT SQ1_alias1.* FROM ( `view_t3` AS SQ1_alias1 LEFT JOIN ( `view_t4` AS SQ1_alias2 RIGHT OUTER JOIN `view_t3` AS SQ1_alias3 ON (SQ1_alias3.`vcol_bit` = SQ1_alias2.`col_int` ) ) ON (SQ1_alias3.`col_int` = SQ1_alias2.`col_int` ) ) WHERE ( SQ1_alias1.`vcol_char` IN ( SELECT C_SQ1_alias1.`vcol_char` AS C_SQ1_cfield1 FROM `t8` AS C_SQ1_alias1 WHERE C_SQ1_alias1.`col_bit` >= SQ1_alias3.`vcol_bit` OR C_SQ1_alias1.`col_char` <= SQ1_alias2.`col_varchar` ) AND SQ1_alias3.`col_bit` > 3 ) ) AS alias2 RIGHT JOIN ( SELECT SQ2_alias1.* FROM ( `t2` AS SQ2_alias1 RIGHT OUTER JOIN ( `t1` AS SQ2_alias2 STRAIGHT_JOIN `t3` AS SQ2_alias3 ON (SQ2_alias3.`vcol_bit` = SQ2_alias2.`vcol_bit` ) ) ON (SQ2_alias3.`pk` = SQ2_alias2.`vcol_bit` ) ) WHERE SQ2_alias2.`vcol_char` <= SQ2_alias3.`col_varchar` ) AS alias3 ON (( alias3.`vcol_char` < alias2.`vcol_varchar` ) AND ( ( alias3.`pk` <> alias2.`vcol_int` ) AND (alias3.`pk` <= alias2.`col_bit` ) ) ) ) ) ON (( alias3.`pk` <= alias2.`vcol_bit` ) AND (alias3.`pk` != alias2.`vcol_int` ) ) ) WHERE ( alias1.`vcol_char` = 'f' AND alias1.`col_bit` = alias3.`col_bit` ) HAVING field1 != 75 ORDER BY field1  /* QNO 866 CON_ID 16 */
		   16 Query	ALTER ONLINE TABLE `t4` DROP PRIMARY KEY /* QNO 867 CON_ID 16 */
		   16 Query	SELECT `vcol_enum` AS field1, `pk` AS ifield1 FROM ( SELECT SQ1_alias1.* FROM `t8` AS SQ1_alias1 WHERE SQ1_alias1.`col_bit` < SQ1_alias1.`pk` ) AS alias1 WHERE ( ( alias1.`pk` > 150 AND alias1.`pk` < ( 154 + 149 ) OR ( alias1.`pk` IN (242, 129, 140, 86, 108) OR alias1.`pk` > 5 AND alias1.`pk` < ( 60 + 108 ) ) ) OR alias1.`col_char` = 'v' AND 'h' = 'b' ) GROUP BY field1, ifield1 /* QNO 868 CON_ID 16 */
		   16 Query	ALTER IGNORE TABLE `view_t9` ADD INDEX(bcol3), ALGORITHM=COPY, LOCK=DEFAULT, ADD FOREIGN KEY (vcol8) REFERENCES t8 (scol1) ON UPDATE NO ACTION, ADD FOREIGN KEY (icol8) REFERENCES t5 (ncol3) ON DELETE RESTRICT ON UPDATE SET DEFAULT /* QNO 869 CON_ID 16 */
		   16 Query	ALTER TABLE t1 /*!100301 WAIT 6 */ ADD CONSTRAINT FOREIGN KEY r (tscol9) REFERENCES t7 (`vcol_bit`) ON DELETE SET DEFAULT ON UPDATE SET NULL /* QNO 870 CON_ID 16 */
		   16 Query	SELECT * FROM `t9` INTO OUTFILE 'load_t9'  /* QNO 871 CON_ID 16 */
		   16 Query	LOAD DATA INFILE 'load_t9' IGNORE INTO TABLE t9 /* QNO 872 CON_ID 16 */
		   16 Query	SELECT alias1.`vcol_char` AS field1 FROM ( `t1` AS alias1, `view_t3` AS alias2 ) WHERE ( alias1.`col_int` BETWEEN 228 AND ( 138 + 15 ) OR alias1.`col_bit` > 225 AND alias1.`col_bit` < ( 150 + 224 ) ) OR alias1.`col_varchar` > 'p' GROUP BY field1 ORDER BY field1 LIMIT 2 OFFSET 5 /* QNO 873 CON_ID 16 */
		   16 Query	ALTER ONLINE TABLE `view_t4` /*!100301 NOWAIT */ ALTER COLUMN tcol2 DROP DEFAULT /* QNO 874 CON_ID 16 */
		   16 Query	SELECT 96 AS ifield1, alias1.`vcol_dec` AS field1 FROM ( ( SELECT SQ1_alias1.* FROM ( `t9` AS SQ1_alias1 LEFT JOIN `view_t8` AS SQ1_alias2 ON (SQ1_alias2.`vcol_char` = SQ1_alias1.`vcol_varchar` AND SQ1_alias2.`vcol_bit` IN ( SELECT C_SQ1_alias1.`col_int` AS C_SQ1_ifield1 FROM ( `view_t9` AS C_SQ1_alias1 INNER JOIN `view_t5` AS C_SQ1_alias2 ON (C_SQ1_alias2.`pk` = C_SQ1_alias1.`vcol_bit` ) ) ) ) ) ) AS alias1, `view_t7` AS alias2 ) WHERE ( alias1.`vcol_varchar` IN ('y') OR alias1.`col_bit` > 190 AND alias1.`vcol_bit` < ( 196 + 158 ) ) ORDER BY field1, ifield1  /* QNO 875 CON_ID 16 */
		   16 Query	SELECT SQL_SMALL_RESULT CONCAT( alias1.`col_varchar`, alias1.`vcol_varchar` ) AS cfield1 FROM ( ( SELECT SQ1_alias1.* FROM ( `view_t8` AS SQ1_alias1 INNER JOIN `t6` AS SQ1_alias2 ON (SQ1_alias2.`` = SQ1_alias1.`col_varchar` ) ) ) AS alias1 INNER JOIN `t8` AS alias2 ON (( alias2.`vcol_char` <> alias1.`` ) AND ( ( alias2.`pk` <= alias1.`pk` ) AND (alias2.`pk` <> alias1.`col_bit` ) ) ) ) WHERE ( alias1.`pk` IN (48) OR alias1.`` > 'j' ) AND alias1.`pk` IS NULL GROUP BY cfield1 HAVING cfield1 >= ANY ( SELECT MAX( SQ2_alias1.`col_int` ) AS SQ2_ifield1 FROM ( `t5` AS SQ2_alias1 INNER JOIN ( `view_t2` AS SQ2_alias2 LEFT JOIN `view_t5` AS SQ2_alias3 ON (SQ2_alias3.`vcol_varchar` = SQ2_alias2.`col_char` ) ) ON (SQ2_alias3.`col_char` = SQ2_alias2.`vcol_char` ) ) ) ORDER BY cfield1 /* QNO 876 CON_ID 16 */
		   16 Query	INSERT INTO `t6` SELECT * FROM `view_t7` /* QNO 877 CON_ID 16 */
		   16 Query	SELECT SQL_SMALL_RESULT GROUP_CONCAT( IF( alias1.`col_blob`, alias1.`col_time`, alias1.`col_blob` ), IF( alias1.`col_int`, alias1.`vcol_char`, alias1.`vcol_timestamp` ), alias1.`col_int` ORDER BY 3,1,2 ) AS cfield1, MIN( alias1.`col_year` ) AS field1 FROM ( `t3` AS alias1, `t1` AS alias2 ) WHERE ( alias2.`col_int` IN ( SELECT SQ1_alias1.`col_bit` AS SQ1_ifield1 FROM ( `t7` AS SQ1_alias1 INNER JOIN `view_t9` AS SQ1_alias2 ON (SQ1_alias2.`col_char` = SQ1_alias1.`col_char` ) ) WHERE alias2.`pk` IN ( ( SELECT C_SQ1_alias1.`pk` AS C_SQ1_ifield1 FROM ( `view_t6` AS C_SQ1_alias1 INNER JOIN `view_t6` AS C_SQ1_alias2 ON (C_SQ1_alias2.`col_int` = C_SQ1_alias1.`vcol_bit` ) ) WHERE C_SQ1_alias2.`vcol_char` > C_SQ1_alias2.`vcol_varchar` ) ) OR SQ1_alias2.`vcol_int` IN ( ( SELECT SQL_SMALL_RESULT C_SQ2_alias1.`vcol_bit` AS C_SQ2_ifield1 FROM ( `view_t2` AS C_SQ2_alias1 INNER JOIN `view_t2` AS C_SQ2_alias2 ON (C_SQ2_alias2.`vcol_char` = C_SQ2_alias1.`col_varchar` ) ) WHERE C_SQ2_alias1.`col_char` <> alias2.`vcol_varchar` AND C_SQ2_alias2.`vcol_int` = C_SQ2_alias2.`pk` ) ) ) ) AND ( alias1.`col_bit` IS NOT NULL AND alias1.`vcol_int` = 4 ) ORDER BY field1 /* QNO 878 CON_ID 16 */
		   16 Query	SELECT * FROM `t1` INTO OUTFILE 'load_t1'  /* QNO 879 CON_ID 16 */
		   16 Query	LOAD DATA INFILE 'load_t1' REPLACE INTO TABLE t1 /* QNO 880 CON_ID 16 */
		   16 Query	INSERT INTO `t2` SELECT * FROM `view_t2` /* QNO 881 CON_ID 16 */
		   16 Query	ALTER TABLE `t6` ADD CONSTRAINT CHECK (ecol4 != tcol10) /* QNO 882 CON_ID 16 */
		   16 Query	INSERT INTO `view_t6` (ecol1) VALUES (NULL) /* QNO 883 CON_ID 16 */
		   16 Query	SELECT * FROM `view_t4` INTO OUTFILE 'load_view_t4'  /* QNO 884 CON_ID 16 */
		   16 Query	LOAD DATA INFILE 'load_view_t4' REPLACE INTO TABLE view_t4 /* QNO 885 CON_ID 16 */
		   16 Query	SELECT alias1.`col_bit` AS ifield1 FROM ( `view_t5` AS alias1, ( SELECT SQ1_alias1.* FROM ( `view_t9` AS SQ1_alias1, `view_t8` AS SQ1_alias2 ) ) AS alias2, ( SELECT SQ2_alias1.* FROM `t1` AS SQ2_alias1 ) AS alias3 ) WHERE ( EXISTS ( ( SELECT SQ3_alias1.`vcol_varchar` AS SQ3_cfield1 FROM ( `view_t1` AS SQ3_alias1 INNER JOIN `t4` AS SQ3_alias2 ON (SQ3_alias2.`pk` = SQ3_alias1.`pk` ) ) ) ) ) OR alias1.`pk` > 40 AND alias1.`pk` < ( 89 + 232 ) GROUP BY ifield1 HAVING ifield1 <> 7 ORDER BY ifield1 /* QNO 886 CON_ID 16 */
		   16 Query	INSERT INTO `t3` SELECT * FROM `t1` /* QNO 887 CON_ID 16 */
		   17 Query	CREATE OR REPLACE VIEW transforms.view_9164_probe AS  RENAME TABLE t10 TO tmp_rename_9164, tmp_rename_9164 TO t10 /* QNO 633 CON_ID 17 */  /* QNO 634 CON_ID 17 */
		   17 Query	OPTIMIZE TABLE `t4`  /* QNO 635 CON_ID 17 */
		   20 Query	ALTER IGNORE TABLE t6 /*!100301 WAIT 6 */ ADD INDEX(`col_bit`), LOCK=NONE /* QNO 695 CON_ID 20 */
		   20 Query	SELECT * FROM `t7` INTO OUTFILE 'load_t7'  /* QNO 696 CON_ID 20 */
		   20 Query	LOAD DATA INFILE 'load_t7' IGNORE INTO TABLE t7 /* QNO 697 CON_ID 20 */
		   20 Query	INSERT INTO `view_t9` SELECT * FROM `view_t5` /* QNO 698 CON_ID 20 */
		   20 Query	INSERT INTO `t7` SELECT * FROM `view_t1` /* QNO 699 CON_ID 20 */
		   19 Query	SELECT 1 AS ifield1, alias1.`col_varchar` AS cfield1, GROUP_CONCAT( alias1.`vcol_datetime` ORDER BY 1 ) AS cfield2, alias1.`pk` AS ifield2, alias1.`vcol_char` AS cfield3, 83 AS ifield3, ( ( alias1.`pk` ) * ( alias1.`col_int` ) ) AS ifield4, CONCAT( alias1.`col_varchar`, alias1.`col_varchar` ) AS cfield4, GROUP_CONCAT( alias1.`vcol_char` ORDER BY 1 SEPARATOR ',' ) AS cfield5 FROM ( `t7` AS alias1, `t1` AS alias2 ) WHERE ( alias1.`pk` > 10 AND alias1.`col_int` < ( 89 + 35 ) OR alias1.`pk` > 19 AND alias1.`pk` < ( 175 + 182 ) ) GROUP BY ifield1, cfield1, ifield2, cfield3, ifield3, ifield4, cfield4 HAVING ifield2 <> 'd'  /* QNO 912 CON_ID 19 */
		   16 Query	SHOW WARNINGS
		   18 Query	SELECT * FROM `view_t9` INTO OUTFILE 'load_view_t9'  /* QNO 892 CON_ID 18 */
		   19 Query	COMMIT /* QNO 913 CON_ID 19 */
		   18 Query	LOAD DATA INFILE 'load_view_t9' IGNORE INTO TABLE view_t9 /* QNO 893 CON_ID 18 */
		   19 Query	CREATE OR REPLACE VIEW transforms.view_2864_probe AS COMMIT /* QNO 913 CON_ID 19 */  /* QNO 914 CON_ID 19 */
		   18 Query	INSERT INTO `t8` SELECT * FROM `t1` /* QNO 894 CON_ID 18 */
		   16 Query	SELECT alias1.`col_int` AS ifield1, ( ( alias1.`col_int` ) * ( alias1.`vcol_int` ) ) AS ifield2, MAX( alias1.`col_dec` ) AS field1, alias1.`col_int` AS ifield3, alias1.`vcol_char` AS cfield1 FROM ( `view_t1` AS alias1 INNER JOIN ( SELECT SQ1_alias1.* FROM ( `view_t8` AS SQ1_alias1 INNER JOIN `t4` AS SQ1_alias2 ON (SQ1_alias2.`vcol_varchar` = SQ1_alias1.`col_char` ) ) WHERE SQ1_alias2.`col_char` <= SQ1_alias2.`vcol_varchar` ) AS alias2 ON (( alias2.`pk` <> alias1.`pk` ) AND (alias2.`pk` = alias1.`vcol_int` ) ) ) WHERE ( ( 8, 2 ) NOT IN ( SELECT 4, 162 UNION SELECT 5, 2 ) ) AND alias1.`vcol_bit` = 128 AND alias2.`vcol_datetime` < 3 GROUP BY ifield1, ifield2, ifield3, cfield1 HAVING ifield2 < 'k'  /* QNO 888 CON_ID 16 */
		   18 Query	LOCK TABLE `t3` READ /* QNO 895 CON_ID 18 */
		   18 Query	CREATE OR REPLACE VIEW transforms.view_4452_probe AS LOCK TABLE `t3` READ /* QNO 895 CON_ID 18 */  /* QNO 896 CON_ID 18 */
		   18 Query	ALTER TABLE `view_t4` RENAME TO t8 /* QNO 897 CON_ID 18 */
		   19 Query	SELECT alias1.`vcol_char` AS cfield1, GROUP_CONCAT( alias1.`col_date` ORDER BY 1 ) AS cfield2, 'h' AS cfield3, 96 AS ifield1, alias1.`col_char` AS cfield4 FROM ( ( SELECT SQ1_alias1.* FROM ( `view_t7` AS SQ1_alias1, `t2` AS SQ1_alias2 ) ) AS alias1, `t1` AS alias2 ) WHERE ( alias1.`col_varchar`, alias2.`vcol_varchar` ) NOT IN ( SELECT SQ2_alias1.`vcol_varchar` AS SQ2_cfield1, SQ2_alias1.`vcol_char` AS SQ2_cfield2 FROM ( `view_t4` AS SQ2_alias1 INNER JOIN ( `view_t6` AS SQ2_alias2 LEFT OUTER JOIN `view_t2` AS SQ2_alias3 ON (SQ2_alias3.`vcol_varchar` = SQ2_alias2.`col_varchar` ) ) ON (SQ2_alias3.`col_bit` = SQ2_alias2.`pk` ) ) WHERE SQ2_alias1.`col_char` = SQ2_alias1.`col_varchar` ) GROUP BY cfield1, cfield3, ifield1, cfield4 HAVING ifield1 <> 245 ORDER BY cfield4, cfield1, cfield2 /* QNO 915 CON_ID 19 */
		   18 Query	ALTER IGNORE TABLE `view_t9` /*!100301 NOWAIT */ CHANGE COLUMN IF EXISTS vcol9 `col_varchar` VARCHAR(42378) NULL DEFAULT '', LOCK=DEFAULT /* QNO 898 CON_ID 18 */
		   20 Query	SELECT alias1.`col_int` AS field1, alias1.`col_int` AS ifield1, alias1.`vcol_int` AS ifield2, alias1.`col_bit` AS ifield3, alias1.`vcol_int` AS ifield4 FROM ( `t3` AS alias1, `t8` AS alias2, ( SELECT SQ1_alias1.* FROM ( `view_t8` AS SQ1_alias1 LEFT OUTER JOIN ( `view_t7` AS SQ1_alias2 STRAIGHT_JOIN `t7` AS SQ1_alias3 ON (SQ1_alias3.`col_int` = SQ1_alias2.`vcol_bit` ) ) ON (SQ1_alias3.`col_varchar` = SQ1_alias2.`vcol_varchar` ) ) WHERE SQ1_alias1.`col_varchar` = 'a' ) AS alias3 ) WHERE alias1.`pk` BETWEEN 161 AND ( 100 + 34 ) AND ( alias3.`col_char` < 'i' AND alias3.`col_year` < 'USA' ) GROUP BY field1, ifield1, ifield2, ifield3, ifield4 ORDER BY ifield1, ifield3, ifield2, ifield4, field1 LIMIT 100 OFFSET 8 /* QNO 700 CON_ID 20 */
		   19 Query	ALTER IGNORE TABLE t5 /*!100301 WAIT 7 */ ADD SPATIAL INDEX(geocol4), ALGORITHM=DEFAULT, LOCK=SHARED, DROP COLUMN IF EXISTS ecol3, ALGORITHM=COPY, LOCK=DEFAULT, MODIFY COLUMN IF EXISTS `col_int` TINYINT DEFAULT 7 AFTER tcol2, ALGORITHM=DEFAULT, DROP FOREIGN KEY IF EXISTS a, ADD IF NOT EXISTS ecol8 SET('foo','bar'), LOCK=DEFAULT, DROP INDEX ind4 /* QNO 916 CON_ID 19 */
		   16 Query	ALTER ONLINE IGNORE TABLE `t7` ADD FOREIGN KEY (icol3) REFERENCES `t9` (tscol4), DROP PRIMARY KEY /* QNO 889 CON_ID 16 */
		   19 Query	INSERT INTO `view_t8` SELECT * FROM `view_t6` /* QNO 917 CON_ID 19 */
		   16 Query	DROP TABLE IF EXISTS tmp_rename_3612  /* QNO 890 CON_ID 16 */
		   18 Query	SELECT alias1.`col_char` AS cfield1 FROM ( ( SELECT SQ1_alias1.* FROM ( `view_t7` AS SQ1_alias1 INNER JOIN `t2` AS SQ1_alias2 ON (SQ1_alias2.`col_int` = SQ1_alias1.`col_bit` ) ) ) AS alias1, `view_t7` AS alias2, `t8` AS alias3 ) WHERE ( ( SELECT 'd' FROM DUAL ) IS NULL ) AND alias1.`pk` NOT BETWEEN 12 AND ( 145 + 249 ) GROUP BY cfield1 HAVING cfield1 <= 'USA' ORDER BY cfield1  /* QNO 899 CON_ID 18 */
		   16 Query	SHOW WARNINGS
		   19 Query	SELECT alias1.`col_blob` AS field1 FROM ( `t3` AS alias1 INNER JOIN `t1` AS alias2 ON (alias2.`pk` <> alias1.`vcol_bit` ) ) WHERE ( alias1.`vcol_int` = 106 AND ( alias1.`col_int` = alias2.`vcol_int` AND alias1.`col_char` = 'l' ) ) GROUP BY field1 ORDER BY field1  /* QNO 918 CON_ID 19 */
		   19 Query	SELECT `col_bit` AS ifield1 FROM `view_t8` AS alias1 WHERE alias1.`col_char` != alias1.`col_varchar` GROUP BY ifield1 /* QNO 919 CON_ID 19 */
		   18 Query	SELECT alias1.`col_datetime` AS field1 FROM ( ( SELECT SQ1_alias1.* FROM ( `view_t1` AS SQ1_alias1 RIGHT OUTER JOIN ( `view_t1` AS SQ1_alias2 LEFT OUTER JOIN `t4` AS SQ1_alias3 ON (SQ1_alias3.`col_char` = SQ1_alias2.`vcol_char` ) ) ON (SQ1_alias3.`col_char` = SQ1_alias2.`col_varchar` ) ) WHERE SQ1_alias1.`col_varchar` < SQ1_alias3.`vcol_char` ) AS alias1, `t9` AS alias2 ) WHERE alias1.`col_int` = 237 GROUP BY field1 ORDER BY field1 /* QNO 900 CON_ID 18 */
		   19 Query	INSERT INTO `view_t1` SELECT * FROM `t2` /* QNO 920 CON_ID 19 */
		   16 Query	RENAME TABLE t1 TO tmp_rename_3612, tmp_rename_3612 TO t1 /* QNO 891 CON_ID 16 */
		   20 Query	SELECT alias1.`pk` AS ifield1 FROM ( `t4` AS alias1, `view_t8` AS alias2, `view_t1` AS alias3 ) WHERE ( ( 'b', 'l' ) NOT IN ( SELECT 'p', 'b' UNION SELECT 'i', 'm' ) ) AND alias1.`col_varchar` = alias1.`col_varchar` AND ( 39 > -126 AND ( 'z', 'o' ) NOT IN ( SELECT SQ2_alias1.`col_varchar` AS SQ2_cfield1, SQ2_alias1.`vcol_varchar` AS SQ2_cfield2 FROM ( `view_t8` AS SQ2_alias1 INNER JOIN `t1` AS SQ2_alias2 ON (SQ2_alias2.`col_char` = SQ2_alias1.`vcol_char` ) ) WHERE SQ2_alias2.`vcol_bit` >= 15 ) ) GROUP BY ifield1 ORDER BY ifield1  /* QNO 701 CON_ID 20 */
		   18 Query	SELECT * FROM `t2` INTO OUTFILE 'load_t2'  /* QNO 901 CON_ID 18 */
		   19 Query	INSERT INTO `t1` SELECT * FROM `view_t1` /* QNO 921 CON_ID 19 */
		   18 Query	LOAD DATA INFILE 'load_t2' REPLACE INTO TABLE t2 /* QNO 902 CON_ID 18 */
		   20 Query	INSERT INTO `t6` SELECT * FROM `t2` /* QNO 702 CON_ID 20 */
		   18 Query	SELECT 'h' AS cfield1, -62 AS ifield1 FROM ( `view_t7` AS alias1 RIGHT OUTER JOIN ( ( ( SELECT SQ1_alias1.* FROM ( `t7` AS SQ1_alias1 RIGHT JOIN `t9` AS SQ1_alias2 ON (SQ1_alias2.`` = SQ1_alias1.`vcol_varchar` ) ) ) AS alias2 RIGHT JOIN `view_t6` AS alias3 ON (alias3.`col_char` >= alias2.`col_varchar` ) ) ) ON (( alias3.`vcol_char` <= alias2.`vcol_char` ) AND ( ( alias3.`col_varchar` = alias2.`col_char` ) OR ( ( alias3.`vcol_int` <= alias2.`vcol_int` ) AND ( alias3.`vcol_int` = alias2.`col_int` ) ) ) ) ) WHERE ( ( SELECT MAX( SQ2_alias1.`vcol_int` ) AS SQ2_ifield1 FROM ( `t9` AS SQ2_alias1, `t4` AS SQ2_alias2 ) ) IS NULL ) AND ( alias1.`col_int` > 228 AND alias1.`col_bit` < ( 62 + 26 ) OR alias1.`pk` > 81 AND alias1.`pk` < ( 222 + 145 ) ) AND ( alias1.`col_bit` > 144 AND alias1.`pk` < ( 10 + 245 ) AND alias1.`pk` IS NULL AND alias1.`pk` = alias3.`vcol_timestamp` ) GROUP BY cfield1, ifield1 HAVING ifield1 <> 67  /* QNO 903 CON_ID 18 */
		   20 Query	SELECT alias1.`vcol_int` AS ifield1 FROM ( ( SELECT SQ1_alias1.* FROM ( `t3` AS SQ1_alias1, `view_t8` AS SQ1_alias2 ) WHERE SQ1_alias2.`pk` <= SQ1_alias1.`vcol_int` ) AS alias1, `view_t6` AS alias2, `view_t1` AS alias3 ) WHERE ( ( SELECT SUM( SQ2_alias1.`vcol_int` ) AS SQ2_ifield1 FROM `t9` AS SQ2_alias1 ) IS NOT NULL ) OR ( alias3.`pk` = alias1.`vcol_dec` OR EXISTS ( SELECT SQ3_alias1.`col_int` AS SQ3_ifield1 FROM `view_t1` AS SQ3_alias1 WHERE alias1.`col_int` IN ( ( SELECT C_SQ1_alias1.`vcol_bit` AS C_SQ1_ifield1 FROM ( `view_t3` AS C_SQ1_alias1 STRAIGHT_JOIN `t7` AS C_SQ1_alias2 ON (C_SQ1_alias2.`pk` = C_SQ1_alias1.`vcol_bit` ) ) WHERE C_SQ1_alias2.`vcol_char` <= C_SQ1_alias1.`vcol_varchar` ) ) OR alias3.`vcol_int` IN ( ( SELECT C_SQ2_alias1.`vcol_int` AS C_SQ2_ifield1 FROM ( `t5` AS C_SQ2_alias1 LEFT JOIN `t5` AS C_SQ2_alias2 ON (C_SQ2_alias2.`col_char` = C_SQ2_alias1.`vcol_varchar` ) ) ) ) ) ) GROUP BY ifield1 HAVING ifield1 < 100 ORDER BY ifield1 /* QNO 703 CON_ID 20 */
		   20 Query	UNLOCK TABLES /* QNO 704 CON_ID 20 */
		   20 Query	CREATE OR REPLACE VIEW transforms.view_4672_probe AS UNLOCK TABLES /* QNO 704 CON_ID 20 */  /* QNO 705 CON_ID 20 */
		   20 Query	INSERT INTO `view_t8` SELECT * FROM `t6` /* QNO 706 CON_ID 20 */
		   20 Query	INSERT INTO `t4` SELECT * FROM `t9` /* QNO 707 CON_ID 20 */
		   18 Query	SELECT ( SELECT MIN( alias1.`vcol_bit` ) AS SQ1_ifield1 FROM `t7` AS SQ1_alias1 WHERE SQ1_alias1.`col_bit` != SQ1_alias1.`vcol_int` ) AS field1, alias1.`col_varchar` AS cfield1, alias1.`col_varchar` AS cfield2 FROM ( ( SELECT SQ2_alias1.* FROM ( `t9` AS SQ2_alias1 STRAIGHT_JOIN `t3` AS SQ2_alias2 ON (SQ2_alias2.`col_bit` = SQ2_alias1.`pk` ) ) WHERE SQ2_alias1.`vcol_char` < SQ2_alias2.`col_varchar` ) AS alias1 RIGHT OUTER JOIN ( ( `t1` AS alias2 INNER JOIN ( SELECT SQ3_alias1.* FROM ( `view_t7` AS SQ3_alias1 INNER JOIN ( `view_t1` AS SQ3_alias2 INNER JOIN `t2` AS SQ3_alias3 ON (SQ3_alias3.`vcol_varchar` = SQ3_alias2.`vcol_char` ) ) ON (SQ3_alias3.`vcol_varchar` = SQ3_alias2.`vcol_varchar` ) ) ) AS alias3 ON (alias3.`pk` <> alias2.`vcol_bit` ) ) ) ON (( alias3.`pk` >= alias2.`col_int` ) AND (alias3.`pk` != alias2.`col_int` ) ) ) WHERE alias1.`col_int` <> ( SELECT 3 FROM DUAL ) GROUP BY field1, cfield1, cfield2 HAVING field1 > 74  /* QNO 904 CON_ID 18 */
		   18 Query	SELECT * FROM `t8` INTO OUTFILE 'load_t8'  /* QNO 905 CON_ID 18 */
		   18 Query	LOAD DATA INFILE 'load_t8' REPLACE INTO TABLE t8 /* QNO 906 CON_ID 18 */
		   18 Query	SELECT alias1.`vcol_bit` AS ifield1, -97 AS ifield2, alias1.`col_timestamp` AS field1, alias1.`vcol_blob` AS field2, 79 AS ifield3, alias1.`pk` AS ifield4, alias1.`col_timestamp` AS field3, alias1.`pk` AS ifield5 FROM ( `t7` AS alias1, `view_t9` AS alias2, `view_t8` AS alias3 ) WHERE NOT EXISTS ( SELECT SQ1_alias1.`vcol_char` AS SQ1_cfield1 FROM ( `t4` AS SQ1_alias1 LEFT OUTER JOIN `t1` AS SQ1_alias2 ON (SQ1_alias2.`vcol_int` = SQ1_alias1.`vcol_bit` ) ) WHERE alias2.`pk` IN ( ( SELECT C_SQ1_alias1.`vcol_bit` AS C_SQ1_ifield1 FROM `t8` AS C_SQ1_alias1 WHERE C_SQ1_alias1.`col_varchar` <= C_SQ1_alias1.`vcol_char` ) ) ) HAVING ifield1 < 118  /* QNO 907 CON_ID 18 */
		   18 Query	ALTER ONLINE TABLE t6 /*!100301 NOWAIT */ RENAME TO `view_t7`  /* QNO 908 CON_ID 18 */
		   18 Query	SELECT * FROM `view_t7` INTO OUTFILE 'load_view_t7'  /* QNO 909 CON_ID 18 */
		   18 Query	LOAD DATA INFILE 'load_view_t7' REPLACE INTO TABLE view_t7 /* QNO 910 CON_ID 18 */
		   18 Query	INSERT INTO `view_t9` SELECT * FROM `view_t8` /* QNO 911 CON_ID 18 */
		   18 Query	SELECT ( ( alias1.`vcol_int` ) - ( alias1.`pk` ) ) AS ifield1, 's' AS cfield1 FROM ( `t7` AS alias1 LEFT JOIN ( ( ( SELECT SQ1_alias1.* FROM `t7` AS SQ1_alias1 ) AS alias2 LEFT OUTER JOIN ( SELECT SQ2_alias1.* FROM ( `t9` AS SQ2_alias1 STRAIGHT_JOIN `view_t4` AS SQ2_alias2 ON (SQ2_alias2.`col_varchar` = SQ2_alias1.`vcol_char` ) ) ) AS alias3 ON (( alias3.`col_bit` <> alias2.`pk` ) AND (alias3.`col_bit` != alias2.`col_int` ) ) ) ) ON (( alias3.`col_varchar` >= alias2.`col_varchar` ) OR ( alias3.`col_char` <> alias2.`col_char` ) ) ) WHERE ( EXISTS ( ( SELECT SQ3_alias1.`col_varchar` AS SQ3_cfield1 FROM ( `view_t3` AS SQ3_alias1, `view_t3` AS SQ3_alias2 ) ) ) ) OR alias1.`pk` > 12 AND alias1.`col_int` < ( 198 + 173 ) OR ( alias1.`col_bit` IS NOT NULL AND alias3.`col_blob` > alias3.`vcol_int` ) GROUP BY ifield1, cfield1 ORDER BY ifield1 /* QNO 912 CON_ID 18 */
		   18 Query	ALTER TABLE t10 /*!100301 WAIT 5 */ ADD CONSTRAINT i CHECK (tcol5 != ecol1) /* QNO 913 CON_ID 18 */
		   18 Query	ALTER TABLE t6 ALTER COLUMN tcol1 DROP DEFAULT, ADD CONSTRAINT CHECK (`col_int` != 6) /* QNO 914 CON_ID 18 */
		   18 Query	SELECT COUNT( alias1.`col_dec` ) AS field1 FROM ( `t4` AS alias1 RIGHT OUTER JOIN ( ( `view_t2` AS alias2 INNER JOIN ( SELECT SQ1_alias1.* FROM ( `t6` AS SQ1_alias1, `view_t5` AS SQ1_alias2 ) WHERE SQ1_alias1.`col_int` > SQ1_alias1.`col_int` ) AS alias3 ON (alias3.`col_int` = alias2.`pk` ) ) ) ON (alias3.`vcol_char` >= alias2.`col_varchar` ) ) WHERE ( alias2.`vcol_int` IN ( SELECT DISTINCT MAX( SQ2_alias1.`pk` ) AS SQ2_ifield1 FROM ( `t2` AS SQ2_alias1 LEFT OUTER JOIN ( `t2` AS SQ2_alias2 LEFT JOIN `view_t5` AS SQ2_alias3 ON (SQ2_alias3.`col_char` = SQ2_alias2.`vcol_char` ) ) ON (SQ2_alias3.`vcol_bit` = SQ2_alias2.`pk` ) ) ) ) AND ( alias1.`vcol_char` = 'j' AND alias1.`col_int` = 111 ) ORDER BY field1 LIMIT 1 OFFSET 1 /* QNO 915 CON_ID 18 */
		   18 Query	SELECT CONCAT( alias1.`col_char`, alias1.`col_varchar` ) AS cfield1, alias1.`col_varchar` AS cfield2, SUM( alias1.`col_bit` ) AS field1 FROM ( ( SELECT SQL_SMALL_RESULT SQ1_alias1.* FROM ( `t7` AS SQ1_alias1 STRAIGHT_JOIN `view_t1` AS SQ1_alias2 ON (SQ1_alias2.`vcol_bit` = SQ1_alias1.`vcol_bit` ) ) ) AS alias1, `t8` AS alias2 ) WHERE ( alias1.`pk` = 76 AND ( alias1.`pk` = 120 OR ( alias1.`pk` = 103 AND ( alias1.`pk` = 238 AND ( alias1.`pk` = alias1.`pk` AND ( alias1.`` = 'f' AND alias1.`pk` = alias1.`pk` ) ) ) ) ) ) AND ( EXISTS ( SELECT SQ2_alias1.`vcol_varchar` AS SQ2_cfield1 FROM `t4` AS SQ2_alias1 WHERE SQ2_alias1.`vcol_char` <= alias1.`col_varchar` OR SQ2_alias1.`vcol_bit` <> SQ2_alias1.`col_bit` ) AND alias1.`pk` <= alias1.`vcol_time` ) GROUP BY cfield1, cfield2 HAVING field1 < 3  /* QNO 916 CON_ID 18 */
		   18 Query	SELECT alias1.`col_bit` AS ifield1, alias1.`vcol_varchar` AS cfield1, alias1.`col_int` AS ifield2, alias1.`col_int` AS ifield3, alias1.`pk` AS field1 FROM ( `view_t1` AS alias1 INNER JOIN ( ( `t6` AS alias2 LEFT JOIN `view_t1` AS alias3 ON (alias3.`col_bit` = alias2.`col_int` ) ) ) ON (( alias3.`col_bit` < alias2.`vcol_bit` ) AND (alias3.`col_bit` < alias2.`vcol_int` ) ) ) WHERE alias2.`vcol_varchar` IN ( SELECT SQ1_alias1.`vcol_char` AS SQ1_cfield1 FROM ( `t3` AS SQ1_alias1 LEFT OUTER JOIN ( `view_t6` AS SQ1_alias2 INNER JOIN `view_t3` AS SQ1_alias3 ON (SQ1_alias3.`col_char` = SQ1_alias2.`vcol_char` ) ) ON (SQ1_alias3.`vcol_bit` = SQ1_alias2.`col_bit` ) ) WHERE alias3.`col_int` IN ( ( SELECT DISTINCT C_SQ1_alias1.`vcol_bit` AS C_SQ1_ifield1 FROM `view_t2` AS C_SQ1_alias1 WHERE C_SQ1_alias1.`col_varchar` >= C_SQ1_alias1.`col_varchar` HAVING C_SQ1_ifield1 >= 'm' ) ) ) GROUP BY ifield1, cfield1, ifield2, ifield3, field1  /* QNO 917 CON_ID 18 */
		   18 Query	INSERT INTO `t7` SELECT * FROM `t4` /* QNO 918 CON_ID 18 */
		   18 Query	ALTER ONLINE TABLE `t9` ADD CONSTRAINT CHECK (tscol1 > 5), DROP COLUMN IF EXISTS ecol2, ALGORITHM=COPY, LOCK=EXCLUSIVE, ADD FOREIGN KEY (icol1) REFERENCES t3 (vcol1) ON DELETE NO ACTION  /* QNO 919 CON_ID 18 */
		   18 Query	SELECT GROUP_CONCAT( alias1.`vcol_timestamp`, IF( alias1.`vcol_timestamp`, alias1.`vcol_date`, alias1.`vcol_blob` ), alias1.`col_year`, IF( alias1.`vcol_int`, alias1.`col_time`, alias1.`vcol_char` ), IF( alias1.`vcol_int`, alias1.`vcol_date`, alias1.`col_dec` ), IF( alias1.`vcol_varchar`, alias1.`col_date`, alias1.`col_enum` ), IF( alias1.`col_datetime`, alias1.`vcol_char`, alias1.`vcol_year` ), alias1.`col_datetime`, alias1.`col_char` ORDER BY 9,7,5,1,2,6,4,8,3 ) AS cfield1, 'z' AS cfield2, alias1.`col_int` AS ifield1, COUNT( alias1.`vcol_varchar` ) AS field1, GROUP_CONCAT( alias1.`col_time`, alias1.`vcol_enum`, alias1.`vcol_bit` ORDER BY 2,1,3 SEPARATOR ',' ) AS cfield3 FROM ( `t6` AS alias1, `view_t6` AS alias2, `t9` AS alias3 ) WHERE alias3.`col_varchar` != ALL ( SELECT 'w' UNION SELECT 'b' ) GROUP BY cfield2, ifield1 HAVING ifield1 > 5  /* QNO 920 CON_ID 18 */
		   18 Query	SELECT 31 AS ifield1, alias1.`` AS cfield1 FROM ( `t6` AS alias1, `view_t4` AS alias2, `view_t9` AS alias3 ) WHERE ( alias2.`vcol_int` IN ( SELECT 6 UNION SELECT 3 ) ) OR ( alias1.`col_char` = alias3.`col_varchar` AND ( alias1.`vcol_varchar` = alias2.`vcol_varchar` AND ( alias1.`vcol_varchar` LIKE CONCAT( 'e', '%') AND ( alias1.`pk` = 100 AND ( alias1.`col_char` = alias3.`vcol_varchar` OR ( alias1.`col_bit` = 239 AND alias1.`vcol_int` = 196 ) ) ) ) ) ) AND ( alias1.`vcol_varchar` IS NULL OR alias1.`vcol_timestamp` IS NOT NULL ) GROUP BY ifield1, cfield1 HAVING ifield1 <= 180 ORDER BY cfield1, ifield1 LIMIT 2 /* QNO 921 CON_ID 18 */
		   18 Query	INSERT INTO `view_t4` SELECT * FROM `t4` /* QNO 922 CON_ID 18 */
		   18 Query	CREATE TABLE `t5` LIKE `t3` /* QNO 923 CON_ID 18 */
		   18 Query	SELECT GROUP_CONCAT( alias1.`col_timestamp` ORDER BY 1 SEPARATOR ',' ) AS cfield1 FROM ( `t9` AS alias1 RIGHT JOIN `t3` AS alias2 ON (( alias2.`pk` >= alias1.`vcol_bit` ) AND (alias2.`pk` < alias1.`pk` ) ) ) WHERE ( alias1.`vcol_int` IN ( SELECT COUNT( SQ1_alias1.`col_int` ) AS SQ1_ifield1 FROM ( `t7` AS SQ1_alias1 RIGHT OUTER JOIN ( `view_t9` AS SQ1_alias2 INNER JOIN `view_t9` AS SQ1_alias3 ON (SQ1_alias3.`col_varchar` = SQ1_alias2.`col_varchar` ) ) ON (SQ1_alias3.`pk` = SQ1_alias2.`col_bit` ) ) ) ) OR alias1.`vcol_varchar` LIKE CONCAT( 'f', '%') ORDER BY cfield1 LIMIT 1 /* QNO 924 CON_ID 18 */
		   18 Query	ALTER IGNORE TABLE t8 DROP COLUMN ecol6, ALGORITHM=DEFAULT  /* QNO 925 CON_ID 18 */
		   18 Query	SELECT DISTINCT alias1.`vcol_enum` AS field1, 37 AS ifield1, alias1.`pk` AS ifield2, 68 AS ifield3, alias1.`col_varchar` AS cfield1, alias1.`col_int` AS ifield4, alias1.`col_varchar` AS field2, 'n' AS cfield2, 102 AS ifield5, alias1.`pk` AS ifield6 FROM ( `t4` AS alias1 LEFT JOIN ( SELECT SQ1_alias1.* FROM `view_t4` AS SQ1_alias1 ) AS alias2 ON (alias2.`col_bit` = alias1.`vcol_int` ) ) WHERE ( ( alias1.`vcol_varchar`, alias1.`col_char` ) IN ( SELECT SQ2_alias1.`col_varchar` AS SQ2_cfield1, SQ2_alias1.`col_char` AS SQ2_cfield2 FROM ( `t5` AS SQ2_alias1 LEFT OUTER JOIN `view_t7` AS SQ2_alias2 ON (SQ2_alias2.`vcol_char` = SQ2_alias1.`col_char` ) ) WHERE SQ2_alias1.`vcol_char` = SQ2_alias2.`vcol_char` ) ) OR alias1.`col_int` NOT BETWEEN 214 AND ( 162 + 172 ) GROUP BY field1, ifield1, ifield2, ifield3, cfield1, ifield4, field2, cfield2, ifield5, ifield6 HAVING (ifield1 < 8 OR ifield1 >= 4)  /* QNO 926 CON_ID 18 */
		   18 Query	SELECT SUM( alias1.`vcol_int` ) AS field1 FROM ( `t4` AS alias1 RIGHT OUTER JOIN ( ( `t2` AS alias2 RIGHT OUTER JOIN `view_t3` AS alias3 ON (( alias3.`col_bit` < alias2.`pk` ) AND (alias3.`col_bit` <> alias2.`col_bit` ) ) ) ) ON (( alias3.`col_bit` > alias2.`vcol_int` ) AND (alias3.`col_bit` != alias2.`pk` ) ) ) WHERE ( alias3.`vcol_bit` <> ( SELECT MIN( SQ1_alias1.`pk` ) AS SQ1_ifield1 FROM ( `t6` AS SQ1_alias1 INNER JOIN ( `view_t1` AS SQ1_alias2 LEFT JOIN `view_t9` AS SQ1_alias3 ON (SQ1_alias3.`col_varchar` = SQ1_alias2.`col_varchar` ) ) ON (SQ1_alias3.`col_int` = SQ1_alias2.`pk` ) ) ) ) AND ( alias1.`col_varchar` < 'e' OR alias1.`vcol_varchar` IN ('x', 'm') ) HAVING (field1 <> 'o' AND field1 > 'm')  /* QNO 927 CON_ID 18 */
		   18 Query	OPTIMIZE TABLE t6 /* QNO 928 CON_ID 18 */
		   18 Query	CREATE OR REPLACE VIEW transforms.view_4452_probe AS OPTIMIZE TABLE t6 /* QNO 928 CON_ID 18 */  /* QNO 929 CON_ID 18 */
		   18 Query	ALTER TABLE t1 CHANGE COLUMN IF EXISTS icol7 scol7 CHAR NULL /*!100201 CHECK (vcol8 = 1) */, ALGORITHM=INPLACE  /* QNO 930 CON_ID 18 */
		   18 Query	SELECT alias1.`col_int` AS ifield1, -6 AS ifield2, alias1.`vcol_char` AS cfield1 FROM ( `t2` AS alias1, `view_t2` AS alias2 ) WHERE ( ( alias2.`pk`, alias1.`vcol_int` ) IN ( SELECT SQL_SMALL_RESULT SQ1_alias1.`col_bit` AS SQ1_ifield1, SQ1_alias1.`col_int` AS SQ1_ifield2 FROM ( `view_t4` AS SQ1_alias1 LEFT OUTER JOIN ( `view_t5` AS SQ1_alias2 INNER JOIN `t4` AS SQ1_alias3 ON (SQ1_alias3.`pk` = SQ1_alias2.`vcol_bit` ) ) ON (SQ1_alias3.`col_char` = SQ1_alias2.`col_char` ) ) ) ) OR alias1.`pk` = 15  /* QNO 931 CON_ID 18 */
		   18 Query	INSERT INTO `t1` SELECT * FROM `t3` /* QNO 932 CON_ID 18 */
		   18 Query	SELECT alias1.`col_dec` AS field1 FROM ( `t6` AS alias1 LEFT OUTER JOIN ( ( `t5` AS alias2 INNER JOIN `t4` AS alias3 ON (( alias3.`pk` < alias2.`pk` ) AND (alias3.`pk` >= alias2.`vcol_bit` ) ) ) ) ON (( alias3.`pk` != alias2.`col_bit` ) AND (alias3.`pk` >= alias2.`col_int` ) ) ) WHERE ( 'h' > SOME ( SELECT SQ1_alias1.`col_varchar` AS SQ1_cfield1 FROM `t2` AS SQ1_alias1 ) ) OR alias1.`vcol_bit` = 254 GROUP BY field1 ORDER BY field1 /* QNO 933 CON_ID 18 */
		   18 Query	ALTER TABLE `t2` ADD PRIMARY KEY(`col_int`), LOCK=SHARED /* QNO 934 CON_ID 18 */
		   18 Query	SELECT alias1.`vcol_int` AS ifield1, ( ( alias1.`pk` ) * ( alias1.`pk` ) ) AS ifield2 FROM ( `t6` AS alias1, `t6` AS alias2 ) WHERE ( alias2.`vcol_int` IN ( SELECT 4 UNION ALL SELECT 8 ) ) AND alias1.`` IN ('n', 'e', 'USA', 'USA', 'USA', 'a') AND ( alias2.`vcol_varchar` <> ( SELECT MIN( SQ2_alias1.`vcol_varchar` ) AS SQ2_cfield1 FROM `t9` AS SQ2_alias1 ) OR -102 > -21 ) GROUP BY ifield1, ifield2 ORDER BY ifield2, ifield1  /* QNO 935 CON_ID 18 */
		   18 Query	FLUSH TABLES /* QNO 936 CON_ID 18 */
		   18 Query	INSERT INTO `t8` SELECT * FROM `t7` /* QNO 937 CON_ID 18 */
		   18 Query	INSERT INTO `view_t7` ( `vcol_char` ) SELECT vcol5 FROM t6 /* QNO 938 CON_ID 18 */
		   18 Query	INSERT INTO `t3` SELECT * FROM `view_t6` /* QNO 939 CON_ID 18 */
		   18 Query	ALTER IGNORE TABLE t1 ADD CONSTRAINT CHECK (vcol2 >= vcol1) /* QNO 940 CON_ID 18 */
		   18 Query	INSERT INTO `view_t5` () VALUES () /* QNO 941 CON_ID 18 */
		   18 Query	ALTER TABLE t6 PARTITION BY HASH(tcol1) /* QNO 942 CON_ID 18 */
		   18 Query	ALTER TABLE `t9` PARTITION BY HASH(vcol7) /* QNO 943 CON_ID 18 */
		   18 Query	ALTER TABLE `t1` ADD KEY(icol10), LOCK=NONE /* QNO 944 CON_ID 18 */
		   18 Query	SELECT * FROM `view_t5` INTO OUTFILE 'load_view_t5'  /* QNO 945 CON_ID 18 */
		   18 Query	LOAD DATA INFILE 'load_view_t5' REPLACE INTO TABLE view_t5 /* QNO 946 CON_ID 18 */
		   18 Query	SELECT MIN( `col_timestamp`) AS field1, `vcol_varchar` AS cfield1, `vcol_datetime` AS field2 FROM `t5` AS alias1 WHERE ( alias1.`vcol_char` = 'q' OR alias1.`vcol_int` NOT IN ( SELECT SQ1_alias1.`pk` AS SQ1_ifield1 FROM ( `t5` AS SQ1_alias1, `t8` AS SQ1_alias2 ) WHERE ( SQ1_alias1.`vcol_int` >= SQ1_alias1.`vcol_bit` OR SQ1_alias2.`col_bit` = SQ1_alias2.`vcol_bit` ) ) ) GROUP BY cfield1, field2 /* QNO 947 CON_ID 18 */
		   18 Query	ALTER TABLE `t5` ADD CONSTRAINT g FOREIGN KEY (icol3, tscol10) REFERENCES `t6` (tcol2), ADD CONSTRAINT d UNIQUE INDEX(tcol3), LOCK=DEFAULT /* QNO 948 CON_ID 18 */
		   18 Query	ALTER IGNORE TABLE t2 DROP PRIMARY KEY, ADD UNIQUE INDEX(icol1), LOCK=SHARED, ADD CONSTRAINT v FOREIGN KEY k (`col_date`, vcol6, icol2) REFERENCES t7 (`col_bit`) ON UPDATE NO ACTION, MODIFY COLUMN IF EXISTS ecol5 ENUM('foo','bar') NOT NULL DEFAULT '', LOCK=DEFAULT /* QNO 949 CON_ID 18 */
		   18 Query	SELECT * FROM `t9` INTO OUTFILE 'load_t9'  /* QNO 950 CON_ID 18 */
		   18 Query	LOAD DATA INFILE 'load_t9' REPLACE INTO TABLE t9 /* QNO 951 CON_ID 18 */
		   18 Query	INSERT INTO `t5` SELECT * FROM `view_t5` /* QNO 952 CON_ID 18 */
		   18 Query	ALTER TABLE `view_t4` ADD CONSTRAINT FOREIGN KEY (`vcol_char`) REFERENCES t5 (icol6), STATS_SAMPLE_PAGES = 14743, ALTER COLUMN tscol7 SET DEFAULT NULL, FORCE, LOCK=SHARED  /* QNO 953 CON_ID 18 */
		   18 Query	SELECT * FROM `t5` INTO OUTFILE 'load_t5'  /* QNO 954 CON_ID 18 */
		   18 Query	LOAD DATA INFILE 'load_t5' IGNORE INTO TABLE t5 /* QNO 955 CON_ID 18 */
		   18 Query	SELECT alias1.`col_dec` AS field1, alias1.`vcol_bit` AS ifield1, alias1.`vcol_varchar` AS field2, alias1.`col_char` AS field3, alias1.`col_char` AS cfield1, alias1.`col_dec` AS field4 FROM ( `t1` AS alias1 INNER JOIN ( ( ( SELECT SQ1_alias1.* FROM `t8` AS SQ1_alias1 ) AS alias2 LEFT JOIN `t7` AS alias3 ON (alias3.`vcol_varchar` = alias2.`vcol_varchar` ) ) ) ON (( alias3.`vcol_varchar` < alias2.`col_char` ) OR ( alias3.`col_int` < alias2.`col_bit` ) ) ) WHERE ( alias2.`col_varchar` NOT IN ( SELECT 'l' UNION SELECT 'h' ) ) AND ( alias3.`pk` <> ( SELECT 23 FROM DUAL ) AND alias1.`pk` <= alias2.`vcol_date` ) ORDER BY field2, cfield1, ifield1, field4, field1, field3  /* QNO 956 CON_ID 18 */
		   18 Query	INSERT INTO `t3` SELECT * FROM `view_t8` /* QNO 957 CON_ID 18 */
		   18 Query	DROP TABLE IF EXISTS tmp_rename_4452  /* QNO 958 CON_ID 18 */
		   18 Query	RENAME TABLE t8 TO tmp_rename_4452, tmp_rename_4452 TO t8 /* QNO 959 CON_ID 18 */
		   18 Query	SELECT 1 AS ifield1, alias1.`vcol_varchar` AS cfield1 FROM ( ( SELECT SQ1_alias1.* FROM `view_t4` AS SQ1_alias1 ) AS alias1 RIGHT OUTER JOIN `t2` AS alias2 ON (( alias2.`pk` <> alias1.`vcol_int` ) AND (alias2.`pk` > alias1.`vcol_bit` ) ) ) WHERE ( ( alias1.`col_varchar`, alias2.`vcol_char` ) NOT IN ( SELECT SQ2_alias1.`col_char` AS SQ2_cfield1, SQ2_alias1.`vcol_char` AS SQ2_cfield2 FROM `view_t7` AS SQ2_alias1 ) ) OR ( alias1.`vcol_year` <> 'az' AND alias1.`col_bit` < alias2.`vcol_timestamp` ) GROUP BY ifield1, cfield1 HAVING (ifield1 <= 'd' AND ifield1 >= 1) ORDER BY cfield1, ifield1 /* QNO 960 CON_ID 18 */
		   18 Query	SELECT CONCAT( alias1.`col_char`, alias1.`vcol_varchar` ) AS cfield1 FROM ( ( SELECT SQ1_alias1.* FROM ( `t7` AS SQ1_alias1 INNER JOIN `view_t5` AS SQ1_alias2 ON (SQ1_alias2.`vcol_varchar` = SQ1_alias1.`col_varchar` ) ) ) AS alias1, `t5` AS alias2 ) WHERE EXISTS ( SELECT SQ2_alias1.`vcol_bit` AS SQ2_ifield1 FROM `t6` AS SQ2_alias1 WHERE SQ2_alias1.`col_char` < alias2.`vcol_varchar` OR SQ2_alias1.`vcol_bit` IN ( ( SELECT C_SQ1_alias1.`col_int` AS C_SQ1_ifield1 FROM ( `view_t3` AS C_SQ1_alias1 RIGHT OUTER JOIN ( ( `view_t2` AS C_SQ1_alias2 INNER JOIN `view_t4` AS C_SQ1_alias3 ON (C_SQ1_alias3.`col_char` = C_SQ1_alias2.`vcol_varchar` ) ) ) ON (C_SQ1_alias3.`vcol_bit` = C_SQ1_alias2.`vcol_int` ) ) WHERE C_SQ1_alias3.`vcol_varchar` <= alias2.`col_char` AND C_SQ1_alias1.`col_char` > alias2.`vcol_varchar` ) ) ) GROUP BY cfield1 HAVING cfield1 = 'y'  /* QNO 961 CON_ID 18 */
		   18 Query	FLUSH TABLES /* QNO 962 CON_ID 18 */
		   18 Query	INSERT INTO `view_t2` SELECT * FROM `view_t6` /* QNO 963 CON_ID 18 */
		   18 Query	SELECT * FROM `t7` INTO OUTFILE 'load_t7'  /* QNO 964 CON_ID 18 */
		   18 Query	LOAD DATA INFILE 'load_t7' IGNORE INTO TABLE t7 /* QNO 965 CON_ID 18 */
		   18 Query	ALTER TABLE `view_t3` REMOVE PARTITIONING /* QNO 966 CON_ID 18 */
		   18 Query	INSERT INTO `view_t9` SELECT * FROM `view_t8` /* QNO 967 CON_ID 18 */
		   18 Query	SELECT 'n' AS cfield1, ( SELECT MAX( DISTINCT SQ1_alias1.`vcol_int` ) AS SQ1_ifield1 FROM `t8` AS SQ1_alias1 WHERE SQ1_alias1.`vcol_int` IN ( ( SELECT SQL_SMALL_RESULT C_SQ1_alias1.`vcol_bit` AS C_SQ1_ifield1 FROM `view_t2` AS C_SQ1_alias1 WHERE C_SQ1_alias1.`col_bit` >= alias1.`col_bit` OR C_SQ1_alias1.`vcol_bit` != alias1.`col_bit` ) ) OR SQ1_alias1.`vcol_char` != 'a' ) AS field1 FROM ( `t3` AS alias1 INNER JOIN `t5` AS alias2 ON (( alias2.`col_char` != alias1.`vcol_char` ) OR ( alias2.`vcol_varchar` <> alias1.`vcol_char` ) ) ) WHERE ( alias1.`vcol_int` NOT IN ( SELECT SQL_SMALL_RESULT SQ2_alias1.`col_int` AS SQ2_ifield1 FROM ( `view_t8` AS SQ2_alias1 INNER JOIN ( `t6` AS SQ2_alias2 STRAIGHT_JOIN `t3` AS SQ2_alias3 ON (SQ2_alias3.`vcol_varchar` = SQ2_alias2.`vcol_char` ) ) ON (SQ2_alias3.`vcol_varchar` = SQ2_alias2.`vcol_varchar` ) ) WHERE SQ2_alias2.`col_varchar` < alias2.`vcol_char` AND ( SQ2_alias1.`vcol_char`, SQ2_alias3.`col_varchar` ) IN ( SELECT C_SQ2_alias1.`vcol_char` AS C_SQ2_cfield1, SUM( C_SQ2_alias1.`col_char` ) AS C_SQ2_cfield2 FROM `t5` AS C_SQ2_alias1 ) ) ) AND ( alias1.`vcol_bit` IS NULL OR alias2.`col_varchar` != alias2.`col_char` ) GROUP BY cfield1, field1  /* QNO 968 CON_ID 18 */
		   18 Query	INSERT INTO `t2` SELECT * FROM `view_t6` /* QNO 969 CON_ID 18 */
		   18 Query	SELECT GROUP_CONCAT( alias1.`col_year`, alias1.`col_year`, IF( alias1.`vcol_dec`, alias1.`col_varchar`, alias1.`col_date` ), alias1.`col_varchar`, alias1.`col_blob`, alias1.`col_bit` ORDER BY 1,2,3,5,4,6 SEPARATOR '___' ) AS cfield1, MAX( alias1.`vcol_bit` ) AS field1 FROM ( ( SELECT SQ1_alias1.* FROM `view_t1` AS SQ1_alias1 WHERE ( SQ1_alias1.`pk` > 9 AND SQ1_alias1.`vcol_int` = 8 ) ) AS alias1 RIGHT JOIN `view_t2` AS alias2 ON (( alias2.`col_bit` <> alias1.`col_bit` ) AND (alias2.`col_bit` > alias1.`pk` ) ) ) WHERE ( SELECT SQL_SMALL_RESULT MAX( SQ2_alias1.`col_bit` ) AS SQ2_ifield1 FROM ( `view_t7` AS SQ2_alias1 LEFT OUTER JOIN ( `t9` AS SQ2_alias2 STRAIGHT_JOIN `view_t4` AS SQ2_alias3 ON (SQ2_alias3.`col_int` = SQ2_alias2.`vcol_int` AND ( 'y', 'm' ) IN ( SELECT C_SQ1_alias1.`vcol_varchar` AS C_SQ1_cfield1, MIN( C_SQ1_alias1.`vcol_varchar` ) AS C_SQ1_cfield2 FROM `view_t1` AS C_SQ1_alias1 WHERE C_SQ1_alias1.`col_int` < 2 GROUP BY C_SQ1_cfield1 ) ) ) ON (SQ2_alias3.`col_int` = SQ2_alias2.`col_int` ) ) ) IS NOT NULL ORDER BY field1, cfield1  /* QNO 970 CON_ID 18 */
		   18 Query	EXPLAIN EXTENDED SELECT SQL_SMALL_RESULT alias1.`col_char` AS cfield1 FROM ( `view_t7` AS alias1 INNER JOIN ( ( `t6` AS alias2 LEFT JOIN ( SELECT DISTINCT SQ1_alias1.* FROM `view_t5` AS SQ1_alias1 WHERE SQ1_alias1.`vcol_bit` < 6 ) AS alias3 ON (( alias3.`col_bit` < alias2.`col_int` ) AND (alias3.`col_bit` > alias2.`pk` ) ) ) ) ON (( alias3.`col_varchar` >= alias2.`col_varchar` ) AND ( ( alias3.`col_bit` <= alias2.`pk` ) AND (alias3.`col_bit` <> alias2.`col_int` ) ) ) ) WHERE ( alias1.`vcol_int` IN (214) OR ( alias1.`pk` > 241 AND alias1.`pk` < ( 6 + 160 ) OR alias1.`col_int` > 81 AND alias1.`col_int` < ( 241 + 40 ) ) ) AND ( ( alias1.`col_bit` IS NOT NULL AND alias1.`col_bit` IS NULL ) AND 'i' NOT LIKE 'u' ) HAVING cfield1 != 'c' ORDER BY cfield1 /* QNO 971 CON_ID 18 */
		   18 Query	INSERT INTO `t4` SELECT * FROM `t9` /* QNO 972 CON_ID 18 */
		   18 Query	SELECT MIN( `col_int`) AS field1, `col_int` AS field2, `col_int` AS ifield1 FROM `view_t8` AS alias1 WHERE alias1.`col_char` > 'w' GROUP BY field2, ifield1 /* QNO 973 CON_ID 18 */
		   18 Query	INSERT INTO t1 ( tcol1 ) SELECT vcol10 FROM t2 /* QNO 974 CON_ID 18 */
		   18 Query	INSERT INTO `t6` SELECT * FROM `view_t8` /* QNO 975 CON_ID 18 */
		   18 Query	ALTER ONLINE IGNORE TABLE `view_t9` ADD CONSTRAINT a UNIQUE KEY(ncol10), LOCK=SHARED /* QNO 976 CON_ID 18 */
		   18 Query	INSERT INTO `t2` SELECT * FROM `t1` /* QNO 977 CON_ID 18 */
		   18 Query	ALTER ONLINE TABLE t3 ADD CONSTRAINT FOREIGN KEY (icol10, ecol3) REFERENCES `view_t7` (tscol7), DROP PRIMARY KEY, FORCE, LOCK=DEFAULT, ALGORITHM=COPY, DROP CONSTRAINT x, ADD FOREIGN KEY e (icol10, scol2, tcol10, `col_bit`) REFERENCES `t6` (ecol9), DROP INDEX ind3 /* QNO 978 CON_ID 18 */
		   18 Query	SELECT 66 AS ifield1, alias1.`vcol_year` AS field1, alias1.`pk` AS ifield2 FROM ( `t6` AS alias1 LEFT OUTER JOIN ( ( `t9` AS alias2 STRAIGHT_JOIN `view_t7` AS alias3 ON (( alias3.`col_bit` > alias2.`vcol_int` ) AND (alias3.`col_bit` <> alias2.`col_bit` ) ) ) ) ON (( alias3.`vcol_bit` = alias2.`vcol_int` ) AND ( alias3.`vcol_int` < alias2.`pk` ) ) ) WHERE ( EXISTS ( SELECT SQ1_alias1.`col_varchar` AS SQ1_cfield1 FROM ( `t1` AS SQ1_alias1, `t2` AS SQ1_alias2 ) WHERE SQ1_alias1.`vcol_bit` < alias1.`vcol_bit` OR SQ1_alias2.`vcol_varchar` < alias3.`vcol_varchar` ) ) AND alias1.`vcol_varchar` >= 'l' GROUP BY ifield1, field1, ifield2 HAVING ifield2 <> 2 ORDER BY ifield1 /* QNO 979 CON_ID 18 */
		   18 Query	SELECT * FROM `view_t3` INTO OUTFILE 'load_view_t3'  /* QNO 980 CON_ID 18 */
		   18 Query	LOAD DATA INFILE 'load_view_t3' IGNORE INTO TABLE view_t3 /* QNO 981 CON_ID 18 */
		   18 Query	EXPLAIN SELECT alias1.`vcol_dec` AS field1, -95 AS ifield1 FROM ( `t1` AS alias1, ( SELECT SQ1_alias1.* FROM ( `t8` AS SQ1_alias1 INNER JOIN ( `t3` AS SQ1_alias2 RIGHT OUTER JOIN `view_t7` AS SQ1_alias3 ON (SQ1_alias3.`col_bit` = SQ1_alias2.`pk` ) ) ON (SQ1_alias3.`pk` = SQ1_alias2.`vcol_bit` ) ) WHERE ( SQ1_alias1.`vcol_bit` != 2 AND SQ1_alias1.`vcol_char` < 'y' ) ) AS alias2, ( SELECT SQ2_alias1.* FROM ( `view_t5` AS SQ2_alias1, `view_t5` AS SQ2_alias2 ) ) AS alias3 ) WHERE ( 'a' NOT IN ( SELECT SQ3_alias1.`col_char` AS SQ3_cfield1 FROM ( `t7` AS SQ3_alias1 INNER JOIN `t2` AS SQ3_alias2 ON (SQ3_alias2.`vcol_varchar` = SQ3_alias1.`col_varchar` ) ) ) ) OR alias1.`vcol_varchar` NOT IN ('USA', 'o', 'USA')  /* QNO 982 CON_ID 18 */
		   18 Query	INSERT INTO `view_t4` SELECT * FROM `view_t7` /* QNO 983 CON_ID 18 */
180620  4:44:44	   18 Query	SELECT SQL_SMALL_RESULT SUM( alias1.`vcol_year` ) AS field1 FROM ( `t4` AS alias1 LEFT JOIN ( ( `t9` AS alias2 RIGHT JOIN ( SELECT SQ1_alias1.* FROM `view_t3` AS SQ1_alias1 WHERE SQ1_alias1.`vcol_int` > ( SELECT MAX( C_SQ1_alias1.`vcol_bit` ) AS C_SQ1_ifield1 FROM ( `view_t6` AS C_SQ1_alias1 RIGHT OUTER JOIN `t4` AS C_SQ1_alias2 ON (C_SQ1_alias2.`vcol_int` = C_SQ1_alias1.`vcol_bit` ) ) ) ) AS alias3 ON (alias3.`col_char` = alias2.`col_varchar` ) ) ) ON (( alias3.`pk` != alias2.`pk` ) AND (alias3.`pk` > alias2.`vcol_bit` ) ) ) WHERE ( alias1.`col_char` LIKE CONCAT( 'r', '%') AND ( alias1.`col_char` LIKE CONCAT( 'c', '%') OR ( alias1.`pk` = 207 AND ( alias1.`col_char` = alias3.`col_char` AND alias1.`col_bit` = 241 ) ) ) ) AND alias1.`vcol_bit` < alias2.`col_bit` ORDER BY field1 LIMIT 1 /* QNO 984 CON_ID 18 */
		   18 Query	ALTER TABLE t3 ADD COLUMN IF NOT EXISTS `col_varchar` CHAR NULL, ALGORITHM=COPY  /* QNO 985 CON_ID 18 */
		   18 Query	SELECT alias1.`vcol_char` AS cfield1, alias1.`col_char` AS cfield2 FROM ( `view_t8` AS alias1, `t1` AS alias2 ) WHERE ( alias1.`pk` BETWEEN 172 AND ( 120 + 214 ) OR alias1.`vcol_int` IN (48) ) OR ( ( alias1.`pk` BETWEEN 5 AND ( 28 + 123 ) OR alias1.`col_int` IN (94) ) OR ( alias1.`vcol_char` = 'o' AND alias2.`vcol_char` != alias1.`vcol_varchar` ) AND alias1.`pk` != alias2.`col_char` ) HAVING cfield2 <= 'zy' ORDER BY cfield2 /* QNO 986 CON_ID 18 */
		   18 Query	ALTER IGNORE TABLE t9 DROP PRIMARY KEY, FORCE  /* QNO 987 CON_ID 18 */
		   18 Query	ALTER TABLE t10 /*!100301 WAIT 9 */ DROP COLUMN IF EXISTS vcol1, ALGORITHM=INPLACE, LOCK=SHARED /* QNO 988 CON_ID 18 */
		   18 Query	ALTER TABLE t7 DROP PRIMARY KEY /* QNO 989 CON_ID 18 */
		   18 Query	SELECT alias1.`vcol_bit` AS field1, alias1.`col_char` AS cfield1, 'd' AS cfield2 FROM ( `t9` AS alias1 LEFT OUTER JOIN `t8` AS alias2 ON (( alias2.`pk` > alias1.`pk` ) AND (alias2.`pk` <> alias1.`vcol_bit` ) ) ) WHERE ( alias1.`vcol_char` >= ( SELECT COUNT( SQ1_alias1.`col_char` ) AS SQ1_cfield1 FROM ( `t8` AS SQ1_alias1 RIGHT OUTER JOIN `view_t4` AS SQ1_alias2 ON (SQ1_alias2.`pk` = SQ1_alias1.`pk` ) ) ) ) AND ( alias1.`col_varchar` = 'u' AND ( alias1.`col_char` = alias2.`vcol_varchar` AND ( alias1.`vcol_varchar` LIKE CONCAT( 'x', '%') AND alias1.`col_int` = alias1.`col_bit` ) ) ) GROUP BY field1, cfield1, cfield2 HAVING (field1 >= 'd' AND field1 <= 'n') ORDER BY field1, cfield2, cfield1  /* QNO 990 CON_ID 18 */
		   18 Query	SELECT 'h' AS cfield1 FROM ( ( SELECT SQ1_alias1.* FROM ( `view_t7` AS SQ1_alias1 INNER JOIN ( `t8` AS SQ1_alias2 INNER JOIN `t9` AS SQ1_alias3 ON (SQ1_alias3.`` = SQ1_alias2.`vcol_char` ) ) ON (SQ1_alias3.`col_int` = SQ1_alias2.`vcol_int` ) ) WHERE SQ1_alias3.`pk` IN ( SELECT 5 UNION SELECT 9 ) ) AS alias1 STRAIGHT_JOIN ( ( ( SELECT SQ2_alias1.* FROM ( `t9` AS SQ2_alias1 INNER JOIN `t5` AS SQ2_alias2 ON (SQ2_alias2.`pk` = SQ2_alias1.`vcol_int` ) ) WHERE NOT EXISTS ( SELECT DISTINCT C_SQ2_alias1.`col_int` AS C_SQ2_ifield1 FROM ( `t9` AS C_SQ2_alias1 INNER JOIN `view_t7` AS C_SQ2_alias2 ON (C_SQ2_alias2.`col_char` = C_SQ2_alias1.`vcol_varchar` ) ) WHERE C_SQ2_alias2.`vcol_varchar` = SQ2_alias2.`vcol_varchar` ) ) AS alias2 RIGHT OUTER JOIN `view_t8` AS alias3 ON (alias3.`vcol_char` = alias2.`vcol_char` ) ) ) ON (( alias3.`vcol_bit` = alias2.`col_bit` ) AND ( ( alias3.`col_bit` = alias2.`vcol_int` ) AND ( alias3.`vcol_varchar` = alias2.`vcol_varchar` ) ) ) ) WHERE NOT EXISTS ( ( SELECT SQ3_alias1.`vcol_char` AS SQ3_cfield1 FROM ( `t8` AS SQ3_alias1, `t9` AS SQ3_alias2 ) ) ) GROUP BY cfield1  /* QNO 991 CON_ID 18 */
