		   18 Query	SELECT COUNT( alias1.`vcol_timestamp` ) AS field1 FROM ( `t2` AS alias1, ( SELECT SQ1_alias1.* FROM ( `t6` AS SQ1_alias1 INNER JOIN `t3` AS SQ1_alias2 ON (SQ1_alias2.`col_bit` = SQ1_alias1.`col_int` ) ) WHERE SQ1_alias1.`col_varchar` <= 'v' ) AS alias2 ) WHERE ( ( alias1.`vcol_varchar` LIKE CONCAT( 'k', '%') AND ( alias1.`col_bit` = 130 OR alias1.`col_bit` = 208 ) ) AND alias1.`col_int` >= alias1.`vcol_bit` )  /* QNO 1140 CON_ID 18 */
		   18 Query	INSERT INTO `view_t3` SELECT * FROM `t7` /* QNO 1141 CON_ID 18 */
		   18 Query	SELECT ( ( alias1.`vcol_int` ) * ( alias1.`col_int` ) ) AS ifield1, GROUP_CONCAT( IF( alias1.`vcol_bit`, alias1.`vcol_varchar`, alias1.`vcol_char` ), alias1.`col_time` ORDER BY 1,2 ) AS cfield1, GROUP_CONCAT( IF( alias1.`vcol_datetime`, alias1.`col_bit`, alias1.`col_dec` ), alias1.`col_timestamp`, alias1.`vcol_char` ORDER BY 2,3,1 ) AS cfield2, GROUP_CONCAT( alias1.`col_enum`, alias1.`vcol_enum` ORDER BY 1,2 SEPARATOR '___' ) AS cfield3, ( SELECT COUNT( SQ1_alias1.`vcol_bit` ) AS SQ1_ifield1 FROM ( `view_t2` AS SQ1_alias1 INNER JOIN `view_t8` AS SQ1_alias2 ON (SQ1_alias2.`col_bit` = SQ1_alias1.`vcol_int` ) ) WHERE SQ1_alias1.`col_bit` = 5 ) AS field1 FROM ( ( SELECT SQ2_alias1.* FROM ( `view_t9` AS SQ2_alias1 LEFT JOIN `t9` AS SQ2_alias2 ON (SQ2_alias2.`col_varchar` = SQ2_alias1.`` ) ) ) AS alias1 INNER JOIN ( ( `t5` AS alias2 RIGHT OUTER JOIN `view_t1` AS alias3 ON (( alias3.`col_varchar` = alias2.`vcol_varchar` ) AND ( ( alias3.`col_bit` != alias2.`col_bit` ) AND (alias3.`col_bit` != alias2.`col_bit` ) ) ) ) ) ON (alias3.`pk` = alias2.`pk` ) ) WHERE alias1.`vcol_int` NOT IN ( SELECT 1 FROM DUAL ) GROUP BY ifield1, field1 HAVING ((ifield1 >= 5 AND ifield1 > 227) AND ifield1 = 59)  /* QNO 1142 CON_ID 18 */
		   18 Query	ALTER TABLE t3 MODIFY COLUMN IF EXISTS icol7 INT NULL AFTER ecol6, LOCK=SHARED, ADD FOREIGN KEY k (icol6) REFERENCES `t4` (ecol2), ADD CONSTRAINT FOREIGN KEY e (`vcol_datetime`) REFERENCES t6 (`col_enum`, tcol8), ADD CONSTRAINT n CHECK (`col_char` != tscol2) /* QNO 1143 CON_ID 18 */
		   18 Query	SELECT alias1.`col_int` AS field1, alias1.`col_blob` AS field2 FROM ( `view_t4` AS alias1, ( SELECT SQ1_alias1.* FROM ( `view_t4` AS SQ1_alias1, `t1` AS SQ1_alias2 ) ) AS alias2, ( SELECT SQL_SMALL_RESULT SQ2_alias1.* FROM `view_t2` AS SQ2_alias1 ) AS alias3 ) WHERE ( alias1.`vcol_int` IN (81, 183, 214, 210) OR ( alias1.`vcol_bit` NOT BETWEEN 51 AND ( 229 + 50 ) OR alias1.`vcol_varchar` IN ('z') ) ) AND ( alias1.`col_bit` IS NOT NULL AND alias1.`col_bit` IS NULL ) GROUP BY field1, field2 ORDER BY field2 /* QNO 1144 CON_ID 18 */
		   18 Query	ALTER IGNORE TABLE t1 /*!100301 WAIT 7 */ FORCE, LOCK=SHARED, ADD CONSTRAINT c FOREIGN KEY (ecol1) REFERENCES t6 (vcol4) ON UPDATE SET DEFAULT, ADD FOREIGN KEY (tcol6) REFERENCES t10 (scol7) ON UPDATE RESTRICT, ADD FULLTEXT KEY(scol2), LOCK=NONE, MODIFY COLUMN geocol10 LINESTRING DEFAULT ST_GEOMFROMTEXT('Point(1 1)') /*!100201 CHECK (tscol2 != scol5) */, ALGORITHM=DEFAULT, RENAME TO `t5`  /* QNO 1145 CON_ID 18 */
		   18 Query	INSERT INTO `view_t6` SELECT * FROM `t8` /* QNO 1146 CON_ID 18 */
		   18 Query	ALTER ONLINE TABLE t2 AUTO_INCREMENT = 1868562432, MODIFY COLUMN IF EXISTS scol1 BLOB NOT NULL DEFAULT '', ALGORITHM=DEFAULT, LOCK=DEFAULT /* QNO 1147 CON_ID 18 */
		   18 Query	SELECT SUM( DISTINCT alias1.`col_time` ) AS field1 FROM ( `view_t4` AS alias1 STRAIGHT_JOIN ( ( `view_t8` AS alias2 LEFT JOIN `t5` AS alias3 ON (( alias3.`vcol_varchar` = alias2.`col_varchar` ) AND ( ( alias3.`pk` < alias2.`vcol_int` ) AND (alias3.`pk` >= alias2.`pk` ) ) ) ) ) ON (( alias3.`pk` = alias2.`vcol_int` ) OR ( ( alias3.`pk` = alias2.`vcol_int` ) AND (alias3.`pk` <= alias2.`vcol_bit` ) ) ) ) WHERE ( alias1.`pk` > 137 AND alias1.`pk` < ( 114 + 161 ) OR alias1.`vcol_bit` IN (139) ) ORDER BY field1  /* QNO 1148 CON_ID 18 */
		   18 Query	SELECT * FROM `t1` INTO OUTFILE 'load_t1'  /* QNO 1149 CON_ID 18 */
		   18 Query	LOAD DATA INFILE 'load_t1' IGNORE INTO TABLE t1 /* QNO 1150 CON_ID 18 */
		   18 Query	SELECT alias1.`col_int` AS ifield1, alias1.`col_char` AS cfield1 FROM ( `t5` AS alias1 INNER JOIN ( ( `t8` AS alias2 RIGHT OUTER JOIN `t8` AS alias3 ON (alias3.`vcol_varchar` = alias2.`` ) ) ) ON (( alias3.`pk` = alias2.`vcol_bit` ) AND ( alias3.`pk` <= alias2.`vcol_bit` ) ) ) WHERE ( alias2.`pk` NOT IN ( SELECT DISTINCT SQL_SMALL_RESULT MIN( SQ1_alias1.`pk` ) AS SQ1_ifield1 FROM ( `view_t9` AS SQ1_alias1 LEFT OUTER JOIN `t7` AS SQ1_alias2 ON (SQ1_alias2.`vcol_bit` = SQ1_alias1.`col_bit` ) ) WHERE ( SQ1_alias2.`vcol_varchar` >= 'f' OR SQ1_alias2.`col_bit` <> SQ1_alias1.`col_bit` ) ) ) AND ( ( alias1.`vcol_char` IN ('USA', 'USA', 'h', 'USA', 'x') OR -79 = -28 ) OR alias1.`pk` IS NULL ) HAVING (ifield1 != 7 AND cfield1 IN ( SELECT 'h' FROM DUAL )) ORDER BY cfield1, ifield1  /* QNO 1151 CON_ID 18 */
		   18 Query	SELECT * FROM `view_t2` INTO OUTFILE 'load_view_t2'  /* QNO 1152 CON_ID 18 */
		   18 Query	LOAD DATA INFILE 'load_view_t2' REPLACE INTO TABLE view_t2 /* QNO 1153 CON_ID 18 */
		   18 Query	SELECT alias1.`vcol_char` AS cfield1, alias1.`vcol_timestamp` AS field1, alias1.`col_int` AS ifield1 FROM ( `t7` AS alias1, `t3` AS alias2, `view_t3` AS alias3 ) WHERE alias1.`col_int` IN ( SELECT SQ1_alias1.`vcol_bit` AS SQ1_ifield1 FROM `t1` AS SQ1_alias1 WHERE alias1.`vcol_int` IN ( ( SELECT C_SQ1_alias1.`col_bit` AS C_SQ1_ifield1 FROM ( `view_t6` AS C_SQ1_alias1 LEFT JOIN ( ( `t5` AS C_SQ1_alias2 RIGHT JOIN `view_t6` AS C_SQ1_alias3 ON (C_SQ1_alias3.`col_varchar` = C_SQ1_alias2.`col_char` ) ) ) ON (C_SQ1_alias3.`pk` = C_SQ1_alias2.`pk` ) ) GROUP BY C_SQ1_ifield1 ) ) AND SQ1_alias1.`pk` != alias3.`pk` ) HAVING ifield1 < 'g' ORDER BY ifield1, cfield1, field1 LIMIT 2 OFFSET 5 /* QNO 1154 CON_ID 18 */
		   18 Query	INSERT INTO `t1` SELECT * FROM `view_t2` /* QNO 1155 CON_ID 18 */
		   18 Query	SELECT alias1.`pk` AS ifield1, alias1.`col_int` AS ifield2, alias1.`col_varchar` AS cfield1, alias1.`vcol_char` AS field1, 'a' AS cfield2, alias1.`pk` AS ifield3 FROM ( `view_t1` AS alias1 RIGHT JOIN `t7` AS alias2 ON (( alias2.`pk` <> alias1.`col_int` ) AND (alias2.`pk` != alias1.`col_int` ) ) ) WHERE NOT EXISTS ( SELECT DISTINCT SQ1_alias1.`vcol_int` AS SQ1_ifield1 FROM `t6` AS SQ1_alias1 WHERE alias2.`col_bit` IN ( SQ1_alias1.`pk` > ALL ( SELECT C_SQ1_alias1.`col_bit` AS C_SQ1_ifield1 FROM ( `view_t5` AS C_SQ1_alias1 INNER JOIN `t7` AS C_SQ1_alias2 ON (C_SQ1_alias2.`vcol_varchar` = C_SQ1_alias1.`vcol_char` ) ) WHERE C_SQ1_alias2.`vcol_bit` = 3 ) ) OR SQ1_alias1.`col_varchar` >= SQ1_alias1.`vcol_varchar` )  /* QNO 1156 CON_ID 18 */
		   18 Query	INSERT INTO `t7` SELECT * FROM `view_t5` /* QNO 1157 CON_ID 18 */
		   18 Query	SELECT alias1.`col_int` AS field1, alias1.`vcol_int` AS field2, SUM( alias1.`col_blob` ) AS field3 FROM ( `t8` AS alias1 STRAIGHT_JOIN ( SELECT SQ1_alias1.* FROM `view_t9` AS SQ1_alias1 ) AS alias2 ON (( alias2.`vcol_char` = alias1.`vcol_char` ) AND ( alias2.`vcol_bit` > alias1.`col_bit` ) ) ) WHERE ( alias2.`vcol_bit` IN ( SELECT SQ2_alias1.`pk` AS SQ2_ifield1 FROM ( `view_t3` AS SQ2_alias1 STRAIGHT_JOIN `t5` AS SQ2_alias2 ON (SQ2_alias2.`vcol_varchar` = SQ2_alias1.`vcol_varchar` ) ) WHERE alias1.`col_bit` IN ( ( SELECT C_SQ1_alias1.`vcol_int` AS C_SQ1_ifield1 FROM ( `view_t4` AS C_SQ1_alias1 INNER JOIN `view_t8` AS C_SQ1_alias2 ON (C_SQ1_alias2.`pk` = C_SQ1_alias1.`vcol_bit` ) ) ) ) OR SQ2_alias1.`vcol_int` != SQ2_alias2.`vcol_bit` ) ) OR ( alias1.`vcol_int` > 3 AND alias1.`pk` < ( 230 + 156 ) OR alias1.`vcol_bit` IN (194) ) AND ( alias1.`col_enum` <> 4 AND ( alias1.`col_varchar` LIKE '%a%' OR alias1.`vcol_varchar` LIKE '%b%') OR alias1.`pk` < alias1.`pk` ) GROUP BY field1, field2 HAVING (field3 >= 'n' AND field1 != 'k') ORDER BY field3 /* QNO 1158 CON_ID 18 */
		   18 Query	SELECT alias1.`col_char` AS field1 FROM ( `view_t1` AS alias1, `t3` AS alias2, `t7` AS alias3 ) WHERE ( 'd' <= ALL ( SELECT SQ1_alias1.`col_varchar` AS SQ1_cfield1 FROM ( `view_t9` AS SQ1_alias1, `view_t4` AS SQ1_alias2 ) WHERE SQ1_alias1.`pk` >= 2 ) ) AND ( alias1.`col_char` = 'o' AND alias1.`col_bit` = alias2.`col_enum` AND alias2.`vcol_date` <= alias2.`col_date` ) GROUP BY field1 HAVING (field1 <= 'm' AND field1 <> 8) ORDER BY field1 /* QNO 1159 CON_ID 18 */
		   18 Query	SELECT ( SELECT MIN( SQ1_alias1.`col_int` ) AS SQ1_ifield1 FROM ( `view_t6` AS SQ1_alias1 LEFT OUTER JOIN `t5` AS SQ1_alias2 ON (SQ1_alias2.`vcol_bit` = SQ1_alias1.`pk` ) ) WHERE alias1.`col_bit` IN ( ( SELECT DISTINCT C_SQ1_alias1.`col_int` AS C_SQ1_ifield1 FROM `view_t5` AS C_SQ1_alias1 GROUP BY C_SQ1_ifield1 ) ) AND SQ1_alias1.`vcol_varchar` != alias1.`col_varchar` ) AS field1, alias1.`col_char` AS cfield1, CONCAT( alias1.`vcol_char`, alias1.`vcol_char` ) AS cfield2, alias1.`col_varchar` AS field2, MAX( alias1.`col_dec` ) AS field3, GROUP_CONCAT( alias1.`vcol_timestamp` ORDER BY 1 SEPARATOR '___' ) AS cfield3, MIN( alias1.`vcol_bit` ) AS field4 FROM ( `t7` AS alias1, `view_t4` AS alias2, `view_t6` AS alias3 ) WHERE ( alias2.`vcol_varchar` < ( SELECT 'o' FROM DUAL ) ) AND alias1.`vcol_varchar` = 'f' AND alias1.`vcol_time` IS NULL GROUP BY field1, cfield1, cfield2, field2 HAVING field1 < 228  /* QNO 1160 CON_ID 18 */
		   18 Query	SELECT MIN( alias1.`vcol_timestamp` ) AS field1 FROM ( `t6` AS alias1 RIGHT OUTER JOIN ( ( `t5` AS alias2 INNER JOIN ( SELECT SQ1_alias1.* FROM `view_t1` AS SQ1_alias1 WHERE SQ1_alias1.`col_varchar` < 'n' ) AS alias3 ON (( alias3.`col_char` >= alias2.`col_varchar` ) AND ( ( alias3.`col_bit` < alias2.`col_int` ) AND ( ( alias3.`col_bit` <= alias2.`vcol_bit` ) AND (alias3.`col_bit` <> alias2.`col_int` ) ) ) ) ) ) ON (( alias3.`pk` != alias2.`col_bit` ) AND ( alias3.`col_bit` = alias2.`col_int` ) ) ) WHERE ( alias1.`vcol_int` > 155 AND alias1.`vcol_int` < ( 201 + 254 ) OR alias1.`vcol_varchar` IN ('r') ) OR alias1.`col_char` != alias1.`col_varchar`  /* QNO 1161 CON_ID 18 */
		   18 Query	ALTER TABLE t6 REMOVE PARTITIONING /* QNO 1162 CON_ID 18 */
		   18 Query	INSERT INTO `t4` SELECT * FROM `view_t9` /* QNO 1163 CON_ID 18 */
		   18 Query	FLUSH TABLES /* QNO 1164 CON_ID 18 */
		   18 Query	SELECT STRAIGHT_JOIN alias1.`vcol_bit` AS field1, alias1.`vcol_bit` AS ifield1, alias1.`col_bit` AS ifield2 FROM ( ( SELECT SQ1_alias1.* FROM ( `t1` AS SQ1_alias1 STRAIGHT_JOIN `t1` AS SQ1_alias2 ON (SQ1_alias2.`vcol_char` = SQ1_alias1.`col_char` ) ) ) AS alias1, `t3` AS alias2 ) WHERE ( alias2.`vcol_bit` IN ( SELECT 9 UNION ALL SELECT 7 ) ) OR alias1.`vcol_char` = alias1.`vcol_char` OR NOT EXISTS ( ( SELECT SQ3_alias1.`col_varchar` AS SQ3_cfield1 FROM `t7` AS SQ3_alias1 ) ) GROUP BY field1, ifield1, ifield2  /* QNO 1165 CON_ID 18 */
		   18 Query	SELECT alias1.`col_date` AS field1, 23 AS ifield1, 'g' AS cfield1 FROM ( `t9` AS alias1 RIGHT JOIN `t2` AS alias2 ON (( alias2.`pk` != alias1.`col_int` ) AND (alias2.`pk` > alias1.`vcol_bit` ) ) ) WHERE alias2.`vcol_int` >= ( SELECT 8 FROM DUAL ) HAVING ifield1 <> 1  /* QNO 1166 CON_ID 18 */
		   18 Query	ALTER TABLE t3 /*!100301 NOWAIT */ FORCE, LOCK=DEFAULT  /* QNO 1167 CON_ID 18 */
		   18 Query	SELECT * FROM `view_t7` INTO OUTFILE 'load_view_t7'  /* QNO 1168 CON_ID 18 */
		   18 Query	LOAD DATA INFILE 'load_view_t7' IGNORE INTO TABLE view_t7 /* QNO 1169 CON_ID 18 */
		   18 Query	SELECT 22 AS ifield1, alias1.`col_date` AS field1, alias1.`col_blob` AS field2, alias1.`vcol_int` AS ifield2, 'm' AS cfield1, alias1.`col_bit` AS ifield3, 'i' AS cfield2, alias1.`vcol_char` AS cfield3, alias1.`col_varchar` AS cfield4, 6 AS ifield4, alias1.`vcol_char` AS field3, alias1.`col_varchar` AS cfield5, alias1.`vcol_char` AS cfield6, 'a' AS cfield7, 'x' AS cfield8, alias1.`vcol_varchar` AS cfield9, alias1.`vcol_bit` AS ifield5 FROM ( ( SELECT SQ1_alias1.* FROM `t6` AS SQ1_alias1 ) AS alias1 STRAIGHT_JOIN ( SELECT SQ2_alias1.* FROM ( `t6` AS SQ2_alias1 INNER JOIN `t4` AS SQ2_alias2 ON (SQ2_alias2.`vcol_int` = SQ2_alias1.`vcol_bit` ) ) WHERE SQ2_alias2.`col_int` != SQ2_alias1.`pk` ) AS alias2 ON (alias2.`vcol_bit` <= alias1.`col_int` ) ) WHERE ( alias2.`vcol_varchar` IN ( SELECT SQ3_alias1.`vcol_varchar` AS SQ3_cfield1 FROM `t1` AS SQ3_alias1 WHERE alias2.`col_bit` IN ( SQ3_alias1.`vcol_int` >= ( SELECT SUM( C_SQ1_alias1.`col_bit` ) AS C_SQ1_ifield1 FROM ( `view_t3` AS C_SQ1_alias1 INNER JOIN `view_t4` AS C_SQ1_alias2 ON (C_SQ1_alias2.`vcol_int` = C_SQ1_alias1.`col_bit` ) ) ) ) OR SQ3_alias1.`vcol_char` < 'n' ) ) AND alias1.`pk` NOT IN (255, 194, 54, 25, 126, 69) AND alias1.`col_varchar` >= alias2.`col_char` GROUP BY ifield1, field1, field2, ifield2, cfield1, ifield3, cfield2, cfield3, cfield4, ifield4, field3, cfield5, cfield6, cfield7, cfield8, cfield9, ifield5  /* QNO 1170 CON_ID 18 */
		   18 Query	SELECT * FROM `view_t5` INTO OUTFILE 'load_view_t5'  /* QNO 1171 CON_ID 18 */
		   18 Query	LOAD DATA INFILE 'load_view_t5' REPLACE INTO TABLE view_t5 /* QNO 1172 CON_ID 18 */
		   18 Query	ALTER ONLINE IGNORE TABLE t7 RENAME TO `t2`, DROP INDEX ind1, ADD COLUMN IF NOT EXISTS ( scol4 VARCHAR(28207) NULL /*!100303 INVISIBLE */, icol1 TINYINT UNSIGNED DEFAULT 0, tscol8 DATETIME DEFAULT 0 ), LOCK=EXCLUSIVE, ADD CONSTRAINT FOREIGN KEY (scol2, scol8) REFERENCES t8 (tcol6), ADD KEY(scol9(51649)), ALGORITHM=COPY, LOCK=NONE, ADD CONSTRAINT k FOREIGN KEY w (`vcol_varchar`) REFERENCES `t3` (ecol3) ON UPDATE SET DEFAULT /* QNO 1173 CON_ID 18 */
		   18 Query	ALTER TABLE `view_t5` DROP PRIMARY KEY, DROP CONSTRAINT v, DROP CONSTRAINT IF EXISTS v, CHANGE COLUMN IF EXISTS icol4 bcol2 BIT /*!100201 CHECK (tcol3 NOT LIKE icol6) */, ALGORITHM=DEFAULT, LOCK=NONE /* QNO 1174 CON_ID 18 */
		   18 Query	SELECT * FROM `view_t2` INTO OUTFILE 'load_view_t2'  /* QNO 1175 CON_ID 18 */
		   18 Query	LOAD DATA INFILE 'load_view_t2' IGNORE INTO TABLE view_t2 /* QNO 1176 CON_ID 18 */
		   18 Query	INSERT INTO `t9` SELECT * FROM `t4` /* QNO 1177 CON_ID 18 */
		   18 Query	SELECT alias1.`col_char` AS cfield1 FROM ( `t3` AS alias1 INNER JOIN `view_t1` AS alias2 ON (( alias2.`col_char` = alias1.`col_varchar` ) AND ( ( alias2.`vcol_char` != alias1.`vcol_char` ) OR ( ( alias2.`col_bit` != alias1.`pk` ) AND (alias2.`col_bit` > alias1.`pk` ) ) ) ) ) WHERE alias1.`vcol_varchar` LIKE CONCAT( 'c', '%') AND ( 'j' = 'l' OR alias1.`col_bit` IS NULL ) GROUP BY cfield1 HAVING ( 'c', 'a' ) IN ( SELECT 'd', 'u' UNION DISTINCT SELECT 'e', 'z' )  /* QNO 1178 CON_ID 18 */
		   18 Query	SELECT * FROM `view_t4` INTO OUTFILE 'load_view_t4'  /* QNO 1179 CON_ID 18 */
		   18 Query	LOAD DATA INFILE 'load_view_t4' REPLACE INTO TABLE view_t4 /* QNO 1180 CON_ID 18 */
		   18 Query	SELECT alias1.`vcol_varchar` AS field1, ( ( alias1.`col_int` ) - ( alias1.`vcol_bit` ) ) AS ifield1, ( SELECT MAX( SQ1_alias1.`vcol_char` ) AS SQ1_cfield1 FROM ( `view_t7` AS SQ1_alias1 LEFT JOIN `t6` AS SQ1_alias2 ON (SQ1_alias2.`vcol_varchar` = SQ1_alias1.`` ) ) ) AS field2, 'm' AS cfield1 FROM ( `t1` AS alias1, `t1` AS alias2 ) WHERE ( ( 57, 4 ) IN ( SELECT DISTINCT SQ2_alias1.`col_int` AS SQ2_ifield1, SQ2_alias1.`vcol_bit` AS SQ2_ifield2 FROM `view_t7` AS SQ2_alias1 WHERE SQ2_alias1.`col_int` = 8 ) ) OR alias2.`vcol_char` = alias1.`vcol_varchar` GROUP BY field1, ifield1, field2, cfield1 HAVING ifield1 > 4  /* QNO 1181 CON_ID 18 */
		   18 Query	SELECT alias1.`col_varchar` AS cfield1, SUM( alias1.`vcol_timestamp` ) AS field1, -89 AS ifield1 FROM ( `view_t4` AS alias1, ( SELECT SQ1_alias1.* FROM `t1` AS SQ1_alias1 ) AS alias2, `view_t2` AS alias3 ) WHERE ( alias1.`col_bit` NOT IN (181) OR alias1.`col_varchar` IN ('USA') ) OR ( alias1.`vcol_bit` > 249 AND alias1.`col_int` < ( 236 + 82 ) AND alias1.`vcol_char` < alias2.`col_varchar` ) GROUP BY cfield1, ifield1 HAVING 1 IN ( SELECT SQ2_alias1.`vcol_int` AS SQ2_ifield1 FROM `t4` AS SQ2_alias1 ) ORDER BY ifield1, field1, cfield1  /* QNO 1182 CON_ID 18 */
		   18 Query	SELECT * FROM `view_t6` INTO OUTFILE 'load_view_t6'  /* QNO 1183 CON_ID 18 */
		   18 Query	LOAD DATA INFILE 'load_view_t6' REPLACE INTO TABLE view_t6 /* QNO 1184 CON_ID 18 */
		   18 Query	ALTER TABLE t2 ADD CONSTRAINT PRIMARY KEY(tscol2), LOCK=SHARED, ADD CONSTRAINT r CHECK (ncol10 NOT LIKE 5), ADD CONSTRAINT c FOREIGN KEY (tscol1) REFERENCES t2 (`pk`) ON DELETE NO ACTION  /* QNO 1185 CON_ID 18 */
		   18 Query	SELECT * FROM `view_t5` INTO OUTFILE 'load_view_t5'  /* QNO 1186 CON_ID 18 */
		   18 Query	LOAD DATA INFILE 'load_view_t5' REPLACE INTO TABLE view_t5 /* QNO 1187 CON_ID 18 */
		   18 Query	INSERT INTO `view_t8` SELECT * FROM `view_t8` /* QNO 1188 CON_ID 18 */
		   18 Query	ALTER ONLINE IGNORE TABLE t5 /*!100301 NOWAIT */ FORCE, LOCK=SHARED  /* QNO 1189 CON_ID 18 */
		   18 Query	SELECT MIN( `col_blob` ) AS field1, MAX( `vcol_dec` ) AS field2, `vcol_varchar` AS cfield1, `vcol_bit` AS field3 FROM `t8` AS alias1 WHERE alias1.`pk` IS NULL GROUP BY cfield1, field3 /* QNO 1190 CON_ID 18 */
		   18 Query	INSERT INTO `t1` SELECT * FROM `t8` /* QNO 1191 CON_ID 18 */
		   18 Query	INSERT INTO t3 ( ncol5 ) SELECT scol5 FROM `view_t2`  /* QNO 1192 CON_ID 18 */
		   18 Query	ALTER ONLINE IGNORE TABLE t10 DROP INDEX ind3 /* QNO 1193 CON_ID 18 */
		   18 Query	FLUSH TABLES /* QNO 1194 CON_ID 18 */
		   18 Query	INSERT INTO `t2` SELECT * FROM `t1` /* QNO 1195 CON_ID 18 */
		   18 Query	SELECT alias1.`pk` AS ifield1, alias1.`vcol_char` AS cfield1, alias1.`vcol_blob` AS field1, alias1.`col_char` AS cfield2, alias1.`col_varchar` AS cfield3, -51 AS ifield2, alias1.`col_varchar` AS cfield4 FROM ( `t8` AS alias1 RIGHT OUTER JOIN `t1` AS alias2 ON (( alias2.`pk` != alias1.`pk` ) AND (alias2.`pk` < alias1.`col_bit` ) ) ) WHERE ( SELECT 5 FROM DUAL ) IS NOT NULL GROUP BY ifield1, cfield1, field1, cfield2, cfield3, ifield2, cfield4 ORDER BY cfield3, ifield2, ifield1 /* QNO 1196 CON_ID 18 */
		   18 Query	UNLOCK TABLES /* QNO 1197 CON_ID 18 */
		   18 Query	CREATE OR REPLACE VIEW transforms.view_4452_probe AS UNLOCK TABLES /* QNO 1197 CON_ID 18 */  /* QNO 1198 CON_ID 18 */
		   18 Query	ALTER ONLINE IGNORE TABLE `view_t8` ADD CONSTRAINT e CHECK (`col_blob` LIKE tscol6) /* QNO 1199 CON_ID 18 */
		   18 Query	SELECT * FROM `view_t9` INTO OUTFILE 'load_view_t9'  /* QNO 1200 CON_ID 18 */
		   18 Query	LOAD DATA INFILE 'load_view_t9' REPLACE INTO TABLE view_t9 /* QNO 1201 CON_ID 18 */
		   18 Query	SELECT alias1.`col_char` AS cfield1 FROM ( `t7` AS alias1 RIGHT OUTER JOIN ( SELECT SQ1_alias1.* FROM ( `t7` AS SQ1_alias1, `t2` AS SQ1_alias2 ) ) AS alias2 ON (( alias2.`pk` <= alias1.`pk` ) AND (alias2.`pk` >= alias1.`vcol_int` ) ) ) WHERE alias1.`pk` = 20 GROUP BY cfield1 HAVING ((( ( 2, 2 ) IN ( SELECT 4, 6 UNION SELECT 4, 5 ) AND cfield1 < 2) AND cfield1 > 'p') OR cfield1 = 2)  /* QNO 1202 CON_ID 18 */
		   18 Query	SELECT alias1.`vcol_int` AS ifield1 FROM ( `view_t5` AS alias1 INNER JOIN ( SELECT SQ1_alias1.* FROM ( `t8` AS SQ1_alias1 LEFT JOIN `t1` AS SQ1_alias2 ON (SQ1_alias2.`col_int` = SQ1_alias1.`vcol_int` ) ) WHERE SQ1_alias1.`col_varchar` <> SQ1_alias2.`col_varchar` ) AS alias2 ON (alias2.`col_char` = alias1.`vcol_char` ) ) WHERE ( alias2.`vcol_char` IN ( SELECT 'u' UNION SELECT 'y' ) ) AND ( alias1.`col_int` = 48 OR alias1.`vcol_bit` >= alias2.`pk` ) GROUP BY ifield1  /* QNO 1203 CON_ID 18 */
		   18 Query	ALTER TABLE t4 /*!100301 NOWAIT */ ADD IF NOT EXISTS ecol9 ENUM('foo','bar'), LOCK=DEFAULT, DROP CONSTRAINT IF EXISTS x /* QNO 1204 CON_ID 18 */
		   15 Query	/* GenTest::Transform::ExecuteAsCTE */  INSERT `t4` WITH cte1 AS ( SELECT * FROM `t4` /* QNO 870 CON_ID 15 */ ) SELECT * FROM cte1  /* TRANSFORM_OUTCOME_UNORDERED_MATCH */ /* QNO 871 CON_ID 15 */
		   19 Query	CREATE OR REPLACE VIEW transforms.view_2864_probe AS FLUSH TABLES /* QNO 924 CON_ID 19 */  /* QNO 925 CON_ID 19 */
		   16 Query	LOAD DATA INFILE 'load_view_t4' IGNORE INTO TABLE view_t4 /* QNO 909 CON_ID 16 */
		   19 Query	ALTER TABLE t5 ADD IF NOT EXISTS vcol3 ENUM('foo','bar') AS ( ecol9 ) STORED /*!100303 INVISIBLE */ /*!100201 CHECK (ecol3 LIKE 3) */, ALGORITHM=DEFAULT, ADD CONSTRAINT v CHECK (icol7 = 3), CHANGE COLUMN IF EXISTS `col_year` icol4 SMALLINT ZEROFILL NULL, ALGORITHM=COPY, LOCK=NONE, ADD FOREIGN KEY b (scol5, ecol10, scol8) REFERENCES `view_t9` (`vcol_int`) ON DELETE RESTRICT, CHECKSUM = 1, ADD CONSTRAINT CHECK (tscol2 NOT LIKE ecol1), MODIFY COLUMN IF EXISTS icol6 TINYINT UNSIGNED ZEROFILL NOT NULL AUTO_INCREMENT, ALGORITHM=COPY, LOCK=DEFAULT /* QNO 926 CON_ID 19 */
		   19 Query	ALTER TABLE t3 /*!100301 NOWAIT */ MODIFY COLUMN IF EXISTS ncol1 FLOAT UNSIGNED NOT NULL, ALGORITHM=INPLACE, DROP FOREIGN KEY IF EXISTS i, ADD CONSTRAINT CHECK (ncol2 != icol10), ADD CONSTRAINT UNIQUE KEY(icol5), LOCK=DEFAULT, CHANGE COLUMN tscol2 icol8 SMALLINT ZEROFILL /*!100303 INVISIBLE */, ALGORITHM=INPLACE, LOCK=EXCLUSIVE, DROP CONSTRAINT IF EXISTS m, STATS_AUTO_RECALC 0 /* QNO 927 CON_ID 19 */
		   19 Query	SELECT * FROM `view_t7` INTO OUTFILE 'load_view_t7'  /* QNO 928 CON_ID 19 */
		   19 Query	LOAD DATA INFILE 'load_view_t7' REPLACE INTO TABLE view_t7 /* QNO 929 CON_ID 19 */
		   19 Query	SELECT alias1.`col_int` AS ifield1 FROM ( `t7` AS alias1 INNER JOIN `view_t2` AS alias2 ON (( alias2.`col_int` = alias1.`vcol_int` ) AND ( alias2.`col_int` = alias1.`vcol_bit` ) ) ) WHERE alias1.`col_char` <> ( SELECT 'y' FROM DUAL ) ORDER BY ifield1 /* QNO 930 CON_ID 19 */
		   19 Query	ALTER IGNORE TABLE t10 /*!100301 NOWAIT */ DROP CONSTRAINT IF EXISTS j, CHANGE COLUMN ecol10 tcol6 YEAR, ALGORITHM=DEFAULT, LOCK=EXCLUSIVE /* QNO 931 CON_ID 19 */
		   19 Query	INSERT INTO `view_t9` SELECT * FROM `t9` /* QNO 932 CON_ID 19 */
		   19 Query	SELECT GROUP_CONCAT( alias1.`vcol_char` ORDER BY 1 ) AS cfield1, GROUP_CONCAT( alias1.`vcol_timestamp`, IF( alias1.`vcol_varchar`, alias1.`vcol_year`, alias1.`col_datetime` ), IF( alias1.`vcol_date`, alias1.`vcol_time`, alias1.`col_dec` ), alias1.`col_enum`, IF( alias1.`vcol_int`, alias1.`vcol_datetime`, alias1.`col_time` ), alias1.`col_enum` ORDER BY 1,6,5,2,4,3 SEPARATOR '___' ) AS cfield2 FROM ( ( SELECT SQ1_alias1.* FROM ( `view_t8` AS SQ1_alias1 LEFT OUTER JOIN `t1` AS SQ1_alias2 ON (SQ1_alias2.`col_char` = SQ1_alias1.`vcol_char` ) ) WHERE EXISTS ( ( SELECT C_SQ1_alias1.`col_char` AS C_SQ1_cfield1 FROM ( `t9` AS C_SQ1_alias1 LEFT JOIN ( ( `t2` AS C_SQ1_alias2 INNER JOIN `view_t5` AS C_SQ1_alias3 ON (C_SQ1_alias3.`pk` = C_SQ1_alias2.`col_int` ) ) ) ON (C_SQ1_alias3.`col_int` = C_SQ1_alias2.`col_bit` ) ) WHERE C_SQ1_alias2.`vcol_char` < 'e' ) ) ) AS alias1 STRAIGHT_JOIN ( ( `view_t4` AS alias2 LEFT JOIN ( SELECT SQ2_alias1.* FROM ( `t5` AS SQ2_alias1, `t3` AS SQ2_alias2 ) ) AS alias3 ON (alias3.`col_varchar` <> alias2.`vcol_varchar` ) ) ) ON (alias3.`vcol_int` = alias2.`pk` ) ) WHERE ( alias1.`vcol_varchar`, alias2.`col_varchar` ) NOT IN ( SELECT DISTINCT SQ3_alias1.`vcol_char` AS SQ3_cfield1, SQ3_alias1.`vcol_varchar` AS SQ3_cfield2 FROM ( `view_t2` AS SQ3_alias1 INNER JOIN ( `t2` AS SQ3_alias2 RIGHT JOIN `view_t3` AS SQ3_alias3 ON (SQ3_alias3.`vcol_bit` = SQ3_alias2.`vcol_int` ) ) ON (SQ3_alias3.`col_varchar` = SQ3_alias2.`vcol_char` ) ) WHERE SQ3_alias1.`pk` = SQ3_alias3.`pk` ) HAVING cfield1 > 'z'  /* QNO 933 CON_ID 19 */
		   19 Query	ALTER ONLINE TABLE t10 ADD CONSTRAINT k CHECK (`col_date` < ecol3) /* QNO 934 CON_ID 19 */
180620  4:44:45	   19 Query	OPTIMIZE TABLE t7 /* QNO 935 CON_ID 19 */
		   19 Query	CREATE OR REPLACE VIEW transforms.view_2864_probe AS OPTIMIZE TABLE t7 /* QNO 935 CON_ID 19 */  /* QNO 936 CON_ID 19 */
		   19 Query	SELECT SQL_SMALL_RESULT COUNT( alias1.`col_int` ) AS field1, alias1.`vcol_varchar` AS cfield1 FROM ( `t7` AS alias1 STRAIGHT_JOIN ( ( `t3` AS alias2 RIGHT JOIN `view_t2` AS alias3 ON (( alias3.`col_bit` < alias2.`vcol_bit` ) AND (alias3.`col_bit` > alias2.`vcol_int` ) ) ) ) ON (( alias3.`col_bit` <= alias2.`pk` ) AND (alias3.`col_bit` < alias2.`col_bit` ) ) ) WHERE ( ( SELECT 'j' FROM DUAL ) IS NULL ) AND alias1.`col_varchar` <= 'b' AND alias2.`vcol_bit` = 'z' GROUP BY cfield1  /* QNO 937 CON_ID 19 */
		   19 Query	SELECT * FROM `t6` INTO OUTFILE 'load_t6'  /* QNO 938 CON_ID 19 */
		   19 Query	LOAD DATA INFILE 'load_t6' IGNORE INTO TABLE t6 /* QNO 939 CON_ID 19 */
		   19 Query	INSERT INTO `view_t8` SELECT * FROM `t7` /* QNO 940 CON_ID 19 */
		   19 Query	INSERT INTO `view_t2` SELECT * FROM `view_t6` /* QNO 941 CON_ID 19 */
		   19 Query	ROLLBACK TO SAVEPOINT sp /* QNO 942 CON_ID 19 */
		   19 Query	SELECT DISTINCT alias1.`vcol_char` AS field1, alias1.`vcol_time` AS field2 FROM ( `t6` AS alias1 INNER JOIN ( SELECT SQ1_alias1.* FROM ( `t4` AS SQ1_alias1 INNER JOIN `t7` AS SQ1_alias2 ON (SQ1_alias2.`col_int` = SQ1_alias1.`col_int` ) ) ) AS alias2 ON (alias2.`col_int` <> alias1.`vcol_bit` ) ) WHERE ( alias1.`col_bit` >= SOME ( SELECT MIN( SQ2_alias1.`vcol_int` ) AS SQ2_ifield1 FROM ( `view_t7` AS SQ2_alias1, `view_t5` AS SQ2_alias2 ) ) ) OR alias1.`col_blob` IS NOT NULL GROUP BY field1, field2 ORDER BY field1 /* QNO 943 CON_ID 19 */
		   19 Query	SELECT ( SELECT SUM( SQ1_alias1.`col_bit` ) AS SQ1_ifield1 FROM ( `t5` AS SQ1_alias1 INNER JOIN ( `view_t7` AS SQ1_alias2 LEFT OUTER JOIN `view_t1` AS SQ1_alias3 ON (SQ1_alias3.`vcol_varchar` = SQ1_alias2.`col_varchar` ) ) ON (SQ1_alias3.`vcol_char` = SQ1_alias2.`col_varchar` ) ) WHERE SQ1_alias1.`col_varchar` > SQ1_alias1.`col_char` ) AS field1, alias1.`col_int` AS ifield1, alias1.`vcol_dec` AS field2 FROM ( `view_t8` AS alias1 RIGHT JOIN `view_t8` AS alias2 ON (( alias2.`col_bit` > alias1.`pk` ) AND (alias2.`col_bit` <= alias1.`vcol_int` ) ) ) WHERE ( ( 4, 2 ) IN ( SELECT SQ2_alias1.`pk` AS SQ2_ifield1, SQ2_alias1.`vcol_bit` AS SQ2_ifield2 FROM ( `view_t2` AS SQ2_alias1 RIGHT JOIN ( `t2` AS SQ2_alias2 LEFT JOIN `view_t8` AS SQ2_alias3 ON (SQ2_alias3.`col_varchar` = SQ2_alias2.`vcol_varchar` ) ) ON (SQ2_alias3.`col_char` = SQ2_alias2.`vcol_varchar` ) ) ) ) OR ( ( alias1.`col_int` = alias1.`vcol_int` AND alias1.`col_bit` = 104 ) AND alias2.`vcol_bit` >= 'USA' AND alias1.`pk` <= 4 AND ( alias1.`col_char` LIKE '%a%' OR alias1.`vcol_char` LIKE '%b%') ) GROUP BY field1, ifield1, field2  /* QNO 944 CON_ID 19 */
		   19 Query	ALTER TABLE t7 /*!100301 NOWAIT */ ALTER COLUMN `vcol_timestamp` DROP DEFAULT /* QNO 945 CON_ID 19 */
		   19 Query	SELECT MIN( `col_date` ) AS field1, MAX( `vcol_bit` ) AS field2, `col_char` AS cfield1, `col_int` AS ifield1 FROM `t7` AS alias1 WHERE ( ( alias1.`pk` IS NOT NULL AND 126 > -102 ) AND alias1.`vcol_char` <> alias1.`vcol_char` ) GROUP BY cfield1, ifield1 /* QNO 946 CON_ID 19 */
		   19 Query	SELECT * FROM `t9` INTO OUTFILE 'load_t9'  /* QNO 947 CON_ID 19 */
		   19 Query	LOAD DATA INFILE 'load_t9' REPLACE INTO TABLE t9 /* QNO 948 CON_ID 19 */
		   19 Query	SELECT `col_char` AS cfield1 FROM `view_t8` AS alias1 WHERE alias1.`vcol_date` > 2 GROUP BY cfield1 /* QNO 949 CON_ID 19 */
		   19 Query	SELECT * FROM `view_t7` INTO OUTFILE 'load_view_t7'  /* QNO 950 CON_ID 19 */
		   19 Query	LOAD DATA INFILE 'load_view_t7' REPLACE INTO TABLE view_t7 /* QNO 951 CON_ID 19 */
		   19 Query	SELECT * FROM `t1` INTO OUTFILE 'load_t1'  /* QNO 952 CON_ID 19 */
		   19 Query	LOAD DATA INFILE 'load_t1' REPLACE INTO TABLE t1 /* QNO 953 CON_ID 19 */
		   19 Query	ALTER IGNORE TABLE t8 DROP PRIMARY KEY, ADD CONSTRAINT l CHECK (`pk` NOT LIKE `vcol_timestamp`) /* QNO 954 CON_ID 19 */
		   19 Query	INSERT INTO `t9` SELECT * FROM `view_t3` /* QNO 955 CON_ID 19 */
		   19 Query	SELECT COUNT( alias1.`vcol_datetime` ) AS field1 FROM ( `t4` AS alias1, `t8` AS alias2, `view_t7` AS alias3 ) WHERE alias1.`col_int` = 53 ORDER BY field1 /* QNO 956 CON_ID 19 */
		   19 Query	INSERT INTO `t5` SELECT * FROM `t4` /* QNO 957 CON_ID 19 */
		   19 Query	INSERT INTO `view_t1` SELECT * FROM `view_t7` /* QNO 958 CON_ID 19 */
		   19 Query	ALTER TABLE t2 CHANGE COLUMN IF EXISTS ecol5 icol5 SMALLINT NOT NULL DEFAULT 2, LOCK=SHARED /* QNO 959 CON_ID 19 */
		   19 Query	ALTER TABLE t9 /*!100301 NOWAIT */ CHANGE COLUMN IF EXISTS vcol2 vcol10 TIMESTAMP AS ( tscol3 ) STORED, LOCK=NONE, DROP PRIMARY KEY, ADD KEY(icol4), ALGORITHM=INPLACE, LOCK=SHARED /* QNO 960 CON_ID 19 */
		   19 Query	ALTER ONLINE IGNORE TABLE t3 DROP FOREIGN KEY IF EXISTS u, DROP CONSTRAINT IF EXISTS p, DROP FOREIGN KEY IF EXISTS y, ALTER COLUMN scol5 SET DEFAULT 0 /* QNO 961 CON_ID 19 */
		   19 Query	SELECT * FROM `t7` INTO OUTFILE 'load_t7'  /* QNO 962 CON_ID 19 */
		   19 Query	LOAD DATA INFILE 'load_t7' REPLACE INTO TABLE t7 /* QNO 963 CON_ID 19 */
		   19 Query	ALTER ONLINE TABLE `view_t2` ADD CONSTRAINT n UNIQUE KEY(`vcol_varchar`(188)), ADD CONSTRAINT CHECK (`col_bit` <= icol10) /* QNO 964 CON_ID 19 */
		   19 Query	SELECT alias1.`col_int` AS ifield1 FROM ( ( SELECT SQ1_alias1.* FROM ( `view_t6` AS SQ1_alias1 INNER JOIN `view_t1` AS SQ1_alias2 ON (SQ1_alias2.`vcol_char` = SQ1_alias1.`col_varchar` ) ) WHERE ( SQ1_alias2.`col_varchar` = 'y' AND SQ1_alias1.`col_varchar` <= SQ1_alias1.`col_varchar` ) ) AS alias1, `view_t1` AS alias2 ) WHERE alias1.`vcol_int` NOT IN ( SELECT 9 FROM DUAL )  /* QNO 965 CON_ID 19 */
		   19 Query	SELECT MIN( alias1.`vcol_char` ) AS field1 FROM ( `t4` AS alias1 STRAIGHT_JOIN ( ( `view_t9` AS alias2 RIGHT OUTER JOIN ( SELECT SQ1_alias1.* FROM `view_t2` AS SQ1_alias1 ) AS alias3 ON (alias3.`pk` = alias2.`pk` ) ) ) ON (alias3.`col_char` = alias2.`vcol_varchar` ) ) WHERE ( EXISTS ( ( SELECT SQ2_alias1.`col_char` AS SQ2_cfield1 FROM ( `view_t3` AS SQ2_alias1 INNER JOIN ( `view_t8` AS SQ2_alias2 INNER JOIN `t6` AS SQ2_alias3 ON (SQ2_alias3.`col_char` = SQ2_alias2.`` ) ) ON (SQ2_alias3.`col_varchar` = SQ2_alias2.`` ) ) GROUP BY SQ2_cfield1 ) ) ) AND alias1.`pk` > 28 AND alias1.`pk` < ( 199 + 114 ) OR alias3.`col_varchar` > alias1.`vcol_varchar`  /* QNO 966 CON_ID 19 */
		   19 Query	SELECT SQL_SMALL_RESULT alias1.`pk` AS field1, 's' AS cfield1, -62 AS ifield1, alias1.`` AS cfield2, alias1.`` AS cfield3 FROM ( `view_t4` AS alias1 INNER JOIN ( ( ( SELECT DISTINCT SQ1_alias1.* FROM ( `t6` AS SQ1_alias1 RIGHT JOIN ( `view_t2` AS SQ1_alias2 LEFT OUTER JOIN `view_t4` AS SQ1_alias3 ON (SQ1_alias3.`vcol_bit` = SQ1_alias2.`col_bit` ) ) ON (SQ1_alias3.`col_char` = SQ1_alias2.`col_char` ) ) ) AS alias2 LEFT OUTER JOIN `view_t9` AS alias3 ON (alias3.`col_bit` = alias2.`col_bit` ) ) ) ON (alias3.`col_char` = alias2.`vcol_varchar` ) ) WHERE ( alias3.`vcol_char` != ( SELECT DISTINCT SUM( SQ2_alias1.`col_char` ) AS SQ2_cfield1 FROM ( `view_t8` AS SQ2_alias1 LEFT OUTER JOIN `t5` AS SQ2_alias2 ON (SQ2_alias2.`col_varchar` = SQ2_alias1.`col_char` ) ) ) ) AND alias1.`pk` = 235  /* QNO 967 CON_ID 19 */
		   19 Query	INSERT INTO `view_t3` SELECT * FROM `view_t1` /* QNO 968 CON_ID 19 */
		   19 Query	SELECT MAX( `col_blob`) AS field1, `col_varchar` AS cfield1, `col_bit` AS ifield1 FROM `t8` AS alias1 WHERE ( ( alias1.`` >= 'o' OR alias1.`pk` BETWEEN 160 AND ( 4 + 231 ) ) AND ( alias1.`col_int` <= alias1.`col_int` AND 'i' = 't' ) OR alias1.`vcol_char` IS NULL ) GROUP BY cfield1, ifield1 /* QNO 969 CON_ID 19 */
		   19 Query	SELECT * FROM `view_t7` INTO OUTFILE 'load_view_t7'  /* QNO 970 CON_ID 19 */
		   19 Query	LOAD DATA INFILE 'load_view_t7' IGNORE INTO TABLE view_t7 /* QNO 971 CON_ID 19 */
		   19 Query	ALTER TABLE `t4` /*!100301 NOWAIT */ ADD FULLTEXT KEY(scol2), ALGORITHM=DEFAULT  /* QNO 972 CON_ID 19 */
180620  4:44:46	   18 Query	SHOW WARNINGS
		   18 Query	SELECT * FROM `t6` INTO OUTFILE 'load_t6'  /* QNO 1205 CON_ID 18 */
		   18 Query	LOAD DATA INFILE 'load_t6' IGNORE INTO TABLE t6 /* QNO 1206 CON_ID 18 */
		   18 Query	ALTER TABLE t7 /*!100301 NOWAIT */ DROP FOREIGN KEY IF EXISTS a, ADD INDEX(scol8(10164)), ALGORITHM=DEFAULT, LOCK=SHARED /* QNO 1207 CON_ID 18 */
		   18 Query	SELECT * FROM `view_t7` INTO OUTFILE 'load_view_t7'  /* QNO 1208 CON_ID 18 */
		   18 Query	LOAD DATA INFILE 'load_view_t7' REPLACE INTO TABLE view_t7 /* QNO 1209 CON_ID 18 */
		   20 Query	ALTER TABLE t1 /*!100301 NOWAIT */ CHANGE COLUMN IF EXISTS scol2 bcol9 BIT, ALGORITHM=DEFAULT, LOCK=SHARED, ENGINE Aria /* QNO 708 CON_ID 20 */
		   18 Query	ALTER IGNORE TABLE t5 ADD CONSTRAINT CHECK (icol10 != icol10), ADD FULLTEXT KEY(`vcol_varchar`), ALGORITHM=DEFAULT, LOCK=SHARED /* QNO 1210 CON_ID 18 */
		   16 Query	SELECT * FROM `t7` INTO OUTFILE 'load_t7'  /* QNO 910 CON_ID 16 */
		   18 Query	ALTER TABLE t7 PARTITION BY KEY(tcol9) /* QNO 1211 CON_ID 18 */
		   16 Query	LOAD DATA INFILE 'load_t7' REPLACE INTO TABLE t7 /* QNO 911 CON_ID 16 */
		   16 Query	SELECT * FROM `t1` INTO OUTFILE 'load_t1'  /* QNO 912 CON_ID 16 */
		   18 Query	ALTER ONLINE IGNORE TABLE `view_t1` CHANGE COLUMN tscol5 scol9 CHAR NOT NULL DEFAULT NULL /*!100201 CHECK (`vcol_int` <= 9) */, ALGORITHM=COPY, LOCK=NONE /* QNO 1212 CON_ID 18 */
		   18 Query	INSERT INTO `t5` SELECT * FROM `t9` /* QNO 1213 CON_ID 18 */
		   16 Query	LOAD DATA INFILE 'load_t1' IGNORE INTO TABLE t1 /* QNO 913 CON_ID 16 */
		   18 Query	INSERT INTO `view_t1` SELECT * FROM `view_t8` /* QNO 1214 CON_ID 18 */
180620  4:44:47	   20 Query	SHOW WARNINGS
		   20 Query	INSERT INTO `view_t1` SELECT * FROM `view_t6` /* QNO 709 CON_ID 20 */
		   16 Query	OPTIMIZE TABLE t7 /* QNO 914 CON_ID 16 */
		   18 Query	ALTER IGNORE TABLE t8 ADD CONSTRAINT FOREIGN KEY f (ecol9) REFERENCES `t8` (ncol3, `vcol_int`, `col_year`) ON DELETE CASCADE, ALTER COLUMN ecol10 SET DEFAULT NULL, ADD IF NOT EXISTS ( ecol3 SET('foo','bar') /*!100201 CHECK (tcol8 LIKE tcol6) */ ), LOCK=EXCLUSIVE, ADD PRIMARY KEY(`vcol_bit`, `col_bit`), ALGORITHM=INPLACE  /* QNO 1215 CON_ID 18 */
		   20 Query	SELECT SQL_SMALL_RESULT SUM( alias1.`vcol_char` ) AS field1, GROUP_CONCAT( alias1.`vcol_year`, alias1.`vcol_bit`, alias1.`vcol_enum`, IF( alias1.`vcol_blob`, alias1.`vcol_enum`, alias1.`col_int` ), IF( alias1.`col_char`, alias1.`vcol_datetime`, alias1.`vcol_datetime` ), alias1.`col_time`, IF( alias1.`pk`, alias1.`vcol_bit`, alias1.`col_varchar` ), alias1.`vcol_dec` ORDER BY 8,2,7,5,1,4,3,6 ) AS cfield1 FROM ( `view_t3` AS alias1, ( SELECT SQ1_alias1.* FROM ( `t6` AS SQ1_alias1 LEFT JOIN ( `t4` AS SQ1_alias2 INNER JOIN `view_t7` AS SQ1_alias3 ON (SQ1_alias3.`col_bit` = SQ1_alias2.`col_bit` ) ) ON (SQ1_alias3.`vcol_bit` = SQ1_alias2.`col_bit` AND SQ1_alias2.`col_char` IN ( SELECT 3 UNION SELECT 7 ) ) ) ) AS alias2 ) WHERE alias1.`col_bit` > 36 AND alias1.`col_bit` < ( 70 + 137 ) AND ( alias1.`col_bit` <> alias1.`vcol_varchar` OR -121 > -107 )  /* QNO 710 CON_ID 20 */
		   18 Query	SELECT MIN( alias1.`col_char` ) AS field1, ( ( alias1.`vcol_bit` ) * ( alias1.`pk` ) ) AS ifield1, alias1.`col_timestamp` AS field2, CONCAT( alias1.`vcol_varchar`, alias1.`vcol_varchar` ) AS cfield1, alias1.`` AS cfield2 FROM ( `view_t1` AS alias1, `t8` AS alias2 ) WHERE ( alias2.`col_char` >= ALL ( SELECT SQ1_alias1.`col_varchar` AS SQ1_cfield1 FROM `view_t8` AS SQ1_alias1 WHERE alias1.`pk` IN ( SQ1_alias1.`col_varchar` IN ( SELECT C_SQ1_alias1.`col_char` AS C_SQ1_cfield1 FROM `t4` AS C_SQ1_alias1 WHERE C_SQ1_alias1.`col_int` < 9 ) ) AND SQ1_alias1.`vcol_bit` >= alias2.`vcol_int` ) ) AND alias1.`col_char` = alias2.`col_char` GROUP BY ifield1, field2, cfield1, cfield2 HAVING (ifield1 = 134 AND ifield1 > 183)  /* QNO 1216 CON_ID 18 */
		   20 Query	ALTER TABLE t2 /*!100301 WAIT 4 */ ADD CONSTRAINT j CHECK (icol8 NOT LIKE 9), ADD CONSTRAINT z CHECK (tscol2 LIKE 4) /* QNO 711 CON_ID 20 */
		   20 Query	SELECT * FROM `t7` INTO OUTFILE 'load_t7'  /* QNO 712 CON_ID 20 */
		   18 Query	ALTER TABLE t3 /*!100301 NOWAIT */ DROP PRIMARY KEY, RENAME TO `view_t6`  /* QNO 1217 CON_ID 18 */
		   18 Query	INSERT INTO `view_t5` SELECT * FROM `t1` /* QNO 1218 CON_ID 18 */
		   18 Query	FLUSH TABLES /* QNO 1219 CON_ID 18 */
		   20 Query	LOAD DATA INFILE 'load_t7' IGNORE INTO TABLE t7 /* QNO 713 CON_ID 20 */
		   16 Query	CREATE OR REPLACE VIEW transforms.view_3612_probe AS OPTIMIZE TABLE t7 /* QNO 914 CON_ID 16 */  /* QNO 915 CON_ID 16 */
		   16 Query	INSERT INTO t10 ( ecol7 ) SELECT `vcol_blob` FROM `view_t9`  /* QNO 916 CON_ID 16 */
		   20 Query	ALTER IGNORE TABLE t8 ADD INDEX(ncol8), ALGORITHM=DEFAULT  /* QNO 714 CON_ID 20 */
		   20 Query	ALTER TABLE t3 /*!100301 WAIT 5 */ DROP INDEX ind5, DROP FOREIGN KEY z /* QNO 715 CON_ID 20 */
		   16 Query	INSERT INTO `view_t4` SELECT * FROM `view_t3` /* QNO 917 CON_ID 16 */
		   20 Query	INSERT INTO `t3` SELECT * FROM `t4` /* QNO 716 CON_ID 20 */
180620  4:44:48	   15 Query	/* GenTest::Transform::ExecuteAsExecuteImmediate */ EXECUTE IMMEDIATE 'INSERT INTO `t4` SELECT * FROM `t4` /* QNO 870 CON_ID 15 */ ' /* TRANSFORM_OUTCOME_UNORDERED_MATCH */ /* QNO 872 CON_ID 15 */
180620  4:44:54	   18 Query	CREATE OR REPLACE VIEW transforms.view_4452_probe AS FLUSH TABLES /* QNO 1219 CON_ID 18 */  /* QNO 1220 CON_ID 18 */
		   18 Query	INSERT INTO `t9` ( `vcol_date` ) SELECT `vcol_bit` FROM t1 /* QNO 1221 CON_ID 18 */
		   18 Query	SELECT * FROM `t5` INTO OUTFILE 'load_t5'  /* QNO 1222 CON_ID 18 */
		   20 Query	ALTER IGNORE TABLE t4 /*!100301 NOWAIT */ DROP PRIMARY KEY /* QNO 717 CON_ID 20 */
		   16 Query	SELECT alias1.`vcol_year` AS field1, alias1.`col_varchar` AS cfield1, 'u' AS cfield2 FROM ( ( SELECT SQL_SMALL_RESULT SQ1_alias1.* FROM `t5` AS SQ1_alias1 WHERE SQ1_alias1.`col_bit` IN ( SELECT C_SQ1_alias1.`col_bit` AS C_SQ1_ifield1 FROM `t4` AS C_SQ1_alias1 ) ) AS alias1, `view_t2` AS alias2, `t1` AS alias3 ) WHERE ( alias1.`vcol_int` = 155 AND alias1.`pk` = 68 ) AND alias1.`pk` = alias1.`vcol_datetime` HAVING field1 <> 'xz'  /* QNO 918 CON_ID 16 */
		   15 Prepare	INSERT INTO `t4` SELECT * FROM `t4` /* QNO 870 CON_ID 15 */
		   20 Query	INSERT INTO `t4` SELECT * FROM `t4` /* QNO 718 CON_ID 20 */
		   19 Query	BEGIN /* QNO 973 CON_ID 19 */
		   19 Query	CREATE OR REPLACE VIEW transforms.view_2864_probe AS BEGIN /* QNO 973 CON_ID 19 */  /* QNO 974 CON_ID 19 */
		   17 Query	CREATE OR REPLACE VIEW transforms.view_9164_probe AS OPTIMIZE TABLE `t4`  /* QNO 635 CON_ID 17 */  /* QNO 636 CON_ID 17 */
		   19 Query	INSERT INTO `t5` SELECT * FROM `view_t9` /* QNO 975 CON_ID 19 */
		   18 Query	LOAD DATA INFILE 'load_t5' REPLACE INTO TABLE t5 /* QNO 1223 CON_ID 18 */
		   18 Query	SELECT * FROM `t9` INTO OUTFILE 'load_t9'  /* QNO 1224 CON_ID 18 */
		   18 Query	LOAD DATA INFILE 'load_t9' REPLACE INTO TABLE t9 /* QNO 1225 CON_ID 18 */
		   18 Query	ALTER IGNORE TABLE `view_t1` ADD CONSTRAINT g CHECK (ecol5 = scol6), CHANGE COLUMN ecol9 icol7 SMALLINT, ALGORITHM=INPLACE, LOCK=NONE, ADD IF NOT EXISTS `vcol_varchar` VARCHAR(54718) NOT NULL FIRST, ALGORITHM=DEFAULT, LOCK=SHARED /* QNO 1226 CON_ID 18 */
		   18 Query	ALTER TABLE t6 /*!100301 NOWAIT */ MODIFY COLUMN IF EXISTS bcol10 BIT, ADD FOREIGN KEY (scol6) REFERENCES t5 (`col_dec`) ON UPDATE SET DEFAULT, DROP FOREIGN KEY IF EXISTS l, ADD CONSTRAINT p CHECK (`vcol_varchar` > tcol2), ADD CONSTRAINT g CHECK (ecol10 NOT LIKE icol10) /* QNO 1227 CON_ID 18 */
		   17 Query	SELECT alias1.`vcol_time` AS field1 FROM ( `view_t5` AS alias1 INNER JOIN ( ( `view_t7` AS alias2 INNER JOIN `view_t7` AS alias3 ON (( alias3.`col_varchar` = alias2.`vcol_char` ) AND ( ( alias3.`col_varchar` <> alias2.`col_varchar` ) OR ( ( alias3.`col_bit` != alias2.`pk` ) AND (alias3.`col_bit` < alias2.`vcol_int` ) ) ) ) ) ) ON (alias3.`col_varchar` = alias2.`col_varchar` ) ) WHERE ( alias1.`vcol_int` IN ( SELECT COUNT( SQ1_alias1.`pk` ) AS SQ1_ifield1 FROM ( `view_t5` AS SQ1_alias1 STRAIGHT_JOIN `view_t5` AS SQ1_alias2 ON (SQ1_alias2.`pk` = SQ1_alias1.`col_int` ) ) ) ) AND ( alias1.`col_bit` > 19 AND alias1.`col_bit` < ( 93 + 250 ) OR alias1.`vcol_int` BETWEEN 65 AND ( 123 + 192 ) ) HAVING field1 >= 'z' ORDER BY field1 /* QNO 637 CON_ID 17 */
		   18 Query	INSERT INTO t2 ( scol7 ) SELECT ecol5 FROM t7 /* QNO 1228 CON_ID 18 */
		   19 Query	ALTER IGNORE TABLE t8 /*!100301 NOWAIT */ ADD FOREIGN KEY (`col_varchar`) REFERENCES t3 (tcol6) ON UPDATE RESTRICT /* QNO 976 CON_ID 19 */
		   19 Query	INSERT INTO t6 ( ncol7 ) SELECT tcol7 FROM t8 /* QNO 977 CON_ID 19 */
		   18 Query	INSERT INTO `t5` SELECT * FROM `t3` /* QNO 1229 CON_ID 18 */
180620  4:44:55	   18 Query	ALTER TABLE `t6` /*!100301 WAIT 7 */ ADD FULLTEXT KEY(scol8), ALGORITHM=INPLACE, LOCK=EXCLUSIVE, MODIFY COLUMN IF EXISTS `pk` TINYINT AUTO_INCREMENT FIRST, ALGORITHM=DEFAULT, LOCK=DEFAULT /* QNO 1230 CON_ID 18 */
		   19 Query	ALTER IGNORE TABLE `view_t3` DROP COLUMN IF EXISTS vcol8, ALGORITHM=DEFAULT, LOCK=EXCLUSIVE, ADD CONSTRAINT i FOREIGN KEY q (tcol9, vcol2) REFERENCES `view_t1` (scol4) ON UPDATE CASCADE, RENAME TO t8 /* QNO 978 CON_ID 19 */
		   19 Query	INSERT INTO t4 (tcol8) VALUES (''),('') /* QNO 979 CON_ID 19 */
		   19 Query	SELECT * FROM `view_t6` INTO OUTFILE 'load_view_t6'  /* QNO 980 CON_ID 19 */
		   19 Query	LOAD DATA INFILE 'load_view_t6' REPLACE INTO TABLE view_t6 /* QNO 981 CON_ID 19 */
		   16 Query	SELECT DISTINCT ( ( alias1.`col_bit` ) * ( alias1.`vcol_bit` ) ) AS ifield1, alias1.`pk` AS ifield2 FROM ( `t7` AS alias1 INNER JOIN ( SELECT SQ1_alias1.* FROM ( `t2` AS SQ1_alias1 INNER JOIN `t6` AS SQ1_alias2 ON (SQ1_alias2.`col_int` = SQ1_alias1.`pk` ) ) ) AS alias2 ON (( alias2.`` = alias1.`col_varchar` ) AND ( ( alias2.`vcol_int` < alias1.`pk` ) AND ( ( alias2.`vcol_varchar` != alias1.`` ) AND ( alias2.`pk` = alias1.`vcol_int` ) ) ) ) ) WHERE ( EXISTS ( SELECT DISTINCT SQ2_alias1.`col_varchar` AS SQ2_cfield1 FROM `view_t9` AS SQ2_alias1 WHERE SQ2_alias1.`pk` IN ( ( SELECT C_SQ1_alias1.`vcol_bit` AS C_SQ1_ifield1 FROM ( `view_t2` AS C_SQ1_alias1 INNER JOIN ( ( `t2` AS C_SQ1_alias2 INNER JOIN `view_t5` AS C_SQ1_alias3 ON (C_SQ1_alias3.`col_char` = C_SQ1_alias2.`vcol_char` ) ) ) ON (C_SQ1_alias3.`col_varchar` = C_SQ1_alias2.`col_varchar` ) ) WHERE C_SQ1_alias3.`col_varchar` = alias2.`vcol_varchar` OR C_SQ1_alias3.`pk` <= alias2.`col_bit` ) ) ) ) OR alias1.`col_int` > 152 AND alias1.`vcol_int` < ( 236 + 126 ) AND ( ( alias1.`vcol_int` > 234 AND alias1.`vcol_bit` < ( 59 + 162 ) OR alias1.`col_char` != 'k' ) OR alias1.`col_varchar` IS NULL ) GROUP BY ifield1, ifield2 HAVING ifield1 <> 2  /* QNO 919 CON_ID 16 */
		   18 Query	SELECT DISTINCT alias1.`` AS cfield1, alias1.`pk` AS ifield1 FROM ( `view_t2` AS alias1, `view_t5` AS alias2 ) WHERE ( alias1.`col_char` IN ( SELECT SQ1_alias1.`col_char` AS SQ1_cfield1 FROM `view_t8` AS SQ1_alias1 WHERE SQ1_alias1.`vcol_int` = alias2.`col_int` OR SQ1_alias1.`col_varchar` > alias1.`vcol_varchar` ) ) AND ( alias1.`col_bit` IS NULL AND alias1.`vcol_char` <> 'z' ) GROUP BY cfield1, ifield1 ORDER BY ifield1, cfield1 LIMIT 1000 OFFSET 3 /* QNO 1231 CON_ID 18 */
		   18 Query	DROP TABLE IF EXISTS tmp_rename_4452  /* QNO 1232 CON_ID 18 */
		   18 Query	SHOW WARNINGS
		   18 Query	RENAME TABLE t2 TO tmp_rename_4452, tmp_rename_4452 TO t2 /* QNO 1233 CON_ID 18 */
		   18 Query	SELECT * FROM `view_t1` INTO OUTFILE 'load_view_t1'  /* QNO 1234 CON_ID 18 */
		   16 Query	SELECT alias1.`vcol_year` AS field1, alias1.`vcol_bit` AS ifield1 FROM ( `t7` AS alias1 RIGHT JOIN ( SELECT SQ1_alias1.* FROM `view_t7` AS SQ1_alias1 ) AS alias2 ON (( alias2.`col_bit` != alias1.`col_int` ) AND (alias2.`col_bit` >= alias1.`vcol_int` ) ) ) WHERE ( alias1.`col_char` IN ( SELECT 'r' UNION ALL SELECT 'u' ) ) OR ( alias1.`vcol_bit` = alias2.`col_bit` OR ( alias1.`vcol_bit` = 46 AND ( alias1.`col_bit` = 231 AND alias1.`col_bit` = alias2.`pk` ) ) ) HAVING ((ifield1 <> 7 OR ifield1 > 6) AND ifield1 != 8)  /* QNO 920 CON_ID 16 */
		   18 Query	LOAD DATA INFILE 'load_view_t1' REPLACE INTO TABLE view_t1 /* QNO 1235 CON_ID 18 */
		   18 Query	ALTER IGNORE TABLE t6 ADD SPATIAL INDEX(geocol3), LOCK=DEFAULT, CHECKSUM 1, DROP PRIMARY KEY /* QNO 1236 CON_ID 18 */
		   19 Query	SELECT alias1.`vcol_int` AS ifield1 FROM ( `view_t7` AS alias1, `t2` AS alias2, ( SELECT DISTINCT SQ1_alias1.* FROM ( `view_t2` AS SQ1_alias1 INNER JOIN `view_t3` AS SQ1_alias2 ON (SQ1_alias2.`col_int` = SQ1_alias1.`col_int` ) ) WHERE SQ1_alias1.`vcol_bit` != 6 ) AS alias3 ) WHERE ( ( SELECT SUM( SQ2_alias1.`vcol_int` ) AS SQ2_ifield1 FROM ( `view_t5` AS SQ2_alias1, `view_t4` AS SQ2_alias2 ) WHERE SQ2_alias1.`col_char` >= ( SELECT SUM( C_SQ1_alias1.`col_char` ) AS C_SQ1_cfield1 FROM `view_t5` AS C_SQ1_alias1 WHERE C_SQ1_alias1.`vcol_char` > C_SQ1_alias1.`vcol_varchar` ) ) IS NULL ) AND alias1.`col_char` <> 'y' GROUP BY ifield1 ORDER BY ifield1 /* QNO 982 CON_ID 19 */
		   16 Query	ALTER IGNORE TABLE `view_t4` /*!100301 WAIT 1 */ ADD CONSTRAINT CHECK (tscol8 <= icol4), ADD IF NOT EXISTS ( tscol9 DATETIME NOT NULL ), ALGORITHM=COPY, LOCK=SHARED /* QNO 921 CON_ID 16 */
		   16 Query	INSERT INTO `view_t8` SELECT * FROM `t1` /* QNO 922 CON_ID 16 */
		   16 Query	INSERT INTO `t2` SELECT * FROM `view_t8` /* QNO 923 CON_ID 16 */
		   16 Query	SELECT alias1.`col_int` AS ifield1, alias1.`vcol_date` AS field1, alias1.`col_int` AS ifield2, alias1.`vcol_varchar` AS cfield1, alias1.`vcol_enum` AS field2 FROM ( `view_t8` AS alias1 RIGHT OUTER JOIN `view_t1` AS alias2 ON (alias2.`vcol_char` = alias1.`col_varchar` ) ) WHERE ( SELECT MAX( SQ1_alias1.`vcol_int` ) AS SQ1_ifield1 FROM ( `t6` AS SQ1_alias1, `view_t7` AS SQ1_alias2 ) WHERE SQ1_alias2.`pk` > 82 ) IS NULL ORDER BY field2, field1, ifield2, ifield1, cfield1  /* QNO 924 CON_ID 16 */
		   16 Query	INSERT INTO `t1` SELECT * FROM `t7` /* QNO 925 CON_ID 16 */
		   18 Query	SELECT COUNT( alias1.`vcol_varchar` ) AS field1, -50 AS ifield1, ( SELECT SUM( DISTINCT SQ1_alias1.`col_bit` ) AS SQ1_ifield1 FROM ( `t4` AS SQ1_alias1 RIGHT JOIN `t6` AS SQ1_alias2 ON (SQ1_alias2.`` = SQ1_alias1.`col_varchar` ) ) ) AS field2 FROM ( `t2` AS alias1, `t3` AS alias2, ( SELECT SQL_SMALL_RESULT SQ2_alias1.* FROM `view_t6` AS SQ2_alias1 ) AS alias3 ) WHERE ( EXISTS ( ( SELECT SQ3_alias1.`col_varchar` AS SQ3_cfield1 FROM ( `t1` AS SQ3_alias1 INNER JOIN `view_t2` AS SQ3_alias2 ON (SQ3_alias2.`col_char` = SQ3_alias1.`vcol_varchar` ) ) GROUP BY SQ3_cfield1 ) ) ) AND alias1.`col_char` LIKE CONCAT( 'y', '%') AND ( ( alias1.`col_varchar` LIKE CONCAT( 'k', '%') AND ( alias1.`col_bit` = 110 AND ( alias1.`col_varchar` LIKE CONCAT( 'c', '%') AND ( alias1.`vcol_int` = 85 AND alias1.`vcol_int` = 104 ) ) ) ) AND alias1.`col_bit` IS NULL ) GROUP BY ifield1, field2 HAVING ifield1 = 6  /* QNO 1237 CON_ID 18 */
		   18 Query	ALTER TABLE `view_t6` DROP COLUMN IF EXISTS scol5, ADD CONSTRAINT k FOREIGN KEY w (ncol2) REFERENCES t5 (tscol9)  /* QNO 1238 CON_ID 18 */
		   18 Query	INSERT INTO t3 ( ncol6 ) SELECT ecol1 FROM t9 /* QNO 1239 CON_ID 18 */
		   18 Query	INSERT INTO `view_t6` SELECT * FROM `view_t3` /* QNO 1240 CON_ID 18 */
		   16 Query	SELECT alias1.`vcol_char` AS cfield1, alias1.`col_varchar` AS cfield2 FROM ( `view_t8` AS alias1, `view_t3` AS alias2, `view_t4` AS alias3 ) WHERE ( SELECT SQL_SMALL_RESULT COUNT( SQ1_alias1.`col_varchar` ) AS SQ1_cfield1 FROM ( `t7` AS SQ1_alias1 STRAIGHT_JOIN ( `view_t1` AS SQ1_alias2 INNER JOIN `t6` AS SQ1_alias3 ON (SQ1_alias3.`col_varchar` = SQ1_alias2.`` ) ) ON (SQ1_alias3.`pk` = SQ1_alias2.`col_int` ) ) WHERE SQ1_alias1.`vcol_char` < 'c' ) IS NOT NULL  /* QNO 926 CON_ID 16 */
		   18 Query	INSERT INTO `view_t4` SELECT * FROM `view_t3` /* QNO 1241 CON_ID 18 */
		   16 Query	INSERT INTO `view_t2` SELECT * FROM `view_t4` /* QNO 927 CON_ID 16 */
		   18 Query	SELECT * FROM `view_t2` INTO OUTFILE 'load_view_t2'  /* QNO 1242 CON_ID 18 */
		   19 Query	SELECT DISTINCT ( SELECT MIN( SQ1_alias1.`col_int` ) AS SQ1_ifield1 FROM `t6` AS SQ1_alias1 WHERE SQ1_alias1.`vcol_int` >= alias1.`vcol_int` AND SQ1_alias1.`vcol_char` != 'j' ) AS field1, alias1.`col_datetime` AS field2 FROM ( `view_t8` AS alias1, `view_t6` AS alias2 ) WHERE ( alias2.`vcol_char` <= ALL ( SELECT SQ2_alias1.`col_varchar` AS SQ2_cfield1 FROM ( `view_t4` AS SQ2_alias1 LEFT OUTER JOIN ( `t2` AS SQ2_alias2 INNER JOIN `t4` AS SQ2_alias3 ON (SQ2_alias3.`col_bit` = SQ2_alias2.`col_int` ) ) ON (SQ2_alias3.`col_char` = SQ2_alias2.`vcol_varchar` ) ) WHERE SQ2_alias2.`pk` < alias1.`col_bit` OR SQ2_alias1.`vcol_int` IN ( ( SELECT C_SQ1_alias1.`vcol_int` AS C_SQ1_ifield1 FROM `view_t8` AS C_SQ1_alias1 WHERE C_SQ1_alias1.`col_varchar` <> alias1.`col_char` OR C_SQ1_alias1.`pk` >= alias1.`vcol_int` ) ) ) ) AND ( alias1.`col_varchar` = alias2.`vcol_char` AND alias1.`vcol_bit` = 231 ) OR alias2.`vcol_time` < alias1.`col_enum` GROUP BY field1, field2 HAVING ( ( 'e', 'u' ) NOT IN ( SELECT SQ3_alias1.`col_char` AS SQ3_cfield1, SQ3_alias1.`col_char` AS SQ3_cfield2 FROM ( `t5` AS SQ3_alias1 INNER JOIN `t3` AS SQ3_alias2 ON (SQ3_alias2.`vcol_int` = SQ3_alias1.`pk` ) ) ) AND field2 < 8) ORDER BY field2, field1  /* QNO 983 CON_ID 19 */
		   18 Query	LOAD DATA INFILE 'load_view_t2' REPLACE INTO TABLE view_t2 /* QNO 1243 CON_ID 18 */
		   18 Query	INSERT INTO `view_t8` SELECT * FROM `t6` /* QNO 1244 CON_ID 18 */
		   18 Query	INSERT INTO `t1` SELECT * FROM `view_t6` /* QNO 1245 CON_ID 18 */
		   16 Query	SELECT DISTINCT SUM( alias1.`vcol_varchar` ) AS field1 FROM ( `t2` AS alias1 INNER JOIN ( ( `t2` AS alias2 INNER JOIN `view_t6` AS alias3 ON (alias3.`col_bit` >= alias2.`col_bit` ) ) ) ON (( alias3.`col_bit` <= alias2.`col_bit` ) AND (alias3.`col_bit` < alias2.`col_int` ) ) ) WHERE ( ( SELECT MIN( SQ1_alias1.`col_int` ) AS SQ1_ifield1 FROM ( `t9` AS SQ1_alias1, `t1` AS SQ1_alias2 ) ) IS NOT NULL ) AND alias1.`vcol_int` IN (35) HAVING field1 = 'o' ORDER BY field1 /* QNO 928 CON_ID 16 */
		   18 Query	EXPLAIN EXTENDED SELECT MAX( `col_bit`) AS field1, `col_date` AS field2 FROM ( SELECT SQ1_alias1.* FROM ( `view_t4` AS SQ1_alias1 INNER JOIN `t7` AS SQ1_alias2 ON (SQ1_alias2.`col_int` = SQ1_alias1.`vcol_int` ) ) ) AS alias1 WHERE alias1.`col_date` != 8 AND ( alias1.`vcol_char` LIKE '%a%' OR alias1.`col_varchar` LIKE '%b%') GROUP BY field2 /* QNO 1246 CON_ID 18 */
