		   17 Query	DROP TABLE IF EXISTS tmp_rename_9164  /* QNO 344 CON_ID 17 */
		   19 Query	CREATE OR REPLACE VIEW transforms.view_2864_probe AS FLUSH TABLES /* QNO 524 CON_ID 19 */  /* QNO 525 CON_ID 19 */
		   17 Query	SHOW WARNINGS
		   17 Query	RENAME TABLE t5 TO tmp_rename_9164, tmp_rename_9164 TO t5 /* QNO 345 CON_ID 17 */
		   19 Query	LOCK TABLE `t3` WRITE /* QNO 526 CON_ID 19 */
		   15 Query	SELECT ( SELECT SUM( alias1.`col_int` ) AS SQ1_ifield1 FROM ( `t9` AS SQ1_alias1 INNER JOIN `view_t1` AS SQ1_alias2 ON (SQ1_alias2.`col_bit` = SQ1_alias1.`pk` ) ) ) AS field1, alias1.`vcol_enum` AS field2 FROM ( ( SELECT SQ2_alias1.* FROM `t3` AS SQ2_alias1 ) AS alias1, `view_t5` AS alias2 ) WHERE ( alias2.`vcol_varchar` = ANY ( SELECT 'k' UNION DISTINCT SELECT 'x' ) ) AND alias1.`pk` = alias1.`col_int` AND ( alias2.`vcol_datetime` = 1 AND alias1.`vcol_varchar` IS NULL ) GROUP BY field1, field2 HAVING (( field2 IN ( SELECT 'i' UNION SELECT 'h' ) AND field2 != 2) OR field2 <= 'px')  /* QNO 504 CON_ID 15 */
		   16 Query	ALTER TABLE `view_t2` /*!100301 NOWAIT */ DROP INDEX ind4, ADD CONSTRAINT CHECK (tscol4 < 3), DROP PRIMARY KEY /* QNO 454 CON_ID 16 */
		   20 Query	SELECT MAX( alias1.`vcol_dec` ) AS field1, COUNT( alias1.`vcol_bit` ) AS field2 FROM ( `t8` AS alias1, `t5` AS alias2, ( SELECT SQ1_alias1.* FROM `t3` AS SQ1_alias1 ) AS alias3 ) WHERE ( ( SELECT 2 FROM DUAL ) IS NULL ) AND ( alias1.`vcol_varchar` = 'c' AND ( alias1.`vcol_bit` = alias2.`col_bit` AND alias1.`vcol_varchar` LIKE CONCAT( 'h', '%') ) ) AND ( alias1.`pk` >= 'USA' AND ( alias1.`col_varchar` LIKE '%a%' OR alias1.`vcol_varchar` LIKE '%b%') AND alias2.`vcol_dec` > alias1.`vcol_datetime` )  /* QNO 415 CON_ID 20 */
		   18 Query	SELECT alias1.`col_char` AS field1 FROM ( `view_t5` AS alias1, ( SELECT DISTINCT SQ1_alias1.* FROM ( `view_t3` AS SQ1_alias1 INNER JOIN `view_t1` AS SQ1_alias2 ON (SQ1_alias2.`pk` = SQ1_alias1.`vcol_bit` ) ) WHERE ( SQ1_alias1.`col_bit` > SQ1_alias2.`pk` AND SQ1_alias2.`col_char` <> 'e' ) ) AS alias2, `t3` AS alias3 ) WHERE ( alias1.`pk` BETWEEN 24 AND ( 64 + 208 ) OR alias1.`col_bit` BETWEEN 47 AND ( 110 + 158 ) ) AND ( ( alias1.`pk` <= alias3.`vcol_datetime` AND 'k' = 'f' ) OR alias3.`vcol_varchar` < 'r' ) ORDER BY field1 /* QNO 410 CON_ID 18 */
		   15 Query	INSERT INTO `view_t5` SELECT * FROM `view_t4` /* QNO 505 CON_ID 15 */
		   20 Query	INSERT INTO `t6` SELECT * FROM `t6` /* QNO 416 CON_ID 20 */
		   20 Query	INSERT INTO `view_t8` SELECT * FROM `view_t2` /* QNO 417 CON_ID 20 */
		   20 Query	SELECT alias1.`col_char` AS cfield1, alias1.`col_varchar` AS cfield2, alias1.`pk` AS field1, 'r' AS cfield3 FROM ( `t3` AS alias1, `view_t9` AS alias2, `t4` AS alias3 ) WHERE ( EXISTS ( ( SELECT 9 FROM DUAL ) ) ) AND ( alias1.`col_int` NOT IN (88) OR ( alias1.`vcol_bit` > 251 AND alias1.`col_bit` < ( 218 + 194 ) OR alias1.`pk` BETWEEN 5 AND ( 244 + 67 ) ) ) AND ( -73 > 33 AND alias1.`col_bit` <> 'z' ) HAVING field1 IN ( SELECT 5 FROM DUAL )  /* QNO 418 CON_ID 20 */
		   16 Query	SELECT alias1.`col_bit` AS field1, alias1.`col_char` AS cfield1, 116 AS ifield1, alias1.`vcol_char` AS cfield2 FROM ( ( SELECT SQ1_alias1.* FROM ( `t7` AS SQ1_alias1, `view_t4` AS SQ1_alias2 ) ) AS alias1 RIGHT OUTER JOIN `t9` AS alias2 ON (( alias2.`pk` <> alias1.`pk` ) AND ( ( alias2.`pk` = alias1.`vcol_int` ) AND ( ( alias2.`pk` = alias1.`vcol_int` ) AND (alias2.`pk` < alias1.`pk` ) ) ) ) ) WHERE alias2.`vcol_bit` <> ANY ( SELECT SQ2_alias1.`col_bit` AS SQ2_ifield1 FROM ( `t8` AS SQ2_alias1 INNER JOIN ( `t2` AS SQ2_alias2 INNER JOIN `view_t8` AS SQ2_alias3 ON (SQ2_alias3.`col_varchar` = SQ2_alias2.`vcol_varchar` OR SQ2_alias1.`col_char` <= ALL ( SELECT 2 UNION SELECT 4 ) ) ) ON (SQ2_alias3.`col_int` = SQ2_alias2.`pk` ) ) WHERE alias1.`col_bit` IN ( SQ2_alias1.`vcol_char` NOT IN ( SELECT 233 UNION SELECT 6 ) ) AND SQ2_alias2.`vcol_varchar` = alias1.`col_varchar` ) ORDER BY ifield1, field1, cfield2 /* QNO 455 CON_ID 16 */
180620  4:44:28	   19 Query	CREATE OR REPLACE VIEW transforms.view_2864_probe AS LOCK TABLE `t3` WRITE /* QNO 526 CON_ID 19 */  /* QNO 527 CON_ID 19 */
		   19 Query	BEGIN /* QNO 528 CON_ID 19 */
		   19 Query	CREATE OR REPLACE VIEW transforms.view_2864_probe AS BEGIN /* QNO 528 CON_ID 19 */  /* QNO 529 CON_ID 19 */
		   20 Query	TRUNCATE TABLE t10 /* QNO 419 CON_ID 20 */
		   19 Query	SELECT SQL_SMALL_RESULT alias1.`col_char` AS cfield1, 100 AS ifield1, 'b' AS cfield2, alias1.`pk` AS field1, 'f' AS cfield3, alias1.`col_year` AS field2 FROM ( `t6` AS alias1, `view_t4` AS alias2, `view_t1` AS alias3 ) WHERE ( EXISTS ( SELECT SQ1_alias1.`vcol_char` AS SQ1_cfield1 FROM ( `view_t7` AS SQ1_alias1 INNER JOIN ( `view_t1` AS SQ1_alias2 INNER JOIN `view_t7` AS SQ1_alias3 ON (SQ1_alias3.`vcol_char` = SQ1_alias2.`vcol_varchar` ) ) ON (SQ1_alias3.`vcol_varchar` = SQ1_alias2.`col_char` ) ) WHERE SQ1_alias1.`vcol_bit` IN ( ( SELECT C_SQ1_alias1.`col_int` AS C_SQ1_ifield1 FROM `t5` AS C_SQ1_alias1 WHERE C_SQ1_alias1.`vcol_bit` <> alias2.`col_bit` ) ) OR SQ1_alias1.`vcol_int` != SQ1_alias3.`pk` ) ) AND alias1.`col_char` = alias1.`vcol_varchar` ORDER BY field1, cfield2, cfield3, cfield1, ifield1, field2 LIMIT 1 /* QNO 530 CON_ID 19 */
		   20 Query	SELECT alias1.`col_char` AS cfield1 FROM ( `t2` AS alias1 LEFT JOIN ( SELECT SQ1_alias1.* FROM ( `view_t3` AS SQ1_alias1 RIGHT JOIN `view_t9` AS SQ1_alias2 ON (SQ1_alias2.`col_int` = SQ1_alias1.`col_bit` OR SQ1_alias2.`col_char` <> SOME ( SELECT C_SQ1_alias1.`col_varchar` AS C_SQ1_cfield1 FROM `t3` AS C_SQ1_alias1 WHERE ( C_SQ1_alias1.`pk` != C_SQ1_alias1.`col_bit` AND C_SQ1_alias1.`vcol_bit` <= 6 ) ) ) ) WHERE ( SQ1_alias2.`col_int` = SQ1_alias2.`col_bit` OR SQ1_alias1.`vcol_bit` != SQ1_alias2.`pk` ) ) AS alias2 ON (( alias2.`vcol_char` != alias1.`vcol_char` ) OR ( ( alias2.`vcol_varchar` = alias1.`vcol_varchar` ) AND ( ( alias2.`vcol_char` <= alias1.`vcol_varchar` ) AND ( ( alias2.`pk` = alias1.`pk` ) AND (alias2.`pk` < alias1.`vcol_bit` ) ) ) ) ) ) WHERE ( alias2.`col_char` <= SOME ( SELECT SQ2_alias1.`vcol_char` AS SQ2_cfield1 FROM `view_t3` AS SQ2_alias1 ) ) OR ( alias1.`vcol_varchar` <> 'k' OR alias1.`vcol_int` NOT BETWEEN 111 AND ( 243 + 194 ) ) OR ( ( alias1.`col_int` = 251 AND ( alias1.`vcol_char` = 'h' OR ( alias1.`vcol_char` = 't' AND alias1.`vcol_varchar` = alias1.`col_char` ) ) ) OR ( alias2.`col_datetime` > alias1.`vcol_year` AND 'r' NOT LIKE 'l' ) AND alias1.`vcol_int` = alias1.`col_int` ) GROUP BY cfield1 HAVING (cfield1 = 6 OR cfield1 <= 'q')  /* QNO 420 CON_ID 20 */
		   19 Query	SELECT CONCAT( alias1.`col_char`, alias1.`col_char` ) AS cfield1, GROUP_CONCAT( alias1.`vcol_datetime` ORDER BY 1 SEPARATOR '___' ) AS cfield2 FROM ( ( SELECT SQ1_alias1.* FROM ( `view_t9` AS SQ1_alias1 RIGHT JOIN `t8` AS SQ1_alias2 ON (SQ1_alias2.`` = SQ1_alias1.`col_varchar` ) ) WHERE SQ1_alias2.`col_varchar` < 'v' ) AS alias1, `t4` AS alias2, ( SELECT SQ2_alias1.* FROM ( `t8` AS SQ2_alias1, `view_t7` AS SQ2_alias2 ) ) AS alias3 ) WHERE ( EXISTS ( SELECT SQ3_alias1.`col_bit` AS SQ3_ifield1 FROM `t6` AS SQ3_alias1 WHERE SQ3_alias1.`col_bit` >= alias3.`col_int` ) ) AND ( alias1.`pk` IN (220) OR alias1.`` != 'h' ) OR ( alias1.`pk` IS NOT NULL AND alias1.`pk` > alias1.`col_enum` ) GROUP BY cfield1 HAVING cfield2 != ( SELECT DISTINCT MAX( DISTINCT SQ4_alias1.`vcol_varchar` ) AS SQ4_cfield1 FROM `view_t7` AS SQ4_alias1 ) ORDER BY cfield2, cfield1  /* QNO 531 CON_ID 19 */
		   19 Query	SELECT * FROM `t1` INTO OUTFILE 'load_t1'  /* QNO 532 CON_ID 19 */
		   17 Query	CREATE OR REPLACE VIEW transforms.view_9164_probe AS  RENAME TABLE t5 TO tmp_rename_9164, tmp_rename_9164 TO t5 /* QNO 345 CON_ID 17 */  /* QNO 346 CON_ID 17 */
		   16 Query	SELECT * FROM `t3` INTO OUTFILE 'load_t3'  /* QNO 456 CON_ID 16 */
		   19 Query	LOAD DATA INFILE 'load_t1' REPLACE INTO TABLE t1 /* QNO 533 CON_ID 19 */
		   17 Query	SELECT `col_char` AS cfield1, `col_dec` AS field1 FROM ( SELECT SQ1_alias1.* FROM ( `t6` AS SQ1_alias1 LEFT OUTER JOIN ( `view_t8` AS SQ1_alias2 INNER JOIN `view_t5` AS SQ1_alias3 ON (SQ1_alias3.`vcol_bit` = SQ1_alias2.`vcol_bit` ) ) ON (SQ1_alias3.`vcol_bit` = SQ1_alias2.`vcol_int` ) ) ) AS alias1 WHERE alias1.`vcol_enum` < alias1.`vcol_date` GROUP BY cfield1, field1 /* QNO 347 CON_ID 17 */
		   15 Query	ALTER TABLE `view_t2` DROP INDEX ind5, DROP COLUMN IF EXISTS scol2, ALGORITHM=INPLACE, LOCK=SHARED, MAX_ROWS 1015676928 /* QNO 506 CON_ID 15 */
		   15 Query	ALTER ONLINE TABLE t7 ADD CONSTRAINT g FOREIGN KEY (tcol10) REFERENCES t4 (icol2)  /* QNO 507 CON_ID 15 */
		   19 Query	ALTER IGNORE TABLE t6 /*!100301 NOWAIT */ AUTO_INCREMENT = 2675703808, ADD CONSTRAINT j CHECK (ncol2 NOT LIKE ncol7) /* QNO 534 CON_ID 19 */
		   17 Query	ALTER IGNORE TABLE t3 /*!100301 NOWAIT */ CHANGE COLUMN tscol4 scol6 BLOB NOT NULL DEFAULT NULL /*!100201 CHECK (ncol5 <= ecol9) */, LOCK=SHARED, FORCE, LOCK=EXCLUSIVE, ADD CONSTRAINT x PRIMARY KEY(ncol7), LOCK=EXCLUSIVE, ADD CONSTRAINT FOREIGN KEY s (tcol10) REFERENCES `t5` (ncol3, `vcol_char`) ON DELETE CASCADE  /* QNO 348 CON_ID 17 */
		   17 Query	INSERT INTO `view_t3` SELECT * FROM `view_t2` /* QNO 349 CON_ID 17 */
		   15 Query	DROP TABLE IF EXISTS tmp_rename_9144  /* QNO 508 CON_ID 15 */
		   19 Query	INSERT INTO `t1` SELECT * FROM `t3` /* QNO 535 CON_ID 19 */
		   18 Query	SELECT GROUP_CONCAT( alias1.`pk`, alias1.`vcol_date` ORDER BY 2,1 ) AS cfield1, alias1.`col_timestamp` AS field1 FROM ( ( SELECT SQ1_alias1.* FROM `t6` AS SQ1_alias1 ) AS alias1, `view_t8` AS alias2, `t9` AS alias3 ) WHERE alias2.`vcol_varchar` > ANY ( SELECT DISTINCT MAX( SQ2_alias1.`vcol_char` ) AS SQ2_cfield1 FROM ( `view_t2` AS SQ2_alias1, `view_t1` AS SQ2_alias2 ) WHERE SQ2_alias2.`vcol_bit` <> SQ2_alias1.`col_bit` ) GROUP BY field1 HAVING ((field1 >= 'k' AND field1 <= 80) AND field1 >= 7) ORDER BY field1 /* QNO 411 CON_ID 18 */
		   19 Query	INSERT INTO `view_t8` SELECT * FROM `view_t1` /* QNO 536 CON_ID 19 */
		   16 Query	LOAD DATA INFILE 'load_t3' IGNORE INTO TABLE t3 /* QNO 457 CON_ID 16 */
		   20 Query	SELECT 'z' AS cfield1, 51 AS ifield1, alias1.`col_bit` AS ifield2, 'b' AS cfield2, alias1.`col_char` AS cfield3 FROM ( `t4` AS alias1 INNER JOIN ( ( ( SELECT SQ1_alias1.* FROM ( `view_t2` AS SQ1_alias1, `t3` AS SQ1_alias2 ) ) AS alias2 RIGHT JOIN `t3` AS alias3 ON (alias3.`vcol_varchar` = alias2.`col_char` ) ) ) ON (alias3.`col_char` <> alias2.`vcol_char` ) ) WHERE ( alias1.`vcol_int` NOT IN ( SELECT 3 UNION SELECT 5 ) ) AND alias1.`pk` > 241 AND alias1.`pk` < ( 192 + 109 ) AND alias1.`col_bit` <= 'aw' GROUP BY cfield1, ifield1, ifield2, cfield2, cfield3  /* QNO 421 CON_ID 20 */
		   18 Query	ALTER IGNORE TABLE t10 DROP COLUMN tscol7, ALGORITHM=DEFAULT  /* QNO 412 CON_ID 18 */
		   15 Query	SHOW WARNINGS
		   17 Query	ALTER ONLINE TABLE t6 /*!100301 WAIT 1 */ DROP PRIMARY KEY, ADD CONSTRAINT k UNIQUE (icol7, icol9, bcol6, icol7), LOCK=NONE /* QNO 350 CON_ID 17 */
		   15 Query	RENAME TABLE t8 TO tmp_rename_9144, tmp_rename_9144 TO t8 /* QNO 509 CON_ID 15 */
		   20 Query	INSERT INTO `t4` SELECT * FROM `view_t9` /* QNO 422 CON_ID 20 */
		   15 Query	INSERT INTO `view_t4` SELECT * FROM `t3` /* QNO 510 CON_ID 15 */
		   18 Query	ROLLBACK /* QNO 413 CON_ID 18 */
		   17 Query	CREATE OR REPLACE TABLE `view_t4` (icol10 TINYINT, `pk` TINYINT ) ROW_FORMAT REDUNDANT  /* QNO 351 CON_ID 17 */
		   18 Query	CREATE OR REPLACE VIEW transforms.view_4452_probe AS ROLLBACK /* QNO 413 CON_ID 18 */  /* QNO 414 CON_ID 18 */
		   17 Query	UNLOCK TABLES /* QNO 352 CON_ID 17 */
		   20 Query	SELECT * FROM `t5` INTO OUTFILE 'load_t5'  /* QNO 423 CON_ID 20 */
		   18 Query	ROLLBACK /* QNO 415 CON_ID 18 */
		   15 Query	INSERT INTO `view_t1` SELECT * FROM `view_t5` /* QNO 511 CON_ID 15 */
		   17 Query	CREATE OR REPLACE VIEW transforms.view_9164_probe AS UNLOCK TABLES /* QNO 352 CON_ID 17 */  /* QNO 353 CON_ID 17 */
		   18 Query	CREATE OR REPLACE VIEW transforms.view_4452_probe AS ROLLBACK /* QNO 415 CON_ID 18 */  /* QNO 416 CON_ID 18 */
		   20 Query	LOAD DATA INFILE 'load_t5' REPLACE INTO TABLE t5 /* QNO 424 CON_ID 20 */
		   19 Query	SELECT DISTINCT alias1.`vcol_char` AS cfield1 FROM ( `view_t5` AS alias1 RIGHT JOIN ( ( `t1` AS alias2 INNER JOIN ( SELECT SQ1_alias1.* FROM `view_t7` AS SQ1_alias1 WHERE SQ1_alias1.`col_char` != SQ1_alias1.`col_char` ) AS alias3 ON (alias3.`vcol_char` = alias2.`col_char` ) ) ) ON (alias3.`vcol_char` > alias2.`vcol_varchar` ) ) WHERE alias1.`col_bit` > 211 AND alias1.`col_bit` < ( 193 + 70 ) GROUP BY cfield1 HAVING (cfield1 >= 8 AND cfield1 <> 'jv')  /* QNO 537 CON_ID 19 */
		   19 Query	LOCK TABLE t10 WRITE /* QNO 538 CON_ID 19 */
		   15 Query	SELECT alias1.`vcol_varchar` AS cfield1 FROM ( `view_t7` AS alias1, `t4` AS alias2, `t2` AS alias3 ) WHERE EXISTS ( ( SELECT 161 FROM DUAL ) ) HAVING (((cfield1 <= 'xk' AND cfield1 = 'c') OR cfield1 < 190) OR cfield1 = 7) ORDER BY cfield1  /* QNO 512 CON_ID 15 */
		   17 Query	INSERT INTO `view_t1` SELECT * FROM `t6` /* QNO 354 CON_ID 17 */
		   20 Query	SELECT SQL_SMALL_RESULT alias1.`pk` AS ifield1, alias1.`col_char` AS cfield1 FROM ( `view_t1` AS alias1, `t8` AS alias2 ) WHERE alias1.`pk` > 33 AND alias1.`pk` < ( 11 + 247 ) HAVING (((ifield1 >= 4 OR ifield1 >= 1) AND ifield1 != 'USA') AND ifield1 < 'z')  /* QNO 425 CON_ID 20 */
		   19 Query	SELECT CONCAT( alias1.`vcol_varchar`, alias1.`col_varchar` ) AS cfield1 FROM ( `t4` AS alias1, ( SELECT SQ1_alias1.* FROM `t5` AS SQ1_alias1 WHERE SQ1_alias1.`vcol_varchar` >= 's' ) AS alias2 ) WHERE ( ( SELECT 'z' FROM DUAL ) IS NULL ) AND ( EXISTS ( ( SELECT 5 FROM DUAL ) ) AND alias1.`vcol_varchar` != 'e' ) GROUP BY cfield1 ORDER BY cfield1 /* QNO 539 CON_ID 19 */
		   19 Query	SELECT * FROM `t8` INTO OUTFILE 'load_t8'  /* QNO 540 CON_ID 19 */
		   19 Query	LOAD DATA INFILE 'load_t8' REPLACE INTO TABLE t8 /* QNO 541 CON_ID 19 */
		   17 Query	SELECT DISTINCT alias1.`vcol_bit` AS ifield1 FROM ( `t3` AS alias1 INNER JOIN `t4` AS alias2 ON (( alias2.`col_bit` <> alias1.`col_int` ) OR ( ( alias2.`pk` = alias1.`vcol_bit` ) AND ( ( alias2.`vcol_char` <> alias1.`col_char` ) AND ( alias2.`col_char` = alias1.`col_char` ) ) ) ) ) WHERE alias1.`pk` = 99 HAVING (ifield1 < 'l' AND ifield1 <= 243) ORDER BY ifield1  /* QNO 355 CON_ID 17 */
		   20 Query	SELECT * FROM `view_t2` INTO OUTFILE 'load_view_t2'  /* QNO 426 CON_ID 20 */
		   17 Query	OPTIMIZE TABLE t5 /* QNO 356 CON_ID 17 */
		   20 Query	LOAD DATA INFILE 'load_view_t2' IGNORE INTO TABLE view_t2 /* QNO 427 CON_ID 20 */
		   18 Query	SELECT alias1.`col_varchar` AS cfield1, GROUP_CONCAT( alias1.`vcol_datetime` ORDER BY 1 SEPARATOR '___' ) AS cfield2 FROM ( ( SELECT SQ1_alias1.* FROM ( `view_t1` AS SQ1_alias1, `view_t5` AS SQ1_alias2 ) ) AS alias1, ( SELECT DISTINCT SQL_SMALL_RESULT SQ2_alias1.* FROM `view_t1` AS SQ2_alias1 ) AS alias2 ) WHERE ( alias1.`vcol_char` = SOME ( SELECT SUM( SQ3_alias1.`col_varchar` ) AS SQ3_cfield1 FROM ( `t8` AS SQ3_alias1 STRAIGHT_JOIN `t4` AS SQ3_alias2 ON (SQ3_alias2.`vcol_char` = SQ3_alias1.`col_char` ) ) WHERE SQ3_alias2.`pk` <= 6 ) ) AND ( alias1.`col_char` < 'n' OR ( alias1.`vcol_bit` BETWEEN 162 AND ( 83 + 120 ) OR ( alias1.`vcol_bit` NOT IN (69) OR ( alias1.`col_bit` BETWEEN 191 AND ( 14 + 204 ) OR ( alias1.`col_char` = 'f' OR alias1.`vcol_bit` IN (34, 159, 124, 97) ) ) ) ) ) GROUP BY cfield1 ORDER BY cfield1, cfield2 /* QNO 417 CON_ID 18 */
		   18 Query	INSERT INTO `view_t1` SELECT * FROM `t7` /* QNO 418 CON_ID 18 */
		   15 Query	SELECT alias1.`col_enum` AS field1, -103 AS ifield1, alias1.`pk` AS ifield2, alias1.`vcol_dec` AS field2 FROM ( ( SELECT SQ1_alias1.* FROM ( `t7` AS SQ1_alias1 INNER JOIN ( `t2` AS SQ1_alias2 INNER JOIN `view_t1` AS SQ1_alias3 ON (SQ1_alias3.`vcol_int` = SQ1_alias2.`col_int` ) ) ON (SQ1_alias3.`col_bit` = SQ1_alias2.`col_bit` ) ) ) AS alias1 INNER JOIN ( ( ( SELECT SQ2_alias1.* FROM ( `view_t9` AS SQ2_alias1, `view_t9` AS SQ2_alias2 ) WHERE ( SQ2_alias2.`vcol_char` >= 'x' OR SQ2_alias1.`col_bit` < 8 ) ) AS alias2 LEFT OUTER JOIN `t9` AS alias3 ON (( alias3.`pk` <> alias2.`pk` ) AND (alias3.`pk` <> alias2.`vcol_bit` ) ) ) ) ON (alias3.`` = alias2.`vcol_char` ) ) WHERE ( alias3.`vcol_bit` IN ( SELECT 8 UNION ALL SELECT 6 ) ) AND alias1.`col_int` = 137 OR ( alias1.`` = alias1.`` OR alias2.`vcol_char` <= alias2.`vcol_char` )  /* QNO 513 CON_ID 15 */
		   18 Query	ALTER TABLE t7 ADD CONSTRAINT c CHECK (icol5 >= 1), MODIFY COLUMN IF EXISTS scol1 VARCHAR(44675) DEFAULT '', ALGORITHM=COPY, LOCK=EXCLUSIVE, ALTER COLUMN vcol1 SET DEFAULT NULL, CHARACTER SET latin1, ALTER COLUMN vcol10 SET DEFAULT NULL /* QNO 419 CON_ID 18 */
		   19 Query	SELECT ( SELECT COUNT( alias1.`vcol_int` ) AS SQ1_ifield1 FROM ( `t2` AS SQ1_alias1 RIGHT OUTER JOIN `t9` AS SQ1_alias2 ON (SQ1_alias2.`col_varchar` = SQ1_alias1.`` ) ) ) AS field1 FROM ( `t2` AS alias1, `view_t8` AS alias2, `view_t9` AS alias3 ) WHERE ( alias1.`pk` IN (40, 136, 255, 207) OR alias1.`col_varchar` IN ('USA', 't', 'r', 'c', 'v', 'q', 'USA') ) GROUP BY field1 HAVING field1 <> 'vg' ORDER BY field1 /* QNO 542 CON_ID 19 */
		   18 Query	INSERT INTO `t7` SELECT * FROM `view_t6` /* QNO 420 CON_ID 18 */
		   15 Query	ALTER TABLE t6 DROP FOREIGN KEY q, ADD PRIMARY KEY(ecol2), ALGORITHM=INPLACE, LOCK=EXCLUSIVE, MODIFY COLUMN IF EXISTS scol8 TEXT NOT NULL /*!100303 INVISIBLE */, ALGORITHM=DEFAULT, DROP CONSTRAINT IF EXISTS h /* QNO 514 CON_ID 15 */
		   20 Query	EXPLAIN EXTENDED SELECT alias1.`vcol_varchar` AS cfield1 FROM ( `t3` AS alias1 INNER JOIN ( ( ( SELECT SQ1_alias1.* FROM ( `view_t9` AS SQ1_alias1 RIGHT OUTER JOIN `view_t8` AS SQ1_alias2 ON (SQ1_alias2.`pk` = SQ1_alias1.`vcol_bit` ) ) WHERE ( SQ1_alias1.`col_char` < SQ1_alias2.`vcol_char` AND EXISTS ( ( SELECT C_SQ1_alias1.`vcol_char` AS C_SQ1_cfield1 FROM `t7` AS C_SQ1_alias1 WHERE ( C_SQ1_alias1.`vcol_varchar` >= C_SQ1_alias1.`col_char` AND C_SQ1_alias1.`vcol_bit` < 9 ) ) ) ) ) AS alias2 INNER JOIN ( SELECT SQ2_alias1.* FROM `view_t1` AS SQ2_alias1 WHERE SQ2_alias1.`vcol_bit` >= 3 ) AS alias3 ON (( alias3.`col_bit` <= alias2.`vcol_bit` ) AND (alias3.`col_bit` < alias2.`vcol_bit` ) ) ) ) ON (( alias3.`col_bit` > alias2.`col_bit` ) AND (alias3.`col_bit` = alias2.`vcol_int` ) ) ) WHERE alias1.`col_varchar` = 'e' GROUP BY cfield1  /* QNO 428 CON_ID 20 */
		   20 Query	ROLLBACK TO SAVEPOINT sp /* QNO 429 CON_ID 20 */
		   16 Query	ALTER TABLE t1 RENAME TO t1, MODIFY COLUMN IF EXISTS scol2 BINARY NOT NULL DEFAULT '', ALGORITHM=COPY, LOCK=SHARED, MODIFY COLUMN geocol3 GEOMETRYCOLLECTION NULL, ALGORITHM=INPLACE, DROP COLUMN IF EXISTS `col_char`, ALGORITHM=COPY  /* QNO 458 CON_ID 16 */
		   16 Query	ALTER TABLE `t7` ADD CONSTRAINT CHECK (scol8 != scol4), MODIFY COLUMN `pk` TINYINT UNSIGNED  /* QNO 459 CON_ID 16 */
		   16 Query	SELECT * FROM `view_t2` INTO OUTFILE 'load_view_t2'  /* QNO 460 CON_ID 16 */
		   15 Query	SELECT alias1.`col_int` AS ifield1, alias1.`` AS cfield1, 'm' AS cfield2 FROM ( `view_t5` AS alias1 INNER JOIN `t1` AS alias2 ON (( alias2.`col_char` = alias1.`vcol_varchar` ) OR ( ( alias2.`vcol_int` > alias1.`col_bit` ) AND ( alias2.`vcol_varchar` = alias1.`col_char` ) ) ) ) WHERE ( ( SELECT COUNT( DISTINCT SQ1_alias1.`pk` ) AS SQ1_ifield1 FROM `t7` AS SQ1_alias1 ) IS NOT NULL ) AND ( alias1.`col_int` IN (228) OR alias1.`pk` IN (222, 81) ) HAVING ifield1 <> 1 ORDER BY cfield1, cfield2, ifield1 /* QNO 515 CON_ID 15 */
		   18 Query	SELECT alias1.`col_char` AS cfield1 FROM ( `t9` AS alias1 RIGHT JOIN ( ( `t3` AS alias2 STRAIGHT_JOIN `t4` AS alias3 ON (( alias3.`col_varchar` <= alias2.`col_char` ) AND ( ( alias3.`pk` > alias2.`pk` ) AND (alias3.`pk` >= alias2.`pk` ) ) ) ) ) ON (( alias3.`pk` <> alias2.`vcol_int` ) AND (alias3.`pk` <= alias2.`vcol_bit` ) ) ) WHERE 'z' NOT IN ( SELECT SQ1_alias1.`col_varchar` AS SQ1_cfield1 FROM ( `view_t6` AS SQ1_alias1, `t4` AS SQ1_alias2 ) ) GROUP BY cfield1 ORDER BY cfield1  /* QNO 421 CON_ID 18 */
		   18 Query	ALTER TABLE `t7` /*!100301 NOWAIT */ ADD FOREIGN KEY t (tscol10) REFERENCES `t8` (tscol3)  /* QNO 422 CON_ID 18 */
		   18 Query	SELECT * FROM `view_t8` INTO OUTFILE 'load_view_t8'  /* QNO 423 CON_ID 18 */
		   18 Query	LOAD DATA INFILE 'load_view_t8' IGNORE INTO TABLE view_t8 /* QNO 424 CON_ID 18 */
		   20 Query	SELECT SQL_SMALL_RESULT 'q' AS cfield1, alias1.`col_varchar` AS cfield2, alias1.`vcol_char` AS cfield3, alias1.`col_year` AS field1 FROM ( `t6` AS alias1 INNER JOIN `view_t6` AS alias2 ON (( alias2.`col_bit` > alias1.`vcol_bit` ) AND ( ( alias2.`col_bit` > alias1.`vcol_int` ) AND (alias2.`col_bit` != alias1.`pk` ) ) ) ) WHERE ( EXISTS ( ( SELECT SQ1_alias1.`col_char` AS SQ1_cfield1 FROM ( `view_t4` AS SQ1_alias1 RIGHT JOIN ( `t4` AS SQ1_alias2 INNER JOIN `view_t2` AS SQ1_alias3 ON (SQ1_alias3.`col_varchar` = SQ1_alias2.`col_varchar` ) ) ON (SQ1_alias3.`col_varchar` = SQ1_alias2.`vcol_varchar` OR ( 'x', 'n' ) NOT IN ( SELECT C_SQ1_alias1.`col_varchar` AS C_SQ1_cfield1, MAX( C_SQ1_alias1.`vcol_char` ) AS C_SQ1_cfield2 FROM `view_t3` AS C_SQ1_alias1 ) ) ) WHERE SQ1_alias2.`col_varchar` > SQ1_alias2.`vcol_char` ) ) ) AND ( alias1.`col_char` LIKE CONCAT( 'x', '%') OR ( alias1.`col_bit` = 105 AND ( alias1.`col_bit` = 193 OR alias1.`vcol_varchar` LIKE CONCAT( 'n', '%') ) ) ) AND ( alias1.`col_bit` = alias2.`col_char` OR alias1.`col_varchar` < alias1.`vcol_varchar` ) HAVING field1 != 'USA' ORDER BY field1, cfield1, cfield2, cfield3 LIMIT 1000 OFFSET 9 /* QNO 430 CON_ID 20 */
		   20 Query	INSERT INTO `t4` SELECT * FROM `t4` /* QNO 431 CON_ID 20 */
		   18 Query	SELECT DISTINCT alias1.`vcol_enum` AS field1, alias1.`vcol_bit` AS ifield1, alias1.`vcol_bit` AS ifield2, alias1.`col_char` AS cfield1, alias1.`vcol_int` AS ifield3 FROM ( `t8` AS alias1 INNER JOIN ( ( `t6` AS alias2 INNER JOIN `t2` AS alias3 ON (( alias3.`pk` <> alias2.`col_bit` ) AND (alias3.`pk` = alias2.`pk` ) ) ) ) ON (( alias3.`col_varchar` = alias2.`vcol_varchar` ) AND ( alias3.`pk` = alias2.`vcol_int` ) ) ) WHERE ( alias1.`vcol_varchar` LIKE CONCAT( 'z', '%') OR alias1.`vcol_int` = alias1.`pk` ) GROUP BY field1, ifield1, ifield2, cfield1, ifield3  /* QNO 425 CON_ID 18 */
		   18 Query	INSERT INTO `view_t8` SELECT * FROM `t5` /* QNO 426 CON_ID 18 */
		   18 Query	SELECT STRAIGHT_JOIN 76 AS ifield1 FROM ( `t2` AS alias1, `t8` AS alias2, `view_t1` AS alias3 ) WHERE ( alias1.`vcol_int` IN ( SELECT SQ1_alias1.`col_bit` AS SQ1_ifield1 FROM ( `t4` AS SQ1_alias1 INNER JOIN `t4` AS SQ1_alias2 ON (SQ1_alias2.`col_bit` = SQ1_alias1.`col_bit` ) ) WHERE alias3.`vcol_int` IN ( SQ1_alias1.`pk` <= ALL ( SELECT C_SQ1_alias1.`pk` AS C_SQ1_ifield1 FROM `view_t1` AS C_SQ1_alias1 WHERE C_SQ1_alias1.`vcol_char` > SQ1_alias1.`vcol_char` ) ) ) ) AND alias1.`col_varchar` != 'z'  /* QNO 427 CON_ID 18 */
		   16 Query	LOAD DATA INFILE 'load_view_t2' IGNORE INTO TABLE view_t2 /* QNO 461 CON_ID 16 */
		   16 Query	SELECT * FROM `t1` INTO OUTFILE 'load_t1'  /* QNO 462 CON_ID 16 */
		   18 Query	ALTER IGNORE TABLE `t1` ADD CONSTRAINT x FOREIGN KEY (ncol3) REFERENCES t4 (ecol10) ON DELETE RESTRICT  /* QNO 428 CON_ID 18 */
		   16 Query	LOAD DATA INFILE 'load_t1' REPLACE INTO TABLE t1 /* QNO 463 CON_ID 16 */
		   18 Query	INSERT INTO t10 ( icol8 ) SELECT icol9 FROM `t2`  /* QNO 429 CON_ID 18 */
		   18 Query	INSERT INTO `t9` SELECT * FROM `view_t2` /* QNO 430 CON_ID 18 */
		   18 Query	ALTER TABLE `t2` /*!100301 WAIT 9 */ DROP CONSTRAINT IF EXISTS a, CHANGE COLUMN IF EXISTS ecol2 vcol10 ENUM('foo','bar') AS ( ecol9 ) VIRTUAL /*!100303 INVISIBLE */, ALGORITHM=INPLACE, LOCK=SHARED /* QNO 431 CON_ID 18 */
		   16 Query	SELECT DISTINCT alias1.`col_char` AS cfield1 FROM ( `view_t5` AS alias1, `view_t6` AS alias2 ) WHERE alias1.`vcol_varchar` LIKE CONCAT( 'd', '%')  /* QNO 464 CON_ID 16 */
		   16 Query	SELECT * FROM `t4` INTO OUTFILE 'load_t4'  /* QNO 465 CON_ID 16 */
		   15 Query	SELECT alias1.`vcol_varchar` AS cfield1, alias1.`vcol_int` AS ifield1, 't' AS cfield2, alias1.`col_dec` AS field1, 'r' AS cfield3 FROM ( `t6` AS alias1, ( SELECT SQ1_alias1.* FROM ( `view_t2` AS SQ1_alias1 LEFT OUTER JOIN `t8` AS SQ1_alias2 ON (SQ1_alias2.`pk` = SQ1_alias1.`col_int` ) ) ) AS alias2, `t4` AS alias3 ) WHERE ( alias1.`col_bit` = 221 AND ( alias1.`pk` = 4 OR ( alias1.`col_char` = alias1.`col_char` AND alias1.`pk` = 102 ) ) ) GROUP BY cfield1, ifield1, cfield2, field1, cfield3 HAVING (((ifield1 >= 5 OR ifield1 = 9) OR ifield1 > 1) OR 'r' = ANY ( SELECT DISTINCT SQ2_alias1.`vcol_varchar` AS SQ2_cfield1 FROM ( `t1` AS SQ2_alias1 RIGHT OUTER JOIN `t8` AS SQ2_alias2 ON (SQ2_alias2.`vcol_varchar` = SQ2_alias1.`` ) ) HAVING SQ2_cfield1 = 4))  /* QNO 516 CON_ID 15 */
		   19 Query	SELECT alias1.`vcol_timestamp` AS field1, GROUP_CONCAT( alias1.`vcol_year` ORDER BY 1 ) AS cfield1, ( SELECT 'e' FROM DUAL ) AS field2 FROM ( ( SELECT SQ2_alias1.* FROM `t1` AS SQ2_alias1 WHERE ( SQ2_alias1.`col_bit` <= 115 OR SQ2_alias1.`col_char` > 'e' ) ) AS alias1 RIGHT OUTER JOIN `t8` AS alias2 ON (alias2.`pk` = alias1.`vcol_bit` ) ) WHERE ( ( alias2.`vcol_bit`, alias1.`col_bit` ) IN ( SELECT SQ3_alias1.`pk` AS SQ3_ifield1, MAX( SQ3_alias1.`vcol_bit` ) AS SQ3_ifield2 FROM `view_t6` AS SQ3_alias1 ) ) AND alias1.`col_char` = 'c' AND ( alias1.`col_bit` = alias1.`col_dec` OR alias1.`col_bit` IS NOT NULL ) GROUP BY field1, field2 ORDER BY cfield1, field1, field2  /* QNO 543 CON_ID 19 */
		   18 Query	SELECT CONCAT( alias1.`vcol_varchar`, alias1.`vcol_char` ) AS cfield1, alias1.`col_time` AS field1 FROM ( `t4` AS alias1, `view_t3` AS alias2 ) WHERE ( alias1.`col_char` = 'f' AND alias1.`col_char` = alias1.`vcol_char` ) AND alias1.`col_dec` IS NULL GROUP BY cfield1, field1 HAVING field1 <= 91 ORDER BY field1 /* QNO 432 CON_ID 18 */
		   19 Query	INSERT INTO `t3` SELECT * FROM `t8` /* QNO 544 CON_ID 19 */
		   20 Query	/* GenTest::Transform::ExecuteAsCTE */  INSERT `t4` WITH cte1 AS ( SELECT * FROM `t4` /* QNO 431 CON_ID 20 */ ) SELECT * FROM cte1  /* TRANSFORM_OUTCOME_UNORDERED_MATCH */ /* QNO 432 CON_ID 20 */
		   16 Query	LOAD DATA INFILE 'load_t4' IGNORE INTO TABLE t4 /* QNO 466 CON_ID 16 */
		   15 Query	ALTER ONLINE TABLE `t8` DROP COLUMN ncol10, ALGORITHM=INPLACE, ADD UNIQUE KEY(scol10(32760)), ALGORITHM=DEFAULT, LOCK=NONE, ADD CONSTRAINT CHECK (ecol10 LIKE ncol3) /* QNO 517 CON_ID 15 */
		   16 Query	ALTER ONLINE TABLE t1 DROP INDEX ind4, DROP COLUMN IF EXISTS ecol10, ALGORITHM=COPY, ADD KEY(tscol6), ALGORITHM=INPLACE, LOCK=NONE /* QNO 467 CON_ID 16 */
		   18 Query	SELECT alias1.`col_varchar` AS field1 FROM ( `t2` AS alias1, `t9` AS alias2 ) WHERE ( alias1.`` > 'u' OR ( alias1.`pk` BETWEEN 43 AND ( 32 + 194 ) OR alias1.`col_int` BETWEEN 148 AND ( 115 + 90 ) ) ) HAVING field1 < 'm'  /* QNO 433 CON_ID 18 */
		   19 Query	SELECT DISTINCT alias1.`pk` AS ifield1 FROM ( ( SELECT SQ1_alias1.* FROM `view_t1` AS SQ1_alias1 ) AS alias1, ( SELECT DISTINCT SQ2_alias1.* FROM `view_t5` AS SQ2_alias1 WHERE SQ2_alias1.`col_bit` != SQ2_alias1.`pk` ) AS alias2 ) WHERE alias1.`col_char` IN ( SELECT 'f' UNION DISTINCT SELECT 'w' ) GROUP BY ifield1 ORDER BY ifield1 /* QNO 545 CON_ID 19 */
		   19 Query	INSERT INTO `t8` SELECT * FROM `view_t8` /* QNO 546 CON_ID 19 */
		   16 Query	SELECT DISTINCT GROUP_CONCAT( alias1.`vcol_datetime`, alias1.`col_dec`, alias1.`pk` ORDER BY 2,1,3 SEPARATOR '___' ) AS cfield1, GROUP_CONCAT( alias1.`col_datetime` ORDER BY 1 SEPARATOR ',' ) AS cfield2, alias1.`col_blob` AS field1 FROM ( `view_t8` AS alias1 INNER JOIN ( ( `t4` AS alias2 STRAIGHT_JOIN `t1` AS alias3 ON (alias3.`col_varchar` = alias2.`vcol_char` ) ) ) ON (( alias3.`pk` != alias2.`col_bit` ) AND (alias3.`pk` = alias2.`col_bit` ) ) ) WHERE alias1.`pk` > 127 AND alias1.`pk` < ( 10 + 246 ) GROUP BY field1 HAVING field1 < 'r' ORDER BY cfield2, field1, cfield1 /* QNO 468 CON_ID 16 */
		   16 Query	INSERT INTO `t8` SELECT * FROM `view_t5` /* QNO 469 CON_ID 16 */
		   16 Query	SELECT * FROM `view_t4` INTO OUTFILE 'load_view_t4'  /* QNO 470 CON_ID 16 */
		   16 Query	LOAD DATA INFILE 'load_view_t4' REPLACE INTO TABLE view_t4 /* QNO 471 CON_ID 16 */
		   16 Query	SELECT * FROM `view_t2` INTO OUTFILE 'load_view_t2'  /* QNO 472 CON_ID 16 */
		   16 Query	LOAD DATA INFILE 'load_view_t2' REPLACE INTO TABLE view_t2 /* QNO 473 CON_ID 16 */
		   16 Query	ALTER IGNORE TABLE t5 /*!100301 WAIT 7 */ RENAME TO t2 /* QNO 474 CON_ID 16 */
		   15 Query	SELECT 'g' AS cfield1, 'j' AS cfield2 FROM ( ( SELECT DISTINCT SQ1_alias1.* FROM ( `t6` AS SQ1_alias1 RIGHT OUTER JOIN ( `view_t8` AS SQ1_alias2 RIGHT OUTER JOIN `t5` AS SQ1_alias3 ON (SQ1_alias3.`col_char` = SQ1_alias2.`col_char` ) ) ON (SQ1_alias3.`col_bit` = SQ1_alias2.`pk` ) ) WHERE SQ1_alias3.`pk` >= SQ1_alias3.`col_bit` ) AS alias1 RIGHT OUTER JOIN ( ( ( SELECT SQ2_alias1.* FROM ( `view_t4` AS SQ2_alias1 RIGHT JOIN `t6` AS SQ2_alias2 ON (SQ2_alias2.`pk` = SQ2_alias1.`vcol_bit` ) ) ) AS alias2 INNER JOIN `t1` AS alias3 ON (( alias3.`pk` = alias2.`vcol_bit` ) AND (alias3.`pk` >= alias2.`col_int` ) ) ) ) ON (( alias3.`pk` = alias2.`pk` ) AND (alias3.`pk` <> alias2.`pk` ) ) ) WHERE ( alias1.`pk` = alias1.`vcol_int` AND ( alias1.`vcol_char` = alias1.`col_char` AND alias1.`vcol_int` = alias1.`pk` ) ) OR ( alias2.`col_char` < ( SELECT DISTINCT SUM( SQ3_alias1.`col_char` ) AS SQ3_cfield1 FROM `view_t8` AS SQ3_alias1 WHERE EXISTS ( ( SELECT C_SQ1_alias1.`vcol_char` AS C_SQ1_cfield1 FROM `t4` AS C_SQ1_alias1 ) ) ) AND alias1.`col_datetime` != 'k' )  /* QNO 518 CON_ID 15 */
		   15 Query	ALTER TABLE `view_t3` /*!100301 WAIT 9 */ ENGINE MyISAM /* QNO 519 CON_ID 15 */
		   19 Query	SELECT alias1.`col_datetime` AS field1, alias1.`vcol_bit` AS ifield1, 43 AS ifield2, alias1.`col_bit` AS ifield3, alias1.`vcol_enum` AS field2, alias1.`col_bit` AS ifield4, alias1.`col_date` AS field3, alias1.`vcol_blob` AS field4, alias1.`col_blob` AS field5 FROM ( ( SELECT SQ1_alias1.* FROM ( `view_t5` AS SQ1_alias1 STRAIGHT_JOIN `view_t6` AS SQ1_alias2 ON (SQ1_alias2.`col_bit` = SQ1_alias1.`vcol_bit` ) ) WHERE EXISTS ( ( SELECT C_SQ1_alias1.`col_varchar` AS C_SQ1_cfield1 FROM `view_t8` AS C_SQ1_alias1 WHERE C_SQ1_alias1.`pk` < C_SQ1_alias1.`vcol_bit` HAVING (C_SQ1_cfield1 != 4 AND C_SQ1_cfield1 != 3)) ) ) AS alias1, `view_t4` AS alias2, `view_t4` AS alias3 ) WHERE ( 9 IN ( SELECT 92 FROM DUAL ) ) OR ( alias1.`col_char` LIKE CONCAT( 'w', '%') AND alias2.`vcol_bit` != alias3.`vcol_date` OR 'k' = 'p' )  /* QNO 547 CON_ID 19 */
		   15 Query	ALTER IGNORE TABLE t2 /*!100301 NOWAIT */ ADD FOREIGN KEY (ecol7) REFERENCES t6 (scol1)  /* QNO 520 CON_ID 15 */
		   19 Query	CREATE OR REPLACE TABLE t9 (icol1 TINYINT, bcol7 BIT NULL, vcol3 YEAR AS ( tcol7 ) VIRTUAL )  /* QNO 548 CON_ID 19 */
		   15 Query	ALTER ONLINE IGNORE TABLE t6 MODIFY COLUMN IF EXISTS vcol7 MEDIUMINT AS ( `col_int` + 6 ) STORED, ALGORITHM=INPLACE, MODIFY COLUMN IF EXISTS geocol4 MULTIPOINT DEFAULT ST_GEOMFROMTEXT('Point(1 1)'), DROP PRIMARY KEY /* QNO 521 CON_ID 15 */
		   15 Query	INSERT INTO t8 () VALUES () /* QNO 522 CON_ID 15 */
		   15 Query	INSERT INTO `t9` SELECT * FROM `t8` /* QNO 523 CON_ID 15 */
		   18 Query	SELECT alias1.`col_int` AS ifield1, GROUP_CONCAT( IF( alias1.`pk`, alias1.`col_int`, alias1.`col_char` ), IF( alias1.`col_dec`, alias1.`vcol_datetime`, alias1.`col_time` ), alias1.`col_year`, alias1.`vcol_time` ORDER BY 3,4,1,2 SEPARATOR '___' ) AS cfield1 FROM ( `t4` AS alias1, ( SELECT SQ1_alias1.* FROM ( `view_t6` AS SQ1_alias1 INNER JOIN ( `t4` AS SQ1_alias2 INNER JOIN `view_t3` AS SQ1_alias3 ON (SQ1_alias3.`pk` = SQ1_alias2.`vcol_int` ) ) ON (SQ1_alias3.`vcol_bit` = SQ1_alias2.`col_bit` AND ( SQ1_alias2.`col_bit`, SQ1_alias2.`pk` ) IN ( SELECT C_SQ1_alias1.`col_bit` AS C_SQ1_ifield1, C_SQ1_alias1.`vcol_int` AS C_SQ1_ifield2 FROM ( `view_t2` AS C_SQ1_alias1 RIGHT JOIN `view_t5` AS C_SQ1_alias2 ON (C_SQ1_alias2.`vcol_char` = C_SQ1_alias1.`col_varchar` ) ) WHERE C_SQ1_alias1.`col_varchar` <= C_SQ1_alias1.`col_varchar` ) ) ) WHERE ( SQ1_alias1.`col_int` > 6 AND SQ1_alias1.`col_char` NOT IN ( SELECT C_SQ2_alias1.`vcol_varchar` AS C_SQ2_cfield1 FROM `t8` AS C_SQ2_alias1 WHERE C_SQ2_alias1.`col_char` <> SQ1_alias1.`col_varchar` OR C_SQ2_alias1.`vcol_int` = C_SQ2_alias1.`vcol_int` ) ) ) AS alias2, ( SELECT SQ2_alias1.* FROM ( `view_t4` AS SQ2_alias1 INNER JOIN `view_t4` AS SQ2_alias2 ON (SQ2_alias2.`col_char` = SQ2_alias1.`col_varchar` ) ) ) AS alias3 ) WHERE NOT EXISTS ( ( SELECT SQ3_alias1.`col_char` AS SQ3_cfield1 FROM ( `view_t7` AS SQ3_alias1 LEFT JOIN ( `t3` AS SQ3_alias2 INNER JOIN `view_t4` AS SQ3_alias3 ON (SQ3_alias3.`col_int` = SQ3_alias2.`vcol_int` AND ( SQ3_alias2.`col_int`, SQ3_alias2.`vcol_int` ) IN ( SELECT C_SQ3_alias1.`col_bit` AS C_SQ3_ifield1, MIN( C_SQ3_alias1.`vcol_int` ) AS C_SQ3_ifield2 FROM `t3` AS C_SQ3_alias1 GROUP BY C_SQ3_ifield1 ) ) ) ON (SQ3_alias3.`col_int` = SQ3_alias2.`col_bit` ) ) WHERE SQ3_alias3.`col_bit` <= SQ3_alias3.`vcol_int` ) ) GROUP BY ifield1 HAVING ifield1 != 'bg' ORDER BY ifield1 /* QNO 434 CON_ID 18 */
		   18 Query	INSERT INTO `t9` SELECT * FROM `t8` /* QNO 435 CON_ID 18 */
		   20 Query	/* GenTest::Transform::ExecuteAsExecuteImmediate */ EXECUTE IMMEDIATE 'INSERT INTO `t4` SELECT * FROM `t4` /* QNO 431 CON_ID 20 */ ' /* TRANSFORM_OUTCOME_UNORDERED_MATCH */ /* QNO 433 CON_ID 20 */
		   20 Prepare	INSERT INTO `t4` SELECT * FROM `t4` /* QNO 431 CON_ID 20 */
		   20 Execute	INSERT INTO `t4` SELECT * FROM `t4` /* QNO 431 CON_ID 20 */
		   20 Query	CREATE OR REPLACE VIEW transforms.view_4672_probe AS INSERT INTO `t4` SELECT * FROM `t4` /* QNO 431 CON_ID 20 */  /* QNO 434 CON_ID 20 */
		   15 Query	INSERT INTO `view_t7` SELECT * FROM `view_t5` /* QNO 524 CON_ID 15 */
		   19 Query	INSERT INTO `view_t3` SELECT * FROM `view_t3` /* QNO 549 CON_ID 19 */
		   18 Query	INSERT INTO `view_t7` SELECT * FROM `view_t2` /* QNO 436 CON_ID 18 */
		   20 Query	/* GenTest::Transform::ExecuteAsSPTwice */ DROP PROCEDURE IF EXISTS stored_proc_4672 /* QNO 435 CON_ID 20 */
		   20 Query	SHOW WARNINGS
		   15 Query	ALTER ONLINE IGNORE TABLE t10 DROP CONSTRAINT IF EXISTS p /* QNO 525 CON_ID 15 */
		   19 Query	ALTER TABLE `view_t2` /*!100301 NOWAIT */ DROP CONSTRAINT v /* QNO 550 CON_ID 19 */
		   20 Query	CREATE PROCEDURE stored_proc_4672 () LANGUAGE SQL INSERT INTO `t4` SELECT * FROM `t4` /* QNO 431 CON_ID 20 */  /* QNO 436 CON_ID 20 */
		   20 Query	CALL stored_proc_4672 /* TRANSFORM_OUTCOME_UNORDERED_MATCH */ /* QNO 437 CON_ID 20 */
		   19 Query	INSERT INTO `t2` SELECT * FROM `t6` /* QNO 551 CON_ID 19 */
		   18 Query	ALTER TABLE t1 REMOVE PARTITIONING /* QNO 437 CON_ID 18 */
		   19 Query	SELECT * FROM `view_t5` INTO OUTFILE 'load_view_t5'  /* QNO 552 CON_ID 19 */
		   18 Query	DROP TABLE IF EXISTS tmp_rename_4452  /* QNO 438 CON_ID 18 */
		   18 Query	SHOW WARNINGS
		   19 Query	LOAD DATA INFILE 'load_view_t5' IGNORE INTO TABLE view_t5 /* QNO 553 CON_ID 19 */
		   18 Query	RENAME TABLE `view_t7` TO tmp_rename_4452, tmp_rename_4452 TO view_t7 /* QNO 439 CON_ID 18 */
		   19 Query	SELECT * FROM `t8` INTO OUTFILE 'load_t8'  /* QNO 554 CON_ID 19 */
		   15 Query	SELECT 79 AS ifield1 FROM ( `t7` AS alias1, `view_t6` AS alias2 ) WHERE ( alias1.`vcol_int` = 241 AND ( alias1.`vcol_int` = 56 AND ( alias1.`vcol_bit` = alias2.`pk` AND alias1.`col_varchar` = 'r' ) ) ) AND alias1.`col_bit` <= alias1.`vcol_enum` HAVING ((ifield1 <= 9 OR ifield1 <= 'j') AND ifield1 IN ( SELECT 3 FROM DUAL ))  /* QNO 526 CON_ID 15 */
		   19 Query	LOAD DATA INFILE 'load_t8' REPLACE INTO TABLE t8 /* QNO 555 CON_ID 19 */
		   19 Query	SELECT * FROM `t2` INTO OUTFILE 'load_t2'  /* QNO 556 CON_ID 19 */
		   15 Query	SELECT * FROM `view_t7` INTO OUTFILE 'load_view_t7'  /* QNO 527 CON_ID 15 */
		   19 Query	LOAD DATA INFILE 'load_t2' REPLACE INTO TABLE t2 /* QNO 557 CON_ID 19 */
		   19 Query	ALTER TABLE `t3` DROP CONSTRAINT m /* QNO 558 CON_ID 19 */
		   19 Query	CREATE OR REPLACE TABLE `t1` (ncol6 DECIMAL NOT NULL /*!100303 INVISIBLE */ ) ROW_FORMAT DYNAMIC  /* QNO 559 CON_ID 19 */
		   20 Query	CALL stored_proc_4672 /* TRANSFORM_OUTCOME_UNORDERED_MATCH */ /* QNO 438 CON_ID 20 */
		   18 Query	CREATE OR REPLACE VIEW transforms.view_4452_probe AS  RENAME TABLE `view_t7` TO tmp_rename_4452, tmp_rename_4452 TO view_t7 /* QNO 439 CON_ID 18 */  /* QNO 440 CON_ID 18 */
		   15 Query	LOAD DATA INFILE 'load_view_t7' REPLACE INTO TABLE view_t7 /* QNO 528 CON_ID 15 */
		   15 Query	INSERT INTO `t9` SELECT * FROM `view_t7` /* QNO 529 CON_ID 15 */
		   18 Query	LOCK TABLE `t2` WRITE /* QNO 441 CON_ID 18 */
		   18 Query	CREATE OR REPLACE VIEW transforms.view_4452_probe AS LOCK TABLE `t2` WRITE /* QNO 441 CON_ID 18 */  /* QNO 442 CON_ID 18 */
		   18 Query	INSERT INTO `t5` SELECT * FROM `view_t9` /* QNO 443 CON_ID 18 */
		   18 Query	SELECT * FROM `view_t1` INTO OUTFILE 'load_view_t1'  /* QNO 444 CON_ID 18 */
		   18 Query	LOAD DATA INFILE 'load_view_t1' IGNORE INTO TABLE view_t1 /* QNO 445 CON_ID 18 */
		   18 Query	SELECT 'c' AS cfield1, alias1.`col_varchar` AS cfield2 FROM ( `view_t8` AS alias1 RIGHT OUTER JOIN ( ( `t8` AS alias2 LEFT JOIN `view_t2` AS alias3 ON (( alias3.`col_bit` <= alias2.`vcol_int` ) AND (alias3.`col_bit` <> alias2.`col_bit` ) ) ) ) ON (alias3.`col_int` = alias2.`vcol_int` ) ) WHERE ( alias1.`col_char` != 'r' OR ( alias1.`col_varchar` NOT IN ('q') OR alias1.`pk` IN (233, 61, 82) ) ) GROUP BY cfield1, cfield2 HAVING cfield2 != 6  /* QNO 446 CON_ID 18 */
		   18 Query	UNLOCK TABLES /* QNO 447 CON_ID 18 */
		   18 Query	CREATE OR REPLACE VIEW transforms.view_4452_probe AS UNLOCK TABLES /* QNO 447 CON_ID 18 */  /* QNO 448 CON_ID 18 */
		   15 Query	SELECT SQL_SMALL_RESULT ( SELECT MIN( SQ1_alias1.`col_bit` ) AS SQ1_ifield1 FROM ( `view_t7` AS SQ1_alias1 INNER JOIN ( `t7` AS SQ1_alias2 LEFT JOIN `view_t9` AS SQ1_alias3 ON (SQ1_alias3.`col_varchar` = SQ1_alias2.`vcol_varchar` AND SQ1_alias3.`vcol_int` IN ( SELECT 6 UNION SELECT 1 ) ) ) ON (SQ1_alias3.`col_varchar` = SQ1_alias2.`vcol_char` ) ) WHERE SQ1_alias3.`pk` IN ( ( SELECT DISTINCT C_SQ2_alias1.`pk` AS C_SQ2_ifield1 FROM `t4` AS C_SQ2_alias1 WHERE C_SQ2_alias1.`vcol_char` <> alias1.`vcol_char` AND C_SQ2_alias1.`vcol_char` > alias1.`col_varchar` ) ) ) AS field1 FROM ( ( SELECT SQ2_alias1.* FROM ( `view_t1` AS SQ2_alias1 INNER JOIN `t5` AS SQ2_alias2 ON (SQ2_alias2.`vcol_bit` = SQ2_alias1.`col_int` ) ) ) AS alias1 LEFT OUTER JOIN `view_t4` AS alias2 ON (( alias2.`vcol_bit` = alias1.`col_bit` ) AND ( alias2.`vcol_bit` <> alias1.`col_int` ) ) ) WHERE alias1.`vcol_char` = alias1.`vcol_varchar` GROUP BY field1 HAVING field1 = 3 ORDER BY field1 LIMIT 2 OFFSET 7 /* QNO 530 CON_ID 15 */
		   15 Query	UNLOCK TABLES /* QNO 531 CON_ID 15 */
		   15 Query	CREATE OR REPLACE VIEW transforms.view_9144_probe AS UNLOCK TABLES /* QNO 531 CON_ID 15 */  /* QNO 532 CON_ID 15 */
		   15 Query	INSERT INTO `t3` SELECT * FROM `t2` /* QNO 533 CON_ID 15 */
		   18 Query	SELECT alias1.`col_bit` AS ifield1 FROM ( `view_t6` AS alias1, `view_t5` AS alias2 ) WHERE alias2.`col_char` IN ( SELECT SQ1_alias1.`vcol_char` AS SQ1_cfield1 FROM ( `t8` AS SQ1_alias1 RIGHT OUTER JOIN `view_t1` AS SQ1_alias2 ON (SQ1_alias2.`col_varchar` = SQ1_alias1.`vcol_char` ) ) WHERE alias1.`vcol_bit` IN ( ( SELECT C_SQ1_alias1.`pk` AS C_SQ1_ifield1 FROM ( `t9` AS C_SQ1_alias1 INNER JOIN `view_t7` AS C_SQ1_alias2 ON (C_SQ1_alias2.`col_char` = C_SQ1_alias1.`col_varchar` ) ) HAVING C_SQ1_ifield1 != 8 ) ) )  /* QNO 449 CON_ID 18 */
		   18 Query	INSERT INTO `view_t6` SELECT * FROM `view_t9` /* QNO 450 CON_ID 18 */
		   15 Query	SELECT GROUP_CONCAT( alias1.`vcol_time`, IF( alias1.`col_bit`, alias1.`vcol_time`, alias1.`vcol_time` ), alias1.`vcol_varchar`, IF( alias1.`vcol_bit`, alias1.`col_date`, alias1.`col_enum` ), alias1.`vcol_int`, alias1.`vcol_timestamp`, IF( alias1.`col_dec`, alias1.`col_bit`, alias1.`vcol_time` ), alias1.`col_int` ORDER BY 4,1,8,3,2,7,6,5 SEPARATOR ',' ) AS cfield1 FROM ( `t1` AS alias1 INNER JOIN `view_t8` AS alias2 ON (( alias2.`vcol_varchar` != alias1.`vcol_char` ) OR ( ( alias2.`vcol_int` = alias1.`vcol_bit` ) OR ( ( alias2.`col_bit` >= alias1.`col_bit` ) AND (alias2.`col_bit` <> alias1.`vcol_int` ) ) ) ) ) WHERE ( alias1.`vcol_varchar` = 't' OR alias1.`col_bit` > 138 AND alias1.`col_bit` < ( 237 + 170 ) ) HAVING (cfield1 >= 124 OR cfield1 >= 'z') ORDER BY cfield1 /* QNO 534 CON_ID 15 */
		   18 Query	SELECT alias1.`vcol_char` AS cfield1, 'p' AS cfield2, alias1.`col_char` AS cfield3, alias1.`vcol_bit` AS ifield1, alias1.`vcol_year` AS field1, alias1.`pk` AS ifield2 FROM ( `t7` AS alias1, `t1` AS alias2 ) WHERE ( ( 'i', 'k' ) IN ( SELECT SQL_SMALL_RESULT SQ1_alias1.`vcol_varchar` AS SQ1_cfield1, SQ1_alias1.`col_char` AS SQ1_cfield2 FROM ( `view_t4` AS SQ1_alias1 RIGHT OUTER JOIN ( `view_t6` AS SQ1_alias2 INNER JOIN `t5` AS SQ1_alias3 ON (SQ1_alias3.`col_char` = SQ1_alias2.`vcol_varchar` ) ) ON (SQ1_alias3.`vcol_varchar` = SQ1_alias2.`vcol_char` ) ) ) ) AND alias1.`col_char` LIKE CONCAT( 'r', '%') OR ( alias1.`vcol_dec` != 'f' AND ( alias1.`vcol_char` LIKE '%a%' OR alias1.`col_varchar` LIKE '%b%') AND alias1.`pk` > alias2.`col_datetime` ) GROUP BY cfield1, cfield2, cfield3, ifield1, field1, ifield2  /* QNO 451 CON_ID 18 */
		   19 Query	CREATE OR REPLACE VIEW transforms.view_2864_probe AS CREATE OR REPLACE TABLE `t1` (ncol6 DECIMAL NOT NULL /*!100303 INVISIBLE */ ) ROW_FORMAT DYNAMIC  /* QNO 559 CON_ID 19 */  /* QNO 560 CON_ID 19 */
		   19 Query	SELECT * FROM `t3` INTO OUTFILE 'load_t3'  /* QNO 561 CON_ID 19 */
		   19 Query	LOAD DATA INFILE 'load_t3' REPLACE INTO TABLE t3 /* QNO 562 CON_ID 19 */
		   18 Query	ALTER IGNORE TABLE `view_t8` ADD IF NOT EXISTS icol10 BIGINT NULL AFTER scol9, LOCK=SHARED, DROP FOREIGN KEY IF EXISTS n /* QNO 452 CON_ID 18 */
		   18 Query	SELECT * FROM `t9` INTO OUTFILE 'load_t9'  /* QNO 453 CON_ID 18 */
		   18 Query	LOAD DATA INFILE 'load_t9' REPLACE INTO TABLE t9 /* QNO 454 CON_ID 18 */
		   18 Query	ALTER TABLE t5 /*!100301 WAIT 8 */ ADD CONSTRAINT FOREIGN KEY (ecol9) REFERENCES `view_t6` (ecol1), DROP CONSTRAINT IF EXISTS z, ADD KEY(`vcol_int`), ALGORITHM=INPLACE  /* QNO 455 CON_ID 18 */
		   15 Query	SELECT MAX( alias1.`col_bit` ) AS field1 FROM ( ( SELECT SQ1_alias1.* FROM `view_t2` AS SQ1_alias1 WHERE ( SQ1_alias1.`vcol_bit` <= 2 AND EXISTS ( ( SELECT C_SQ1_alias1.`vcol_varchar` AS C_SQ1_cfield1 FROM ( `view_t1` AS C_SQ1_alias1 STRAIGHT_JOIN ( ( `view_t7` AS C_SQ1_alias2 STRAIGHT_JOIN `view_t7` AS C_SQ1_alias3 ON (C_SQ1_alias3.`col_char` = C_SQ1_alias2.`vcol_char` ) ) ) ON (C_SQ1_alias3.`col_bit` = C_SQ1_alias2.`vcol_bit` ) ) ) ) ) ) AS alias1 INNER JOIN ( ( ( SELECT SQ2_alias1.* FROM ( `view_t1` AS SQ2_alias1 STRAIGHT_JOIN `t5` AS SQ2_alias2 ON (SQ2_alias2.`vcol_bit` = SQ2_alias1.`col_int` ) ) WHERE SQ2_alias1.`vcol_char` <= SQ2_alias2.`vcol_char` ) AS alias2 STRAIGHT_JOIN `view_t7` AS alias3 ON (( alias3.`col_int` = alias2.`vcol_bit` ) AND ( ( alias3.`col_bit` > alias2.`col_bit` ) AND (alias3.`col_bit` != alias2.`col_bit` ) ) ) ) ) ON (( alias3.`pk` > alias2.`vcol_int` ) OR ( ( alias3.`col_varchar` = alias2.`col_varchar` ) OR ( ( alias3.`vcol_char` = alias2.`col_char` ) AND ( alias3.`vcol_char` = alias2.`vcol_varchar` ) ) ) ) ) WHERE EXISTS ( ( SELECT SQ3_alias1.`col_bit` AS SQ3_ifield1 FROM ( `t2` AS SQ3_alias1 INNER JOIN `view_t5` AS SQ3_alias2 ON (SQ3_alias2.`vcol_int` = SQ3_alias1.`col_bit` AND SQ3_alias1.`col_bit` NOT IN ( SELECT C_SQ2_alias1.`vcol_bit` AS C_SQ2_ifield1 FROM `t4` AS C_SQ2_alias1 WHERE C_SQ2_alias1.`vcol_int` <> C_SQ2_alias1.`col_int` ) ) ) ) )  /* QNO 535 CON_ID 15 */
		   19 Query	SELECT * FROM `t7` INTO OUTFILE 'load_t7'  /* QNO 563 CON_ID 19 */
		   20 Query	DROP PROCEDURE IF EXISTS stored_proc_4672 /* QNO 439 CON_ID 20 */
		   19 Query	LOAD DATA INFILE 'load_t7' IGNORE INTO TABLE t7 /* QNO 564 CON_ID 19 */
		   17 Query	CREATE OR REPLACE VIEW transforms.view_9164_probe AS OPTIMIZE TABLE t5 /* QNO 356 CON_ID 17 */  /* QNO 357 CON_ID 17 */
		   19 Query	SELECT * FROM `view_t1` INTO OUTFILE 'load_view_t1'  /* QNO 565 CON_ID 19 */
		   16 Query	INSERT INTO `t8` SELECT * FROM `t6` /* QNO 475 CON_ID 16 */
		   17 Query	ROLLBACK /* QNO 358 CON_ID 17 */
		   19 Query	LOAD DATA INFILE 'load_view_t1' IGNORE INTO TABLE view_t1 /* QNO 566 CON_ID 19 */
		   17 Query	CREATE OR REPLACE VIEW transforms.view_9164_probe AS ROLLBACK /* QNO 358 CON_ID 17 */  /* QNO 359 CON_ID 17 */
		   18 Query	ALTER TABLE t4 /*!100301 NOWAIT */ ADD FULLTEXT KEY(`col_char`), ALGORITHM=INPLACE, LOCK=EXCLUSIVE /* QNO 456 CON_ID 18 */
		   19 Query	ALTER TABLE t9 CHARACTER SET latin1 /* QNO 567 CON_ID 19 */
		   17 Query	INSERT INTO `t1` SELECT * FROM `t3` /* QNO 360 CON_ID 17 */
		   17 Query	SELECT * FROM `view_t8` INTO OUTFILE 'load_view_t8'  /* QNO 361 CON_ID 17 */
		   17 Query	LOAD DATA INFILE 'load_view_t8' IGNORE INTO TABLE view_t8 /* QNO 362 CON_ID 17 */
		   17 Query	ALTER TABLE t6 ADD CONSTRAINT PRIMARY KEY(scol6(48438)), ALGORITHM=COPY, LOCK=NONE /* QNO 363 CON_ID 17 */
		   18 Query	SELECT SQL_SMALL_RESULT alias1.`col_dec` AS field1, alias1.`vcol_blob` AS field2, alias1.`col_bit` AS ifield1 FROM ( `view_t8` AS alias1, `t2` AS alias2 ) WHERE alias1.`vcol_char` IN ( SELECT 'j' UNION SELECT 'i' ) GROUP BY field1, field2, ifield1 HAVING (((ifield1 > 'p' AND ifield1 < 'r') AND ifield1 > 7) OR ifield1 = 8)  /* QNO 457 CON_ID 18 */
		   16 Query	SELECT SQL_SMALL_RESULT COUNT( alias1.`vcol_datetime` ) AS field1 FROM ( `t9` AS alias1 STRAIGHT_JOIN ( ( ( SELECT SQ1_alias1.* FROM `t3` AS SQ1_alias1 ) AS alias2 RIGHT JOIN `t7` AS alias3 ON (alias3.`col_varchar` <> alias2.`vcol_char` ) ) ) ON (alias3.`col_varchar` = alias2.`vcol_varchar` ) ) WHERE ( ( 7, 95 ) IN ( SELECT SQL_SMALL_RESULT SQ2_alias1.`vcol_int` AS SQ2_ifield1, SQ2_alias1.`col_int` AS SQ2_ifield2 FROM ( `view_t1` AS SQ2_alias1 LEFT JOIN `t1` AS SQ2_alias2 ON (SQ2_alias2.`vcol_char` = SQ2_alias1.`vcol_char` ) ) ) ) AND alias1.`vcol_int` = alias3.`vcol_int`  /* QNO 476 CON_ID 16 */
		   15 Query	SELECT GROUP_CONCAT( alias1.`col_varchar` ORDER BY 1 ) AS cfield1, COUNT( alias1.`vcol_date` ) AS field1, COUNT( alias1.`col_datetime` ) AS field2, alias1.`pk` AS field3, 121 AS ifield1, alias1.`pk` AS ifield2, alias1.`col_char` AS cfield2 FROM ( `view_t5` AS alias1, ( SELECT SQ1_alias1.* FROM ( `view_t6` AS SQ1_alias1 INNER JOIN `view_t4` AS SQ1_alias2 ON (SQ1_alias2.`col_varchar` = SQ1_alias1.`vcol_char` ) ) ) AS alias2, ( SELECT SQ2_alias1.* FROM `t1` AS SQ2_alias1 ) AS alias3 ) WHERE 6 NOT IN ( SELECT 7 FROM DUAL ) GROUP BY field3, ifield1, ifield2, cfield2 HAVING ifield1 = 'x'  /* QNO 536 CON_ID 15 */
		   15 Query	SELECT * FROM `view_t7` INTO OUTFILE 'load_view_t7'  /* QNO 537 CON_ID 15 */
		   15 Query	LOAD DATA INFILE 'load_view_t7' REPLACE INTO TABLE view_t7 /* QNO 538 CON_ID 15 */
		   16 Query	SELECT GROUP_CONCAT( alias1.`col_varchar`, alias1.`vcol_char` ORDER BY 1,2 SEPARATOR ',' ) AS cfield1 FROM ( `t3` AS alias1 INNER JOIN `view_t6` AS alias2 ON (alias2.`col_char` <= alias1.`col_varchar` ) ) WHERE ( SELECT DISTINCT MIN( SQ1_alias1.`vcol_int` ) AS SQ1_ifield1 FROM `view_t1` AS SQ1_alias1 ) IS NULL HAVING cfield1 >= 'bz'  /* QNO 477 CON_ID 16 */
		   15 Query	INSERT INTO `t9` SELECT * FROM `view_t6` /* QNO 539 CON_ID 15 */
		   16 Query	SELECT * FROM `t4` INTO OUTFILE 'load_t4'  /* QNO 478 CON_ID 16 */
		   19 Query	ALTER TABLE t8 /*!100301 NOWAIT */ ALTER COLUMN ncol8 DROP DEFAULT, DROP FOREIGN KEY IF EXISTS m /* QNO 568 CON_ID 19 */
		   17 Query	SELECT STRAIGHT_JOIN alias1.`vcol_bit` AS ifield1, alias1.`col_char` AS cfield1 FROM ( `view_t6` AS alias1, `t8` AS alias2 ) WHERE ( SELECT SUM( SQ1_alias1.`col_char` ) AS SQ1_cfield1 FROM ( `t4` AS SQ1_alias1 INNER JOIN `t4` AS SQ1_alias2 ON (SQ1_alias2.`pk` = SQ1_alias1.`vcol_bit` ) ) ) IS NULL GROUP BY ifield1, cfield1 HAVING ( ifield1 >= ANY ( SELECT SUM( SQ2_alias1.`vcol_int` ) AS SQ2_ifield1 FROM ( `t2` AS SQ2_alias1 INNER JOIN ( `view_t6` AS SQ2_alias2 LEFT OUTER JOIN `view_t1` AS SQ2_alias3 ON (SQ2_alias3.`vcol_char` = SQ2_alias2.`vcol_char` ) ) ON (SQ2_alias3.`col_varchar` = SQ2_alias2.`vcol_char` ) ) ) AND ifield1 >= 'h')  /* QNO 364 CON_ID 17 */
		   16 Query	LOAD DATA INFILE 'load_t4' REPLACE INTO TABLE t4 /* QNO 479 CON_ID 16 */
		   15 Query	SELECT alias1.`pk` AS ifield1, CONCAT( alias1.`col_char`, alias1.`vcol_varchar` ) AS cfield1, alias1.`vcol_date` AS field1, alias1.`col_char` AS field2, ( ( alias1.`vcol_bit` ) * ( alias1.`vcol_int` ) ) AS ifield2, alias1.`vcol_varchar` AS field3, alias1.`vcol_varchar` AS cfield2 FROM ( `t4` AS alias1, ( SELECT SQ1_alias1.* FROM ( `view_t5` AS SQ1_alias1 INNER JOIN `t7` AS SQ1_alias2 ON (SQ1_alias2.`col_bit` = SQ1_alias1.`vcol_int` ) ) ) AS alias2, `t7` AS alias3 ) WHERE ( alias2.`col_varchar` IN ( SELECT 'k' UNION SELECT 'f' ) ) AND alias2.`vcol_dec` >= alias3.`col_blob` GROUP BY ifield1, cfield1, field1, field2, ifield2, field3, cfield2  /* QNO 540 CON_ID 15 */
		   19 Query	EXPLAIN EXTENDED SELECT MIN( `vcol_varchar`) AS field1, `vcol_bit` AS ifield1, `col_int` AS ifield2 FROM `t3` AS alias1 WHERE ( alias1.`pk` <= alias1.`col_timestamp` OR EXISTS ( SELECT SQ1_alias1.`col_bit` AS SQ1_ifield1 FROM ( `view_t6` AS SQ1_alias1 INNER JOIN `t7` AS SQ1_alias2 ON (SQ1_alias2.`col_varchar` = SQ1_alias1.`vcol_char` ) ) WHERE alias1.`vcol_int` IN ( ( SELECT C_SQ1_alias1.`col_int` AS C_SQ1_ifield1 FROM ( `view_t4` AS C_SQ1_alias1 INNER JOIN `view_t6` AS C_SQ1_alias2 ON (C_SQ1_alias2.`pk` = C_SQ1_alias1.`col_int` ) ) GROUP BY C_SQ1_ifield1 ) ) ) ) GROUP BY ifield1, ifield2 /* QNO 569 CON_ID 19 */
		   16 Query	INSERT INTO `view_t3` SELECT * FROM `t9` /* QNO 480 CON_ID 16 */
