		   17 Query	SELECT alias1.`` AS cfield1, 'r' AS cfield2 FROM ( `view_t6` AS alias1, `view_t6` AS alias2, `t9` AS alias3 ) WHERE alias2.`col_varchar` IN ( SELECT SQ1_alias1.`col_varchar` AS SQ1_cfield1 FROM ( `view_t7` AS SQ1_alias1 RIGHT JOIN `view_t2` AS SQ1_alias2 ON (SQ1_alias2.`vcol_int` = SQ1_alias1.`col_bit` ) ) WHERE ( SQ1_alias1.`col_char` <> SQ1_alias1.`vcol_varchar` AND SQ1_alias2.`col_int` >= SQ1_alias2.`vcol_int` ) HAVING (SQ1_cfield1 <> 9 OR SQ1_cfield1 != 8)) GROUP BY cfield1, cfield2  /* QNO 741 CON_ID 17 */
		   17 Query	SELECT * FROM `t2` INTO OUTFILE 'load_t2'  /* QNO 742 CON_ID 17 */
		   17 Query	LOAD DATA INFILE 'load_t2' REPLACE INTO TABLE t2 /* QNO 743 CON_ID 17 */
		   17 Query	SELECT alias1.`col_date` AS field1 FROM ( `view_t1` AS alias1, `t8` AS alias2 ) WHERE ( alias2.`col_int` IN ( SELECT 5 FROM DUAL ) ) AND ( alias1.`pk` != 'v' AND ( alias1.`col_char` LIKE '%a%' OR alias1.`col_char` LIKE '%b%') AND alias1.`vcol_varchar` IS NULL ) GROUP BY field1  /* QNO 744 CON_ID 17 */
180620  4:46:36	   17 Query	ALTER TABLE t2 /*!100301 WAIT 2 */ ADD CONSTRAINT n CHECK (ecol2 != 1) /* QNO 745 CON_ID 17 */
		   17 Query	SELECT * FROM `view_t4` INTO OUTFILE 'load_view_t4'  /* QNO 746 CON_ID 17 */
		   16 Query	CREATE OR REPLACE TABLE `view_t7` (ecol8 SET('foo','bar') NULL DEFAULT 9, tcol4 TIME NOT NULL DEFAULT NULL /*!100303 INVISIBLE */ ) ROW_FORMAT PAGE  /* QNO 1096 CON_ID 16 */
		   16 Query	SELECT alias1.`vcol_time` AS field1, alias1.`vcol_bit` AS ifield1, alias1.`col_year` AS field2 FROM ( ( SELECT DISTINCT SQ1_alias1.* FROM ( `view_t9` AS SQ1_alias1 INNER JOIN `t9` AS SQ1_alias2 ON (SQ1_alias2.`` = SQ1_alias1.`vcol_varchar` ) ) ) AS alias1, ( SELECT SQ2_alias1.* FROM ( `view_t6` AS SQ2_alias1 LEFT OUTER JOIN `view_t1` AS SQ2_alias2 ON (SQ2_alias2.`vcol_varchar` = SQ2_alias1.`col_varchar` ) ) ) AS alias2 ) WHERE ( NOT EXISTS ( ( SELECT 4 FROM DUAL ) ) ) OR ( ( alias1.`col_bit` NOT BETWEEN 180 AND ( 60 + 205 ) OR alias1.`vcol_int` IN (222, 180, 172, 108, 52) ) AND ( alias1.`vcol_varchar` = 92 AND ( alias1.`vcol_char` LIKE '%a%' OR alias1.`vcol_char` LIKE '%b%') OR alias1.`col_bit` IS NULL ) OR alias2.`vcol_enum` >= 'bo' ) HAVING ifield1 < 'or' ORDER BY ifield1, field2 /* QNO 1097 CON_ID 16 */
		   18 Query	SELECT SQL_SMALL_RESULT GROUP_CONCAT( alias1.`vcol_char` ORDER BY 1 SEPARATOR '___' ) AS cfield1, MAX( alias1.`col_year` ) AS field1, GROUP_CONCAT( alias1.`col_timestamp`, alias1.`pk` ORDER BY 1,2 SEPARATOR ',' ) AS cfield2, GROUP_CONCAT( alias1.`vcol_blob` ORDER BY 1 SEPARATOR '___' ) AS cfield3 FROM ( `t7` AS alias1 INNER JOIN ( ( `view_t9` AS alias2 INNER JOIN ( SELECT SQ1_alias1.* FROM `t8` AS SQ1_alias1 WHERE ( SQ1_alias1.`pk`, SQ1_alias1.`vcol_int` ) IN ( SELECT C_SQ1_alias1.`vcol_bit` AS C_SQ1_ifield1, C_SQ1_alias1.`col_int` AS C_SQ1_ifield2 FROM `view_t8` AS C_SQ1_alias1 WHERE C_SQ1_alias1.`vcol_varchar` > C_SQ1_alias1.`vcol_varchar` ) ) AS alias3 ON (( alias3.`col_bit` > alias2.`col_bit` ) AND (alias3.`col_bit` < alias2.`vcol_bit` ) ) ) ) ON (alias3.`vcol_varchar` >= alias2.`col_char` ) ) WHERE ( EXISTS ( ( SELECT SQ2_alias1.`vcol_varchar` AS SQ2_cfield1 FROM ( `view_t9` AS SQ2_alias1 INNER JOIN `view_t5` AS SQ2_alias2 ON (SQ2_alias2.`pk` = SQ2_alias1.`pk` ) ) ) ) ) AND ( alias1.`col_int` IN (169, 217, 162, 113) OR alias1.`vcol_bit` BETWEEN 109 AND ( 47 + 201 ) ) AND alias1.`col_varchar` <> 28 AND ( alias1.`col_varchar` LIKE '%a%' OR alias1.`col_varchar` LIKE '%b%') ORDER BY cfield3, cfield2, field1, cfield1 /* QNO 1459 CON_ID 18 */
		   18 Query	SELECT alias1.`vcol_char` AS cfield1, alias1.`vcol_int` AS field1, alias1.`col_bit` AS ifield1, alias1.`vcol_bit` AS field2, alias1.`vcol_year` AS field3, alias1.`col_bit` AS field4, alias1.`col_int` AS ifield2, 'f' AS cfield2, alias1.`col_varchar` AS field5, alias1.`col_bit` AS ifield3, alias1.`vcol_varchar` AS cfield3, alias1.`vcol_datetime` AS field6 FROM ( `t6` AS alias1 INNER JOIN `t7` AS alias2 ON (alias2.`col_char` = alias1.`vcol_char` ) ) WHERE ( alias2.`vcol_int` != SOME ( SELECT 8 UNION SELECT 4 ) ) OR 28 = -6 GROUP BY cfield1, field1, ifield1, field2, field3, field4, ifield2, cfield2, field5, ifield3, cfield3, field6 HAVING ifield1 <> 't'  /* QNO 1460 CON_ID 18 */
		   18 Query	SELECT * FROM `t8` INTO OUTFILE 'load_t8'  /* QNO 1461 CON_ID 18 */
		   18 Query	LOAD DATA INFILE 'load_t8' REPLACE INTO TABLE t8 /* QNO 1462 CON_ID 18 */
		   18 Query	SELECT * FROM `view_t8` INTO OUTFILE 'load_view_t8'  /* QNO 1463 CON_ID 18 */
		   18 Query	LOAD DATA INFILE 'load_view_t8' REPLACE INTO TABLE view_t8 /* QNO 1464 CON_ID 18 */
		   16 Query	SELECT STRAIGHT_JOIN ( SELECT SUM( alias1.`pk` ) AS SQ1_ifield1 FROM ( `t1` AS SQ1_alias1, `view_t1` AS SQ1_alias2 ) ) AS field1, MAX( alias1.`col_dec` ) AS field2, alias1.`vcol_varchar` AS cfield1, ( SELECT 'k' FROM DUAL ) AS field3, alias1.`col_char` AS field4, 'k' AS cfield2, alias1.`col_bit` AS ifield1, GROUP_CONCAT( IF( alias1.`vcol_year`, alias1.`pk`, alias1.`vcol_varchar` ), IF( alias1.`col_date`, alias1.`col_datetime`, alias1.`col_dec` ), alias1.`vcol_blob`, alias1.`vcol_time` ORDER BY 4,3,1,2 SEPARATOR '___' ) AS cfield3, 'e' AS cfield4, GROUP_CONCAT( alias1.`vcol_blob`, IF( alias1.`vcol_dec`, alias1.`col_char`, alias1.`vcol_blob` ), IF( alias1.`vcol_enum`, alias1.`vcol_time`, alias1.`vcol_date` ), IF( alias1.`pk`, alias1.`col_char`, alias1.`col_timestamp` ), alias1.`col_year` ORDER BY 5,1,2,4,3 SEPARATOR ',' ) AS cfield5, alias1.`vcol_varchar` AS cfield6, 'a' AS cfield7 FROM ( `t9` AS alias1 INNER JOIN ( ( `view_t6` AS alias2 LEFT JOIN `view_t3` AS alias3 ON (( alias3.`col_bit` <> alias2.`vcol_int` ) AND ( ( alias3.`col_bit` <> alias2.`vcol_bit` ) AND (alias3.`col_bit` != alias2.`pk` ) ) ) ) ) ON (( alias3.`col_bit` <> alias2.`col_int` ) AND ( ( alias3.`col_bit` <> alias2.`col_bit` ) AND (alias3.`col_bit` > alias2.`pk` ) ) ) ) WHERE ( NOT EXISTS ( SELECT SQ3_alias1.`pk` AS SQ3_ifield1 FROM ( `t7` AS SQ3_alias1, `view_t3` AS SQ3_alias2 ) WHERE SQ3_alias1.`vcol_varchar` <= alias2.`col_varchar` ) ) AND ( alias1.`pk` = alias1.`col_bit` AND alias1.`col_bit` IS NOT NULL AND alias1.`col_bit` IS NOT NULL ) GROUP BY field1, cfield1, field3, field4, cfield2, ifield1, cfield4, cfield6, cfield7  /* QNO 1098 CON_ID 16 */
		   18 Query	SELECT STRAIGHT_JOIN SQL_SMALL_RESULT alias1.`vcol_date` AS field1 FROM ( `view_t8` AS alias1 RIGHT JOIN `t7` AS alias2 ON (alias2.`col_char` = alias1.`vcol_char` ) ) WHERE ( alias2.`col_varchar` <= ANY ( SELECT SQ1_alias1.`col_varchar` AS SQ1_cfield1 FROM `t8` AS SQ1_alias1 WHERE SQ1_alias1.`vcol_int` IN ( ( SELECT C_SQ1_alias1.`vcol_int` AS C_SQ1_ifield1 FROM `t5` AS C_SQ1_alias1 WHERE C_SQ1_alias1.`vcol_bit` > alias1.`vcol_bit` AND C_SQ1_alias1.`vcol_varchar` > alias1.`vcol_varchar` ) ) ) ) AND alias1.`pk` = 139 OR alias1.`vcol_bit` <= alias2.`col_bit` GROUP BY field1 ORDER BY field1 /* QNO 1465 CON_ID 18 */
		   18 Query	INSERT INTO `t3` ( tscol8 ) SELECT `vcol_char` FROM `view_t4`  /* QNO 1466 CON_ID 18 */
		   18 Query	SELECT * FROM `view_t2` INTO OUTFILE 'load_view_t2'  /* QNO 1467 CON_ID 18 */
		   18 Query	LOAD DATA INFILE 'load_view_t2' IGNORE INTO TABLE view_t2 /* QNO 1468 CON_ID 18 */
		   18 Query	SELECT * FROM `t3` INTO OUTFILE 'load_t3'  /* QNO 1469 CON_ID 18 */
		   18 Query	LOAD DATA INFILE 'load_t3' REPLACE INTO TABLE t3 /* QNO 1470 CON_ID 18 */
		   16 Query	SELECT alias1.`col_bit` AS ifield1, 'z' AS cfield1, alias1.`vcol_varchar` AS cfield2, alias1.`vcol_bit` AS ifield2 FROM ( `view_t5` AS alias1, `t4` AS alias2 ) WHERE ( alias1.`pk` IN ( SELECT MIN( SQ1_alias1.`vcol_bit` ) AS SQ1_ifield1 FROM ( `view_t2` AS SQ1_alias1, `t6` AS SQ1_alias2 ) ) ) AND ( ( alias1.`pk` = alias1.`pk` OR ( alias1.`` = 'e' OR ( alias1.`pk` = 205 AND ( alias1.`` = 'q' OR ( alias1.`` LIKE CONCAT( 'u', '%') AND ( alias1.`pk` = 203 AND ( alias1.`` LIKE CONCAT( 'b', '%') AND ( alias1.`pk` = 149 OR ( alias1.`` = 'e' AND ( alias1.`pk` = 185 OR ( alias1.`` LIKE CONCAT( 'l', '%') AND ( alias1.`pk` = 108 OR ( alias1.`` = 'h' AND alias1.`` LIKE CONCAT( 'e', '%') ) ) ) ) ) ) ) ) ) ) ) ) ) OR ( alias1.`pk` = 80 AND alias2.`col_char` > alias2.`vcol_char` ) OR alias1.`pk` IS NULL ) HAVING (ifield2 = 'e' OR ifield1 < 7)  /* QNO 1099 CON_ID 16 */
		   18 Query	INSERT INTO t9 () VALUES () /* QNO 1471 CON_ID 18 */
		   18 Query	ALTER IGNORE TABLE t6 /*!100301 NOWAIT */ RENAME TO `view_t2`, DROP INDEX ind3, DROP COLUMN IF EXISTS tscol1, ALGORITHM=COPY, LOCK=EXCLUSIVE, MODIFY COLUMN ecol6 SET('foo','bar') DEFAULT 8 /*!100201 CHECK (tscol4 < 134) */ AFTER tscol4, ALGORITHM=INPLACE, LOCK=EXCLUSIVE /* QNO 1472 CON_ID 18 */
		   18 Query	SELECT * FROM `view_t1` INTO OUTFILE 'load_view_t1'  /* QNO 1473 CON_ID 18 */
		   18 Query	LOAD DATA INFILE 'load_view_t1' REPLACE INTO TABLE view_t1 /* QNO 1474 CON_ID 18 */
		   18 Query	INSERT INTO t8 ( ecol6 ) SELECT `col_bit` FROM `view_t2`  /* QNO 1475 CON_ID 18 */
		   18 Query	SELECT DISTINCT MIN( `col_enum`) AS field1, `col_bit` AS ifield1, `pk` AS ifield2, `col_varchar` AS cfield1, `vcol_int` AS ifield3 FROM `t4` AS alias1 WHERE alias1.`col_bit` IS NULL GROUP BY ifield1, ifield2, cfield1, ifield3 /* QNO 1476 CON_ID 18 */
180620  4:46:37	   16 Query	SELECT alias1.`pk` AS ifield1 FROM ( ( SELECT SQ1_alias1.* FROM ( `t3` AS SQ1_alias1 INNER JOIN ( `view_t3` AS SQ1_alias2 INNER JOIN `view_t1` AS SQ1_alias3 ON (SQ1_alias3.`pk` = SQ1_alias2.`pk` ) ) ON (SQ1_alias3.`col_int` = SQ1_alias2.`col_bit` ) ) ) AS alias1 INNER JOIN `view_t9` AS alias2 ON (alias2.`vcol_bit` <> alias1.`vcol_bit` AND alias1.`vcol_varchar` > ( SELECT SQL_SMALL_RESULT SUM( SQ2_alias1.`vcol_varchar` ) AS SQ2_cfield1 FROM ( `t4` AS SQ2_alias1, `t6` AS SQ2_alias2 ) ) ) ) WHERE ( alias1.`col_int` IN ( SELECT SQ3_alias1.`col_bit` AS SQ3_ifield1 FROM ( `t6` AS SQ3_alias1 INNER JOIN `t7` AS SQ3_alias2 ON (SQ3_alias2.`vcol_bit` = SQ3_alias1.`col_bit` ) ) WHERE alias2.`pk` IN ( NOT EXISTS ( SELECT DISTINCT C_SQ1_alias1.`col_char` AS C_SQ1_cfield1 FROM ( `t9` AS C_SQ1_alias1 INNER JOIN `t3` AS C_SQ1_alias2 ON (C_SQ1_alias2.`pk` = C_SQ1_alias1.`col_bit` ) ) WHERE C_SQ1_alias2.`vcol_char` != SQ3_alias1.`vcol_varchar` ) ) OR SQ3_alias2.`col_char` != 'p' ) ) OR ( alias1.`vcol_char` = alias2.`vcol_varchar` OR alias1.`vcol_varchar` = alias2.`vcol_char` ) AND ( alias1.`col_int` > alias1.`col_bit` OR alias1.`vcol_enum` != 4 ) HAVING (ifield1 > 'r' AND ifield1 >= 'cx') ORDER BY ifield1 LIMIT 10 OFFSET 5 /* QNO 1100 CON_ID 16 */
		   16 Query	INSERT INTO `t9` SELECT * FROM `t5` /* QNO 1101 CON_ID 16 */
		   16 Query	SELECT MIN( `col_blob` ) AS field1, MAX( `col_char` ) AS field2, `col_bit` AS ifield1, `vcol_datetime` AS field3, `vcol_char` AS cfield1 FROM `t8` AS alias1 WHERE ( alias1.`pk` < alias1.`col_timestamp` OR alias1.`col_timestamp` != 'u' AND ( alias1.`vcol_char` LIKE '%a%' OR alias1.`vcol_varchar` LIKE '%b%') ) GROUP BY ifield1, field3, cfield1 /* QNO 1102 CON_ID 16 */
		   16 Query	ALTER TABLE t8 /*!100301 WAIT 4 */ DROP COLUMN IF EXISTS ncol5, LOCK=SHARED /* QNO 1103 CON_ID 16 */
		   16 Query	SELECT alias1.`col_datetime` AS field1, alias1.`pk` AS ifield1, alias1.`col_bit` AS ifield2, alias1.`col_year` AS field2, alias1.`pk` AS ifield3, alias1.`pk` AS ifield4, alias1.`col_varchar` AS cfield1 FROM ( `t6` AS alias1, `t9` AS alias2 ) WHERE ( alias1.`col_int` NOT BETWEEN 176 AND ( 14 + 242 ) OR alias1.`col_int` BETWEEN 76 AND ( 10 + 14 ) ) AND ( alias2.`col_varchar` >= alias1.`col_varchar` AND alias2.`vcol_varchar` != 8 ) ORDER BY ifield1, ifield3, ifield4, cfield1, field2 /* QNO 1104 CON_ID 16 */
		   16 Query	FLUSH TABLES /* QNO 1105 CON_ID 16 */
180620  4:46:42	   15 Query	SELECT COUNT( alias1.`vcol_timestamp` ) AS field1, alias1.`pk` AS ifield1 FROM ( `t9` AS alias1 RIGHT JOIN `view_t7` AS alias2 ON (( alias2.`col_varchar` >= alias1.`col_char` ) OR ( alias2.`vcol_varchar` = alias1.`col_char` ) ) ) WHERE NOT EXISTS ( SELECT SQ1_alias1.`pk` AS SQ1_ifield1 FROM ( `view_t7` AS SQ1_alias1 INNER JOIN `view_t7` AS SQ1_alias2 ON (SQ1_alias2.`col_varchar` = SQ1_alias1.`col_char` ) ) WHERE SQ1_alias2.`col_bit` != alias1.`vcol_bit` AND alias1.`vcol_int` IN ( ( SELECT C_SQ1_alias1.`vcol_int` AS C_SQ1_ifield1 FROM `view_t1` AS C_SQ1_alias1 GROUP BY C_SQ1_ifield1 ) ) ) GROUP BY ifield1  /* QNO 925 CON_ID 15 */
		   19 Query	SELECT * FROM `t1` INTO OUTFILE 'load_t1'  /* QNO 1120 CON_ID 19 */
		   19 Query	LOAD DATA INFILE 'load_t1' REPLACE INTO TABLE t1 /* QNO 1121 CON_ID 19 */
		   15 Query	SELECT * FROM `view_t8` INTO OUTFILE 'load_view_t8'  /* QNO 926 CON_ID 15 */
		   19 Query	SELECT * FROM `view_t9` INTO OUTFILE 'load_view_t9'  /* QNO 1122 CON_ID 19 */
		   19 Query	LOAD DATA INFILE 'load_view_t9' REPLACE INTO TABLE view_t9 /* QNO 1123 CON_ID 19 */
		   19 Query	SELECT * FROM `view_t7` INTO OUTFILE 'load_view_t7'  /* QNO 1124 CON_ID 19 */
		   15 Query	LOAD DATA INFILE 'load_view_t8' REPLACE INTO TABLE view_t8 /* QNO 927 CON_ID 15 */
		   15 Query	ALTER ONLINE TABLE t8 /*!100301 NOWAIT */ FORCE, LOCK=DEFAULT, ALGORITHM=INPLACE, DROP COLUMN tcol1, ALGORITHM=COPY, LOCK=DEFAULT /* QNO 928 CON_ID 15 */
		   19 Query	LOAD DATA INFILE 'load_view_t7' REPLACE INTO TABLE view_t7 /* QNO 1125 CON_ID 19 */
		   15 Query	SELECT * FROM `t6` INTO OUTFILE 'load_t6'  /* QNO 929 CON_ID 15 */
		   19 Query	SELECT CONCAT( alias1.`vcol_varchar`, alias1.`col_char` ) AS cfield1, alias1.`vcol_bit` AS field1 FROM ( `t1` AS alias1 INNER JOIN ( ( `view_t4` AS alias2 RIGHT OUTER JOIN `view_t3` AS alias3 ON (( alias3.`vcol_bit` = alias2.`col_int` ) AND ( alias3.`vcol_varchar` < alias2.`col_varchar` ) ) ) ) ON (( alias3.`col_varchar` <> alias2.`col_char` ) AND ( ( alias3.`col_char` <= alias2.`vcol_char` ) OR ( alias3.`vcol_bit` <= alias2.`vcol_bit` ) ) ) ) WHERE ( EXISTS ( ( SELECT 7 FROM DUAL ) ) ) AND alias1.`pk` = 172 AND ( ( ( alias1.`vcol_int` NOT BETWEEN 139 AND ( 246 + 48 ) OR ( alias1.`vcol_int` NOT BETWEEN 100 AND ( 55 + 127 ) OR ( alias1.`vcol_varchar` < 'a' OR alias1.`vcol_char` IN ('q', 'USA', 'USA', 'USA') ) ) ) OR 23 = 5 ) AND alias3.`col_char` <> alias3.`col_char` ) GROUP BY cfield1, field1 HAVING ( cfield1 NOT IN ( SELECT 'x' UNION SELECT 'c' ) AND field1 < 'c')  /* QNO 1126 CON_ID 19 */
		   15 Query	LOAD DATA INFILE 'load_t6' IGNORE INTO TABLE t6 /* QNO 930 CON_ID 15 */
		   15 Query	EXPLAIN EXTENDED SELECT MAX( alias1.`vcol_time` ) AS field1, alias1.`` AS cfield1, CONCAT( alias1.`vcol_varchar`, alias1.`col_char` ) AS cfield2, alias1.`pk` AS ifield1, alias1.`vcol_year` AS field2 FROM ( `view_t9` AS alias1, `view_t4` AS alias2, `view_t7` AS alias3 ) WHERE ( ( SELECT 1 FROM DUAL ) IS NULL ) OR alias1.`col_bit` NOT BETWEEN 198 AND ( 249 + 63 ) AND ( alias1.`col_timestamp` = alias1.`vcol_char` AND alias2.`col_char` <> 'l' ) GROUP BY cfield1, cfield2, ifield1, field2 ORDER BY ifield1, field1, cfield2, cfield1, field2 /* QNO 931 CON_ID 15 */
		   15 Query	SELECT * FROM `view_t2` INTO OUTFILE 'load_view_t2'  /* QNO 932 CON_ID 15 */
		   15 Query	LOAD DATA INFILE 'load_view_t2' REPLACE INTO TABLE view_t2 /* QNO 933 CON_ID 15 */
		   15 Query	ALTER TABLE `t1` RENAME TO t6, DROP COLUMN IF EXISTS `vcol_int`, ALGORITHM=COPY, LOCK=EXCLUSIVE, ALTER COLUMN ncol5 DROP DEFAULT /* QNO 934 CON_ID 15 */
		   15 Query	SELECT * FROM `t3` INTO OUTFILE 'load_t3'  /* QNO 935 CON_ID 15 */
		   15 Query	LOAD DATA INFILE 'load_t3' IGNORE INTO TABLE t3 /* QNO 936 CON_ID 15 */
		   15 Query	SELECT 'm' AS cfield1, alias1.`pk` AS ifield1 FROM ( `t6` AS alias1, ( SELECT SQL_SMALL_RESULT SQ1_alias1.* FROM ( `t9` AS SQ1_alias1 RIGHT JOIN `view_t5` AS SQ1_alias2 ON (SQ1_alias2.`vcol_int` = SQ1_alias1.`vcol_bit` ) ) ) AS alias2, `t3` AS alias3 ) WHERE alias1.`vcol_bit` IN ( SELECT 7 FROM DUAL )  /* QNO 937 CON_ID 15 */
		   15 Query	CREATE TABLE t10 LIKE `t4` /* QNO 938 CON_ID 15 */
180620  4:46:57	   16 Query	CREATE OR REPLACE VIEW transforms.view_3612_probe AS FLUSH TABLES /* QNO 1105 CON_ID 16 */  /* QNO 1106 CON_ID 16 */
		   20 Query	ALTER TABLE t5 DROP FOREIGN KEY IF EXISTS f /* QNO 725 CON_ID 20 */
		   20 Query	OPTIMIZE TABLE t5 /* QNO 726 CON_ID 20 */
		   17 Query	LOAD DATA INFILE 'load_view_t4' REPLACE INTO TABLE view_t4 /* QNO 747 CON_ID 17 */
		   20 Query	CREATE OR REPLACE VIEW transforms.view_4672_probe AS OPTIMIZE TABLE t5 /* QNO 726 CON_ID 20 */  /* QNO 727 CON_ID 20 */
		   20 Query	SELECT * FROM `t5` INTO OUTFILE 'load_t5'  /* QNO 728 CON_ID 20 */
		   20 Query	LOAD DATA INFILE 'load_t5' IGNORE INTO TABLE t5 /* QNO 729 CON_ID 20 */
		   20 Query	INSERT INTO t7 ( `col_char` ) SELECT tcol6 FROM t9 /* QNO 730 CON_ID 20 */
		   16 Query	INSERT INTO `t9` SELECT * FROM `t6` /* QNO 1107 CON_ID 16 */
		   19 Query	EXPLAIN SELECT GROUP_CONCAT( alias1.`col_year`, alias1.`col_timestamp` ORDER BY 1,2 ) AS cfield1, GROUP_CONCAT( alias1.`vcol_char` ORDER BY 1 ) AS cfield2 FROM ( `view_t9` AS alias1, `t1` AS alias2 ) WHERE ( alias1.`vcol_char` = alias1.`vcol_char` OR ( alias1.`pk` = 210 AND ( alias1.`vcol_char` = alias1.`vcol_char` AND ( alias1.`vcol_int` = alias2.`pk` OR ( alias1.`pk` = 20 OR ( alias1.`pk` = 166 OR ( alias1.`col_char` = 'b' AND alias1.`pk` = alias2.`vcol_int` ) ) ) ) ) ) ) ORDER BY cfield2, cfield1 LIMIT 10 /* QNO 1127 CON_ID 19 */
		   15 Query	SELECT DISTINCT 'o' AS cfield1, alias1.`col_char` AS cfield2, alias1.`col_char` AS cfield3, alias1.`vcol_varchar` AS cfield4 FROM ( `view_t6` AS alias1 RIGHT OUTER JOIN `t7` AS alias2 ON (alias2.`col_int` < alias1.`col_bit` ) ) WHERE ( alias1.`col_int`, alias1.`col_int` ) IN ( SELECT SQ1_alias1.`col_bit` AS SQ1_ifield1, MAX( SQ1_alias1.`col_int` ) AS SQ1_ifield2 FROM ( `view_t5` AS SQ1_alias1, `view_t5` AS SQ1_alias2 ) WHERE SQ1_alias1.`col_int` != SQ1_alias2.`pk` ) HAVING (( cfield3 IN ( SELECT DISTINCT SQ2_alias1.`col_varchar` AS SQ2_cfield1 FROM ( `t4` AS SQ2_alias1 RIGHT JOIN `t6` AS SQ2_alias2 ON (SQ2_alias2.`` = SQ2_alias1.`vcol_char` ) ) WHERE ( SQ2_alias1.`col_bit` >= 1 OR SQ2_alias2.`vcol_varchar` < 'z' ) ) OR 'v' = SOME ( SELECT DISTINCT SQ3_alias1.`col_varchar` AS SQ3_cfield1 FROM `t3` AS SQ3_alias1 )) OR cfield1 >= 251)  /* QNO 939 CON_ID 15 */
		   16 Query	SELECT alias1.`vcol_bit` AS ifield1, alias1.`pk` AS ifield2 FROM ( `view_t4` AS alias1, ( SELECT SQ1_alias1.* FROM ( `view_t8` AS SQ1_alias1 INNER JOIN `t6` AS SQ1_alias2 ON (SQ1_alias2.`` = SQ1_alias1.`col_char` ) ) WHERE SQ1_alias1.`col_int` <> 9 ) AS alias2, `t4` AS alias3 ) WHERE ( 112 > 30 AND 'h' NOT LIKE 'e' ) GROUP BY ifield1, ifield2 HAVING 'c' >= ANY ( SELECT SQ2_alias1.`col_char` AS SQ2_cfield1 FROM ( `view_t7` AS SQ2_alias1 RIGHT OUTER JOIN ( `t2` AS SQ2_alias2 STRAIGHT_JOIN `t7` AS SQ2_alias3 ON (SQ2_alias3.`vcol_char` = SQ2_alias2.`vcol_char` ) ) ON (SQ2_alias3.`col_bit` = SQ2_alias2.`pk` ) ) GROUP BY SQ2_cfield1 ) ORDER BY ifield2, ifield1 LIMIT 100 /* QNO 1108 CON_ID 16 */
		   20 Query	SELECT 'q' AS cfield1 FROM ( `t8` AS alias1 LEFT JOIN ( ( `t9` AS alias2 INNER JOIN ( SELECT SQ1_alias1.* FROM ( `view_t2` AS SQ1_alias1 LEFT OUTER JOIN `t9` AS SQ1_alias2 ON (SQ1_alias2.`vcol_varchar` = SQ1_alias1.`` ) ) WHERE SQ1_alias1.`col_bit` <> SQ1_alias1.`vcol_bit` ) AS alias3 ON (( alias3.`pk` <= alias2.`col_int` ) AND (alias3.`pk` = alias2.`pk` ) ) ) ) ON (( alias3.`pk` <> alias2.`col_int` ) AND (alias3.`pk` <> alias2.`vcol_int` ) ) ) WHERE alias1.`` LIKE CONCAT( 's', '%') AND ( alias1.`pk` IS NOT NULL OR ( SELECT SUM( DISTINCT SQ2_alias1.`col_varchar` ) AS SQ2_cfield1 FROM ( `view_t3` AS SQ2_alias1 RIGHT JOIN `t1` AS SQ2_alias2 ON (SQ2_alias2.`pk` = SQ2_alias1.`col_bit` ) ) WHERE ( SQ2_alias2.`col_varchar` > SQ2_alias2.`vcol_char` OR EXISTS ( ( SELECT SQL_SMALL_RESULT C_SQ1_alias1.`pk` AS C_SQ1_ifield1 FROM `t5` AS C_SQ1_alias1 WHERE C_SQ1_alias1.`col_bit` < C_SQ1_alias1.`col_bit` ) ) ) ) IS NULL )  /* QNO 731 CON_ID 20 */
		   16 Query	SELECT * FROM `t5` INTO OUTFILE 'load_t5'  /* QNO 1109 CON_ID 16 */
		   16 Query	LOAD DATA INFILE 'load_t5' IGNORE INTO TABLE t5 /* QNO 1110 CON_ID 16 */
		   16 Query	SELECT -80 AS ifield1, alias1.`vcol_varchar` AS cfield1, alias1.`vcol_bit` AS ifield2, alias1.`col_char` AS cfield2, alias1.`col_char` AS cfield3, alias1.`vcol_varchar` AS cfield4 FROM ( `t7` AS alias1, `t3` AS alias2 ) WHERE 6 IN ( SELECT 5 FROM DUAL ) HAVING ifield2 != 'x'  /* QNO 1111 CON_ID 16 */
		   19 Query	SELECT MIN( `col_year`) AS field1, `pk` AS field2, `col_int` AS ifield1 FROM `t1` AS alias1 WHERE ( ( alias1.`col_int` BETWEEN 101 AND ( 59 + 87 ) OR alias1.`col_int` > 135 AND alias1.`col_int` < ( 49 + 148 ) ) OR ( alias1.`pk` > alias1.`vcol_date` AND alias1.`col_year` < 75 AND ( alias1.`vcol_char` LIKE '%a%' OR alias1.`col_char` LIKE '%b%') ) AND EXISTS ( ( SELECT SQ1_alias1.`col_char` AS SQ1_cfield1 FROM ( `view_t7` AS SQ1_alias1, `view_t1` AS SQ1_alias2 ) WHERE SQ1_alias1.`pk` < SQ1_alias2.`col_bit` ) ) ) GROUP BY field2, ifield1 /* QNO 1128 CON_ID 19 */
		   15 Query	ALTER ONLINE TABLE t3 /*!100301 WAIT 132 */ DROP PRIMARY KEY /* QNO 940 CON_ID 15 */
		   17 Query	SELECT STRAIGHT_JOIN alias1.`pk` AS ifield1, alias1.`vcol_varchar` AS cfield1 FROM ( `t4` AS alias1 INNER JOIN ( ( `t2` AS alias2 LEFT OUTER JOIN `view_t9` AS alias3 ON (( alias3.`col_char` = alias2.`vcol_char` ) OR ( ( alias3.`col_char` < alias2.`vcol_varchar` ) OR ( ( alias3.`vcol_int` = alias2.`vcol_bit` ) OR ( ( alias3.`pk` = alias2.`col_int` ) OR ( alias3.`vcol_int` >= alias2.`pk` ) ) ) ) ) ) ) ON (alias3.`col_varchar` = alias2.`col_varchar` ) ) WHERE ( alias1.`col_varchar` NOT IN ( SELECT SQ1_alias1.`col_char` AS SQ1_cfield1 FROM ( `t2` AS SQ1_alias1, `t4` AS SQ1_alias2 ) WHERE SQ1_alias1.`pk` IN ( ( SELECT C_SQ1_alias1.`col_bit` AS C_SQ1_ifield1 FROM `t4` AS C_SQ1_alias1 WHERE C_SQ1_alias1.`col_varchar` = alias1.`vcol_char` ) ) OR SQ1_alias2.`col_int` <> SQ1_alias2.`col_int` ) ) OR ( alias1.`col_bit` = alias2.`pk` AND ( alias1.`col_char` = 't' AND ( alias1.`col_char` = 't' AND ( alias1.`pk` = 97 AND alias1.`pk` = 158 ) ) ) ) GROUP BY ifield1, cfield1 HAVING ((ifield1 > 'of' OR ifield1 > 'USA') OR ifield1 >= 'u') ORDER BY ifield1, cfield1  /* QNO 748 CON_ID 17 */
		   15 Query	SELECT * FROM `t4` INTO OUTFILE 'load_t4'  /* QNO 941 CON_ID 15 */
		   17 Query	ALTER ONLINE IGNORE TABLE t1 /*!100301 NOWAIT */ ADD CONSTRAINT CHECK (scol2 >= ncol10) /* QNO 749 CON_ID 17 */
		   15 Query	LOAD DATA INFILE 'load_t4' REPLACE INTO TABLE t4 /* QNO 942 CON_ID 15 */
		   16 Query	SELECT alias1.`col_bit` AS ifield1 FROM ( `view_t1` AS alias1, `view_t9` AS alias2, `t1` AS alias3 ) WHERE ( NOT EXISTS ( SELECT DISTINCT SQL_SMALL_RESULT SQ1_alias1.`vcol_bit` AS SQ1_ifield1 FROM ( `t6` AS SQ1_alias1, `t4` AS SQ1_alias2 ) WHERE alias2.`vcol_bit` IN ( SQ1_alias1.`vcol_char` NOT IN ( SELECT 1 UNION SELECT 5 ) ) OR SQ1_alias1.`vcol_varchar` <> 'k' ) ) AND ( alias1.`vcol_bit` = alias3.`vcol_bit` AND alias1.`col_char` = alias1.`col_char` ) ORDER BY ifield1  /* QNO 1112 CON_ID 16 */
		   19 Query	SELECT alias1.`col_blob` AS field1, ( ( alias1.`pk` ) + ( alias1.`col_int` ) ) AS ifield1 FROM ( `t3` AS alias1, `t7` AS alias2, ( SELECT SQL_SMALL_RESULT SQ1_alias1.* FROM `view_t7` AS SQ1_alias1 ) AS alias3 ) WHERE ( 2, 7 ) IN ( SELECT SQ2_alias1.`col_int` AS SQ2_ifield1, SQ2_alias1.`col_bit` AS SQ2_ifield2 FROM ( `t8` AS SQ2_alias1 STRAIGHT_JOIN `view_t5` AS SQ2_alias2 ON (SQ2_alias2.`vcol_int` = SQ2_alias1.`vcol_bit` ) ) ) GROUP BY field1, ifield1 ORDER BY field1, ifield1 LIMIT 2 OFFSET 5 /* QNO 1129 CON_ID 19 */
		   15 Query	INSERT INTO `view_t1` SELECT * FROM `view_t9` /* QNO 943 CON_ID 15 */
		   17 Query	SELECT alias1.`col_char` AS cfield1, alias1.`pk` AS ifield1, alias1.`col_bit` AS ifield2, alias1.`vcol_bit` AS field1, alias1.`col_char` AS cfield2, alias1.`pk` AS field2 FROM ( `t4` AS alias1, `t6` AS alias2 ) WHERE ( alias2.`vcol_int` = ( SELECT MIN( SQ1_alias1.`vcol_int` ) AS SQ1_ifield1 FROM ( `t8` AS SQ1_alias1 INNER JOIN `t6` AS SQ1_alias2 ON (SQ1_alias2.`` = SQ1_alias1.`vcol_char` ) ) ) ) OR alias1.`` IN ('USA', 'y') GROUP BY cfield1, ifield1, ifield2, field1, cfield2, field2 ORDER BY field2, ifield1, cfield2, field1, cfield1, ifield2  /* QNO 750 CON_ID 17 */
		   16 Query	SELECT 'd' AS cfield1, alias1.`vcol_bit` AS ifield1 FROM ( `t2` AS alias1 RIGHT OUTER JOIN `t9` AS alias2 ON (( alias2.`vcol_bit` = alias1.`col_int` ) OR ( alias2.`col_int` != alias1.`vcol_bit` ) ) ) WHERE ( 8 NOT IN ( SELECT 9 FROM DUAL ) ) AND alias1.`` <> 'q' GROUP BY cfield1, ifield1 HAVING ifield1 > 'k' ORDER BY ifield1, cfield1 /* QNO 1113 CON_ID 16 */
		   19 Query	SELECT CONCAT( alias1.`vcol_char`, alias1.`vcol_varchar` ) AS cfield1 FROM ( `view_t1` AS alias1 LEFT JOIN `t8` AS alias2 ON (( alias2.`` = alias1.`vcol_varchar` ) OR ( alias2.`pk` = alias1.`col_int` ) ) ) WHERE alias1.`` >= 't' AND ( alias1.`pk` NOT BETWEEN 40 AND ( 84 + 14 ) AND alias1.`col_timestamp` IS NULL ) GROUP BY cfield1 HAVING ( cfield1, cfield1 ) IN ( SELECT SQ1_alias1.`vcol_int` AS SQ1_ifield1, MIN( SQ1_alias1.`pk` ) AS SQ1_ifield2 FROM `t4` AS SQ1_alias1 GROUP BY SQ1_ifield1 )  /* QNO 1130 CON_ID 19 */
		   20 Query	SELECT alias1.`pk` AS ifield1, alias1.`vcol_varchar` AS cfield1, 'w' AS cfield2 FROM ( `view_t8` AS alias1 RIGHT OUTER JOIN ( SELECT SQ1_alias1.* FROM `view_t8` AS SQ1_alias1 ) AS alias2 ON (( alias2.`vcol_int` = alias1.`pk` AND ( 'v', 'u' ) NOT IN ( SELECT SQL_SMALL_RESULT SQ2_alias1.`vcol_varchar` AS SQ2_cfield1, SQ2_alias1.`vcol_varchar` AS SQ2_cfield2 FROM ( `view_t3` AS SQ2_alias1 RIGHT JOIN ( `view_t2` AS SQ2_alias2 LEFT OUTER JOIN `view_t8` AS SQ2_alias3 ON (SQ2_alias3.`col_char` = SQ2_alias2.`col_char` ) ) ON (SQ2_alias3.`col_bit` = SQ2_alias2.`vcol_bit` ) ) GROUP BY SQ2_cfield1, SQ2_cfield2 ) ) OR ( alias2.`col_bit` = alias1.`vcol_bit` ) ) ) WHERE ( alias1.`vcol_char` LIKE CONCAT( 'a', '%') AND ( alias1.`vcol_int` = 243 AND ( alias1.`vcol_int` = 196 OR ( alias1.`vcol_varchar` LIKE CONCAT( 'u', '%') OR alias1.`vcol_char` LIKE CONCAT( 'i', '%') ) ) ) ) ORDER BY cfield1, ifield1, cfield2  /* QNO 732 CON_ID 20 */
		   16 Query	SELECT alias1.`pk` AS ifield1, alias1.`` AS cfield1, alias1.`col_int` AS ifield2, 'y' AS cfield2, 'w' AS cfield3, alias1.`col_time` AS field1, alias1.`pk` AS ifield3, alias1.`vcol_date` AS field2, alias1.`vcol_time` AS field3, alias1.`vcol_bit` AS ifield4, 'k' AS cfield4 FROM ( `t2` AS alias1 INNER JOIN `t4` AS alias2 ON (( alias2.`pk` >= alias1.`col_bit` ) AND (alias2.`pk` != alias1.`col_bit` ) ) ) WHERE ( NOT EXISTS ( ( SELECT SQ1_alias1.`col_char` AS SQ1_cfield1 FROM ( `t6` AS SQ1_alias1 LEFT JOIN `t8` AS SQ1_alias2 ON (SQ1_alias2.`` = SQ1_alias1.`col_varchar` ) ) ) ) ) AND ( alias1.`` <= 'w' OR ( alias1.`pk` IN (139) OR ( alias1.`` > 'o' OR alias1.`pk` > 57 AND alias1.`pk` < ( 151 + 154 ) ) ) ) AND ( alias1.`col_char` >= alias1.`vcol_char` AND alias2.`col_varchar` = 'p' ) GROUP BY ifield1, cfield1, ifield2, cfield2, cfield3, field1, ifield3, field2, field3, ifield4, cfield4 HAVING ifield3 IN ( SELECT 2 UNION SELECT 2 ) ORDER BY field3 /* QNO 1114 CON_ID 16 */
		   16 Query	INSERT INTO `view_t8` SELECT * FROM `view_t1` /* QNO 1115 CON_ID 16 */
		   19 Query	SELECT alias1.`col_varchar` AS cfield1, alias1.`col_char` AS cfield2 FROM ( `t9` AS alias1, `view_t3` AS alias2, `view_t1` AS alias3 ) WHERE ( alias1.`col_varchar` NOT IN ('USA', 'm', 'u') OR alias1.`vcol_int` BETWEEN 101 AND ( 20 + 93 ) ) HAVING ((cfield1 <= 'USA' AND cfield1 < 8) OR cfield1 >= 8)  /* QNO 1131 CON_ID 19 */
		   15 Query	SELECT alias1.`pk` AS field1, 'v' AS cfield1, 'v' AS cfield2, -93 AS ifield1, alias1.`vcol_int` AS field2 FROM ( ( SELECT SQ1_alias1.* FROM `view_t6` AS SQ1_alias1 ) AS alias1 LEFT OUTER JOIN ( ( ( SELECT SQ2_alias1.* FROM ( `t8` AS SQ2_alias1 RIGHT JOIN ( `view_t4` AS SQ2_alias2 STRAIGHT_JOIN `t5` AS SQ2_alias3 ON (SQ2_alias3.`vcol_varchar` = SQ2_alias2.`col_char` ) ) ON (SQ2_alias3.`vcol_bit` = SQ2_alias2.`vcol_bit` ) ) WHERE ( SQ2_alias3.`pk` >= 6 AND SQ2_alias3.`vcol_char` < SQ2_alias2.`col_varchar` ) ) AS alias2 RIGHT OUTER JOIN `t3` AS alias3 ON (( alias3.`pk` <= alias2.`pk` ) AND (alias3.`pk` > alias2.`pk` ) ) ) ) ON (( alias3.`pk` > alias2.`col_bit` ) AND (alias3.`pk` = alias2.`vcol_bit` ) ) ) WHERE ( alias1.`pk` = alias1.`pk` AND alias1.`pk` = 237 ) OR ( alias1.`pk` IS NULL AND alias1.`vcol_char` < alias1.`vcol_varchar` ) GROUP BY field1, cfield1, cfield2, ifield1, field2 HAVING ifield1 <> 32 ORDER BY ifield1, field2, cfield2, cfield1 /* QNO 944 CON_ID 15 */
		   17 Query	SELECT DISTINCT alias1.`pk` AS ifield1, ( SELECT MIN( alias1.`vcol_int` ) AS SQ1_ifield1 FROM `t9` AS SQ1_alias1 ) AS field1, alias1.`` AS cfield1 FROM ( `t8` AS alias1 LEFT JOIN ( ( `view_t2` AS alias2 STRAIGHT_JOIN `view_t3` AS alias3 ON (( alias3.`vcol_varchar` = alias2.`col_varchar` ) OR ( ( alias3.`col_bit` <= alias2.`vcol_int` ) AND (alias3.`col_bit` > alias2.`vcol_int` ) ) ) ) ) ON (alias3.`vcol_char` = alias2.`vcol_char` ) ) WHERE alias1.`vcol_varchar` IN ('s') AND alias1.`col_bit` = alias1.`col_bit` GROUP BY ifield1, field1, cfield1 HAVING ifield1 >= 'USA' ORDER BY cfield1, field1, ifield1 LIMIT 1000 /* QNO 751 CON_ID 17 */
		   17 Query	INSERT INTO `view_t6` SELECT * FROM `t3` /* QNO 752 CON_ID 17 */
		   19 Query	SELECT * FROM `view_t1` INTO OUTFILE 'load_view_t1'  /* QNO 1132 CON_ID 19 */
		   20 Query	ROLLBACK /* QNO 733 CON_ID 20 */
		   20 Query	CREATE OR REPLACE VIEW transforms.view_4672_probe AS ROLLBACK /* QNO 733 CON_ID 20 */  /* QNO 734 CON_ID 20 */
		   17 Query	ALTER ONLINE TABLE t7 FORCE, ALGORITHM=DEFAULT, FORCE, LOCK=DEFAULT, ALGORITHM=COPY, DROP COLUMN IF EXISTS icol6, ALGORITHM=DEFAULT, LOCK=NONE /* QNO 753 CON_ID 17 */
		   20 Query	OPTIMIZE TABLE `t6`  /* QNO 735 CON_ID 20 */
		   19 Query	LOAD DATA INFILE 'load_view_t1' REPLACE INTO TABLE view_t1 /* QNO 1133 CON_ID 19 */
		   15 Query	SELECT * FROM `t5` INTO OUTFILE 'load_t5'  /* QNO 945 CON_ID 15 */
		   15 Query	LOAD DATA INFILE 'load_t5' IGNORE INTO TABLE t5 /* QNO 946 CON_ID 15 */
		   15 Query	ROLLBACK /* QNO 947 CON_ID 15 */
		   15 Query	CREATE OR REPLACE VIEW transforms.view_9144_probe AS ROLLBACK /* QNO 947 CON_ID 15 */  /* QNO 948 CON_ID 15 */
		   18 Query	SELECT SQL_SMALL_RESULT alias1.`vcol_int` AS ifield1 FROM ( `view_t7` AS alias1 RIGHT JOIN `view_t1` AS alias2 ON (( alias2.`col_bit` != alias1.`vcol_int` ) AND (alias2.`col_bit` > alias1.`col_bit` ) ) ) WHERE 'c' NOT IN ( SELECT SQ1_alias1.`vcol_char` AS SQ1_cfield1 FROM ( `view_t5` AS SQ1_alias1 INNER JOIN `view_t9` AS SQ1_alias2 ON (SQ1_alias2.`vcol_int` = SQ1_alias1.`vcol_int` ) ) HAVING SQ1_cfield1 < 3) GROUP BY ifield1 HAVING ifield1 <= 'p'  /* QNO 1477 CON_ID 18 */
		   20 Query	CREATE OR REPLACE VIEW transforms.view_4672_probe AS OPTIMIZE TABLE `t6`  /* QNO 735 CON_ID 20 */  /* QNO 736 CON_ID 20 */
		   19 Query	ALTER TABLE `t2` ADD CONSTRAINT FOREIGN KEY w (`col_varchar`) REFERENCES `t3` (ncol1) ON UPDATE SET NULL, DROP PRIMARY KEY, DROP COLUMN `pk`, LOCK=DEFAULT, ALTER COLUMN `vcol_enum` SET DEFAULT NULL, ADD FULLTEXT KEY(scol7), ALGORITHM=DEFAULT  /* QNO 1134 CON_ID 19 */
		   15 Query	ALTER TABLE `t8` ADD SPATIAL INDEX(geocol7), ALGORITHM=DEFAULT, LOCK=DEFAULT /* QNO 949 CON_ID 15 */
		   19 Query	INSERT INTO `view_t4` SELECT * FROM `t3` /* QNO 1135 CON_ID 19 */
		   15 Query	BEGIN /* QNO 950 CON_ID 15 */
		   15 Query	CREATE OR REPLACE VIEW transforms.view_9144_probe AS BEGIN /* QNO 950 CON_ID 15 */  /* QNO 951 CON_ID 15 */
		   16 Query	SELECT DISTINCT alias1.`pk` AS ifield1, alias1.`col_int` AS ifield2 FROM ( `view_t9` AS alias1 INNER JOIN ( ( `t4` AS alias2 INNER JOIN `view_t1` AS alias3 ON (( alias3.`col_bit` != alias2.`col_int` ) AND (alias3.`col_bit` >= alias2.`vcol_int` ) ) ) ) ON (alias3.`col_varchar` = alias2.`col_char` ) ) WHERE ( alias1.`col_char` LIKE CONCAT( 'x', '%') AND alias1.`vcol_int` = alias2.`pk` ) AND ( ( alias1.`col_bit` > 66 AND alias1.`col_bit` < ( 50 + 48 ) OR alias1.`pk` BETWEEN 20 AND ( 123 + 234 ) ) AND alias3.`col_int` NOT IN ( SELECT 5 FROM DUAL ) ) ORDER BY ifield2, ifield1 LIMIT 10 OFFSET 6 /* QNO 1116 CON_ID 16 */
		   19 Query	SELECT * FROM `t1` INTO OUTFILE 'load_t1'  /* QNO 1136 CON_ID 19 */
		   16 Query	FLUSH TABLES /* QNO 1117 CON_ID 16 */
		   19 Query	LOAD DATA INFILE 'load_t1' IGNORE INTO TABLE t1 /* QNO 1137 CON_ID 19 */
		   20 Query	SELECT alias1.`col_char` AS cfield1, alias1.`col_datetime` AS field1, alias1.`col_year` AS field2, alias1.`col_varchar` AS field3, alias1.`vcol_char` AS cfield2 FROM ( `t6` AS alias1, `t4` AS alias2, `view_t2` AS alias3 ) WHERE EXISTS ( ( SELECT 1 FROM DUAL ) ) ORDER BY field1, cfield2 /* QNO 737 CON_ID 20 */
		   15 Query	ALTER TABLE `view_t3` /*!100301 NOWAIT */ ADD KEY(ecol6, bcol1), ALGORITHM=COPY, ADD FULLTEXT KEY(scol8), ALGORITHM=INPLACE, CHANGE COLUMN IF EXISTS icol5 ecol5 SET('foo','bar') /*!100303 INVISIBLE */, LOCK=NONE /* QNO 952 CON_ID 15 */
		   15 Query	ALTER TABLE t8 ADD CONSTRAINT r CHECK (vcol3 < 7), ADD CONSTRAINT CHECK (scol5 = scol10) /* QNO 953 CON_ID 15 */
		   20 Query	SELECT STRAIGHT_JOIN alias1.`col_varchar` AS field1, alias1.`col_bit` AS field2, alias1.`col_int` AS ifield1 FROM ( `t3` AS alias1, `view_t5` AS alias2 ) WHERE alias2.`col_bit` IN ( SELECT SQ1_alias1.`col_bit` AS SQ1_ifield1 FROM ( `view_t9` AS SQ1_alias1 INNER JOIN `view_t4` AS SQ1_alias2 ON (SQ1_alias2.`vcol_char` = SQ1_alias1.`vcol_varchar` ) ) WHERE SQ1_alias1.`vcol_varchar` > alias1.`vcol_char` OR SQ1_alias2.`vcol_bit` >= SQ1_alias1.`vcol_bit` )  /* QNO 738 CON_ID 20 */
		   15 Query	ALTER ONLINE TABLE t8 /*!100301 WAIT 3 */ CHANGE COLUMN tcol5 tscol5 TIMESTAMP NOT NULL DEFAULT CURRENT_TIMESTAMP, LOCK=EXCLUSIVE, DROP COLUMN IF EXISTS `col_year`, ALGORITHM=INPLACE, DROP INDEX ind10, ADD COLUMN IF NOT EXISTS ( ncol2 FLOAT NOT NULL DEFAULT '', tcol6 DATE NOT NULL DEFAULT NULL ), LOCK=DEFAULT, DROP CONSTRAINT IF EXISTS c, ADD CONSTRAINT CHECK (vcol3 > `col_year`) /* QNO 954 CON_ID 15 */
		   20 Query	ALTER ONLINE TABLE `view_t6` ADD INDEX(ecol3), LOCK=NONE /* QNO 739 CON_ID 20 */
		   15 Query	INSERT INTO `view_t9` SELECT * FROM `view_t7` /* QNO 955 CON_ID 15 */
		   20 Query	SELECT * FROM `view_t6` INTO OUTFILE 'load_view_t6'  /* QNO 740 CON_ID 20 */
		   20 Query	LOAD DATA INFILE 'load_view_t6' IGNORE INTO TABLE view_t6 /* QNO 741 CON_ID 20 */
		   15 Query	SELECT MIN( `vcol_int`) AS field1, `col_blob` AS field2 FROM `t8` AS alias1 WHERE ( ( alias1.`` = alias1.`` AND ( alias1.`pk` = 11 AND ( alias1.`pk` = 171 AND ( alias1.`` = 'k' AND ( alias1.`pk` = 193 OR alias1.`pk` = 183 ) ) ) ) ) AND alias1.`col_datetime` <= 4 AND ( alias1.`col_varchar` LIKE '%a%' OR alias1.`col_varchar` LIKE '%b%') ) GROUP BY field2 /* QNO 956 CON_ID 15 */
		   15 Query	SELECT * FROM `view_t5` INTO OUTFILE 'load_view_t5'  /* QNO 957 CON_ID 15 */
		   15 Query	LOAD DATA INFILE 'load_view_t5' IGNORE INTO TABLE view_t5 /* QNO 958 CON_ID 15 */
		   15 Query	ALTER TABLE t4 /*!100301 WAIT 3 */ DROP PRIMARY KEY, ADD CONSTRAINT o FOREIGN KEY (tcol7) REFERENCES t3 (`vcol_enum`) ON DELETE RESTRICT, ADD CONSTRAINT y CHECK (vcol8 = 7) /* QNO 959 CON_ID 15 */
		   20 Query	SELECT alias1.`col_int` AS ifield1, alias1.`vcol_varchar` AS cfield1 FROM ( ( SELECT SQ1_alias1.* FROM ( `view_t6` AS SQ1_alias1 RIGHT JOIN ( `t9` AS SQ1_alias2 STRAIGHT_JOIN `view_t5` AS SQ1_alias3 ON (SQ1_alias3.`col_varchar` = SQ1_alias2.`col_char` ) ) ON (SQ1_alias3.`vcol_varchar` = SQ1_alias2.`vcol_varchar` ) ) ) AS alias1 RIGHT OUTER JOIN `view_t3` AS alias2 ON (( alias2.`vcol_bit` <> alias1.`pk` ) AND ( ( alias2.`pk` = alias1.`pk` OR alias1.`col_bit` != ( SELECT COUNT( DISTINCT SQ2_alias1.`pk` ) AS SQ2_ifield1 FROM ( `t9` AS SQ2_alias1, `view_t6` AS SQ2_alias2 ) WHERE SQ2_alias1.`vcol_bit` >= 92 ) ) OR ( ( alias2.`col_char` != alias1.`col_char` ) AND ( alias2.`pk` = alias1.`vcol_bit` ) ) ) ) ) WHERE EXISTS ( SELECT SQ3_alias1.`vcol_varchar` AS SQ3_cfield1 FROM ( `view_t6` AS SQ3_alias1, `view_t2` AS SQ3_alias2 ) WHERE SQ3_alias1.`vcol_varchar` <= alias1.`vcol_char` AND SQ3_alias1.`vcol_char` != 'o' ) GROUP BY ifield1, cfield1  /* QNO 742 CON_ID 20 */
		   19 Query	EXPLAIN SELECT DISTINCT alias1.`col_char` AS cfield1 FROM ( `t2` AS alias1, ( SELECT DISTINCT SQ1_alias1.* FROM ( `view_t5` AS SQ1_alias1 RIGHT OUTER JOIN `view_t8` AS SQ1_alias2 ON (SQ1_alias2.`vcol_varchar` = SQ1_alias1.`vcol_varchar` ) ) ) AS alias2, `view_t1` AS alias3 ) WHERE ( alias3.`col_int` IN ( SELECT SQ2_alias1.`col_bit` AS SQ2_ifield1 FROM ( `t7` AS SQ2_alias1 LEFT JOIN `t3` AS SQ2_alias2 ON (SQ2_alias2.`vcol_bit` = SQ2_alias1.`vcol_bit` ) ) WHERE SQ2_alias1.`col_int` > alias2.`pk` AND alias1.`col_bit` IN ( SQ2_alias1.`vcol_bit` >= ALL ( SELECT C_SQ1_alias1.`col_bit` AS C_SQ1_ifield1 FROM `view_t7` AS C_SQ1_alias1 WHERE C_SQ1_alias1.`vcol_int` <> SQ2_alias2.`vcol_bit` ) ) ) ) AND alias1.`vcol_bit` = 67 OR ( alias3.`col_varchar` != 'z' AND 'i' NOT LIKE 'e' )  /* QNO 1138 CON_ID 19 */
		   19 Query	ALTER ONLINE TABLE t1 ADD FULLTEXT KEY(`col_varchar`), LOCK=DEFAULT, DROP INDEX ind8 /* QNO 1139 CON_ID 19 */
		   19 Query	INSERT INTO `view_t8` SELECT * FROM `t3` /* QNO 1140 CON_ID 19 */
		   20 Query	SELECT alias1.`vcol_varchar` AS field1, ( SELECT SQL_SMALL_RESULT COUNT( SQ1_alias1.`col_char` ) AS SQ1_cfield1 FROM ( `view_t3` AS SQ1_alias1, `view_t6` AS SQ1_alias2 ) WHERE SQ1_alias2.`vcol_bit` <> SQ1_alias1.`vcol_bit` ) AS field2 FROM ( ( SELECT SQ2_alias1.* FROM ( `view_t8` AS SQ2_alias1 LEFT JOIN ( `view_t8` AS SQ2_alias2 STRAIGHT_JOIN `view_t2` AS SQ2_alias3 ON (SQ2_alias3.`pk` = SQ2_alias2.`col_int` ) ) ON (SQ2_alias3.`col_varchar` = SQ2_alias2.`vcol_varchar` ) ) ) AS alias1 INNER JOIN ( ( `t3` AS alias2 STRAIGHT_JOIN `t2` AS alias3 ON (( alias3.`vcol_char` >= alias2.`vcol_varchar` ) AND ( alias3.`vcol_char` = alias2.`vcol_varchar` ) ) ) ) ON (alias3.`col_bit` > alias2.`pk` ) ) WHERE alias1.`vcol_varchar` = alias1.`vcol_varchar` GROUP BY field1, field2  /* QNO 743 CON_ID 20 */
		   19 Query	SELECT alias1.`col_bit` AS ifield1, COUNT( alias1.`col_datetime` ) AS field1, alias1.`vcol_varchar` AS cfield1 FROM ( `view_t3` AS alias1, `view_t1` AS alias2, `t8` AS alias3 ) WHERE ( ( alias2.`pk`, alias1.`col_int` ) NOT IN ( SELECT SQ1_alias1.`col_bit` AS SQ1_ifield1, SQ1_alias1.`col_bit` AS SQ1_ifield2 FROM ( `view_t8` AS SQ1_alias1, `t2` AS SQ1_alias2 ) GROUP BY SQ1_ifield1, SQ1_ifield2 ) ) AND alias1.`vcol_int` = 6 OR ( 111 = 12 AND alias1.`pk` IS NULL ) GROUP BY ifield1, cfield1 ORDER BY ifield1, cfield1, field1  /* QNO 1141 CON_ID 19 */
		   19 Query	ALTER TABLE t1 /*!100301 WAIT 1 */ DROP FOREIGN KEY IF EXISTS y /* QNO 1142 CON_ID 19 */
		   19 Query	SHOW WARNINGS
		   19 Query	ALTER IGNORE TABLE t7 DROP CONSTRAINT IF EXISTS a /* QNO 1143 CON_ID 19 */
		   20 Query	ALTER ONLINE IGNORE TABLE t7 ADD FOREIGN KEY r (`vcol_datetime`, ncol8) REFERENCES t5 (scol10), MODIFY COLUMN IF EXISTS ecol6 ENUM('foo','bar') NOT NULL DEFAULT NULL /*!100303 INVISIBLE */ FIRST, LOCK=DEFAULT, DROP COLUMN tcol7, ALGORITHM=DEFAULT, LOCK=NONE, ADD CONSTRAINT FOREIGN KEY (icol10) REFERENCES t6 (vcol5) ON UPDATE SET NULL /* QNO 744 CON_ID 20 */
		   20 Query	SELECT alias1.`vcol_int` AS field1, alias1.`col_char` AS cfield1 FROM ( ( SELECT SQ1_alias1.* FROM ( `view_t5` AS SQ1_alias1 INNER JOIN ( `view_t3` AS SQ1_alias2 INNER JOIN `view_t5` AS SQ1_alias3 ON (SQ1_alias3.`col_varchar` = SQ1_alias2.`vcol_varchar` ) ) ON (SQ1_alias3.`vcol_bit` = SQ1_alias2.`vcol_int` ) ) WHERE ( SQ1_alias1.`col_int` >= SQ1_alias2.`col_int` AND SQ1_alias2.`vcol_int` < 6 ) ) AS alias1, `t1` AS alias2 ) WHERE EXISTS ( SELECT SQ2_alias1.`col_char` AS SQ2_cfield1 FROM `view_t1` AS SQ2_alias1 WHERE SQ2_alias1.`col_char` = alias1.`vcol_char` ) HAVING (field1 = 'USA' OR field1 < 'l') ORDER BY cfield1, field1  /* QNO 745 CON_ID 20 */
		   20 Query	ALTER TABLE t8 DROP FOREIGN KEY l, DROP PRIMARY KEY, FORCE, LOCK=EXCLUSIVE, ALGORITHM=COPY /* QNO 746 CON_ID 20 */
		   20 Query	SELECT STRAIGHT_JOIN GROUP_CONCAT( alias1.`col_timestamp`, IF( alias1.`vcol_datetime`, alias1.`col_dec`, alias1.`vcol_year` ), IF( alias1.`col_bit`, alias1.`col_timestamp`, alias1.`vcol_year` ), alias1.`vcol_datetime` ORDER BY 2,1,3,4 ) AS cfield1 FROM ( `t2` AS alias1, `t5` AS alias2, ( SELECT DISTINCT SQ1_alias1.* FROM `view_t2` AS SQ1_alias1 ) AS alias3 ) WHERE alias1.`vcol_int` != alias1.`vcol_year` HAVING cfield1 < 'USA' ORDER BY cfield1 /* QNO 747 CON_ID 20 */
		   20 Query	INSERT INTO `t6` SELECT * FROM `view_t8` /* QNO 748 CON_ID 20 */
		   20 Query	ALTER IGNORE TABLE t7 ADD KEY(`vcol_bit`), ALGORITHM=COPY, LOCK=SHARED /* QNO 749 CON_ID 20 */
		   15 Query	ALTER ONLINE TABLE t10 /*!100301 WAIT 3 */ ADD CONSTRAINT CHECK (tcol3 NOT LIKE 6) /* QNO 960 CON_ID 15 */
		   15 Query	UNLOCK TABLES /* QNO 961 CON_ID 15 */
		   15 Query	CREATE OR REPLACE VIEW transforms.view_9144_probe AS UNLOCK TABLES /* QNO 961 CON_ID 15 */  /* QNO 962 CON_ID 15 */
		   15 Query	SELECT DISTINCT alias1.`col_bit` AS field1, alias1.`vcol_dec` AS field2, alias1.`vcol_date` AS field3, alias1.`pk` AS ifield1, alias1.`col_bit` AS ifield2, alias1.`vcol_time` AS field4, alias1.`vcol_datetime` AS field5 FROM ( `t6` AS alias1 STRAIGHT_JOIN ( ( `view_t4` AS alias2 RIGHT OUTER JOIN `t9` AS alias3 ON (( alias3.`pk` <= alias2.`col_bit` ) AND (alias3.`pk` > alias2.`vcol_int` ) ) ) ) ON (alias3.`col_int` = alias2.`pk` ) ) WHERE alias1.`` = alias1.`` HAVING (ifield1 < 'go' AND ifield2 > 'm')  /* QNO 963 CON_ID 15 */
		   15 Query	CREATE OR REPLACE TABLE t9 (`col_bit` MEDIUMINT UNSIGNED DEFAULT NULL, scol10 VARCHAR(3180) NOT NULL )  /* QNO 964 CON_ID 15 */
		   15 Query	CREATE OR REPLACE VIEW transforms.view_9144_probe AS CREATE OR REPLACE TABLE t9 (`col_bit` MEDIUMINT UNSIGNED DEFAULT NULL, scol10 VARCHAR(3180) NOT NULL )  /* QNO 964 CON_ID 15 */  /* QNO 965 CON_ID 15 */
		   15 Query	SELECT * FROM `view_t9` INTO OUTFILE 'load_view_t9'  /* QNO 966 CON_ID 15 */
		   15 Query	LOAD DATA INFILE 'load_view_t9' REPLACE INTO TABLE view_t9 /* QNO 967 CON_ID 15 */
		   15 Query	SELECT * FROM `view_t7` INTO OUTFILE 'load_view_t7'  /* QNO 968 CON_ID 15 */
		   16 Query	CREATE OR REPLACE VIEW transforms.view_3612_probe AS FLUSH TABLES /* QNO 1117 CON_ID 16 */  /* QNO 1118 CON_ID 16 */
		   17 Query	SHOW WARNINGS
		   17 Query	CREATE OR REPLACE TABLE t8 (`vcol_bit` TINYINT NULL /*!100201 CHECK (scol1 <= scol9) */) ROW_FORMAT = PAGE  /* QNO 754 CON_ID 17 */
		   16 Query	ALTER ONLINE TABLE `view_t3` ADD CONSTRAINT UNIQUE (bcol1), LOCK=EXCLUSIVE, ADD CONSTRAINT u CHECK (vcol5 != `vcol_year`), DROP FOREIGN KEY h, FORCE, ALGORITHM=COPY /* QNO 1119 CON_ID 16 */
		   15 Query	LOAD DATA INFILE 'load_view_t7' IGNORE INTO TABLE view_t7 /* QNO 969 CON_ID 15 */
		   18 Query	SELECT alias1.`vcol_bit` AS ifield1, 'g' AS cfield1, alias1.`col_timestamp` AS field1 FROM ( `t6` AS alias1, `t4` AS alias2, `t8` AS alias3 ) WHERE alias1.`` = 'e' HAVING ifield1 <> 'USA' ORDER BY ifield1, cfield1, field1 LIMIT 100 OFFSET 3 /* QNO 1478 CON_ID 18 */
		   16 Query	SELECT alias1.`col_varchar` AS cfield1, alias1.`col_char` AS cfield2 FROM ( ( SELECT SQ1_alias1.* FROM ( `t9` AS SQ1_alias1 STRAIGHT_JOIN `t5` AS SQ1_alias2 ON (SQ1_alias2.`pk` = SQ1_alias1.`vcol_bit` ) ) ) AS alias1 INNER JOIN `t5` AS alias2 ON (( alias2.`pk` > alias1.`vcol_int` ) AND (alias2.`pk` <> alias1.`col_int` ) ) ) WHERE alias1.`vcol_bit` BETWEEN 133 AND ( 240 + 108 ) GROUP BY cfield1, cfield2 HAVING cfield2 IN ( SELECT SQL_SMALL_RESULT MIN( DISTINCT SQ2_alias1.`vcol_char` ) AS SQ2_cfield1 FROM `view_t3` AS SQ2_alias1 ) ORDER BY cfield2 /* QNO 1120 CON_ID 16 */
		   18 Query	BEGIN /* QNO 1479 CON_ID 18 */
		   18 Query	CREATE OR REPLACE VIEW transforms.view_4452_probe AS BEGIN /* QNO 1479 CON_ID 18 */  /* QNO 1480 CON_ID 18 */
		   16 Query	INSERT INTO `t8` SELECT * FROM `t3` /* QNO 1121 CON_ID 16 */
		   18 Query	ALTER ONLINE IGNORE TABLE t4 DROP COLUMN IF EXISTS `col_dec`, DROP FOREIGN KEY IF EXISTS v /* QNO 1481 CON_ID 18 */
		   18 Query	SHOW WARNINGS
		   18 Query	INSERT INTO t2 (tscol1) VALUES ('') /* QNO 1482 CON_ID 18 */
		   18 Query	SELECT SQL_SMALL_RESULT alias1.`pk` AS ifield1 FROM ( `view_t4` AS alias1, ( SELECT SQ1_alias1.* FROM ( `view_t6` AS SQ1_alias1 INNER JOIN `t4` AS SQ1_alias2 ON (SQ1_alias2.`pk` = SQ1_alias1.`vcol_int` ) ) ) AS alias2, `t8` AS alias3 ) WHERE ( alias1.`` > 'i' OR alias1.`pk` > 59 AND alias1.`pk` < ( 43 + 112 ) ) GROUP BY ifield1 ORDER BY ifield1 /* QNO 1483 CON_ID 18 */
		   18 Query	SELECT alias1.`col_int` AS ifield1 FROM ( `view_t1` AS alias1, `t9` AS alias2, `view_t4` AS alias3 ) WHERE ( alias1.`vcol_bit` > 206 AND alias1.`vcol_int` < ( 223 + 38 ) OR alias1.`vcol_bit` > 57 AND alias1.`col_int` < ( 110 + 150 ) ) HAVING (ifield1 > 'x' AND ifield1 >= 180)  /* QNO 1484 CON_ID 18 */
		   18 Query	SELECT * FROM `t9` INTO OUTFILE 'load_t9'  /* QNO 1485 CON_ID 18 */
		   18 Query	LOAD DATA INFILE 'load_t9' IGNORE INTO TABLE t9 /* QNO 1486 CON_ID 18 */
		   18 Query	INSERT INTO `t7` SELECT * FROM `view_t1` /* QNO 1487 CON_ID 18 */
		   16 Query	INSERT INTO t8 () VALUES (),() /* QNO 1122 CON_ID 16 */
		   17 Query	CREATE TABLE `view_t9` LIKE `view_t1` /* QNO 755 CON_ID 17 */
		   17 Query	INSERT INTO `t4` SELECT * FROM `view_t7` /* QNO 756 CON_ID 17 */
		   17 Query	ALTER IGNORE TABLE t8 ADD CONSTRAINT CHECK (scol6 = 1), ADD CONSTRAINT FOREIGN KEY (vcol3) REFERENCES t10 (vcol5) ON DELETE CASCADE ON UPDATE NO ACTION /* QNO 757 CON_ID 17 */
		   16 Query	SELECT -22 AS ifield1 FROM ( `t6` AS alias1 LEFT JOIN `t2` AS alias2 ON (( alias2.`vcol_varchar` = alias1.`vcol_varchar` ) OR ( alias2.`col_bit` < alias1.`vcol_int` ) ) ) WHERE alias2.`col_int` NOT IN ( SELECT DISTINCT SQ1_alias1.`vcol_int` AS SQ1_ifield1 FROM `t3` AS SQ1_alias1 WHERE SQ1_alias1.`col_bit` IN ( ( SELECT C_SQ1_alias1.`vcol_int` AS C_SQ1_ifield1 FROM `view_t1` AS C_SQ1_alias1 WHERE C_SQ1_alias1.`vcol_char` <> alias2.`col_char` ) ) )  /* QNO 1123 CON_ID 16 */
		   17 Query	SELECT `pk` AS ifield1, `vcol_char` AS cfield1, `pk` AS ifield2 FROM ( SELECT SQ1_alias1.* FROM ( `t8` AS SQ1_alias1 STRAIGHT_JOIN `t1` AS SQ1_alias2 ON (SQ1_alias2.`col_char` = SQ1_alias1.`vcol_varchar` ) ) ) AS alias1 WHERE ( alias1.`pk` IS NULL AND alias1.`pk` IS NULL ) GROUP BY ifield1, cfield1, ifield2 /* QNO 758 CON_ID 17 */
		   16 Query	ALTER TABLE `view_t1` ADD CONSTRAINT n CHECK (`col_bit` != tscol6), ADD FOREIGN KEY m (ncol5) REFERENCES `view_t6` (ecol7) ON DELETE NO ACTION ON UPDATE NO ACTION, ENGINE = InnoDB /* QNO 1124 CON_ID 16 */
		   17 Query	SELECT * FROM `view_t5` INTO OUTFILE 'load_view_t5'  /* QNO 759 CON_ID 17 */
		   16 Query	SELECT * FROM `view_t2` INTO OUTFILE 'load_view_t2'  /* QNO 1125 CON_ID 16 */
		   17 Query	LOAD DATA INFILE 'load_view_t5' IGNORE INTO TABLE view_t5 /* QNO 760 CON_ID 17 */
		   16 Query	LOAD DATA INFILE 'load_view_t2' REPLACE INTO TABLE view_t2 /* QNO 1126 CON_ID 16 */
		   17 Query	SELECT * FROM `view_t4` INTO OUTFILE 'load_view_t4'  /* QNO 761 CON_ID 17 */
		   17 Query	LOAD DATA INFILE 'load_view_t4' IGNORE INTO TABLE view_t4 /* QNO 762 CON_ID 17 */
		   17 Query	DROP TABLE IF EXISTS tmp_rename_9164  /* QNO 763 CON_ID 17 */
		   17 Query	SHOW WARNINGS
		   16 Query	SELECT 'd' AS cfield1, alias1.`vcol_bit` AS ifield1 FROM ( `view_t2` AS alias1, `t4` AS alias2 ) WHERE ( alias1.`col_bit` = 79 AND ( alias1.`pk` = alias1.`vcol_bit` AND alias1.`col_char` = 'g' ) ) AND ( 'w' NOT LIKE 'n' AND 'o' = 'e' ) GROUP BY cfield1, ifield1 HAVING (ifield1 = 'USA' AND ifield1 <= 6) ORDER BY cfield1, ifield1  /* QNO 1127 CON_ID 16 */
		   17 Query	RENAME TABLE t4 TO tmp_rename_9164, tmp_rename_9164 TO t4 /* QNO 764 CON_ID 17 */
		   16 Query	SELECT 'r' AS cfield1, alias1.`vcol_varchar` AS cfield2 FROM ( `t9` AS alias1, `t2` AS alias2 ) WHERE alias1.`pk` IS NOT NULL GROUP BY cfield1, cfield2 HAVING ((cfield2 < 231 AND cfield1 NOT IN ( SELECT COUNT( SQ1_alias1.`vcol_char` ) AS SQ1_cfield1 FROM `view_t8` AS SQ1_alias1 )) AND cfield1 > 'c')  /* QNO 1128 CON_ID 16 */
		   16 Query	INSERT INTO `view_t6` SELECT * FROM `t4` /* QNO 1129 CON_ID 16 */
		   16 Query	SELECT SQL_SMALL_RESULT alias1.`col_char` AS cfield1, alias1.`col_char` AS field1 FROM ( `view_t8` AS alias1 INNER JOIN ( ( `t6` AS alias2 INNER JOIN ( SELECT DISTINCT SQL_SMALL_RESULT SQ1_alias1.* FROM ( `view_t3` AS SQ1_alias1 LEFT JOIN `t9` AS SQ1_alias2 ON (SQ1_alias2.`col_int` = SQ1_alias1.`pk` ) ) ) AS alias3 ON (alias3.`` = alias2.`col_varchar` ) ) ) ON (alias3.`col_char` = alias2.`` ) ) WHERE ( ( alias1.`` LIKE CONCAT( 'b', '%') AND alias1.`col_int` = alias2.`pk` ) OR alias1.`pk` IS NULL ) GROUP BY cfield1, field1 ORDER BY cfield1, field1  /* QNO 1130 CON_ID 16 */
		   16 Query	SELECT MAX( `col_time`) AS field1, `vcol_bit` AS ifield1 FROM ( SELECT SQL_SMALL_RESULT SQ1_alias1.* FROM `t5` AS SQ1_alias1 ) AS alias1 WHERE alias1.`pk` > alias1.`vcol_time` GROUP BY ifield1 /* QNO 1131 CON_ID 16 */
		   16 Query	SELECT MAX( `vcol_bit`) AS field1, `pk` AS ifield1, `vcol_dec` AS field2 FROM ( SELECT DISTINCT SQ1_alias1.* FROM ( `t9` AS SQ1_alias1 LEFT JOIN ( `t3` AS SQ1_alias2 LEFT OUTER JOIN `view_t2` AS SQ1_alias3 ON (SQ1_alias3.`col_int` = SQ1_alias2.`pk` ) ) ON (SQ1_alias3.`col_varchar` = SQ1_alias2.`col_varchar` ) ) WHERE SQ1_alias2.`col_bit` < 4 ) AS alias1 WHERE ( alias1.`vcol_int` = alias1.`col_int` AND 'w' NOT LIKE 'e' ) GROUP BY ifield1, field2 /* QNO 1132 CON_ID 16 */
		   16 Query	SELECT alias1.`col_date` AS field1 FROM ( `view_t7` AS alias1 INNER JOIN ( ( `view_t1` AS alias2 STRAIGHT_JOIN ( SELECT SQ1_alias1.* FROM ( `view_t1` AS SQ1_alias1 RIGHT JOIN `view_t2` AS SQ1_alias2 ON (SQ1_alias2.`col_varchar` = SQ1_alias1.`vcol_varchar` ) ) ) AS alias3 ON (( alias3.`col_bit` >= alias2.`vcol_int` ) OR ( ( alias3.`vcol_int` = alias2.`col_bit` ) OR ( ( alias3.`col_bit` > alias2.`vcol_bit` ) AND (alias3.`col_bit` >= alias2.`vcol_bit` ) ) ) ) ) ) ON (alias3.`vcol_int` = alias2.`pk` ) ) WHERE ( ( SELECT MAX( SQ2_alias1.`col_varchar` ) AS SQ2_cfield1 FROM ( `view_t2` AS SQ2_alias1, `t3` AS SQ2_alias2 ) WHERE SQ2_alias2.`col_varchar` = SOME ( SELECT C_SQ1_alias1.`vcol_varchar` AS C_SQ1_cfield1 FROM ( `view_t9` AS C_SQ1_alias1 RIGHT JOIN `view_t8` AS C_SQ1_alias2 ON (C_SQ1_alias2.`vcol_varchar` = C_SQ1_alias1.`col_char` ) ) WHERE C_SQ1_alias1.`col_char` >= SQ2_alias1.`col_varchar` ) ) IS NULL ) OR alias1.`col_int` = 155 HAVING field1 = 1  /* QNO 1133 CON_ID 16 */
