		    22 Query	ALTER TABLE t1 CHANGE COLUMN IF EXISTS `GLOBAL_VALUE_ORIGIN` vcol1 TIMESTAMP AS ( tscol10 ) STORED, ALGORITHM=COPY  /* QNO 811 CON_ID 22 */
		    17 Execute	SELECT * FROM INFORMATION_SCHEMA.`INNODB_SYS_FOREIGN_COLS` AS table1 WHERE ( (NOT ( ( ( table1.`REF_COL_NAME` IN ( 2, 6, 5 ) AND table1.`ID` LIKE 'wait/io%') OR table1.`REF_COL_NAME` > 9) AND table1.`ID` LIKE 'wait/synch/cond%') AND table1.`FOR_COL_NAME` = table1.`POS`) AND table1.`ID` >= '2005-01-18 15:58:55.030561') ORDER BY table1.`ID` LIMIT 208 /* QNO 994 CON_ID 17 */
		    17 Query	EXECUTE prep_stmt_3980 /* TRANSFORM_OUTCOME_UNORDERED_MATCH */ /* QNO 1010 CON_ID 17 */
		    17 Execute	SELECT * FROM INFORMATION_SCHEMA.`INNODB_SYS_FOREIGN_COLS` AS table1 WHERE ( (NOT ( ( ( table1.`REF_COL_NAME` IN ( 2, 6, 5 ) AND table1.`ID` LIKE 'wait/io%') OR table1.`REF_COL_NAME` > 9) AND table1.`ID` LIKE 'wait/synch/cond%') AND table1.`FOR_COL_NAME` = table1.`POS`) AND table1.`ID` >= '2005-01-18 15:58:55.030561') ORDER BY table1.`ID` LIMIT 208 /* QNO 994 CON_ID 17 */
		    17 Query	DEALLOCATE PREPARE prep_stmt_3980 /* QNO 1011 CON_ID 17 */
		    17 Query	/* GenTest::Transform::ExecuteAsSPTwice */ DROP PROCEDURE IF EXISTS stored_proc_3980 /* QNO 1012 CON_ID 17 */
		    17 Query	SELECT * FROM test.`view_t4` AS table1 WHERE ( table1.`col_datetime` IN ( 6, 9, 5 ) OR table1.`col_enum` <= 7) HAVING (table1.`vcol_year` = 1 IS NULL AND table1.`vcol_bit` < 0) ORDER BY table1.`vcol_int` LIMIT 214 /* QNO 1013 CON_ID 17 */
		    17 Query	SHOW ENGINE PERFORMANCE_SCHEMA STATUS /* QNO 1014 CON_ID 17 */
		    17 Query	CREATE OR REPLACE VIEW transforms.view_3980_probe AS SHOW ENGINE PERFORMANCE_SCHEMA STATUS /* QNO 1014 CON_ID 17 */  /* QNO 1015 CON_ID 17 */
		    17 Query	TRUNCATE TABLE performance_schema.events_waits_summary_by_instance /* QNO 1016 CON_ID 17 */
		    17 Query	XA RECOVER /* QNO 1017 CON_ID 17 */
		    17 Query	CREATE OR REPLACE VIEW transforms.view_3980_probe AS XA RECOVER /* QNO 1017 CON_ID 17 */  /* QNO 1018 CON_ID 17 */
		    17 Query	XA RECOVER /* QNO 1019 CON_ID 17 */
		    17 Query	CREATE OR REPLACE VIEW transforms.view_3980_probe AS XA RECOVER /* QNO 1019 CON_ID 17 */  /* QNO 1020 CON_ID 17 */
		    17 Query	XA PREPARE 'xid60'  /* QNO 1021 CON_ID 17 */
		    17 Query	XA PREPARE 'non_idle_xid'  /* QNO 1022 CON_ID 17 */
		    17 Query	TRUNCATE TABLE performance_schema.events_waits_summary_by_event_name /* QNO 1023 CON_ID 17 */
		    17 Query	XA RECOVER /* QNO 1024 CON_ID 17 */
		    17 Query	CREATE OR REPLACE VIEW transforms.view_3980_probe AS XA RECOVER /* QNO 1024 CON_ID 17 */  /* QNO 1025 CON_ID 17 */
		    17 Query	UPDATE performance_schema.setup_instruments SET ENABLED = 'NO' ORDER BY RAND() LIMIT 4 /* QNO 1026 CON_ID 17 */
		    17 Query	CREATE OR REPLACE VIEW transforms.view_3980_probe AS UPDATE performance_schema.setup_instruments SET ENABLED = 'NO' ORDER BY RAND() LIMIT 4 /* QNO 1026 CON_ID 17 */  /* QNO 1027 CON_ID 17 */
		    17 Query	TRUNCATE TABLE performance_schema.events_waits_current /* QNO 1028 CON_ID 17 */
		    16 Query	CREATE OR REPLACE VIEW transforms.view_900_probe AS DROP TABLE x /* QNO 845 CON_ID 16 */  /* QNO 846 CON_ID 16 */
		    18 Query	DELETE FROM transforms.delete_returning_4904 RETURNING `help_topic_id`,`help_keyword_id` /* TRANSFORM_OUTCOME_UNORDERED_MATCH */ /* QNO 528 CON_ID 18 */
		    16 Query	DROP FUNCTION IF EXISTS c /* QNO 847 CON_ID 16 */
		    16 Query	SHOW WARNINGS
		    16 Query	GRANT RELOAD ON *.* to 'someuser'@'somehost' /* QNO 848 CON_ID 16 */
		    16 Query	CREATE OR REPLACE VIEW transforms.view_900_probe AS GRANT RELOAD ON *.* to 'someuser'@'somehost' /* QNO 848 CON_ID 16 */  /* QNO 849 CON_ID 16 */
		    21 Query	SHOW WARNINGS
		    16 Query	GRANT INSERT ( `vcol_datetime`, `vcol_char` ) ON `view_t7` TO 'someuser'@'somehost' /* QNO 850 CON_ID 16 */
		    17 Query	SELECT * FROM (INFORMATION_SCHEMA.`PROFILING` AS table1 LEFT OUTER JOIN test.`view_t3` AS table2 ON ( table2.`vcol_datetime` = table1.`SEQ` ) ) HAVING (NOT (NOT (table1.`SOURCE_FILE` = 'fb' IS NULL AND table2.`vcol_dec` >= 'br') AND table1.`DURATION` < 9) AND table1.`SOURCE_LINE` != 'rc') ORDER BY table1.`STATE`, table1.`PAGE_FAULTS_MAJOR`, table1.`SOURCE_LINE`, table2.`vcol_dec`, table2.`vcol_enum` LIMIT 64 /* QNO 1029 CON_ID 17 */
		    21 Query	DROP TABLE IF EXISTS transforms.delete_returning_4888 /* QNO 815 CON_ID 21 */
		    16 Query	ALTER TABLE `t9` REMOVE PARTITIONING /* QNO 851 CON_ID 16 */
		    17 Query	RENAME TABLE seq8 TO seq9, seq9 TO seq3 /* QNO 1030 CON_ID 17 */
		    17 Query	UPDATE `view_t2` SET `col_year` = 1 WHERE `col_year` >= '1971-03-26 11:27:31.051435' /* QNO 1031 CON_ID 17 */
		    16 Query	ALTER TABLE `t3` ADD KEY ( w ) /* QNO 852 CON_ID 16 */
		    16 Query	CREATE OR REPLACE VIEW r AS SELECT * FROM `t8` /* QNO 853 CON_ID 16 */
		    17 Query	SHOW ENGINE PERFORMANCE_SCHEMA STATUS /* QNO 1032 CON_ID 17 */
		    17 Query	CREATE OR REPLACE VIEW transforms.view_3980_probe AS SHOW ENGINE PERFORMANCE_SCHEMA STATUS /* QNO 1032 CON_ID 17 */  /* QNO 1033 CON_ID 17 */
		    17 Query	TRUNCATE TABLE performance_schema.events_waits_history_long /* QNO 1034 CON_ID 17 */
		    17 Query	SELECT * FROM (test.`view_t9` AS table1 LEFT JOIN mysql.`slow_log` AS table2 ON ( table2.`sql_text` = table1.`col_year` ) ) LIMIT 191 /* QNO 1035 CON_ID 17 */
		    20 Query	SHOW WARNINGS
		    16 Query	DROP VIEW IF EXISTS s /* QNO 854 CON_ID 16 */
		    16 Query	SHOW WARNINGS
		    20 Query	XA START 'xid181'  /* QNO 992 CON_ID 20 */
		    16 Query	DROP DATABASE IF EXISTS h /* QNO 855 CON_ID 16 */
		    20 Query	SELECT * FROM `ENABLED_ROLES` INTO OUTFILE 'load_ENABLED_ROLES'  /* QNO 993 CON_ID 20 */
		    20 Query	LOAD DATA INFILE 'load_ENABLED_ROLES' IGNORE INTO TABLE ENABLED_ROLES /* QNO 994 CON_ID 20 */
		    20 Query	UPDATE performance_schema.setup_instruments SET ENABLED = 'NO' WHERE NAME LIKE 'wait/synch/rwlock%' /* QNO 995 CON_ID 20 */
		    20 Query	CREATE OR REPLACE VIEW transforms.view_1000_probe AS UPDATE performance_schema.setup_instruments SET ENABLED = 'NO' WHERE NAME LIKE 'wait/synch/rwlock%' /* QNO 995 CON_ID 20 */  /* QNO 996 CON_ID 20 */
		    20 Query	SELECT * FROM `APPLICABLE_ROLES` INTO OUTFILE 'load_APPLICABLE_ROLES'  /* QNO 997 CON_ID 20 */
		    20 Query	LOAD DATA INFILE 'load_APPLICABLE_ROLES' IGNORE INTO TABLE APPLICABLE_ROLES /* QNO 998 CON_ID 20 */
		    20 Query	SELECT * FROM test.`view_t6` AS table1 HAVING table1.`vcol_int` = 9 LIMIT 50 /* QNO 999 CON_ID 20 */
		    18 Query	/* GenTest::Transform::ExecuteAsExcept */ (  SELECT * FROM mysql.`help_relation` AS table1 WHERE ( table1.`help_keyword_id` >= table1.`help_keyword_id` OR table1.`help_keyword_id` = table1.`help_topic_id`) LIMIT 94 /* QNO 523 CON_ID 18 */  ) EXCEPT (  SELECT * FROM mysql.`help_relation` AS table1 WHERE ( table1.`help_keyword_id` >= table1.`help_keyword_id` OR table1.`help_keyword_id` = table1.`help_topic_id`) LIMIT 0 /* QNO 523 CON_ID 18 */  ) /* TRANSFORM_OUTCOME_DISTINCT */ /* QNO 529 CON_ID 18 */
		    20 Query	SHOW ENGINE PERFORMANCE_SCHEMA STATUS /* QNO 1000 CON_ID 20 */
		    18 Query	(  SELECT * FROM mysql.`help_relation` AS table1 WHERE ( table1.`help_keyword_id` >= table1.`help_keyword_id` OR table1.`help_keyword_id` = table1.`help_topic_id`) LIMIT 94 /* QNO 523 CON_ID 18 */  ) EXCEPT (  SELECT * FROM mysql.`help_relation` AS table1 WHERE ( table1.`help_keyword_id` >= table1.`help_keyword_id` OR table1.`help_keyword_id` = table1.`help_topic_id`) LIMIT 94 /* QNO 523 CON_ID 18 */  ) /* TRANSFORM_OUTCOME_EMPTY_RESULT */ /* QNO 530 CON_ID 18 */
		    20 Query	CREATE OR REPLACE VIEW transforms.view_1000_probe AS SHOW ENGINE PERFORMANCE_SCHEMA STATUS /* QNO 1000 CON_ID 20 */  /* QNO 1001 CON_ID 20 */
		    18 Query	/* GenTest::Transform::ExecuteAsExecuteImmediate */ EXECUTE IMMEDIATE ' SELECT * FROM mysql.`help_relation` AS table1 WHERE ( table1.`help_keyword_id` >= table1.`help_keyword_id` OR table1.`help_keyword_id` = table1.`help_topic_id`) LIMIT 94 /* QNO 523 CON_ID 18 */ ' /* TRANSFORM_OUTCOME_UNORDERED_MATCH */ /* QNO 531 CON_ID 18 */
		    18 Prepare	SELECT * FROM mysql.`help_relation` AS table1 WHERE ( table1.`help_keyword_id` >= table1.`help_keyword_id` OR table1.`help_keyword_id` = table1.`help_topic_id`) LIMIT 94 /* QNO 523 CON_ID 18 */
		    18 Execute	SELECT * FROM mysql.`help_relation` AS table1 WHERE ( table1.`help_keyword_id` >= table1.`help_keyword_id` OR table1.`help_keyword_id` = table1.`help_topic_id`) LIMIT 94 /* QNO 523 CON_ID 18 */
		    20 Query	XA RECOVER /* QNO 1002 CON_ID 20 */
		    18 Query	/* GenTest::Transform::ExecuteAsInsertSelect */ CREATE DATABASE IF NOT EXISTS transforms /* QNO 532 CON_ID 18 */
		    20 Query	CREATE OR REPLACE VIEW transforms.view_1000_probe AS XA RECOVER /* QNO 1002 CON_ID 20 */  /* QNO 1003 CON_ID 20 */
		    20 Query	INSERT INTO `view_t7` ( `pk` ) VALUES (NULL) /* QNO 1004 CON_ID 20 */
		    17 Query	SELECT * FROM `t6` INTO OUTFILE 'load_t6'  /* QNO 1036 CON_ID 17 */
		    20 Query	SELECT * from `view_t7` WHERE row_end != @trx /* QNO 1005 CON_ID 20 */
		    17 Query	LOAD DATA INFILE 'load_t6' REPLACE INTO TABLE t6 /* QNO 1037 CON_ID 17 */
		    20 Query	DELETE FROM `view_t7` WHERE `col_enum` != 6 LIMIT 9 /* QNO 1006 CON_ID 20 */
		    20 Query	SELECT * FROM test.`view_t7` AS table1 WHERE ( table1.`vcol_int` != table1.`col_timestamp` OR table1.`vcol_bit` IN ( 0, 4, 9 )) ORDER BY table1.`vcol_char` LIMIT 38 /* QNO 1007 CON_ID 20 */
		    20 Query	UPDATE performance_schema.setup_consumers SET enabled = 'YES' WHERE name IN ( 'events_waits_summary_by_instance', 'events_waits_summary_by_thread_by_event_name' ) /* QNO 1008 CON_ID 20 */
		    20 Query	CREATE OR REPLACE VIEW transforms.view_1000_probe AS UPDATE performance_schema.setup_consumers SET enabled = 'YES' WHERE name IN ( 'events_waits_summary_by_instance', 'events_waits_summary_by_thread_by_event_name' ) /* QNO 1008 CON_ID 20 */  /* QNO 1009 CON_ID 20 */
		    20 Query	SELECT * FROM test.`view_t8` AS table1 WHERE (NOT table1.`col_timestamp` LIKE 'wait/synch%' AND table1.`col_date` < '1997-07-07 21:38:12.015935') HAVING table1.`col_enum` >= 2 IS NULL LIMIT 95 /* QNO 1010 CON_ID 20 */
		    20 Query	ALTER ONLINE TABLE t1 /*!100301 NOWAIT */ ADD CONSTRAINT PRIMARY KEY(tcol7, `col_int`, `vcol_varchar`(42115)), ALGORITHM=DEFAULT  /* QNO 1011 CON_ID 20 */
		    20 Query	SELECT * FROM test.`view_t5` AS table1 LIMIT 233 /* QNO 1012 CON_ID 20 */
		    20 Query	TRUNCATE TABLE performance_schema.events_waits_history /* QNO 1013 CON_ID 20 */
		    20 Query	SET STATEMENT `sql_mode`=ORACLE FOR SELECT seq8.nextval /* QNO 1014 CON_ID 20 */
		    20 Query	SELECT * FROM performance_schema.`objects_summary_global_by_type` AS table1 HAVING table1.`AVG_TIMER_WAIT` >= 7 ORDER BY table1.`COUNT_STAR` LIMIT 13 /* QNO 1015 CON_ID 20 */
		    20 Query	/* GenTest::Transform::ExecuteAsCTE */  WITH cte1 AS ( SELECT * FROM performance_schema.`objects_summary_global_by_type` AS table1 HAVING table1.`AVG_TIMER_WAIT` >= 7 ORDER BY table1.`COUNT_STAR` LIMIT 13 /* QNO 1015 CON_ID 20 */ ) SELECT * FROM cte1  /* TRANSFORM_OUTCOME_UNORDERED_MATCH */ /* QNO 1016 CON_ID 20 */
		    20 Query	/* GenTest::Transform::ExecuteAsExcept */ (  SELECT * FROM performance_schema.`objects_summary_global_by_type` AS table1 HAVING table1.`AVG_TIMER_WAIT` >= 7 ORDER BY table1.`COUNT_STAR` LIMIT 13 /* QNO 1015 CON_ID 20 */  ) EXCEPT (  SELECT * FROM performance_schema.`objects_summary_global_by_type` AS table1 HAVING table1.`AVG_TIMER_WAIT` >= 7 ORDER BY table1.`COUNT_STAR` LIMIT 0 /* QNO 1015 CON_ID 20 */  ) /* TRANSFORM_OUTCOME_DISTINCT */ /* QNO 1017 CON_ID 20 */
		    20 Query	(  SELECT * FROM performance_schema.`objects_summary_global_by_type` AS table1 HAVING table1.`AVG_TIMER_WAIT` >= 7 ORDER BY table1.`COUNT_STAR` LIMIT 13 /* QNO 1015 CON_ID 20 */  ) EXCEPT (  SELECT * FROM performance_schema.`objects_summary_global_by_type` AS table1 HAVING table1.`AVG_TIMER_WAIT` >= 7 ORDER BY table1.`COUNT_STAR` LIMIT 13 /* QNO 1015 CON_ID 20 */  ) /* TRANSFORM_OUTCOME_EMPTY_RESULT */ /* QNO 1018 CON_ID 20 */
		    20 Query	/* GenTest::Transform::ExecuteAsExecuteImmediate */ EXECUTE IMMEDIATE ' SELECT * FROM performance_schema.`objects_summary_global_by_type` AS table1 HAVING table1.`AVG_TIMER_WAIT` >= 7 ORDER BY table1.`COUNT_STAR` LIMIT 13 /* QNO 1015 CON_ID 20 */ ' /* TRANSFORM_OUTCOME_UNORDERED_MATCH */ /* QNO 1019 CON_ID 20 */
		    20 Prepare	SELECT * FROM performance_schema.`objects_summary_global_by_type` AS table1 HAVING table1.`AVG_TIMER_WAIT` >= 7 ORDER BY table1.`COUNT_STAR` LIMIT 13 /* QNO 1015 CON_ID 20 */
		    20 Execute	SELECT * FROM performance_schema.`objects_summary_global_by_type` AS table1 HAVING table1.`AVG_TIMER_WAIT` >= 7 ORDER BY table1.`COUNT_STAR` LIMIT 13 /* QNO 1015 CON_ID 20 */
		    20 Query	/* GenTest::Transform::ExecuteAsInsertSelect */ CREATE DATABASE IF NOT EXISTS transforms /* QNO 1020 CON_ID 20 */
		    20 Query	/* GenTest::Transform::ExecuteAsIntersect */ (  SELECT * FROM performance_schema.`objects_summary_global_by_type` AS table1 HAVING table1.`AVG_TIMER_WAIT` >= 7 ORDER BY table1.`COUNT_STAR` LIMIT 13 /* QNO 1015 CON_ID 20 */  ) INTERSECT (  SELECT * FROM performance_schema.`objects_summary_global_by_type` AS table1 HAVING table1.`AVG_TIMER_WAIT` >= 7 ORDER BY table1.`COUNT_STAR` LIMIT 13 /* QNO 1015 CON_ID 20 */  ) /* TRANSFORM_OUTCOME_DISTINCT */ /* QNO 1021 CON_ID 20 */
		    20 Query	(  SELECT * FROM performance_schema.`objects_summary_global_by_type` AS table1 HAVING table1.`AVG_TIMER_WAIT` >= 7 ORDER BY table1.`COUNT_STAR` LIMIT 13 /* QNO 1015 CON_ID 20 */  ) INTERSECT (  SELECT * FROM performance_schema.`objects_summary_global_by_type` AS table1 HAVING table1.`AVG_TIMER_WAIT` >= 7 ORDER BY table1.`COUNT_STAR` LIMIT 0 /* QNO 1015 CON_ID 20 */  ) /* TRANSFORM_OUTCOME_EMPTY_RESULT */ /* QNO 1022 CON_ID 20 */
		    20 Query	/* GenTest::Transform::ExecuteAsUnion */ (  SELECT * FROM performance_schema.`objects_summary_global_by_type` AS table1 HAVING table1.`AVG_TIMER_WAIT` >= 7 ORDER BY table1.`COUNT_STAR` LIMIT 13 /* QNO 1015 CON_ID 20 */  ) UNION ALL (  SELECT * FROM performance_schema.`objects_summary_global_by_type` AS table1 HAVING table1.`AVG_TIMER_WAIT` >= 7 ORDER BY table1.`COUNT_STAR` LIMIT 0 /* QNO 1015 CON_ID 20 */  ) /* TRANSFORM_OUTCOME_UNORDERED_MATCH */ /* QNO 1023 CON_ID 20 */
		    20 Query	(  SELECT * FROM performance_schema.`objects_summary_global_by_type` AS table1 HAVING table1.`AVG_TIMER_WAIT` >= 7 ORDER BY table1.`COUNT_STAR` LIMIT 0 /* QNO 1015 CON_ID 20 */  ) UNION ALL (  SELECT * FROM performance_schema.`objects_summary_global_by_type` AS table1 HAVING table1.`AVG_TIMER_WAIT` >= 7 ORDER BY table1.`COUNT_STAR` LIMIT 13 /* QNO 1015 CON_ID 20 */  ) /* TRANSFORM_OUTCOME_UNORDERED_MATCH */ /* QNO 1024 CON_ID 20 */
		    20 Query	(  SELECT * FROM performance_schema.`objects_summary_global_by_type` AS table1 HAVING table1.`AVG_TIMER_WAIT` >= 7 ORDER BY table1.`COUNT_STAR` LIMIT 13 /* QNO 1015 CON_ID 20 */  ) UNION DISTINCT (  SELECT * FROM performance_schema.`objects_summary_global_by_type` AS table1 HAVING table1.`AVG_TIMER_WAIT` >= 7 ORDER BY table1.`COUNT_STAR` LIMIT 13 /* QNO 1015 CON_ID 20 */  ) /* TRANSFORM_OUTCOME_DISTINCT */ /* QNO 1025 CON_ID 20 */
		    20 Query	(  SELECT * FROM performance_schema.`objects_summary_global_by_type` AS table1 HAVING table1.`AVG_TIMER_WAIT` >= 7 ORDER BY table1.`COUNT_STAR` LIMIT 13 /* QNO 1015 CON_ID 20 */  ) UNION ALL (  SELECT * FROM performance_schema.`objects_summary_global_by_type` AS table1 HAVING table1.`AVG_TIMER_WAIT` >= 7 ORDER BY table1.`COUNT_STAR` LIMIT 13 /* QNO 1015 CON_ID 20 */  ) /* TRANSFORM_OUTCOME_SUPERSET */ /* QNO 1026 CON_ID 20 */
		    17 Query	INSERT INTO `view_t4` SELECT * FROM `t7` LIMIT 0
		    17 Query	ALTER ONLINE IGNORE TABLE t9 DROP CONSTRAINT IF EXISTS x /* QNO 1038 CON_ID 17 */
		    17 Query	SHOW ENGINE PERFORMANCE_SCHEMA STATUS /* QNO 1039 CON_ID 17 */
		    17 Query	CREATE OR REPLACE VIEW transforms.view_3980_probe AS SHOW ENGINE PERFORMANCE_SCHEMA STATUS /* QNO 1039 CON_ID 17 */  /* QNO 1040 CON_ID 17 */
		    17 Query	SELECT * FROM performance_schema.`events_waits_history_long` AS table1 HAVING table1.`SPINS` = 3 IS NULL LIMIT 246 /* QNO 1041 CON_ID 17 */
		    17 Query	/* GenTest::Transform::ExecuteAsCTE */  WITH cte1 AS ( SELECT * FROM performance_schema.`events_waits_history_long` AS table1 HAVING table1.`SPINS` = 3 IS NULL LIMIT 246 /* QNO 1041 CON_ID 17 */ ) SELECT * FROM cte1  /* TRANSFORM_OUTCOME_UNORDERED_MATCH */ /* QNO 1042 CON_ID 17 */
		    17 Query	/* GenTest::Transform::ExecuteAsExcept */ (  SELECT * FROM performance_schema.`events_waits_history_long` AS table1 HAVING table1.`SPINS` = 3 IS NULL LIMIT 246 /* QNO 1041 CON_ID 17 */  ) EXCEPT (  SELECT * FROM performance_schema.`events_waits_history_long` AS table1 HAVING table1.`SPINS` = 3 IS NULL LIMIT 0 /* QNO 1041 CON_ID 17 */  ) /* TRANSFORM_OUTCOME_DISTINCT */ /* QNO 1043 CON_ID 17 */
		    17 Query	(  SELECT * FROM performance_schema.`events_waits_history_long` AS table1 HAVING table1.`SPINS` = 3 IS NULL LIMIT 246 /* QNO 1041 CON_ID 17 */  ) EXCEPT (  SELECT * FROM performance_schema.`events_waits_history_long` AS table1 HAVING table1.`SPINS` = 3 IS NULL LIMIT 246 /* QNO 1041 CON_ID 17 */  ) /* TRANSFORM_OUTCOME_EMPTY_RESULT */ /* QNO 1044 CON_ID 17 */
		    17 Query	/* GenTest::Transform::ExecuteAsExecuteImmediate */ EXECUTE IMMEDIATE ' SELECT * FROM performance_schema.`events_waits_history_long` AS table1 HAVING table1.`SPINS` = 3 IS NULL LIMIT 246 /* QNO 1041 CON_ID 17 */ ' /* TRANSFORM_OUTCOME_UNORDERED_MATCH */ /* QNO 1045 CON_ID 17 */
		    17 Prepare	SELECT * FROM performance_schema.`events_waits_history_long` AS table1 HAVING table1.`SPINS` = 3 IS NULL LIMIT 246 /* QNO 1041 CON_ID 17 */
		    17 Execute	SELECT * FROM performance_schema.`events_waits_history_long` AS table1 HAVING table1.`SPINS` = 3 IS NULL LIMIT 246 /* QNO 1041 CON_ID 17 */
		    17 Query	/* GenTest::Transform::ExecuteAsInsertSelect */ CREATE DATABASE IF NOT EXISTS transforms /* QNO 1046 CON_ID 17 */
		    17 Query	/* GenTest::Transform::ExecuteAsIntersect */ (  SELECT * FROM performance_schema.`events_waits_history_long` AS table1 HAVING table1.`SPINS` = 3 IS NULL LIMIT 246 /* QNO 1041 CON_ID 17 */  ) INTERSECT (  SELECT * FROM performance_schema.`events_waits_history_long` AS table1 HAVING table1.`SPINS` = 3 IS NULL LIMIT 246 /* QNO 1041 CON_ID 17 */  ) /* TRANSFORM_OUTCOME_DISTINCT */ /* QNO 1047 CON_ID 17 */
		    17 Query	(  SELECT * FROM performance_schema.`events_waits_history_long` AS table1 HAVING table1.`SPINS` = 3 IS NULL LIMIT 246 /* QNO 1041 CON_ID 17 */  ) INTERSECT (  SELECT * FROM performance_schema.`events_waits_history_long` AS table1 HAVING table1.`SPINS` = 3 IS NULL LIMIT 0 /* QNO 1041 CON_ID 17 */  ) /* TRANSFORM_OUTCOME_EMPTY_RESULT */ /* QNO 1048 CON_ID 17 */
		    17 Query	/* GenTest::Transform::ExecuteAsUnion */ (  SELECT * FROM performance_schema.`events_waits_history_long` AS table1 HAVING table1.`SPINS` = 3 IS NULL LIMIT 246 /* QNO 1041 CON_ID 17 */  ) UNION ALL (  SELECT * FROM performance_schema.`events_waits_history_long` AS table1 HAVING table1.`SPINS` = 3 IS NULL LIMIT 0 /* QNO 1041 CON_ID 17 */  ) /* TRANSFORM_OUTCOME_UNORDERED_MATCH */ /* QNO 1049 CON_ID 17 */
		    17 Query	(  SELECT * FROM performance_schema.`events_waits_history_long` AS table1 HAVING table1.`SPINS` = 3 IS NULL LIMIT 0 /* QNO 1041 CON_ID 17 */  ) UNION ALL (  SELECT * FROM performance_schema.`events_waits_history_long` AS table1 HAVING table1.`SPINS` = 3 IS NULL LIMIT 246 /* QNO 1041 CON_ID 17 */  ) /* TRANSFORM_OUTCOME_UNORDERED_MATCH */ /* QNO 1050 CON_ID 17 */
		    17 Query	(  SELECT * FROM performance_schema.`events_waits_history_long` AS table1 HAVING table1.`SPINS` = 3 IS NULL LIMIT 246 /* QNO 1041 CON_ID 17 */  ) UNION DISTINCT (  SELECT * FROM performance_schema.`events_waits_history_long` AS table1 HAVING table1.`SPINS` = 3 IS NULL LIMIT 246 /* QNO 1041 CON_ID 17 */  ) /* TRANSFORM_OUTCOME_DISTINCT */ /* QNO 1051 CON_ID 17 */
		    17 Query	(  SELECT * FROM performance_schema.`events_waits_history_long` AS table1 HAVING table1.`SPINS` = 3 IS NULL LIMIT 246 /* QNO 1041 CON_ID 17 */  ) UNION ALL (  SELECT * FROM performance_schema.`events_waits_history_long` AS table1 HAVING table1.`SPINS` = 3 IS NULL LIMIT 246 /* QNO 1041 CON_ID 17 */  ) /* TRANSFORM_OUTCOME_SUPERSET */ /* QNO 1052 CON_ID 17 */
		    17 Query	CREATE OR REPLACE VIEW transforms.view_3980_probe AS  SELECT * FROM performance_schema.`events_waits_history_long` AS table1 HAVING table1.`SPINS` = 3 IS NULL LIMIT 246 /* QNO 1041 CON_ID 17 */  /* QNO 1053 CON_ID 17 */
		    17 Query	/* GenTest::Transform::ExecuteAsPreparedTwice */ PREPARE prep_stmt_3980 FROM ' SELECT * FROM performance_schema.`events_waits_history_long` AS table1 HAVING table1.`SPINS` = 3 IS NULL LIMIT 246 /* QNO 1041 CON_ID 17 */ ' /* QNO 1054 CON_ID 17 */
		    17 Prepare	SELECT * FROM performance_schema.`events_waits_history_long` AS table1 HAVING table1.`SPINS` = 3 IS NULL LIMIT 246 /* QNO 1041 CON_ID 17 */
		    17 Query	EXECUTE prep_stmt_3980 /* TRANSFORM_OUTCOME_UNORDERED_MATCH */ /* QNO 1055 CON_ID 17 */
		    17 Execute	SELECT * FROM performance_schema.`events_waits_history_long` AS table1 HAVING table1.`SPINS` = 3 IS NULL LIMIT 246 /* QNO 1041 CON_ID 17 */
		    17 Query	EXECUTE prep_stmt_3980 /* TRANSFORM_OUTCOME_UNORDERED_MATCH */ /* QNO 1056 CON_ID 17 */
		    17 Execute	SELECT * FROM performance_schema.`events_waits_history_long` AS table1 HAVING table1.`SPINS` = 3 IS NULL LIMIT 246 /* QNO 1041 CON_ID 17 */
		    17 Query	DEALLOCATE PREPARE prep_stmt_3980 /* QNO 1057 CON_ID 17 */
		    17 Query	/* GenTest::Transform::ExecuteAsSPTwice */ DROP PROCEDURE IF EXISTS stored_proc_3980 /* QNO 1058 CON_ID 17 */
		    17 Query	SELECT * from t7 WHERE row_end >= @trx /* QNO 1059 CON_ID 17 */
		    17 Query	UPDATE performance_schema.setup_consumers SET enabled = 'YES' WHERE name IN ( 'events_waits_current', 'events_waits_summary_by_event_name' ) /* QNO 1060 CON_ID 17 */
		    17 Query	CREATE OR REPLACE VIEW transforms.view_3980_probe AS UPDATE performance_schema.setup_consumers SET enabled = 'YES' WHERE name IN ( 'events_waits_current', 'events_waits_summary_by_event_name' ) /* QNO 1060 CON_ID 17 */  /* QNO 1061 CON_ID 17 */
		    17 Query	TRUNCATE TABLE performance_schema.events_waits_summary_by_event_name /* QNO 1062 CON_ID 17 */
		    17 Query	ALTER TABLE t8 REMOVE PARTITIONING /* QNO 1063 CON_ID 17 */
		    17 Query	INSERT INTO `host_cache` SELECT * FROM `socket_summary_by_instance` /* QNO 1064 CON_ID 17 */
		    20 Query	CREATE OR REPLACE VIEW transforms.view_1000_probe AS  SELECT * FROM performance_schema.`objects_summary_global_by_type` AS table1 HAVING table1.`AVG_TIMER_WAIT` >= 7 ORDER BY table1.`COUNT_STAR` LIMIT 13 /* QNO 1015 CON_ID 20 */  /* QNO 1027 CON_ID 20 */
		    17 Query	XA COMMIT 'non_idle_xid'  /* QNO 1065 CON_ID 17 */
		    20 Query	/* GenTest::Transform::ExecuteAsPreparedTwice */ PREPARE prep_stmt_1000 FROM ' SELECT * FROM performance_schema.`objects_summary_global_by_type` AS table1 HAVING table1.`AVG_TIMER_WAIT` >= 7 ORDER BY table1.`COUNT_STAR` LIMIT 13 /* QNO 1015 CON_ID 20 */ ' /* QNO 1028 CON_ID 20 */
		    20 Prepare	SELECT * FROM performance_schema.`objects_summary_global_by_type` AS table1 HAVING table1.`AVG_TIMER_WAIT` >= 7 ORDER BY table1.`COUNT_STAR` LIMIT 13 /* QNO 1015 CON_ID 20 */
		    20 Query	EXECUTE prep_stmt_1000 /* TRANSFORM_OUTCOME_UNORDERED_MATCH */ /* QNO 1029 CON_ID 20 */
		    17 Query	ALTER TABLE t2 /*!100301 WAIT 7 */ DROP COLUMN IF EXISTS tcol10, ALGORITHM=DEFAULT, LOCK=DEFAULT, DROP COLUMN ecol10, ALGORITHM=DEFAULT, LOCK=EXCLUSIVE, DROP PRIMARY KEY /* QNO 1066 CON_ID 17 */
		    17 Query	SHOW ENGINE PERFORMANCE_SCHEMA STATUS /* QNO 1067 CON_ID 17 */
		    17 Query	CREATE OR REPLACE VIEW transforms.view_3980_probe AS SHOW ENGINE PERFORMANCE_SCHEMA STATUS /* QNO 1067 CON_ID 17 */  /* QNO 1068 CON_ID 17 */
		    17 Query	ALTER TABLE `accounts` DROP FOREIGN KEY IF EXISTS h /* QNO 1069 CON_ID 17 */
		    17 Query	ALTER TABLE t6 ADD IF NOT EXISTS scol2 BINARY NULL DEFAULT '' /*!100303 INVISIBLE */, ALGORITHM=DEFAULT, LOCK=SHARED /* QNO 1070 CON_ID 17 */
		    17 Query	SELECT * from `events_stages_history_long` WHERE row_end = @trx /* QNO 1071 CON_ID 17 */
		    17 Query	COMMIT /* QNO 1072 CON_ID 17 */
		    17 Query	INSERT INTO `events_statements_summary_by_digest` SELECT * FROM `events_statements_current` /* QNO 1073 CON_ID 17 */
		    17 Query	UPDATE performance_schema.setup_timers SET timer_name = 'MICROSECOND' /* QNO 1074 CON_ID 17 */
		    17 Query	CREATE OR REPLACE VIEW transforms.view_3980_probe AS UPDATE performance_schema.setup_timers SET timer_name = 'MICROSECOND' /* QNO 1074 CON_ID 17 */  /* QNO 1075 CON_ID 17 */
		    20 Execute	SELECT * FROM performance_schema.`objects_summary_global_by_type` AS table1 HAVING table1.`AVG_TIMER_WAIT` >= 7 ORDER BY table1.`COUNT_STAR` LIMIT 13 /* QNO 1015 CON_ID 20 */
		    17 Query	DROP TABLE IF EXISTS tmp_rename_3980  /* QNO 1076 CON_ID 17 */
		    17 Query	RENAME TABLE t1 TO tmp_rename_3980, tmp_rename_3980 TO t1 /* QNO 1077 CON_ID 17 */
		    17 Query	ALTER IGNORE TABLE t7 /*!100301 NOWAIT */ ADD CONSTRAINT CHECK (vcol9 < 4), DROP COLUMN IF EXISTS vcol6, LOCK=DEFAULT /* QNO 1078 CON_ID 17 */
		    17 Query	DELETE FROM `events_statements_summary_by_host_by_event_name` WHERE `SUM_TIMER_WAIT` <= 8 LIMIT 3 /* QNO 1079 CON_ID 17 */
		    17 Query	UPDATE performance_schema.setup_instruments SET TIMED = 'NO' ORDER BY RAND() LIMIT 1 /* QNO 1080 CON_ID 17 */
		    17 Query	CREATE OR REPLACE VIEW transforms.view_3980_probe AS UPDATE performance_schema.setup_instruments SET TIMED = 'NO' ORDER BY RAND() LIMIT 1 /* QNO 1080 CON_ID 17 */  /* QNO 1081 CON_ID 17 */
		    17 Query	UPDATE `host_cache` SET `COUNT_FCRDNS_ERRORS` = 1 WHERE `HOST_VALIDATED` <> 'cm' /* QNO 1082 CON_ID 17 */
		    17 Query	XA START 'xid33'  /* QNO 1083 CON_ID 17 */
		    17 Query	INSERT INTO `performance_timers` () VALUES () /* QNO 1084 CON_ID 17 */
		    17 Query	SELECT * FROM INFORMATION_SCHEMA.`SCHEMA_PRIVILEGES` AS table1 WHERE ( table1.`GRANTEE` LIKE '%mysys%' AND table1.`IS_GRANTABLE` IN ( 3, 3, 8 )) ORDER BY table1.`PRIVILEGE_TYPE` LIMIT 10 /* QNO 1085 CON_ID 17 */
		    17 Query	/* GenTest::Transform::ExecuteAsCTE */  WITH cte1 AS ( SELECT * FROM INFORMATION_SCHEMA.`SCHEMA_PRIVILEGES` AS table1 WHERE( table1.`GRANTEE` LIKE '%mysys%' AND table1.`IS_GRANTABLE` IN( 3, 3, 8)) ORDER BY table1.`PRIVILEGE_TYPE` LIMIT 10 /* QNO 1085 CON_ID 17 */ ) SELECT * FROM cte1  /* TRANSFORM_OUTCOME_UNORDERED_MATCH */ /* QNO 1086 CON_ID 17 */
		    17 Query	/* GenTest::Transform::ExecuteAsDeleteReturning */ CREATE DATABASE IF NOT EXISTS transforms /* QNO 1087 CON_ID 17 */
		    17 Query	/* GenTest::Transform::ExecuteAsExcept */ (  SELECT * FROM INFORMATION_SCHEMA.`SCHEMA_PRIVILEGES` AS table1 WHERE ( table1.`GRANTEE` LIKE '%mysys%' AND table1.`IS_GRANTABLE` IN ( 3, 3, 8 )) ORDER BY table1.`PRIVILEGE_TYPE` LIMIT 10 /* QNO 1085 CON_ID 17 */  ) EXCEPT (  SELECT * FROM INFORMATION_SCHEMA.`SCHEMA_PRIVILEGES` AS table1 WHERE ( table1.`GRANTEE` LIKE '%mysys%' AND table1.`IS_GRANTABLE` IN ( 3, 3, 8 )) ORDER BY table1.`PRIVILEGE_TYPE` LIMIT 0 /* QNO 1085 CON_ID 17 */  ) /* TRANSFORM_OUTCOME_DISTINCT */ /* QNO 1088 CON_ID 17 */
		    17 Query	(  SELECT * FROM INFORMATION_SCHEMA.`SCHEMA_PRIVILEGES` AS table1 WHERE ( table1.`GRANTEE` LIKE '%mysys%' AND table1.`IS_GRANTABLE` IN ( 3, 3, 8 )) ORDER BY table1.`PRIVILEGE_TYPE` LIMIT 10 /* QNO 1085 CON_ID 17 */  ) EXCEPT (  SELECT * FROM INFORMATION_SCHEMA.`SCHEMA_PRIVILEGES` AS table1 WHERE ( table1.`GRANTEE` LIKE '%mysys%' AND table1.`IS_GRANTABLE` IN ( 3, 3, 8 )) ORDER BY table1.`PRIVILEGE_TYPE` LIMIT 10 /* QNO 1085 CON_ID 17 */  ) /* TRANSFORM_OUTCOME_EMPTY_RESULT */ /* QNO 1089 CON_ID 17 */
		    17 Query	/* GenTest::Transform::ExecuteAsExecuteImmediate */ EXECUTE IMMEDIATE ' SELECT * FROM INFORMATION_SCHEMA.`SCHEMA_PRIVILEGES` AS table1 WHERE ( table1.`GRANTEE` LIKE \'%mysys%\' AND table1.`IS_GRANTABLE` IN ( 3, 3, 8 )) ORDER BY table1.`PRIVILEGE_TYPE` LIMIT 10 /* QNO 1085 CON_ID 17 */ ' /* TRANSFORM_OUTCOME_UNORDERED_MATCH */ /* QNO 1090 CON_ID 17 */
		    17 Prepare	SELECT * FROM INFORMATION_SCHEMA.`SCHEMA_PRIVILEGES` AS table1 WHERE ( table1.`GRANTEE` LIKE '%mysys%' AND table1.`IS_GRANTABLE` IN ( 3, 3, 8 )) ORDER BY table1.`PRIVILEGE_TYPE` LIMIT 10 /* QNO 1085 CON_ID 17 */
		    17 Execute	SELECT * FROM INFORMATION_SCHEMA.`SCHEMA_PRIVILEGES` AS table1 WHERE ( table1.`GRANTEE` LIKE '%mysys%' AND table1.`IS_GRANTABLE` IN ( 3, 3, 8 )) ORDER BY table1.`PRIVILEGE_TYPE` LIMIT 10 /* QNO 1085 CON_ID 17 */
		    17 Query	/* GenTest::Transform::ExecuteAsInsertSelect */ CREATE DATABASE IF NOT EXISTS transforms /* QNO 1091 CON_ID 17 */
		    17 Query	/* GenTest::Transform::ExecuteAsIntersect */ (  SELECT * FROM INFORMATION_SCHEMA.`SCHEMA_PRIVILEGES` AS table1 WHERE ( table1.`GRANTEE` LIKE '%mysys%' AND table1.`IS_GRANTABLE` IN ( 3, 3, 8 )) ORDER BY table1.`PRIVILEGE_TYPE` LIMIT 10 /* QNO 1085 CON_ID 17 */  ) INTERSECT (  SELECT * FROM INFORMATION_SCHEMA.`SCHEMA_PRIVILEGES` AS table1 WHERE ( table1.`GRANTEE` LIKE '%mysys%' AND table1.`IS_GRANTABLE` IN ( 3, 3, 8 )) ORDER BY table1.`PRIVILEGE_TYPE` LIMIT 10 /* QNO 1085 CON_ID 17 */  ) /* TRANSFORM_OUTCOME_DISTINCT */ /* QNO 1092 CON_ID 17 */
		    17 Query	(  SELECT * FROM INFORMATION_SCHEMA.`SCHEMA_PRIVILEGES` AS table1 WHERE ( table1.`GRANTEE` LIKE '%mysys%' AND table1.`IS_GRANTABLE` IN ( 3, 3, 8 )) ORDER BY table1.`PRIVILEGE_TYPE` LIMIT 10 /* QNO 1085 CON_ID 17 */  ) INTERSECT (  SELECT * FROM INFORMATION_SCHEMA.`SCHEMA_PRIVILEGES` AS table1 WHERE ( table1.`GRANTEE` LIKE '%mysys%' AND table1.`IS_GRANTABLE` IN ( 3, 3, 8 )) ORDER BY table1.`PRIVILEGE_TYPE` LIMIT 0 /* QNO 1085 CON_ID 17 */  ) /* TRANSFORM_OUTCOME_EMPTY_RESULT */ /* QNO 1093 CON_ID 17 */
		    17 Query	/* GenTest::Transform::ExecuteAsUnion */ (  SELECT * FROM INFORMATION_SCHEMA.`SCHEMA_PRIVILEGES` AS table1 WHERE ( table1.`GRANTEE` LIKE '%mysys%' AND table1.`IS_GRANTABLE` IN ( 3, 3, 8 )) ORDER BY table1.`PRIVILEGE_TYPE` LIMIT 10 /* QNO 1085 CON_ID 17 */  ) UNION ALL (  SELECT * FROM INFORMATION_SCHEMA.`SCHEMA_PRIVILEGES` AS table1 WHERE ( table1.`GRANTEE` LIKE '%mysys%' AND table1.`IS_GRANTABLE` IN ( 3, 3, 8 )) ORDER BY table1.`PRIVILEGE_TYPE` LIMIT 0 /* QNO 1085 CON_ID 17 */  ) /* TRANSFORM_OUTCOME_UNORDERED_MATCH */ /* QNO 1094 CON_ID 17 */
		    17 Query	(  SELECT * FROM INFORMATION_SCHEMA.`SCHEMA_PRIVILEGES` AS table1 WHERE ( table1.`GRANTEE` LIKE '%mysys%' AND table1.`IS_GRANTABLE` IN ( 3, 3, 8 )) ORDER BY table1.`PRIVILEGE_TYPE` LIMIT 0 /* QNO 1085 CON_ID 17 */  ) UNION ALL (  SELECT * FROM INFORMATION_SCHEMA.`SCHEMA_PRIVILEGES` AS table1 WHERE ( table1.`GRANTEE` LIKE '%mysys%' AND table1.`IS_GRANTABLE` IN ( 3, 3, 8 )) ORDER BY table1.`PRIVILEGE_TYPE` LIMIT 10 /* QNO 1085 CON_ID 17 */  ) /* TRANSFORM_OUTCOME_UNORDERED_MATCH */ /* QNO 1095 CON_ID 17 */
		    17 Query	(  SELECT * FROM INFORMATION_SCHEMA.`SCHEMA_PRIVILEGES` AS table1 WHERE ( table1.`GRANTEE` LIKE '%mysys%' AND table1.`IS_GRANTABLE` IN ( 3, 3, 8 )) ORDER BY table1.`PRIVILEGE_TYPE` LIMIT 10 /* QNO 1085 CON_ID 17 */  ) UNION DISTINCT (  SELECT * FROM INFORMATION_SCHEMA.`SCHEMA_PRIVILEGES` AS table1 WHERE ( table1.`GRANTEE` LIKE '%mysys%' AND table1.`IS_GRANTABLE` IN ( 3, 3, 8 )) ORDER BY table1.`PRIVILEGE_TYPE` LIMIT 10 /* QNO 1085 CON_ID 17 */  ) /* TRANSFORM_OUTCOME_DISTINCT */ /* QNO 1096 CON_ID 17 */
		    17 Query	(  SELECT * FROM INFORMATION_SCHEMA.`SCHEMA_PRIVILEGES` AS table1 WHERE ( table1.`GRANTEE` LIKE '%mysys%' AND table1.`IS_GRANTABLE` IN ( 3, 3, 8 )) ORDER BY table1.`PRIVILEGE_TYPE` LIMIT 10 /* QNO 1085 CON_ID 17 */  ) UNION ALL (  SELECT * FROM INFORMATION_SCHEMA.`SCHEMA_PRIVILEGES` AS table1 WHERE ( table1.`GRANTEE` LIKE '%mysys%' AND table1.`IS_GRANTABLE` IN ( 3, 3, 8 )) ORDER BY table1.`PRIVILEGE_TYPE` LIMIT 10 /* QNO 1085 CON_ID 17 */  ) /* TRANSFORM_OUTCOME_SUPERSET */ /* QNO 1097 CON_ID 17 */
		    20 Query	EXECUTE prep_stmt_1000 /* TRANSFORM_OUTCOME_UNORDERED_MATCH */ /* QNO 1030 CON_ID 20 */
		    18 Query	SHOW WARNINGS
		    21 Query	CREATE TABLE transforms.delete_returning_4888  SELECT * FROM mysql.`db` AS table1 WHERE table1.`Create_priv` IN ( 6, 0, 7 ) LIMIT 113 /* QNO 812 CON_ID 21 */  /* QNO 816 CON_ID 21 */
		    17 Query	CREATE OR REPLACE VIEW transforms.view_3980_probe AS  SELECT * FROM INFORMATION_SCHEMA.`SCHEMA_PRIVILEGES` AS table1 WHERE ( table1.`GRANTEE` LIKE '%mysys%' AND table1.`IS_GRANTABLE` IN ( 3, 3, 8 )) ORDER BY table1.`PRIVILEGE_TYPE` LIMIT 10 /* QNO 1085 CON_ID 17 */  /* QNO 1098 CON_ID 17 */
		    18 Query	DROP TABLE IF EXISTS transforms.insert_select_4904 /* QNO 533 CON_ID 18 */
		    17 Query	/* GenTest::Transform::ExecuteAsPreparedTwice */ PREPARE prep_stmt_3980 FROM ' SELECT * FROM INFORMATION_SCHEMA.`SCHEMA_PRIVILEGES` AS table1 WHERE ( table1.`GRANTEE` LIKE \'%mysys%\' AND table1.`IS_GRANTABLE` IN ( 3, 3, 8 )) ORDER BY table1.`PRIVILEGE_TYPE` LIMIT 10 /* QNO 1085 CON_ID 17 */ ' /* QNO 1099 CON_ID 17 */
		    18 Query	SHOW WARNINGS
		    17 Prepare	SELECT * FROM INFORMATION_SCHEMA.`SCHEMA_PRIVILEGES` AS table1 WHERE ( table1.`GRANTEE` LIKE '%mysys%' AND table1.`IS_GRANTABLE` IN ( 3, 3, 8 )) ORDER BY table1.`PRIVILEGE_TYPE` LIMIT 10 /* QNO 1085 CON_ID 17 */
		    18 Query	CREATE TABLE transforms.insert_select_4904  SELECT * FROM mysql.`help_relation` AS table1 WHERE ( table1.`help_keyword_id` >= table1.`help_keyword_id` OR table1.`help_keyword_id` = table1.`help_topic_id`) LIMIT 94 /* QNO 523 CON_ID 18 */  /* QNO 534 CON_ID 18 */
		    17 Query	EXECUTE prep_stmt_3980 /* TRANSFORM_OUTCOME_UNORDERED_MATCH */ /* QNO 1100 CON_ID 17 */
		    17 Execute	SELECT * FROM INFORMATION_SCHEMA.`SCHEMA_PRIVILEGES` AS table1 WHERE ( table1.`GRANTEE` LIKE '%mysys%' AND table1.`IS_GRANTABLE` IN ( 3, 3, 8 )) ORDER BY table1.`PRIVILEGE_TYPE` LIMIT 10 /* QNO 1085 CON_ID 17 */
		    17 Query	EXECUTE prep_stmt_3980 /* TRANSFORM_OUTCOME_UNORDERED_MATCH */ /* QNO 1101 CON_ID 17 */
		    17 Execute	SELECT * FROM INFORMATION_SCHEMA.`SCHEMA_PRIVILEGES` AS table1 WHERE ( table1.`GRANTEE` LIKE '%mysys%' AND table1.`IS_GRANTABLE` IN ( 3, 3, 8 )) ORDER BY table1.`PRIVILEGE_TYPE` LIMIT 10 /* QNO 1085 CON_ID 17 */
		    17 Query	DEALLOCATE PREPARE prep_stmt_3980 /* QNO 1102 CON_ID 17 */
		    17 Query	/* GenTest::Transform::ExecuteAsSPTwice */ DROP PROCEDURE IF EXISTS stored_proc_3980 /* QNO 1103 CON_ID 17 */
		    17 Query	UPDATE performance_schema.setup_consumers SET enabled = 'NO' WHERE name LIKE 'events%' /* QNO 1104 CON_ID 17 */
		    17 Query	CREATE OR REPLACE VIEW transforms.view_3980_probe AS UPDATE performance_schema.setup_consumers SET enabled = 'NO' WHERE name LIKE 'events%' /* QNO 1104 CON_ID 17 */  /* QNO 1105 CON_ID 17 */
		    17 Query	UPDATE performance_schema.setup_timers SET timer_name = 'MICROSECOND' /* QNO 1106 CON_ID 17 */
		    17 Query	CREATE OR REPLACE VIEW transforms.view_3980_probe AS UPDATE performance_schema.setup_timers SET timer_name = 'MICROSECOND' /* QNO 1106 CON_ID 17 */  /* QNO 1107 CON_ID 17 */
		    17 Query	SHOW CREATE TABLE seq3 /* QNO 1108 CON_ID 17 */
		    17 Query	XA PREPARE 'non_idle_xid'  /* QNO 1109 CON_ID 17 */
		    17 Query	XA ROLLBACK 'xid60'  /* QNO 1110 CON_ID 17 */
		    20 Execute	SELECT * FROM performance_schema.`objects_summary_global_by_type` AS table1 HAVING table1.`AVG_TIMER_WAIT` >= 7 ORDER BY table1.`COUNT_STAR` LIMIT 13 /* QNO 1015 CON_ID 20 */
		    20 Query	DEALLOCATE PREPARE prep_stmt_1000 /* QNO 1031 CON_ID 20 */
		    20 Query	/* GenTest::Transform::ExecuteAsSPTwice */ DROP PROCEDURE IF EXISTS stored_proc_1000 /* QNO 1032 CON_ID 20 */
		    20 Query	INSERT INTO `events_waits_current` SELECT * FROM `mutex_instances` /* QNO 1033 CON_ID 20 */
		    20 Query	DELETE FROM `events_waits_history` WHERE `END_EVENT_ID` = 'c' LIMIT 5 /* QNO 1034 CON_ID 20 */
		    20 Query	XA END 'xid137'  /* QNO 1035 CON_ID 20 */
		    20 Query	SHOW ENGINE PERFORMANCE_SCHEMA STATUS /* QNO 1036 CON_ID 20 */
		    17 Query	SELECT * FROM test.`view_t6` AS table1 WHERE ( ( ( ( (NOT (NOT ( table1.`col_date` <> '2001-03-18 00:30:57.056077' AND table1.`col_bit` IN ( 6, 9, 7 )) AND table1.`col_char` LIKE '%myisam%') AND table1.`col_time` != table1.`col_date`) AND table1.`col_varchar` <= table1.`pk`) OR table1.`col_time` IN ( 6, 7, 5 )) OR table1.`col_blob` LIKE 'wait/synch/cond%') AND table1.`col_bit` LIKE '%mysys%') LIMIT 59 /* QNO 1111 CON_ID 17 */
		    17 Query	ALTER SEQUENCE IF EXISTS seq8 RESTART = -7352126391682334720 MAXVALUE = 6832 /* QNO 1112 CON_ID 17 */
		    20 Query	CREATE OR REPLACE VIEW transforms.view_1000_probe AS SHOW ENGINE PERFORMANCE_SCHEMA STATUS /* QNO 1036 CON_ID 20 */  /* QNO 1037 CON_ID 20 */
		    17 Query	UNLOCK TABLES /* QNO 1113 CON_ID 17 */
		    17 Query	CREATE OR REPLACE VIEW transforms.view_3980_probe AS UNLOCK TABLES /* QNO 1113 CON_ID 17 */  /* QNO 1114 CON_ID 17 */
		    20 Query	INSERT INTO `file_instances` SELECT * FROM `events_stages_history_long` /* QNO 1038 CON_ID 20 */
		    17 Query	TRUNCATE TABLE performance_schema.events_waits_current /* QNO 1115 CON_ID 17 */
		    20 Query	ALTER SEQUENCE IF EXISTS seq7 INCREMENT 6 /* QNO 1039 CON_ID 20 */
		    20 Query	TRUNCATE TABLE performance_schema.events_waits_summary_by_thread_by_event_name /* QNO 1040 CON_ID 20 */
		    17 Query	XA END 'xid161'  /* QNO 1116 CON_ID 17 */
		    20 Query	DELETE FROM `events_stages_summary_by_account_by_event_name` WHERE `SUM_TIMER_WAIT` <> '2010-10-28 09:17:37.010286' LIMIT 5 /* QNO 1041 CON_ID 20 */
		    20 Query	XA COMMIT 'non_idle_xid'  /* QNO 1042 CON_ID 20 */
		    20 Query	TRUNCATE TABLE performance_schema.events_waits_summary_by_thread_by_event_name /* QNO 1043 CON_ID 20 */
		    20 Query	UNLOCK TABLES /* QNO 1044 CON_ID 20 */
		    17 Query	SET STATEMENT system_versioning_alter_history=KEEP FOR ALTER TABLE `t7` PARTITION BY system_time INTERVAL 2 WEEK LIMIT 94 SUBPARTITION BY KEY(`vcol_char`) SUBPARTITIONS 8 ( PARTITION ver_p1 HISTORY, PARTITION ver_p2 HISTORY, PARTITION ver_p3 HISTORY, PARTITION ver_p4 HISTORY, PARTITION ver_p5 HISTORY, PARTITION ver_p6 HISTORY, PARTITION ver_p7 HISTORY, PARTITION ver_pn CURRENT ) /* QNO 1117 CON_ID 17 */
		    17 Query	SELECT * FROM test.`t1` AS table1 WHERE table1.`col_date` LIKE 'wait%' HAVING ( ( (NOT ( ( table1.`vcol_datetime` != '2017-09-20 23:46:19.027185' AND table1.`col_datetime` > '2031-08-15 22:39:23.001081') AND table1.`col_enum` = 'mk') AND table1.`col_blob` >= '2008-11-19 12:48:49.047344') OR table1.`col_timestamp` < '1982-06-14 15:55:20.059729') AND table1.`col_timestamp` <> 'k') ORDER BY table1.`col_year` LIMIT 237 /* QNO 1118 CON_ID 17 */
		    16 Query	CREATE OR REPLACE VIEW transforms.view_900_probe AS DROP DATABASE IF EXISTS h /* QNO 855 CON_ID 16 */  /* QNO 856 CON_ID 16 */
		    16 Query	DROP TRIGGER IF EXISTS q /* QNO 857 CON_ID 16 */
		    16 Query	SHOW WARNINGS
		    16 Query	ALTER TABLE `view_t2` DROP PRIMARY KEY /* QNO 858 CON_ID 16 */
		    16 Query	GRANT SHOW DATABASES ON *.* to 'someuser'@'somehost' /* QNO 859 CON_ID 16 */
		    20 Query	CREATE OR REPLACE VIEW transforms.view_1000_probe AS UNLOCK TABLES /* QNO 1044 CON_ID 20 */  /* QNO 1045 CON_ID 20 */
		    20 Query	UPDATE `table_io_waits_summary_by_index_usage` SET `AVG_TIMER_INSERT` = 3 WHERE `AVG_TIMER_INSERT` > 'v' /* QNO 1046 CON_ID 20 */
		    20 Query	ALTER TABLE `mutex_instances` ADD SYSTEM VERSIONING, MODIFY COLUMN IF EXISTS bcol5 BIT NOT NULL FIRST  /* QNO 1047 CON_ID 20 */
		    20 Query	ALTER TABLE t5 /*!100301 WAIT 2 */ ADD IF NOT EXISTS bcol5 BIT AFTER vcol8, ALGORITHM=INPLACE  /* QNO 1048 CON_ID 20 */
		    20 Query	UPDATE performance_schema.setup_timers SET timer_name = 'MICROSECOND' /* QNO 1049 CON_ID 20 */
		    20 Query	CREATE OR REPLACE VIEW transforms.view_1000_probe AS UPDATE performance_schema.setup_timers SET timer_name = 'MICROSECOND' /* QNO 1049 CON_ID 20 */  /* QNO 1050 CON_ID 20 */
		    20 Query	XA RECOVER /* QNO 1051 CON_ID 20 */
		    17 Query	SET STATEMENT system_versioning_alter_history=KEEP FOR ALTER TABLE t1 DROP PARTITION ver_p5 /* QNO 1119 CON_ID 17 */
		    17 Query	XA END 'xid22'  /* QNO 1120 CON_ID 17 */
		    20 Query	CREATE OR REPLACE VIEW transforms.view_1000_probe AS XA RECOVER /* QNO 1051 CON_ID 20 */  /* QNO 1052 CON_ID 20 */
		    20 Query	ALTER SEQUENCE IF EXISTS seq2 MINVALUE = -24 RESTART = 8 RESTART -38 /* QNO 1053 CON_ID 20 */
		    17 Query	XA ROLLBACK 'non_idle_xid'  /* QNO 1121 CON_ID 17 */
		    20 Query	SHOW ENGINE PERFORMANCE_SCHEMA STATUS /* QNO 1054 CON_ID 20 */
		    20 Query	CREATE OR REPLACE VIEW transforms.view_1000_probe AS SHOW ENGINE PERFORMANCE_SCHEMA STATUS /* QNO 1054 CON_ID 20 */  /* QNO 1055 CON_ID 20 */
		    17 Query	ALTER ONLINE TABLE `t6` ADD FOREIGN KEY (icol10) REFERENCES t9 (`col_blob`) ON UPDATE NO ACTION /* QNO 1122 CON_ID 17 */
		    18 Query	SELECT * FROM transforms.insert_select_4904 /* TRANSFORM_OUTCOME_UNORDERED_MATCH */ /* QNO 535 CON_ID 18 */
		    18 Query	DELETE FROM transforms.insert_select_4904 /* QNO 536 CON_ID 18 */
		    17 Query	SELECT SETVAL(seq5, -2234629840105897984) /* QNO 1123 CON_ID 17 */
		    20 Query	ALTER IGNORE TABLE `cond_instances` DROP CONSTRAINT IF EXISTS u, ALTER COLUMN tscol3 DROP DEFAULT /* QNO 1056 CON_ID 20 */
		    17 Query	INSERT INTO `t7` SELECT * FROM `view_t2` /* QNO 1124 CON_ID 17 */
		    20 Query	SET STATEMENT system_versioning_alter_history=KEEP FOR ALTER TABLE t8 PARTITION BY system_time INTERVAL 9 DAY LIMIT 171 SUBPARTITION BY HASH(tcol2) SUBPARTITIONS 9 ( PARTITION ver_p1 HISTORY, PARTITION ver_p2 HISTORY, PARTITION ver_p3 HISTORY, PARTITION ver_p4 HISTORY, PARTITION ver_pn CURRENT ) /* QNO 1057 CON_ID 20 */
		    17 Query	ALTER TABLE t4 /*!100301 WAIT 3 */ MODIFY COLUMN IF EXISTS ecol3 ENUM('foo','bar') NOT NULL DEFAULT NULL, LOCK=NONE, ADD CONSTRAINT z CHECK (scol8 LIKE ecol4) /* QNO 1125 CON_ID 17 */
		    17 Query	UPDATE performance_schema.setup_consumers SET enabled = 'NO' WHERE name LIKE 'events%' /* QNO 1126 CON_ID 17 */
		    20 Query	UPDATE performance_schema.setup_instruments SET ENABLED = 'YES' WHERE NAME LIKE '%mysys%' /* QNO 1058 CON_ID 20 */
		    17 Query	CREATE OR REPLACE VIEW transforms.view_3980_probe AS UPDATE performance_schema.setup_consumers SET enabled = 'NO' WHERE name LIKE 'events%' /* QNO 1126 CON_ID 17 */  /* QNO 1127 CON_ID 17 */
		    20 Query	CREATE OR REPLACE VIEW transforms.view_1000_probe AS UPDATE performance_schema.setup_instruments SET ENABLED = 'YES' WHERE NAME LIKE '%mysys%' /* QNO 1058 CON_ID 20 */  /* QNO 1059 CON_ID 20 */
		    17 Query	UPDATE performance_schema.setup_instruments SET ENABLED = 'NO' WHERE NAME LIKE 'wait/synch/mutex/%' /* QNO 1128 CON_ID 17 */
		    20 Query	CREATE SEQUENCE seq1 START -6596647554190934016 NO MINVALUE INCREMENT BY 1 NOCYCLE  /* QNO 1060 CON_ID 20 */
		    17 Query	CREATE OR REPLACE VIEW transforms.view_3980_probe AS UPDATE performance_schema.setup_instruments SET ENABLED = 'NO' WHERE NAME LIKE 'wait/synch/mutex/%' /* QNO 1128 CON_ID 17 */  /* QNO 1129 CON_ID 17 */
		    20 Query	UPDATE performance_schema.setup_consumers SET enabled = 'NO' WHERE name IN ( 'events_waits_history_long', 'events_waits_current' ) /* QNO 1061 CON_ID 20 */
		    20 Query	CREATE OR REPLACE VIEW transforms.view_1000_probe AS UPDATE performance_schema.setup_consumers SET enabled = 'NO' WHERE name IN ( 'events_waits_history_long', 'events_waits_current' ) /* QNO 1061 CON_ID 20 */  /* QNO 1062 CON_ID 20 */
		    17 Query	SELECT PREVIOUS VALUE FOR seq8 /* QNO 1130 CON_ID 17 */
		    17 Query	ALTER SEQUENCE IF EXISTS seq10 INCREMENT = -103 /* QNO 1131 CON_ID 17 */
		    20 Query	INSERT INTO `socket_summary_by_instance` SELECT * FROM `table_io_waits_summary_by_table` /* QNO 1063 CON_ID 20 */
		    17 Query	SHOW ENGINE PERFORMANCE_SCHEMA STATUS /* QNO 1132 CON_ID 17 */
		    20 Query	DELETE FROM `events_waits_summary_by_instance` WHERE `OBJECT_INSTANCE_BEGIN` != 'u' LIMIT 2 /* QNO 1064 CON_ID 20 */
		    17 Query	CREATE OR REPLACE VIEW transforms.view_3980_probe AS SHOW ENGINE PERFORMANCE_SCHEMA STATUS /* QNO 1132 CON_ID 17 */  /* QNO 1133 CON_ID 17 */
		    20 Query	DELETE FROM `events_stages_summary_by_account_by_event_name` WHERE `EVENT_NAME` > 9 LIMIT 8 /* QNO 1065 CON_ID 20 */
		    20 Query	UPDATE performance_schema.setup_timers SET timer_name = 'MICROSECOND' /* QNO 1066 CON_ID 20 */
		    20 Query	CREATE OR REPLACE VIEW transforms.view_1000_probe AS UPDATE performance_schema.setup_timers SET timer_name = 'MICROSECOND' /* QNO 1066 CON_ID 20 */  /* QNO 1067 CON_ID 20 */
		    17 Query	UPDATE performance_schema.setup_consumers SET enabled = 'YES' WHERE name IN ( 'file_summary_by_instance', 'file_summary_by_event_name' ) /* QNO 1134 CON_ID 17 */
		    17 Query	CREATE OR REPLACE VIEW transforms.view_3980_probe AS UPDATE performance_schema.setup_consumers SET enabled = 'YES' WHERE name IN ( 'file_summary_by_instance', 'file_summary_by_event_name' ) /* QNO 1134 CON_ID 17 */  /* QNO 1135 CON_ID 17 */
		    17 Query	UPDATE performance_schema.setup_instruments SET TIMED = 'NO' WHERE NAME LIKE 'wait/synch/cond%' /* QNO 1136 CON_ID 17 */
		    17 Query	CREATE OR REPLACE VIEW transforms.view_3980_probe AS UPDATE performance_schema.setup_instruments SET TIMED = 'NO' WHERE NAME LIKE 'wait/synch/cond%' /* QNO 1136 CON_ID 17 */  /* QNO 1137 CON_ID 17 */
		    17 Query	DROP TABLE IF EXISTS tmp_rename_3980  /* QNO 1138 CON_ID 17 */
		    17 Query	RENAME TABLE t5 TO tmp_rename_3980, tmp_rename_3980 TO t5 /* QNO 1139 CON_ID 17 */
		    20 Query	SELECT * FROM test.`t2` AS table1 WHERE NOT ( ( ( ( ( ( ( table1.`vcol_enum` < '1975-04-21 20:53:57.006748' AND table1.`col_bit` LIKE 'wait/io%') OR table1.`col_char` > 7) OR table1.`col_enum` <= 'k') OR table1.`col_bit` = table1.`pk`) OR table1.`col_time` IN ( 3, 2, 8 )) OR table1.`col_char` < 3) OR table1.`col_dec` != table1.`col_char`) LIMIT 45 /* QNO 1068 CON_ID 20 */
		    17 Query	UPDATE performance_schema.setup_timers SET timer_name = 'CYCLE' /* QNO 1140 CON_ID 17 */
		    20 Query	TRUNCATE TABLE performance_schema.events_waits_history_long /* QNO 1069 CON_ID 20 */
		    17 Query	CREATE OR REPLACE VIEW transforms.view_3980_probe AS UPDATE performance_schema.setup_timers SET timer_name = 'CYCLE' /* QNO 1140 CON_ID 17 */  /* QNO 1141 CON_ID 17 */
		    20 Query	INSERT INTO `view_t2` ( `pk` ) VALUES (NULL) /* QNO 1070 CON_ID 20 */
		    17 Query	TRUNCATE TABLE performance_schema.events_waits_current /* QNO 1142 CON_ID 17 */
		    20 Query	ALTER TABLE t6 DROP PARTITION IF EXISTS ver_p4 /* QNO 1071 CON_ID 20 */
		    17 Query	XA START 'xid49'  /* QNO 1143 CON_ID 17 */
		    20 Query	SELECT * from `t5` WHERE row_end IN (SELECT row_end FROM t2) /* QNO 1072 CON_ID 20 */
		    17 Query	TRUNCATE TABLE performance_schema.file_summary_by_event_name /* QNO 1144 CON_ID 17 */
		    20 Query	XA RECOVER /* QNO 1073 CON_ID 20 */
		    17 Query	XA RECOVER /* QNO 1145 CON_ID 17 */
		    20 Query	CREATE OR REPLACE VIEW transforms.view_1000_probe AS XA RECOVER /* QNO 1073 CON_ID 20 */  /* QNO 1074 CON_ID 20 */
		    17 Query	CREATE OR REPLACE VIEW transforms.view_3980_probe AS XA RECOVER /* QNO 1145 CON_ID 17 */  /* QNO 1146 CON_ID 17 */
		    20 Query	UPDATE performance_schema.setup_instruments SET TIMED = 'YES' ORDER BY RAND() LIMIT 2 /* QNO 1075 CON_ID 20 */
		    17 Query	SELECT * FROM `view_t4` INTO OUTFILE 'load_view_t4'  /* QNO 1147 CON_ID 17 */
		    17 Query	LOAD DATA INFILE 'load_view_t4' IGNORE INTO TABLE view_t4 /* QNO 1148 CON_ID 17 */
		    20 Query	CREATE OR REPLACE VIEW transforms.view_1000_probe AS UPDATE performance_schema.setup_instruments SET TIMED = 'YES' ORDER BY RAND() LIMIT 2 /* QNO 1075 CON_ID 20 */  /* QNO 1076 CON_ID 20 */
		    17 Query	TRUNCATE TABLE performance_schema.events_waits_summary_by_thread_by_event_name /* QNO 1149 CON_ID 17 */
		    17 Query	ALTER IGNORE TABLE t8 ALTER COLUMN tcol7 SET DEFAULT NULL, DROP COLUMN IF EXISTS vcol10, FORCE, LOCK=EXCLUSIVE, ALGORITHM=COPY, CHANGE COLUMN tscol10 geocol1 LINESTRING NOT NULL, ALGORITHM=INPLACE, LOCK=EXCLUSIVE /* QNO 1150 CON_ID 17 */
		    17 Query	INSERT INTO `t8` SELECT * FROM `t7` /* QNO 1151 CON_ID 17 */
		    17 Query	INSERT INTO `t1` ( `pk` ) VALUES (NULL) /* QNO 1152 CON_ID 17 */
		    20 Query	SELECT * FROM (INFORMATION_SCHEMA.`INNODB_METRICS` AS table1 INNER JOIN performance_schema.`socket_summary_by_event_name` AS table2 ON ( table2.`SUM_TIMER_MISC` = table1.`TIME_RESET` ) ) HAVING table2.`SUM_TIMER_WAIT` >= 'xx' IS NULL ORDER BY table2.`COUNT_MISC` LIMIT 157 /* QNO 1077 CON_ID 20 */
		    20 Query	SHOW WARNINGS
		    20 Query	SELECT * FROM mysql.`transaction_registry` AS table1 HAVING NOT table1.`begin_timestamp` <= 5 ORDER BY table1.`commit_id` LIMIT 187 /* QNO 1078 CON_ID 20 */
		    20 Query	/* GenTest::Transform::ExecuteAsCTE */  WITH cte1 AS ( SELECT * FROM mysql.`transaction_registry` AS table1 HAVING NOT table1.`begin_timestamp` <= 5 ORDER BY table1.`commit_id` LIMIT 187 /* QNO 1078 CON_ID 20 */ ) SELECT * FROM cte1  /* TRANSFORM_OUTCOME_UNORDERED_MATCH */ /* QNO 1079 CON_ID 20 */
		    20 Query	/* GenTest::Transform::ExecuteAsDeleteReturning */ CREATE DATABASE IF NOT EXISTS transforms /* QNO 1080 CON_ID 20 */
		    20 Query	/* GenTest::Transform::ExecuteAsExcept */ (  SELECT * FROM mysql.`transaction_registry` AS table1 HAVING NOT table1.`begin_timestamp` <= 5 ORDER BY table1.`commit_id` LIMIT 187 /* QNO 1078 CON_ID 20 */  ) EXCEPT (  SELECT * FROM mysql.`transaction_registry` AS table1 HAVING NOT table1.`begin_timestamp` <= 5 ORDER BY table1.`commit_id` LIMIT 0 /* QNO 1078 CON_ID 20 */  ) /* TRANSFORM_OUTCOME_DISTINCT */ /* QNO 1081 CON_ID 20 */
