		    18 Query	SELECT * FROM mysql.`help_keyword` AS table1 HAVING NOT ( (NOT table1.`help_keyword_id` <> '2028-10-07 06:29:09.002574' OR table1.`help_keyword_id` != '2031-01-20 07:32:57.063905') OR table1.`help_keyword_id` != 'jm') LIMIT 228 /* QNO 817 CON_ID 18 */
		    16 Query	CREATE OR REPLACE VIEW transforms.view_900_probe AS GRANT SUPER, SHOW DATABASES, REPLICATION SLAVE ON *.* to 'someuser'@'somehost' /* QNO 1021 CON_ID 16 */  /* QNO 1022 CON_ID 16 */
		    18 Query	ROLLBACK /* QNO 818 CON_ID 18 */
		    16 Query	CREATE DATABASE IF NOT EXISTS h /* QNO 1023 CON_ID 16 */
		    18 Query	TRUNCATE TABLE performance_schema.file_summary_by_event_name /* QNO 819 CON_ID 18 */
		    20 Query	XA END 'xid181'  /* QNO 1931 CON_ID 20 */
		    18 Query	INSERT INTO `time_zone_transition_type` SELECT * FROM `innodb_index_stats` /* QNO 820 CON_ID 18 */
		    18 Query	SELECT * FROM test.`t9` AS table1 WHERE table1.`col_enum` LIKE '%sql%' ORDER BY table1.`col_timestamp` LIMIT 24 /* QNO 821 CON_ID 18 */
		    18 Query	XA END 'xid32'  /* QNO 822 CON_ID 18 */
		    18 Query	TRUNCATE TABLE performance_schema.events_waits_history /* QNO 823 CON_ID 18 */
		    18 Query	SHOW ENGINE PERFORMANCE_SCHEMA STATUS /* QNO 824 CON_ID 18 */
		    18 Query	CREATE OR REPLACE VIEW transforms.view_4904_probe AS SHOW ENGINE PERFORMANCE_SCHEMA STATUS /* QNO 824 CON_ID 18 */  /* QNO 825 CON_ID 18 */
		    18 Query	ALTER ONLINE TABLE t9 /*!100301 WAIT 8 */ ALTER COLUMN `col_year` SET DEFAULT NULL, DROP CONSTRAINT IF EXISTS o, DROP CONSTRAINT b, FORCE, LOCK=NONE  /* QNO 826 CON_ID 18 */
		    18 Query	TRUNCATE TABLE performance_schema.events_waits_current /* QNO 827 CON_ID 18 */
		    18 Query	XA COMMIT 'xid187' ONE PHASE  /* QNO 828 CON_ID 18 */
		    18 Query	CREATE OR REPLACE VIEW transforms.view_4904_probe AS XA COMMIT 'xid187' ONE PHASE  /* QNO 828 CON_ID 18 */  /* QNO 829 CON_ID 18 */
		    18 Query	UPDATE performance_schema.setup_timers SET timer_name = 'NANOSECOND' /* QNO 830 CON_ID 18 */
		    18 Query	CREATE OR REPLACE VIEW transforms.view_4904_probe AS UPDATE performance_schema.setup_timers SET timer_name = 'NANOSECOND' /* QNO 830 CON_ID 18 */  /* QNO 831 CON_ID 18 */
		    18 Query	ALTER TABLE t10 PACK_KEYS = 1 /* QNO 832 CON_ID 18 */
		    18 Query	SELECT * FROM performance_schema.`mutex_instances` AS table1 WHERE NOT ( ( (NOT ( ( ( table1.`OBJECT_INSTANCE_BEGIN` IN ( 8, 6, 6 ) OR table1.`NAME` > '2009-07-26 06:46:45.045190') OR table1.`OBJECT_INSTANCE_BEGIN` > table1.`LOCKED_BY_THREAD_ID`) AND table1.`OBJECT_INSTANCE_BEGIN` LIKE 'wait/synch/cond%') OR table1.`OBJECT_INSTANCE_BEGIN` IN ( 6, 4, 4 )) AND table1.`NAME` >= table1.`LOCKED_BY_THREAD_ID`) OR table1.`LOCKED_BY_THREAD_ID` LIKE 'wait/synch/rwlock%') HAVING NOT ( table1.`OBJECT_INSTANCE_BEGIN` = 'mj' OR table1.`OBJECT_INSTANCE_BEGIN` >= '2021-04-15 12:40:50.005901') LIMIT 109 /* QNO 833 CON_ID 18 */
		    18 Query	SHOW WARNINGS
		    18 Query	SHOW ENGINE PERFORMANCE_SCHEMA STATUS /* QNO 834 CON_ID 18 */
		    18 Query	CREATE OR REPLACE VIEW transforms.view_4904_probe AS SHOW ENGINE PERFORMANCE_SCHEMA STATUS /* QNO 834 CON_ID 18 */  /* QNO 835 CON_ID 18 */
		    18 Query	SELECT * FROM INFORMATION_SCHEMA.`INNODB_SYS_TABLESTATS` AS table1 WHERE (NOT table1.`TABLE_ID` < table1.`NUM_ROWS` OR table1.`CLUST_INDEX_SIZE` = 6) ORDER BY table1.`CLUST_INDEX_SIZE` LIMIT 170 /* QNO 836 CON_ID 18 */
		    16 Query	CREATE OR REPLACE VIEW transforms.view_900_probe AS CREATE DATABASE IF NOT EXISTS h /* QNO 1023 CON_ID 16 */  /* QNO 1024 CON_ID 16 */
		    20 Query	ALTER ONLINE IGNORE TABLE t9 /*!100301 WAIT 0 */ CHANGE COLUMN IF EXISTS tcol5 geocol4 POLYGON NOT NULL DEFAULT ST_GEOMFROMTEXT('Point(1 1)') /*!100303 INVISIBLE */, ALGORITHM=INPLACE, LOCK=EXCLUSIVE, ADD CONSTRAINT n CHECK (vcol10 >= vcol6) /* QNO 1932 CON_ID 20 */
		    16 Query	DROP VIEW IF EXISTS z /* QNO 1025 CON_ID 16 */
		    22 Query	SELECT * FROM transforms.insert_select_4708 /* TRANSFORM_OUTCOME_UNORDERED_MATCH */ /* QNO 888 CON_ID 22 */
		    16 Query	SHOW WARNINGS
		    22 Query	DELETE FROM transforms.insert_select_4708 /* QNO 889 CON_ID 22 */
		    22 Query	INSERT INTO transforms.insert_select_4708  SELECT * FROM performance_schema.`file_summary_by_event_name` AS table1 WHERE (NOT table1.`MAX_TIMER_WAIT` = 1 AND table1.`COUNT_STAR` LIKE 'wait/synch/cond%') LIMIT 95 /* QNO 880 CON_ID 22 */  /* QNO 890 CON_ID 22 */
		    20 Query	SELECT * FROM INFORMATION_SCHEMA.`TABLES` AS table1 WHERE NOT (NOT table1.`AVG_ROW_LENGTH` IN ( 1, 7, 1 ) AND table1.`CREATE_OPTIONS` = '1979-09-22 22:03:28.023614') HAVING ( ( table1.`UPDATE_TIME` = 'd' OR table1.`ROW_FORMAT` = '2031-07-19 17:48:12.025741') AND table1.`AVG_ROW_LENGTH` < '2023-01-28 09:40:49.060572') LIMIT 37 /* QNO 1933 CON_ID 20 */
		    22 Query	SELECT * FROM transforms.insert_select_4708 /* TRANSFORM_OUTCOME_UNORDERED_MATCH */ /* QNO 891 CON_ID 22 */
		    20 Query	TRUNCATE TABLE performance_schema.events_waits_summary_by_thread_by_event_name /* QNO 1934 CON_ID 20 */
		    22 Query	DELETE FROM transforms.insert_select_4708 /* QNO 892 CON_ID 22 */
		    16 Query	REVOKE ALL PRIVILEGES ON test.f FROM 'someuser'@'somehost' /* QNO 1026 CON_ID 16 */
		    22 Query	REPLACE INTO transforms.insert_select_4708  SELECT * FROM performance_schema.`file_summary_by_event_name` AS table1 WHERE (NOT table1.`MAX_TIMER_WAIT` = 1 AND table1.`COUNT_STAR` LIKE 'wait/synch/cond%') LIMIT 95 /* QNO 880 CON_ID 22 */  /* QNO 893 CON_ID 22 */
		    21 Query	SHOW WARNINGS
		    20 Query	ALTER ONLINE IGNORE TABLE t9 /*!100301 WAIT 9 */ ADD FOREIGN KEY z (`CHECKSUM`) REFERENCES `INNODB_FT_DEFAULT_STOPWORD` (tscol8), ADD INDEX(tscol10), ALGORITHM=INPLACE, LOCK=NONE, DROP COLUMN scol4, ALGORITHM=COPY  /* QNO 1935 CON_ID 20 */
		    18 Query	/* GenTest::Transform::ExecuteAsCTE */  WITH cte1 AS ( SELECT * FROM INFORMATION_SCHEMA.`INNODB_SYS_TABLESTATS` AS table1 WHERE( NOT table1.`TABLE_ID` < table1.`NUM_ROWS` OR table1.`CLUST_INDEX_SIZE` = 6) ORDER BY table1.`CLUST_INDEX_SIZE` LIMIT 170 /* QNO 836 CON_ID 18 */ ) SELECT * FROM cte1  /* TRANSFORM_OUTCOME_UNORDERED_MATCH */ /* QNO 837 CON_ID 18 */
		    20 Query	SHOW ENGINE PERFORMANCE_SCHEMA STATUS /* QNO 1936 CON_ID 20 */
		    21 Query	DROP VIEW IF EXISTS transforms.view_4888_merge , transforms.view_4888_temptable /* QNO 887 CON_ID 21 */
		    20 Query	CREATE OR REPLACE VIEW transforms.view_1000_probe AS SHOW ENGINE PERFORMANCE_SCHEMA STATUS /* QNO 1936 CON_ID 20 */  /* QNO 1937 CON_ID 20 */
		    18 Query	/* GenTest::Transform::ExecuteAsExcept */ (  SELECT * FROM INFORMATION_SCHEMA.`INNODB_SYS_TABLESTATS` AS table1 WHERE (NOT table1.`TABLE_ID` < table1.`NUM_ROWS` OR table1.`CLUST_INDEX_SIZE` = 6) ORDER BY table1.`CLUST_INDEX_SIZE` LIMIT 170 /* QNO 836 CON_ID 18 */  ) EXCEPT (  SELECT * FROM INFORMATION_SCHEMA.`INNODB_SYS_TABLESTATS` AS table1 WHERE (NOT table1.`TABLE_ID` < table1.`NUM_ROWS` OR table1.`CLUST_INDEX_SIZE` = 6) ORDER BY table1.`CLUST_INDEX_SIZE` LIMIT 0 /* QNO 836 CON_ID 18 */  ) /* TRANSFORM_OUTCOME_DISTINCT */ /* QNO 838 CON_ID 18 */
		    20 Query	SHOW ENGINE PERFORMANCE_SCHEMA STATUS /* QNO 1938 CON_ID 20 */
		    21 Query	SHOW WARNINGS
		    22 Query	SELECT * FROM transforms.insert_select_4708 /* TRANSFORM_OUTCOME_UNORDERED_MATCH */ /* QNO 894 CON_ID 22 */
		    20 Query	CREATE OR REPLACE VIEW transforms.view_1000_probe AS SHOW ENGINE PERFORMANCE_SCHEMA STATUS /* QNO 1938 CON_ID 20 */  /* QNO 1939 CON_ID 20 */
		    21 Query	CREATE OR REPLACE ALGORITHM=MERGE VIEW transforms.view_4888_merge AS  SELECT * FROM mysql.`transaction_registry` AS table1 HAVING table1.`commit_timestamp` > 6 LIMIT 236 /* QNO 858 CON_ID 21 */  /* QNO 888 CON_ID 21 */
		    20 Query	SET SESSION `system_versioning_alter_history`= DEFAULT /* QNO 1940 CON_ID 20 */
		    22 Query	DROP TABLE transforms.insert_select_4708 /* QNO 895 CON_ID 22 */
		    20 Query	CREATE OR REPLACE VIEW transforms.view_1000_probe AS SET SESSION `system_versioning_alter_history`= DEFAULT /* QNO 1940 CON_ID 20 */  /* QNO 1941 CON_ID 20 */
		    20 Query	TRUNCATE TABLE performance_schema.events_waits_history /* QNO 1942 CON_ID 20 */
		    17 Query	DELETE FROM transforms.delete_returning_3980 RETURNING `Host`,`Db`,`User`,`Table_name`,`Column_name`,`Timestamp`,`Column_priv` /* TRANSFORM_OUTCOME_UNORDERED_MATCH */ /* QNO 1373 CON_ID 17 */
		    22 Query	/* GenTest::Transform::ExecuteAsIntersect */ (  SELECT * FROM performance_schema.`file_summary_by_event_name` AS table1 WHERE (NOT table1.`MAX_TIMER_WAIT` = 1 AND table1.`COUNT_STAR` LIKE 'wait/synch/cond%') LIMIT 95 /* QNO 880 CON_ID 22 */  ) INTERSECT (  SELECT * FROM performance_schema.`file_summary_by_event_name` AS table1 WHERE (NOT table1.`MAX_TIMER_WAIT` = 1 AND table1.`COUNT_STAR` LIKE 'wait/synch/cond%') LIMIT 95 /* QNO 880 CON_ID 22 */  ) /* TRANSFORM_OUTCOME_DISTINCT */ /* QNO 896 CON_ID 22 */
		    16 Query	CREATE OR REPLACE VIEW transforms.view_900_probe AS REVOKE ALL PRIVILEGES ON test.f FROM 'someuser'@'somehost' /* QNO 1026 CON_ID 16 */  /* QNO 1027 CON_ID 16 */
		    17 Query	/* GenTest::Transform::ExecuteAsExcept */ (  SELECT * FROM mysql.`columns_priv` AS table1 WHERE NOT (NOT table1.`Column_name` IN ( 0, 4, 0 ) OR table1.`User` = '2015-02-11 15:46:16.050731') HAVING table1.`Host` >= 2 IS NULL LIMIT 71 /* QNO 1368 CON_ID 17 */  ) EXCEPT (  SELECT * FROM mysql.`columns_priv` AS table1 WHERE NOT (NOT table1.`Column_name` IN ( 0, 4, 0 ) OR table1.`User` = '2015-02-11 15:46:16.050731') HAVING table1.`Host` >= 2 IS NULL LIMIT 0 /* QNO 1368 CON_ID 17 */  ) /* TRANSFORM_OUTCOME_DISTINCT */ /* QNO 1374 CON_ID 17 */
		    18 Query	(  SELECT * FROM INFORMATION_SCHEMA.`INNODB_SYS_TABLESTATS` AS table1 WHERE (NOT table1.`TABLE_ID` < table1.`NUM_ROWS` OR table1.`CLUST_INDEX_SIZE` = 6) ORDER BY table1.`CLUST_INDEX_SIZE` LIMIT 170 /* QNO 836 CON_ID 18 */  ) EXCEPT (  SELECT * FROM INFORMATION_SCHEMA.`INNODB_SYS_TABLESTATS` AS table1 WHERE (NOT table1.`TABLE_ID` < table1.`NUM_ROWS` OR table1.`CLUST_INDEX_SIZE` = 6) ORDER BY table1.`CLUST_INDEX_SIZE` LIMIT 170 /* QNO 836 CON_ID 18 */  ) /* TRANSFORM_OUTCOME_EMPTY_RESULT */ /* QNO 839 CON_ID 18 */
		    17 Query	(  SELECT * FROM mysql.`columns_priv` AS table1 WHERE NOT (NOT table1.`Column_name` IN ( 0, 4, 0 ) OR table1.`User` = '2015-02-11 15:46:16.050731') HAVING table1.`Host` >= 2 IS NULL LIMIT 71 /* QNO 1368 CON_ID 17 */  ) EXCEPT (  SELECT * FROM mysql.`columns_priv` AS table1 WHERE NOT (NOT table1.`Column_name` IN ( 0, 4, 0 ) OR table1.`User` = '2015-02-11 15:46:16.050731') HAVING table1.`Host` >= 2 IS NULL LIMIT 71 /* QNO 1368 CON_ID 17 */  ) /* TRANSFORM_OUTCOME_EMPTY_RESULT */ /* QNO 1375 CON_ID 17 */
		    17 Query	/* GenTest::Transform::ExecuteAsExecuteImmediate */ EXECUTE IMMEDIATE ' SELECT * FROM mysql.`columns_priv` AS table1 WHERE NOT (NOT table1.`Column_name` IN ( 0, 4, 0 ) OR table1.`User` = \'2015-02-11 15:46:16.050731\') HAVING table1.`Host` >= 2 IS NULL LIMIT 71 /* QNO 1368 CON_ID 17 */ ' /* TRANSFORM_OUTCOME_UNORDERED_MATCH */ /* QNO 1376 CON_ID 17 */
		    17 Prepare	SELECT * FROM mysql.`columns_priv` AS table1 WHERE NOT (NOT table1.`Column_name` IN ( 0, 4, 0 ) OR table1.`User` = '2015-02-11 15:46:16.050731') HAVING table1.`Host` >= 2 IS NULL LIMIT 71 /* QNO 1368 CON_ID 17 */
		    17 Execute	SELECT * FROM mysql.`columns_priv` AS table1 WHERE NOT (NOT table1.`Column_name` IN ( 0, 4, 0 ) OR table1.`User` = '2015-02-11 15:46:16.050731') HAVING table1.`Host` >= 2 IS NULL LIMIT 71 /* QNO 1368 CON_ID 17 */
		    16 Query	GRANT INSERT ( `vcol_datetime` ) ON `t9` TO 'someuser'@'somehost' /* QNO 1028 CON_ID 16 */
		    22 Query	(  SELECT * FROM performance_schema.`file_summary_by_event_name` AS table1 WHERE (NOT table1.`MAX_TIMER_WAIT` = 1 AND table1.`COUNT_STAR` LIKE 'wait/synch/cond%') LIMIT 95 /* QNO 880 CON_ID 22 */  ) INTERSECT (  SELECT * FROM performance_schema.`file_summary_by_event_name` AS table1 WHERE (NOT table1.`MAX_TIMER_WAIT` = 1 AND table1.`COUNT_STAR` LIKE 'wait/synch/cond%') LIMIT 0 /* QNO 880 CON_ID 22 */  ) /* TRANSFORM_OUTCOME_EMPTY_RESULT */ /* QNO 897 CON_ID 22 */
		    17 Query	/* GenTest::Transform::ExecuteAsInsertSelect */ CREATE DATABASE IF NOT EXISTS transforms /* QNO 1377 CON_ID 17 */
		    18 Query	/* GenTest::Transform::ExecuteAsExecuteImmediate */ EXECUTE IMMEDIATE ' SELECT * FROM INFORMATION_SCHEMA.`INNODB_SYS_TABLESTATS` AS table1 WHERE (NOT table1.`TABLE_ID` < table1.`NUM_ROWS` OR table1.`CLUST_INDEX_SIZE` = 6) ORDER BY table1.`CLUST_INDEX_SIZE` LIMIT 170 /* QNO 836 CON_ID 18 */ ' /* TRANSFORM_OUTCOME_UNORDERED_MATCH */ /* QNO 840 CON_ID 18 */
		    18 Prepare	SELECT * FROM INFORMATION_SCHEMA.`INNODB_SYS_TABLESTATS` AS table1 WHERE (NOT table1.`TABLE_ID` < table1.`NUM_ROWS` OR table1.`CLUST_INDEX_SIZE` = 6) ORDER BY table1.`CLUST_INDEX_SIZE` LIMIT 170 /* QNO 836 CON_ID 18 */
		    18 Execute	SELECT * FROM INFORMATION_SCHEMA.`INNODB_SYS_TABLESTATS` AS table1 WHERE (NOT table1.`TABLE_ID` < table1.`NUM_ROWS` OR table1.`CLUST_INDEX_SIZE` = 6) ORDER BY table1.`CLUST_INDEX_SIZE` LIMIT 170 /* QNO 836 CON_ID 18 */
		    16 Query	DROP DATABASE IF EXISTS f /* QNO 1029 CON_ID 16 */
		    22 Query	/* GenTest::Transform::ExecuteAsUnion */ (  SELECT * FROM performance_schema.`file_summary_by_event_name` AS table1 WHERE (NOT table1.`MAX_TIMER_WAIT` = 1 AND table1.`COUNT_STAR` LIKE 'wait/synch/cond%') LIMIT 95 /* QNO 880 CON_ID 22 */  ) UNION ALL (  SELECT * FROM performance_schema.`file_summary_by_event_name` AS table1 WHERE (NOT table1.`MAX_TIMER_WAIT` = 1 AND table1.`COUNT_STAR` LIKE 'wait/synch/cond%') LIMIT 0 /* QNO 880 CON_ID 22 */  ) /* TRANSFORM_OUTCOME_UNORDERED_MATCH */ /* QNO 898 CON_ID 22 */
		    17 Query	SHOW WARNINGS
		    16 Query	SHOW WARNINGS
		    18 Query	/* GenTest::Transform::ExecuteAsInsertSelect */ CREATE DATABASE IF NOT EXISTS transforms /* QNO 841 CON_ID 18 */
		    17 Query	DROP TABLE IF EXISTS transforms.insert_select_3980 /* QNO 1378 CON_ID 17 */
		    17 Query	SHOW WARNINGS
		    17 Query	CREATE TABLE transforms.insert_select_3980  SELECT * FROM mysql.`columns_priv` AS table1 WHERE NOT (NOT table1.`Column_name` IN ( 0, 4, 0 ) OR table1.`User` = '2015-02-11 15:46:16.050731') HAVING table1.`Host` >= 2 IS NULL LIMIT 71 /* QNO 1368 CON_ID 17 */  /* QNO 1379 CON_ID 17 */
		    16 Query	GRANT SELECT ( `col_varchar` ), SELECT ( `col_timestamp`, `col_time` ) ON `view_t7` TO 'someuser'@'somehost' /* QNO 1030 CON_ID 16 */
		    18 Query	SHOW WARNINGS
		    18 Query	DROP TABLE IF EXISTS transforms.insert_select_4904 /* QNO 842 CON_ID 18 */
		    18 Query	SHOW WARNINGS
		    18 Query	CREATE TABLE transforms.insert_select_4904  SELECT * FROM INFORMATION_SCHEMA.`INNODB_SYS_TABLESTATS` AS table1 WHERE (NOT table1.`TABLE_ID` < table1.`NUM_ROWS` OR table1.`CLUST_INDEX_SIZE` = 6) ORDER BY table1.`CLUST_INDEX_SIZE` LIMIT 170 /* QNO 836 CON_ID 18 */  /* QNO 843 CON_ID 18 */
		    16 Query	CREATE TRIGGER x BEFORE INSERT ON `t6` FOR EACH ROW BEGIN INSERT INTO `t2` SELECT * FROM `view_t5` LIMIT 0 ; END ; /* QNO 1031 CON_ID 16 */
		    22 Query	(  SELECT * FROM performance_schema.`file_summary_by_event_name` AS table1 WHERE (NOT table1.`MAX_TIMER_WAIT` = 1 AND table1.`COUNT_STAR` LIKE 'wait/synch/cond%') LIMIT 0 /* QNO 880 CON_ID 22 */  ) UNION ALL (  SELECT * FROM performance_schema.`file_summary_by_event_name` AS table1 WHERE (NOT table1.`MAX_TIMER_WAIT` = 1 AND table1.`COUNT_STAR` LIKE 'wait/synch/cond%') LIMIT 95 /* QNO 880 CON_ID 22 */  ) /* TRANSFORM_OUTCOME_UNORDERED_MATCH */ /* QNO 899 CON_ID 22 */
		    22 Query	(  SELECT * FROM performance_schema.`file_summary_by_event_name` AS table1 WHERE (NOT table1.`MAX_TIMER_WAIT` = 1 AND table1.`COUNT_STAR` LIKE 'wait/synch/cond%') LIMIT 95 /* QNO 880 CON_ID 22 */  ) UNION DISTINCT (  SELECT * FROM performance_schema.`file_summary_by_event_name` AS table1 WHERE (NOT table1.`MAX_TIMER_WAIT` = 1 AND table1.`COUNT_STAR` LIKE 'wait/synch/cond%') LIMIT 95 /* QNO 880 CON_ID 22 */  ) /* TRANSFORM_OUTCOME_DISTINCT */ /* QNO 900 CON_ID 22 */
		    16 Query	CREATE TABLE v LIKE `t1` /* QNO 1032 CON_ID 16 */
		    22 Query	(  SELECT * FROM performance_schema.`file_summary_by_event_name` AS table1 WHERE (NOT table1.`MAX_TIMER_WAIT` = 1 AND table1.`COUNT_STAR` LIKE 'wait/synch/cond%') LIMIT 95 /* QNO 880 CON_ID 22 */  ) UNION ALL (  SELECT * FROM performance_schema.`file_summary_by_event_name` AS table1 WHERE (NOT table1.`MAX_TIMER_WAIT` = 1 AND table1.`COUNT_STAR` LIKE 'wait/synch/cond%') LIMIT 95 /* QNO 880 CON_ID 22 */  ) /* TRANSFORM_OUTCOME_SUPERSET */ /* QNO 901 CON_ID 22 */
		    21 Query	SHOW WARNINGS
		    20 Query	TRUNCATE TABLE performance_schema.events_waits_summary_by_thread_by_event_name /* QNO 1943 CON_ID 20 */
		    22 Query	CREATE OR REPLACE VIEW transforms.view_4708_probe AS  SELECT * FROM performance_schema.`file_summary_by_event_name` AS table1 WHERE (NOT table1.`MAX_TIMER_WAIT` = 1 AND table1.`COUNT_STAR` LIKE 'wait/synch/cond%') LIMIT 95 /* QNO 880 CON_ID 22 */  /* QNO 902 CON_ID 22 */
		    21 Query	SELECT * FROM transforms.view_4888_merge /* TRANSFORM_OUTCOME_UNORDERED_MATCH */ /* QNO 889 CON_ID 21 */
		    20 Query	UPDATE performance_schema.setup_consumers SET enabled = 'NO' WHERE name IN ( 'events_waits_summary_by_event_name', 'events_waits_summary_by_event_name' ) /* QNO 1944 CON_ID 20 */
		    21 Query	CREATE OR REPLACE ALGORITHM=TEMPTABLE VIEW transforms.view_4888_temptable AS  SELECT * FROM mysql.`transaction_registry` AS table1 HAVING table1.`commit_timestamp` > 6 LIMIT 236 /* QNO 858 CON_ID 21 */  /* QNO 890 CON_ID 21 */
		    21 Query	SELECT * FROM transforms.view_4888_temptable /* TRANSFORM_OUTCOME_UNORDERED_MATCH */ /* QNO 891 CON_ID 21 */
		    22 Query	DROP VIEW transforms.view_4708_probe /* QNO 903 CON_ID 22 */
		    21 Query	DROP VIEW transforms.view_4888_merge , transforms.view_4888_temptable /* QNO 892 CON_ID 21 */
		    22 Query	/* GenTest::Transform::ExecuteAsView */ CREATE DATABASE IF NOT EXISTS transforms /* QNO 904 CON_ID 22 */
		    17 Query	SELECT * FROM transforms.insert_select_3980 /* TRANSFORM_OUTCOME_UNORDERED_MATCH */ /* QNO 1380 CON_ID 17 */
		    17 Query	DELETE FROM transforms.insert_select_3980 /* QNO 1381 CON_ID 17 */
		    21 Query	/* GenTest::Transform::ExecuteAsPreparedTwice */ PREPARE prep_stmt_4888 FROM ' SELECT * FROM mysql.`transaction_registry` AS table1 HAVING table1.`commit_timestamp` > 6 LIMIT 236 /* QNO 858 CON_ID 21 */ ' /* QNO 893 CON_ID 21 */
		    21 Prepare	SELECT * FROM mysql.`transaction_registry` AS table1 HAVING table1.`commit_timestamp` > 6 LIMIT 236 /* QNO 858 CON_ID 21 */
		    17 Query	INSERT INTO transforms.insert_select_3980  SELECT * FROM mysql.`columns_priv` AS table1 WHERE NOT (NOT table1.`Column_name` IN ( 0, 4, 0 ) OR table1.`User` = '2015-02-11 15:46:16.050731') HAVING table1.`Host` >= 2 IS NULL LIMIT 71 /* QNO 1368 CON_ID 17 */  /* QNO 1382 CON_ID 17 */
		    21 Query	EXECUTE prep_stmt_4888 /* TRANSFORM_OUTCOME_UNORDERED_MATCH */ /* QNO 894 CON_ID 21 */
		    21 Execute	SELECT * FROM mysql.`transaction_registry` AS table1 HAVING table1.`commit_timestamp` > 6 LIMIT 236 /* QNO 858 CON_ID 21 */
		    21 Query	EXECUTE prep_stmt_4888 /* TRANSFORM_OUTCOME_UNORDERED_MATCH */ /* QNO 895 CON_ID 21 */
		    21 Execute	SELECT * FROM mysql.`transaction_registry` AS table1 HAVING table1.`commit_timestamp` > 6 LIMIT 236 /* QNO 858 CON_ID 21 */
		    17 Query	SELECT * FROM transforms.insert_select_3980 /* TRANSFORM_OUTCOME_UNORDERED_MATCH */ /* QNO 1383 CON_ID 17 */
		    21 Query	DEALLOCATE PREPARE prep_stmt_4888 /* QNO 896 CON_ID 21 */
		    17 Query	DELETE FROM transforms.insert_select_3980 /* QNO 1384 CON_ID 17 */
		    21 Query	/* GenTest::Transform::ExecuteAsSPTwice */ DROP PROCEDURE IF EXISTS stored_proc_4888 /* QNO 897 CON_ID 21 */
		    17 Query	REPLACE INTO transforms.insert_select_3980  SELECT * FROM mysql.`columns_priv` AS table1 WHERE NOT (NOT table1.`Column_name` IN ( 0, 4, 0 ) OR table1.`User` = '2015-02-11 15:46:16.050731') HAVING table1.`Host` >= 2 IS NULL LIMIT 71 /* QNO 1368 CON_ID 17 */  /* QNO 1385 CON_ID 17 */
		    21 Query	SHOW WARNINGS
		    17 Query	SELECT * FROM transforms.insert_select_3980 /* TRANSFORM_OUTCOME_UNORDERED_MATCH */ /* QNO 1386 CON_ID 17 */
		    21 Query	CREATE PROCEDURE stored_proc_4888 () LANGUAGE SQL  SELECT * FROM mysql.`transaction_registry` AS table1 HAVING table1.`commit_timestamp` > 6 LIMIT 236 /* QNO 858 CON_ID 21 */  /* QNO 898 CON_ID 21 */
		    17 Query	DROP TABLE transforms.insert_select_3980 /* QNO 1387 CON_ID 17 */
		    18 Query	SELECT * FROM transforms.insert_select_4904 /* TRANSFORM_OUTCOME_UNORDERED_MATCH */ /* QNO 844 CON_ID 18 */
		    22 Query	SHOW WARNINGS
		    18 Query	DELETE FROM transforms.insert_select_4904 /* QNO 845 CON_ID 18 */
		    22 Query	DROP VIEW IF EXISTS transforms.view_4708_merge , transforms.view_4708_temptable /* QNO 905 CON_ID 22 */
		    18 Query	INSERT INTO transforms.insert_select_4904  SELECT * FROM INFORMATION_SCHEMA.`INNODB_SYS_TABLESTATS` AS table1 WHERE (NOT table1.`TABLE_ID` < table1.`NUM_ROWS` OR table1.`CLUST_INDEX_SIZE` = 6) ORDER BY table1.`CLUST_INDEX_SIZE` LIMIT 170 /* QNO 836 CON_ID 18 */  /* QNO 846 CON_ID 18 */
		    21 Query	CALL stored_proc_4888 /* TRANSFORM_OUTCOME_UNORDERED_MATCH */ /* QNO 899 CON_ID 21 */
		    21 Query	CALL stored_proc_4888 /* TRANSFORM_OUTCOME_UNORDERED_MATCH */ /* QNO 900 CON_ID 21 */
		    21 Query	DROP PROCEDURE IF EXISTS stored_proc_4888 /* QNO 901 CON_ID 21 */
		    20 Query	SELECT * FROM `INNODB_SYS_VIRTUAL` INTO OUTFILE 'load_INNODB_SYS_VIRTUAL'  /* QNO 1945 CON_ID 20 */
		    20 Query	LOAD DATA INFILE 'load_INNODB_SYS_VIRTUAL' IGNORE INTO TABLE INNODB_SYS_VIRTUAL /* QNO 1946 CON_ID 20 */
		    20 Query	SELECT * FROM `COLLATION_CHARACTER_SET_APPLICABILITY` INTO OUTFILE 'load_COLLATION_CHARACTER_SET_APPLICABILITY'  /* QNO 1947 CON_ID 20 */
		    20 Query	LOAD DATA INFILE 'load_COLLATION_CHARACTER_SET_APPLICABILITY' REPLACE INTO TABLE COLLATION_CHARACTER_SET_APPLICABILITY /* QNO 1948 CON_ID 20 */
		    20 Query	TRUNCATE TABLE performance_schema.file_summary_by_event_name /* QNO 1949 CON_ID 20 */
		    20 Query	SHOW TABLES /* QNO 1950 CON_ID 20 */
		    20 Query	UPDATE performance_schema.setup_instruments SET ENABLED = 'NO' WHERE NAME LIKE '%sql%' /* QNO 1951 CON_ID 20 */
		    20 Query	SHOW ENGINE PERFORMANCE_SCHEMA STATUS /* QNO 1952 CON_ID 20 */
		    20 Query	CREATE OR REPLACE VIEW transforms.view_1000_probe AS SHOW ENGINE PERFORMANCE_SCHEMA STATUS /* QNO 1952 CON_ID 20 */  /* QNO 1953 CON_ID 20 */
		    20 Query	UPDATE performance_schema.setup_timers SET timer_name = 'TICK' /* QNO 1954 CON_ID 20 */
		    20 Query	UPDATE `SCHEMATA` SET `SCHEMA_NAME` = '1998-03-22 21:03:53.037221' WHERE `CATALOG_NAME` = '1981-05-25 02:54:42.029040' /* QNO 1955 CON_ID 20 */
		    20 Query	SELECT * from `INNODB_METRICS` WHERE row_end IN (SELECT row_end FROM `APPLICABLE_ROLES`) /* QNO 1956 CON_ID 20 */
		    20 Query	UPDATE performance_schema.setup_timers SET timer_name = 'MICROSECOND' /* QNO 1957 CON_ID 20 */
		    20 Query	XA COMMIT 'xid181' ONE PHASE  /* QNO 1958 CON_ID 20 */
		    20 Query	INSERT INTO `ALL_PLUGINS` SELECT * FROM `INNODB_METRICS` /* QNO 1959 CON_ID 20 */
		    20 Query	SELECT * FROM (INFORMATION_SCHEMA.`INNODB_TABLESPACES_SCRUBBING` AS table1 RIGHT JOIN mysql.`transaction_registry` AS table2 ON ( table2.`begin_timestamp` = table1.`CURRENT_SCRUB_PAGE_NUMBER` ) ) WHERE (NOT ( table1.`NAME` > table2.`transaction_id` OR table2.`begin_timestamp` <= 'o') AND table1.`CURRENT_SCRUB_MAX_PAGE_NUMBER` != 'm') HAVING table2.`begin_timestamp` > 5 LIMIT 79 /* QNO 1960 CON_ID 20 */
		    20 Query	UPDATE performance_schema.setup_instruments SET TIMED = 'NO' WHERE NAME LIKE '%mysys%' /* QNO 1961 CON_ID 20 */
		    20 Query	ALTER TABLE t7 DROP CONSTRAINT x /* QNO 1962 CON_ID 20 */
		    20 Query	DROP TABLE t2 /* QNO 1963 CON_ID 20 */
		    20 Query	XA PREPARE 'non_idle_xid'  /* QNO 1964 CON_ID 20 */
		    20 Query	TRUNCATE TABLE performance_schema.events_waits_history_long /* QNO 1965 CON_ID 20 */
		    20 Query	SHOW ENGINE PERFORMANCE_SCHEMA STATUS /* QNO 1966 CON_ID 20 */
		    20 Query	CREATE OR REPLACE VIEW transforms.view_1000_probe AS SHOW ENGINE PERFORMANCE_SCHEMA STATUS /* QNO 1966 CON_ID 20 */  /* QNO 1967 CON_ID 20 */
		    20 Query	INSERT INTO `proc` SELECT * FROM `help_topic` /* QNO 1968 CON_ID 20 */
		    20 Query	INSERT INTO `index_stats` ( `pk` ) VALUES (NULL) /* QNO 1969 CON_ID 20 */
		    20 Query	RENAME TABLE seq5 TO seq10, seq5 TO seq10, seq10 TO seq3 /* QNO 1970 CON_ID 20 */
		    20 Query	SELECT PREVIOUS VALUE FOR seq1 /* QNO 1971 CON_ID 20 */
		    20 Query	TRUNCATE TABLE performance_schema.events_waits_summary_by_event_name /* QNO 1972 CON_ID 20 */
		    20 Query	XA ROLLBACK 'xid14'  /* QNO 1973 CON_ID 20 */
		    20 Query	SHOW WARNINGS
		    20 Query	SHOW ENGINE PERFORMANCE_SCHEMA STATUS /* QNO 1974 CON_ID 20 */
		    21 Query	INSERT INTO `table_stats` SELECT * FROM `time_zone` /* QNO 902 CON_ID 21 */
		    21 Query	ALTER IGNORE TABLE `servers` /*!100301 WAIT 4 */ ADD CONSTRAINT FOREIGN KEY (scol2) REFERENCES t8 (ncol1, tcol7) ON DELETE RESTRICT, MODIFY COLUMN IF EXISTS icol4 TINYINT UNSIGNED NOT NULL AFTER `Server_name`, ALGORITHM=INPLACE, ADD FOREIGN KEY (ecol6, scol3) REFERENCES `time_zone_transition_type` (tcol6) ON DELETE NO ACTION, ADD CONSTRAINT CHECK (tcol8 = `Time_zone_id`), RENAME TO t5, DROP COLUMN IF EXISTS icol5, ALGORITHM=INPLACE  /* QNO 903 CON_ID 21 */
		    21 Query	SELECT * FROM seq9 /* QNO 904 CON_ID 21 */
		    21 Query	SELECT SETVAL(seq10, 2529615615698665472) /* QNO 905 CON_ID 21 */
		    21 Query	INSERT INTO `time_zone_transition` SELECT * FROM `tables_priv` /* QNO 906 CON_ID 21 */
		    21 Query	TRUNCATE TABLE performance_schema.events_waits_summary_by_instance /* QNO 907 CON_ID 21 */
		    21 Query	CREATE OR REPLACE VIEW transforms.view_4888_probe AS TRUNCATE TABLE performance_schema.events_waits_summary_by_instance /* QNO 907 CON_ID 21 */  /* QNO 908 CON_ID 21 */
		    21 Query	ROLLBACK /* QNO 909 CON_ID 21 */
		    21 Query	CREATE OR REPLACE VIEW transforms.view_4888_probe AS ROLLBACK /* QNO 909 CON_ID 21 */  /* QNO 910 CON_ID 21 */
		    21 Query	OPTIMIZE TABLE t2 /* QNO 911 CON_ID 21 */
		    21 Query	CREATE OR REPLACE VIEW transforms.view_4888_probe AS OPTIMIZE TABLE t2 /* QNO 911 CON_ID 21 */  /* QNO 912 CON_ID 21 */
		    21 Query	SELECT * from `host` WHERE row_end = @trx /* QNO 913 CON_ID 21 */
		    21 Query	SELECT * from `roles_mapping` WHERE row_start IN (SELECT row_start FROM `roles_mapping`) /* QNO 914 CON_ID 21 */
		    21 Query	UNLOCK TABLES /* QNO 915 CON_ID 21 */
		    21 Query	CREATE OR REPLACE VIEW transforms.view_4888_probe AS UNLOCK TABLES /* QNO 915 CON_ID 21 */  /* QNO 916 CON_ID 21 */
		    21 Query	TRUNCATE TABLE performance_schema.events_waits_history /* QNO 917 CON_ID 21 */
		    21 Query	CREATE OR REPLACE VIEW transforms.view_4888_probe AS TRUNCATE TABLE performance_schema.events_waits_history /* QNO 917 CON_ID 21 */  /* QNO 918 CON_ID 21 */
		    21 Query	ALTER TABLE t6 /*!100301 WAIT 5 */ ADD FOREIGN KEY u (scol8) REFERENCES t1 (`User`)  /* QNO 919 CON_ID 21 */
190114 12:06:41	    20 Query	CREATE OR REPLACE VIEW transforms.view_1000_probe AS SHOW ENGINE PERFORMANCE_SCHEMA STATUS /* QNO 1974 CON_ID 20 */  /* QNO 1975 CON_ID 20 */
		    22 Query	SHOW WARNINGS
		    20 Query	XA ROLLBACK 'non_idle_xid'  /* QNO 1976 CON_ID 20 */
		    22 Query	CREATE OR REPLACE ALGORITHM=MERGE VIEW transforms.view_4708_merge AS  SELECT * FROM performance_schema.`file_summary_by_event_name` AS table1 WHERE (NOT table1.`MAX_TIMER_WAIT` = 1 AND table1.`COUNT_STAR` LIKE 'wait/synch/cond%') LIMIT 95 /* QNO 880 CON_ID 22 */  /* QNO 906 CON_ID 22 */
		    20 Query	SELECT * FROM `help_keyword` INTO OUTFILE 'load_help_keyword'  /* QNO 1977 CON_ID 20 */
		    20 Query	LOAD DATA INFILE 'load_help_keyword' IGNORE INTO TABLE help_keyword /* QNO 1978 CON_ID 20 */
		    17 Query	/* GenTest::Transform::ExecuteAsIntersect */ (  SELECT * FROM mysql.`columns_priv` AS table1 WHERE NOT (NOT table1.`Column_name` IN ( 0, 4, 0 ) OR table1.`User` = '2015-02-11 15:46:16.050731') HAVING table1.`Host` >= 2 IS NULL LIMIT 71 /* QNO 1368 CON_ID 17 */  ) INTERSECT (  SELECT * FROM mysql.`columns_priv` AS table1 WHERE NOT (NOT table1.`Column_name` IN ( 0, 4, 0 ) OR table1.`User` = '2015-02-11 15:46:16.050731') HAVING table1.`Host` >= 2 IS NULL LIMIT 71 /* QNO 1368 CON_ID 17 */  ) /* TRANSFORM_OUTCOME_DISTINCT */ /* QNO 1388 CON_ID 17 */
		    17 Query	(  SELECT * FROM mysql.`columns_priv` AS table1 WHERE NOT (NOT table1.`Column_name` IN ( 0, 4, 0 ) OR table1.`User` = '2015-02-11 15:46:16.050731') HAVING table1.`Host` >= 2 IS NULL LIMIT 71 /* QNO 1368 CON_ID 17 */  ) INTERSECT (  SELECT * FROM mysql.`columns_priv` AS table1 WHERE NOT (NOT table1.`Column_name` IN ( 0, 4, 0 ) OR table1.`User` = '2015-02-11 15:46:16.050731') HAVING table1.`Host` >= 2 IS NULL LIMIT 0 /* QNO 1368 CON_ID 17 */  ) /* TRANSFORM_OUTCOME_EMPTY_RESULT */ /* QNO 1389 CON_ID 17 */
		    17 Query	/* GenTest::Transform::ExecuteAsUnion */ (  SELECT * FROM mysql.`columns_priv` AS table1 WHERE NOT (NOT table1.`Column_name` IN ( 0, 4, 0 ) OR table1.`User` = '2015-02-11 15:46:16.050731') HAVING table1.`Host` >= 2 IS NULL LIMIT 71 /* QNO 1368 CON_ID 17 */  ) UNION ALL (  SELECT * FROM mysql.`columns_priv` AS table1 WHERE NOT (NOT table1.`Column_name` IN ( 0, 4, 0 ) OR table1.`User` = '2015-02-11 15:46:16.050731') HAVING table1.`Host` >= 2 IS NULL LIMIT 0 /* QNO 1368 CON_ID 17 */  ) /* TRANSFORM_OUTCOME_UNORDERED_MATCH */ /* QNO 1390 CON_ID 17 */
		    17 Query	(  SELECT * FROM mysql.`columns_priv` AS table1 WHERE NOT (NOT table1.`Column_name` IN ( 0, 4, 0 ) OR table1.`User` = '2015-02-11 15:46:16.050731') HAVING table1.`Host` >= 2 IS NULL LIMIT 0 /* QNO 1368 CON_ID 17 */  ) UNION ALL (  SELECT * FROM mysql.`columns_priv` AS table1 WHERE NOT (NOT table1.`Column_name` IN ( 0, 4, 0 ) OR table1.`User` = '2015-02-11 15:46:16.050731') HAVING table1.`Host` >= 2 IS NULL LIMIT 71 /* QNO 1368 CON_ID 17 */  ) /* TRANSFORM_OUTCOME_UNORDERED_MATCH */ /* QNO 1391 CON_ID 17 */
		    17 Query	(  SELECT * FROM mysql.`columns_priv` AS table1 WHERE NOT (NOT table1.`Column_name` IN ( 0, 4, 0 ) OR table1.`User` = '2015-02-11 15:46:16.050731') HAVING table1.`Host` >= 2 IS NULL LIMIT 71 /* QNO 1368 CON_ID 17 */  ) UNION DISTINCT (  SELECT * FROM mysql.`columns_priv` AS table1 WHERE NOT (NOT table1.`Column_name` IN ( 0, 4, 0 ) OR table1.`User` = '2015-02-11 15:46:16.050731') HAVING table1.`Host` >= 2 IS NULL LIMIT 71 /* QNO 1368 CON_ID 17 */  ) /* TRANSFORM_OUTCOME_DISTINCT */ /* QNO 1392 CON_ID 17 */
		    17 Query	(  SELECT * FROM mysql.`columns_priv` AS table1 WHERE NOT (NOT table1.`Column_name` IN ( 0, 4, 0 ) OR table1.`User` = '2015-02-11 15:46:16.050731') HAVING table1.`Host` >= 2 IS NULL LIMIT 71 /* QNO 1368 CON_ID 17 */  ) UNION ALL (  SELECT * FROM mysql.`columns_priv` AS table1 WHERE NOT (NOT table1.`Column_name` IN ( 0, 4, 0 ) OR table1.`User` = '2015-02-11 15:46:16.050731') HAVING table1.`Host` >= 2 IS NULL LIMIT 71 /* QNO 1368 CON_ID 17 */  ) /* TRANSFORM_OUTCOME_SUPERSET */ /* QNO 1393 CON_ID 17 */
		    17 Query	CREATE OR REPLACE VIEW transforms.view_3980_probe AS  SELECT * FROM mysql.`columns_priv` AS table1 WHERE NOT (NOT table1.`Column_name` IN ( 0, 4, 0 ) OR table1.`User` = '2015-02-11 15:46:16.050731') HAVING table1.`Host` >= 2 IS NULL LIMIT 71 /* QNO 1368 CON_ID 17 */  /* QNO 1394 CON_ID 17 */
		    20 Query	SET STATEMENT system_versioning_alter_history=KEEP FOR ALTER TABLE t7 PARTITION BY system_time LIMIT 2 ( PARTITION ver_p1 HISTORY, PARTITION ver_p2 HISTORY, PARTITION ver_p3 HISTORY, PARTITION ver_p4 HISTORY, PARTITION ver_p5 HISTORY, PARTITION ver_p6 HISTORY, PARTITION ver_pn CURRENT ) /* QNO 1979 CON_ID 20 */
		    20 Query	XA RECOVER /* QNO 1980 CON_ID 20 */
		    22 Query	SHOW WARNINGS
		    22 Query	SELECT * FROM transforms.view_4708_merge /* TRANSFORM_OUTCOME_UNORDERED_MATCH */ /* QNO 907 CON_ID 22 */
		    22 Query	CREATE OR REPLACE ALGORITHM=TEMPTABLE VIEW transforms.view_4708_temptable AS  SELECT * FROM performance_schema.`file_summary_by_event_name` AS table1 WHERE (NOT table1.`MAX_TIMER_WAIT` = 1 AND table1.`COUNT_STAR` LIKE 'wait/synch/cond%') LIMIT 95 /* QNO 880 CON_ID 22 */  /* QNO 908 CON_ID 22 */
		    21 Query	TRUNCATE TABLE performance_schema.events_waits_current /* QNO 920 CON_ID 21 */
		    16 Query	CREATE OR REPLACE VIEW transforms.view_900_probe AS CREATE TABLE v LIKE `t1` /* QNO 1032 CON_ID 16 */  /* QNO 1033 CON_ID 16 */
		    22 Query	SELECT * FROM transforms.view_4708_temptable /* TRANSFORM_OUTCOME_UNORDERED_MATCH */ /* QNO 909 CON_ID 22 */
		    16 Query	ALTER TABLE `view_t3` REMOVE PARTITIONING /* QNO 1034 CON_ID 16 */
		    21 Query	CREATE OR REPLACE VIEW transforms.view_4888_probe AS TRUNCATE TABLE performance_schema.events_waits_current /* QNO 920 CON_ID 21 */  /* QNO 921 CON_ID 21 */
		    21 Query	DELETE FROM `help_topic` WHERE `name` = 'le' LIMIT 7 /* QNO 922 CON_ID 21 */
		    16 Query	CREATE PROCEDURE i ( IN u INT, IN x INT, OUT d INT, IN z INT ) BEGIN SELECT COUNT(*) INTO @a FROM `view_t8`; END ; /* QNO 1035 CON_ID 16 */
		    22 Query	DROP VIEW transforms.view_4708_merge , transforms.view_4708_temptable /* QNO 910 CON_ID 22 */
		    21 Query	INSERT INTO `user` SELECT * FROM `transaction_registry` /* QNO 923 CON_ID 21 */
		    22 Query	/* GenTest::Transform::ExecuteAsPreparedTwice */ PREPARE prep_stmt_4708 FROM ' SELECT * FROM performance_schema.`file_summary_by_event_name` AS table1 WHERE (NOT table1.`MAX_TIMER_WAIT` = 1 AND table1.`COUNT_STAR` LIKE \'wait/synch/cond%\') LIMIT 95 /* QNO 880 CON_ID 22 */ ' /* QNO 911 CON_ID 22 */
		    22 Prepare	SELECT * FROM performance_schema.`file_summary_by_event_name` AS table1 WHERE (NOT table1.`MAX_TIMER_WAIT` = 1 AND table1.`COUNT_STAR` LIKE 'wait/synch/cond%') LIMIT 95 /* QNO 880 CON_ID 22 */
		    22 Query	EXECUTE prep_stmt_4708 /* TRANSFORM_OUTCOME_UNORDERED_MATCH */ /* QNO 912 CON_ID 22 */
		    22 Execute	SELECT * FROM performance_schema.`file_summary_by_event_name` AS table1 WHERE (NOT table1.`MAX_TIMER_WAIT` = 1 AND table1.`COUNT_STAR` LIKE 'wait/synch/cond%') LIMIT 95 /* QNO 880 CON_ID 22 */
		    22 Query	EXECUTE prep_stmt_4708 /* TRANSFORM_OUTCOME_UNORDERED_MATCH */ /* QNO 913 CON_ID 22 */
		    22 Execute	SELECT * FROM performance_schema.`file_summary_by_event_name` AS table1 WHERE (NOT table1.`MAX_TIMER_WAIT` = 1 AND table1.`COUNT_STAR` LIKE 'wait/synch/cond%') LIMIT 95 /* QNO 880 CON_ID 22 */
		    22 Query	DEALLOCATE PREPARE prep_stmt_4708 /* QNO 914 CON_ID 22 */
		    22 Query	/* GenTest::Transform::ExecuteAsSPTwice */ DROP PROCEDURE IF EXISTS stored_proc_4708 /* QNO 915 CON_ID 22 */
		    21 Query	SELECT * FROM (mysql.`innodb_table_stats` AS table1 INNER JOIN test.`t7` AS table2 ON ( table2.`vcol_time` = table1.`clustered_index_size` ) ) WHERE ( ( table1.`clustered_index_size` IN ( 4, 7, 9 ) AND table2.`vcol_date` IN ( 5, 7, 0 )) AND table2.`vcol_timestamp` != table1.`clustered_index_size`) HAVING (table2.`col_datetime` <= '2028-07-27 01:40:30.018322' IS NULL OR table1.`sum_of_other_index_sizes` >= '2033-03-27 01:09:13.037816') ORDER BY table1.`sum_of_other_index_sizes` LIMIT 49 /* QNO 924 CON_ID 21 */
		    21 Query	SHOW ENGINE PERFORMANCE_SCHEMA STATUS /* QNO 925 CON_ID 21 */
		    21 Query	CREATE OR REPLACE VIEW transforms.view_4888_probe AS SHOW ENGINE PERFORMANCE_SCHEMA STATUS /* QNO 925 CON_ID 21 */  /* QNO 926 CON_ID 21 */
		    21 Query	UPDATE `innodb_table_stats` SET `sum_of_other_index_sizes` = 5 WHERE `database_name` = 'ef' /* QNO 927 CON_ID 21 */
		    21 Query	SHOW ENGINE PERFORMANCE_SCHEMA STATUS /* QNO 928 CON_ID 21 */
		    21 Query	CREATE OR REPLACE VIEW transforms.view_4888_probe AS SHOW ENGINE PERFORMANCE_SCHEMA STATUS /* QNO 928 CON_ID 21 */  /* QNO 929 CON_ID 21 */
		    21 Query	UPDATE performance_schema.setup_consumers SET enabled = 'NO' WHERE name IN ( 'events_waits_summary_by_thread_by_event_name', 'events_waits_summary_by_thread_by_event_name' ) /* QNO 930 CON_ID 21 */
		    21 Query	CREATE OR REPLACE VIEW transforms.view_4888_probe AS UPDATE performance_schema.setup_consumers SET enabled = 'NO' WHERE name IN ( 'events_waits_summary_by_thread_by_event_name', 'events_waits_summary_by_thread_by_event_name' ) /* QNO 930 CON_ID 21 */  /* QNO 931 CON_ID 21 */
		    21 Query	SHOW ENGINE PERFORMANCE_SCHEMA STATUS /* QNO 932 CON_ID 21 */
		    21 Query	CREATE OR REPLACE VIEW transforms.view_4888_probe AS SHOW ENGINE PERFORMANCE_SCHEMA STATUS /* QNO 932 CON_ID 21 */  /* QNO 933 CON_ID 21 */
		    21 Query	SHOW ENGINE PERFORMANCE_SCHEMA STATUS /* QNO 934 CON_ID 21 */
		    21 Query	CREATE OR REPLACE VIEW transforms.view_4888_probe AS SHOW ENGINE PERFORMANCE_SCHEMA STATUS /* QNO 934 CON_ID 21 */  /* QNO 935 CON_ID 21 */
		    21 Query	UNLOCK TABLES /* QNO 936 CON_ID 21 */
		    21 Query	CREATE OR REPLACE VIEW transforms.view_4888_probe AS UNLOCK TABLES /* QNO 936 CON_ID 21 */  /* QNO 937 CON_ID 21 */
		    21 Query	SHOW ENGINE PERFORMANCE_SCHEMA STATUS /* QNO 938 CON_ID 21 */
		    21 Query	CREATE OR REPLACE VIEW transforms.view_4888_probe AS SHOW ENGINE PERFORMANCE_SCHEMA STATUS /* QNO 938 CON_ID 21 */  /* QNO 939 CON_ID 21 */
		    21 Query	SELECT NEXT VALUE FOR seq5 /* QNO 940 CON_ID 21 */
		    21 Query	XA START 'xid30'  /* QNO 941 CON_ID 21 */
		    21 Query	CREATE OR REPLACE VIEW transforms.view_4888_probe AS XA START 'xid30'  /* QNO 941 CON_ID 21 */  /* QNO 942 CON_ID 21 */
		    18 Query	SELECT * FROM transforms.insert_select_4904 /* TRANSFORM_OUTCOME_UNORDERED_MATCH */ /* QNO 847 CON_ID 18 */
		    18 Query	DELETE FROM transforms.insert_select_4904 /* QNO 848 CON_ID 18 */
		    21 Query	SELECT * FROM test.`t1` AS table1 WHERE table1.`vcol_int` <= 6 ORDER BY table1.`vcol_year` LIMIT 109 /* QNO 943 CON_ID 21 */
		    21 Query	SHOW ENGINE PERFORMANCE_SCHEMA STATUS /* QNO 944 CON_ID 21 */
		    21 Query	CREATE OR REPLACE VIEW transforms.view_4888_probe AS SHOW ENGINE PERFORMANCE_SCHEMA STATUS /* QNO 944 CON_ID 21 */  /* QNO 945 CON_ID 21 */
		    21 Query	ALTER TABLE t7 /*!100301 NOWAIT */ CHARACTER SET utf8 /* QNO 946 CON_ID 21 */
		    21 Query	TRUNCATE TABLE performance_schema.events_waits_history /* QNO 947 CON_ID 21 */
		    21 Query	SELECT SETVAL(seq5, -50) /* QNO 948 CON_ID 21 */
		    21 Query	UPDATE `view_t8` SET `vcol_varchar` = 'fl' WHERE `col_char` != '1975-12-17 22:34:24.060503' /* QNO 949 CON_ID 21 */
		    21 Query	UPDATE performance_schema.setup_consumers SET enabled = 'NO' WHERE name IN ( 'events_waits_summary_by_instance', 'events_waits_current' ) /* QNO 950 CON_ID 21 */
		    21 Query	CREATE OR REPLACE VIEW transforms.view_4888_probe AS UPDATE performance_schema.setup_consumers SET enabled = 'NO' WHERE name IN ( 'events_waits_summary_by_instance', 'events_waits_current' ) /* QNO 950 CON_ID 21 */  /* QNO 951 CON_ID 21 */
		    21 Query	INSERT INTO `view_t7` SELECT * FROM `t7` /* QNO 952 CON_ID 21 */
		    21 Query	SHOW ENGINE PERFORMANCE_SCHEMA STATUS /* QNO 953 CON_ID 21 */
		    21 Query	CREATE OR REPLACE VIEW transforms.view_4888_probe AS SHOW ENGINE PERFORMANCE_SCHEMA STATUS /* QNO 953 CON_ID 21 */  /* QNO 954 CON_ID 21 */
		    21 Query	INSERT INTO `t5` SELECT * FROM `t2` /* QNO 955 CON_ID 21 */
		    21 Query	UPDATE `t9` SET `vcol_date` = '2019-02-22 17:43:38.028575' WHERE `vcol_timestamp` = '2027-05-18 14:40:00.035701' /* QNO 956 CON_ID 21 */
		    16 Query	CREATE OR REPLACE VIEW transforms.view_900_probe AS CREATE PROCEDURE i ( IN u INT, IN x INT, OUT d INT, IN z INT ) BEGIN SELECT COUNT(*) INTO @a FROM `view_t8`; END ; /* QNO 1035 CON_ID 16 */  /* QNO 1036 CON_ID 16 */
		    22 Query	SHOW WARNINGS
		    21 Query	XA END 'xid25'  /* QNO 957 CON_ID 21 */
		    16 Query	CREATE PROCEDURE b ( OUT b INT ) BEGIN SELECT COUNT(*) INTO @a FROM `t4`; END ; /* QNO 1037 CON_ID 16 */
		    22 Query	CREATE PROCEDURE stored_proc_4708 () LANGUAGE SQL  SELECT * FROM performance_schema.`file_summary_by_event_name` AS table1 WHERE (NOT table1.`MAX_TIMER_WAIT` = 1 AND table1.`COUNT_STAR` LIKE 'wait/synch/cond%') LIMIT 95 /* QNO 880 CON_ID 22 */  /* QNO 916 CON_ID 22 */
		    21 Query	SELECT * FROM performance_schema.`mutex_instances` AS table1 WHERE table1.`NAME` LIKE '%sql%' HAVING (NOT ( table1.`OBJECT_INSTANCE_BEGIN` > 1 AND table1.`OBJECT_INSTANCE_BEGIN` != 'ls') AND table1.`OBJECT_INSTANCE_BEGIN` > 's') ORDER BY table1.`NAME`, table1.`LOCKED_BY_THREAD_ID`, table1.`OBJECT_INSTANCE_BEGIN` LIMIT 3 /* QNO 958 CON_ID 21 */
		    21 Query	SHOW WARNINGS
		    21 Query	UPDATE performance_schema.setup_instruments SET ENABLED = 'NO' WHERE NAME LIKE 'wait%' /* QNO 959 CON_ID 21 */
		    21 Query	CREATE OR REPLACE VIEW transforms.view_4888_probe AS UPDATE performance_schema.setup_instruments SET ENABLED = 'NO' WHERE NAME LIKE 'wait%' /* QNO 959 CON_ID 21 */  /* QNO 960 CON_ID 21 */
		    21 Query	UPDATE performance_schema.setup_instruments SET TIMED = 'YES' WHERE NAME LIKE 'wait/synch/rwlock%' /* QNO 961 CON_ID 21 */
		    21 Query	CREATE OR REPLACE VIEW transforms.view_4888_probe AS UPDATE performance_schema.setup_instruments SET TIMED = 'YES' WHERE NAME LIKE 'wait/synch/rwlock%' /* QNO 961 CON_ID 21 */  /* QNO 962 CON_ID 21 */
		    18 Query	REPLACE INTO transforms.insert_select_4904  SELECT * FROM INFORMATION_SCHEMA.`INNODB_SYS_TABLESTATS` AS table1 WHERE (NOT table1.`TABLE_ID` < table1.`NUM_ROWS` OR table1.`CLUST_INDEX_SIZE` = 6) ORDER BY table1.`CLUST_INDEX_SIZE` LIMIT 170 /* QNO 836 CON_ID 18 */  /* QNO 849 CON_ID 18 */
		    21 Query	TRUNCATE TABLE performance_schema.file_summary_by_instance /* QNO 963 CON_ID 21 */
		    21 Query	SELECT * FROM test.`t5` AS table1 WHERE ( ( ( ( ( (NOT table1.`col_timestamp` != table1.`col_year` AND table1.`vcol_bit` > table1.`col_dec`) OR table1.`col_char` < 8) OR table1.`col_enum` <= '2007-09-08 20:37:33.034865') AND table1.`col_dec` = table1.`pk`) OR table1.`col_dec` LIKE 'wait/synch%') OR table1.`vcol_blob` LIKE '%mysys%') ORDER BY table1.`vcol_varchar` LIMIT 51 /* QNO 964 CON_ID 21 */
		    21 Query	SELECT * FROM `view_t4` INTO OUTFILE 'load_view_t4'  /* QNO 965 CON_ID 21 */
		    21 Query	LOAD DATA INFILE 'load_view_t4' IGNORE INTO TABLE view_t4 /* QNO 966 CON_ID 21 */
		    21 Query	SELECT * FROM `view_t9` INTO OUTFILE 'load_view_t9'  /* QNO 967 CON_ID 21 */
		    21 Query	LOAD DATA INFILE 'load_view_t9' IGNORE INTO TABLE view_t9 /* QNO 968 CON_ID 21 */
		    21 Query	TRUNCATE TABLE performance_schema.events_waits_summary_by_thread_by_event_name /* QNO 969 CON_ID 21 */
		    21 Query	INSERT INTO `view_t1` ( `pk` ) VALUES (NULL) /* QNO 970 CON_ID 21 */
		    17 Query	DROP VIEW transforms.view_3980_probe /* QNO 1395 CON_ID 17 */
		    18 Query	SELECT * FROM transforms.insert_select_4904 /* TRANSFORM_OUTCOME_UNORDERED_MATCH */ /* QNO 850 CON_ID 18 */
		    20 Query	CREATE OR REPLACE VIEW transforms.view_1000_probe AS XA RECOVER /* QNO 1980 CON_ID 20 */  /* QNO 1981 CON_ID 20 */
		    20 Query	UPDATE performance_schema.setup_instruments SET TIMED = 'NO' ORDER BY RAND() LIMIT 8 /* QNO 1982 CON_ID 20 */
		    20 Query	CREATE OR REPLACE VIEW transforms.view_1000_probe AS UPDATE performance_schema.setup_instruments SET TIMED = 'NO' ORDER BY RAND() LIMIT 8 /* QNO 1982 CON_ID 20 */  /* QNO 1983 CON_ID 20 */
		    20 Query	SHOW ENGINE PERFORMANCE_SCHEMA STATUS /* QNO 1984 CON_ID 20 */
		    20 Query	CREATE OR REPLACE VIEW transforms.view_1000_probe AS SHOW ENGINE PERFORMANCE_SCHEMA STATUS /* QNO 1984 CON_ID 20 */  /* QNO 1985 CON_ID 20 */
		    20 Query	UPDATE performance_schema.setup_instruments SET TIMED = 'NO' ORDER BY RAND() LIMIT 0 /* QNO 1986 CON_ID 20 */
		    20 Query	CREATE OR REPLACE VIEW transforms.view_1000_probe AS UPDATE performance_schema.setup_instruments SET TIMED = 'NO' ORDER BY RAND() LIMIT 0 /* QNO 1986 CON_ID 20 */  /* QNO 1987 CON_ID 20 */
		    20 Query	SELECT * FROM `time_zone` INTO OUTFILE 'load_time_zone'  /* QNO 1988 CON_ID 20 */
		    22 Query	CALL stored_proc_4708 /* TRANSFORM_OUTCOME_UNORDERED_MATCH */ /* QNO 917 CON_ID 22 */
		    16 Query	CREATE OR REPLACE VIEW transforms.view_900_probe AS CREATE PROCEDURE b ( OUT b INT ) BEGIN SELECT COUNT(*) INTO @a FROM `t4`; END ; /* QNO 1037 CON_ID 16 */  /* QNO 1038 CON_ID 16 */
		    17 Query	/* GenTest::Transform::ExecuteAsView */ CREATE DATABASE IF NOT EXISTS transforms /* QNO 1396 CON_ID 17 */
		    22 Query	CALL stored_proc_4708 /* TRANSFORM_OUTCOME_UNORDERED_MATCH */ /* QNO 918 CON_ID 22 */
		    16 Query	ALTER TABLE `view_t7` PARTITION BY KEY() PARTITIONS 7 /* QNO 1039 CON_ID 16 */
		    22 Query	DROP PROCEDURE IF EXISTS stored_proc_4708 /* QNO 919 CON_ID 22 */
		    16 Query	DROP VIEW IF EXISTS x /* QNO 1040 CON_ID 16 */
		    18 Query	DROP TABLE transforms.insert_select_4904 /* QNO 851 CON_ID 18 */
		    16 Query	SHOW WARNINGS
		    16 Query	DROP VIEW IF EXISTS e /* QNO 1041 CON_ID 16 */
		    16 Query	SHOW WARNINGS
		    16 Query	CREATE TRIGGER d BEFORE INSERT ON `view_t5` FOR EACH ROW BEGIN INSERT INTO `view_t4` SELECT * FROM `t7` LIMIT 0 ; END ; /* QNO 1042 CON_ID 16 */
		    16 Query	CREATE TRIGGER i BEFORE INSERT ON `t5` FOR EACH ROW BEGIN INSERT INTO `view_t7` SELECT * FROM `t3` LIMIT 0 ; END ; /* QNO 1043 CON_ID 16 */
		    20 Query	LOAD DATA INFILE 'load_time_zone' IGNORE INTO TABLE time_zone /* QNO 1989 CON_ID 20 */
		    22 Query	XA RECOVER /* QNO 920 CON_ID 22 */
		    22 Query	CREATE OR REPLACE VIEW transforms.view_4708_probe AS XA RECOVER /* QNO 920 CON_ID 22 */  /* QNO 921 CON_ID 22 */
		    22 Query	ALTER SEQUENCE seq6 START = 22059 INCREMENT 3 /* QNO 922 CON_ID 22 */
		    22 Query	INSERT INTO `events_statements_summary_by_thread_by_event_name` SELECT * FROM `events_stages_history_long` /* QNO 923 CON_ID 22 */
		    22 Query	SHOW ENGINE PERFORMANCE_SCHEMA STATUS /* QNO 924 CON_ID 22 */
		    22 Query	CREATE OR REPLACE VIEW transforms.view_4708_probe AS SHOW ENGINE PERFORMANCE_SCHEMA STATUS /* QNO 924 CON_ID 22 */  /* QNO 925 CON_ID 22 */
		    22 Query	INSERT INTO t1 (icol9) VALUES (NULL) /* QNO 926 CON_ID 22 */
		    20 Query	SELECT * FROM mysql.transaction_registry /* QNO 1990 CON_ID 20 */
		    16 Query	GRANT UPDATE ( `col_time` ) ON `t7` TO 'someuser'@'somehost' /* QNO 1044 CON_ID 16 */
		    17 Query	SHOW WARNINGS
		    17 Query	DROP VIEW IF EXISTS transforms.view_3980_merge , transforms.view_3980_temptable /* QNO 1397 CON_ID 17 */
190114 12:06:42	    18 Query	/* GenTest::Transform::ExecuteAsIntersect */ (  SELECT * FROM INFORMATION_SCHEMA.`INNODB_SYS_TABLESTATS` AS table1 WHERE (NOT table1.`TABLE_ID` < table1.`NUM_ROWS` OR table1.`CLUST_INDEX_SIZE` = 6) ORDER BY table1.`CLUST_INDEX_SIZE` LIMIT 170 /* QNO 836 CON_ID 18 */  ) INTERSECT (  SELECT * FROM INFORMATION_SCHEMA.`INNODB_SYS_TABLESTATS` AS table1 WHERE (NOT table1.`TABLE_ID` < table1.`NUM_ROWS` OR table1.`CLUST_INDEX_SIZE` = 6) ORDER BY table1.`CLUST_INDEX_SIZE` LIMIT 170 /* QNO 836 CON_ID 18 */  ) /* TRANSFORM_OUTCOME_DISTINCT */ /* QNO 852 CON_ID 18 */
		    17 Query	SHOW WARNINGS
		    18 Query	(  SELECT * FROM INFORMATION_SCHEMA.`INNODB_SYS_TABLESTATS` AS table1 WHERE (NOT table1.`TABLE_ID` < table1.`NUM_ROWS` OR table1.`CLUST_INDEX_SIZE` = 6) ORDER BY table1.`CLUST_INDEX_SIZE` LIMIT 170 /* QNO 836 CON_ID 18 */  ) INTERSECT (  SELECT * FROM INFORMATION_SCHEMA.`INNODB_SYS_TABLESTATS` AS table1 WHERE (NOT table1.`TABLE_ID` < table1.`NUM_ROWS` OR table1.`CLUST_INDEX_SIZE` = 6) ORDER BY table1.`CLUST_INDEX_SIZE` LIMIT 0 /* QNO 836 CON_ID 18 */  ) /* TRANSFORM_OUTCOME_EMPTY_RESULT */ /* QNO 853 CON_ID 18 */
		    18 Query	/* GenTest::Transform::ExecuteAsUnion */ (  SELECT * FROM INFORMATION_SCHEMA.`INNODB_SYS_TABLESTATS` AS table1 WHERE (NOT table1.`TABLE_ID` < table1.`NUM_ROWS` OR table1.`CLUST_INDEX_SIZE` = 6) ORDER BY table1.`CLUST_INDEX_SIZE` LIMIT 170 /* QNO 836 CON_ID 18 */  ) UNION ALL (  SELECT * FROM INFORMATION_SCHEMA.`INNODB_SYS_TABLESTATS` AS table1 WHERE (NOT table1.`TABLE_ID` < table1.`NUM_ROWS` OR table1.`CLUST_INDEX_SIZE` = 6) ORDER BY table1.`CLUST_INDEX_SIZE` LIMIT 0 /* QNO 836 CON_ID 18 */  ) /* TRANSFORM_OUTCOME_UNORDERED_MATCH */ /* QNO 854 CON_ID 18 */
		    17 Query	CREATE OR REPLACE ALGORITHM=MERGE VIEW transforms.view_3980_merge AS  SELECT * FROM mysql.`columns_priv` AS table1 WHERE NOT (NOT table1.`Column_name` IN ( 0, 4, 0 ) OR table1.`User` = '2015-02-11 15:46:16.050731') HAVING table1.`Host` >= 2 IS NULL LIMIT 71 /* QNO 1368 CON_ID 17 */  /* QNO 1398 CON_ID 17 */
		    18 Query	(  SELECT * FROM INFORMATION_SCHEMA.`INNODB_SYS_TABLESTATS` AS table1 WHERE (NOT table1.`TABLE_ID` < table1.`NUM_ROWS` OR table1.`CLUST_INDEX_SIZE` = 6) ORDER BY table1.`CLUST_INDEX_SIZE` LIMIT 0 /* QNO 836 CON_ID 18 */  ) UNION ALL (  SELECT * FROM INFORMATION_SCHEMA.`INNODB_SYS_TABLESTATS` AS table1 WHERE (NOT table1.`TABLE_ID` < table1.`NUM_ROWS` OR table1.`CLUST_INDEX_SIZE` = 6) ORDER BY table1.`CLUST_INDEX_SIZE` LIMIT 170 /* QNO 836 CON_ID 18 */  ) /* TRANSFORM_OUTCOME_UNORDERED_MATCH */ /* QNO 855 CON_ID 18 */
		    18 Query	(  SELECT * FROM INFORMATION_SCHEMA.`INNODB_SYS_TABLESTATS` AS table1 WHERE (NOT table1.`TABLE_ID` < table1.`NUM_ROWS` OR table1.`CLUST_INDEX_SIZE` = 6) ORDER BY table1.`CLUST_INDEX_SIZE` LIMIT 170 /* QNO 836 CON_ID 18 */  ) UNION DISTINCT (  SELECT * FROM INFORMATION_SCHEMA.`INNODB_SYS_TABLESTATS` AS table1 WHERE (NOT table1.`TABLE_ID` < table1.`NUM_ROWS` OR table1.`CLUST_INDEX_SIZE` = 6) ORDER BY table1.`CLUST_INDEX_SIZE` LIMIT 170 /* QNO 836 CON_ID 18 */  ) /* TRANSFORM_OUTCOME_DISTINCT */ /* QNO 856 CON_ID 18 */
		    21 Query	SHOW ENGINE PERFORMANCE_SCHEMA STATUS /* QNO 971 CON_ID 21 */
		    18 Query	(  SELECT * FROM INFORMATION_SCHEMA.`INNODB_SYS_TABLESTATS` AS table1 WHERE (NOT table1.`TABLE_ID` < table1.`NUM_ROWS` OR table1.`CLUST_INDEX_SIZE` = 6) ORDER BY table1.`CLUST_INDEX_SIZE` LIMIT 170 /* QNO 836 CON_ID 18 */  ) UNION ALL (  SELECT * FROM INFORMATION_SCHEMA.`INNODB_SYS_TABLESTATS` AS table1 WHERE (NOT table1.`TABLE_ID` < table1.`NUM_ROWS` OR table1.`CLUST_INDEX_SIZE` = 6) ORDER BY table1.`CLUST_INDEX_SIZE` LIMIT 170 /* QNO 836 CON_ID 18 */  ) /* TRANSFORM_OUTCOME_SUPERSET */ /* QNO 857 CON_ID 18 */
