		    18 Query	/* GenTest::Transform::ExecuteAsCTE */  WITH cte1 AS ( SELECT * FROM( mysql.`help_relation` AS table1 STRAIGHT_JOIN INFORMATION_SCHEMA.`INNODB_CMP_RESET` AS table2 ON( table2.`uncompress_ops` = table1.`help_keyword_id`)) WHERE table1.`help_keyword_id` < table2.`uncompress_time` HAVING table1.`help_keyword_id` != '2021-12-15 14:26:33.052200' ORDER BY table1.`help_keyword_id` LIMIT 11 /* QNO 144 CON_ID 18 */ ) SELECT * FROM cte1  /* TRANSFORM_OUTCOME_UNORDERED_MATCH */ /* QNO 145 CON_ID 18 */
		    21 Query	ALTER IGNORE TABLE t10 /*!100301 NOWAIT */ ADD CONSTRAINT FOREIGN KEY (`col_char`) REFERENCES t7 (`col_bit`) ON UPDATE NO ACTION /* QNO 114 CON_ID 21 */
		    21 Query	SHOW ENGINE PERFORMANCE_SCHEMA STATUS /* QNO 115 CON_ID 21 */
		    21 Query	CREATE OR REPLACE VIEW transforms.view_4888_probe AS SHOW ENGINE PERFORMANCE_SCHEMA STATUS /* QNO 115 CON_ID 21 */  /* QNO 116 CON_ID 21 */
		    21 Query	ALTER TABLE `view_t5` REMOVE PARTITIONING /* QNO 117 CON_ID 21 */
		    21 Query	SELECT SETVAL(seq6, 3) /* QNO 118 CON_ID 21 */
		    21 Query	DROP SEQUENCE IF EXISTS seq3, seq3 /* QNO 119 CON_ID 21 */
		    21 Query	DELETE FROM `view_t2` WHERE `vcol_blob` > 'nq' LIMIT 2 /* QNO 120 CON_ID 21 */
		    21 Query	UPDATE performance_schema.setup_consumers SET enabled = 'NO' WHERE name LIKE 'file%' /* QNO 121 CON_ID 21 */
		    21 Query	CREATE OR REPLACE VIEW transforms.view_4888_probe AS UPDATE performance_schema.setup_consumers SET enabled = 'NO' WHERE name LIKE 'file%' /* QNO 121 CON_ID 21 */  /* QNO 122 CON_ID 21 */
		    21 Query	SELECT * from `view_t6` WHERE row_start = @trx /* QNO 123 CON_ID 21 */
		    21 Query	SHOW ENGINE PERFORMANCE_SCHEMA STATUS /* QNO 124 CON_ID 21 */
		    21 Query	CREATE OR REPLACE VIEW transforms.view_4888_probe AS SHOW ENGINE PERFORMANCE_SCHEMA STATUS /* QNO 124 CON_ID 21 */  /* QNO 125 CON_ID 21 */
		    21 Query	DROP SEQUENCE seq8 /* QNO 126 CON_ID 21 */
		    21 Query	SELECT * FROM INFORMATION_SCHEMA.`SESSION_VARIABLES` AS table1 WHERE table1.`VARIABLE_NAME` IN ( 5, 0, 6 ) LIMIT 145 /* QNO 127 CON_ID 21 */
		    21 Query	SHOW WARNINGS
		    21 Query	XA COMMIT 'inactive_xid' ONE PHASE  /* QNO 128 CON_ID 21 */
		    21 Query	UPDATE performance_schema.setup_timers SET timer_name = 'MILLISECOND' /* QNO 129 CON_ID 21 */
		    21 Query	CREATE OR REPLACE VIEW transforms.view_4888_probe AS UPDATE performance_schema.setup_timers SET timer_name = 'MILLISECOND' /* QNO 129 CON_ID 21 */  /* QNO 130 CON_ID 21 */
		    21 Query	XA PREPARE 'non_idle_xid'  /* QNO 131 CON_ID 21 */
		    21 Query	TRUNCATE TABLE performance_schema.events_waits_current /* QNO 132 CON_ID 21 */
		    21 Query	CREATE OR REPLACE VIEW transforms.view_4888_probe AS TRUNCATE TABLE performance_schema.events_waits_current /* QNO 132 CON_ID 21 */  /* QNO 133 CON_ID 21 */
		    21 Query	INSERT INTO `INNODB_FT_INDEX_CACHE` ( `pk` ) VALUES (NULL) /* QNO 134 CON_ID 21 */
		    21 Query	SHOW TABLES /* QNO 135 CON_ID 21 */
		    21 Query	CREATE OR REPLACE VIEW transforms.view_4888_probe AS SHOW TABLES /* QNO 135 CON_ID 21 */  /* QNO 136 CON_ID 21 */
		    21 Query	SELECT * FROM `TABLE_PRIVILEGES` INTO OUTFILE 'load_TABLE_PRIVILEGES'  /* QNO 137 CON_ID 21 */
		    21 Query	LOAD DATA INFILE 'load_TABLE_PRIVILEGES' IGNORE INTO TABLE TABLE_PRIVILEGES /* QNO 138 CON_ID 21 */
		    21 Query	SELECT NEXT VALUE FOR seq6 /* QNO 139 CON_ID 21 */
		    21 Query	ALTER ONLINE TABLE t7 COMMENT = 'trading' /* QNO 140 CON_ID 21 */
		    22 Query	DELETE FROM transforms.delete_returning_4708 RETURNING `transaction_id`,`commit_id`,`begin_timestamp`,`commit_timestamp`,`isolation_level` /* TRANSFORM_OUTCOME_UNORDERED_MATCH */ /* QNO 120 CON_ID 22 */
		    16 Query	SHOW WARNINGS
		    16 Query	DROP TRIGGER IF EXISTS h /* QNO 142 CON_ID 16 */
		    16 Query	SHOW WARNINGS
		    21 Query	CREATE OR REPLACE VIEW transforms.view_4888_probe AS ALTER ONLINE TABLE t7 COMMENT = 'trading' /* QNO 140 CON_ID 21 */  /* QNO 141 CON_ID 21 */
		    16 Query	REVOKE ALL PRIVILEGES ON k.* FROM 'someuser'@'somehost' /* QNO 143 CON_ID 16 */
		    16 Query	ALTER TABLE `view_t1` DROP COLUMN c /* QNO 144 CON_ID 16 */
		    16 Query	CREATE DATABASE IF NOT EXISTS k /* QNO 145 CON_ID 16 */
		    18 Query	/* GenTest::Transform::ExecuteAsDeleteReturning */ CREATE DATABASE IF NOT EXISTS transforms /* QNO 146 CON_ID 18 */
		    18 Query	SHOW WARNINGS
		    18 Query	DROP TABLE IF EXISTS transforms.delete_returning_4904 /* QNO 147 CON_ID 18 */
		    18 Query	SHOW WARNINGS
		    18 Query	CREATE TABLE transforms.delete_returning_4904  SELECT * FROM (mysql.`help_relation` AS table1 STRAIGHT_JOIN INFORMATION_SCHEMA.`INNODB_CMP_RESET` AS table2 ON ( table2.`uncompress_ops` = table1.`help_keyword_id` ) ) WHERE table1.`help_keyword_id` < table2.`uncompress_time` HAVING table1.`help_keyword_id` != '2021-12-15 14:26:33.052200' ORDER BY table1.`help_keyword_id` LIMIT 11 /* QNO 144 CON_ID 18 */  /* QNO 148 CON_ID 18 */
		    21 Query	ALTER ONLINE IGNORE TABLE t7 /*!100301 NOWAIT */ DROP PRIMARY KEY, ADD FOREIGN KEY (ecol5) REFERENCES `INNODB_BUFFER_PAGE` (ecol9) ON DELETE RESTRICT ON UPDATE CASCADE, CHANGE COLUMN IF EXISTS `PAGE_TYPE` vcol6 TIMESTAMP AS ( tscol6 ) STORED /*!100201 CHECK (ncol8 = tscol3) */, ALGORITHM=COPY, LOCK=DEFAULT, ADD FOREIGN KEY u (icol2, tscol1) REFERENCES `COLUMN_PRIVILEGES` (tscol1), RENAME TO t6 /* QNO 142 CON_ID 21 */
		    16 Query	CREATE OR REPLACE VIEW transforms.view_900_probe AS CREATE DATABASE IF NOT EXISTS k /* QNO 145 CON_ID 16 */  /* QNO 146 CON_ID 16 */
		    20 Query	TRUNCATE TABLE performance_schema.events_waits_summary_by_event_name /* QNO 155 CON_ID 20 */
		    22 Query	/* GenTest::Transform::ExecuteAsExcept */ ( SELECT * FROM mysql.transaction_registry /* QNO 115 CON_ID 22 */  ) EXCEPT ( SELECT * FROM mysql.transaction_registry /* QNO 115 CON_ID 22 */  ) /* TRANSFORM_OUTCOME_DISTINCT */ /* QNO 121 CON_ID 22 */
		    16 Query	CREATE FUNCTION p ( r INTEGER, y INTEGER ) RETURNS INTEGER RETURN 1 /* QNO 147 CON_ID 16 */
		    20 Query	SELECT * from t10 WHERE row_start IN (SELECT row_end FROM t4) /* QNO 156 CON_ID 20 */
		    22 Query	( SELECT * FROM mysql.transaction_registry /* QNO 115 CON_ID 22 */  ) EXCEPT ( SELECT * FROM mysql.transaction_registry /* QNO 115 CON_ID 22 */  ) /* TRANSFORM_OUTCOME_EMPTY_RESULT */ /* QNO 122 CON_ID 22 */
		    20 Query	SHOW ENGINE PERFORMANCE_SCHEMA STATUS /* QNO 157 CON_ID 20 */
		    21 Query	SELECT * FROM mysql.`proc` AS table1 WHERE ( ( (NOT ( table1.`db` LIKE '%mysys%' OR table1.`db_collation` >= 'qu') AND table1.`specific_name` IN ( 2, 0, 8 )) OR table1.`param_list` > 'uw') OR table1.`sql_mode` LIKE 'wait/synch%') HAVING table1.`collation_connection` = '2026-01-08 03:55:52.037807' IS NULL LIMIT 89 /* QNO 143 CON_ID 21 */
		    22 Query	/* GenTest::Transform::ExecuteAsExecuteImmediate */ EXECUTE IMMEDIATE 'SELECT * FROM mysql.transaction_registry /* QNO 115 CON_ID 22 */ ' /* TRANSFORM_OUTCOME_UNORDERED_MATCH */ /* QNO 123 CON_ID 22 */
		    22 Prepare	SELECT * FROM mysql.transaction_registry /* QNO 115 CON_ID 22 */
		    22 Execute	SELECT * FROM mysql.transaction_registry /* QNO 115 CON_ID 22 */
		    20 Query	CREATE OR REPLACE VIEW transforms.view_1000_probe AS SHOW ENGINE PERFORMANCE_SCHEMA STATUS /* QNO 157 CON_ID 20 */  /* QNO 158 CON_ID 20 */
		    22 Query	/* GenTest::Transform::ExecuteAsInsertSelect */ CREATE DATABASE IF NOT EXISTS transforms /* QNO 124 CON_ID 22 */
		    20 Query	DROP SEQUENCE seq10, seq5 /* QNO 159 CON_ID 20 */
		    17 Query	SELECT * FROM transforms.insert_select_3980 /* TRANSFORM_OUTCOME_UNORDERED_MATCH */ /* QNO 128 CON_ID 17 */
		    17 Query	DROP TABLE transforms.insert_select_3980 /* QNO 129 CON_ID 17 */
		    20 Query	INSERT INTO `t6` SELECT * FROM `view_t1` /* QNO 160 CON_ID 20 */
		    20 Query	TRUNCATE TABLE performance_schema.events_waits_summary_by_thread_by_event_name /* QNO 161 CON_ID 20 */
		    20 Query	CREATE OR REPLACE VIEW transforms.view_1000_probe AS TRUNCATE TABLE performance_schema.events_waits_summary_by_thread_by_event_name /* QNO 161 CON_ID 20 */  /* QNO 162 CON_ID 20 */
		    20 Query	ALTER TABLE t1 /*!100301 NOWAIT */ ADD CONSTRAINT x UNIQUE (`col_int`), ALGORITHM=INPLACE, LOCK=SHARED /* QNO 163 CON_ID 20 */
		    21 Query	SHOW WARNINGS
		    16 Query	CREATE OR REPLACE VIEW transforms.view_900_probe AS CREATE FUNCTION p ( r INTEGER, y INTEGER ) RETURNS INTEGER RETURN 1 /* QNO 147 CON_ID 16 */  /* QNO 148 CON_ID 16 */
		    21 Query	ALTER IGNORE TABLE `help_category` /*!100301 NOWAIT */ ADD INDEX(ecol4), LOCK=SHARED /* QNO 144 CON_ID 21 */
		    16 Query	GRANT ALL PRIVILEGES ON test.f TO 'someuser'@'somehost' /* QNO 149 CON_ID 16 */
		    21 Query	XA COMMIT 'non_idle_xid'  /* QNO 145 CON_ID 21 */
		    16 Query	CREATE OR REPLACE VIEW transforms.view_900_probe AS GRANT ALL PRIVILEGES ON test.f TO 'someuser'@'somehost' /* QNO 149 CON_ID 16 */  /* QNO 150 CON_ID 16 */
		    16 Query	CREATE TABLE i LIKE `t7` /* QNO 151 CON_ID 16 */
		    20 Query	ALTER TABLE t1 RENAME TO t1 /* QNO 164 CON_ID 20 */
		    20 Query	CREATE OR REPLACE VIEW transforms.view_1000_probe AS ALTER TABLE t1 RENAME TO t1 /* QNO 164 CON_ID 20 */  /* QNO 165 CON_ID 20 */
		    20 Query	ALTER IGNORE TABLE t4 ADD CONSTRAINT CHECK (icol1 >= `vcol_dec`), MODIFY COLUMN IF EXISTS ecol3 SET('foo','bar') DEFAULT NULL, ALGORITHM=DEFAULT, LOCK=EXCLUSIVE /* QNO 166 CON_ID 20 */
		    20 Query	ALTER IGNORE TABLE t10 DROP INDEX ind8 /* QNO 167 CON_ID 20 */
		    20 Query	SHOW ENGINE PERFORMANCE_SCHEMA STATUS /* QNO 168 CON_ID 20 */
		    20 Query	CREATE OR REPLACE VIEW transforms.view_1000_probe AS SHOW ENGINE PERFORMANCE_SCHEMA STATUS /* QNO 168 CON_ID 20 */  /* QNO 169 CON_ID 20 */
		    20 Query	UPDATE performance_schema.setup_consumers SET enabled = 'YES' WHERE name IN ( 'events_waits_summary_by_instance', 'file_summary_by_instance' ) /* QNO 170 CON_ID 20 */
		    20 Query	CREATE OR REPLACE VIEW transforms.view_1000_probe AS UPDATE performance_schema.setup_consumers SET enabled = 'YES' WHERE name IN ( 'events_waits_summary_by_instance', 'file_summary_by_instance' ) /* QNO 170 CON_ID 20 */  /* QNO 171 CON_ID 20 */
		    20 Query	SELECT NEXT VALUE FOR seq3 /* QNO 172 CON_ID 20 */
		    20 Query	SHOW ENGINE PERFORMANCE_SCHEMA STATUS /* QNO 173 CON_ID 20 */
		    20 Query	CREATE OR REPLACE VIEW transforms.view_1000_probe AS SHOW ENGINE PERFORMANCE_SCHEMA STATUS /* QNO 173 CON_ID 20 */  /* QNO 174 CON_ID 20 */
		    20 Query	XA COMMIT 'non_idle_xid' ONE PHASE  /* QNO 175 CON_ID 20 */
		    20 Query	SET STATEMENT system_versioning_alter_history=KEEP FOR ALTER TABLE `t9` PARTITION BY system_time LIMIT 48810 ( PARTITION ver_p1 HISTORY, PARTITION ver_p2 HISTORY, PARTITION ver_pn CURRENT ) /* QNO 176 CON_ID 20 */
		    20 Query	SELECT row_start FROM `t9` ORDER BY RAND() LIMIT 1 INTO @trx /* QNO 177 CON_ID 20 */
		    20 Query	TRUNCATE TABLE performance_schema.events_waits_summary_by_event_name /* QNO 178 CON_ID 20 */
		    20 Query	SHOW ENGINE PERFORMANCE_SCHEMA STATUS /* QNO 179 CON_ID 20 */
		    20 Query	CREATE OR REPLACE VIEW transforms.view_1000_probe AS SHOW ENGINE PERFORMANCE_SCHEMA STATUS /* QNO 179 CON_ID 20 */  /* QNO 180 CON_ID 20 */
		    20 Query	SELECT * FROM performance_schema.`host_cache` AS table1 WHERE ( table1.`COUNT_ADDRINFO_TRANSIENT_ERRORS` <= 4 OR table1.`HOST_VALIDATED` < '2005-10-20 05:44:26.044827') ORDER BY table1.`LAST_SEEN` LIMIT 241 /* QNO 181 CON_ID 20 */
		    20 Query	/* GenTest::Transform::ExecuteAsCTE */  WITH cte1 AS ( SELECT * FROM performance_schema.`host_cache` AS table1 WHERE( table1.`COUNT_ADDRINFO_TRANSIENT_ERRORS` <= 4 OR table1.`HOST_VALIDATED` < '2005-10-20 05:44:26.044827') ORDER BY table1.`LAST_SEEN` LIMIT 241 /* QNO 181 CON_ID 20 */ ) SELECT * FROM cte1  /* TRANSFORM_OUTCOME_UNORDERED_MATCH */ /* QNO 182 CON_ID 20 */
		    20 Query	/* GenTest::Transform::ExecuteAsExcept */ (  SELECT * FROM performance_schema.`host_cache` AS table1 WHERE ( table1.`COUNT_ADDRINFO_TRANSIENT_ERRORS` <= 4 OR table1.`HOST_VALIDATED` < '2005-10-20 05:44:26.044827') ORDER BY table1.`LAST_SEEN` LIMIT 241 /* QNO 181 CON_ID 20 */  ) EXCEPT (  SELECT * FROM performance_schema.`host_cache` AS table1 WHERE ( table1.`COUNT_ADDRINFO_TRANSIENT_ERRORS` <= 4 OR table1.`HOST_VALIDATED` < '2005-10-20 05:44:26.044827') ORDER BY table1.`LAST_SEEN` LIMIT 0 /* QNO 181 CON_ID 20 */  ) /* TRANSFORM_OUTCOME_DISTINCT */ /* QNO 183 CON_ID 20 */
		    20 Query	(  SELECT * FROM performance_schema.`host_cache` AS table1 WHERE ( table1.`COUNT_ADDRINFO_TRANSIENT_ERRORS` <= 4 OR table1.`HOST_VALIDATED` < '2005-10-20 05:44:26.044827') ORDER BY table1.`LAST_SEEN` LIMIT 241 /* QNO 181 CON_ID 20 */  ) EXCEPT (  SELECT * FROM performance_schema.`host_cache` AS table1 WHERE ( table1.`COUNT_ADDRINFO_TRANSIENT_ERRORS` <= 4 OR table1.`HOST_VALIDATED` < '2005-10-20 05:44:26.044827') ORDER BY table1.`LAST_SEEN` LIMIT 241 /* QNO 181 CON_ID 20 */  ) /* TRANSFORM_OUTCOME_EMPTY_RESULT */ /* QNO 184 CON_ID 20 */
		    20 Query	/* GenTest::Transform::ExecuteAsExecuteImmediate */ EXECUTE IMMEDIATE ' SELECT * FROM performance_schema.`host_cache` AS table1 WHERE ( table1.`COUNT_ADDRINFO_TRANSIENT_ERRORS` <= 4 OR table1.`HOST_VALIDATED` < \'2005-10-20 05:44:26.044827\') ORDER BY table1.`LAST_SEEN` LIMIT 241 /* QNO 181 CON_ID 20 */ ' /* TRANSFORM_OUTCOME_UNORDERED_MATCH */ /* QNO 185 CON_ID 20 */
		    20 Prepare	SELECT * FROM performance_schema.`host_cache` AS table1 WHERE ( table1.`COUNT_ADDRINFO_TRANSIENT_ERRORS` <= 4 OR table1.`HOST_VALIDATED` < '2005-10-20 05:44:26.044827') ORDER BY table1.`LAST_SEEN` LIMIT 241 /* QNO 181 CON_ID 20 */
		    20 Execute	SELECT * FROM performance_schema.`host_cache` AS table1 WHERE ( table1.`COUNT_ADDRINFO_TRANSIENT_ERRORS` <= 4 OR table1.`HOST_VALIDATED` < '2005-10-20 05:44:26.044827') ORDER BY table1.`LAST_SEEN` LIMIT 241 /* QNO 181 CON_ID 20 */
		    20 Query	/* GenTest::Transform::ExecuteAsInsertSelect */ CREATE DATABASE IF NOT EXISTS transforms /* QNO 186 CON_ID 20 */
		    21 Query	UPDATE performance_schema.setup_timers SET timer_name = 'MILLISECOND' /* QNO 146 CON_ID 21 */
		    16 Query	CREATE OR REPLACE VIEW transforms.view_900_probe AS CREATE TABLE i LIKE `t7` /* QNO 151 CON_ID 16 */  /* QNO 152 CON_ID 16 */
		    21 Query	CREATE OR REPLACE VIEW transforms.view_4888_probe AS UPDATE performance_schema.setup_timers SET timer_name = 'MILLISECOND' /* QNO 146 CON_ID 21 */  /* QNO 147 CON_ID 21 */
		    16 Query	CREATE TABLE l LIKE `view_t1` /* QNO 153 CON_ID 16 */
		    18 Query	DELETE FROM transforms.delete_returning_4904 RETURNING `help_topic_id`,`help_keyword_id`,`page_size`,`compress_ops`,`compress_ops_ok`,`compress_time`,`uncompress_ops`,`uncompress_time` /* TRANSFORM_OUTCOME_UNORDERED_MATCH */ /* QNO 149 CON_ID 18 */
		    21 Query	UPDATE performance_schema.setup_timers SET timer_name = 'TICK' /* QNO 148 CON_ID 21 */
		    22 Query	SHOW WARNINGS
		    16 Query	GRANT SELECT ( `col_datetime`, `col_time`, `col_char` ), SELECT ( `col_char`, `col_varchar` ), UPDATE ( `col_bit` ) ON `t5` TO 'someuser'@'somehost' /* QNO 154 CON_ID 16 */
		    22 Query	DROP TABLE IF EXISTS transforms.insert_select_4708 /* QNO 125 CON_ID 22 */
		    22 Query	SHOW WARNINGS
		    16 Query	GRANT INSERT ( `col_date` ) ON `view_t7` TO 'someuser'@'somehost' /* QNO 155 CON_ID 16 */
		    21 Query	CREATE OR REPLACE VIEW transforms.view_4888_probe AS UPDATE performance_schema.setup_timers SET timer_name = 'TICK' /* QNO 148 CON_ID 21 */  /* QNO 149 CON_ID 21 */
		    18 Query	/* GenTest::Transform::ExecuteAsExcept */ (  SELECT * FROM (mysql.`help_relation` AS table1 STRAIGHT_JOIN INFORMATION_SCHEMA.`INNODB_CMP_RESET` AS table2 ON ( table2.`uncompress_ops` = table1.`help_keyword_id` ) ) WHERE table1.`help_keyword_id` < table2.`uncompress_time` HAVING table1.`help_keyword_id` != '2021-12-15 14:26:33.052200' ORDER BY table1.`help_keyword_id` LIMIT 11 /* QNO 144 CON_ID 18 */  ) EXCEPT (  SELECT * FROM (mysql.`help_relation` AS table1 STRAIGHT_JOIN INFORMATION_SCHEMA.`INNODB_CMP_RESET` AS table2 ON ( table2.`uncompress_ops` = table1.`help_keyword_id` ) ) WHERE table1.`help_keyword_id` < table2.`uncompress_time` HAVING table1.`help_keyword_id` != '2021-12-15 14:26:33.052200' ORDER BY table1.`help_keyword_id` LIMIT 0 /* QNO 144 CON_ID 18 */  ) /* TRANSFORM_OUTCOME_DISTINCT */ /* QNO 150 CON_ID 18 */
		    21 Query	SHOW ENGINE PERFORMANCE_SCHEMA STATUS /* QNO 150 CON_ID 21 */
		    22 Query	CREATE TABLE transforms.insert_select_4708 SELECT * FROM mysql.transaction_registry /* QNO 115 CON_ID 22 */  /* QNO 126 CON_ID 22 */
		    16 Query	REVOKE ALL PRIVILEGES ON test.n FROM 'someuser'@'somehost' /* QNO 156 CON_ID 16 */
		    18 Query	(  SELECT * FROM (mysql.`help_relation` AS table1 STRAIGHT_JOIN INFORMATION_SCHEMA.`INNODB_CMP_RESET` AS table2 ON ( table2.`uncompress_ops` = table1.`help_keyword_id` ) ) WHERE table1.`help_keyword_id` < table2.`uncompress_time` HAVING table1.`help_keyword_id` != '2021-12-15 14:26:33.052200' ORDER BY table1.`help_keyword_id` LIMIT 11 /* QNO 144 CON_ID 18 */  ) EXCEPT (  SELECT * FROM (mysql.`help_relation` AS table1 STRAIGHT_JOIN INFORMATION_SCHEMA.`INNODB_CMP_RESET` AS table2 ON ( table2.`uncompress_ops` = table1.`help_keyword_id` ) ) WHERE table1.`help_keyword_id` < table2.`uncompress_time` HAVING table1.`help_keyword_id` != '2021-12-15 14:26:33.052200' ORDER BY table1.`help_keyword_id` LIMIT 11 /* QNO 144 CON_ID 18 */  ) /* TRANSFORM_OUTCOME_EMPTY_RESULT */ /* QNO 151 CON_ID 18 */
		    21 Query	CREATE OR REPLACE VIEW transforms.view_4888_probe AS SHOW ENGINE PERFORMANCE_SCHEMA STATUS /* QNO 150 CON_ID 21 */  /* QNO 151 CON_ID 21 */
		    16 Query	GRANT SHOW DATABASES, REPLICATION CLIENT, USAGE, SUPER, CREATE USER, REPLICATION SLAVE ON *.* to 'someuser'@'somehost' /* QNO 157 CON_ID 16 */
		    20 Query	SHOW WARNINGS
		    16 Query	CREATE OR REPLACE VIEW transforms.view_900_probe AS GRANT SHOW DATABASES, REPLICATION CLIENT, USAGE, SUPER, CREATE USER, REPLICATION SLAVE ON *.* to 'someuser'@'somehost' /* QNO 157 CON_ID 16 */  /* QNO 158 CON_ID 16 */
		    20 Query	DROP TABLE IF EXISTS transforms.insert_select_1000 /* QNO 187 CON_ID 20 */
		    18 Query	/* GenTest::Transform::ExecuteAsExecuteImmediate */ EXECUTE IMMEDIATE ' SELECT * FROM (mysql.`help_relation` AS table1 STRAIGHT_JOIN INFORMATION_SCHEMA.`INNODB_CMP_RESET` AS table2 ON ( table2.`uncompress_ops` = table1.`help_keyword_id` ) ) WHERE table1.`help_keyword_id` < table2.`uncompress_time` HAVING table1.`help_keyword_id` != \'2021-12-15 14:26:33.052200\' ORDER BY table1.`help_keyword_id` LIMIT 11 /* QNO 144 CON_ID 18 */ ' /* TRANSFORM_OUTCOME_UNORDERED_MATCH */ /* QNO 152 CON_ID 18 */
		    18 Prepare	SELECT * FROM (mysql.`help_relation` AS table1 STRAIGHT_JOIN INFORMATION_SCHEMA.`INNODB_CMP_RESET` AS table2 ON ( table2.`uncompress_ops` = table1.`help_keyword_id` ) ) WHERE table1.`help_keyword_id` < table2.`uncompress_time` HAVING table1.`help_keyword_id` != '2021-12-15 14:26:33.052200' ORDER BY table1.`help_keyword_id` LIMIT 11 /* QNO 144 CON_ID 18 */
		    18 Execute	SELECT * FROM (mysql.`help_relation` AS table1 STRAIGHT_JOIN INFORMATION_SCHEMA.`INNODB_CMP_RESET` AS table2 ON ( table2.`uncompress_ops` = table1.`help_keyword_id` ) ) WHERE table1.`help_keyword_id` < table2.`uncompress_time` HAVING table1.`help_keyword_id` != '2021-12-15 14:26:33.052200' ORDER BY table1.`help_keyword_id` LIMIT 11 /* QNO 144 CON_ID 18 */
		    16 Query	ALTER TABLE `view_t1` DROP KEY g /* QNO 159 CON_ID 16 */
		    21 Query	UPDATE performance_schema.setup_instruments SET TIMED = 'NO' ORDER BY RAND() LIMIT 5 /* QNO 152 CON_ID 21 */
		    18 Query	/* GenTest::Transform::ExecuteAsInsertSelect */ CREATE DATABASE IF NOT EXISTS transforms /* QNO 153 CON_ID 18 */
		    16 Query	GRANT RELOAD ON *.* to 'someuser'@'somehost' /* QNO 160 CON_ID 16 */
		    20 Query	SHOW WARNINGS
		    21 Query	CREATE OR REPLACE VIEW transforms.view_4888_probe AS UPDATE performance_schema.setup_instruments SET TIMED = 'NO' ORDER BY RAND() LIMIT 5 /* QNO 152 CON_ID 21 */  /* QNO 153 CON_ID 21 */
		    20 Query	CREATE TABLE transforms.insert_select_1000  SELECT * FROM performance_schema.`host_cache` AS table1 WHERE ( table1.`COUNT_ADDRINFO_TRANSIENT_ERRORS` <= 4 OR table1.`HOST_VALIDATED` < '2005-10-20 05:44:26.044827') ORDER BY table1.`LAST_SEEN` LIMIT 241 /* QNO 181 CON_ID 20 */  /* QNO 188 CON_ID 20 */
		    16 Query	CREATE OR REPLACE VIEW transforms.view_900_probe AS GRANT RELOAD ON *.* to 'someuser'@'somehost' /* QNO 160 CON_ID 16 */  /* QNO 161 CON_ID 16 */
		    16 Query	DROP TABLE l /* QNO 162 CON_ID 16 */
		    21 Query	ALTER SEQUENCE IF EXISTS seq10 MINVALUE = 70 MAXVALUE 46801 RESTART = 0 INCREMENT 108 INCREMENT 7 /* QNO 154 CON_ID 21 */
		    16 Query	CREATE EVENT w ON SCHEDULE AT NOW() DO SET @a=@a /* QNO 163 CON_ID 16 */
		    21 Query	SHOW ENGINE PERFORMANCE_SCHEMA STATUS /* QNO 155 CON_ID 21 */
		    16 Query	CREATE OR REPLACE VIEW transforms.view_900_probe AS CREATE EVENT w ON SCHEDULE AT NOW() DO SET @a=@a /* QNO 163 CON_ID 16 */  /* QNO 164 CON_ID 16 */
		    17 Query	/* GenTest::Transform::ExecuteAsIntersect */ (  SELECT * FROM performance_schema.`table_io_waits_summary_by_table` AS table1 ORDER BY table1.`AVG_TIMER_READ`, table1.`MIN_TIMER_UPDATE`, table1.`SUM_TIMER_INSERT` LIMIT 85 /* QNO 114 CON_ID 17 */  ) INTERSECT (  SELECT * FROM performance_schema.`table_io_waits_summary_by_table` AS table1 ORDER BY table1.`AVG_TIMER_READ`, table1.`MIN_TIMER_UPDATE`, table1.`SUM_TIMER_INSERT` LIMIT 85 /* QNO 114 CON_ID 17 */  ) /* TRANSFORM_OUTCOME_DISTINCT */ /* QNO 130 CON_ID 17 */
		    17 Query	(  SELECT * FROM performance_schema.`table_io_waits_summary_by_table` AS table1 ORDER BY table1.`AVG_TIMER_READ`, table1.`MIN_TIMER_UPDATE`, table1.`SUM_TIMER_INSERT` LIMIT 85 /* QNO 114 CON_ID 17 */  ) INTERSECT (  SELECT * FROM performance_schema.`table_io_waits_summary_by_table` AS table1 ORDER BY table1.`AVG_TIMER_READ`, table1.`MIN_TIMER_UPDATE`, table1.`SUM_TIMER_INSERT` LIMIT 0 /* QNO 114 CON_ID 17 */  ) /* TRANSFORM_OUTCOME_EMPTY_RESULT */ /* QNO 131 CON_ID 17 */
		    16 Query	CREATE TABLE d LIKE `t7` /* QNO 165 CON_ID 16 */
		    17 Query	/* GenTest::Transform::ExecuteAsUnion */ (  SELECT * FROM performance_schema.`table_io_waits_summary_by_table` AS table1 ORDER BY table1.`AVG_TIMER_READ`, table1.`MIN_TIMER_UPDATE`, table1.`SUM_TIMER_INSERT` LIMIT 85 /* QNO 114 CON_ID 17 */  ) UNION ALL (  SELECT * FROM performance_schema.`table_io_waits_summary_by_table` AS table1 ORDER BY table1.`AVG_TIMER_READ`, table1.`MIN_TIMER_UPDATE`, table1.`SUM_TIMER_INSERT` LIMIT 0 /* QNO 114 CON_ID 17 */  ) /* TRANSFORM_OUTCOME_UNORDERED_MATCH */ /* QNO 132 CON_ID 17 */
		    21 Query	CREATE OR REPLACE VIEW transforms.view_4888_probe AS SHOW ENGINE PERFORMANCE_SCHEMA STATUS /* QNO 155 CON_ID 21 */  /* QNO 156 CON_ID 21 */
		    22 Query	SELECT * FROM transforms.insert_select_4708 /* TRANSFORM_OUTCOME_UNORDERED_MATCH */ /* QNO 127 CON_ID 22 */
		    22 Query	DELETE FROM transforms.insert_select_4708 /* QNO 128 CON_ID 22 */
		    18 Query	SHOW WARNINGS
		    22 Query	INSERT INTO transforms.insert_select_4708 SELECT * FROM mysql.transaction_registry /* QNO 115 CON_ID 22 */  /* QNO 129 CON_ID 22 */
		    18 Query	DROP TABLE IF EXISTS transforms.insert_select_4904 /* QNO 154 CON_ID 18 */
		    22 Query	SELECT * FROM transforms.insert_select_4708 /* TRANSFORM_OUTCOME_UNORDERED_MATCH */ /* QNO 130 CON_ID 22 */
		    18 Query	SHOW WARNINGS
		    18 Query	CREATE TABLE transforms.insert_select_4904  SELECT * FROM (mysql.`help_relation` AS table1 STRAIGHT_JOIN INFORMATION_SCHEMA.`INNODB_CMP_RESET` AS table2 ON ( table2.`uncompress_ops` = table1.`help_keyword_id` ) ) WHERE table1.`help_keyword_id` < table2.`uncompress_time` HAVING table1.`help_keyword_id` != '2021-12-15 14:26:33.052200' ORDER BY table1.`help_keyword_id` LIMIT 11 /* QNO 144 CON_ID 18 */  /* QNO 155 CON_ID 18 */
		    22 Query	DELETE FROM transforms.insert_select_4708 /* QNO 131 CON_ID 22 */
		    22 Query	REPLACE INTO transforms.insert_select_4708 SELECT * FROM mysql.transaction_registry /* QNO 115 CON_ID 22 */  /* QNO 132 CON_ID 22 */
		    22 Query	SELECT * FROM transforms.insert_select_4708 /* TRANSFORM_OUTCOME_UNORDERED_MATCH */ /* QNO 133 CON_ID 22 */
		    22 Query	DROP TABLE transforms.insert_select_4708 /* QNO 134 CON_ID 22 */
190114 12:06:17	    21 Query	UPDATE performance_schema.setup_timers SET timer_name = 'TICK' /* QNO 157 CON_ID 21 */
		    17 Query	(  SELECT * FROM performance_schema.`table_io_waits_summary_by_table` AS table1 ORDER BY table1.`AVG_TIMER_READ`, table1.`MIN_TIMER_UPDATE`, table1.`SUM_TIMER_INSERT` LIMIT 0 /* QNO 114 CON_ID 17 */  ) UNION ALL (  SELECT * FROM performance_schema.`table_io_waits_summary_by_table` AS table1 ORDER BY table1.`AVG_TIMER_READ`, table1.`MIN_TIMER_UPDATE`, table1.`SUM_TIMER_INSERT` LIMIT 85 /* QNO 114 CON_ID 17 */  ) /* TRANSFORM_OUTCOME_UNORDERED_MATCH */ /* QNO 133 CON_ID 17 */
		    17 Query	(  SELECT * FROM performance_schema.`table_io_waits_summary_by_table` AS table1 ORDER BY table1.`AVG_TIMER_READ`, table1.`MIN_TIMER_UPDATE`, table1.`SUM_TIMER_INSERT` LIMIT 85 /* QNO 114 CON_ID 17 */  ) UNION DISTINCT (  SELECT * FROM performance_schema.`table_io_waits_summary_by_table` AS table1 ORDER BY table1.`AVG_TIMER_READ`, table1.`MIN_TIMER_UPDATE`, table1.`SUM_TIMER_INSERT` LIMIT 85 /* QNO 114 CON_ID 17 */  ) /* TRANSFORM_OUTCOME_DISTINCT */ /* QNO 134 CON_ID 17 */
		    21 Query	CREATE OR REPLACE VIEW transforms.view_4888_probe AS UPDATE performance_schema.setup_timers SET timer_name = 'TICK' /* QNO 157 CON_ID 21 */  /* QNO 158 CON_ID 21 */
		    22 Query	/* GenTest::Transform::ExecuteAsIntersect */ ( SELECT * FROM mysql.transaction_registry /* QNO 115 CON_ID 22 */  ) INTERSECT ( SELECT * FROM mysql.transaction_registry /* QNO 115 CON_ID 22 */  ) /* TRANSFORM_OUTCOME_DISTINCT */ /* QNO 135 CON_ID 22 */
		    22 Query	( SELECT * FROM mysql.transaction_registry /* QNO 115 CON_ID 22 */  ) INTERSECT ( SELECT * FROM mysql.transaction_registry /* QNO 115 CON_ID 22 */  ) /* TRANSFORM_OUTCOME_EMPTY_RESULT */ /* QNO 136 CON_ID 22 */
		    22 Query	/* GenTest::Transform::ExecuteAsUnion */ ( SELECT * FROM mysql.transaction_registry /* QNO 115 CON_ID 22 */  ) UNION ALL ( SELECT * FROM mysql.transaction_registry /* QNO 115 CON_ID 22 */  LIMIT 0 ) /* TRANSFORM_OUTCOME_UNORDERED_MATCH */ /* QNO 137 CON_ID 22 */
		    22 Query	( SELECT * FROM mysql.transaction_registry /* QNO 115 CON_ID 22 */  LIMIT 0 ) UNION ALL ( SELECT * FROM mysql.transaction_registry /* QNO 115 CON_ID 22 */  ) /* TRANSFORM_OUTCOME_UNORDERED_MATCH */ /* QNO 138 CON_ID 22 */
		    22 Query	( SELECT * FROM mysql.transaction_registry /* QNO 115 CON_ID 22 */  ) UNION DISTINCT ( SELECT * FROM mysql.transaction_registry /* QNO 115 CON_ID 22 */  ) /* TRANSFORM_OUTCOME_DISTINCT */ /* QNO 139 CON_ID 22 */
		    22 Query	( SELECT * FROM mysql.transaction_registry /* QNO 115 CON_ID 22 */  ) UNION ALL ( SELECT * FROM mysql.transaction_registry /* QNO 115 CON_ID 22 */  ) /* TRANSFORM_OUTCOME_SUPERSET */ /* QNO 140 CON_ID 22 */
		    22 Query	CREATE OR REPLACE VIEW transforms.view_4708_probe AS SELECT * FROM mysql.transaction_registry /* QNO 115 CON_ID 22 */  /* QNO 141 CON_ID 22 */
		    21 Query	SET STATEMENT `sql_mode`=ORACLE FOR SELECT seq1.nextval /* QNO 159 CON_ID 21 */
		    17 Query	(  SELECT * FROM performance_schema.`table_io_waits_summary_by_table` AS table1 ORDER BY table1.`AVG_TIMER_READ`, table1.`MIN_TIMER_UPDATE`, table1.`SUM_TIMER_INSERT` LIMIT 85 /* QNO 114 CON_ID 17 */  ) UNION ALL (  SELECT * FROM performance_schema.`table_io_waits_summary_by_table` AS table1 ORDER BY table1.`AVG_TIMER_READ`, table1.`MIN_TIMER_UPDATE`, table1.`SUM_TIMER_INSERT` LIMIT 85 /* QNO 114 CON_ID 17 */  ) /* TRANSFORM_OUTCOME_SUPERSET */ /* QNO 135 CON_ID 17 */
		    21 Query	SHOW ENGINE PERFORMANCE_SCHEMA STATUS /* QNO 160 CON_ID 21 */
		    17 Query	CREATE OR REPLACE VIEW transforms.view_3980_probe AS  SELECT * FROM performance_schema.`table_io_waits_summary_by_table` AS table1 ORDER BY table1.`AVG_TIMER_READ`, table1.`MIN_TIMER_UPDATE`, table1.`SUM_TIMER_INSERT` LIMIT 85 /* QNO 114 CON_ID 17 */  /* QNO 136 CON_ID 17 */
		    22 Query	DROP VIEW transforms.view_4708_probe /* QNO 142 CON_ID 22 */
		    21 Query	CREATE OR REPLACE VIEW transforms.view_4888_probe AS SHOW ENGINE PERFORMANCE_SCHEMA STATUS /* QNO 160 CON_ID 21 */  /* QNO 161 CON_ID 21 */
		    22 Query	/* GenTest::Transform::ExecuteAsView */ CREATE DATABASE IF NOT EXISTS transforms /* QNO 143 CON_ID 22 */
		    21 Query	UNLOCK TABLES /* QNO 162 CON_ID 21 */
		    21 Query	CREATE OR REPLACE VIEW transforms.view_4888_probe AS UNLOCK TABLES /* QNO 162 CON_ID 21 */  /* QNO 163 CON_ID 21 */
		    21 Query	XA END 'inactive_xid'  /* QNO 164 CON_ID 21 */
		    21 Query	XA PREPARE 'inactive_xid'  /* QNO 165 CON_ID 21 */
		    17 Query	DROP VIEW transforms.view_3980_probe /* QNO 137 CON_ID 17 */
		    21 Query	ALTER TABLE `index_stats` DROP PRIMARY KEY /* QNO 166 CON_ID 21 */
		    21 Query	SELECT * FROM INFORMATION_SCHEMA.`INNODB_SYS_FIELDS` AS table1 WHERE NOT ( table1.`NAME` < table1.`POS` OR table1.`POS` LIKE 'wait/synch%') LIMIT 59 /* QNO 167 CON_ID 21 */
		    20 Query	SELECT * FROM transforms.insert_select_1000 /* TRANSFORM_OUTCOME_UNORDERED_MATCH */ /* QNO 189 CON_ID 20 */
		    16 Query	CREATE OR REPLACE VIEW transforms.view_900_probe AS CREATE TABLE d LIKE `t7` /* QNO 165 CON_ID 16 */  /* QNO 166 CON_ID 16 */
		    18 Query	SELECT * FROM transforms.insert_select_4904 /* TRANSFORM_OUTCOME_UNORDERED_MATCH */ /* QNO 156 CON_ID 18 */
		    21 Query	SHOW WARNINGS
		    18 Query	DELETE FROM transforms.insert_select_4904 /* QNO 157 CON_ID 18 */
		    22 Query	SHOW WARNINGS
		    18 Query	INSERT INTO transforms.insert_select_4904  SELECT * FROM (mysql.`help_relation` AS table1 STRAIGHT_JOIN INFORMATION_SCHEMA.`INNODB_CMP_RESET` AS table2 ON ( table2.`uncompress_ops` = table1.`help_keyword_id` ) ) WHERE table1.`help_keyword_id` < table2.`uncompress_time` HAVING table1.`help_keyword_id` != '2021-12-15 14:26:33.052200' ORDER BY table1.`help_keyword_id` LIMIT 11 /* QNO 144 CON_ID 18 */  /* QNO 158 CON_ID 18 */
		    17 Query	/* GenTest::Transform::ExecuteAsView */ CREATE DATABASE IF NOT EXISTS transforms /* QNO 138 CON_ID 17 */
		    22 Query	DROP VIEW IF EXISTS transforms.view_4708_merge , transforms.view_4708_temptable /* QNO 144 CON_ID 22 */
		    22 Query	SHOW WARNINGS
		    22 Query	CREATE OR REPLACE ALGORITHM=MERGE VIEW transforms.view_4708_merge AS SELECT * FROM mysql.transaction_registry /* QNO 115 CON_ID 22 */  /* QNO 145 CON_ID 22 */
		    20 Query	DELETE FROM transforms.insert_select_1000 /* QNO 190 CON_ID 20 */
		    16 Query	GRANT INSERT ( `vcol_dec`, `col_time` ), INSERT ( `col_datetime` ), UPDATE ( `col_blob` ) ON `t4` TO 'someuser'@'somehost' /* QNO 167 CON_ID 16 */
		    18 Query	SELECT * FROM transforms.insert_select_4904 /* TRANSFORM_OUTCOME_UNORDERED_MATCH */ /* QNO 159 CON_ID 18 */
		    17 Query	SHOW WARNINGS
		    20 Query	INSERT INTO transforms.insert_select_1000  SELECT * FROM performance_schema.`host_cache` AS table1 WHERE ( table1.`COUNT_ADDRINFO_TRANSIENT_ERRORS` <= 4 OR table1.`HOST_VALIDATED` < '2005-10-20 05:44:26.044827') ORDER BY table1.`LAST_SEEN` LIMIT 241 /* QNO 181 CON_ID 20 */  /* QNO 191 CON_ID 20 */
		    18 Query	DELETE FROM transforms.insert_select_4904 /* QNO 160 CON_ID 18 */
		    21 Query	TRUNCATE TABLE performance_schema.events_waits_history /* QNO 168 CON_ID 21 */
		    17 Query	DROP VIEW IF EXISTS transforms.view_3980_merge , transforms.view_3980_temptable /* QNO 139 CON_ID 17 */
		    16 Query	ALTER TABLE `t7` DROP COLUMN h /* QNO 168 CON_ID 16 */
		    20 Query	SELECT * FROM transforms.insert_select_1000 /* TRANSFORM_OUTCOME_UNORDERED_MATCH */ /* QNO 192 CON_ID 20 */
		    18 Query	REPLACE INTO transforms.insert_select_4904  SELECT * FROM (mysql.`help_relation` AS table1 STRAIGHT_JOIN INFORMATION_SCHEMA.`INNODB_CMP_RESET` AS table2 ON ( table2.`uncompress_ops` = table1.`help_keyword_id` ) ) WHERE table1.`help_keyword_id` < table2.`uncompress_time` HAVING table1.`help_keyword_id` != '2021-12-15 14:26:33.052200' ORDER BY table1.`help_keyword_id` LIMIT 11 /* QNO 144 CON_ID 18 */  /* QNO 161 CON_ID 18 */
		    20 Query	DELETE FROM transforms.insert_select_1000 /* QNO 193 CON_ID 20 */
		    17 Query	SHOW WARNINGS
		    21 Query	CREATE OR REPLACE VIEW transforms.view_4888_probe AS TRUNCATE TABLE performance_schema.events_waits_history /* QNO 168 CON_ID 21 */  /* QNO 169 CON_ID 21 */
		    16 Query	DROP TABLE n /* QNO 169 CON_ID 16 */
		    20 Query	REPLACE INTO transforms.insert_select_1000  SELECT * FROM performance_schema.`host_cache` AS table1 WHERE ( table1.`COUNT_ADDRINFO_TRANSIENT_ERRORS` <= 4 OR table1.`HOST_VALIDATED` < '2005-10-20 05:44:26.044827') ORDER BY table1.`LAST_SEEN` LIMIT 241 /* QNO 181 CON_ID 20 */  /* QNO 194 CON_ID 20 */
		    18 Query	SELECT * FROM transforms.insert_select_4904 /* TRANSFORM_OUTCOME_UNORDERED_MATCH */ /* QNO 162 CON_ID 18 */
		    17 Query	CREATE OR REPLACE ALGORITHM=MERGE VIEW transforms.view_3980_merge AS  SELECT * FROM performance_schema.`table_io_waits_summary_by_table` AS table1 ORDER BY table1.`AVG_TIMER_READ`, table1.`MIN_TIMER_UPDATE`, table1.`SUM_TIMER_INSERT` LIMIT 85 /* QNO 114 CON_ID 17 */  /* QNO 140 CON_ID 17 */
		    20 Query	SELECT * FROM transforms.insert_select_1000 /* TRANSFORM_OUTCOME_UNORDERED_MATCH */ /* QNO 195 CON_ID 20 */
		    18 Query	DROP TABLE transforms.insert_select_4904 /* QNO 163 CON_ID 18 */
		    21 Query	UPDATE performance_schema.setup_timers SET timer_name = 'TICK' /* QNO 170 CON_ID 21 */
		    16 Query	CREATE EVENT z ON SCHEDULE AT NOW() DO SET @a=@a /* QNO 170 CON_ID 16 */
		    20 Query	DROP TABLE transforms.insert_select_1000 /* QNO 196 CON_ID 20 */
		    16 Query	CREATE OR REPLACE VIEW transforms.view_900_probe AS CREATE EVENT z ON SCHEDULE AT NOW() DO SET @a=@a /* QNO 170 CON_ID 16 */  /* QNO 171 CON_ID 16 */
		    21 Query	CREATE OR REPLACE VIEW transforms.view_4888_probe AS UPDATE performance_schema.setup_timers SET timer_name = 'TICK' /* QNO 170 CON_ID 21 */  /* QNO 171 CON_ID 21 */
		    16 Query	ALTER TABLE `view_t9` REMOVE PARTITIONING /* QNO 172 CON_ID 16 */
		    16 Query	ALTER TABLE `view_t4` ADD COLUMN s INTEGER DEFAULT NULL /* QNO 173 CON_ID 16 */
		    21 Query	UPDATE performance_schema.setup_instruments SET ENABLED = 'YES' WHERE NAME LIKE '%sql%' /* QNO 172 CON_ID 21 */
		    16 Query	REVOKE ALL PRIVILEGES ON a.* FROM 'someuser'@'somehost' /* QNO 174 CON_ID 16 */
		    16 Query	CREATE FUNCTION d ( g INTEGER, y INTEGER ) RETURNS INTEGER RETURN 1 /* QNO 175 CON_ID 16 */
		    21 Query	CREATE OR REPLACE VIEW transforms.view_4888_probe AS UPDATE performance_schema.setup_instruments SET ENABLED = 'YES' WHERE NAME LIKE '%sql%' /* QNO 172 CON_ID 21 */  /* QNO 173 CON_ID 21 */
		    21 Query	SET `system_versioning_innodb_algorithm_simple` = OFF /* QNO 174 CON_ID 21 */
		    22 Query	SELECT * FROM transforms.view_4708_merge /* TRANSFORM_OUTCOME_UNORDERED_MATCH */ /* QNO 146 CON_ID 22 */
		    22 Query	CREATE OR REPLACE ALGORITHM=TEMPTABLE VIEW transforms.view_4708_temptable AS SELECT * FROM mysql.transaction_registry /* QNO 115 CON_ID 22 */  /* QNO 147 CON_ID 22 */
		    21 Query	SELECT * FROM `SCHEMA_PRIVILEGES` INTO OUTFILE 'load_SCHEMA_PRIVILEGES'  /* QNO 175 CON_ID 21 */
		    17 Query	SHOW WARNINGS
		    22 Query	SELECT * FROM transforms.view_4708_temptable /* TRANSFORM_OUTCOME_UNORDERED_MATCH */ /* QNO 148 CON_ID 22 */
		    18 Query	/* GenTest::Transform::ExecuteAsIntersect */ (  SELECT * FROM (mysql.`help_relation` AS table1 STRAIGHT_JOIN INFORMATION_SCHEMA.`INNODB_CMP_RESET` AS table2 ON ( table2.`uncompress_ops` = table1.`help_keyword_id` ) ) WHERE table1.`help_keyword_id` < table2.`uncompress_time` HAVING table1.`help_keyword_id` != '2021-12-15 14:26:33.052200' ORDER BY table1.`help_keyword_id` LIMIT 11 /* QNO 144 CON_ID 18 */  ) INTERSECT (  SELECT * FROM (mysql.`help_relation` AS table1 STRAIGHT_JOIN INFORMATION_SCHEMA.`INNODB_CMP_RESET` AS table2 ON ( table2.`uncompress_ops` = table1.`help_keyword_id` ) ) WHERE table1.`help_keyword_id` < table2.`uncompress_time` HAVING table1.`help_keyword_id` != '2021-12-15 14:26:33.052200' ORDER BY table1.`help_keyword_id` LIMIT 11 /* QNO 144 CON_ID 18 */  ) /* TRANSFORM_OUTCOME_DISTINCT */ /* QNO 164 CON_ID 18 */
		    21 Query	LOAD DATA INFILE 'load_SCHEMA_PRIVILEGES' REPLACE INTO TABLE SCHEMA_PRIVILEGES /* QNO 176 CON_ID 21 */
		    22 Query	DROP VIEW transforms.view_4708_merge , transforms.view_4708_temptable /* QNO 149 CON_ID 22 */
		    22 Query	/* GenTest::Transform::ExecuteAsPreparedTwice */ PREPARE prep_stmt_4708 FROM 'SELECT * FROM mysql.transaction_registry /* QNO 115 CON_ID 22 */ ' /* QNO 150 CON_ID 22 */
		    22 Prepare	SELECT * FROM mysql.transaction_registry /* QNO 115 CON_ID 22 */
		    21 Query	ALTER ONLINE TABLE `TRIGGERS` FORCE, LOCK=NONE, ALGORITHM=COPY /* QNO 177 CON_ID 21 */
		    18 Query	(  SELECT * FROM (mysql.`help_relation` AS table1 STRAIGHT_JOIN INFORMATION_SCHEMA.`INNODB_CMP_RESET` AS table2 ON ( table2.`uncompress_ops` = table1.`help_keyword_id` ) ) WHERE table1.`help_keyword_id` < table2.`uncompress_time` HAVING table1.`help_keyword_id` != '2021-12-15 14:26:33.052200' ORDER BY table1.`help_keyword_id` LIMIT 11 /* QNO 144 CON_ID 18 */  ) INTERSECT (  SELECT * FROM (mysql.`help_relation` AS table1 STRAIGHT_JOIN INFORMATION_SCHEMA.`INNODB_CMP_RESET` AS table2 ON ( table2.`uncompress_ops` = table1.`help_keyword_id` ) ) WHERE table1.`help_keyword_id` < table2.`uncompress_time` HAVING table1.`help_keyword_id` != '2021-12-15 14:26:33.052200' ORDER BY table1.`help_keyword_id` LIMIT 0 /* QNO 144 CON_ID 18 */  ) /* TRANSFORM_OUTCOME_EMPTY_RESULT */ /* QNO 165 CON_ID 18 */
		    22 Query	EXECUTE prep_stmt_4708 /* TRANSFORM_OUTCOME_UNORDERED_MATCH */ /* QNO 151 CON_ID 22 */
		    22 Execute	SELECT * FROM mysql.transaction_registry /* QNO 115 CON_ID 22 */
		    21 Query	UPDATE performance_schema.setup_consumers SET enabled = 'NO' WHERE name LIKE 'events%' /* QNO 178 CON_ID 21 */
		    21 Query	CREATE OR REPLACE VIEW transforms.view_4888_probe AS UPDATE performance_schema.setup_consumers SET enabled = 'NO' WHERE name LIKE 'events%' /* QNO 178 CON_ID 21 */  /* QNO 179 CON_ID 21 */
		    18 Query	/* GenTest::Transform::ExecuteAsUnion */ (  SELECT * FROM (mysql.`help_relation` AS table1 STRAIGHT_JOIN INFORMATION_SCHEMA.`INNODB_CMP_RESET` AS table2 ON ( table2.`uncompress_ops` = table1.`help_keyword_id` ) ) WHERE table1.`help_keyword_id` < table2.`uncompress_time` HAVING table1.`help_keyword_id` != '2021-12-15 14:26:33.052200' ORDER BY table1.`help_keyword_id` LIMIT 11 /* QNO 144 CON_ID 18 */  ) UNION ALL (  SELECT * FROM (mysql.`help_relation` AS table1 STRAIGHT_JOIN INFORMATION_SCHEMA.`INNODB_CMP_RESET` AS table2 ON ( table2.`uncompress_ops` = table1.`help_keyword_id` ) ) WHERE table1.`help_keyword_id` < table2.`uncompress_time` HAVING table1.`help_keyword_id` != '2021-12-15 14:26:33.052200' ORDER BY table1.`help_keyword_id` LIMIT 0 /* QNO 144 CON_ID 18 */  ) /* TRANSFORM_OUTCOME_UNORDERED_MATCH */ /* QNO 166 CON_ID 18 */
		    22 Query	EXECUTE prep_stmt_4708 /* TRANSFORM_OUTCOME_UNORDERED_MATCH */ /* QNO 152 CON_ID 22 */
		    22 Execute	SELECT * FROM mysql.transaction_registry /* QNO 115 CON_ID 22 */
		    21 Query	SHOW ENGINE PERFORMANCE_SCHEMA STATUS /* QNO 180 CON_ID 21 */
		    22 Query	DEALLOCATE PREPARE prep_stmt_4708 /* QNO 153 CON_ID 22 */
		    18 Query	(  SELECT * FROM (mysql.`help_relation` AS table1 STRAIGHT_JOIN INFORMATION_SCHEMA.`INNODB_CMP_RESET` AS table2 ON ( table2.`uncompress_ops` = table1.`help_keyword_id` ) ) WHERE table1.`help_keyword_id` < table2.`uncompress_time` HAVING table1.`help_keyword_id` != '2021-12-15 14:26:33.052200' ORDER BY table1.`help_keyword_id` LIMIT 0 /* QNO 144 CON_ID 18 */  ) UNION ALL (  SELECT * FROM (mysql.`help_relation` AS table1 STRAIGHT_JOIN INFORMATION_SCHEMA.`INNODB_CMP_RESET` AS table2 ON ( table2.`uncompress_ops` = table1.`help_keyword_id` ) ) WHERE table1.`help_keyword_id` < table2.`uncompress_time` HAVING table1.`help_keyword_id` != '2021-12-15 14:26:33.052200' ORDER BY table1.`help_keyword_id` LIMIT 11 /* QNO 144 CON_ID 18 */  ) /* TRANSFORM_OUTCOME_UNORDERED_MATCH */ /* QNO 167 CON_ID 18 */
		    21 Query	CREATE OR REPLACE VIEW transforms.view_4888_probe AS SHOW ENGINE PERFORMANCE_SCHEMA STATUS /* QNO 180 CON_ID 21 */  /* QNO 181 CON_ID 21 */
		    22 Query	/* GenTest::Transform::ExecuteAsSPTwice */ DROP PROCEDURE IF EXISTS stored_proc_4708 /* QNO 154 CON_ID 22 */
		    18 Query	(  SELECT * FROM (mysql.`help_relation` AS table1 STRAIGHT_JOIN INFORMATION_SCHEMA.`INNODB_CMP_RESET` AS table2 ON ( table2.`uncompress_ops` = table1.`help_keyword_id` ) ) WHERE table1.`help_keyword_id` < table2.`uncompress_time` HAVING table1.`help_keyword_id` != '2021-12-15 14:26:33.052200' ORDER BY table1.`help_keyword_id` LIMIT 11 /* QNO 144 CON_ID 18 */  ) UNION DISTINCT (  SELECT * FROM (mysql.`help_relation` AS table1 STRAIGHT_JOIN INFORMATION_SCHEMA.`INNODB_CMP_RESET` AS table2 ON ( table2.`uncompress_ops` = table1.`help_keyword_id` ) ) WHERE table1.`help_keyword_id` < table2.`uncompress_time` HAVING table1.`help_keyword_id` != '2021-12-15 14:26:33.052200' ORDER BY table1.`help_keyword_id` LIMIT 11 /* QNO 144 CON_ID 18 */  ) /* TRANSFORM_OUTCOME_DISTINCT */ /* QNO 168 CON_ID 18 */
		    18 Query	(  SELECT * FROM (mysql.`help_relation` AS table1 STRAIGHT_JOIN INFORMATION_SCHEMA.`INNODB_CMP_RESET` AS table2 ON ( table2.`uncompress_ops` = table1.`help_keyword_id` ) ) WHERE table1.`help_keyword_id` < table2.`uncompress_time` HAVING table1.`help_keyword_id` != '2021-12-15 14:26:33.052200' ORDER BY table1.`help_keyword_id` LIMIT 11 /* QNO 144 CON_ID 18 */  ) UNION ALL (  SELECT * FROM (mysql.`help_relation` AS table1 STRAIGHT_JOIN INFORMATION_SCHEMA.`INNODB_CMP_RESET` AS table2 ON ( table2.`uncompress_ops` = table1.`help_keyword_id` ) ) WHERE table1.`help_keyword_id` < table2.`uncompress_time` HAVING table1.`help_keyword_id` != '2021-12-15 14:26:33.052200' ORDER BY table1.`help_keyword_id` LIMIT 11 /* QNO 144 CON_ID 18 */  ) /* TRANSFORM_OUTCOME_SUPERSET */ /* QNO 169 CON_ID 18 */
		    18 Query	CREATE OR REPLACE VIEW transforms.view_4904_probe AS  SELECT * FROM (mysql.`help_relation` AS table1 STRAIGHT_JOIN INFORMATION_SCHEMA.`INNODB_CMP_RESET` AS table2 ON ( table2.`uncompress_ops` = table1.`help_keyword_id` ) ) WHERE table1.`help_keyword_id` < table2.`uncompress_time` HAVING table1.`help_keyword_id` != '2021-12-15 14:26:33.052200' ORDER BY table1.`help_keyword_id` LIMIT 11 /* QNO 144 CON_ID 18 */  /* QNO 170 CON_ID 18 */
		    18 Query	DROP VIEW transforms.view_4904_probe /* QNO 171 CON_ID 18 */
		    18 Query	/* GenTest::Transform::ExecuteAsView */ CREATE DATABASE IF NOT EXISTS transforms /* QNO 172 CON_ID 18 */
		    21 Query	SHOW ENGINE PERFORMANCE_SCHEMA STATUS /* QNO 182 CON_ID 21 */
		    21 Query	CREATE OR REPLACE VIEW transforms.view_4888_probe AS SHOW ENGINE PERFORMANCE_SCHEMA STATUS /* QNO 182 CON_ID 21 */  /* QNO 183 CON_ID 21 */
		    17 Query	SELECT * FROM transforms.view_3980_merge /* TRANSFORM_OUTCOME_UNORDERED_MATCH */ /* QNO 141 CON_ID 17 */
		    21 Query	SELECT * FROM performance_schema.`file_summary_by_instance` AS table1 ORDER BY table1.`AVG_TIMER_WRITE`, table1.`COUNT_STAR` LIMIT 4 /* QNO 184 CON_ID 21 */
		    20 Query	/* GenTest::Transform::ExecuteAsIntersect */ (  SELECT * FROM performance_schema.`host_cache` AS table1 WHERE ( table1.`COUNT_ADDRINFO_TRANSIENT_ERRORS` <= 4 OR table1.`HOST_VALIDATED` < '2005-10-20 05:44:26.044827') ORDER BY table1.`LAST_SEEN` LIMIT 241 /* QNO 181 CON_ID 20 */  ) INTERSECT (  SELECT * FROM performance_schema.`host_cache` AS table1 WHERE ( table1.`COUNT_ADDRINFO_TRANSIENT_ERRORS` <= 4 OR table1.`HOST_VALIDATED` < '2005-10-20 05:44:26.044827') ORDER BY table1.`LAST_SEEN` LIMIT 241 /* QNO 181 CON_ID 20 */  ) /* TRANSFORM_OUTCOME_DISTINCT */ /* QNO 197 CON_ID 20 */
		    18 Query	SHOW WARNINGS
		    18 Query	DROP VIEW IF EXISTS transforms.view_4904_merge , transforms.view_4904_temptable /* QNO 173 CON_ID 18 */
		    20 Query	(  SELECT * FROM performance_schema.`host_cache` AS table1 WHERE ( table1.`COUNT_ADDRINFO_TRANSIENT_ERRORS` <= 4 OR table1.`HOST_VALIDATED` < '2005-10-20 05:44:26.044827') ORDER BY table1.`LAST_SEEN` LIMIT 241 /* QNO 181 CON_ID 20 */  ) INTERSECT (  SELECT * FROM performance_schema.`host_cache` AS table1 WHERE ( table1.`COUNT_ADDRINFO_TRANSIENT_ERRORS` <= 4 OR table1.`HOST_VALIDATED` < '2005-10-20 05:44:26.044827') ORDER BY table1.`LAST_SEEN` LIMIT 0 /* QNO 181 CON_ID 20 */  ) /* TRANSFORM_OUTCOME_EMPTY_RESULT */ /* QNO 198 CON_ID 20 */
		    18 Query	SHOW WARNINGS
		    18 Query	CREATE OR REPLACE ALGORITHM=MERGE VIEW transforms.view_4904_merge AS  SELECT * FROM (mysql.`help_relation` AS table1 STRAIGHT_JOIN INFORMATION_SCHEMA.`INNODB_CMP_RESET` AS table2 ON ( table2.`uncompress_ops` = table1.`help_keyword_id` ) ) WHERE table1.`help_keyword_id` < table2.`uncompress_time` HAVING table1.`help_keyword_id` != '2021-12-15 14:26:33.052200' ORDER BY table1.`help_keyword_id` LIMIT 11 /* QNO 144 CON_ID 18 */  /* QNO 174 CON_ID 18 */
		    20 Query	/* GenTest::Transform::ExecuteAsUnion */ (  SELECT * FROM performance_schema.`host_cache` AS table1 WHERE ( table1.`COUNT_ADDRINFO_TRANSIENT_ERRORS` <= 4 OR table1.`HOST_VALIDATED` < '2005-10-20 05:44:26.044827') ORDER BY table1.`LAST_SEEN` LIMIT 241 /* QNO 181 CON_ID 20 */  ) UNION ALL (  SELECT * FROM performance_schema.`host_cache` AS table1 WHERE ( table1.`COUNT_ADDRINFO_TRANSIENT_ERRORS` <= 4 OR table1.`HOST_VALIDATED` < '2005-10-20 05:44:26.044827') ORDER BY table1.`LAST_SEEN` LIMIT 0 /* QNO 181 CON_ID 20 */  ) /* TRANSFORM_OUTCOME_UNORDERED_MATCH */ /* QNO 199 CON_ID 20 */
		    18 Query	SHOW WARNINGS
		    18 Query	SELECT * FROM transforms.view_4904_merge /* TRANSFORM_OUTCOME_UNORDERED_MATCH */ /* QNO 175 CON_ID 18 */
		    18 Query	CREATE OR REPLACE ALGORITHM=TEMPTABLE VIEW transforms.view_4904_temptable AS  SELECT * FROM (mysql.`help_relation` AS table1 STRAIGHT_JOIN INFORMATION_SCHEMA.`INNODB_CMP_RESET` AS table2 ON ( table2.`uncompress_ops` = table1.`help_keyword_id` ) ) WHERE table1.`help_keyword_id` < table2.`uncompress_time` HAVING table1.`help_keyword_id` != '2021-12-15 14:26:33.052200' ORDER BY table1.`help_keyword_id` LIMIT 11 /* QNO 144 CON_ID 18 */  /* QNO 176 CON_ID 18 */
		    18 Query	SELECT * FROM transforms.view_4904_temptable /* TRANSFORM_OUTCOME_UNORDERED_MATCH */ /* QNO 177 CON_ID 18 */
		    18 Query	DROP VIEW transforms.view_4904_merge , transforms.view_4904_temptable /* QNO 178 CON_ID 18 */
		    18 Query	/* GenTest::Transform::ExecuteAsPreparedTwice */ PREPARE prep_stmt_4904 FROM ' SELECT * FROM (mysql.`help_relation` AS table1 STRAIGHT_JOIN INFORMATION_SCHEMA.`INNODB_CMP_RESET` AS table2 ON ( table2.`uncompress_ops` = table1.`help_keyword_id` ) ) WHERE table1.`help_keyword_id` < table2.`uncompress_time` HAVING table1.`help_keyword_id` != \'2021-12-15 14:26:33.052200\' ORDER BY table1.`help_keyword_id` LIMIT 11 /* QNO 144 CON_ID 18 */ ' /* QNO 179 CON_ID 18 */
		    18 Prepare	SELECT * FROM (mysql.`help_relation` AS table1 STRAIGHT_JOIN INFORMATION_SCHEMA.`INNODB_CMP_RESET` AS table2 ON ( table2.`uncompress_ops` = table1.`help_keyword_id` ) ) WHERE table1.`help_keyword_id` < table2.`uncompress_time` HAVING table1.`help_keyword_id` != '2021-12-15 14:26:33.052200' ORDER BY table1.`help_keyword_id` LIMIT 11 /* QNO 144 CON_ID 18 */
		    18 Query	EXECUTE prep_stmt_4904 /* TRANSFORM_OUTCOME_UNORDERED_MATCH */ /* QNO 180 CON_ID 18 */
		    18 Execute	SELECT * FROM (mysql.`help_relation` AS table1 STRAIGHT_JOIN INFORMATION_SCHEMA.`INNODB_CMP_RESET` AS table2 ON ( table2.`uncompress_ops` = table1.`help_keyword_id` ) ) WHERE table1.`help_keyword_id` < table2.`uncompress_time` HAVING table1.`help_keyword_id` != '2021-12-15 14:26:33.052200' ORDER BY table1.`help_keyword_id` LIMIT 11 /* QNO 144 CON_ID 18 */
		    18 Query	EXECUTE prep_stmt_4904 /* TRANSFORM_OUTCOME_UNORDERED_MATCH */ /* QNO 181 CON_ID 18 */
		    18 Execute	SELECT * FROM (mysql.`help_relation` AS table1 STRAIGHT_JOIN INFORMATION_SCHEMA.`INNODB_CMP_RESET` AS table2 ON ( table2.`uncompress_ops` = table1.`help_keyword_id` ) ) WHERE table1.`help_keyword_id` < table2.`uncompress_time` HAVING table1.`help_keyword_id` != '2021-12-15 14:26:33.052200' ORDER BY table1.`help_keyword_id` LIMIT 11 /* QNO 144 CON_ID 18 */
		    18 Query	DEALLOCATE PREPARE prep_stmt_4904 /* QNO 182 CON_ID 18 */
		    18 Query	/* GenTest::Transform::ExecuteAsSPTwice */ DROP PROCEDURE IF EXISTS stored_proc_4904 /* QNO 183 CON_ID 18 */
		    20 Query	(  SELECT * FROM performance_schema.`host_cache` AS table1 WHERE ( table1.`COUNT_ADDRINFO_TRANSIENT_ERRORS` <= 4 OR table1.`HOST_VALIDATED` < '2005-10-20 05:44:26.044827') ORDER BY table1.`LAST_SEEN` LIMIT 0 /* QNO 181 CON_ID 20 */  ) UNION ALL (  SELECT * FROM performance_schema.`host_cache` AS table1 WHERE ( table1.`COUNT_ADDRINFO_TRANSIENT_ERRORS` <= 4 OR table1.`HOST_VALIDATED` < '2005-10-20 05:44:26.044827') ORDER BY table1.`LAST_SEEN` LIMIT 241 /* QNO 181 CON_ID 20 */  ) /* TRANSFORM_OUTCOME_UNORDERED_MATCH */ /* QNO 200 CON_ID 20 */
		    20 Query	(  SELECT * FROM performance_schema.`host_cache` AS table1 WHERE ( table1.`COUNT_ADDRINFO_TRANSIENT_ERRORS` <= 4 OR table1.`HOST_VALIDATED` < '2005-10-20 05:44:26.044827') ORDER BY table1.`LAST_SEEN` LIMIT 241 /* QNO 181 CON_ID 20 */  ) UNION DISTINCT (  SELECT * FROM performance_schema.`host_cache` AS table1 WHERE ( table1.`COUNT_ADDRINFO_TRANSIENT_ERRORS` <= 4 OR table1.`HOST_VALIDATED` < '2005-10-20 05:44:26.044827') ORDER BY table1.`LAST_SEEN` LIMIT 241 /* QNO 181 CON_ID 20 */  ) /* TRANSFORM_OUTCOME_DISTINCT */ /* QNO 201 CON_ID 20 */
		    17 Query	CREATE OR REPLACE ALGORITHM=TEMPTABLE VIEW transforms.view_3980_temptable AS  SELECT * FROM performance_schema.`table_io_waits_summary_by_table` AS table1 ORDER BY table1.`AVG_TIMER_READ`, table1.`MIN_TIMER_UPDATE`, table1.`SUM_TIMER_INSERT` LIMIT 85 /* QNO 114 CON_ID 17 */  /* QNO 142 CON_ID 17 */
