		    22 Query	(  SELECT * FROM INFORMATION_SCHEMA.`INNODB_CMP_RESET` AS table1 ORDER BY table1.`uncompress_time`, table1.`uncompress_ops`, table1.`compress_ops` LIMIT 0 /* QNO 1049 CON_ID 22 */  ) UNION ALL (  SELECT * FROM INFORMATION_SCHEMA.`INNODB_CMP_RESET` AS table1 ORDER BY table1.`uncompress_time`, table1.`uncompress_ops`, table1.`compress_ops` LIMIT 129 /* QNO 1049 CON_ID 22 */  ) /* TRANSFORM_OUTCOME_UNORDERED_MATCH */ /* QNO 1059 CON_ID 22 */
		    22 Query	(  SELECT * FROM INFORMATION_SCHEMA.`INNODB_CMP_RESET` AS table1 ORDER BY table1.`uncompress_time`, table1.`uncompress_ops`, table1.`compress_ops` LIMIT 129 /* QNO 1049 CON_ID 22 */  ) UNION DISTINCT (  SELECT * FROM INFORMATION_SCHEMA.`INNODB_CMP_RESET` AS table1 ORDER BY table1.`uncompress_time`, table1.`uncompress_ops`, table1.`compress_ops` LIMIT 129 /* QNO 1049 CON_ID 22 */  ) /* TRANSFORM_OUTCOME_DISTINCT */ /* QNO 1060 CON_ID 22 */
		    22 Query	(  SELECT * FROM INFORMATION_SCHEMA.`INNODB_CMP_RESET` AS table1 ORDER BY table1.`uncompress_time`, table1.`uncompress_ops`, table1.`compress_ops` LIMIT 129 /* QNO 1049 CON_ID 22 */  ) UNION ALL (  SELECT * FROM INFORMATION_SCHEMA.`INNODB_CMP_RESET` AS table1 ORDER BY table1.`uncompress_time`, table1.`uncompress_ops`, table1.`compress_ops` LIMIT 129 /* QNO 1049 CON_ID 22 */  ) /* TRANSFORM_OUTCOME_SUPERSET */ /* QNO 1061 CON_ID 22 */
		    22 Query	CREATE OR REPLACE VIEW transforms.view_4708_probe AS  SELECT * FROM INFORMATION_SCHEMA.`INNODB_CMP_RESET` AS table1 ORDER BY table1.`uncompress_time`, table1.`uncompress_ops`, table1.`compress_ops` LIMIT 129 /* QNO 1049 CON_ID 22 */  /* QNO 1062 CON_ID 22 */
		    22 Query	/* GenTest::Transform::ExecuteAsPreparedTwice */ PREPARE prep_stmt_4708 FROM ' SELECT * FROM INFORMATION_SCHEMA.`INNODB_CMP_RESET` AS table1 ORDER BY table1.`uncompress_time`, table1.`uncompress_ops`, table1.`compress_ops` LIMIT 129 /* QNO 1049 CON_ID 22 */ ' /* QNO 1063 CON_ID 22 */
		    22 Prepare	SELECT * FROM INFORMATION_SCHEMA.`INNODB_CMP_RESET` AS table1 ORDER BY table1.`uncompress_time`, table1.`uncompress_ops`, table1.`compress_ops` LIMIT 129 /* QNO 1049 CON_ID 22 */
		    22 Query	EXECUTE prep_stmt_4708 /* TRANSFORM_OUTCOME_UNORDERED_MATCH */ /* QNO 1064 CON_ID 22 */
		    22 Execute	SELECT * FROM INFORMATION_SCHEMA.`INNODB_CMP_RESET` AS table1 ORDER BY table1.`uncompress_time`, table1.`uncompress_ops`, table1.`compress_ops` LIMIT 129 /* QNO 1049 CON_ID 22 */
		    22 Query	EXECUTE prep_stmt_4708 /* TRANSFORM_OUTCOME_UNORDERED_MATCH */ /* QNO 1065 CON_ID 22 */
		    22 Execute	SELECT * FROM INFORMATION_SCHEMA.`INNODB_CMP_RESET` AS table1 ORDER BY table1.`uncompress_time`, table1.`uncompress_ops`, table1.`compress_ops` LIMIT 129 /* QNO 1049 CON_ID 22 */
		    22 Query	DEALLOCATE PREPARE prep_stmt_4708 /* QNO 1066 CON_ID 22 */
		    22 Query	/* GenTest::Transform::ExecuteAsSPTwice */ DROP PROCEDURE IF EXISTS stored_proc_4708 /* QNO 1067 CON_ID 22 */
		    22 Query	SELECT NEXT_NOT_CACHED_VALUE, MAXIMUM_VALUE, INCREMENT, INCREMENT FROM seq3 /* QNO 1068 CON_ID 22 */
		    22 Query	TRUNCATE TABLE performance_schema.file_summary_by_event_name /* QNO 1069 CON_ID 22 */
		    22 Query	INSERT INTO `INNODB_FT_BEING_DELETED` SELECT * FROM `GLOBAL_VARIABLES` /* QNO 1070 CON_ID 22 */
		    22 Query	SELECT * FROM INFORMATION_SCHEMA.`REFERENTIAL_CONSTRAINTS` AS table1 ORDER BY table1.`TABLE_NAME`, table1.`DELETE_RULE`, table1.`UPDATE_RULE` LIMIT 27 /* QNO 1071 CON_ID 22 */
		    20 Query	SHOW WARNINGS
		    16 Query	CREATE OR REPLACE VIEW transforms.view_900_probe AS CREATE FUNCTION g ( l INTEGER, g INTEGER ) RETURNS INTEGER RETURN 1 /* QNO 1058 CON_ID 16 */  /* QNO 1059 CON_ID 16 */
		    18 Query	SHOW WARNINGS
		    18 Query	CREATE PROCEDURE stored_proc_4904 () LANGUAGE SQL  SELECT * FROM INFORMATION_SCHEMA.`INNODB_SYS_TABLESTATS` AS table1 WHERE (NOT table1.`TABLE_ID` < table1.`NUM_ROWS` OR table1.`CLUST_INDEX_SIZE` = 6) ORDER BY table1.`CLUST_INDEX_SIZE` LIMIT 170 /* QNO 836 CON_ID 18 */  /* QNO 872 CON_ID 18 */
		    16 Query	CREATE DATABASE IF NOT EXISTS z /* QNO 1060 CON_ID 16 */
		    17 Query	UPDATE performance_schema.setup_instruments SET TIMED = 'YES' WHERE NAME LIKE 'wait/synch/rwlock%' /* QNO 1412 CON_ID 17 */
		    17 Query	CREATE OR REPLACE VIEW transforms.view_3980_probe AS UPDATE performance_schema.setup_instruments SET TIMED = 'YES' WHERE NAME LIKE 'wait/synch/rwlock%' /* QNO 1412 CON_ID 17 */  /* QNO 1413 CON_ID 17 */
		    17 Query	INSERT INTO `slow_log` ( `pk` ) VALUES (NULL) /* QNO 1414 CON_ID 17 */
		    16 Query	SHOW WARNINGS
		    16 Query	DROP EVENT l /* QNO 1061 CON_ID 16 */
		    17 Query	SELECT * FROM `time_zone_transition_type` INTO OUTFILE 'load_time_zone_transition_type'  /* QNO 1415 CON_ID 17 */
		    17 Query	LOAD DATA INFILE 'load_time_zone_transition_type' REPLACE INTO TABLE time_zone_transition_type /* QNO 1416 CON_ID 17 */
		    16 Query	REVOKE CREATE USER, RELOAD, PROCESS, REPLICATION SLAVE ON *.* FROM 'someuser'@'somehost' /* QNO 1062 CON_ID 16 */
		    17 Query	FLUSH TABLES /* QNO 1417 CON_ID 17 */
		    22 Query	/* GenTest::Transform::ExecuteAsCTE */  WITH cte1 AS ( SELECT * FROM INFORMATION_SCHEMA.`REFERENTIAL_CONSTRAINTS` AS table1 ORDER BY table1.`TABLE_NAME`, table1.`DELETE_RULE`, table1.`UPDATE_RULE` LIMIT 27 /* QNO 1071 CON_ID 22 */ ) SELECT * FROM cte1  /* TRANSFORM_OUTCOME_UNORDERED_MATCH */ /* QNO 1072 CON_ID 22 */
		    16 Query	CREATE OR REPLACE VIEW transforms.view_900_probe AS REVOKE CREATE USER, RELOAD, PROCESS, REPLICATION SLAVE ON *.* FROM 'someuser'@'somehost' /* QNO 1062 CON_ID 16 */  /* QNO 1063 CON_ID 16 */
		    16 Query	GRANT CREATE USER ON *.* to 'someuser'@'somehost' /* QNO 1064 CON_ID 16 */
		    21 Query	SELECT * FROM (performance_schema.`events_waits_summary_by_account_by_event_name` AS table1 RIGHT OUTER JOIN mysql.`time_zone` AS table2 ON ( table2.`Use_leap_seconds` = table1.`USER` ) ) HAVING ( table1.`USER` <= '2000-03-16 01:50:09.008708' AND table1.`MIN_TIMER_WAIT` < 4) LIMIT 239 /* QNO 982 CON_ID 21 */
		    20 Query	DROP TABLE IF EXISTS transforms.insert_select_1000 /* QNO 2000 CON_ID 20 */
		    18 Query	CALL stored_proc_4904 /* TRANSFORM_OUTCOME_UNORDERED_MATCH */ /* QNO 873 CON_ID 18 */
		    16 Query	CREATE OR REPLACE VIEW transforms.view_900_probe AS GRANT CREATE USER ON *.* to 'someuser'@'somehost' /* QNO 1064 CON_ID 16 */  /* QNO 1065 CON_ID 16 */
		    21 Query	/* GenTest::Transform::ExecuteAsCTE */  WITH cte1 AS ( SELECT * FROM( performance_schema.`events_waits_summary_by_account_by_event_name` AS table1 RIGHT OUTER JOIN mysql.`time_zone` AS table2 ON( table2.`Use_leap_seconds` = table1.`USER`)) HAVING( table1.`USER` <= '2000-03-16 01:50:09.008708' AND table1.`MIN_TIMER_WAIT` < 4) LIMIT 239 /* QNO 982 CON_ID 21 */ ) SELECT * FROM cte1  /* TRANSFORM_OUTCOME_UNORDERED_MATCH */ /* QNO 983 CON_ID 21 */
		    18 Query	CALL stored_proc_4904 /* TRANSFORM_OUTCOME_UNORDERED_MATCH */ /* QNO 874 CON_ID 18 */
		    16 Query	CREATE TABLE n LIKE `view_t4` /* QNO 1066 CON_ID 16 */
		    21 Query	/* GenTest::Transform::ExecuteAsExcept */ (  SELECT * FROM (performance_schema.`events_waits_summary_by_account_by_event_name` AS table1 RIGHT OUTER JOIN mysql.`time_zone` AS table2 ON ( table2.`Use_leap_seconds` = table1.`USER` ) ) HAVING ( table1.`USER` <= '2000-03-16 01:50:09.008708' AND table1.`MIN_TIMER_WAIT` < 4) LIMIT 239 /* QNO 982 CON_ID 21 */  ) EXCEPT (  SELECT * FROM (performance_schema.`events_waits_summary_by_account_by_event_name` AS table1 RIGHT OUTER JOIN mysql.`time_zone` AS table2 ON ( table2.`Use_leap_seconds` = table1.`USER` ) ) HAVING ( table1.`USER` <= '2000-03-16 01:50:09.008708' AND table1.`MIN_TIMER_WAIT` < 4) LIMIT 0 /* QNO 982 CON_ID 21 */  ) /* TRANSFORM_OUTCOME_DISTINCT */ /* QNO 984 CON_ID 21 */
		    18 Query	DROP PROCEDURE IF EXISTS stored_proc_4904 /* QNO 875 CON_ID 18 */
		    21 Query	(  SELECT * FROM (performance_schema.`events_waits_summary_by_account_by_event_name` AS table1 RIGHT OUTER JOIN mysql.`time_zone` AS table2 ON ( table2.`Use_leap_seconds` = table1.`USER` ) ) HAVING ( table1.`USER` <= '2000-03-16 01:50:09.008708' AND table1.`MIN_TIMER_WAIT` < 4) LIMIT 239 /* QNO 982 CON_ID 21 */  ) EXCEPT (  SELECT * FROM (performance_schema.`events_waits_summary_by_account_by_event_name` AS table1 RIGHT OUTER JOIN mysql.`time_zone` AS table2 ON ( table2.`Use_leap_seconds` = table1.`USER` ) ) HAVING ( table1.`USER` <= '2000-03-16 01:50:09.008708' AND table1.`MIN_TIMER_WAIT` < 4) LIMIT 239 /* QNO 982 CON_ID 21 */  ) /* TRANSFORM_OUTCOME_EMPTY_RESULT */ /* QNO 985 CON_ID 21 */
		    16 Query	GRANT UPDATE ( `vcol_enum`, `vcol_varchar` ) ON `t8` TO 'someuser'@'somehost' /* QNO 1067 CON_ID 16 */
		    18 Query	DELETE FROM `ALL_PLUGINS` WHERE `PLUGIN_AUTH_VERSION` >= 1 LIMIT 5 /* QNO 876 CON_ID 18 */
		    21 Query	/* GenTest::Transform::ExecuteAsExecuteImmediate */ EXECUTE IMMEDIATE ' SELECT * FROM (performance_schema.`events_waits_summary_by_account_by_event_name` AS table1 RIGHT OUTER JOIN mysql.`time_zone` AS table2 ON ( table2.`Use_leap_seconds` = table1.`USER` ) ) HAVING ( table1.`USER` <= \'2000-03-16 01:50:09.008708\' AND table1.`MIN_TIMER_WAIT` < 4) LIMIT 239 /* QNO 982 CON_ID 21 */ ' /* TRANSFORM_OUTCOME_UNORDERED_MATCH */ /* QNO 986 CON_ID 21 */
		    21 Prepare	SELECT * FROM (performance_schema.`events_waits_summary_by_account_by_event_name` AS table1 RIGHT OUTER JOIN mysql.`time_zone` AS table2 ON ( table2.`Use_leap_seconds` = table1.`USER` ) ) HAVING ( table1.`USER` <= '2000-03-16 01:50:09.008708' AND table1.`MIN_TIMER_WAIT` < 4) LIMIT 239 /* QNO 982 CON_ID 21 */
		    21 Execute	SELECT * FROM (performance_schema.`events_waits_summary_by_account_by_event_name` AS table1 RIGHT OUTER JOIN mysql.`time_zone` AS table2 ON ( table2.`Use_leap_seconds` = table1.`USER` ) ) HAVING ( table1.`USER` <= '2000-03-16 01:50:09.008708' AND table1.`MIN_TIMER_WAIT` < 4) LIMIT 239 /* QNO 982 CON_ID 21 */
		    16 Query	GRANT RELOAD, REPLICATION SLAVE, SHOW DATABASES, REPLICATION CLIENT, SHOW DATABASES ON *.* to 'someuser'@'somehost' /* QNO 1068 CON_ID 16 */
		    18 Query	UPDATE performance_schema.setup_instruments SET TIMED = 'YES' ORDER BY RAND() LIMIT 6 /* QNO 877 CON_ID 18 */
		    21 Query	/* GenTest::Transform::ExecuteAsInsertSelect */ CREATE DATABASE IF NOT EXISTS transforms /* QNO 987 CON_ID 21 */
		    21 Query	/* GenTest::Transform::ExecuteAsIntersect */ (  SELECT * FROM (performance_schema.`events_waits_summary_by_account_by_event_name` AS table1 RIGHT OUTER JOIN mysql.`time_zone` AS table2 ON ( table2.`Use_leap_seconds` = table1.`USER` ) ) HAVING ( table1.`USER` <= '2000-03-16 01:50:09.008708' AND table1.`MIN_TIMER_WAIT` < 4) LIMIT 239 /* QNO 982 CON_ID 21 */  ) INTERSECT (  SELECT * FROM (performance_schema.`events_waits_summary_by_account_by_event_name` AS table1 RIGHT OUTER JOIN mysql.`time_zone` AS table2 ON ( table2.`Use_leap_seconds` = table1.`USER` ) ) HAVING ( table1.`USER` <= '2000-03-16 01:50:09.008708' AND table1.`MIN_TIMER_WAIT` < 4) LIMIT 239 /* QNO 982 CON_ID 21 */  ) /* TRANSFORM_OUTCOME_DISTINCT */ /* QNO 988 CON_ID 21 */
		    18 Query	CREATE OR REPLACE VIEW transforms.view_4904_probe AS UPDATE performance_schema.setup_instruments SET TIMED = 'YES' ORDER BY RAND() LIMIT 6 /* QNO 877 CON_ID 18 */  /* QNO 878 CON_ID 18 */
		    16 Query	CREATE OR REPLACE VIEW transforms.view_900_probe AS GRANT RELOAD, REPLICATION SLAVE, SHOW DATABASES, REPLICATION CLIENT, SHOW DATABASES ON *.* to 'someuser'@'somehost' /* QNO 1068 CON_ID 16 */  /* QNO 1069 CON_ID 16 */
		    21 Query	(  SELECT * FROM (performance_schema.`events_waits_summary_by_account_by_event_name` AS table1 RIGHT OUTER JOIN mysql.`time_zone` AS table2 ON ( table2.`Use_leap_seconds` = table1.`USER` ) ) HAVING ( table1.`USER` <= '2000-03-16 01:50:09.008708' AND table1.`MIN_TIMER_WAIT` < 4) LIMIT 239 /* QNO 982 CON_ID 21 */  ) INTERSECT (  SELECT * FROM (performance_schema.`events_waits_summary_by_account_by_event_name` AS table1 RIGHT OUTER JOIN mysql.`time_zone` AS table2 ON ( table2.`Use_leap_seconds` = table1.`USER` ) ) HAVING ( table1.`USER` <= '2000-03-16 01:50:09.008708' AND table1.`MIN_TIMER_WAIT` < 4) LIMIT 0 /* QNO 982 CON_ID 21 */  ) /* TRANSFORM_OUTCOME_EMPTY_RESULT */ /* QNO 989 CON_ID 21 */
		    16 Query	ALTER TABLE `t4` DROP COLUMN b /* QNO 1070 CON_ID 16 */
		    21 Query	/* GenTest::Transform::ExecuteAsUnion */ (  SELECT * FROM (performance_schema.`events_waits_summary_by_account_by_event_name` AS table1 RIGHT OUTER JOIN mysql.`time_zone` AS table2 ON ( table2.`Use_leap_seconds` = table1.`USER` ) ) HAVING ( table1.`USER` <= '2000-03-16 01:50:09.008708' AND table1.`MIN_TIMER_WAIT` < 4) LIMIT 239 /* QNO 982 CON_ID 21 */  ) UNION ALL (  SELECT * FROM (performance_schema.`events_waits_summary_by_account_by_event_name` AS table1 RIGHT OUTER JOIN mysql.`time_zone` AS table2 ON ( table2.`Use_leap_seconds` = table1.`USER` ) ) HAVING ( table1.`USER` <= '2000-03-16 01:50:09.008708' AND table1.`MIN_TIMER_WAIT` < 4) LIMIT 0 /* QNO 982 CON_ID 21 */  ) /* TRANSFORM_OUTCOME_UNORDERED_MATCH */ /* QNO 990 CON_ID 21 */
		    21 Query	(  SELECT * FROM (performance_schema.`events_waits_summary_by_account_by_event_name` AS table1 RIGHT OUTER JOIN mysql.`time_zone` AS table2 ON ( table2.`Use_leap_seconds` = table1.`USER` ) ) HAVING ( table1.`USER` <= '2000-03-16 01:50:09.008708' AND table1.`MIN_TIMER_WAIT` < 4) LIMIT 0 /* QNO 982 CON_ID 21 */  ) UNION ALL (  SELECT * FROM (performance_schema.`events_waits_summary_by_account_by_event_name` AS table1 RIGHT OUTER JOIN mysql.`time_zone` AS table2 ON ( table2.`Use_leap_seconds` = table1.`USER` ) ) HAVING ( table1.`USER` <= '2000-03-16 01:50:09.008708' AND table1.`MIN_TIMER_WAIT` < 4) LIMIT 239 /* QNO 982 CON_ID 21 */  ) /* TRANSFORM_OUTCOME_UNORDERED_MATCH */ /* QNO 991 CON_ID 21 */
		    16 Query	ALTER TABLE `view_t8` REMOVE PARTITIONING /* QNO 1071 CON_ID 16 */
		    21 Query	(  SELECT * FROM (performance_schema.`events_waits_summary_by_account_by_event_name` AS table1 RIGHT OUTER JOIN mysql.`time_zone` AS table2 ON ( table2.`Use_leap_seconds` = table1.`USER` ) ) HAVING ( table1.`USER` <= '2000-03-16 01:50:09.008708' AND table1.`MIN_TIMER_WAIT` < 4) LIMIT 239 /* QNO 982 CON_ID 21 */  ) UNION DISTINCT (  SELECT * FROM (performance_schema.`events_waits_summary_by_account_by_event_name` AS table1 RIGHT OUTER JOIN mysql.`time_zone` AS table2 ON ( table2.`Use_leap_seconds` = table1.`USER` ) ) HAVING ( table1.`USER` <= '2000-03-16 01:50:09.008708' AND table1.`MIN_TIMER_WAIT` < 4) LIMIT 239 /* QNO 982 CON_ID 21 */  ) /* TRANSFORM_OUTCOME_DISTINCT */ /* QNO 992 CON_ID 21 */
		    21 Query	(  SELECT * FROM (performance_schema.`events_waits_summary_by_account_by_event_name` AS table1 RIGHT OUTER JOIN mysql.`time_zone` AS table2 ON ( table2.`Use_leap_seconds` = table1.`USER` ) ) HAVING ( table1.`USER` <= '2000-03-16 01:50:09.008708' AND table1.`MIN_TIMER_WAIT` < 4) LIMIT 239 /* QNO 982 CON_ID 21 */  ) UNION ALL (  SELECT * FROM (performance_schema.`events_waits_summary_by_account_by_event_name` AS table1 RIGHT OUTER JOIN mysql.`time_zone` AS table2 ON ( table2.`Use_leap_seconds` = table1.`USER` ) ) HAVING ( table1.`USER` <= '2000-03-16 01:50:09.008708' AND table1.`MIN_TIMER_WAIT` < 4) LIMIT 239 /* QNO 982 CON_ID 21 */  ) /* TRANSFORM_OUTCOME_SUPERSET */ /* QNO 993 CON_ID 21 */
		    16 Query	REVOKE ALL PRIVILEGES ON g.* FROM 'someuser'@'somehost' /* QNO 1072 CON_ID 16 */
		    21 Query	CREATE OR REPLACE VIEW transforms.view_4888_probe AS  SELECT * FROM (performance_schema.`events_waits_summary_by_account_by_event_name` AS table1 RIGHT OUTER JOIN mysql.`time_zone` AS table2 ON ( table2.`Use_leap_seconds` = table1.`USER` ) ) HAVING ( table1.`USER` <= '2000-03-16 01:50:09.008708' AND table1.`MIN_TIMER_WAIT` < 4) LIMIT 239 /* QNO 982 CON_ID 21 */  /* QNO 994 CON_ID 21 */
		    16 Query	CREATE OR REPLACE VIEW transforms.view_900_probe AS REVOKE ALL PRIVILEGES ON g.* FROM 'someuser'@'somehost' /* QNO 1072 CON_ID 16 */  /* QNO 1073 CON_ID 16 */
		    21 Query	/* GenTest::Transform::ExecuteAsPreparedTwice */ PREPARE prep_stmt_4888 FROM ' SELECT * FROM (performance_schema.`events_waits_summary_by_account_by_event_name` AS table1 RIGHT OUTER JOIN mysql.`time_zone` AS table2 ON ( table2.`Use_leap_seconds` = table1.`USER` ) ) HAVING ( table1.`USER` <= \'2000-03-16 01:50:09.008708\' AND table1.`MIN_TIMER_WAIT` < 4) LIMIT 239 /* QNO 982 CON_ID 21 */ ' /* QNO 995 CON_ID 21 */
		    21 Prepare	SELECT * FROM (performance_schema.`events_waits_summary_by_account_by_event_name` AS table1 RIGHT OUTER JOIN mysql.`time_zone` AS table2 ON ( table2.`Use_leap_seconds` = table1.`USER` ) ) HAVING ( table1.`USER` <= '2000-03-16 01:50:09.008708' AND table1.`MIN_TIMER_WAIT` < 4) LIMIT 239 /* QNO 982 CON_ID 21 */
		    16 Query	GRANT ALL PRIVILEGES ON test.q TO 'someuser'@'somehost' /* QNO 1074 CON_ID 16 */
		    21 Query	EXECUTE prep_stmt_4888 /* TRANSFORM_OUTCOME_UNORDERED_MATCH */ /* QNO 996 CON_ID 21 */
		    21 Execute	SELECT * FROM (performance_schema.`events_waits_summary_by_account_by_event_name` AS table1 RIGHT OUTER JOIN mysql.`time_zone` AS table2 ON ( table2.`Use_leap_seconds` = table1.`USER` ) ) HAVING ( table1.`USER` <= '2000-03-16 01:50:09.008708' AND table1.`MIN_TIMER_WAIT` < 4) LIMIT 239 /* QNO 982 CON_ID 21 */
		    21 Query	EXECUTE prep_stmt_4888 /* TRANSFORM_OUTCOME_UNORDERED_MATCH */ /* QNO 997 CON_ID 21 */
		    21 Execute	SELECT * FROM (performance_schema.`events_waits_summary_by_account_by_event_name` AS table1 RIGHT OUTER JOIN mysql.`time_zone` AS table2 ON ( table2.`Use_leap_seconds` = table1.`USER` ) ) HAVING ( table1.`USER` <= '2000-03-16 01:50:09.008708' AND table1.`MIN_TIMER_WAIT` < 4) LIMIT 239 /* QNO 982 CON_ID 21 */
		    16 Query	CREATE OR REPLACE VIEW transforms.view_900_probe AS GRANT ALL PRIVILEGES ON test.q TO 'someuser'@'somehost' /* QNO 1074 CON_ID 16 */  /* QNO 1075 CON_ID 16 */
		    21 Query	DEALLOCATE PREPARE prep_stmt_4888 /* QNO 998 CON_ID 21 */
		    16 Query	GRANT USAGE, SUPER ON *.* to 'someuser'@'somehost' /* QNO 1076 CON_ID 16 */
		    21 Query	/* GenTest::Transform::ExecuteAsSPTwice */ DROP PROCEDURE IF EXISTS stored_proc_4888 /* QNO 999 CON_ID 21 */
		    16 Query	CREATE OR REPLACE VIEW transforms.view_900_probe AS GRANT USAGE, SUPER ON *.* to 'someuser'@'somehost' /* QNO 1076 CON_ID 16 */  /* QNO 1077 CON_ID 16 */
		    21 Query	UPDATE performance_schema.setup_timers SET timer_name = 'NANOSECOND' /* QNO 1000 CON_ID 21 */
		    16 Query	REVOKE SHOW DATABASES, USAGE, CREATE USER, REPLICATION SLAVE, SHUTDOWN ON *.* FROM 'someuser'@'somehost' /* QNO 1078 CON_ID 16 */
		    21 Query	CREATE OR REPLACE VIEW transforms.view_4888_probe AS UPDATE performance_schema.setup_timers SET timer_name = 'NANOSECOND' /* QNO 1000 CON_ID 21 */  /* QNO 1001 CON_ID 21 */
		    16 Query	CREATE OR REPLACE VIEW transforms.view_900_probe AS REVOKE SHOW DATABASES, USAGE, CREATE USER, REPLICATION SLAVE, SHUTDOWN ON *.* FROM 'someuser'@'somehost' /* QNO 1078 CON_ID 16 */  /* QNO 1079 CON_ID 16 */
		    21 Query	SHOW ENGINE PERFORMANCE_SCHEMA STATUS /* QNO 1002 CON_ID 21 */
		    16 Query	GRANT INSERT ( `col_char` ), SELECT ( `vcol_bit` ) ON `view_t7` TO 'someuser'@'somehost' /* QNO 1080 CON_ID 16 */
		    21 Query	CREATE OR REPLACE VIEW transforms.view_4888_probe AS SHOW ENGINE PERFORMANCE_SCHEMA STATUS /* QNO 1002 CON_ID 21 */  /* QNO 1003 CON_ID 21 */
		    16 Query	REVOKE ALL PRIVILEGES ON e.* FROM 'someuser'@'somehost' /* QNO 1081 CON_ID 16 */
		    16 Query	CREATE OR REPLACE VIEW transforms.view_900_probe AS REVOKE ALL PRIVILEGES ON e.* FROM 'someuser'@'somehost' /* QNO 1081 CON_ID 16 */  /* QNO 1082 CON_ID 16 */
		    21 Query	UPDATE performance_schema.setup_instruments SET ENABLED = 'NO' ORDER BY RAND() LIMIT 6 /* QNO 1004 CON_ID 21 */
		    16 Query	CREATE DATABASE IF NOT EXISTS c /* QNO 1083 CON_ID 16 */
		    16 Query	SHOW WARNINGS
		    21 Query	CREATE OR REPLACE VIEW transforms.view_4888_probe AS UPDATE performance_schema.setup_instruments SET ENABLED = 'NO' ORDER BY RAND() LIMIT 6 /* QNO 1004 CON_ID 21 */  /* QNO 1005 CON_ID 21 */
		    16 Query	GRANT ALL PRIVILEGES ON e.* TO 'someuser'@'somehost' /* QNO 1084 CON_ID 16 */
		    16 Query	CREATE OR REPLACE VIEW transforms.view_900_probe AS GRANT ALL PRIVILEGES ON e.* TO 'someuser'@'somehost' /* QNO 1084 CON_ID 16 */  /* QNO 1085 CON_ID 16 */
		    21 Query	SELECT * FROM `performance_timers` INTO OUTFILE 'load_performance_timers'  /* QNO 1006 CON_ID 21 */
		    16 Query	DROP EVENT w /* QNO 1086 CON_ID 16 */
		    21 Query	LOAD DATA INFILE 'load_performance_timers' REPLACE INTO TABLE performance_timers /* QNO 1007 CON_ID 21 */
		    16 Query	CREATE OR REPLACE VIEW transforms.view_900_probe AS DROP EVENT w /* QNO 1086 CON_ID 16 */  /* QNO 1087 CON_ID 16 */
		    21 Query	SELECT * FROM seq6 /* QNO 1008 CON_ID 21 */
		    16 Query	CREATE FUNCTION w ( l INTEGER, i INTEGER ) RETURNS INTEGER RETURN 1 /* QNO 1088 CON_ID 16 */
		    21 Query	SHOW ENGINE PERFORMANCE_SCHEMA STATUS /* QNO 1009 CON_ID 21 */
		    21 Query	CREATE OR REPLACE VIEW transforms.view_4888_probe AS SHOW ENGINE PERFORMANCE_SCHEMA STATUS /* QNO 1009 CON_ID 21 */  /* QNO 1010 CON_ID 21 */
		    22 Query	/* GenTest::Transform::ExecuteAsDeleteReturning */ CREATE DATABASE IF NOT EXISTS transforms /* QNO 1073 CON_ID 22 */
		    22 Query	/* GenTest::Transform::ExecuteAsExcept */ (  SELECT * FROM INFORMATION_SCHEMA.`REFERENTIAL_CONSTRAINTS` AS table1 ORDER BY table1.`TABLE_NAME`, table1.`DELETE_RULE`, table1.`UPDATE_RULE` LIMIT 27 /* QNO 1071 CON_ID 22 */  ) EXCEPT (  SELECT * FROM INFORMATION_SCHEMA.`REFERENTIAL_CONSTRAINTS` AS table1 ORDER BY table1.`TABLE_NAME`, table1.`DELETE_RULE`, table1.`UPDATE_RULE` LIMIT 0 /* QNO 1071 CON_ID 22 */  ) /* TRANSFORM_OUTCOME_DISTINCT */ /* QNO 1074 CON_ID 22 */
		    21 Query	UPDATE `events_stages_history_long` SET `TIMER_END` = 'w' WHERE `NESTING_EVENT_TYPE` <= 'm' /* QNO 1011 CON_ID 21 */
		    21 Query	SELECT * FROM seq1 /* QNO 1012 CON_ID 21 */
		    21 Query	INSERT INTO `setup_consumers` ( `pk` ) VALUES (NULL) /* QNO 1013 CON_ID 21 */
		    21 Query	SELECT * FROM performance_schema.`setup_timers` AS table1 HAVING table1.`NAME` != '2001-12-24 16:39:57.022603' LIMIT 179 /* QNO 1014 CON_ID 21 */
		    21 Query	/* GenTest::Transform::ExecuteAsCTE */  WITH cte1 AS ( SELECT * FROM performance_schema.`setup_timers` AS table1 HAVING table1.`NAME` != '2001-12-24 16:39:57.022603' LIMIT 179 /* QNO 1014 CON_ID 21 */ ) SELECT * FROM cte1  /* TRANSFORM_OUTCOME_UNORDERED_MATCH */ /* QNO 1015 CON_ID 21 */
		    21 Query	/* GenTest::Transform::ExecuteAsDeleteReturning */ CREATE DATABASE IF NOT EXISTS transforms /* QNO 1016 CON_ID 21 */
		    21 Query	/* GenTest::Transform::ExecuteAsExcept */ (  SELECT * FROM performance_schema.`setup_timers` AS table1 HAVING table1.`NAME` != '2001-12-24 16:39:57.022603' LIMIT 179 /* QNO 1014 CON_ID 21 */  ) EXCEPT (  SELECT * FROM performance_schema.`setup_timers` AS table1 HAVING table1.`NAME` != '2001-12-24 16:39:57.022603' LIMIT 0 /* QNO 1014 CON_ID 21 */  ) /* TRANSFORM_OUTCOME_DISTINCT */ /* QNO 1017 CON_ID 21 */
		    21 Query	(  SELECT * FROM performance_schema.`setup_timers` AS table1 HAVING table1.`NAME` != '2001-12-24 16:39:57.022603' LIMIT 179 /* QNO 1014 CON_ID 21 */  ) EXCEPT (  SELECT * FROM performance_schema.`setup_timers` AS table1 HAVING table1.`NAME` != '2001-12-24 16:39:57.022603' LIMIT 179 /* QNO 1014 CON_ID 21 */  ) /* TRANSFORM_OUTCOME_EMPTY_RESULT */ /* QNO 1018 CON_ID 21 */
		    21 Query	/* GenTest::Transform::ExecuteAsExecuteImmediate */ EXECUTE IMMEDIATE ' SELECT * FROM performance_schema.`setup_timers` AS table1 HAVING table1.`NAME` != \'2001-12-24 16:39:57.022603\' LIMIT 179 /* QNO 1014 CON_ID 21 */ ' /* TRANSFORM_OUTCOME_UNORDERED_MATCH */ /* QNO 1019 CON_ID 21 */
		    21 Prepare	SELECT * FROM performance_schema.`setup_timers` AS table1 HAVING table1.`NAME` != '2001-12-24 16:39:57.022603' LIMIT 179 /* QNO 1014 CON_ID 21 */
		    21 Execute	SELECT * FROM performance_schema.`setup_timers` AS table1 HAVING table1.`NAME` != '2001-12-24 16:39:57.022603' LIMIT 179 /* QNO 1014 CON_ID 21 */
		    21 Query	/* GenTest::Transform::ExecuteAsInsertSelect */ CREATE DATABASE IF NOT EXISTS transforms /* QNO 1020 CON_ID 21 */
		    21 Query	/* GenTest::Transform::ExecuteAsIntersect */ (  SELECT * FROM performance_schema.`setup_timers` AS table1 HAVING table1.`NAME` != '2001-12-24 16:39:57.022603' LIMIT 179 /* QNO 1014 CON_ID 21 */  ) INTERSECT (  SELECT * FROM performance_schema.`setup_timers` AS table1 HAVING table1.`NAME` != '2001-12-24 16:39:57.022603' LIMIT 179 /* QNO 1014 CON_ID 21 */  ) /* TRANSFORM_OUTCOME_DISTINCT */ /* QNO 1021 CON_ID 21 */
		    21 Query	(  SELECT * FROM performance_schema.`setup_timers` AS table1 HAVING table1.`NAME` != '2001-12-24 16:39:57.022603' LIMIT 179 /* QNO 1014 CON_ID 21 */  ) INTERSECT (  SELECT * FROM performance_schema.`setup_timers` AS table1 HAVING table1.`NAME` != '2001-12-24 16:39:57.022603' LIMIT 0 /* QNO 1014 CON_ID 21 */  ) /* TRANSFORM_OUTCOME_EMPTY_RESULT */ /* QNO 1022 CON_ID 21 */
		    21 Query	/* GenTest::Transform::ExecuteAsUnion */ (  SELECT * FROM performance_schema.`setup_timers` AS table1 HAVING table1.`NAME` != '2001-12-24 16:39:57.022603' LIMIT 179 /* QNO 1014 CON_ID 21 */  ) UNION ALL (  SELECT * FROM performance_schema.`setup_timers` AS table1 HAVING table1.`NAME` != '2001-12-24 16:39:57.022603' LIMIT 0 /* QNO 1014 CON_ID 21 */  ) /* TRANSFORM_OUTCOME_UNORDERED_MATCH */ /* QNO 1023 CON_ID 21 */
		    21 Query	(  SELECT * FROM performance_schema.`setup_timers` AS table1 HAVING table1.`NAME` != '2001-12-24 16:39:57.022603' LIMIT 0 /* QNO 1014 CON_ID 21 */  ) UNION ALL (  SELECT * FROM performance_schema.`setup_timers` AS table1 HAVING table1.`NAME` != '2001-12-24 16:39:57.022603' LIMIT 179 /* QNO 1014 CON_ID 21 */  ) /* TRANSFORM_OUTCOME_UNORDERED_MATCH */ /* QNO 1024 CON_ID 21 */
		    21 Query	(  SELECT * FROM performance_schema.`setup_timers` AS table1 HAVING table1.`NAME` != '2001-12-24 16:39:57.022603' LIMIT 179 /* QNO 1014 CON_ID 21 */  ) UNION DISTINCT (  SELECT * FROM performance_schema.`setup_timers` AS table1 HAVING table1.`NAME` != '2001-12-24 16:39:57.022603' LIMIT 179 /* QNO 1014 CON_ID 21 */  ) /* TRANSFORM_OUTCOME_DISTINCT */ /* QNO 1025 CON_ID 21 */
		    21 Query	(  SELECT * FROM performance_schema.`setup_timers` AS table1 HAVING table1.`NAME` != '2001-12-24 16:39:57.022603' LIMIT 179 /* QNO 1014 CON_ID 21 */  ) UNION ALL (  SELECT * FROM performance_schema.`setup_timers` AS table1 HAVING table1.`NAME` != '2001-12-24 16:39:57.022603' LIMIT 179 /* QNO 1014 CON_ID 21 */  ) /* TRANSFORM_OUTCOME_SUPERSET */ /* QNO 1026 CON_ID 21 */
		    21 Query	CREATE OR REPLACE VIEW transforms.view_4888_probe AS  SELECT * FROM performance_schema.`setup_timers` AS table1 HAVING table1.`NAME` != '2001-12-24 16:39:57.022603' LIMIT 179 /* QNO 1014 CON_ID 21 */  /* QNO 1027 CON_ID 21 */
		    21 Query	/* GenTest::Transform::ExecuteAsPreparedTwice */ PREPARE prep_stmt_4888 FROM ' SELECT * FROM performance_schema.`setup_timers` AS table1 HAVING table1.`NAME` != \'2001-12-24 16:39:57.022603\' LIMIT 179 /* QNO 1014 CON_ID 21 */ ' /* QNO 1028 CON_ID 21 */
		    21 Prepare	SELECT * FROM performance_schema.`setup_timers` AS table1 HAVING table1.`NAME` != '2001-12-24 16:39:57.022603' LIMIT 179 /* QNO 1014 CON_ID 21 */
		    21 Query	EXECUTE prep_stmt_4888 /* TRANSFORM_OUTCOME_UNORDERED_MATCH */ /* QNO 1029 CON_ID 21 */
		    21 Execute	SELECT * FROM performance_schema.`setup_timers` AS table1 HAVING table1.`NAME` != '2001-12-24 16:39:57.022603' LIMIT 179 /* QNO 1014 CON_ID 21 */
		    21 Query	EXECUTE prep_stmt_4888 /* TRANSFORM_OUTCOME_UNORDERED_MATCH */ /* QNO 1030 CON_ID 21 */
		    21 Execute	SELECT * FROM performance_schema.`setup_timers` AS table1 HAVING table1.`NAME` != '2001-12-24 16:39:57.022603' LIMIT 179 /* QNO 1014 CON_ID 21 */
		    21 Query	DEALLOCATE PREPARE prep_stmt_4888 /* QNO 1031 CON_ID 21 */
		    21 Query	/* GenTest::Transform::ExecuteAsSPTwice */ DROP PROCEDURE IF EXISTS stored_proc_4888 /* QNO 1032 CON_ID 21 */
		    21 Query	SELECT * from t1 WHERE row_start IN (SELECT row_end FROM t2) /* QNO 1033 CON_ID 21 */
		    21 Query	TRUNCATE TABLE performance_schema.events_waits_summary_by_thread_by_event_name /* QNO 1034 CON_ID 21 */
		    21 Query	XA COMMIT 'xid25' ONE PHASE  /* QNO 1035 CON_ID 21 */
		    21 Query	ALTER TABLE `setup_objects` REMOVE PARTITIONING /* QNO 1036 CON_ID 21 */
		    21 Query	SELECT * FROM INFORMATION_SCHEMA.`COLLATION_CHARACTER_SET_APPLICABILITY` AS table1 WHERE table1.`CHARACTER_SET_NAME` LIKE 'wait/io%' HAVING ( ( table1.`CHARACTER_SET_NAME` <> 'n' OR table1.`COLLATION_NAME` < '1989-04-16 23:12:55.006089') AND table1.`COLLATION_NAME` <> 3) ORDER BY table1.`COLLATION_NAME`, table1.`CHARACTER_SET_NAME` LIMIT 38 /* QNO 1037 CON_ID 21 */
		    21 Query	/* GenTest::Transform::ExecuteAsCTE */  WITH cte1 AS ( SELECT * FROM INFORMATION_SCHEMA.`COLLATION_CHARACTER_SET_APPLICABILITY` AS table1 WHERE table1.`CHARACTER_SET_NAME` LIKE 'wait/io%' HAVING(( table1.`CHARACTER_SET_NAME` <> 'n' OR table1.`COLLATION_NAME` < '1989-04-16 23:12:55.006089') AND table1.`COLLATION_NAME` <> 3) ORDER BY table1.`COLLATION_NAME`, table1.`CHARACTER_SET_NAME` LIMIT 38 /* QNO 1037 CON_ID 21 */ ) SELECT * FROM cte1  /* TRANSFORM_OUTCOME_UNORDERED_MATCH */ /* QNO 1038 CON_ID 21 */
		    21 Query	/* GenTest::Transform::ExecuteAsDeleteReturning */ CREATE DATABASE IF NOT EXISTS transforms /* QNO 1039 CON_ID 21 */
		    18 Query	INSERT INTO `TABLE_PRIVILEGES` SELECT * FROM `CHECK_CONSTRAINTS` /* QNO 879 CON_ID 18 */
		    21 Query	/* GenTest::Transform::ExecuteAsExcept */ (  SELECT * FROM INFORMATION_SCHEMA.`COLLATION_CHARACTER_SET_APPLICABILITY` AS table1 WHERE table1.`CHARACTER_SET_NAME` LIKE 'wait/io%' HAVING ( ( table1.`CHARACTER_SET_NAME` <> 'n' OR table1.`COLLATION_NAME` < '1989-04-16 23:12:55.006089') AND table1.`COLLATION_NAME` <> 3) ORDER BY table1.`COLLATION_NAME`, table1.`CHARACTER_SET_NAME` LIMIT 38 /* QNO 1037 CON_ID 21 */  ) EXCEPT (  SELECT * FROM INFORMATION_SCHEMA.`COLLATION_CHARACTER_SET_APPLICABILITY` AS table1 WHERE table1.`CHARACTER_SET_NAME` LIKE 'wait/io%' HAVING ( ( table1.`CHARACTER_SET_NAME` <> 'n' OR table1.`COLLATION_NAME` < '1989-04-16 23:12:55.006089') AND table1.`COLLATION_NAME` <> 3) ORDER BY table1.`COLLATION_NAME`, table1.`CHARACTER_SET_NAME` LIMIT 0 /* QNO 1037 CON_ID 21 */  ) /* TRANSFORM_OUTCOME_DISTINCT */ /* QNO 1040 CON_ID 21 */
		    21 Query	(  SELECT * FROM INFORMATION_SCHEMA.`COLLATION_CHARACTER_SET_APPLICABILITY` AS table1 WHERE table1.`CHARACTER_SET_NAME` LIKE 'wait/io%' HAVING ( ( table1.`CHARACTER_SET_NAME` <> 'n' OR table1.`COLLATION_NAME` < '1989-04-16 23:12:55.006089') AND table1.`COLLATION_NAME` <> 3) ORDER BY table1.`COLLATION_NAME`, table1.`CHARACTER_SET_NAME` LIMIT 38 /* QNO 1037 CON_ID 21 */  ) EXCEPT (  SELECT * FROM INFORMATION_SCHEMA.`COLLATION_CHARACTER_SET_APPLICABILITY` AS table1 WHERE table1.`CHARACTER_SET_NAME` LIKE 'wait/io%' HAVING ( ( table1.`CHARACTER_SET_NAME` <> 'n' OR table1.`COLLATION_NAME` < '1989-04-16 23:12:55.006089') AND table1.`COLLATION_NAME` <> 3) ORDER BY table1.`COLLATION_NAME`, table1.`CHARACTER_SET_NAME` LIMIT 38 /* QNO 1037 CON_ID 21 */  ) /* TRANSFORM_OUTCOME_EMPTY_RESULT */ /* QNO 1041 CON_ID 21 */
		    21 Query	/* GenTest::Transform::ExecuteAsExecuteImmediate */ EXECUTE IMMEDIATE ' SELECT * FROM INFORMATION_SCHEMA.`COLLATION_CHARACTER_SET_APPLICABILITY` AS table1 WHERE table1.`CHARACTER_SET_NAME` LIKE \'wait/io%\' HAVING ( ( table1.`CHARACTER_SET_NAME` <> \'n\' OR table1.`COLLATION_NAME` < \'1989-04-16 23:12:55.006089\') AND table1.`COLLATION_NAME` <> 3) ORDER BY table1.`COLLATION_NAME`, table1.`CHARACTER_SET_NAME` LIMIT 38 /* QNO 1037 CON_ID 21 */ ' /* TRANSFORM_OUTCOME_UNORDERED_MATCH */ /* QNO 1042 CON_ID 21 */
		    21 Prepare	SELECT * FROM INFORMATION_SCHEMA.`COLLATION_CHARACTER_SET_APPLICABILITY` AS table1 WHERE table1.`CHARACTER_SET_NAME` LIKE 'wait/io%' HAVING ( ( table1.`CHARACTER_SET_NAME` <> 'n' OR table1.`COLLATION_NAME` < '1989-04-16 23:12:55.006089') AND table1.`COLLATION_NAME` <> 3) ORDER BY table1.`COLLATION_NAME`, table1.`CHARACTER_SET_NAME` LIMIT 38 /* QNO 1037 CON_ID 21 */
		    21 Execute	SELECT * FROM INFORMATION_SCHEMA.`COLLATION_CHARACTER_SET_APPLICABILITY` AS table1 WHERE table1.`CHARACTER_SET_NAME` LIKE 'wait/io%' HAVING ( ( table1.`CHARACTER_SET_NAME` <> 'n' OR table1.`COLLATION_NAME` < '1989-04-16 23:12:55.006089') AND table1.`COLLATION_NAME` <> 3) ORDER BY table1.`COLLATION_NAME`, table1.`CHARACTER_SET_NAME` LIMIT 38 /* QNO 1037 CON_ID 21 */
		    21 Query	/* GenTest::Transform::ExecuteAsInsertSelect */ CREATE DATABASE IF NOT EXISTS transforms /* QNO 1043 CON_ID 21 */
		    21 Query	/* GenTest::Transform::ExecuteAsIntersect */ (  SELECT * FROM INFORMATION_SCHEMA.`COLLATION_CHARACTER_SET_APPLICABILITY` AS table1 WHERE table1.`CHARACTER_SET_NAME` LIKE 'wait/io%' HAVING ( ( table1.`CHARACTER_SET_NAME` <> 'n' OR table1.`COLLATION_NAME` < '1989-04-16 23:12:55.006089') AND table1.`COLLATION_NAME` <> 3) ORDER BY table1.`COLLATION_NAME`, table1.`CHARACTER_SET_NAME` LIMIT 38 /* QNO 1037 CON_ID 21 */  ) INTERSECT (  SELECT * FROM INFORMATION_SCHEMA.`COLLATION_CHARACTER_SET_APPLICABILITY` AS table1 WHERE table1.`CHARACTER_SET_NAME` LIKE 'wait/io%' HAVING ( ( table1.`CHARACTER_SET_NAME` <> 'n' OR table1.`COLLATION_NAME` < '1989-04-16 23:12:55.006089') AND table1.`COLLATION_NAME` <> 3) ORDER BY table1.`COLLATION_NAME`, table1.`CHARACTER_SET_NAME` LIMIT 38 /* QNO 1037 CON_ID 21 */  ) /* TRANSFORM_OUTCOME_DISTINCT */ /* QNO 1044 CON_ID 21 */
		    17 Query	CREATE OR REPLACE VIEW transforms.view_3980_probe AS FLUSH TABLES /* QNO 1417 CON_ID 17 */  /* QNO 1418 CON_ID 17 */
		    21 Query	(  SELECT * FROM INFORMATION_SCHEMA.`COLLATION_CHARACTER_SET_APPLICABILITY` AS table1 WHERE table1.`CHARACTER_SET_NAME` LIKE 'wait/io%' HAVING ( ( table1.`CHARACTER_SET_NAME` <> 'n' OR table1.`COLLATION_NAME` < '1989-04-16 23:12:55.006089') AND table1.`COLLATION_NAME` <> 3) ORDER BY table1.`COLLATION_NAME`, table1.`CHARACTER_SET_NAME` LIMIT 38 /* QNO 1037 CON_ID 21 */  ) INTERSECT (  SELECT * FROM INFORMATION_SCHEMA.`COLLATION_CHARACTER_SET_APPLICABILITY` AS table1 WHERE table1.`CHARACTER_SET_NAME` LIKE 'wait/io%' HAVING ( ( table1.`CHARACTER_SET_NAME` <> 'n' OR table1.`COLLATION_NAME` < '1989-04-16 23:12:55.006089') AND table1.`COLLATION_NAME` <> 3) ORDER BY table1.`COLLATION_NAME`, table1.`CHARACTER_SET_NAME` LIMIT 0 /* QNO 1037 CON_ID 21 */  ) /* TRANSFORM_OUTCOME_EMPTY_RESULT */ /* QNO 1045 CON_ID 21 */
		    20 Query	SHOW WARNINGS
		    20 Query	CREATE TABLE transforms.insert_select_1000 SELECT * FROM mysql.transaction_registry /* QNO 1990 CON_ID 20 */  /* QNO 2001 CON_ID 20 */
		    17 Query	TRUNCATE TABLE performance_schema.file_summary_by_instance /* QNO 1419 CON_ID 17 */
		    21 Query	/* GenTest::Transform::ExecuteAsUnion */ (  SELECT * FROM INFORMATION_SCHEMA.`COLLATION_CHARACTER_SET_APPLICABILITY` AS table1 WHERE table1.`CHARACTER_SET_NAME` LIKE 'wait/io%' HAVING ( ( table1.`CHARACTER_SET_NAME` <> 'n' OR table1.`COLLATION_NAME` < '1989-04-16 23:12:55.006089') AND table1.`COLLATION_NAME` <> 3) ORDER BY table1.`COLLATION_NAME`, table1.`CHARACTER_SET_NAME` LIMIT 38 /* QNO 1037 CON_ID 21 */  ) UNION ALL (  SELECT * FROM INFORMATION_SCHEMA.`COLLATION_CHARACTER_SET_APPLICABILITY` AS table1 WHERE table1.`CHARACTER_SET_NAME` LIKE 'wait/io%' HAVING ( ( table1.`CHARACTER_SET_NAME` <> 'n' OR table1.`COLLATION_NAME` < '1989-04-16 23:12:55.006089') AND table1.`COLLATION_NAME` <> 3) ORDER BY table1.`COLLATION_NAME`, table1.`CHARACTER_SET_NAME` LIMIT 0 /* QNO 1037 CON_ID 21 */  ) /* TRANSFORM_OUTCOME_UNORDERED_MATCH */ /* QNO 1046 CON_ID 21 */
		    21 Query	(  SELECT * FROM INFORMATION_SCHEMA.`COLLATION_CHARACTER_SET_APPLICABILITY` AS table1 WHERE table1.`CHARACTER_SET_NAME` LIKE 'wait/io%' HAVING ( ( table1.`CHARACTER_SET_NAME` <> 'n' OR table1.`COLLATION_NAME` < '1989-04-16 23:12:55.006089') AND table1.`COLLATION_NAME` <> 3) ORDER BY table1.`COLLATION_NAME`, table1.`CHARACTER_SET_NAME` LIMIT 0 /* QNO 1037 CON_ID 21 */  ) UNION ALL (  SELECT * FROM INFORMATION_SCHEMA.`COLLATION_CHARACTER_SET_APPLICABILITY` AS table1 WHERE table1.`CHARACTER_SET_NAME` LIKE 'wait/io%' HAVING ( ( table1.`CHARACTER_SET_NAME` <> 'n' OR table1.`COLLATION_NAME` < '1989-04-16 23:12:55.006089') AND table1.`COLLATION_NAME` <> 3) ORDER BY table1.`COLLATION_NAME`, table1.`CHARACTER_SET_NAME` LIMIT 38 /* QNO 1037 CON_ID 21 */  ) /* TRANSFORM_OUTCOME_UNORDERED_MATCH */ /* QNO 1047 CON_ID 21 */
		    21 Query	(  SELECT * FROM INFORMATION_SCHEMA.`COLLATION_CHARACTER_SET_APPLICABILITY` AS table1 WHERE table1.`CHARACTER_SET_NAME` LIKE 'wait/io%' HAVING ( ( table1.`CHARACTER_SET_NAME` <> 'n' OR table1.`COLLATION_NAME` < '1989-04-16 23:12:55.006089') AND table1.`COLLATION_NAME` <> 3) ORDER BY table1.`COLLATION_NAME`, table1.`CHARACTER_SET_NAME` LIMIT 38 /* QNO 1037 CON_ID 21 */  ) UNION DISTINCT (  SELECT * FROM INFORMATION_SCHEMA.`COLLATION_CHARACTER_SET_APPLICABILITY` AS table1 WHERE table1.`CHARACTER_SET_NAME` LIKE 'wait/io%' HAVING ( ( table1.`CHARACTER_SET_NAME` <> 'n' OR table1.`COLLATION_NAME` < '1989-04-16 23:12:55.006089') AND table1.`COLLATION_NAME` <> 3) ORDER BY table1.`COLLATION_NAME`, table1.`CHARACTER_SET_NAME` LIMIT 38 /* QNO 1037 CON_ID 21 */  ) /* TRANSFORM_OUTCOME_DISTINCT */ /* QNO 1048 CON_ID 21 */
		    21 Query	(  SELECT * FROM INFORMATION_SCHEMA.`COLLATION_CHARACTER_SET_APPLICABILITY` AS table1 WHERE table1.`CHARACTER_SET_NAME` LIKE 'wait/io%' HAVING ( ( table1.`CHARACTER_SET_NAME` <> 'n' OR table1.`COLLATION_NAME` < '1989-04-16 23:12:55.006089') AND table1.`COLLATION_NAME` <> 3) ORDER BY table1.`COLLATION_NAME`, table1.`CHARACTER_SET_NAME` LIMIT 38 /* QNO 1037 CON_ID 21 */  ) UNION ALL (  SELECT * FROM INFORMATION_SCHEMA.`COLLATION_CHARACTER_SET_APPLICABILITY` AS table1 WHERE table1.`CHARACTER_SET_NAME` LIKE 'wait/io%' HAVING ( ( table1.`CHARACTER_SET_NAME` <> 'n' OR table1.`COLLATION_NAME` < '1989-04-16 23:12:55.006089') AND table1.`COLLATION_NAME` <> 3) ORDER BY table1.`COLLATION_NAME`, table1.`CHARACTER_SET_NAME` LIMIT 38 /* QNO 1037 CON_ID 21 */  ) /* TRANSFORM_OUTCOME_SUPERSET */ /* QNO 1049 CON_ID 21 */
		    17 Query	CREATE OR REPLACE VIEW transforms.view_3980_probe AS TRUNCATE TABLE performance_schema.file_summary_by_instance /* QNO 1419 CON_ID 17 */  /* QNO 1420 CON_ID 17 */
		    21 Query	CREATE OR REPLACE VIEW transforms.view_4888_probe AS  SELECT * FROM INFORMATION_SCHEMA.`COLLATION_CHARACTER_SET_APPLICABILITY` AS table1 WHERE table1.`CHARACTER_SET_NAME` LIKE 'wait/io%' HAVING ( ( table1.`CHARACTER_SET_NAME` <> 'n' OR table1.`COLLATION_NAME` < '1989-04-16 23:12:55.006089') AND table1.`COLLATION_NAME` <> 3) ORDER BY table1.`COLLATION_NAME`, table1.`CHARACTER_SET_NAME` LIMIT 38 /* QNO 1037 CON_ID 21 */  /* QNO 1050 CON_ID 21 */
		    21 Query	/* GenTest::Transform::ExecuteAsPreparedTwice */ PREPARE prep_stmt_4888 FROM ' SELECT * FROM INFORMATION_SCHEMA.`COLLATION_CHARACTER_SET_APPLICABILITY` AS table1 WHERE table1.`CHARACTER_SET_NAME` LIKE \'wait/io%\' HAVING ( ( table1.`CHARACTER_SET_NAME` <> \'n\' OR table1.`COLLATION_NAME` < \'1989-04-16 23:12:55.006089\') AND table1.`COLLATION_NAME` <> 3) ORDER BY table1.`COLLATION_NAME`, table1.`CHARACTER_SET_NAME` LIMIT 38 /* QNO 1037 CON_ID 21 */ ' /* QNO 1051 CON_ID 21 */
		    21 Prepare	SELECT * FROM INFORMATION_SCHEMA.`COLLATION_CHARACTER_SET_APPLICABILITY` AS table1 WHERE table1.`CHARACTER_SET_NAME` LIKE 'wait/io%' HAVING ( ( table1.`CHARACTER_SET_NAME` <> 'n' OR table1.`COLLATION_NAME` < '1989-04-16 23:12:55.006089') AND table1.`COLLATION_NAME` <> 3) ORDER BY table1.`COLLATION_NAME`, table1.`CHARACTER_SET_NAME` LIMIT 38 /* QNO 1037 CON_ID 21 */
		    21 Query	EXECUTE prep_stmt_4888 /* TRANSFORM_OUTCOME_UNORDERED_MATCH */ /* QNO 1052 CON_ID 21 */
		    21 Execute	SELECT * FROM INFORMATION_SCHEMA.`COLLATION_CHARACTER_SET_APPLICABILITY` AS table1 WHERE table1.`CHARACTER_SET_NAME` LIKE 'wait/io%' HAVING ( ( table1.`CHARACTER_SET_NAME` <> 'n' OR table1.`COLLATION_NAME` < '1989-04-16 23:12:55.006089') AND table1.`COLLATION_NAME` <> 3) ORDER BY table1.`COLLATION_NAME`, table1.`CHARACTER_SET_NAME` LIMIT 38 /* QNO 1037 CON_ID 21 */
		    17 Query	UPDATE `innodb_index_stats` SET `last_update` = 'j' WHERE `index_name` <= 'y' /* QNO 1421 CON_ID 17 */
		    21 Query	EXECUTE prep_stmt_4888 /* TRANSFORM_OUTCOME_UNORDERED_MATCH */ /* QNO 1053 CON_ID 21 */
		    21 Execute	SELECT * FROM INFORMATION_SCHEMA.`COLLATION_CHARACTER_SET_APPLICABILITY` AS table1 WHERE table1.`CHARACTER_SET_NAME` LIKE 'wait/io%' HAVING ( ( table1.`CHARACTER_SET_NAME` <> 'n' OR table1.`COLLATION_NAME` < '1989-04-16 23:12:55.006089') AND table1.`COLLATION_NAME` <> 3) ORDER BY table1.`COLLATION_NAME`, table1.`CHARACTER_SET_NAME` LIMIT 38 /* QNO 1037 CON_ID 21 */
		    17 Query	SET STATEMENT system_versioning_alter_history=KEEP FOR ALTER TABLE `time_zone_transition` REMOVE PARTITIONING /* QNO 1422 CON_ID 17 */
		    21 Query	DEALLOCATE PREPARE prep_stmt_4888 /* QNO 1054 CON_ID 21 */
		    21 Query	/* GenTest::Transform::ExecuteAsSPTwice */ DROP PROCEDURE IF EXISTS stored_proc_4888 /* QNO 1055 CON_ID 21 */
		    17 Query	DELETE FROM `time_zone_name` WHERE `Time_zone_id` <> 5 LIMIT 0 /* QNO 1423 CON_ID 17 */
		    21 Query	SELECT SETVAL(seq2, 17068) /* QNO 1056 CON_ID 21 */
		    17 Query	UPDATE performance_schema.setup_consumers SET enabled = 'YES' WHERE name LIKE 'file%' /* QNO 1424 CON_ID 17 */
		    17 Query	CREATE OR REPLACE VIEW transforms.view_3980_probe AS UPDATE performance_schema.setup_consumers SET enabled = 'YES' WHERE name LIKE 'file%' /* QNO 1424 CON_ID 17 */  /* QNO 1425 CON_ID 17 */
		    21 Query	XA COMMIT 'inactive_xid'  /* QNO 1057 CON_ID 21 */
		    21 Query	SELECT * from `GEOMETRY_COLUMNS` WHERE row_end >= @trx /* QNO 1058 CON_ID 21 */
		    21 Query	UPDATE `INNODB_MUTEXES` SET `NAME` = 1 WHERE `CREATE_LINE` >= '2019-11-26 02:40:15.005722' /* QNO 1059 CON_ID 21 */
		    21 Query	SET GLOBAL `system_versioning_innodb_algorithm_simple` = OFF /* QNO 1060 CON_ID 21 */
		    17 Query	SELECT * FROM (performance_schema.`events_stages_current` AS table1 STRAIGHT_JOIN performance_schema.`events_stages_summary_by_thread_by_event_name` AS table2 ON ( table2.`MIN_TIMER_WAIT` = table1.`NESTING_EVENT_TYPE` ) ) WHERE table2.`SUM_TIMER_WAIT` != '2026-11-18 09:00:45.038615' LIMIT 254 /* QNO 1426 CON_ID 17 */
		    21 Query	UPDATE performance_schema.setup_instruments SET TIMED = 'YES' WHERE NAME LIKE 'wait/synch/mutex/%' /* QNO 1061 CON_ID 21 */
		    17 Query	SHOW WARNINGS
		    21 Query	CREATE OR REPLACE VIEW transforms.view_4888_probe AS UPDATE performance_schema.setup_instruments SET TIMED = 'YES' WHERE NAME LIKE 'wait/synch/mutex/%' /* QNO 1061 CON_ID 21 */  /* QNO 1062 CON_ID 21 */
		    17 Query	SELECT * FROM test.`t7` AS table1 ORDER BY table1.`vcol_datetime`, table1.`vcol_datetime` LIMIT 134 /* QNO 1427 CON_ID 17 */
		    21 Query	SELECT SETVAL(seq4, 45) /* QNO 1063 CON_ID 21 */
		    21 Query	INSERT INTO `INNODB_CMPMEM` SELECT * FROM `INNODB_BUFFER_PAGE` /* QNO 1064 CON_ID 21 */
		    17 Query	CREATE SEQUENCE IF NOT EXISTS seq6  /* QNO 1428 CON_ID 17 */
		    21 Query	SELECT SETVAL(seq1, 0) /* QNO 1065 CON_ID 21 */
		    21 Query	TRUNCATE TABLE performance_schema.events_waits_history_long /* QNO 1066 CON_ID 21 */
		    21 Query	DELETE FROM `REFERENTIAL_CONSTRAINTS` WHERE `REFERENCED_TABLE_NAME` >= 8 LIMIT 3 /* QNO 1067 CON_ID 21 */
		    21 Query	UPDATE `USER_STATISTICS` SET `CONNECTED_TIME` = '2010-03-22 23:03:22.030140' WHERE `OTHER_COMMANDS` > '1976-08-06 21:42:39.041874' /* QNO 1068 CON_ID 21 */
		    21 Query	TRUNCATE TABLE performance_schema.events_waits_summary_by_instance /* QNO 1069 CON_ID 21 */
		    21 Query	TRUNCATE TABLE performance_schema.events_waits_summary_by_thread_by_event_name /* QNO 1070 CON_ID 21 */
		    21 Query	ALTER TABLE t9 FORCE, LOCK=EXCLUSIVE, ALGORITHM=COPY /* QNO 1071 CON_ID 21 */
		    21 Query	SELECT * from t4 WHERE row_end IN (SELECT row_end FROM `EVENTS`) /* QNO 1072 CON_ID 21 */
		    21 Query	SELECT * FROM performance_schema.`events_waits_summary_global_by_event_name` AS table1 HAVING table1.`AVG_TIMER_WAIT` != 7 IS NULL ORDER BY table1.`EVENT_NAME`, table1.`COUNT_STAR`, table1.`AVG_TIMER_WAIT` LIMIT 149 /* QNO 1073 CON_ID 21 */
		    21 Query	/* GenTest::Transform::ExecuteAsCTE */  WITH cte1 AS ( SELECT * FROM performance_schema.`events_waits_summary_global_by_event_name` AS table1 HAVING table1.`AVG_TIMER_WAIT` != 7 IS NULL ORDER BY table1.`EVENT_NAME`, table1.`COUNT_STAR`, table1.`AVG_TIMER_WAIT` LIMIT 149 /* QNO 1073 CON_ID 21 */ ) SELECT * FROM cte1  /* TRANSFORM_OUTCOME_UNORDERED_MATCH */ /* QNO 1074 CON_ID 21 */
		    21 Query	/* GenTest::Transform::ExecuteAsExcept */ (  SELECT * FROM performance_schema.`events_waits_summary_global_by_event_name` AS table1 HAVING table1.`AVG_TIMER_WAIT` != 7 IS NULL ORDER BY table1.`EVENT_NAME`, table1.`COUNT_STAR`, table1.`AVG_TIMER_WAIT` LIMIT 149 /* QNO 1073 CON_ID 21 */  ) EXCEPT (  SELECT * FROM performance_schema.`events_waits_summary_global_by_event_name` AS table1 HAVING table1.`AVG_TIMER_WAIT` != 7 IS NULL ORDER BY table1.`EVENT_NAME`, table1.`COUNT_STAR`, table1.`AVG_TIMER_WAIT` LIMIT 0 /* QNO 1073 CON_ID 21 */  ) /* TRANSFORM_OUTCOME_DISTINCT */ /* QNO 1075 CON_ID 21 */
		    21 Query	(  SELECT * FROM performance_schema.`events_waits_summary_global_by_event_name` AS table1 HAVING table1.`AVG_TIMER_WAIT` != 7 IS NULL ORDER BY table1.`EVENT_NAME`, table1.`COUNT_STAR`, table1.`AVG_TIMER_WAIT` LIMIT 149 /* QNO 1073 CON_ID 21 */  ) EXCEPT (  SELECT * FROM performance_schema.`events_waits_summary_global_by_event_name` AS table1 HAVING table1.`AVG_TIMER_WAIT` != 7 IS NULL ORDER BY table1.`EVENT_NAME`, table1.`COUNT_STAR`, table1.`AVG_TIMER_WAIT` LIMIT 149 /* QNO 1073 CON_ID 21 */  ) /* TRANSFORM_OUTCOME_EMPTY_RESULT */ /* QNO 1076 CON_ID 21 */
		    21 Query	/* GenTest::Transform::ExecuteAsExecuteImmediate */ EXECUTE IMMEDIATE ' SELECT * FROM performance_schema.`events_waits_summary_global_by_event_name` AS table1 HAVING table1.`AVG_TIMER_WAIT` != 7 IS NULL ORDER BY table1.`EVENT_NAME`, table1.`COUNT_STAR`, table1.`AVG_TIMER_WAIT` LIMIT 149 /* QNO 1073 CON_ID 21 */ ' /* TRANSFORM_OUTCOME_UNORDERED_MATCH */ /* QNO 1077 CON_ID 21 */
		    21 Prepare	SELECT * FROM performance_schema.`events_waits_summary_global_by_event_name` AS table1 HAVING table1.`AVG_TIMER_WAIT` != 7 IS NULL ORDER BY table1.`EVENT_NAME`, table1.`COUNT_STAR`, table1.`AVG_TIMER_WAIT` LIMIT 149 /* QNO 1073 CON_ID 21 */
		    21 Execute	SELECT * FROM performance_schema.`events_waits_summary_global_by_event_name` AS table1 HAVING table1.`AVG_TIMER_WAIT` != 7 IS NULL ORDER BY table1.`EVENT_NAME`, table1.`COUNT_STAR`, table1.`AVG_TIMER_WAIT` LIMIT 149 /* QNO 1073 CON_ID 21 */
		    21 Query	/* GenTest::Transform::ExecuteAsInsertSelect */ CREATE DATABASE IF NOT EXISTS transforms /* QNO 1078 CON_ID 21 */
		    21 Query	/* GenTest::Transform::ExecuteAsIntersect */ (  SELECT * FROM performance_schema.`events_waits_summary_global_by_event_name` AS table1 HAVING table1.`AVG_TIMER_WAIT` != 7 IS NULL ORDER BY table1.`EVENT_NAME`, table1.`COUNT_STAR`, table1.`AVG_TIMER_WAIT` LIMIT 149 /* QNO 1073 CON_ID 21 */  ) INTERSECT (  SELECT * FROM performance_schema.`events_waits_summary_global_by_event_name` AS table1 HAVING table1.`AVG_TIMER_WAIT` != 7 IS NULL ORDER BY table1.`EVENT_NAME`, table1.`COUNT_STAR`, table1.`AVG_TIMER_WAIT` LIMIT 149 /* QNO 1073 CON_ID 21 */  ) /* TRANSFORM_OUTCOME_DISTINCT */ /* QNO 1079 CON_ID 21 */
		    21 Query	(  SELECT * FROM performance_schema.`events_waits_summary_global_by_event_name` AS table1 HAVING table1.`AVG_TIMER_WAIT` != 7 IS NULL ORDER BY table1.`EVENT_NAME`, table1.`COUNT_STAR`, table1.`AVG_TIMER_WAIT` LIMIT 149 /* QNO 1073 CON_ID 21 */  ) INTERSECT (  SELECT * FROM performance_schema.`events_waits_summary_global_by_event_name` AS table1 HAVING table1.`AVG_TIMER_WAIT` != 7 IS NULL ORDER BY table1.`EVENT_NAME`, table1.`COUNT_STAR`, table1.`AVG_TIMER_WAIT` LIMIT 0 /* QNO 1073 CON_ID 21 */  ) /* TRANSFORM_OUTCOME_EMPTY_RESULT */ /* QNO 1080 CON_ID 21 */
		    21 Query	/* GenTest::Transform::ExecuteAsUnion */ (  SELECT * FROM performance_schema.`events_waits_summary_global_by_event_name` AS table1 HAVING table1.`AVG_TIMER_WAIT` != 7 IS NULL ORDER BY table1.`EVENT_NAME`, table1.`COUNT_STAR`, table1.`AVG_TIMER_WAIT` LIMIT 149 /* QNO 1073 CON_ID 21 */  ) UNION ALL (  SELECT * FROM performance_schema.`events_waits_summary_global_by_event_name` AS table1 HAVING table1.`AVG_TIMER_WAIT` != 7 IS NULL ORDER BY table1.`EVENT_NAME`, table1.`COUNT_STAR`, table1.`AVG_TIMER_WAIT` LIMIT 0 /* QNO 1073 CON_ID 21 */  ) /* TRANSFORM_OUTCOME_UNORDERED_MATCH */ /* QNO 1081 CON_ID 21 */
		    21 Query	(  SELECT * FROM performance_schema.`events_waits_summary_global_by_event_name` AS table1 HAVING table1.`AVG_TIMER_WAIT` != 7 IS NULL ORDER BY table1.`EVENT_NAME`, table1.`COUNT_STAR`, table1.`AVG_TIMER_WAIT` LIMIT 0 /* QNO 1073 CON_ID 21 */  ) UNION ALL (  SELECT * FROM performance_schema.`events_waits_summary_global_by_event_name` AS table1 HAVING table1.`AVG_TIMER_WAIT` != 7 IS NULL ORDER BY table1.`EVENT_NAME`, table1.`COUNT_STAR`, table1.`AVG_TIMER_WAIT` LIMIT 149 /* QNO 1073 CON_ID 21 */  ) /* TRANSFORM_OUTCOME_UNORDERED_MATCH */ /* QNO 1082 CON_ID 21 */
		    21 Query	(  SELECT * FROM performance_schema.`events_waits_summary_global_by_event_name` AS table1 HAVING table1.`AVG_TIMER_WAIT` != 7 IS NULL ORDER BY table1.`EVENT_NAME`, table1.`COUNT_STAR`, table1.`AVG_TIMER_WAIT` LIMIT 149 /* QNO 1073 CON_ID 21 */  ) UNION DISTINCT (  SELECT * FROM performance_schema.`events_waits_summary_global_by_event_name` AS table1 HAVING table1.`AVG_TIMER_WAIT` != 7 IS NULL ORDER BY table1.`EVENT_NAME`, table1.`COUNT_STAR`, table1.`AVG_TIMER_WAIT` LIMIT 149 /* QNO 1073 CON_ID 21 */  ) /* TRANSFORM_OUTCOME_DISTINCT */ /* QNO 1083 CON_ID 21 */
