		    21 Query	/* GenTest::Transform::ExecuteAsCTE */  WITH cte1 AS ( SELECT * FROM performance_schema.`file_summary_by_instance` AS table1 ORDER BY table1.`AVG_TIMER_WRITE`, table1.`COUNT_STAR` LIMIT 4 /* QNO 184 CON_ID 21 */ ) SELECT * FROM cte1  /* TRANSFORM_OUTCOME_UNORDERED_MATCH */ /* QNO 185 CON_ID 21 */
		    20 Query	(  SELECT * FROM performance_schema.`host_cache` AS table1 WHERE ( table1.`COUNT_ADDRINFO_TRANSIENT_ERRORS` <= 4 OR table1.`HOST_VALIDATED` < '2005-10-20 05:44:26.044827') ORDER BY table1.`LAST_SEEN` LIMIT 241 /* QNO 181 CON_ID 20 */  ) UNION ALL (  SELECT * FROM performance_schema.`host_cache` AS table1 WHERE ( table1.`COUNT_ADDRINFO_TRANSIENT_ERRORS` <= 4 OR table1.`HOST_VALIDATED` < '2005-10-20 05:44:26.044827') ORDER BY table1.`LAST_SEEN` LIMIT 241 /* QNO 181 CON_ID 20 */  ) /* TRANSFORM_OUTCOME_SUPERSET */ /* QNO 202 CON_ID 20 */
		    20 Query	CREATE OR REPLACE VIEW transforms.view_1000_probe AS  SELECT * FROM performance_schema.`host_cache` AS table1 WHERE ( table1.`COUNT_ADDRINFO_TRANSIENT_ERRORS` <= 4 OR table1.`HOST_VALIDATED` < '2005-10-20 05:44:26.044827') ORDER BY table1.`LAST_SEEN` LIMIT 241 /* QNO 181 CON_ID 20 */  /* QNO 203 CON_ID 20 */
		    21 Query	/* GenTest::Transform::ExecuteAsExcept */ (  SELECT * FROM performance_schema.`file_summary_by_instance` AS table1 ORDER BY table1.`AVG_TIMER_WRITE`, table1.`COUNT_STAR` LIMIT 4 /* QNO 184 CON_ID 21 */  ) EXCEPT (  SELECT * FROM performance_schema.`file_summary_by_instance` AS table1 ORDER BY table1.`AVG_TIMER_WRITE`, table1.`COUNT_STAR` LIMIT 0 /* QNO 184 CON_ID 21 */  ) /* TRANSFORM_OUTCOME_DISTINCT */ /* QNO 186 CON_ID 21 */
		    18 Query	SHOW WARNINGS
		    18 Query	CREATE PROCEDURE stored_proc_4904 () LANGUAGE SQL  SELECT * FROM (mysql.`help_relation` AS table1 STRAIGHT_JOIN INFORMATION_SCHEMA.`INNODB_CMP_RESET` AS table2 ON ( table2.`uncompress_ops` = table1.`help_keyword_id` ) ) WHERE table1.`help_keyword_id` < table2.`uncompress_time` HAVING table1.`help_keyword_id` != '2021-12-15 14:26:33.052200' ORDER BY table1.`help_keyword_id` LIMIT 11 /* QNO 144 CON_ID 18 */  /* QNO 184 CON_ID 18 */
		    22 Query	SHOW WARNINGS
		    16 Query	CREATE OR REPLACE VIEW transforms.view_900_probe AS CREATE FUNCTION d ( g INTEGER, y INTEGER ) RETURNS INTEGER RETURN 1 /* QNO 175 CON_ID 16 */  /* QNO 176 CON_ID 16 */
		    22 Query	CREATE PROCEDURE stored_proc_4708 () LANGUAGE SQL SELECT * FROM mysql.transaction_registry /* QNO 115 CON_ID 22 */  /* QNO 155 CON_ID 22 */
		    21 Query	(  SELECT * FROM performance_schema.`file_summary_by_instance` AS table1 ORDER BY table1.`AVG_TIMER_WRITE`, table1.`COUNT_STAR` LIMIT 4 /* QNO 184 CON_ID 21 */  ) EXCEPT (  SELECT * FROM performance_schema.`file_summary_by_instance` AS table1 ORDER BY table1.`AVG_TIMER_WRITE`, table1.`COUNT_STAR` LIMIT 4 /* QNO 184 CON_ID 21 */  ) /* TRANSFORM_OUTCOME_EMPTY_RESULT */ /* QNO 187 CON_ID 21 */
		    16 Query	DROP PROCEDURE IF EXISTS k /* QNO 177 CON_ID 16 */
190114 12:06:18	    22 Query	CALL stored_proc_4708 /* TRANSFORM_OUTCOME_UNORDERED_MATCH */ /* QNO 156 CON_ID 22 */
		    18 Query	CALL stored_proc_4904 /* TRANSFORM_OUTCOME_UNORDERED_MATCH */ /* QNO 185 CON_ID 18 */
		    16 Query	CREATE OR REPLACE VIEW transforms.view_900_probe AS DROP PROCEDURE IF EXISTS k /* QNO 177 CON_ID 16 */  /* QNO 178 CON_ID 16 */
		    22 Query	CALL stored_proc_4708 /* TRANSFORM_OUTCOME_UNORDERED_MATCH */ /* QNO 157 CON_ID 22 */
		    18 Query	CALL stored_proc_4904 /* TRANSFORM_OUTCOME_UNORDERED_MATCH */ /* QNO 186 CON_ID 18 */
		    16 Query	DROP FUNCTION IF EXISTS h /* QNO 179 CON_ID 16 */
		    18 Query	DROP PROCEDURE IF EXISTS stored_proc_4904 /* QNO 187 CON_ID 18 */
		    22 Query	DROP PROCEDURE IF EXISTS stored_proc_4708 /* QNO 158 CON_ID 22 */
		    16 Query	SHOW WARNINGS
		    16 Query	REVOKE REPLICATION SLAVE ON *.* FROM 'someuser'@'somehost' /* QNO 180 CON_ID 16 */
		    16 Query	CREATE OR REPLACE VIEW transforms.view_900_probe AS REVOKE REPLICATION SLAVE ON *.* FROM 'someuser'@'somehost' /* QNO 180 CON_ID 16 */  /* QNO 181 CON_ID 16 */
		    16 Query	CREATE EVENT l ON SCHEDULE AT NOW() DO SET @a=@a /* QNO 182 CON_ID 16 */
		    16 Query	CREATE OR REPLACE VIEW transforms.view_900_probe AS CREATE EVENT l ON SCHEDULE AT NOW() DO SET @a=@a /* QNO 182 CON_ID 16 */  /* QNO 183 CON_ID 16 */
		    16 Query	CREATE TABLE u LIKE `t6` /* QNO 184 CON_ID 16 */
		    18 Query	TRUNCATE TABLE performance_schema.events_waits_history_long /* QNO 188 CON_ID 18 */
		    22 Query	UPDATE `t1` SET `col_varchar` = '1996-04-10 12:45:20.033464' WHERE `vcol_datetime` <= 3 /* QNO 159 CON_ID 22 */
		    22 Query	XA START 'xid76'  /* QNO 160 CON_ID 22 */
		    18 Query	CREATE OR REPLACE VIEW transforms.view_4904_probe AS TRUNCATE TABLE performance_schema.events_waits_history_long /* QNO 188 CON_ID 18 */  /* QNO 189 CON_ID 18 */
		    22 Query	CREATE OR REPLACE VIEW transforms.view_4708_probe AS XA START 'xid76'  /* QNO 160 CON_ID 22 */  /* QNO 161 CON_ID 22 */
		    18 Query	INSERT INTO `func` SELECT * FROM `tables_priv` /* QNO 190 CON_ID 18 */
		    22 Query	DELETE FROM `t1` WHERE `col_year` = '1986-03-26 13:27:59.048532' LIMIT 1 /* QNO 162 CON_ID 22 */
		    18 Query	SET STATEMENT system_versioning_alter_history=KEEP FOR ALTER TABLE `time_zone_name` ADD COLUMN IF NOT EXISTS tscol10 DATETIME DEFAULT '1970-01-01', ALGORITHM=INPLACE, DROP SYSTEM VERSIONING, FORCE, ALGORITHM=INPLACE /* QNO 191 CON_ID 18 */
		    22 Query	ALTER TABLE t6 /*!100301 WAIT 4 */ DROP COLUMN ncol6, ALGORITHM=COPY, LOCK=EXCLUSIVE, ADD PRIMARY KEY(bcol4), ALGORITHM=INPLACE, DROP COLUMN tscol2, ALGORITHM=DEFAULT, LOCK=DEFAULT /* QNO 163 CON_ID 22 */
		    22 Query	INSERT INTO `t3` ( `pk` ) VALUES (NULL) /* QNO 164 CON_ID 22 */
		    22 Query	SELECT * FROM seq3 /* QNO 165 CON_ID 22 */
		    22 Query	SELECT * FROM performance_schema.`users` AS table1 WHERE ( ( ( table1.`CURRENT_CONNECTIONS` LIKE 'wait/synch/mutex/%' OR table1.`CURRENT_CONNECTIONS` >= 7) OR table1.`USER` IN ( 4, 9, 5 )) OR table1.`CURRENT_CONNECTIONS` != 's') ORDER BY table1.`TOTAL_CONNECTIONS`, table1.`USER`, table1.`USER`, table1.`CURRENT_CONNECTIONS` LIMIT 157 /* QNO 166 CON_ID 22 */
		    18 Query	ALTER ONLINE TABLE `transaction_registry` /*!100301 NOWAIT */ ADD COLUMN IF NOT EXISTS ( geocol9 MULTIPOLYGON ), ALGORITHM=DEFAULT, DROP CONSTRAINT q, ADD CONSTRAINT CHECK (vcol3 = ncol10), ADD CONSTRAINT r CHECK (vcol1 LIKE 4), ADD CONSTRAINT k PRIMARY KEY(`non_existing_column`(153)), ALGORITHM=INPLACE, LOCK=NONE, ADD CONSTRAINT FOREIGN KEY t (icol3) REFERENCES t10 (ecol3) ON UPDATE NO ACTION, DROP COLUMN IF EXISTS ecol5  /* QNO 192 CON_ID 18 */
		    18 Query	SHOW ENGINE PERFORMANCE_SCHEMA STATUS /* QNO 193 CON_ID 18 */
		    22 Query	SHOW WARNINGS
		    22 Query	SELECT * FROM INFORMATION_SCHEMA.`USER_STATISTICS` AS table1 HAVING ( ( ( (NOT ( ( table1.`EMPTY_QUERIES` >= 'i' OR table1.`UPDATE_COMMANDS` < 'm') OR table1.`USER` != '2030-11-11 20:34:00.056850') AND table1.`BYTES_RECEIVED` < '2019-07-19 09:32:00.000652') OR table1.`UPDATE_COMMANDS` <> 4) OR table1.`ROWS_READ` <= 0) AND table1.`USER` >= 'nx') ORDER BY table1.`OTHER_COMMANDS` LIMIT 76 /* QNO 167 CON_ID 22 */
		    18 Query	CREATE OR REPLACE VIEW transforms.view_4904_probe AS SHOW ENGINE PERFORMANCE_SCHEMA STATUS /* QNO 193 CON_ID 18 */  /* QNO 194 CON_ID 18 */
		    22 Query	SHOW WARNINGS
		    22 Query	INSERT INTO `INNODB_SYS_SEMAPHORE_WAITS` SELECT * FROM `INNODB_FT_CONFIG` /* QNO 168 CON_ID 22 */
		    22 Query	DELETE FROM `INNODB_CMP_PER_INDEX_RESET` WHERE `compress_ops` = 7 LIMIT 8 /* QNO 169 CON_ID 22 */
		    18 Query	SELECT * FROM `procs_priv` INTO OUTFILE 'load_procs_priv'  /* QNO 195 CON_ID 18 */
		    22 Query	XA PREPARE 'non_idle_xid'  /* QNO 170 CON_ID 22 */
		    18 Query	LOAD DATA INFILE 'load_procs_priv' REPLACE INTO TABLE procs_priv /* QNO 196 CON_ID 18 */
		    22 Query	XA COMMIT 'non_idle_xid' ONE PHASE  /* QNO 171 CON_ID 22 */
		    18 Query	INSERT INTO `time_zone_leap_second` SELECT * FROM `innodb_index_stats` /* QNO 197 CON_ID 18 */
		    22 Query	RENAME TABLE seq10 TO seq4 /* QNO 172 CON_ID 22 */
		    18 Query	SHOW ENGINE PERFORMANCE_SCHEMA STATUS /* QNO 198 CON_ID 18 */
		    22 Query	SHOW CREATE SEQUENCE seq10 /* QNO 173 CON_ID 22 */
		    18 Query	CREATE OR REPLACE VIEW transforms.view_4904_probe AS SHOW ENGINE PERFORMANCE_SCHEMA STATUS /* QNO 198 CON_ID 18 */  /* QNO 199 CON_ID 18 */
		    22 Query	ALTER TABLE t8 ADD CONSTRAINT t CHECK (vcol5 != 1), ADD KEY(icol8), LOCK=DEFAULT /* QNO 174 CON_ID 22 */
		    18 Query	SET STATEMENT system_versioning_alter_history=KEEP FOR ALTER TABLE `slow_log` ADD PARTITION IF NOT EXISTS (PARTITION ver_p3 HISTORY) /* QNO 200 CON_ID 18 */
		    22 Query	XA ROLLBACK 'non_idle_xid'  /* QNO 175 CON_ID 22 */
		    18 Query	INSERT INTO seq6 VALUES (4872894796814876672, 0, 0, 69, 5, 209, 1, 1) /* QNO 201 CON_ID 18 */
		    18 Query	INSERT INTO `event` SELECT * FROM `help_keyword` /* QNO 202 CON_ID 18 */
		    22 Query	UPDATE performance_schema.setup_instruments SET TIMED = 'NO' WHERE NAME LIKE 'wait/synch%' /* QNO 176 CON_ID 22 */
		    16 Query	CREATE OR REPLACE VIEW transforms.view_900_probe AS CREATE TABLE u LIKE `t6` /* QNO 184 CON_ID 16 */  /* QNO 185 CON_ID 16 */
		    18 Query	SELECT SETVAL(seq5, -3283124128353091584) /* QNO 203 CON_ID 18 */
		    16 Query	ALTER TABLE `t6` ADD COLUMN p INTEGER DEFAULT NULL /* QNO 186 CON_ID 16 */
		    22 Query	CREATE OR REPLACE VIEW transforms.view_4708_probe AS UPDATE performance_schema.setup_instruments SET TIMED = 'NO' WHERE NAME LIKE 'wait/synch%' /* QNO 176 CON_ID 22 */  /* QNO 177 CON_ID 22 */
		    18 Query	SELECT * from t8 FOR system_time ALL /* QNO 204 CON_ID 18 */
		    22 Query	ALTER TABLE t3 PARTITION BY KEY(ncol5) /* QNO 178 CON_ID 22 */
		    16 Query	DROP VIEW IF EXISTS v /* QNO 187 CON_ID 16 */
		    22 Query	TRUNCATE TABLE performance_schema.file_summary_by_instance /* QNO 179 CON_ID 22 */
		    16 Query	SHOW WARNINGS
		    22 Query	SELECT * from t9 WHERE row_end IN (SELECT row_end FROM `VIEWS`) /* QNO 180 CON_ID 22 */
		    16 Query	ALTER TABLE `t6` ADD KEY ( y ) /* QNO 188 CON_ID 16 */
		    22 Query	SHOW ENGINE PERFORMANCE_SCHEMA STATUS /* QNO 181 CON_ID 22 */
		    16 Query	CREATE TABLE h LIKE `view_t2` /* QNO 189 CON_ID 16 */
		    22 Query	CREATE OR REPLACE VIEW transforms.view_4708_probe AS SHOW ENGINE PERFORMANCE_SCHEMA STATUS /* QNO 181 CON_ID 22 */  /* QNO 182 CON_ID 22 */
		    16 Query	REVOKE ALL PRIVILEGES ON test.a FROM 'someuser'@'somehost' /* QNO 190 CON_ID 16 */
		    22 Query	INSERT INTO `ENGINES` ( `pk` ) VALUES (NULL) /* QNO 183 CON_ID 22 */
		    16 Query	CREATE TABLE y LIKE `t4` /* QNO 191 CON_ID 16 */
		    22 Query	UPDATE performance_schema.setup_timers SET timer_name = 'MILLISECOND' /* QNO 184 CON_ID 22 */
		    22 Query	CREATE OR REPLACE VIEW transforms.view_4708_probe AS UPDATE performance_schema.setup_timers SET timer_name = 'MILLISECOND' /* QNO 184 CON_ID 22 */  /* QNO 185 CON_ID 22 */
		    22 Query	UPDATE `COLLATIONS` SET `CHARACTER_SET_NAME` = 'xa' WHERE `ID` > 'a' /* QNO 186 CON_ID 22 */
		    22 Query	UPDATE performance_schema.setup_consumers SET enabled = 'YES' WHERE name IN ( 'events_waits_summary_by_instance' ) /* QNO 187 CON_ID 22 */
		    22 Query	CREATE OR REPLACE VIEW transforms.view_4708_probe AS UPDATE performance_schema.setup_consumers SET enabled = 'YES' WHERE name IN ( 'events_waits_summary_by_instance' ) /* QNO 187 CON_ID 22 */  /* QNO 188 CON_ID 22 */
		    22 Query	SHOW COLUMNS IN t4 /* QNO 189 CON_ID 22 */
		    18 Query	INSERT INTO `columns_priv` SELECT * FROM `time_zone_transition_type` /* QNO 205 CON_ID 18 */
		    18 Query	SELECT * FROM `time_zone_transition` INTO OUTFILE 'load_time_zone_transition'  /* QNO 206 CON_ID 18 */
		    18 Query	LOAD DATA INFILE 'load_time_zone_transition' REPLACE INTO TABLE time_zone_transition /* QNO 207 CON_ID 18 */
		    21 Query	/* GenTest::Transform::ExecuteAsExecuteImmediate */ EXECUTE IMMEDIATE ' SELECT * FROM performance_schema.`file_summary_by_instance` AS table1 ORDER BY table1.`AVG_TIMER_WRITE`, table1.`COUNT_STAR` LIMIT 4 /* QNO 184 CON_ID 21 */ ' /* TRANSFORM_OUTCOME_UNORDERED_MATCH */ /* QNO 188 CON_ID 21 */
		    21 Prepare	SELECT * FROM performance_schema.`file_summary_by_instance` AS table1 ORDER BY table1.`AVG_TIMER_WRITE`, table1.`COUNT_STAR` LIMIT 4 /* QNO 184 CON_ID 21 */
		    21 Execute	SELECT * FROM performance_schema.`file_summary_by_instance` AS table1 ORDER BY table1.`AVG_TIMER_WRITE`, table1.`COUNT_STAR` LIMIT 4 /* QNO 184 CON_ID 21 */
		    21 Query	/* GenTest::Transform::ExecuteAsInsertSelect */ CREATE DATABASE IF NOT EXISTS transforms /* QNO 189 CON_ID 21 */
		    18 Query	SET STATEMENT `sql_mode`=ORACLE FOR SELECT seq10.currval /* QNO 208 CON_ID 18 */
		    18 Query	ALTER SEQUENCE IF EXISTS seq10 INCREMENT = 2 /* QNO 209 CON_ID 18 */
		    20 Query	DROP VIEW transforms.view_1000_probe /* QNO 204 CON_ID 20 */
		    21 Query	SHOW WARNINGS
		    21 Query	DROP TABLE IF EXISTS transforms.insert_select_4888 /* QNO 190 CON_ID 21 */
		    18 Query	SHOW WARNINGS
		    20 Query	/* GenTest::Transform::ExecuteAsView */ CREATE DATABASE IF NOT EXISTS transforms /* QNO 205 CON_ID 20 */
		    21 Query	SHOW WARNINGS
		    21 Query	CREATE TABLE transforms.insert_select_4888  SELECT * FROM performance_schema.`file_summary_by_instance` AS table1 ORDER BY table1.`AVG_TIMER_WRITE`, table1.`COUNT_STAR` LIMIT 4 /* QNO 184 CON_ID 21 */  /* QNO 191 CON_ID 21 */
		    18 Query	ALTER TABLE `index_stats` FORCE, ALGORITHM=COPY, ADD CONSTRAINT CHECK (tscol9 != ecol6) /* QNO 210 CON_ID 18 */
		    18 Query	UPDATE performance_schema.setup_instruments SET TIMED = 'YES' WHERE NAME LIKE '%myisam%' /* QNO 211 CON_ID 18 */
		    18 Query	CREATE OR REPLACE VIEW transforms.view_4904_probe AS UPDATE performance_schema.setup_instruments SET TIMED = 'YES' WHERE NAME LIKE '%myisam%' /* QNO 211 CON_ID 18 */  /* QNO 212 CON_ID 18 */
		    18 Query	UPDATE `procs_priv` SET `Host` = '2025-05-14 20:29:34.013936' WHERE `Db` != 'e' /* QNO 213 CON_ID 18 */
		    18 Query	SELECT * FROM test.`view_t3` AS table1 WHERE ( table1.`col_varchar` IN ( 7, 7, 8 ) OR table1.`col_enum` != 0) HAVING NOT (table1.`col_bit` < 'x' IS NULL OR table1.`vcol_char` <> 'o') ORDER BY table1.`col_timestamp` LIMIT 112 /* QNO 214 CON_ID 18 */
		    18 Query	SHOW ENGINE PERFORMANCE_SCHEMA STATUS /* QNO 215 CON_ID 18 */
		    18 Query	CREATE OR REPLACE VIEW transforms.view_4904_probe AS SHOW ENGINE PERFORMANCE_SCHEMA STATUS /* QNO 215 CON_ID 18 */  /* QNO 216 CON_ID 18 */
		    18 Query	INSERT INTO t2 ( tcol3 ) SELECT ncol9 FROM t6 /* QNO 217 CON_ID 18 */
		    18 Query	DELETE FROM `view_t7` WHERE `col_enum` < 9 LIMIT 2 /* QNO 218 CON_ID 18 */
		    18 Query	SELECT * FROM test.`view_t3` AS table1 WHERE table1.`col_dec` >= 9 HAVING NOT table1.`col_date` <= 0 LIMIT 215 /* QNO 219 CON_ID 18 */
		    18 Query	SET STATEMENT system_versioning_alter_history=KEEP FOR ALTER TABLE `t6` ADD SYSTEM VERSIONING, CHANGE COLUMN IF EXISTS `vcol_bit` ecol9 SET('foo','bar'), ALGORITHM=INPLACE, CHANGE COLUMN IF EXISTS `vcol_timestamp` icol1 SMALLINT  /* QNO 220 CON_ID 18 */
		    22 Query	CREATE OR REPLACE VIEW transforms.view_4708_probe AS SHOW COLUMNS IN t4 /* QNO 189 CON_ID 22 */  /* QNO 190 CON_ID 22 */
		    17 Query	SELECT * FROM transforms.view_3980_temptable /* TRANSFORM_OUTCOME_UNORDERED_MATCH */ /* QNO 143 CON_ID 17 */
		    17 Query	DROP VIEW transforms.view_3980_merge , transforms.view_3980_temptable /* QNO 144 CON_ID 17 */
		    17 Query	/* GenTest::Transform::ExecuteAsPreparedTwice */ PREPARE prep_stmt_3980 FROM ' SELECT * FROM performance_schema.`table_io_waits_summary_by_table` AS table1 ORDER BY table1.`AVG_TIMER_READ`, table1.`MIN_TIMER_UPDATE`, table1.`SUM_TIMER_INSERT` LIMIT 85 /* QNO 114 CON_ID 17 */ ' /* QNO 145 CON_ID 17 */
		    17 Prepare	SELECT * FROM performance_schema.`table_io_waits_summary_by_table` AS table1 ORDER BY table1.`AVG_TIMER_READ`, table1.`MIN_TIMER_UPDATE`, table1.`SUM_TIMER_INSERT` LIMIT 85 /* QNO 114 CON_ID 17 */
		    17 Query	EXECUTE prep_stmt_3980 /* TRANSFORM_OUTCOME_UNORDERED_MATCH */ /* QNO 146 CON_ID 17 */
		    16 Query	CREATE OR REPLACE VIEW transforms.view_900_probe AS CREATE TABLE y LIKE `t4` /* QNO 191 CON_ID 16 */  /* QNO 192 CON_ID 16 */
		    22 Query	CREATE OR REPLACE SEQUENCE seq5  /* QNO 191 CON_ID 22 */
		    20 Query	SHOW WARNINGS
		    20 Query	DROP VIEW IF EXISTS transforms.view_1000_merge , transforms.view_1000_temptable /* QNO 206 CON_ID 20 */
		    20 Query	SHOW WARNINGS
		    20 Query	CREATE OR REPLACE ALGORITHM=MERGE VIEW transforms.view_1000_merge AS  SELECT * FROM performance_schema.`host_cache` AS table1 WHERE ( table1.`COUNT_ADDRINFO_TRANSIENT_ERRORS` <= 4 OR table1.`HOST_VALIDATED` < '2005-10-20 05:44:26.044827') ORDER BY table1.`LAST_SEEN` LIMIT 241 /* QNO 181 CON_ID 20 */  /* QNO 207 CON_ID 20 */
		    16 Query	ALTER TABLE `view_t6` ADD COLUMN d INTEGER DEFAULT NULL /* QNO 193 CON_ID 16 */
		    16 Query	CREATE DATABASE IF NOT EXISTS b /* QNO 194 CON_ID 16 */
		    17 Execute	SELECT * FROM performance_schema.`table_io_waits_summary_by_table` AS table1 ORDER BY table1.`AVG_TIMER_READ`, table1.`MIN_TIMER_UPDATE`, table1.`SUM_TIMER_INSERT` LIMIT 85 /* QNO 114 CON_ID 17 */
		    16 Query	CREATE OR REPLACE VIEW transforms.view_900_probe AS CREATE DATABASE IF NOT EXISTS b /* QNO 194 CON_ID 16 */  /* QNO 195 CON_ID 16 */
		    22 Query	XA COMMIT 'non_idle_xid' ONE PHASE  /* QNO 192 CON_ID 22 */
		    17 Query	EXECUTE prep_stmt_3980 /* TRANSFORM_OUTCOME_UNORDERED_MATCH */ /* QNO 147 CON_ID 17 */
		    22 Query	UPDATE performance_schema.setup_timers SET timer_name = 'MICROSECOND' /* QNO 193 CON_ID 22 */
		    22 Query	CREATE OR REPLACE VIEW transforms.view_4708_probe AS UPDATE performance_schema.setup_timers SET timer_name = 'MICROSECOND' /* QNO 193 CON_ID 22 */  /* QNO 194 CON_ID 22 */
		    16 Query	CREATE FUNCTION m ( n INTEGER, j INTEGER ) RETURNS INTEGER RETURN 1 /* QNO 196 CON_ID 16 */
		    22 Query	SELECT * FROM (test.`t6` AS table1 STRAIGHT_JOIN mysql.`host` AS table2 ON ( table2.`Update_priv` = table1.`vcol_dec` ) ) LIMIT 91 /* QNO 195 CON_ID 22 */
		    17 Execute	SELECT * FROM performance_schema.`table_io_waits_summary_by_table` AS table1 ORDER BY table1.`AVG_TIMER_READ`, table1.`MIN_TIMER_UPDATE`, table1.`SUM_TIMER_INSERT` LIMIT 85 /* QNO 114 CON_ID 17 */
		    18 Query	TRUNCATE TABLE performance_schema.events_waits_summary_by_event_name /* QNO 221 CON_ID 18 */
		    18 Query	INSERT INTO `t5` ( `pk` ) VALUES (NULL) /* QNO 222 CON_ID 18 */
		    18 Query	SHOW ENGINE PERFORMANCE_SCHEMA STATUS /* QNO 223 CON_ID 18 */
		    22 Query	SELECT * FROM (performance_schema.`setup_instruments` AS table1 LEFT JOIN performance_schema.`events_statements_summary_by_user_by_event_name` AS table2 ON ( table2.`MAX_TIMER_WAIT` = table1.`ENABLED` ) ) HAVING ( table1.`ENABLED` != '2022-02-11 07:43:28.031064' AND table1.`ENABLED` = '1978-11-10 23:20:43.044154') LIMIT 69 /* QNO 196 CON_ID 22 */
		    18 Query	CREATE OR REPLACE VIEW transforms.view_4904_probe AS SHOW ENGINE PERFORMANCE_SCHEMA STATUS /* QNO 223 CON_ID 18 */  /* QNO 224 CON_ID 18 */
		    22 Query	/* GenTest::Transform::ExecuteAsCTE */  WITH cte1 AS ( SELECT * FROM( performance_schema.`setup_instruments` AS table1 LEFT JOIN performance_schema.`events_statements_summary_by_user_by_event_name` AS table2 ON( table2.`MAX_TIMER_WAIT` = table1.`ENABLED`)) HAVING( table1.`ENABLED` != '2022-02-11 07:43:28.031064' AND table1.`ENABLED` = '1978-11-10 23:20:43.044154') LIMIT 69 /* QNO 196 CON_ID 22 */ ) SELECT * FROM cte1  /* TRANSFORM_OUTCOME_UNORDERED_MATCH */ /* QNO 197 CON_ID 22 */
		    18 Query	SELECT * FROM test.`t6` AS table1 HAVING (NOT (table1.`col_dec` <> 'bh' IS NULL AND table1.`vcol_int` = '2010-11-11 15:39:46.052359') OR table1.`col_int` <= '1997-01-21 07:25:46.036152') ORDER BY table1.`col_bit`, table1.`col_blob` LIMIT 102 /* QNO 225 CON_ID 18 */
		    22 Query	/* GenTest::Transform::ExecuteAsExcept */ (  SELECT * FROM (performance_schema.`setup_instruments` AS table1 LEFT JOIN performance_schema.`events_statements_summary_by_user_by_event_name` AS table2 ON ( table2.`MAX_TIMER_WAIT` = table1.`ENABLED` ) ) HAVING ( table1.`ENABLED` != '2022-02-11 07:43:28.031064' AND table1.`ENABLED` = '1978-11-10 23:20:43.044154') LIMIT 69 /* QNO 196 CON_ID 22 */  ) EXCEPT (  SELECT * FROM (performance_schema.`setup_instruments` AS table1 LEFT JOIN performance_schema.`events_statements_summary_by_user_by_event_name` AS table2 ON ( table2.`MAX_TIMER_WAIT` = table1.`ENABLED` ) ) HAVING ( table1.`ENABLED` != '2022-02-11 07:43:28.031064' AND table1.`ENABLED` = '1978-11-10 23:20:43.044154') LIMIT 0 /* QNO 196 CON_ID 22 */  ) /* TRANSFORM_OUTCOME_DISTINCT */ /* QNO 198 CON_ID 22 */
		    18 Query	XA RECOVER /* QNO 226 CON_ID 18 */
		    22 Query	(  SELECT * FROM (performance_schema.`setup_instruments` AS table1 LEFT JOIN performance_schema.`events_statements_summary_by_user_by_event_name` AS table2 ON ( table2.`MAX_TIMER_WAIT` = table1.`ENABLED` ) ) HAVING ( table1.`ENABLED` != '2022-02-11 07:43:28.031064' AND table1.`ENABLED` = '1978-11-10 23:20:43.044154') LIMIT 69 /* QNO 196 CON_ID 22 */  ) EXCEPT (  SELECT * FROM (performance_schema.`setup_instruments` AS table1 LEFT JOIN performance_schema.`events_statements_summary_by_user_by_event_name` AS table2 ON ( table2.`MAX_TIMER_WAIT` = table1.`ENABLED` ) ) HAVING ( table1.`ENABLED` != '2022-02-11 07:43:28.031064' AND table1.`ENABLED` = '1978-11-10 23:20:43.044154') LIMIT 69 /* QNO 196 CON_ID 22 */  ) /* TRANSFORM_OUTCOME_EMPTY_RESULT */ /* QNO 199 CON_ID 22 */
		    16 Query	CREATE OR REPLACE VIEW transforms.view_900_probe AS CREATE FUNCTION m ( n INTEGER, j INTEGER ) RETURNS INTEGER RETURN 1 /* QNO 196 CON_ID 16 */  /* QNO 197 CON_ID 16 */
		    18 Query	CREATE OR REPLACE VIEW transforms.view_4904_probe AS XA RECOVER /* QNO 226 CON_ID 18 */  /* QNO 227 CON_ID 18 */
		    18 Query	LOCK TABLE `view_t4` READ /* QNO 228 CON_ID 18 */
		    18 Query	CREATE OR REPLACE VIEW transforms.view_4904_probe AS LOCK TABLE `view_t4` READ /* QNO 228 CON_ID 18 */  /* QNO 229 CON_ID 18 */
		    18 Query	UPDATE performance_schema.setup_instruments SET ENABLED = 'YES' WHERE NAME LIKE 'wait/synch/mutex/%' /* QNO 230 CON_ID 18 */
		    18 Query	SELECT * FROM test.`t8` AS table1 HAVING (table1.`col_bit` <= 7 IS NULL OR table1.`vcol_datetime` < 7) ORDER BY table1.`vcol_time`, table1.`vcol_blob` LIMIT 144 /* QNO 231 CON_ID 18 */
		    16 Query	ALTER TABLE `t5` ADD COLUMN d INTEGER DEFAULT NULL /* QNO 198 CON_ID 16 */
		    18 Query	SHOW ENGINE PERFORMANCE_SCHEMA STATUS /* QNO 232 CON_ID 18 */
		    18 Query	CREATE OR REPLACE VIEW transforms.view_4904_probe AS SHOW ENGINE PERFORMANCE_SCHEMA STATUS /* QNO 232 CON_ID 18 */  /* QNO 233 CON_ID 18 */
		    18 Query	ALTER TABLE `t8` PARTITION BY system_time INTERVAL 3 MONTH SUBPARTITION BY HASH(ecol8) SUBPARTITIONS 7 ( PARTITION ver_p1 HISTORY, PARTITION ver_p2 HISTORY, PARTITION ver_p3 HISTORY, PARTITION ver_pn CURRENT ) /* QNO 234 CON_ID 18 */
		    16 Query	ALTER TABLE `t5` REMOVE PARTITIONING /* QNO 199 CON_ID 16 */
		    18 Query	SELECT * FROM `t5` INTO OUTFILE 'load_t5'  /* QNO 235 CON_ID 18 */
		    18 Query	LOAD DATA INFILE 'load_t5' IGNORE INTO TABLE t5 /* QNO 236 CON_ID 18 */
		    22 Query	/* GenTest::Transform::ExecuteAsExecuteImmediate */ EXECUTE IMMEDIATE ' SELECT * FROM (performance_schema.`setup_instruments` AS table1 LEFT JOIN performance_schema.`events_statements_summary_by_user_by_event_name` AS table2 ON ( table2.`MAX_TIMER_WAIT` = table1.`ENABLED` ) ) HAVING ( table1.`ENABLED` != \'2022-02-11 07:43:28.031064\' AND table1.`ENABLED` = \'1978-11-10 23:20:43.044154\') LIMIT 69 /* QNO 196 CON_ID 22 */ ' /* TRANSFORM_OUTCOME_UNORDERED_MATCH */ /* QNO 200 CON_ID 22 */
		    22 Prepare	SELECT * FROM (performance_schema.`setup_instruments` AS table1 LEFT JOIN performance_schema.`events_statements_summary_by_user_by_event_name` AS table2 ON ( table2.`MAX_TIMER_WAIT` = table1.`ENABLED` ) ) HAVING ( table1.`ENABLED` != '2022-02-11 07:43:28.031064' AND table1.`ENABLED` = '1978-11-10 23:20:43.044154') LIMIT 69 /* QNO 196 CON_ID 22 */
		    20 Query	SHOW WARNINGS
		    17 Query	DEALLOCATE PREPARE prep_stmt_3980 /* QNO 148 CON_ID 17 */
		    22 Execute	SELECT * FROM (performance_schema.`setup_instruments` AS table1 LEFT JOIN performance_schema.`events_statements_summary_by_user_by_event_name` AS table2 ON ( table2.`MAX_TIMER_WAIT` = table1.`ENABLED` ) ) HAVING ( table1.`ENABLED` != '2022-02-11 07:43:28.031064' AND table1.`ENABLED` = '1978-11-10 23:20:43.044154') LIMIT 69 /* QNO 196 CON_ID 22 */
		    17 Query	/* GenTest::Transform::ExecuteAsSPTwice */ DROP PROCEDURE IF EXISTS stored_proc_3980 /* QNO 149 CON_ID 17 */
		    16 Query	DROP TABLE p /* QNO 200 CON_ID 16 */
		    17 Query	SHOW WARNINGS
		    22 Query	/* GenTest::Transform::ExecuteAsInsertSelect */ CREATE DATABASE IF NOT EXISTS transforms /* QNO 201 CON_ID 22 */
		    17 Query	CREATE PROCEDURE stored_proc_3980 () LANGUAGE SQL  SELECT * FROM performance_schema.`table_io_waits_summary_by_table` AS table1 ORDER BY table1.`AVG_TIMER_READ`, table1.`MIN_TIMER_UPDATE`, table1.`SUM_TIMER_INSERT` LIMIT 85 /* QNO 114 CON_ID 17 */  /* QNO 150 CON_ID 17 */
		    20 Query	SELECT * FROM transforms.view_1000_merge /* TRANSFORM_OUTCOME_UNORDERED_MATCH */ /* QNO 208 CON_ID 20 */
		    16 Query	CREATE OR REPLACE VIEW b AS SELECT * FROM `view_t9` /* QNO 201 CON_ID 16 */
		    22 Query	/* GenTest::Transform::ExecuteAsIntersect */ (  SELECT * FROM (performance_schema.`setup_instruments` AS table1 LEFT JOIN performance_schema.`events_statements_summary_by_user_by_event_name` AS table2 ON ( table2.`MAX_TIMER_WAIT` = table1.`ENABLED` ) ) HAVING ( table1.`ENABLED` != '2022-02-11 07:43:28.031064' AND table1.`ENABLED` = '1978-11-10 23:20:43.044154') LIMIT 69 /* QNO 196 CON_ID 22 */  ) INTERSECT (  SELECT * FROM (performance_schema.`setup_instruments` AS table1 LEFT JOIN performance_schema.`events_statements_summary_by_user_by_event_name` AS table2 ON ( table2.`MAX_TIMER_WAIT` = table1.`ENABLED` ) ) HAVING ( table1.`ENABLED` != '2022-02-11 07:43:28.031064' AND table1.`ENABLED` = '1978-11-10 23:20:43.044154') LIMIT 69 /* QNO 196 CON_ID 22 */  ) /* TRANSFORM_OUTCOME_DISTINCT */ /* QNO 202 CON_ID 22 */
		    16 Query	CREATE EVENT c ON SCHEDULE AT NOW() DO SET @a=@a /* QNO 202 CON_ID 16 */
		    16 Query	CREATE OR REPLACE VIEW transforms.view_900_probe AS CREATE EVENT c ON SCHEDULE AT NOW() DO SET @a=@a /* QNO 202 CON_ID 16 */  /* QNO 203 CON_ID 16 */
		    21 Query	SELECT * FROM transforms.insert_select_4888 /* TRANSFORM_OUTCOME_UNORDERED_MATCH */ /* QNO 192 CON_ID 21 */
190114 12:06:19	    21 Query	DELETE FROM transforms.insert_select_4888 /* QNO 193 CON_ID 21 */
		    16 Query	REVOKE ALL PRIVILEGES ON a.* FROM 'someuser'@'somehost' /* QNO 204 CON_ID 16 */
		    16 Query	DROP EVENT z /* QNO 205 CON_ID 16 */
		    16 Query	CREATE OR REPLACE VIEW transforms.view_900_probe AS DROP EVENT z /* QNO 205 CON_ID 16 */  /* QNO 206 CON_ID 16 */
		    16 Query	DROP TRIGGER IF EXISTS r /* QNO 207 CON_ID 16 */
		    16 Query	SHOW WARNINGS
		    16 Query	ALTER TABLE `t5` ADD KEY ( g ) /* QNO 208 CON_ID 16 */
		    16 Query	REVOKE SHOW DATABASES ON *.* FROM 'someuser'@'somehost' /* QNO 209 CON_ID 16 */
		    16 Query	CREATE OR REPLACE VIEW transforms.view_900_probe AS REVOKE SHOW DATABASES ON *.* FROM 'someuser'@'somehost' /* QNO 209 CON_ID 16 */  /* QNO 210 CON_ID 16 */
		    16 Query	ALTER TABLE `t3` ADD KEY ( b ) /* QNO 211 CON_ID 16 */
		    16 Query	GRANT UPDATE ( `col_int` ) ON `t7` TO 'someuser'@'somehost' /* QNO 212 CON_ID 16 */
		    16 Query	GRANT INSERT ( `col_int`, `pk` ), UPDATE ( `col_time`, `col_int` ), INSERT ( `vcol_timestamp`, `vcol_varchar` ), SELECT ( `vcol_int`, `vcol_dec`, `vcol_year`, `col_dec`, `col_blob` ), INSERT ( `col_bit`, `vcol_time` ), UPDATE ( `col_char`, `col_blob` ) ON `t6` TO 'someuser'@'somehost' /* QNO 213 CON_ID 16 */
		    16 Query	CREATE TABLE a LIKE `t3` /* QNO 214 CON_ID 16 */
		    18 Query	UPDATE performance_schema.setup_instruments SET TIMED = 'YES' ORDER BY RAND() LIMIT 9 /* QNO 237 CON_ID 18 */
		    22 Query	(  SELECT * FROM (performance_schema.`setup_instruments` AS table1 LEFT JOIN performance_schema.`events_statements_summary_by_user_by_event_name` AS table2 ON ( table2.`MAX_TIMER_WAIT` = table1.`ENABLED` ) ) HAVING ( table1.`ENABLED` != '2022-02-11 07:43:28.031064' AND table1.`ENABLED` = '1978-11-10 23:20:43.044154') LIMIT 69 /* QNO 196 CON_ID 22 */  ) INTERSECT (  SELECT * FROM (performance_schema.`setup_instruments` AS table1 LEFT JOIN performance_schema.`events_statements_summary_by_user_by_event_name` AS table2 ON ( table2.`MAX_TIMER_WAIT` = table1.`ENABLED` ) ) HAVING ( table1.`ENABLED` != '2022-02-11 07:43:28.031064' AND table1.`ENABLED` = '1978-11-10 23:20:43.044154') LIMIT 0 /* QNO 196 CON_ID 22 */  ) /* TRANSFORM_OUTCOME_EMPTY_RESULT */ /* QNO 203 CON_ID 22 */
		    21 Query	INSERT INTO transforms.insert_select_4888  SELECT * FROM performance_schema.`file_summary_by_instance` AS table1 ORDER BY table1.`AVG_TIMER_WRITE`, table1.`COUNT_STAR` LIMIT 4 /* QNO 184 CON_ID 21 */  /* QNO 194 CON_ID 21 */
		    22 Query	/* GenTest::Transform::ExecuteAsUnion */ (  SELECT * FROM (performance_schema.`setup_instruments` AS table1 LEFT JOIN performance_schema.`events_statements_summary_by_user_by_event_name` AS table2 ON ( table2.`MAX_TIMER_WAIT` = table1.`ENABLED` ) ) HAVING ( table1.`ENABLED` != '2022-02-11 07:43:28.031064' AND table1.`ENABLED` = '1978-11-10 23:20:43.044154') LIMIT 69 /* QNO 196 CON_ID 22 */  ) UNION ALL (  SELECT * FROM (performance_schema.`setup_instruments` AS table1 LEFT JOIN performance_schema.`events_statements_summary_by_user_by_event_name` AS table2 ON ( table2.`MAX_TIMER_WAIT` = table1.`ENABLED` ) ) HAVING ( table1.`ENABLED` != '2022-02-11 07:43:28.031064' AND table1.`ENABLED` = '1978-11-10 23:20:43.044154') LIMIT 0 /* QNO 196 CON_ID 22 */  ) /* TRANSFORM_OUTCOME_UNORDERED_MATCH */ /* QNO 204 CON_ID 22 */
		    18 Query	SELECT * from t2 WHERE row_start IN (SELECT row_start FROM `view_t1`) /* QNO 238 CON_ID 18 */
		    21 Query	SELECT * FROM transforms.insert_select_4888 /* TRANSFORM_OUTCOME_UNORDERED_MATCH */ /* QNO 195 CON_ID 21 */
		    18 Query	ALTER SEQUENCE seq1 START -3665648621702873088 START 0 START 0 MAXVALUE 33518 INCREMENT 2 INCREMENT 77 /* QNO 239 CON_ID 18 */
		    18 Query	XA RECOVER /* QNO 240 CON_ID 18 */
		    18 Query	CREATE OR REPLACE VIEW transforms.view_4904_probe AS XA RECOVER /* QNO 240 CON_ID 18 */  /* QNO 241 CON_ID 18 */
		    18 Query	XA ROLLBACK 'non_prepared_xid'  /* QNO 242 CON_ID 18 */
		    17 Query	CALL stored_proc_3980 /* TRANSFORM_OUTCOME_UNORDERED_MATCH */ /* QNO 151 CON_ID 17 */
		    18 Query	TRUNCATE TABLE performance_schema.events_waits_history /* QNO 243 CON_ID 18 */
		    18 Query	COMMIT /* QNO 244 CON_ID 18 */
		    18 Query	CREATE OR REPLACE VIEW transforms.view_4904_probe AS COMMIT /* QNO 244 CON_ID 18 */  /* QNO 245 CON_ID 18 */
		    18 Query	SELECT * FROM `t8` INTO OUTFILE 'load_t8'  /* QNO 246 CON_ID 18 */
		    18 Query	LOAD DATA INFILE 'load_t8' IGNORE INTO TABLE t8 /* QNO 247 CON_ID 18 */
		    18 Query	DROP TABLE IF EXISTS tmp_rename_4904  /* QNO 248 CON_ID 18 */
		    18 Query	RENAME TABLE t6 TO tmp_rename_4904, tmp_rename_4904 TO t6 /* QNO 249 CON_ID 18 */
		    18 Query	UPDATE performance_schema.setup_timers SET timer_name = 'MILLISECOND' /* QNO 250 CON_ID 18 */
		    18 Query	SELECT * FROM `view_t1` INTO OUTFILE 'load_view_t1'  /* QNO 251 CON_ID 18 */
		    18 Query	LOAD DATA INFILE 'load_view_t1' REPLACE INTO TABLE view_t1 /* QNO 252 CON_ID 18 */
		    22 Query	(  SELECT * FROM (performance_schema.`setup_instruments` AS table1 LEFT JOIN performance_schema.`events_statements_summary_by_user_by_event_name` AS table2 ON ( table2.`MAX_TIMER_WAIT` = table1.`ENABLED` ) ) HAVING ( table1.`ENABLED` != '2022-02-11 07:43:28.031064' AND table1.`ENABLED` = '1978-11-10 23:20:43.044154') LIMIT 0 /* QNO 196 CON_ID 22 */  ) UNION ALL (  SELECT * FROM (performance_schema.`setup_instruments` AS table1 LEFT JOIN performance_schema.`events_statements_summary_by_user_by_event_name` AS table2 ON ( table2.`MAX_TIMER_WAIT` = table1.`ENABLED` ) ) HAVING ( table1.`ENABLED` != '2022-02-11 07:43:28.031064' AND table1.`ENABLED` = '1978-11-10 23:20:43.044154') LIMIT 69 /* QNO 196 CON_ID 22 */  ) /* TRANSFORM_OUTCOME_UNORDERED_MATCH */ /* QNO 205 CON_ID 22 */
		    21 Query	DELETE FROM transforms.insert_select_4888 /* QNO 196 CON_ID 21 */
		    17 Query	CALL stored_proc_3980 /* TRANSFORM_OUTCOME_UNORDERED_MATCH */ /* QNO 152 CON_ID 17 */
		    17 Query	DROP PROCEDURE IF EXISTS stored_proc_3980 /* QNO 153 CON_ID 17 */
		    22 Query	(  SELECT * FROM (performance_schema.`setup_instruments` AS table1 LEFT JOIN performance_schema.`events_statements_summary_by_user_by_event_name` AS table2 ON ( table2.`MAX_TIMER_WAIT` = table1.`ENABLED` ) ) HAVING ( table1.`ENABLED` != '2022-02-11 07:43:28.031064' AND table1.`ENABLED` = '1978-11-10 23:20:43.044154') LIMIT 69 /* QNO 196 CON_ID 22 */  ) UNION DISTINCT (  SELECT * FROM (performance_schema.`setup_instruments` AS table1 LEFT JOIN performance_schema.`events_statements_summary_by_user_by_event_name` AS table2 ON ( table2.`MAX_TIMER_WAIT` = table1.`ENABLED` ) ) HAVING ( table1.`ENABLED` != '2022-02-11 07:43:28.031064' AND table1.`ENABLED` = '1978-11-10 23:20:43.044154') LIMIT 69 /* QNO 196 CON_ID 22 */  ) /* TRANSFORM_OUTCOME_DISTINCT */ /* QNO 206 CON_ID 22 */
		    18 Query	CREATE OR REPLACE TABLE t8 (ncol4 DECIMAL NULL DEFAULT NULL /*!100303 INVISIBLE */ )  /* QNO 253 CON_ID 18 */
		    18 Query	UNLOCK TABLES /* QNO 254 CON_ID 18 */
		    18 Query	CREATE OR REPLACE VIEW transforms.view_4904_probe AS UNLOCK TABLES /* QNO 254 CON_ID 18 */  /* QNO 255 CON_ID 18 */
		    22 Query	(  SELECT * FROM (performance_schema.`setup_instruments` AS table1 LEFT JOIN performance_schema.`events_statements_summary_by_user_by_event_name` AS table2 ON ( table2.`MAX_TIMER_WAIT` = table1.`ENABLED` ) ) HAVING ( table1.`ENABLED` != '2022-02-11 07:43:28.031064' AND table1.`ENABLED` = '1978-11-10 23:20:43.044154') LIMIT 69 /* QNO 196 CON_ID 22 */  ) UNION ALL (  SELECT * FROM (performance_schema.`setup_instruments` AS table1 LEFT JOIN performance_schema.`events_statements_summary_by_user_by_event_name` AS table2 ON ( table2.`MAX_TIMER_WAIT` = table1.`ENABLED` ) ) HAVING ( table1.`ENABLED` != '2022-02-11 07:43:28.031064' AND table1.`ENABLED` = '1978-11-10 23:20:43.044154') LIMIT 69 /* QNO 196 CON_ID 22 */  ) /* TRANSFORM_OUTCOME_SUPERSET */ /* QNO 207 CON_ID 22 */
		    17 Query	UPDATE performance_schema.setup_instruments SET TIMED = 'YES' ORDER BY RAND() LIMIT 7 /* QNO 154 CON_ID 17 */
		    22 Query	CREATE OR REPLACE VIEW transforms.view_4708_probe AS  SELECT * FROM (performance_schema.`setup_instruments` AS table1 LEFT JOIN performance_schema.`events_statements_summary_by_user_by_event_name` AS table2 ON ( table2.`MAX_TIMER_WAIT` = table1.`ENABLED` ) ) HAVING ( table1.`ENABLED` != '2022-02-11 07:43:28.031064' AND table1.`ENABLED` = '1978-11-10 23:20:43.044154') LIMIT 69 /* QNO 196 CON_ID 22 */  /* QNO 208 CON_ID 22 */
		    20 Query	CREATE OR REPLACE ALGORITHM=TEMPTABLE VIEW transforms.view_1000_temptable AS  SELECT * FROM performance_schema.`host_cache` AS table1 WHERE ( table1.`COUNT_ADDRINFO_TRANSIENT_ERRORS` <= 4 OR table1.`HOST_VALIDATED` < '2005-10-20 05:44:26.044827') ORDER BY table1.`LAST_SEEN` LIMIT 241 /* QNO 181 CON_ID 20 */  /* QNO 209 CON_ID 20 */
		    17 Query	CREATE OR REPLACE VIEW transforms.view_3980_probe AS UPDATE performance_schema.setup_instruments SET TIMED = 'YES' ORDER BY RAND() LIMIT 7 /* QNO 154 CON_ID 17 */  /* QNO 155 CON_ID 17 */
		    22 Query	/* GenTest::Transform::ExecuteAsPreparedTwice */ PREPARE prep_stmt_4708 FROM ' SELECT * FROM (performance_schema.`setup_instruments` AS table1 LEFT JOIN performance_schema.`events_statements_summary_by_user_by_event_name` AS table2 ON ( table2.`MAX_TIMER_WAIT` = table1.`ENABLED` ) ) HAVING ( table1.`ENABLED` != \'2022-02-11 07:43:28.031064\' AND table1.`ENABLED` = \'1978-11-10 23:20:43.044154\') LIMIT 69 /* QNO 196 CON_ID 22 */ ' /* QNO 209 CON_ID 22 */
		    22 Prepare	SELECT * FROM (performance_schema.`setup_instruments` AS table1 LEFT JOIN performance_schema.`events_statements_summary_by_user_by_event_name` AS table2 ON ( table2.`MAX_TIMER_WAIT` = table1.`ENABLED` ) ) HAVING ( table1.`ENABLED` != '2022-02-11 07:43:28.031064' AND table1.`ENABLED` = '1978-11-10 23:20:43.044154') LIMIT 69 /* QNO 196 CON_ID 22 */
		    22 Query	EXECUTE prep_stmt_4708 /* TRANSFORM_OUTCOME_UNORDERED_MATCH */ /* QNO 210 CON_ID 22 */
		    16 Query	CREATE OR REPLACE VIEW transforms.view_900_probe AS CREATE TABLE a LIKE `t3` /* QNO 214 CON_ID 16 */  /* QNO 215 CON_ID 16 */
		    21 Query	REPLACE INTO transforms.insert_select_4888  SELECT * FROM performance_schema.`file_summary_by_instance` AS table1 ORDER BY table1.`AVG_TIMER_WRITE`, table1.`COUNT_STAR` LIMIT 4 /* QNO 184 CON_ID 21 */  /* QNO 197 CON_ID 21 */
		    20 Query	SELECT * FROM transforms.view_1000_temptable /* TRANSFORM_OUTCOME_UNORDERED_MATCH */ /* QNO 210 CON_ID 20 */
		    16 Query	REVOKE ALL PRIVILEGES ON test.l FROM 'someuser'@'somehost' /* QNO 216 CON_ID 16 */
		    20 Query	DROP VIEW transforms.view_1000_merge , transforms.view_1000_temptable /* QNO 211 CON_ID 20 */
		    20 Query	/* GenTest::Transform::ExecuteAsPreparedTwice */ PREPARE prep_stmt_1000 FROM ' SELECT * FROM performance_schema.`host_cache` AS table1 WHERE ( table1.`COUNT_ADDRINFO_TRANSIENT_ERRORS` <= 4 OR table1.`HOST_VALIDATED` < \'2005-10-20 05:44:26.044827\') ORDER BY table1.`LAST_SEEN` LIMIT 241 /* QNO 181 CON_ID 20 */ ' /* QNO 212 CON_ID 20 */
		    20 Prepare	SELECT * FROM performance_schema.`host_cache` AS table1 WHERE ( table1.`COUNT_ADDRINFO_TRANSIENT_ERRORS` <= 4 OR table1.`HOST_VALIDATED` < '2005-10-20 05:44:26.044827') ORDER BY table1.`LAST_SEEN` LIMIT 241 /* QNO 181 CON_ID 20 */
		    16 Query	CREATE TRIGGER z BEFORE INSERT ON `view_t5` FOR EACH ROW BEGIN INSERT INTO `t2` SELECT * FROM `t8` LIMIT 0 ; END ; /* QNO 217 CON_ID 16 */
		    20 Query	EXECUTE prep_stmt_1000 /* TRANSFORM_OUTCOME_UNORDERED_MATCH */ /* QNO 213 CON_ID 20 */
		    20 Execute	SELECT * FROM performance_schema.`host_cache` AS table1 WHERE ( table1.`COUNT_ADDRINFO_TRANSIENT_ERRORS` <= 4 OR table1.`HOST_VALIDATED` < '2005-10-20 05:44:26.044827') ORDER BY table1.`LAST_SEEN` LIMIT 241 /* QNO 181 CON_ID 20 */
		    20 Query	EXECUTE prep_stmt_1000 /* TRANSFORM_OUTCOME_UNORDERED_MATCH */ /* QNO 214 CON_ID 20 */
		    20 Execute	SELECT * FROM performance_schema.`host_cache` AS table1 WHERE ( table1.`COUNT_ADDRINFO_TRANSIENT_ERRORS` <= 4 OR table1.`HOST_VALIDATED` < '2005-10-20 05:44:26.044827') ORDER BY table1.`LAST_SEEN` LIMIT 241 /* QNO 181 CON_ID 20 */
		    20 Query	DEALLOCATE PREPARE prep_stmt_1000 /* QNO 215 CON_ID 20 */
		    16 Query	GRANT SELECT ( `col_char`, `pk`, `pk`, `col_blob` ) ON `view_t5` TO 'someuser'@'somehost' /* QNO 218 CON_ID 16 */
		    20 Query	/* GenTest::Transform::ExecuteAsSPTwice */ DROP PROCEDURE IF EXISTS stored_proc_1000 /* QNO 216 CON_ID 20 */
		    20 Query	SHOW WARNINGS
		    16 Query	DROP TRIGGER IF EXISTS o /* QNO 219 CON_ID 16 */
		    20 Query	CREATE PROCEDURE stored_proc_1000 () LANGUAGE SQL  SELECT * FROM performance_schema.`host_cache` AS table1 WHERE ( table1.`COUNT_ADDRINFO_TRANSIENT_ERRORS` <= 4 OR table1.`HOST_VALIDATED` < '2005-10-20 05:44:26.044827') ORDER BY table1.`LAST_SEEN` LIMIT 241 /* QNO 181 CON_ID 20 */  /* QNO 217 CON_ID 20 */
		    16 Query	SHOW WARNINGS
		    18 Query	UPDATE performance_schema.setup_timers SET timer_name = 'CYCLE' /* QNO 256 CON_ID 18 */
		    18 Query	CREATE OR REPLACE VIEW transforms.view_4904_probe AS UPDATE performance_schema.setup_timers SET timer_name = 'CYCLE' /* QNO 256 CON_ID 18 */  /* QNO 257 CON_ID 18 */
		    18 Query	INSERT INTO `view_t6` SELECT * FROM `t2` /* QNO 258 CON_ID 18 */
		    18 Query	INSERT INTO `t8` ( `pk` ) VALUES (NULL) /* QNO 259 CON_ID 18 */
		    18 Query	SHOW ENGINE PERFORMANCE_SCHEMA STATUS /* QNO 260 CON_ID 18 */
		    18 Query	CREATE OR REPLACE VIEW transforms.view_4904_probe AS SHOW ENGINE PERFORMANCE_SCHEMA STATUS /* QNO 260 CON_ID 18 */  /* QNO 261 CON_ID 18 */
		    22 Execute	SELECT * FROM (performance_schema.`setup_instruments` AS table1 LEFT JOIN performance_schema.`events_statements_summary_by_user_by_event_name` AS table2 ON ( table2.`MAX_TIMER_WAIT` = table1.`ENABLED` ) ) HAVING ( table1.`ENABLED` != '2022-02-11 07:43:28.031064' AND table1.`ENABLED` = '1978-11-10 23:20:43.044154') LIMIT 69 /* QNO 196 CON_ID 22 */
		    17 Query	XA START 'xid195'  /* QNO 156 CON_ID 17 */
		    22 Query	EXECUTE prep_stmt_4708 /* TRANSFORM_OUTCOME_UNORDERED_MATCH */ /* QNO 211 CON_ID 22 */
		    17 Query	CREATE OR REPLACE VIEW transforms.view_3980_probe AS XA START 'xid195'  /* QNO 156 CON_ID 17 */  /* QNO 157 CON_ID 17 */
		    17 Query	SET STATEMENT system_versioning_alter_history=KEEP FOR ALTER TABLE `events_statements_summary_by_account_by_event_name` ADD PARTITION IF NOT EXISTS (PARTITION ver_p1 HISTORY) /* QNO 158 CON_ID 17 */
		    21 Query	SELECT * FROM transforms.insert_select_4888 /* TRANSFORM_OUTCOME_UNORDERED_MATCH */ /* QNO 198 CON_ID 21 */
		    18 Query	TRUNCATE TABLE performance_schema.events_waits_history /* QNO 262 CON_ID 18 */
		    21 Query	DROP TABLE transforms.insert_select_4888 /* QNO 199 CON_ID 21 */
		    17 Query	RENAME TABLE seq5 TO seq4, seq7 TO seq6 /* QNO 159 CON_ID 17 */
		    18 Query	CREATE OR REPLACE VIEW transforms.view_4904_probe AS TRUNCATE TABLE performance_schema.events_waits_history /* QNO 262 CON_ID 18 */  /* QNO 263 CON_ID 18 */
		    17 Query	UPDATE `events_statements_summary_by_user_by_event_name` SET `SUM_ROWS_EXAMINED` = '1975-05-28 10:15:10.048659' WHERE `SUM_SELECT_RANGE_CHECK` <= 4 /* QNO 160 CON_ID 17 */
		    18 Query	RENAME TABLE seq7 TO seq3 /* QNO 264 CON_ID 18 */
		    18 Query	UPDATE performance_schema.setup_consumers SET enabled = 'NO' WHERE name IN ( 'events_waits_current' ) /* QNO 265 CON_ID 18 */
		    17 Query	XA ROLLBACK 'non_idle_xid'  /* QNO 161 CON_ID 17 */
		    18 Query	CREATE OR REPLACE VIEW transforms.view_4904_probe AS UPDATE performance_schema.setup_consumers SET enabled = 'NO' WHERE name IN ( 'events_waits_current' ) /* QNO 265 CON_ID 18 */  /* QNO 266 CON_ID 18 */
		    17 Query	SELECT * FROM (test.`view_t1` AS table1 LEFT OUTER JOIN performance_schema.`objects_summary_global_by_type` AS table2 ON ( table2.`OBJECT_SCHEMA` = table1.`vcol_varchar` ) ) WHERE ( ( ( ( ( table1.`vcol_varchar` LIKE 'wait%' AND table2.`MIN_TIMER_WAIT` IN ( 2, 9, 5 )) AND table1.`vcol_dec` >= 'n') OR table2.`OBJECT_SCHEMA` != table2.`OBJECT_NAME`) OR table1.`col_timestamp` <> table2.`OBJECT_TYPE`) AND table2.`AVG_TIMER_WAIT` < table2.`MIN_TIMER_WAIT`) HAVING table1.`vcol_bit` != 'p' IS NULL ORDER BY table2.`OBJECT_SCHEMA`, table2.`SUM_TIMER_WAIT`, table1.`vcol_bit` LIMIT 247 /* QNO 162 CON_ID 17 */
		    17 Query	SELECT * FROM `t7` INTO OUTFILE 'load_t7'  /* QNO 163 CON_ID 17 */
		    17 Query	LOAD DATA INFILE 'load_t7' REPLACE INTO TABLE t7 /* QNO 164 CON_ID 17 */
		    22 Execute	SELECT * FROM (performance_schema.`setup_instruments` AS table1 LEFT JOIN performance_schema.`events_statements_summary_by_user_by_event_name` AS table2 ON ( table2.`MAX_TIMER_WAIT` = table1.`ENABLED` ) ) HAVING ( table1.`ENABLED` != '2022-02-11 07:43:28.031064' AND table1.`ENABLED` = '1978-11-10 23:20:43.044154') LIMIT 69 /* QNO 196 CON_ID 22 */
		    17 Query	DELETE FROM `t8` WHERE `col_time` >= 'c' LIMIT 0 /* QNO 165 CON_ID 17 */
		    22 Query	DEALLOCATE PREPARE prep_stmt_4708 /* QNO 212 CON_ID 22 */
		    22 Query	/* GenTest::Transform::ExecuteAsSPTwice */ DROP PROCEDURE IF EXISTS stored_proc_4708 /* QNO 213 CON_ID 22 */
		    17 Query	TRUNCATE TABLE performance_schema.events_waits_history /* QNO 166 CON_ID 17 */
		    22 Query	INSERT INTO t7 (tscol7) VALUES ('') /* QNO 214 CON_ID 22 */
		    17 Query	ALTER TABLE t4 DROP COLUMN IF EXISTS ecol2, ALGORITHM=COPY, LOCK=DEFAULT /* QNO 167 CON_ID 17 */
		    22 Query	SELECT NEXTVAL( seq9 ) /* QNO 215 CON_ID 22 */
		    17 Query	SELECT * FROM `t8` INTO OUTFILE 'load_t8'  /* QNO 168 CON_ID 17 */
		    22 Query	SET STATEMENT system_versioning_alter_history=KEEP FOR ALTER TABLE t4 ADD SYSTEM VERSIONING /* QNO 216 CON_ID 22 */
		    17 Query	LOAD DATA INFILE 'load_t8' IGNORE INTO TABLE t8 /* QNO 169 CON_ID 17 */
		    17 Query	SELECT SETVAL(seq8, 6064659848207794176) /* QNO 170 CON_ID 17 */
		    17 Query	UPDATE `view_t6` SET `vcol_blob` = 5 WHERE `col_datetime` >= 8 /* QNO 171 CON_ID 17 */
		    22 Query	SELECT * FROM (mysql.`help_category` AS table1 STRAIGHT_JOIN INFORMATION_SCHEMA.`INDEX_STATISTICS` AS table2 ON ( table2.`TABLE_SCHEMA` = table1.`name` ) ) ORDER BY table2.`INDEX_NAME`, table1.`help_category_id` LIMIT 91 /* QNO 217 CON_ID 22 */
		    17 Query	INSERT INTO t4 ( tscol6 ) SELECT scol1 FROM t10 /* QNO 172 CON_ID 17 */
		    17 Query	INSERT INTO `view_t2` ( `pk` ) VALUES (NULL) /* QNO 173 CON_ID 17 */
		    22 Query	/* GenTest::Transform::ExecuteAsCTE */  WITH cte1 AS ( SELECT * FROM( mysql.`help_category` AS table1 STRAIGHT_JOIN INFORMATION_SCHEMA.`INDEX_STATISTICS` AS table2 ON( table2.`TABLE_SCHEMA` = table1.`name`)) ORDER BY table2.`INDEX_NAME`, table1.`help_category_id` LIMIT 91 /* QNO 217 CON_ID 22 */ ) SELECT * FROM cte1  /* TRANSFORM_OUTCOME_UNORDERED_MATCH */ /* QNO 218 CON_ID 22 */
		    17 Query	TRUNCATE TABLE performance_schema.events_waits_current /* QNO 174 CON_ID 17 */
		    17 Query	DELETE FROM `t6` WHERE `col_char` <> '2031-06-17 15:13:58.004811' LIMIT 6 /* QNO 175 CON_ID 17 */
		    17 Query	FLUSH TABLES /* QNO 176 CON_ID 17 */
		    17 Query	SHOW ENGINE PERFORMANCE_SCHEMA STATUS /* QNO 177 CON_ID 17 */
		    22 Query	/* GenTest::Transform::ExecuteAsDeleteReturning */ CREATE DATABASE IF NOT EXISTS transforms /* QNO 219 CON_ID 22 */
		    17 Query	CREATE OR REPLACE VIEW transforms.view_3980_probe AS SHOW ENGINE PERFORMANCE_SCHEMA STATUS /* QNO 177 CON_ID 17 */  /* QNO 178 CON_ID 17 */
		    22 Query	/* GenTest::Transform::ExecuteAsExcept */ (  SELECT * FROM (mysql.`help_category` AS table1 STRAIGHT_JOIN INFORMATION_SCHEMA.`INDEX_STATISTICS` AS table2 ON ( table2.`TABLE_SCHEMA` = table1.`name` ) ) ORDER BY table2.`INDEX_NAME`, table1.`help_category_id` LIMIT 91 /* QNO 217 CON_ID 22 */  ) EXCEPT (  SELECT * FROM (mysql.`help_category` AS table1 STRAIGHT_JOIN INFORMATION_SCHEMA.`INDEX_STATISTICS` AS table2 ON ( table2.`TABLE_SCHEMA` = table1.`name` ) ) ORDER BY table2.`INDEX_NAME`, table1.`help_category_id` LIMIT 0 /* QNO 217 CON_ID 22 */  ) /* TRANSFORM_OUTCOME_DISTINCT */ /* QNO 220 CON_ID 22 */
		    17 Query	SELECT * FROM mysql.`time_zone_name` AS table1 ORDER BY table1.`Time_zone_id` LIMIT 101 /* QNO 179 CON_ID 17 */
		    17 Query	/* GenTest::Transform::ExecuteAsCTE */  WITH cte1 AS ( SELECT * FROM mysql.`time_zone_name` AS table1 ORDER BY table1.`Time_zone_id` LIMIT 101 /* QNO 179 CON_ID 17 */ ) SELECT * FROM cte1  /* TRANSFORM_OUTCOME_UNORDERED_MATCH */ /* QNO 180 CON_ID 17 */
		    22 Query	(  SELECT * FROM (mysql.`help_category` AS table1 STRAIGHT_JOIN INFORMATION_SCHEMA.`INDEX_STATISTICS` AS table2 ON ( table2.`TABLE_SCHEMA` = table1.`name` ) ) ORDER BY table2.`INDEX_NAME`, table1.`help_category_id` LIMIT 91 /* QNO 217 CON_ID 22 */  ) EXCEPT (  SELECT * FROM (mysql.`help_category` AS table1 STRAIGHT_JOIN INFORMATION_SCHEMA.`INDEX_STATISTICS` AS table2 ON ( table2.`TABLE_SCHEMA` = table1.`name` ) ) ORDER BY table2.`INDEX_NAME`, table1.`help_category_id` LIMIT 91 /* QNO 217 CON_ID 22 */  ) /* TRANSFORM_OUTCOME_EMPTY_RESULT */ /* QNO 221 CON_ID 22 */
		    17 Query	/* GenTest::Transform::ExecuteAsDeleteReturning */ CREATE DATABASE IF NOT EXISTS transforms /* QNO 181 CON_ID 17 */
		    17 Query	/* GenTest::Transform::ExecuteAsExcept */ (  SELECT * FROM mysql.`time_zone_name` AS table1 ORDER BY table1.`Time_zone_id` LIMIT 101 /* QNO 179 CON_ID 17 */  ) EXCEPT (  SELECT * FROM mysql.`time_zone_name` AS table1 ORDER BY table1.`Time_zone_id` LIMIT 0 /* QNO 179 CON_ID 17 */  ) /* TRANSFORM_OUTCOME_DISTINCT */ /* QNO 182 CON_ID 17 */
		    17 Query	(  SELECT * FROM mysql.`time_zone_name` AS table1 ORDER BY table1.`Time_zone_id` LIMIT 101 /* QNO 179 CON_ID 17 */  ) EXCEPT (  SELECT * FROM mysql.`time_zone_name` AS table1 ORDER BY table1.`Time_zone_id` LIMIT 101 /* QNO 179 CON_ID 17 */  ) /* TRANSFORM_OUTCOME_EMPTY_RESULT */ /* QNO 183 CON_ID 17 */
		    17 Query	/* GenTest::Transform::ExecuteAsExecuteImmediate */ EXECUTE IMMEDIATE ' SELECT * FROM mysql.`time_zone_name` AS table1 ORDER BY table1.`Time_zone_id` LIMIT 101 /* QNO 179 CON_ID 17 */ ' /* TRANSFORM_OUTCOME_UNORDERED_MATCH */ /* QNO 184 CON_ID 17 */
		    17 Prepare	SELECT * FROM mysql.`time_zone_name` AS table1 ORDER BY table1.`Time_zone_id` LIMIT 101 /* QNO 179 CON_ID 17 */
		    17 Execute	SELECT * FROM mysql.`time_zone_name` AS table1 ORDER BY table1.`Time_zone_id` LIMIT 101 /* QNO 179 CON_ID 17 */
		    17 Query	/* GenTest::Transform::ExecuteAsInsertSelect */ CREATE DATABASE IF NOT EXISTS transforms /* QNO 185 CON_ID 17 */
		    17 Query	/* GenTest::Transform::ExecuteAsIntersect */ (  SELECT * FROM mysql.`time_zone_name` AS table1 ORDER BY table1.`Time_zone_id` LIMIT 101 /* QNO 179 CON_ID 17 */  ) INTERSECT (  SELECT * FROM mysql.`time_zone_name` AS table1 ORDER BY table1.`Time_zone_id` LIMIT 101 /* QNO 179 CON_ID 17 */  ) /* TRANSFORM_OUTCOME_DISTINCT */ /* QNO 186 CON_ID 17 */
		    17 Query	(  SELECT * FROM mysql.`time_zone_name` AS table1 ORDER BY table1.`Time_zone_id` LIMIT 101 /* QNO 179 CON_ID 17 */  ) INTERSECT (  SELECT * FROM mysql.`time_zone_name` AS table1 ORDER BY table1.`Time_zone_id` LIMIT 0 /* QNO 179 CON_ID 17 */  ) /* TRANSFORM_OUTCOME_EMPTY_RESULT */ /* QNO 187 CON_ID 17 */
