		    21 Query	/* GenTest::Transform::ExecuteAsUnion */ (  SELECT * FROM performance_schema.`events_statements_history_long` AS table1 ORDER BY table1.`DIGEST`, table1.`CREATED_TMP_DISK_TABLES`, table1.`SORT_MERGE_PASSES`, table1.`DIGEST` LIMIT 151 /* QNO 1578 CON_ID 21 */  ) UNION ALL (  SELECT * FROM performance_schema.`events_statements_history_long` AS table1 ORDER BY table1.`DIGEST`, table1.`CREATED_TMP_DISK_TABLES`, table1.`SORT_MERGE_PASSES`, table1.`DIGEST` LIMIT 0 /* QNO 1578 CON_ID 21 */  ) /* TRANSFORM_OUTCOME_UNORDERED_MATCH */ /* QNO 1586 CON_ID 21 */
		    17 Query	SHOW WARNINGS
		    16 Query	CREATE OR REPLACE VIEW transforms.view_900_probe AS DROP DATABASE IF EXISTS p /* QNO 1204 CON_ID 16 */  /* QNO 1205 CON_ID 16 */
		    20 Query	SHOW WARNINGS
		    22 Query	(  SELECT * FROM INFORMATION_SCHEMA.`REFERENTIAL_CONSTRAINTS` AS table1 ORDER BY table1.`TABLE_NAME`, table1.`DELETE_RULE`, table1.`UPDATE_RULE` LIMIT 27 /* QNO 1071 CON_ID 22 */  ) UNION DISTINCT (  SELECT * FROM INFORMATION_SCHEMA.`REFERENTIAL_CONSTRAINTS` AS table1 ORDER BY table1.`TABLE_NAME`, table1.`DELETE_RULE`, table1.`UPDATE_RULE` LIMIT 27 /* QNO 1071 CON_ID 22 */  ) /* TRANSFORM_OUTCOME_DISTINCT */ /* QNO 1082 CON_ID 22 */
		    17 Query	DROP VIEW IF EXISTS transforms.view_3980_merge , transforms.view_3980_temptable /* QNO 1461 CON_ID 17 */
		    20 Query	DROP TABLE IF EXISTS transforms.insert_select_1000 /* QNO 2064 CON_ID 20 */
		    20 Query	SHOW WARNINGS
		    20 Query	CREATE TABLE transforms.insert_select_1000  SELECT * FROM INFORMATION_SCHEMA.`INNODB_FT_DEFAULT_STOPWORD` AS table1 ORDER BY table1.`value`, table1.`value` LIMIT 79 /* QNO 2054 CON_ID 20 */  /* QNO 2065 CON_ID 20 */
		    16 Query	ALTER TABLE `view_t7` ADD KEY ( l ) /* QNO 1206 CON_ID 16 */
		    18 Query	/* GenTest::Transform::ExecuteAsPreparedTwice */ PREPARE prep_stmt_4904 FROM ' SELECT * FROM mysql.`func` AS table1 WHERE table1.`name` < table1.`dl` ORDER BY table1.`ret` LIMIT 28 /* QNO 903 CON_ID 18 */ ' /* QNO 938 CON_ID 18 */
		    18 Prepare	SELECT * FROM mysql.`func` AS table1 WHERE table1.`name` < table1.`dl` ORDER BY table1.`ret` LIMIT 28 /* QNO 903 CON_ID 18 */
		    18 Query	EXECUTE prep_stmt_4904 /* TRANSFORM_OUTCOME_UNORDERED_MATCH */ /* QNO 939 CON_ID 18 */
		    18 Execute	SELECT * FROM mysql.`func` AS table1 WHERE table1.`name` < table1.`dl` ORDER BY table1.`ret` LIMIT 28 /* QNO 903 CON_ID 18 */
		    16 Query	ALTER TABLE `t5` DROP COLUMN t /* QNO 1207 CON_ID 16 */
		    18 Query	EXECUTE prep_stmt_4904 /* TRANSFORM_OUTCOME_UNORDERED_MATCH */ /* QNO 940 CON_ID 18 */
		    18 Execute	SELECT * FROM mysql.`func` AS table1 WHERE table1.`name` < table1.`dl` ORDER BY table1.`ret` LIMIT 28 /* QNO 903 CON_ID 18 */
		    16 Query	ALTER TABLE `view_t4` REMOVE PARTITIONING /* QNO 1208 CON_ID 16 */
		    18 Query	DEALLOCATE PREPARE prep_stmt_4904 /* QNO 941 CON_ID 18 */
		    16 Query	CREATE EVENT s ON SCHEDULE AT NOW() DO SET @a=@a /* QNO 1209 CON_ID 16 */
		    18 Query	/* GenTest::Transform::ExecuteAsSPTwice */ DROP PROCEDURE IF EXISTS stored_proc_4904 /* QNO 942 CON_ID 18 */
		    16 Query	DROP EVENT g /* QNO 1210 CON_ID 16 */
		    18 Query	SHOW WARNINGS
		    16 Query	GRANT SELECT ( `vcol_enum` ) ON `view_t4` TO 'someuser'@'somehost' /* QNO 1211 CON_ID 16 */
		    18 Query	CREATE PROCEDURE stored_proc_4904 () LANGUAGE SQL  SELECT * FROM mysql.`func` AS table1 WHERE table1.`name` < table1.`dl` ORDER BY table1.`ret` LIMIT 28 /* QNO 903 CON_ID 18 */  /* QNO 943 CON_ID 18 */
		    16 Query	GRANT INSERT ( `vcol_int` ), INSERT ( `col_enum`, `vcol_datetime`, `vcol_dec` ) ON `t3` TO 'someuser'@'somehost' /* QNO 1212 CON_ID 16 */
		    16 Query	CREATE DATABASE IF NOT EXISTS a /* QNO 1213 CON_ID 16 */
		    16 Query	SHOW WARNINGS
		    16 Query	ALTER TABLE `view_t6` DROP KEY x /* QNO 1214 CON_ID 16 */
		    16 Query	REVOKE USAGE, USAGE, SHUTDOWN, REPLICATION CLIENT, PROCESS, SHOW DATABASES, PROCESS, PROCESS, REPLICATION CLIENT ON *.* FROM 'someuser'@'somehost' /* QNO 1215 CON_ID 16 */
		    16 Query	CREATE OR REPLACE VIEW transforms.view_900_probe AS REVOKE USAGE, USAGE, SHUTDOWN, REPLICATION CLIENT, PROCESS, SHOW DATABASES, PROCESS, PROCESS, REPLICATION CLIENT ON *.* FROM 'someuser'@'somehost' /* QNO 1215 CON_ID 16 */  /* QNO 1216 CON_ID 16 */
		    16 Query	ALTER TABLE `t4` ADD PRIMARY KEY (`pk`) /* QNO 1217 CON_ID 16 */
		    16 Query	ALTER TABLE `view_t1` ADD COLUMN k INTEGER DEFAULT NULL /* QNO 1218 CON_ID 16 */
		    16 Query	REVOKE REPLICATION CLIENT, SUPER ON *.* FROM 'someuser'@'somehost' /* QNO 1219 CON_ID 16 */
		    16 Query	CREATE OR REPLACE VIEW transforms.view_900_probe AS REVOKE REPLICATION CLIENT, SUPER ON *.* FROM 'someuser'@'somehost' /* QNO 1219 CON_ID 16 */  /* QNO 1220 CON_ID 16 */
		    17 Query	SHOW WARNINGS
		    17 Query	CREATE OR REPLACE ALGORITHM=MERGE VIEW transforms.view_3980_merge AS SELECT PREVIOUS VALUE FOR seq6 /* QNO 1432 CON_ID 17 */  /* QNO 1462 CON_ID 17 */
		    16 Query	DROP EVENT b /* QNO 1221 CON_ID 16 */
		    18 Query	CALL stored_proc_4904 /* TRANSFORM_OUTCOME_UNORDERED_MATCH */ /* QNO 944 CON_ID 18 */
		    18 Query	CALL stored_proc_4904 /* TRANSFORM_OUTCOME_UNORDERED_MATCH */ /* QNO 945 CON_ID 18 */
		    18 Query	DROP PROCEDURE IF EXISTS stored_proc_4904 /* QNO 946 CON_ID 18 */
		    17 Query	SHOW WARNINGS
		    17 Query	SELECT * FROM transforms.view_3980_merge /* TRANSFORM_OUTCOME_UNORDERED_MATCH */ /* QNO 1463 CON_ID 17 */
		    17 Query	CREATE OR REPLACE ALGORITHM=TEMPTABLE VIEW transforms.view_3980_temptable AS SELECT PREVIOUS VALUE FOR seq6 /* QNO 1432 CON_ID 17 */  /* QNO 1464 CON_ID 17 */
		    21 Query	(  SELECT * FROM performance_schema.`events_statements_history_long` AS table1 ORDER BY table1.`DIGEST`, table1.`CREATED_TMP_DISK_TABLES`, table1.`SORT_MERGE_PASSES`, table1.`DIGEST` LIMIT 0 /* QNO 1578 CON_ID 21 */  ) UNION ALL (  SELECT * FROM performance_schema.`events_statements_history_long` AS table1 ORDER BY table1.`DIGEST`, table1.`CREATED_TMP_DISK_TABLES`, table1.`SORT_MERGE_PASSES`, table1.`DIGEST` LIMIT 151 /* QNO 1578 CON_ID 21 */  ) /* TRANSFORM_OUTCOME_UNORDERED_MATCH */ /* QNO 1587 CON_ID 21 */
		    16 Query	CREATE OR REPLACE VIEW transforms.view_900_probe AS DROP EVENT b /* QNO 1221 CON_ID 16 */  /* QNO 1222 CON_ID 16 */
		    16 Query	ALTER TABLE `t5` ADD KEY ( s ) /* QNO 1223 CON_ID 16 */
		    16 Query	REVOKE ALL PRIVILEGES ON test.y FROM 'someuser'@'somehost' /* QNO 1224 CON_ID 16 */
		    16 Query	DROP EVENT o /* QNO 1225 CON_ID 16 */
		    21 Query	(  SELECT * FROM performance_schema.`events_statements_history_long` AS table1 ORDER BY table1.`DIGEST`, table1.`CREATED_TMP_DISK_TABLES`, table1.`SORT_MERGE_PASSES`, table1.`DIGEST` LIMIT 151 /* QNO 1578 CON_ID 21 */  ) UNION DISTINCT (  SELECT * FROM performance_schema.`events_statements_history_long` AS table1 ORDER BY table1.`DIGEST`, table1.`CREATED_TMP_DISK_TABLES`, table1.`SORT_MERGE_PASSES`, table1.`DIGEST` LIMIT 151 /* QNO 1578 CON_ID 21 */  ) /* TRANSFORM_OUTCOME_DISTINCT */ /* QNO 1588 CON_ID 21 */
		    16 Query	CREATE OR REPLACE VIEW transforms.view_900_probe AS DROP EVENT o /* QNO 1225 CON_ID 16 */  /* QNO 1226 CON_ID 16 */
		    16 Query	CREATE TABLE e LIKE `t4` /* QNO 1227 CON_ID 16 */
		    18 Query	UPDATE performance_schema.setup_instruments SET ENABLED = 'YES' WHERE NAME LIKE '%mysys%' /* QNO 947 CON_ID 18 */
		    18 Query	CREATE OR REPLACE VIEW transforms.view_4904_probe AS UPDATE performance_schema.setup_instruments SET ENABLED = 'YES' WHERE NAME LIKE '%mysys%' /* QNO 947 CON_ID 18 */  /* QNO 948 CON_ID 18 */
		    18 Query	UPDATE `help_relation` SET `help_topic_id` = 'km' WHERE `help_keyword_id` >= '1998-09-24 21:30:07.053230' /* QNO 949 CON_ID 18 */
		    17 Query	SELECT * FROM transforms.view_3980_temptable /* TRANSFORM_OUTCOME_UNORDERED_MATCH */ /* QNO 1465 CON_ID 17 */
		    17 Query	DROP VIEW transforms.view_3980_merge , transforms.view_3980_temptable /* QNO 1466 CON_ID 17 */
		    18 Query	INSERT INTO seq5 VALUES (28, -2, 32, 22502, 9, 28, 0, 1) /* QNO 950 CON_ID 18 */
		    18 Query	SHOW ENGINE PERFORMANCE_SCHEMA STATUS /* QNO 951 CON_ID 18 */
		    21 Query	(  SELECT * FROM performance_schema.`events_statements_history_long` AS table1 ORDER BY table1.`DIGEST`, table1.`CREATED_TMP_DISK_TABLES`, table1.`SORT_MERGE_PASSES`, table1.`DIGEST` LIMIT 151 /* QNO 1578 CON_ID 21 */  ) UNION ALL (  SELECT * FROM performance_schema.`events_statements_history_long` AS table1 ORDER BY table1.`DIGEST`, table1.`CREATED_TMP_DISK_TABLES`, table1.`SORT_MERGE_PASSES`, table1.`DIGEST` LIMIT 151 /* QNO 1578 CON_ID 21 */  ) /* TRANSFORM_OUTCOME_SUPERSET */ /* QNO 1589 CON_ID 21 */
		    17 Query	/* GenTest::Transform::ExecuteAsPreparedTwice */ PREPARE prep_stmt_3980 FROM 'SELECT PREVIOUS VALUE FOR seq6 /* QNO 1432 CON_ID 17 */ ' /* QNO 1467 CON_ID 17 */
		    17 Prepare	SELECT PREVIOUS VALUE FOR seq6 /* QNO 1432 CON_ID 17 */
		    17 Query	EXECUTE prep_stmt_3980 /* TRANSFORM_OUTCOME_UNORDERED_MATCH */ /* QNO 1468 CON_ID 17 */
		    17 Execute	SELECT PREVIOUS VALUE FOR seq6 /* QNO 1432 CON_ID 17 */
		    21 Query	CREATE OR REPLACE VIEW transforms.view_4888_probe AS  SELECT * FROM performance_schema.`events_statements_history_long` AS table1 ORDER BY table1.`DIGEST`, table1.`CREATED_TMP_DISK_TABLES`, table1.`SORT_MERGE_PASSES`, table1.`DIGEST` LIMIT 151 /* QNO 1578 CON_ID 21 */  /* QNO 1590 CON_ID 21 */
		    21 Query	/* GenTest::Transform::ExecuteAsPreparedTwice */ PREPARE prep_stmt_4888 FROM ' SELECT * FROM performance_schema.`events_statements_history_long` AS table1 ORDER BY table1.`DIGEST`, table1.`CREATED_TMP_DISK_TABLES`, table1.`SORT_MERGE_PASSES`, table1.`DIGEST` LIMIT 151 /* QNO 1578 CON_ID 21 */ ' /* QNO 1591 CON_ID 21 */
		    21 Prepare	SELECT * FROM performance_schema.`events_statements_history_long` AS table1 ORDER BY table1.`DIGEST`, table1.`CREATED_TMP_DISK_TABLES`, table1.`SORT_MERGE_PASSES`, table1.`DIGEST` LIMIT 151 /* QNO 1578 CON_ID 21 */
		    21 Query	EXECUTE prep_stmt_4888 /* TRANSFORM_OUTCOME_UNORDERED_MATCH */ /* QNO 1592 CON_ID 21 */
		    21 Execute	SELECT * FROM performance_schema.`events_statements_history_long` AS table1 ORDER BY table1.`DIGEST`, table1.`CREATED_TMP_DISK_TABLES`, table1.`SORT_MERGE_PASSES`, table1.`DIGEST` LIMIT 151 /* QNO 1578 CON_ID 21 */
		    21 Query	EXECUTE prep_stmt_4888 /* TRANSFORM_OUTCOME_UNORDERED_MATCH */ /* QNO 1593 CON_ID 21 */
		    21 Execute	SELECT * FROM performance_schema.`events_statements_history_long` AS table1 ORDER BY table1.`DIGEST`, table1.`CREATED_TMP_DISK_TABLES`, table1.`SORT_MERGE_PASSES`, table1.`DIGEST` LIMIT 151 /* QNO 1578 CON_ID 21 */
		    21 Query	DEALLOCATE PREPARE prep_stmt_4888 /* QNO 1594 CON_ID 21 */
		    21 Query	/* GenTest::Transform::ExecuteAsSPTwice */ DROP PROCEDURE IF EXISTS stored_proc_4888 /* QNO 1595 CON_ID 21 */
		    21 Query	INSERT INTO `socket_summary_by_event_name` SELECT * FROM `events_stages_summary_by_user_by_event_name` /* QNO 1596 CON_ID 21 */
		    21 Query	SELECT * from t4 WHERE row_end > @trx /* QNO 1597 CON_ID 21 */
		    21 Query	SELECT row_start FROM t6 ORDER BY RAND() LIMIT 1 INTO @trx /* QNO 1598 CON_ID 21 */
		    21 Query	INSERT INTO `objects_summary_global_by_type` ( `pk` ) VALUES (NULL) /* QNO 1599 CON_ID 21 */
		    21 Query	SELECT SETVAL(seq4, 54065) /* QNO 1600 CON_ID 21 */
		    21 Query	TRUNCATE TABLE performance_schema.events_waits_history_long /* QNO 1601 CON_ID 21 */
		    21 Query	DELETE FROM `host_cache` WHERE `LAST_SEEN` = '2018-11-25 14:51:50.060230' LIMIT 2 /* QNO 1602 CON_ID 21 */
		    21 Query	CREATE OR REPLACE TABLE t3 (icol10 SMALLINT ZEROFILL NULL /*!100303 INVISIBLE */, bcol9 BIT /*!100303 INVISIBLE */, icol1 INT NULL DEFAULT 8, scol3 VARBINARY(12066) NULL DEFAULT NULL ) ROW_FORMAT COMPRESSED  /* QNO 1603 CON_ID 21 */
		    21 Query	OPTIMIZE TABLE t2 /* QNO 1604 CON_ID 21 */
		    21 Query	SHOW ENGINE PERFORMANCE_SCHEMA STATUS /* QNO 1605 CON_ID 21 */
		    21 Query	CREATE OR REPLACE VIEW transforms.view_4888_probe AS SHOW ENGINE PERFORMANCE_SCHEMA STATUS /* QNO 1605 CON_ID 21 */  /* QNO 1606 CON_ID 21 */
		    21 Query	INSERT INTO `mutex_instances` SELECT * FROM `events_statements_summary_global_by_event_name` /* QNO 1607 CON_ID 21 */
		    21 Query	SHOW ENGINE PERFORMANCE_SCHEMA STATUS /* QNO 1608 CON_ID 21 */
		    21 Query	CREATE OR REPLACE VIEW transforms.view_4888_probe AS SHOW ENGINE PERFORMANCE_SCHEMA STATUS /* QNO 1608 CON_ID 21 */  /* QNO 1609 CON_ID 21 */
		    21 Query	XA END 'xid174'  /* QNO 1610 CON_ID 21 */
		    21 Query	UPDATE performance_schema.setup_consumers SET enabled = 'YES' WHERE name LIKE 'events%' /* QNO 1611 CON_ID 21 */
		    21 Query	CREATE OR REPLACE VIEW transforms.view_4888_probe AS UPDATE performance_schema.setup_consumers SET enabled = 'YES' WHERE name LIKE 'events%' /* QNO 1611 CON_ID 21 */  /* QNO 1612 CON_ID 21 */
		    21 Query	TRUNCATE TABLE performance_schema.file_summary_by_instance /* QNO 1613 CON_ID 21 */
		    21 Query	SET STATEMENT system_versioning_alter_history=KEEP FOR ALTER TABLE t6 PARTITION BY system_time INTERVAL 7 WEEK SUBPARTITION BY KEY(scol4) SUBPARTITIONS 4 ( PARTITION ver_p1 HISTORY, PARTITION ver_p2 HISTORY, PARTITION ver_pn CURRENT ) /* QNO 1614 CON_ID 21 */
		    21 Query	XA PREPARE 'xid194'  /* QNO 1615 CON_ID 21 */
		    21 Query	SHOW ENGINE PERFORMANCE_SCHEMA STATUS /* QNO 1616 CON_ID 21 */
		    21 Query	CREATE OR REPLACE VIEW transforms.view_4888_probe AS SHOW ENGINE PERFORMANCE_SCHEMA STATUS /* QNO 1616 CON_ID 21 */  /* QNO 1617 CON_ID 21 */
		    21 Query	SELECT * FROM seq2 /* QNO 1618 CON_ID 21 */
		    21 Query	ALTER TABLE t10 /*!100301 NOWAIT */ ADD CONSTRAINT PRIMARY KEY(`SUM_LOCK_TIME`), LOCK=SHARED /* QNO 1619 CON_ID 21 */
		    21 Query	INSERT INTO `events_waits_summary_by_user_by_event_name` SELECT * FROM `threads` /* QNO 1620 CON_ID 21 */
		    21 Query	OPTIMIZE TABLE t2 /* QNO 1621 CON_ID 21 */
		    21 Query	SELECT * FROM `events_waits_summary_by_thread_by_event_name` INTO OUTFILE 'load_events_waits_summary_by_thread_by_event_name'  /* QNO 1622 CON_ID 21 */
		    21 Query	LOAD DATA INFILE 'load_events_waits_summary_by_thread_by_event_name' IGNORE INTO TABLE events_waits_summary_by_thread_by_event_name /* QNO 1623 CON_ID 21 */
		    21 Query	XA RECOVER /* QNO 1624 CON_ID 21 */
		    21 Query	CREATE OR REPLACE VIEW transforms.view_4888_probe AS XA RECOVER /* QNO 1624 CON_ID 21 */  /* QNO 1625 CON_ID 21 */
		    21 Query	SHOW ENGINE PERFORMANCE_SCHEMA STATUS /* QNO 1626 CON_ID 21 */
		    21 Query	CREATE OR REPLACE VIEW transforms.view_4888_probe AS SHOW ENGINE PERFORMANCE_SCHEMA STATUS /* QNO 1626 CON_ID 21 */  /* QNO 1627 CON_ID 21 */
		    21 Query	TRUNCATE TABLE performance_schema.events_waits_history_long /* QNO 1628 CON_ID 21 */
		    21 Query	SELECT * from `events_statements_summary_by_account_by_event_name` WHERE row_start IN (SELECT row_end FROM t8) /* QNO 1629 CON_ID 21 */
		    21 Query	DELETE FROM `events_statements_current` WHERE `OBJECT_INSTANCE_BEGIN` > 3 LIMIT 4 /* QNO 1630 CON_ID 21 */
		    21 Query	SHOW ENGINE PERFORMANCE_SCHEMA STATUS /* QNO 1631 CON_ID 21 */
		    21 Query	CREATE OR REPLACE VIEW transforms.view_4888_probe AS SHOW ENGINE PERFORMANCE_SCHEMA STATUS /* QNO 1631 CON_ID 21 */  /* QNO 1632 CON_ID 21 */
		    21 Query	DELETE FROM `events_statements_summary_by_account_by_event_name` WHERE `USER` <> '2006-07-02 10:50:20.047244' LIMIT 2 /* QNO 1633 CON_ID 21 */
		    21 Query	INSERT INTO `host_cache` SELECT * FROM `events_statements_summary_by_host_by_event_name` /* QNO 1634 CON_ID 21 */
		    21 Query	UPDATE performance_schema.setup_consumers SET enabled = 'NO' WHERE name LIKE 'file%' /* QNO 1635 CON_ID 21 */
		    21 Query	CREATE OR REPLACE VIEW transforms.view_4888_probe AS UPDATE performance_schema.setup_consumers SET enabled = 'NO' WHERE name LIKE 'file%' /* QNO 1635 CON_ID 21 */  /* QNO 1636 CON_ID 21 */
		    21 Query	SELECT * FROM test.`t7` AS table1 WHERE table1.`col_bit` >= 'ho' ORDER BY table1.`col_date` LIMIT 156 /* QNO 1637 CON_ID 21 */
		    21 Query	UPDATE `t2` SET `vcol_time` = 'oz' WHERE `col_time` = '2008-08-18 18:35:38.043530' /* QNO 1638 CON_ID 21 */
		    21 Query	XA COMMIT 'xid174' ONE PHASE  /* QNO 1639 CON_ID 21 */
		    21 Query	TRUNCATE TABLE performance_schema.events_waits_summary_by_thread_by_event_name /* QNO 1640 CON_ID 21 */
		    21 Query	INSERT INTO `view_t7` SELECT * FROM `t2` /* QNO 1641 CON_ID 21 */
		    21 Query	CREATE SEQUENCE IF NOT EXISTS seq5 NO MAXVALUE INCREMENT = 7  /* QNO 1642 CON_ID 21 */
		    21 Query	UPDATE performance_schema.setup_instruments SET TIMED = 'YES' ORDER BY RAND() LIMIT 7 /* QNO 1643 CON_ID 21 */
		    21 Query	CREATE OR REPLACE VIEW transforms.view_4888_probe AS UPDATE performance_schema.setup_instruments SET TIMED = 'YES' ORDER BY RAND() LIMIT 7 /* QNO 1643 CON_ID 21 */  /* QNO 1644 CON_ID 21 */
		    21 Query	UPDATE `view_t1` SET `vcol_bit` = 0 WHERE `col_dec` > 1 /* QNO 1645 CON_ID 21 */
		    21 Query	SELECT * FROM test.`view_t2` AS table1 WHERE NOT table1.`col_varchar` > '2006-10-19 15:39:32.006993' ORDER BY table1.`col_char`, table1.`vcol_char`, table1.`col_char` LIMIT 45 /* QNO 1646 CON_ID 21 */
		    17 Query	EXECUTE prep_stmt_3980 /* TRANSFORM_OUTCOME_UNORDERED_MATCH */ /* QNO 1469 CON_ID 17 */
		    17 Execute	SELECT PREVIOUS VALUE FOR seq6 /* QNO 1432 CON_ID 17 */
		    21 Query	SHOW ENGINE PERFORMANCE_SCHEMA STATUS /* QNO 1647 CON_ID 21 */
		    17 Query	DEALLOCATE PREPARE prep_stmt_3980 /* QNO 1470 CON_ID 17 */
		    18 Query	CREATE OR REPLACE VIEW transforms.view_4904_probe AS SHOW ENGINE PERFORMANCE_SCHEMA STATUS /* QNO 951 CON_ID 18 */  /* QNO 952 CON_ID 18 */
		    21 Query	CREATE OR REPLACE VIEW transforms.view_4888_probe AS SHOW ENGINE PERFORMANCE_SCHEMA STATUS /* QNO 1647 CON_ID 21 */  /* QNO 1648 CON_ID 21 */
		    17 Query	/* GenTest::Transform::ExecuteAsSPTwice */ DROP PROCEDURE IF EXISTS stored_proc_3980 /* QNO 1471 CON_ID 17 */
		    18 Query	SHOW ENGINE PERFORMANCE_SCHEMA STATUS /* QNO 953 CON_ID 18 */
		    17 Query	SHOW WARNINGS
		    21 Query	INSERT INTO `view_t7` ( `pk` ) VALUES (NULL) /* QNO 1649 CON_ID 21 */
		    17 Query	CREATE PROCEDURE stored_proc_3980 () LANGUAGE SQL SELECT PREVIOUS VALUE FOR seq6 /* QNO 1432 CON_ID 17 */  /* QNO 1472 CON_ID 17 */
		    18 Query	CREATE OR REPLACE VIEW transforms.view_4904_probe AS SHOW ENGINE PERFORMANCE_SCHEMA STATUS /* QNO 953 CON_ID 18 */  /* QNO 954 CON_ID 18 */
		    21 Query	SELECT * FROM `t7` INTO OUTFILE 'load_t7'  /* QNO 1650 CON_ID 21 */
		    21 Query	LOAD DATA INFILE 'load_t7' REPLACE INTO TABLE t7 /* QNO 1651 CON_ID 21 */
		    18 Query	SELECT * FROM performance_schema.`setup_timers` AS table1 WHERE ( ( ( ( ( ( ( table1.`TIMER_NAME` = '2022-11-04 23:28:45.004107' AND table1.`NAME` != 9) OR table1.`NAME` IN ( 9, 5, 6 )) OR table1.`NAME` <= '1978-04-11 11:45:26.054162') OR table1.`NAME` = '1991-05-24 18:02:59.000126') AND table1.`NAME` LIKE 'wait/synch/cond%') OR table1.`NAME` LIKE '%myisam%') OR table1.`NAME` IN ( 9, 8, 6 )) ORDER BY table1.`NAME`, table1.`TIMER_NAME` LIMIT 85 /* QNO 955 CON_ID 18 */
		    18 Query	SHOW WARNINGS
		    18 Query	UPDATE `events_statements_current` SET `NO_GOOD_INDEX_USED` = 'm' WHERE `TIMER_WAIT` <= 'wz' /* QNO 956 CON_ID 18 */
		    21 Query	SELECT * FROM (INFORMATION_SCHEMA.`user_variables` AS table1 RIGHT JOIN INFORMATION_SCHEMA.`INNODB_FT_BEING_DELETED` AS table2 ON ( table2.`DOC_ID` = table1.`VARIABLE_VALUE` ) ) WHERE NOT ( table2.`DOC_ID` <> table1.`VARIABLE_VALUE` AND table1.`CHARACTER_SET_NAME` >= '1985-09-15 11:25:26.043964') ORDER BY table2.`DOC_ID`, table2.`DOC_ID`, table2.`DOC_ID`, table2.`DOC_ID` LIMIT 118 /* QNO 1652 CON_ID 21 */
		    21 Query	/* GenTest::Transform::ExecuteAsCTE */  WITH cte1 AS ( SELECT * FROM( INFORMATION_SCHEMA.`user_variables` AS table1 RIGHT JOIN INFORMATION_SCHEMA.`INNODB_FT_BEING_DELETED` AS table2 ON( table2.`DOC_ID` = table1.`VARIABLE_VALUE`)) WHERE NOT( table2.`DOC_ID` <> table1.`VARIABLE_VALUE` AND table1.`CHARACTER_SET_NAME` >= '1985-09-15 11:25:26.043964') ORDER BY table2.`DOC_ID`, table2.`DOC_ID`, table2.`DOC_ID`, table2.`DOC_ID` LIMIT 118 /* QNO 1652 CON_ID 21 */ ) SELECT * FROM cte1  /* TRANSFORM_OUTCOME_UNORDERED_MATCH */ /* QNO 1653 CON_ID 21 */
		    18 Query	UPDATE performance_schema.setup_timers SET timer_name = 'MILLISECOND' /* QNO 957 CON_ID 18 */
		    18 Query	CREATE OR REPLACE VIEW transforms.view_4904_probe AS UPDATE performance_schema.setup_timers SET timer_name = 'MILLISECOND' /* QNO 957 CON_ID 18 */  /* QNO 958 CON_ID 18 */
		    21 Query	/* GenTest::Transform::ExecuteAsDeleteReturning */ CREATE DATABASE IF NOT EXISTS transforms /* QNO 1654 CON_ID 21 */
		    17 Query	CALL stored_proc_3980 /* TRANSFORM_OUTCOME_UNORDERED_MATCH */ /* QNO 1473 CON_ID 17 */
		    17 Query	CALL stored_proc_3980 /* TRANSFORM_OUTCOME_UNORDERED_MATCH */ /* QNO 1474 CON_ID 17 */
		    17 Query	DROP PROCEDURE IF EXISTS stored_proc_3980 /* QNO 1475 CON_ID 17 */
		    16 Query	CREATE OR REPLACE VIEW transforms.view_900_probe AS CREATE TABLE e LIKE `t4` /* QNO 1227 CON_ID 16 */  /* QNO 1228 CON_ID 16 */
		    16 Query	ALTER TABLE `view_t7` ADD COLUMN c INTEGER DEFAULT NULL /* QNO 1229 CON_ID 16 */
		    21 Query	/* GenTest::Transform::ExecuteAsExcept */ (  SELECT * FROM (INFORMATION_SCHEMA.`user_variables` AS table1 RIGHT JOIN INFORMATION_SCHEMA.`INNODB_FT_BEING_DELETED` AS table2 ON ( table2.`DOC_ID` = table1.`VARIABLE_VALUE` ) ) WHERE NOT ( table2.`DOC_ID` <> table1.`VARIABLE_VALUE` AND table1.`CHARACTER_SET_NAME` >= '1985-09-15 11:25:26.043964') ORDER BY table2.`DOC_ID`, table2.`DOC_ID`, table2.`DOC_ID`, table2.`DOC_ID` LIMIT 118 /* QNO 1652 CON_ID 21 */  ) EXCEPT (  SELECT * FROM (INFORMATION_SCHEMA.`user_variables` AS table1 RIGHT JOIN INFORMATION_SCHEMA.`INNODB_FT_BEING_DELETED` AS table2 ON ( table2.`DOC_ID` = table1.`VARIABLE_VALUE` ) ) WHERE NOT ( table2.`DOC_ID` <> table1.`VARIABLE_VALUE` AND table1.`CHARACTER_SET_NAME` >= '1985-09-15 11:25:26.043964') ORDER BY table2.`DOC_ID`, table2.`DOC_ID`, table2.`DOC_ID`, table2.`DOC_ID` LIMIT 0 /* QNO 1652 CON_ID 21 */  ) /* TRANSFORM_OUTCOME_DISTINCT */ /* QNO 1655 CON_ID 21 */
		    16 Query	GRANT SELECT ( `vcol_int`, `vcol_varchar`, `vcol_year` ), INSERT ( `col_int` ), UPDATE ( `vcol_varchar`, `col_timestamp` ), SELECT ( `col_datetime` ) ON `view_t1` TO 'someuser'@'somehost' /* QNO 1230 CON_ID 16 */
		    18 Query	TRUNCATE TABLE performance_schema.events_waits_history_long /* QNO 959 CON_ID 18 */
		    21 Query	(  SELECT * FROM (INFORMATION_SCHEMA.`user_variables` AS table1 RIGHT JOIN INFORMATION_SCHEMA.`INNODB_FT_BEING_DELETED` AS table2 ON ( table2.`DOC_ID` = table1.`VARIABLE_VALUE` ) ) WHERE NOT ( table2.`DOC_ID` <> table1.`VARIABLE_VALUE` AND table1.`CHARACTER_SET_NAME` >= '1985-09-15 11:25:26.043964') ORDER BY table2.`DOC_ID`, table2.`DOC_ID`, table2.`DOC_ID`, table2.`DOC_ID` LIMIT 118 /* QNO 1652 CON_ID 21 */  ) EXCEPT (  SELECT * FROM (INFORMATION_SCHEMA.`user_variables` AS table1 RIGHT JOIN INFORMATION_SCHEMA.`INNODB_FT_BEING_DELETED` AS table2 ON ( table2.`DOC_ID` = table1.`VARIABLE_VALUE` ) ) WHERE NOT ( table2.`DOC_ID` <> table1.`VARIABLE_VALUE` AND table1.`CHARACTER_SET_NAME` >= '1985-09-15 11:25:26.043964') ORDER BY table2.`DOC_ID`, table2.`DOC_ID`, table2.`DOC_ID`, table2.`DOC_ID` LIMIT 118 /* QNO 1652 CON_ID 21 */  ) /* TRANSFORM_OUTCOME_EMPTY_RESULT */ /* QNO 1656 CON_ID 21 */
		    16 Query	CREATE OR REPLACE VIEW d AS SELECT * FROM `view_t5` /* QNO 1231 CON_ID 16 */
		    21 Query	/* GenTest::Transform::ExecuteAsExecuteImmediate */ EXECUTE IMMEDIATE ' SELECT * FROM (INFORMATION_SCHEMA.`user_variables` AS table1 RIGHT JOIN INFORMATION_SCHEMA.`INNODB_FT_BEING_DELETED` AS table2 ON ( table2.`DOC_ID` = table1.`VARIABLE_VALUE` ) ) WHERE NOT ( table2.`DOC_ID` <> table1.`VARIABLE_VALUE` AND table1.`CHARACTER_SET_NAME` >= \'1985-09-15 11:25:26.043964\') ORDER BY table2.`DOC_ID`, table2.`DOC_ID`, table2.`DOC_ID`, table2.`DOC_ID` LIMIT 118 /* QNO 1652 CON_ID 21 */ ' /* TRANSFORM_OUTCOME_UNORDERED_MATCH */ /* QNO 1657 CON_ID 21 */
		    21 Prepare	SELECT * FROM (INFORMATION_SCHEMA.`user_variables` AS table1 RIGHT JOIN INFORMATION_SCHEMA.`INNODB_FT_BEING_DELETED` AS table2 ON ( table2.`DOC_ID` = table1.`VARIABLE_VALUE` ) ) WHERE NOT ( table2.`DOC_ID` <> table1.`VARIABLE_VALUE` AND table1.`CHARACTER_SET_NAME` >= '1985-09-15 11:25:26.043964') ORDER BY table2.`DOC_ID`, table2.`DOC_ID`, table2.`DOC_ID`, table2.`DOC_ID` LIMIT 118 /* QNO 1652 CON_ID 21 */
		    21 Execute	SELECT * FROM (INFORMATION_SCHEMA.`user_variables` AS table1 RIGHT JOIN INFORMATION_SCHEMA.`INNODB_FT_BEING_DELETED` AS table2 ON ( table2.`DOC_ID` = table1.`VARIABLE_VALUE` ) ) WHERE NOT ( table2.`DOC_ID` <> table1.`VARIABLE_VALUE` AND table1.`CHARACTER_SET_NAME` >= '1985-09-15 11:25:26.043964') ORDER BY table2.`DOC_ID`, table2.`DOC_ID`, table2.`DOC_ID`, table2.`DOC_ID` LIMIT 118 /* QNO 1652 CON_ID 21 */
		    18 Query	CREATE OR REPLACE VIEW transforms.view_4904_probe AS TRUNCATE TABLE performance_schema.events_waits_history_long /* QNO 959 CON_ID 18 */  /* QNO 960 CON_ID 18 */
		    16 Query	CREATE OR REPLACE VIEW a AS SELECT * FROM `view_t3` /* QNO 1232 CON_ID 16 */
		    21 Query	/* GenTest::Transform::ExecuteAsInsertSelect */ CREATE DATABASE IF NOT EXISTS transforms /* QNO 1658 CON_ID 21 */
		    21 Query	/* GenTest::Transform::ExecuteAsIntersect */ (  SELECT * FROM (INFORMATION_SCHEMA.`user_variables` AS table1 RIGHT JOIN INFORMATION_SCHEMA.`INNODB_FT_BEING_DELETED` AS table2 ON ( table2.`DOC_ID` = table1.`VARIABLE_VALUE` ) ) WHERE NOT ( table2.`DOC_ID` <> table1.`VARIABLE_VALUE` AND table1.`CHARACTER_SET_NAME` >= '1985-09-15 11:25:26.043964') ORDER BY table2.`DOC_ID`, table2.`DOC_ID`, table2.`DOC_ID`, table2.`DOC_ID` LIMIT 118 /* QNO 1652 CON_ID 21 */  ) INTERSECT (  SELECT * FROM (INFORMATION_SCHEMA.`user_variables` AS table1 RIGHT JOIN INFORMATION_SCHEMA.`INNODB_FT_BEING_DELETED` AS table2 ON ( table2.`DOC_ID` = table1.`VARIABLE_VALUE` ) ) WHERE NOT ( table2.`DOC_ID` <> table1.`VARIABLE_VALUE` AND table1.`CHARACTER_SET_NAME` >= '1985-09-15 11:25:26.043964') ORDER BY table2.`DOC_ID`, table2.`DOC_ID`, table2.`DOC_ID`, table2.`DOC_ID` LIMIT 118 /* QNO 1652 CON_ID 21 */  ) /* TRANSFORM_OUTCOME_DISTINCT */ /* QNO 1659 CON_ID 21 */
		    16 Query	ALTER TABLE `view_t6` DROP COLUMN w /* QNO 1233 CON_ID 16 */
		    18 Query	XA COMMIT 'non_idle_xid'  /* QNO 961 CON_ID 18 */
		    21 Query	(  SELECT * FROM (INFORMATION_SCHEMA.`user_variables` AS table1 RIGHT JOIN INFORMATION_SCHEMA.`INNODB_FT_BEING_DELETED` AS table2 ON ( table2.`DOC_ID` = table1.`VARIABLE_VALUE` ) ) WHERE NOT ( table2.`DOC_ID` <> table1.`VARIABLE_VALUE` AND table1.`CHARACTER_SET_NAME` >= '1985-09-15 11:25:26.043964') ORDER BY table2.`DOC_ID`, table2.`DOC_ID`, table2.`DOC_ID`, table2.`DOC_ID` LIMIT 118 /* QNO 1652 CON_ID 21 */  ) INTERSECT (  SELECT * FROM (INFORMATION_SCHEMA.`user_variables` AS table1 RIGHT JOIN INFORMATION_SCHEMA.`INNODB_FT_BEING_DELETED` AS table2 ON ( table2.`DOC_ID` = table1.`VARIABLE_VALUE` ) ) WHERE NOT ( table2.`DOC_ID` <> table1.`VARIABLE_VALUE` AND table1.`CHARACTER_SET_NAME` >= '1985-09-15 11:25:26.043964') ORDER BY table2.`DOC_ID`, table2.`DOC_ID`, table2.`DOC_ID`, table2.`DOC_ID` LIMIT 0 /* QNO 1652 CON_ID 21 */  ) /* TRANSFORM_OUTCOME_EMPTY_RESULT */ /* QNO 1660 CON_ID 21 */
		    16 Query	ALTER TABLE `t1` REMOVE PARTITIONING /* QNO 1234 CON_ID 16 */
		    18 Query	UPDATE performance_schema.setup_instruments SET ENABLED = 'YES' ORDER BY RAND() LIMIT 2 /* QNO 962 CON_ID 18 */
		    21 Query	/* GenTest::Transform::ExecuteAsUnion */ (  SELECT * FROM (INFORMATION_SCHEMA.`user_variables` AS table1 RIGHT JOIN INFORMATION_SCHEMA.`INNODB_FT_BEING_DELETED` AS table2 ON ( table2.`DOC_ID` = table1.`VARIABLE_VALUE` ) ) WHERE NOT ( table2.`DOC_ID` <> table1.`VARIABLE_VALUE` AND table1.`CHARACTER_SET_NAME` >= '1985-09-15 11:25:26.043964') ORDER BY table2.`DOC_ID`, table2.`DOC_ID`, table2.`DOC_ID`, table2.`DOC_ID` LIMIT 118 /* QNO 1652 CON_ID 21 */  ) UNION ALL (  SELECT * FROM (INFORMATION_SCHEMA.`user_variables` AS table1 RIGHT JOIN INFORMATION_SCHEMA.`INNODB_FT_BEING_DELETED` AS table2 ON ( table2.`DOC_ID` = table1.`VARIABLE_VALUE` ) ) WHERE NOT ( table2.`DOC_ID` <> table1.`VARIABLE_VALUE` AND table1.`CHARACTER_SET_NAME` >= '1985-09-15 11:25:26.043964') ORDER BY table2.`DOC_ID`, table2.`DOC_ID`, table2.`DOC_ID`, table2.`DOC_ID` LIMIT 0 /* QNO 1652 CON_ID 21 */  ) /* TRANSFORM_OUTCOME_UNORDERED_MATCH */ /* QNO 1661 CON_ID 21 */
		    16 Query	GRANT ALL PRIVILEGES ON test.s TO 'someuser'@'somehost' /* QNO 1235 CON_ID 16 */
		    21 Query	(  SELECT * FROM (INFORMATION_SCHEMA.`user_variables` AS table1 RIGHT JOIN INFORMATION_SCHEMA.`INNODB_FT_BEING_DELETED` AS table2 ON ( table2.`DOC_ID` = table1.`VARIABLE_VALUE` ) ) WHERE NOT ( table2.`DOC_ID` <> table1.`VARIABLE_VALUE` AND table1.`CHARACTER_SET_NAME` >= '1985-09-15 11:25:26.043964') ORDER BY table2.`DOC_ID`, table2.`DOC_ID`, table2.`DOC_ID`, table2.`DOC_ID` LIMIT 0 /* QNO 1652 CON_ID 21 */  ) UNION ALL (  SELECT * FROM (INFORMATION_SCHEMA.`user_variables` AS table1 RIGHT JOIN INFORMATION_SCHEMA.`INNODB_FT_BEING_DELETED` AS table2 ON ( table2.`DOC_ID` = table1.`VARIABLE_VALUE` ) ) WHERE NOT ( table2.`DOC_ID` <> table1.`VARIABLE_VALUE` AND table1.`CHARACTER_SET_NAME` >= '1985-09-15 11:25:26.043964') ORDER BY table2.`DOC_ID`, table2.`DOC_ID`, table2.`DOC_ID`, table2.`DOC_ID` LIMIT 118 /* QNO 1652 CON_ID 21 */  ) /* TRANSFORM_OUTCOME_UNORDERED_MATCH */ /* QNO 1662 CON_ID 21 */
		    18 Query	CREATE OR REPLACE VIEW transforms.view_4904_probe AS UPDATE performance_schema.setup_instruments SET ENABLED = 'YES' ORDER BY RAND() LIMIT 2 /* QNO 962 CON_ID 18 */  /* QNO 963 CON_ID 18 */
		    16 Query	CREATE OR REPLACE VIEW transforms.view_900_probe AS GRANT ALL PRIVILEGES ON test.s TO 'someuser'@'somehost' /* QNO 1235 CON_ID 16 */  /* QNO 1236 CON_ID 16 */
		    21 Query	(  SELECT * FROM (INFORMATION_SCHEMA.`user_variables` AS table1 RIGHT JOIN INFORMATION_SCHEMA.`INNODB_FT_BEING_DELETED` AS table2 ON ( table2.`DOC_ID` = table1.`VARIABLE_VALUE` ) ) WHERE NOT ( table2.`DOC_ID` <> table1.`VARIABLE_VALUE` AND table1.`CHARACTER_SET_NAME` >= '1985-09-15 11:25:26.043964') ORDER BY table2.`DOC_ID`, table2.`DOC_ID`, table2.`DOC_ID`, table2.`DOC_ID` LIMIT 118 /* QNO 1652 CON_ID 21 */  ) UNION DISTINCT (  SELECT * FROM (INFORMATION_SCHEMA.`user_variables` AS table1 RIGHT JOIN INFORMATION_SCHEMA.`INNODB_FT_BEING_DELETED` AS table2 ON ( table2.`DOC_ID` = table1.`VARIABLE_VALUE` ) ) WHERE NOT ( table2.`DOC_ID` <> table1.`VARIABLE_VALUE` AND table1.`CHARACTER_SET_NAME` >= '1985-09-15 11:25:26.043964') ORDER BY table2.`DOC_ID`, table2.`DOC_ID`, table2.`DOC_ID`, table2.`DOC_ID` LIMIT 118 /* QNO 1652 CON_ID 21 */  ) /* TRANSFORM_OUTCOME_DISTINCT */ /* QNO 1663 CON_ID 21 */
		    18 Query	XA RECOVER /* QNO 964 CON_ID 18 */
		    21 Query	(  SELECT * FROM (INFORMATION_SCHEMA.`user_variables` AS table1 RIGHT JOIN INFORMATION_SCHEMA.`INNODB_FT_BEING_DELETED` AS table2 ON ( table2.`DOC_ID` = table1.`VARIABLE_VALUE` ) ) WHERE NOT ( table2.`DOC_ID` <> table1.`VARIABLE_VALUE` AND table1.`CHARACTER_SET_NAME` >= '1985-09-15 11:25:26.043964') ORDER BY table2.`DOC_ID`, table2.`DOC_ID`, table2.`DOC_ID`, table2.`DOC_ID` LIMIT 118 /* QNO 1652 CON_ID 21 */  ) UNION ALL (  SELECT * FROM (INFORMATION_SCHEMA.`user_variables` AS table1 RIGHT JOIN INFORMATION_SCHEMA.`INNODB_FT_BEING_DELETED` AS table2 ON ( table2.`DOC_ID` = table1.`VARIABLE_VALUE` ) ) WHERE NOT ( table2.`DOC_ID` <> table1.`VARIABLE_VALUE` AND table1.`CHARACTER_SET_NAME` >= '1985-09-15 11:25:26.043964') ORDER BY table2.`DOC_ID`, table2.`DOC_ID`, table2.`DOC_ID`, table2.`DOC_ID` LIMIT 118 /* QNO 1652 CON_ID 21 */  ) /* TRANSFORM_OUTCOME_SUPERSET */ /* QNO 1664 CON_ID 21 */
		    18 Query	CREATE OR REPLACE VIEW transforms.view_4904_probe AS XA RECOVER /* QNO 964 CON_ID 18 */  /* QNO 965 CON_ID 18 */
		    16 Query	CREATE OR REPLACE VIEW y AS SELECT * FROM `view_t4` /* QNO 1237 CON_ID 16 */
		    21 Query	CREATE OR REPLACE VIEW transforms.view_4888_probe AS  SELECT * FROM (INFORMATION_SCHEMA.`user_variables` AS table1 RIGHT JOIN INFORMATION_SCHEMA.`INNODB_FT_BEING_DELETED` AS table2 ON ( table2.`DOC_ID` = table1.`VARIABLE_VALUE` ) ) WHERE NOT ( table2.`DOC_ID` <> table1.`VARIABLE_VALUE` AND table1.`CHARACTER_SET_NAME` >= '1985-09-15 11:25:26.043964') ORDER BY table2.`DOC_ID`, table2.`DOC_ID`, table2.`DOC_ID`, table2.`DOC_ID` LIMIT 118 /* QNO 1652 CON_ID 21 */  /* QNO 1665 CON_ID 21 */
		    18 Query	TRUNCATE TABLE performance_schema.events_waits_summary_by_thread_by_event_name /* QNO 966 CON_ID 18 */
		    21 Query	/* GenTest::Transform::ExecuteAsPreparedTwice */ PREPARE prep_stmt_4888 FROM ' SELECT * FROM (INFORMATION_SCHEMA.`user_variables` AS table1 RIGHT JOIN INFORMATION_SCHEMA.`INNODB_FT_BEING_DELETED` AS table2 ON ( table2.`DOC_ID` = table1.`VARIABLE_VALUE` ) ) WHERE NOT ( table2.`DOC_ID` <> table1.`VARIABLE_VALUE` AND table1.`CHARACTER_SET_NAME` >= \'1985-09-15 11:25:26.043964\') ORDER BY table2.`DOC_ID`, table2.`DOC_ID`, table2.`DOC_ID`, table2.`DOC_ID` LIMIT 118 /* QNO 1652 CON_ID 21 */ ' /* QNO 1666 CON_ID 21 */
		    16 Query	REVOKE ALL PRIVILEGES ON test.p FROM 'someuser'@'somehost' /* QNO 1238 CON_ID 16 */
		    21 Prepare	SELECT * FROM (INFORMATION_SCHEMA.`user_variables` AS table1 RIGHT JOIN INFORMATION_SCHEMA.`INNODB_FT_BEING_DELETED` AS table2 ON ( table2.`DOC_ID` = table1.`VARIABLE_VALUE` ) ) WHERE NOT ( table2.`DOC_ID` <> table1.`VARIABLE_VALUE` AND table1.`CHARACTER_SET_NAME` >= '1985-09-15 11:25:26.043964') ORDER BY table2.`DOC_ID`, table2.`DOC_ID`, table2.`DOC_ID`, table2.`DOC_ID` LIMIT 118 /* QNO 1652 CON_ID 21 */
		    21 Query	EXECUTE prep_stmt_4888 /* TRANSFORM_OUTCOME_UNORDERED_MATCH */ /* QNO 1667 CON_ID 21 */
		    21 Execute	SELECT * FROM (INFORMATION_SCHEMA.`user_variables` AS table1 RIGHT JOIN INFORMATION_SCHEMA.`INNODB_FT_BEING_DELETED` AS table2 ON ( table2.`DOC_ID` = table1.`VARIABLE_VALUE` ) ) WHERE NOT ( table2.`DOC_ID` <> table1.`VARIABLE_VALUE` AND table1.`CHARACTER_SET_NAME` >= '1985-09-15 11:25:26.043964') ORDER BY table2.`DOC_ID`, table2.`DOC_ID`, table2.`DOC_ID`, table2.`DOC_ID` LIMIT 118 /* QNO 1652 CON_ID 21 */
		    18 Query	CREATE OR REPLACE VIEW transforms.view_4904_probe AS TRUNCATE TABLE performance_schema.events_waits_summary_by_thread_by_event_name /* QNO 966 CON_ID 18 */  /* QNO 967 CON_ID 18 */
		    21 Query	EXECUTE prep_stmt_4888 /* TRANSFORM_OUTCOME_UNORDERED_MATCH */ /* QNO 1668 CON_ID 21 */
		    16 Query	ALTER TABLE `view_t5` DROP PRIMARY KEY /* QNO 1239 CON_ID 16 */
		    21 Execute	SELECT * FROM (INFORMATION_SCHEMA.`user_variables` AS table1 RIGHT JOIN INFORMATION_SCHEMA.`INNODB_FT_BEING_DELETED` AS table2 ON ( table2.`DOC_ID` = table1.`VARIABLE_VALUE` ) ) WHERE NOT ( table2.`DOC_ID` <> table1.`VARIABLE_VALUE` AND table1.`CHARACTER_SET_NAME` >= '1985-09-15 11:25:26.043964') ORDER BY table2.`DOC_ID`, table2.`DOC_ID`, table2.`DOC_ID`, table2.`DOC_ID` LIMIT 118 /* QNO 1652 CON_ID 21 */
		    21 Query	DEALLOCATE PREPARE prep_stmt_4888 /* QNO 1669 CON_ID 21 */
		    16 Query	DROP VIEW IF EXISTS a /* QNO 1240 CON_ID 16 */
		    21 Query	/* GenTest::Transform::ExecuteAsSPTwice */ DROP PROCEDURE IF EXISTS stored_proc_4888 /* QNO 1670 CON_ID 21 */
		    16 Query	SHOW WARNINGS
		    16 Query	GRANT PROCESS, PROCESS, PROCESS ON *.* to 'someuser'@'somehost' /* QNO 1241 CON_ID 16 */
		    21 Query	SELECT SETVAL(seq6, -7474005056598048768) /* QNO 1671 CON_ID 21 */
		    21 Query	/* GenTest::Transform::ExecuteAsCTE */  WITH cte1 AS ( SELECT SETVAL( seq6, -7474005056598048768) /* QNO 1671 CON_ID 21 */ ) SELECT * FROM cte1  /* TRANSFORM_OUTCOME_UNORDERED_MATCH */ /* QNO 1672 CON_ID 21 */
		    20 Query	SELECT * FROM transforms.insert_select_1000 /* TRANSFORM_OUTCOME_UNORDERED_MATCH */ /* QNO 2066 CON_ID 20 */
		    21 Query	/* GenTest::Transform::ExecuteAsDeleteReturning */ CREATE DATABASE IF NOT EXISTS transforms /* QNO 1673 CON_ID 21 */
		    20 Query	DELETE FROM transforms.insert_select_1000 /* QNO 2067 CON_ID 20 */
		    21 Query	/* GenTest::Transform::ExecuteAsExcept */ ( SELECT SETVAL(seq6, -7474005056598048768) /* QNO 1671 CON_ID 21 */  ) EXCEPT ( SELECT SETVAL(seq6, -7474005056598048768) /* QNO 1671 CON_ID 21 */  ) /* TRANSFORM_OUTCOME_DISTINCT */ /* QNO 1674 CON_ID 21 */
		    21 Query	( SELECT SETVAL(seq6, -7474005056598048768) /* QNO 1671 CON_ID 21 */  ) EXCEPT ( SELECT SETVAL(seq6, -7474005056598048768) /* QNO 1671 CON_ID 21 */  ) /* TRANSFORM_OUTCOME_EMPTY_RESULT */ /* QNO 1675 CON_ID 21 */
		    21 Query	/* GenTest::Transform::ExecuteAsExecuteImmediate */ EXECUTE IMMEDIATE 'SELECT SETVAL(seq6, -7474005056598048768) /* QNO 1671 CON_ID 21 */ ' /* TRANSFORM_OUTCOME_UNORDERED_MATCH */ /* QNO 1676 CON_ID 21 */
		    21 Prepare	SELECT SETVAL(seq6, -7474005056598048768) /* QNO 1671 CON_ID 21 */
		    21 Execute	SELECT SETVAL(seq6, -7474005056598048768) /* QNO 1671 CON_ID 21 */
		    21 Query	/* GenTest::Transform::ExecuteAsInsertSelect */ CREATE DATABASE IF NOT EXISTS transforms /* QNO 1677 CON_ID 21 */
		    21 Query	/* GenTest::Transform::ExecuteAsIntersect */ ( SELECT SETVAL(seq6, -7474005056598048768) /* QNO 1671 CON_ID 21 */  ) INTERSECT ( SELECT SETVAL(seq6, -7474005056598048768) /* QNO 1671 CON_ID 21 */  ) /* TRANSFORM_OUTCOME_DISTINCT */ /* QNO 1678 CON_ID 21 */
		    21 Query	( SELECT SETVAL(seq6, -7474005056598048768) /* QNO 1671 CON_ID 21 */  ) INTERSECT ( SELECT SETVAL(seq6, -7474005056598048768) /* QNO 1671 CON_ID 21 */  ) /* TRANSFORM_OUTCOME_EMPTY_RESULT */ /* QNO 1679 CON_ID 21 */
		    21 Query	/* GenTest::Transform::ExecuteAsUnion */ ( SELECT SETVAL(seq6, -7474005056598048768) /* QNO 1671 CON_ID 21 */  ) UNION ALL ( SELECT SETVAL(seq6, -7474005056598048768) /* QNO 1671 CON_ID 21 */  LIMIT 0 ) /* TRANSFORM_OUTCOME_UNORDERED_MATCH */ /* QNO 1680 CON_ID 21 */
		    21 Query	( SELECT SETVAL(seq6, -7474005056598048768) /* QNO 1671 CON_ID 21 */  LIMIT 0 ) UNION ALL ( SELECT SETVAL(seq6, -7474005056598048768) /* QNO 1671 CON_ID 21 */  ) /* TRANSFORM_OUTCOME_UNORDERED_MATCH */ /* QNO 1681 CON_ID 21 */
		    21 Query	( SELECT SETVAL(seq6, -7474005056598048768) /* QNO 1671 CON_ID 21 */  ) UNION DISTINCT ( SELECT SETVAL(seq6, -7474005056598048768) /* QNO 1671 CON_ID 21 */  ) /* TRANSFORM_OUTCOME_DISTINCT */ /* QNO 1682 CON_ID 21 */
		    21 Query	( SELECT SETVAL(seq6, -7474005056598048768) /* QNO 1671 CON_ID 21 */  ) UNION ALL ( SELECT SETVAL(seq6, -7474005056598048768) /* QNO 1671 CON_ID 21 */  ) /* TRANSFORM_OUTCOME_SUPERSET */ /* QNO 1683 CON_ID 21 */
		    21 Query	CREATE OR REPLACE VIEW transforms.view_4888_probe AS SELECT SETVAL(seq6, -7474005056598048768) /* QNO 1671 CON_ID 21 */  /* QNO 1684 CON_ID 21 */
		    21 Query	/* GenTest::Transform::ExecuteAsPreparedTwice */ PREPARE prep_stmt_4888 FROM 'SELECT SETVAL(seq6, -7474005056598048768) /* QNO 1671 CON_ID 21 */ ' /* QNO 1685 CON_ID 21 */
		    21 Prepare	SELECT SETVAL(seq6, -7474005056598048768) /* QNO 1671 CON_ID 21 */
		    21 Query	EXECUTE prep_stmt_4888 /* TRANSFORM_OUTCOME_UNORDERED_MATCH */ /* QNO 1686 CON_ID 21 */
		    21 Execute	SELECT SETVAL(seq6, -7474005056598048768) /* QNO 1671 CON_ID 21 */
		    21 Query	EXECUTE prep_stmt_4888 /* TRANSFORM_OUTCOME_UNORDERED_MATCH */ /* QNO 1687 CON_ID 21 */
		    21 Execute	SELECT SETVAL(seq6, -7474005056598048768) /* QNO 1671 CON_ID 21 */
		    21 Query	DEALLOCATE PREPARE prep_stmt_4888 /* QNO 1688 CON_ID 21 */
		    21 Query	/* GenTest::Transform::ExecuteAsSPTwice */ DROP PROCEDURE IF EXISTS stored_proc_4888 /* QNO 1689 CON_ID 21 */
		    16 Query	CREATE OR REPLACE VIEW transforms.view_900_probe AS GRANT PROCESS, PROCESS, PROCESS ON *.* to 'someuser'@'somehost' /* QNO 1241 CON_ID 16 */  /* QNO 1242 CON_ID 16 */
		    21 Query	SELECT * from `ENABLED_ROLES` WHERE row_end IN (SELECT row_start FROM t10) /* QNO 1690 CON_ID 21 */
		    16 Query	CREATE TRIGGER b BEFORE INSERT ON `t1` FOR EACH ROW BEGIN INSERT INTO `t1` SELECT * FROM `view_t3` LIMIT 0 ; END ; /* QNO 1243 CON_ID 16 */
		    21 Query	SET STATEMENT system_versioning_alter_history=KEEP FOR ALTER TABLE t10 ADD COLUMN IF NOT EXISTS vcol4 DECIMAL AS ( ncol10 + 4 ) VIRTUAL, LOCK=NONE, ADD KEY(icol7, icol1, scol7(11301)), LOCK=NONE, CHANGE COLUMN IF EXISTS ecol5 vcol1 POLYGON AS ( geocol8 ) STORED, ALGORITHM=COPY, LOCK=SHARED, ADD SYSTEM VERSIONING /* QNO 1691 CON_ID 21 */
		    21 Query	SHOW ENGINE PERFORMANCE_SCHEMA STATUS /* QNO 1692 CON_ID 21 */
		    21 Query	CREATE OR REPLACE VIEW transforms.view_4888_probe AS SHOW ENGINE PERFORMANCE_SCHEMA STATUS /* QNO 1692 CON_ID 21 */  /* QNO 1693 CON_ID 21 */
		    21 Query	SELECT * FROM INFORMATION_SCHEMA.`SCHEMATA` AS table1 WHERE NOT ( (NOT table1.`CATALOG_NAME` IN ( 8, 5, 7 ) OR table1.`DEFAULT_COLLATION_NAME` LIKE 'wait%') AND table1.`SQL_PATH` <> 'z') LIMIT 99 /* QNO 1694 CON_ID 21 */
		    21 Query	SHOW WARNINGS
		    20 Query	INSERT INTO transforms.insert_select_1000  SELECT * FROM INFORMATION_SCHEMA.`INNODB_FT_DEFAULT_STOPWORD` AS table1 ORDER BY table1.`value`, table1.`value` LIMIT 79 /* QNO 2054 CON_ID 20 */  /* QNO 2068 CON_ID 20 */
		    21 Query	SELECT * FROM performance_schema.`events_waits_current` AS table1 HAVING table1.`OPERATION` <> '1975-09-22 10:05:54.052622' IS NULL LIMIT 219 /* QNO 1695 CON_ID 21 */
		    21 Query	/* GenTest::Transform::ExecuteAsCTE */  WITH cte1 AS ( SELECT * FROM performance_schema.`events_waits_current` AS table1 HAVING table1.`OPERATION` <> '1975-09-22 10:05:54.052622' IS NULL LIMIT 219 /* QNO 1695 CON_ID 21 */ ) SELECT * FROM cte1  /* TRANSFORM_OUTCOME_UNORDERED_MATCH */ /* QNO 1696 CON_ID 21 */
		    21 Query	/* GenTest::Transform::ExecuteAsDeleteReturning */ CREATE DATABASE IF NOT EXISTS transforms /* QNO 1697 CON_ID 21 */
		    21 Query	/* GenTest::Transform::ExecuteAsExcept */ (  SELECT * FROM performance_schema.`events_waits_current` AS table1 HAVING table1.`OPERATION` <> '1975-09-22 10:05:54.052622' IS NULL LIMIT 219 /* QNO 1695 CON_ID 21 */  ) EXCEPT (  SELECT * FROM performance_schema.`events_waits_current` AS table1 HAVING table1.`OPERATION` <> '1975-09-22 10:05:54.052622' IS NULL LIMIT 0 /* QNO 1695 CON_ID 21 */  ) /* TRANSFORM_OUTCOME_DISTINCT */ /* QNO 1698 CON_ID 21 */
		    21 Query	(  SELECT * FROM performance_schema.`events_waits_current` AS table1 HAVING table1.`OPERATION` <> '1975-09-22 10:05:54.052622' IS NULL LIMIT 219 /* QNO 1695 CON_ID 21 */  ) EXCEPT (  SELECT * FROM performance_schema.`events_waits_current` AS table1 HAVING table1.`OPERATION` <> '1975-09-22 10:05:54.052622' IS NULL LIMIT 219 /* QNO 1695 CON_ID 21 */  ) /* TRANSFORM_OUTCOME_EMPTY_RESULT */ /* QNO 1699 CON_ID 21 */
		    21 Query	/* GenTest::Transform::ExecuteAsExecuteImmediate */ EXECUTE IMMEDIATE ' SELECT * FROM performance_schema.`events_waits_current` AS table1 HAVING table1.`OPERATION` <> \'1975-09-22 10:05:54.052622\' IS NULL LIMIT 219 /* QNO 1695 CON_ID 21 */ ' /* TRANSFORM_OUTCOME_UNORDERED_MATCH */ /* QNO 1700 CON_ID 21 */
		    21 Prepare	SELECT * FROM performance_schema.`events_waits_current` AS table1 HAVING table1.`OPERATION` <> '1975-09-22 10:05:54.052622' IS NULL LIMIT 219 /* QNO 1695 CON_ID 21 */
		    21 Execute	SELECT * FROM performance_schema.`events_waits_current` AS table1 HAVING table1.`OPERATION` <> '1975-09-22 10:05:54.052622' IS NULL LIMIT 219 /* QNO 1695 CON_ID 21 */
		    21 Query	/* GenTest::Transform::ExecuteAsInsertSelect */ CREATE DATABASE IF NOT EXISTS transforms /* QNO 1701 CON_ID 21 */
		    21 Query	/* GenTest::Transform::ExecuteAsIntersect */ (  SELECT * FROM performance_schema.`events_waits_current` AS table1 HAVING table1.`OPERATION` <> '1975-09-22 10:05:54.052622' IS NULL LIMIT 219 /* QNO 1695 CON_ID 21 */  ) INTERSECT (  SELECT * FROM performance_schema.`events_waits_current` AS table1 HAVING table1.`OPERATION` <> '1975-09-22 10:05:54.052622' IS NULL LIMIT 219 /* QNO 1695 CON_ID 21 */  ) /* TRANSFORM_OUTCOME_DISTINCT */ /* QNO 1702 CON_ID 21 */
		    21 Query	(  SELECT * FROM performance_schema.`events_waits_current` AS table1 HAVING table1.`OPERATION` <> '1975-09-22 10:05:54.052622' IS NULL LIMIT 219 /* QNO 1695 CON_ID 21 */  ) INTERSECT (  SELECT * FROM performance_schema.`events_waits_current` AS table1 HAVING table1.`OPERATION` <> '1975-09-22 10:05:54.052622' IS NULL LIMIT 0 /* QNO 1695 CON_ID 21 */  ) /* TRANSFORM_OUTCOME_EMPTY_RESULT */ /* QNO 1703 CON_ID 21 */
		    21 Query	/* GenTest::Transform::ExecuteAsUnion */ (  SELECT * FROM performance_schema.`events_waits_current` AS table1 HAVING table1.`OPERATION` <> '1975-09-22 10:05:54.052622' IS NULL LIMIT 219 /* QNO 1695 CON_ID 21 */  ) UNION ALL (  SELECT * FROM performance_schema.`events_waits_current` AS table1 HAVING table1.`OPERATION` <> '1975-09-22 10:05:54.052622' IS NULL LIMIT 0 /* QNO 1695 CON_ID 21 */  ) /* TRANSFORM_OUTCOME_UNORDERED_MATCH */ /* QNO 1704 CON_ID 21 */
		    21 Query	(  SELECT * FROM performance_schema.`events_waits_current` AS table1 HAVING table1.`OPERATION` <> '1975-09-22 10:05:54.052622' IS NULL LIMIT 0 /* QNO 1695 CON_ID 21 */  ) UNION ALL (  SELECT * FROM performance_schema.`events_waits_current` AS table1 HAVING table1.`OPERATION` <> '1975-09-22 10:05:54.052622' IS NULL LIMIT 219 /* QNO 1695 CON_ID 21 */  ) /* TRANSFORM_OUTCOME_UNORDERED_MATCH */ /* QNO 1705 CON_ID 21 */
		    18 Query	SELECT NEXT VALUE FOR seq8 /* QNO 968 CON_ID 18 */
		    21 Query	(  SELECT * FROM performance_schema.`events_waits_current` AS table1 HAVING table1.`OPERATION` <> '1975-09-22 10:05:54.052622' IS NULL LIMIT 219 /* QNO 1695 CON_ID 21 */  ) UNION DISTINCT (  SELECT * FROM performance_schema.`events_waits_current` AS table1 HAVING table1.`OPERATION` <> '1975-09-22 10:05:54.052622' IS NULL LIMIT 219 /* QNO 1695 CON_ID 21 */  ) /* TRANSFORM_OUTCOME_DISTINCT */ /* QNO 1706 CON_ID 21 */
		    21 Query	(  SELECT * FROM performance_schema.`events_waits_current` AS table1 HAVING table1.`OPERATION` <> '1975-09-22 10:05:54.052622' IS NULL LIMIT 219 /* QNO 1695 CON_ID 21 */  ) UNION ALL (  SELECT * FROM performance_schema.`events_waits_current` AS table1 HAVING table1.`OPERATION` <> '1975-09-22 10:05:54.052622' IS NULL LIMIT 219 /* QNO 1695 CON_ID 21 */  ) /* TRANSFORM_OUTCOME_SUPERSET */ /* QNO 1707 CON_ID 21 */
		    21 Query	CREATE OR REPLACE VIEW transforms.view_4888_probe AS  SELECT * FROM performance_schema.`events_waits_current` AS table1 HAVING table1.`OPERATION` <> '1975-09-22 10:05:54.052622' IS NULL LIMIT 219 /* QNO 1695 CON_ID 21 */  /* QNO 1708 CON_ID 21 */
		    20 Query	SELECT * FROM transforms.insert_select_1000 /* TRANSFORM_OUTCOME_UNORDERED_MATCH */ /* QNO 2069 CON_ID 20 */
		    20 Query	DELETE FROM transforms.insert_select_1000 /* QNO 2070 CON_ID 20 */
		    21 Query	/* GenTest::Transform::ExecuteAsPreparedTwice */ PREPARE prep_stmt_4888 FROM ' SELECT * FROM performance_schema.`events_waits_current` AS table1 HAVING table1.`OPERATION` <> \'1975-09-22 10:05:54.052622\' IS NULL LIMIT 219 /* QNO 1695 CON_ID 21 */ ' /* QNO 1709 CON_ID 21 */
		    17 Query	SELECT LASTVAL( seq6 ) /* QNO 1476 CON_ID 17 */
		    18 Query	SELECT * FROM mysql.`db` AS table1 WHERE ( ( (NOT ( ( ( ( ( ( ( ( (NOT table1.`Create_priv` LIKE 'wait/synch%' AND table1.`Select_priv` > 'z') AND table1.`Create_view_priv` < table1.`Execute_priv`) AND table1.`References_priv` LIKE '%myisam%') OR table1.`References_priv` > table1.`Update_priv`) OR table1.`Alter_priv` != table1.`User`) AND table1.`User` LIKE '%mysys%') AND table1.`Host` <= table1.`Delete_priv`) OR table1.`Select_priv` IN ( 9, 7, 4 )) OR table1.`Select_priv` <> table1.`Show_view_priv`) AND table1.`Create_view_priv` = '2032-06-26 07:01:15.009098') OR table1.`Lock_tables_priv` LIKE '%myisam%') AND table1.`References_priv` LIKE 'wait/io%') HAVING NOT table1.`Lock_tables_priv` = '1986-04-25 16:15:36.030538' ORDER BY table1.`Show_view_priv` LIMIT 9 /* QNO 969 CON_ID 18 */
		    21 Prepare	SELECT * FROM performance_schema.`events_waits_current` AS table1 HAVING table1.`OPERATION` <> '1975-09-22 10:05:54.052622' IS NULL LIMIT 219 /* QNO 1695 CON_ID 21 */
		    21 Query	EXECUTE prep_stmt_4888 /* TRANSFORM_OUTCOME_UNORDERED_MATCH */ /* QNO 1710 CON_ID 21 */
		    20 Query	REPLACE INTO transforms.insert_select_1000  SELECT * FROM INFORMATION_SCHEMA.`INNODB_FT_DEFAULT_STOPWORD` AS table1 ORDER BY table1.`value`, table1.`value` LIMIT 79 /* QNO 2054 CON_ID 20 */  /* QNO 2071 CON_ID 20 */
		    21 Execute	SELECT * FROM performance_schema.`events_waits_current` AS table1 HAVING table1.`OPERATION` <> '1975-09-22 10:05:54.052622' IS NULL LIMIT 219 /* QNO 1695 CON_ID 21 */
		    17 Query	/* GenTest::Transform::ExecuteAsCTE */  WITH cte1 AS ( SELECT LASTVAL( seq6) /* QNO 1476 CON_ID 17 */ ) SELECT * FROM cte1  /* TRANSFORM_OUTCOME_UNORDERED_MATCH */ /* QNO 1477 CON_ID 17 */
		    21 Query	EXECUTE prep_stmt_4888 /* TRANSFORM_OUTCOME_UNORDERED_MATCH */ /* QNO 1711 CON_ID 21 */
		    21 Execute	SELECT * FROM performance_schema.`events_waits_current` AS table1 HAVING table1.`OPERATION` <> '1975-09-22 10:05:54.052622' IS NULL LIMIT 219 /* QNO 1695 CON_ID 21 */
		    21 Query	DEALLOCATE PREPARE prep_stmt_4888 /* QNO 1712 CON_ID 21 */
		    17 Query	/* GenTest::Transform::ExecuteAsDeleteReturning */ CREATE DATABASE IF NOT EXISTS transforms /* QNO 1478 CON_ID 17 */
		    17 Query	SHOW WARNINGS
