		    21 Query	(  SELECT * FROM INFORMATION_SCHEMA.`GLOBAL_STATUS` AS table1 LIMIT 253 /* QNO 1232 CON_ID 21 */  ) EXCEPT (  SELECT * FROM INFORMATION_SCHEMA.`GLOBAL_STATUS` AS table1 LIMIT 253 /* QNO 1232 CON_ID 21 */  ) /* TRANSFORM_OUTCOME_EMPTY_RESULT */ /* QNO 1236 CON_ID 21 */
		    21 Query	/* GenTest::Transform::ExecuteAsExecuteImmediate */ EXECUTE IMMEDIATE ' SELECT * FROM INFORMATION_SCHEMA.`GLOBAL_STATUS` AS table1 LIMIT 253 /* QNO 1232 CON_ID 21 */ ' /* TRANSFORM_OUTCOME_UNORDERED_MATCH */ /* QNO 1237 CON_ID 21 */
		    21 Prepare	SELECT * FROM INFORMATION_SCHEMA.`GLOBAL_STATUS` AS table1 LIMIT 253 /* QNO 1232 CON_ID 21 */
		    21 Execute	SELECT * FROM INFORMATION_SCHEMA.`GLOBAL_STATUS` AS table1 LIMIT 253 /* QNO 1232 CON_ID 21 */
		    21 Query	/* GenTest::Transform::ExecuteAsInsertSelect */ CREATE DATABASE IF NOT EXISTS transforms /* QNO 1238 CON_ID 21 */
		    21 Query	/* GenTest::Transform::ExecuteAsIntersect */ (  SELECT * FROM INFORMATION_SCHEMA.`GLOBAL_STATUS` AS table1 LIMIT 253 /* QNO 1232 CON_ID 21 */  ) INTERSECT (  SELECT * FROM INFORMATION_SCHEMA.`GLOBAL_STATUS` AS table1 LIMIT 253 /* QNO 1232 CON_ID 21 */  ) /* TRANSFORM_OUTCOME_DISTINCT */ /* QNO 1239 CON_ID 21 */
		    16 Execute	CREATE OR REPLACE VIEW s AS SELECT * FROM `t8` /* QNO 1154 CON_ID 16 */
		    16 Query	EXECUTE prep_stmt_900 /* TRANSFORM_OUTCOME_UNORDERED_MATCH */ /* QNO 1160 CON_ID 16 */
		    22 Execute	SELECT * FROM INFORMATION_SCHEMA.`REFERENTIAL_CONSTRAINTS` AS table1 ORDER BY table1.`TABLE_NAME`, table1.`DELETE_RULE`, table1.`UPDATE_RULE` LIMIT 27 /* QNO 1071 CON_ID 22 */
		    17 Query	DELETE FROM transforms.delete_returning_3980 RETURNING 1 /* TRANSFORM_OUTCOME_UNORDERED_MATCH */ /* QNO 1437 CON_ID 17 */
		    18 Query	SHOW WARNINGS
		    22 Query	/* GenTest::Transform::ExecuteAsInsertSelect */ CREATE DATABASE IF NOT EXISTS transforms /* QNO 1077 CON_ID 22 */
		    18 Query	DROP TABLE IF EXISTS transforms.insert_select_4904 /* QNO 913 CON_ID 18 */
		    20 Query	SHOW WARNINGS
		    20 Query	CREATE OR REPLACE ALGORITHM=MERGE VIEW transforms.view_1000_merge AS SELECT * FROM mysql.transaction_registry /* QNO 1990 CON_ID 20 */  /* QNO 2020 CON_ID 20 */
		    18 Query	SHOW WARNINGS
		    18 Query	CREATE TABLE transforms.insert_select_4904  SELECT * FROM mysql.`func` AS table1 WHERE table1.`name` < table1.`dl` ORDER BY table1.`ret` LIMIT 28 /* QNO 903 CON_ID 18 */  /* QNO 914 CON_ID 18 */
		    22 Query	/* GenTest::Transform::ExecuteAsIntersect */ (  SELECT * FROM INFORMATION_SCHEMA.`REFERENTIAL_CONSTRAINTS` AS table1 ORDER BY table1.`TABLE_NAME`, table1.`DELETE_RULE`, table1.`UPDATE_RULE` LIMIT 27 /* QNO 1071 CON_ID 22 */  ) INTERSECT (  SELECT * FROM INFORMATION_SCHEMA.`REFERENTIAL_CONSTRAINTS` AS table1 ORDER BY table1.`TABLE_NAME`, table1.`DELETE_RULE`, table1.`UPDATE_RULE` LIMIT 27 /* QNO 1071 CON_ID 22 */  ) /* TRANSFORM_OUTCOME_DISTINCT */ /* QNO 1078 CON_ID 22 */
		    21 Query	(  SELECT * FROM INFORMATION_SCHEMA.`GLOBAL_STATUS` AS table1 LIMIT 253 /* QNO 1232 CON_ID 21 */  ) INTERSECT (  SELECT * FROM INFORMATION_SCHEMA.`GLOBAL_STATUS` AS table1 LIMIT 0 /* QNO 1232 CON_ID 21 */  ) /* TRANSFORM_OUTCOME_EMPTY_RESULT */ /* QNO 1240 CON_ID 21 */
		    21 Query	/* GenTest::Transform::ExecuteAsUnion */ (  SELECT * FROM INFORMATION_SCHEMA.`GLOBAL_STATUS` AS table1 LIMIT 253 /* QNO 1232 CON_ID 21 */  ) UNION ALL (  SELECT * FROM INFORMATION_SCHEMA.`GLOBAL_STATUS` AS table1 LIMIT 0 /* QNO 1232 CON_ID 21 */  ) /* TRANSFORM_OUTCOME_UNORDERED_MATCH */ /* QNO 1241 CON_ID 21 */
		    21 Query	(  SELECT * FROM INFORMATION_SCHEMA.`GLOBAL_STATUS` AS table1 LIMIT 0 /* QNO 1232 CON_ID 21 */  ) UNION ALL (  SELECT * FROM INFORMATION_SCHEMA.`GLOBAL_STATUS` AS table1 LIMIT 253 /* QNO 1232 CON_ID 21 */  ) /* TRANSFORM_OUTCOME_UNORDERED_MATCH */ /* QNO 1242 CON_ID 21 */
		    21 Query	(  SELECT * FROM INFORMATION_SCHEMA.`GLOBAL_STATUS` AS table1 LIMIT 253 /* QNO 1232 CON_ID 21 */  ) UNION DISTINCT (  SELECT * FROM INFORMATION_SCHEMA.`GLOBAL_STATUS` AS table1 LIMIT 253 /* QNO 1232 CON_ID 21 */  ) /* TRANSFORM_OUTCOME_DISTINCT */ /* QNO 1243 CON_ID 21 */
		    21 Query	(  SELECT * FROM INFORMATION_SCHEMA.`GLOBAL_STATUS` AS table1 LIMIT 253 /* QNO 1232 CON_ID 21 */  ) UNION ALL (  SELECT * FROM INFORMATION_SCHEMA.`GLOBAL_STATUS` AS table1 LIMIT 253 /* QNO 1232 CON_ID 21 */  ) /* TRANSFORM_OUTCOME_SUPERSET */ /* QNO 1244 CON_ID 21 */
		    16 Execute	CREATE OR REPLACE VIEW s AS SELECT * FROM `t8` /* QNO 1154 CON_ID 16 */
		    17 Query	/* GenTest::Transform::ExecuteAsExcept */ ( SELECT PREVIOUS VALUE FOR seq6 /* QNO 1432 CON_ID 17 */  ) EXCEPT ( SELECT PREVIOUS VALUE FOR seq6 /* QNO 1432 CON_ID 17 */  ) /* TRANSFORM_OUTCOME_DISTINCT */ /* QNO 1438 CON_ID 17 */
		    16 Query	DEALLOCATE PREPARE prep_stmt_900 /* QNO 1161 CON_ID 16 */
		    21 Query	CREATE OR REPLACE VIEW transforms.view_4888_probe AS  SELECT * FROM INFORMATION_SCHEMA.`GLOBAL_STATUS` AS table1 LIMIT 253 /* QNO 1232 CON_ID 21 */  /* QNO 1245 CON_ID 21 */
		    20 Query	SELECT * FROM transforms.view_1000_merge /* TRANSFORM_OUTCOME_UNORDERED_MATCH */ /* QNO 2021 CON_ID 20 */
		    21 Query	/* GenTest::Transform::ExecuteAsPreparedTwice */ PREPARE prep_stmt_4888 FROM ' SELECT * FROM INFORMATION_SCHEMA.`GLOBAL_STATUS` AS table1 LIMIT 253 /* QNO 1232 CON_ID 21 */ ' /* QNO 1246 CON_ID 21 */
		    21 Prepare	SELECT * FROM INFORMATION_SCHEMA.`GLOBAL_STATUS` AS table1 LIMIT 253 /* QNO 1232 CON_ID 21 */
		    16 Query	/* GenTest::Transform::ExecuteAsSPTwice */ DROP PROCEDURE IF EXISTS stored_proc_900 /* QNO 1162 CON_ID 16 */
		    20 Query	CREATE OR REPLACE ALGORITHM=TEMPTABLE VIEW transforms.view_1000_temptable AS SELECT * FROM mysql.transaction_registry /* QNO 1990 CON_ID 20 */  /* QNO 2022 CON_ID 20 */
		    21 Query	EXECUTE prep_stmt_4888 /* TRANSFORM_OUTCOME_UNORDERED_MATCH */ /* QNO 1247 CON_ID 21 */
		    16 Query	SHOW WARNINGS
190114 12:06:44	    20 Query	SELECT * FROM transforms.view_1000_temptable /* TRANSFORM_OUTCOME_UNORDERED_MATCH */ /* QNO 2023 CON_ID 20 */
		    17 Query	( SELECT PREVIOUS VALUE FOR seq6 /* QNO 1432 CON_ID 17 */  ) EXCEPT ( SELECT PREVIOUS VALUE FOR seq6 /* QNO 1432 CON_ID 17 */  ) /* TRANSFORM_OUTCOME_EMPTY_RESULT */ /* QNO 1439 CON_ID 17 */
		    17 Query	/* GenTest::Transform::ExecuteAsExecuteImmediate */ EXECUTE IMMEDIATE 'SELECT PREVIOUS VALUE FOR seq6 /* QNO 1432 CON_ID 17 */ ' /* TRANSFORM_OUTCOME_UNORDERED_MATCH */ /* QNO 1440 CON_ID 17 */
		    17 Prepare	SELECT PREVIOUS VALUE FOR seq6 /* QNO 1432 CON_ID 17 */
		    17 Execute	SELECT PREVIOUS VALUE FOR seq6 /* QNO 1432 CON_ID 17 */
		    20 Query	DROP VIEW transforms.view_1000_merge , transforms.view_1000_temptable /* QNO 2024 CON_ID 20 */
		    16 Query	CREATE PROCEDURE stored_proc_900 () LANGUAGE SQL CREATE OR REPLACE VIEW s AS SELECT * FROM `t8` /* QNO 1154 CON_ID 16 */  /* QNO 1163 CON_ID 16 */
		    17 Query	/* GenTest::Transform::ExecuteAsInsertSelect */ CREATE DATABASE IF NOT EXISTS transforms /* QNO 1441 CON_ID 17 */
		    20 Query	/* GenTest::Transform::ExecuteAsPreparedTwice */ PREPARE prep_stmt_1000 FROM 'SELECT * FROM mysql.transaction_registry /* QNO 1990 CON_ID 20 */ ' /* QNO 2025 CON_ID 20 */
		    21 Execute	SELECT * FROM INFORMATION_SCHEMA.`GLOBAL_STATUS` AS table1 LIMIT 253 /* QNO 1232 CON_ID 21 */
		    20 Prepare	SELECT * FROM mysql.transaction_registry /* QNO 1990 CON_ID 20 */
		    16 Query	CALL stored_proc_900 /* TRANSFORM_OUTCOME_UNORDERED_MATCH */ /* QNO 1164 CON_ID 16 */
		    20 Query	EXECUTE prep_stmt_1000 /* TRANSFORM_OUTCOME_UNORDERED_MATCH */ /* QNO 2026 CON_ID 20 */
		    20 Execute	SELECT * FROM mysql.transaction_registry /* QNO 1990 CON_ID 20 */
		    21 Query	EXECUTE prep_stmt_4888 /* TRANSFORM_OUTCOME_UNORDERED_MATCH */ /* QNO 1248 CON_ID 21 */
		    21 Execute	SELECT * FROM INFORMATION_SCHEMA.`GLOBAL_STATUS` AS table1 LIMIT 253 /* QNO 1232 CON_ID 21 */
		    21 Query	DEALLOCATE PREPARE prep_stmt_4888 /* QNO 1249 CON_ID 21 */
		    21 Query	/* GenTest::Transform::ExecuteAsSPTwice */ DROP PROCEDURE IF EXISTS stored_proc_4888 /* QNO 1250 CON_ID 21 */
		    21 Query	ALTER TABLE t7 PARTITION BY KEY(vcol10) /* QNO 1251 CON_ID 21 */
		    21 Query	SELECT * from t9 WHERE row_start >= @trx /* QNO 1252 CON_ID 21 */
		    21 Query	UPDATE performance_schema.setup_timers SET timer_name = 'NANOSECOND' /* QNO 1253 CON_ID 21 */
		    21 Query	CREATE OR REPLACE VIEW transforms.view_4888_probe AS UPDATE performance_schema.setup_timers SET timer_name = 'NANOSECOND' /* QNO 1253 CON_ID 21 */  /* QNO 1254 CON_ID 21 */
		    21 Query	SELECT * from `INNODB_SYS_VIRTUAL` WHERE row_start > @trx /* QNO 1255 CON_ID 21 */
		    20 Query	EXECUTE prep_stmt_1000 /* TRANSFORM_OUTCOME_UNORDERED_MATCH */ /* QNO 2027 CON_ID 20 */
		    20 Execute	SELECT * FROM mysql.transaction_registry /* QNO 1990 CON_ID 20 */
		    21 Query	ALTER TABLE t9 MODIFY COLUMN IF EXISTS scol3 TEXT NULL DEFAULT NULL  /* QNO 1256 CON_ID 21 */
		    21 Query	XA END 'xid80'  /* QNO 1257 CON_ID 21 */
		    20 Query	DEALLOCATE PREPARE prep_stmt_1000 /* QNO 2028 CON_ID 20 */
		    21 Query	UPDATE performance_schema.setup_consumers SET enabled = 'NO' WHERE name IN ( 'events_waits_current' ) /* QNO 1258 CON_ID 21 */
		    20 Query	/* GenTest::Transform::ExecuteAsSPTwice */ DROP PROCEDURE IF EXISTS stored_proc_1000 /* QNO 2029 CON_ID 20 */
		    21 Query	CREATE OR REPLACE VIEW transforms.view_4888_probe AS UPDATE performance_schema.setup_consumers SET enabled = 'NO' WHERE name IN ( 'events_waits_current' ) /* QNO 1258 CON_ID 21 */  /* QNO 1259 CON_ID 21 */
		    20 Query	SHOW WARNINGS
		    21 Query	TRUNCATE TABLE performance_schema.events_waits_summary_by_event_name /* QNO 1260 CON_ID 21 */
		    20 Query	CREATE PROCEDURE stored_proc_1000 () LANGUAGE SQL SELECT * FROM mysql.transaction_registry /* QNO 1990 CON_ID 20 */  /* QNO 2030 CON_ID 20 */
		    21 Query	ALTER TABLE t4 ADD CONSTRAINT FOREIGN KEY x (tscol7) REFERENCES t3 (tscol9, tscol2)  /* QNO 1261 CON_ID 21 */
		    21 Query	TRUNCATE TABLE performance_schema.file_summary_by_event_name /* QNO 1262 CON_ID 21 */
		    21 Query	SHOW ENGINE PERFORMANCE_SCHEMA STATUS /* QNO 1263 CON_ID 21 */
		    21 Query	CREATE OR REPLACE VIEW transforms.view_4888_probe AS SHOW ENGINE PERFORMANCE_SCHEMA STATUS /* QNO 1263 CON_ID 21 */  /* QNO 1264 CON_ID 21 */
		    21 Query	SHOW ENGINE PERFORMANCE_SCHEMA STATUS /* QNO 1265 CON_ID 21 */
		    21 Query	CREATE OR REPLACE VIEW transforms.view_4888_probe AS SHOW ENGINE PERFORMANCE_SCHEMA STATUS /* QNO 1265 CON_ID 21 */  /* QNO 1266 CON_ID 21 */
		    21 Query	SHOW ENGINE PERFORMANCE_SCHEMA STATUS /* QNO 1267 CON_ID 21 */
		    21 Query	CREATE OR REPLACE VIEW transforms.view_4888_probe AS SHOW ENGINE PERFORMANCE_SCHEMA STATUS /* QNO 1267 CON_ID 21 */  /* QNO 1268 CON_ID 21 */
		    21 Query	SELECT * FROM `COLLATION_CHARACTER_SET_APPLICABILITY` INTO OUTFILE 'load_COLLATION_CHARACTER_SET_APPLICABILITY'  /* QNO 1269 CON_ID 21 */
		    21 Query	LOAD DATA INFILE 'load_COLLATION_CHARACTER_SET_APPLICABILITY' REPLACE INTO TABLE COLLATION_CHARACTER_SET_APPLICABILITY /* QNO 1270 CON_ID 21 */
		    21 Query	ALTER IGNORE TABLE t2 /*!100301 WAIT 3 */ FORCE, LOCK=DEFAULT, ALGORITHM=INPLACE /* QNO 1271 CON_ID 21 */
		    21 Query	SELECT * from `INNODB_CMP_PER_INDEX` WHERE row_start IN (SELECT row_start FROM `INNODB_FT_CONFIG`) /* QNO 1272 CON_ID 21 */
		    21 Query	SELECT * from `INNODB_FT_INDEX_CACHE` WHERE row_end IN (SELECT row_start FROM t4) /* QNO 1273 CON_ID 21 */
		    21 Query	SELECT * from t2 WHERE row_start IN (SELECT row_start FROM t2) /* QNO 1274 CON_ID 21 */
		    21 Query	UPDATE performance_schema.setup_timers SET timer_name = 'TICK' /* QNO 1275 CON_ID 21 */
		    21 Query	CREATE OR REPLACE VIEW transforms.view_4888_probe AS UPDATE performance_schema.setup_timers SET timer_name = 'TICK' /* QNO 1275 CON_ID 21 */  /* QNO 1276 CON_ID 21 */
		    21 Query	UPDATE performance_schema.setup_timers SET timer_name = 'CYCLE' /* QNO 1277 CON_ID 21 */
		    21 Query	CREATE OR REPLACE VIEW transforms.view_4888_probe AS UPDATE performance_schema.setup_timers SET timer_name = 'CYCLE' /* QNO 1277 CON_ID 21 */  /* QNO 1278 CON_ID 21 */
		    21 Query	SELECT * from t3 WHERE row_start IN (SELECT row_end FROM `INDEX_STATISTICS`) /* QNO 1279 CON_ID 21 */
		    21 Query	TRUNCATE TABLE performance_schema.events_waits_current /* QNO 1280 CON_ID 21 */
		    21 Query	SELECT * FROM test.`t4` AS table1 HAVING ( ( table1.`vcol_dec` <> '1994-06-02 14:09:51.058632' OR table1.`vcol_enum` = '1977-05-27 19:31:19.055815') AND table1.`vcol_datetime` > 'f') ORDER BY table1.`vcol_dec` LIMIT 171 /* QNO 1281 CON_ID 21 */
		    21 Query	UPDATE performance_schema.setup_consumers SET enabled = 'YES' WHERE name IN ( 'events_waits_summary_by_instance' ) /* QNO 1282 CON_ID 21 */
		    21 Query	CREATE OR REPLACE VIEW transforms.view_4888_probe AS UPDATE performance_schema.setup_consumers SET enabled = 'YES' WHERE name IN ( 'events_waits_summary_by_instance' ) /* QNO 1282 CON_ID 21 */  /* QNO 1283 CON_ID 21 */
		    21 Query	UPDATE `t2` SET `vcol_bit` = 'z' WHERE `vcol_int` > 5 /* QNO 1284 CON_ID 21 */
		    21 Query	INSERT INTO `view_t9` ( `pk` ) VALUES (NULL) /* QNO 1285 CON_ID 21 */
		    21 Query	INSERT INTO `view_t3` SELECT * FROM `t7` /* QNO 1286 CON_ID 21 */
		    21 Query	UPDATE performance_schema.setup_consumers SET enabled = 'YES' WHERE name IN ( 'events_waits_summary_by_event_name', 'events_waits_history' ) /* QNO 1287 CON_ID 21 */
		    21 Query	CREATE OR REPLACE VIEW transforms.view_4888_probe AS UPDATE performance_schema.setup_consumers SET enabled = 'YES' WHERE name IN ( 'events_waits_summary_by_event_name', 'events_waits_history' ) /* QNO 1287 CON_ID 21 */  /* QNO 1288 CON_ID 21 */
		    21 Query	SHOW ENGINE PERFORMANCE_SCHEMA STATUS /* QNO 1289 CON_ID 21 */
		    21 Query	CREATE OR REPLACE VIEW transforms.view_4888_probe AS SHOW ENGINE PERFORMANCE_SCHEMA STATUS /* QNO 1289 CON_ID 21 */  /* QNO 1290 CON_ID 21 */
		    21 Query	DELETE FROM `t4` WHERE `col_varchar` <= 1 LIMIT 3 /* QNO 1291 CON_ID 21 */
		    21 Query	SELECT * FROM test.`t4` AS table1 WHERE NOT table1.`vcol_enum` != 2 ORDER BY table1.`vcol_char` LIMIT 90 /* QNO 1292 CON_ID 21 */
		    21 Query	UPDATE performance_schema.setup_instruments SET ENABLED = 'NO' WHERE NAME LIKE 'wait/synch%' /* QNO 1293 CON_ID 21 */
		    21 Query	CREATE OR REPLACE VIEW transforms.view_4888_probe AS UPDATE performance_schema.setup_instruments SET ENABLED = 'NO' WHERE NAME LIKE 'wait/synch%' /* QNO 1293 CON_ID 21 */  /* QNO 1294 CON_ID 21 */
		    21 Query	SELECT * FROM performance_schema.`events_statements_summary_by_user_by_event_name` AS table1 WHERE (NOT ( table1.`SUM_SORT_SCAN` != table1.`COUNT_STAR` OR table1.`SUM_SORT_ROWS` IN ( 2, 0, 2 )) AND table1.`AVG_TIMER_WAIT` < 9) LIMIT 135 /* QNO 1295 CON_ID 21 */
		    21 Query	/* GenTest::Transform::ExecuteAsCTE */  WITH cte1 AS ( SELECT * FROM performance_schema.`events_statements_summary_by_user_by_event_name` AS table1 WHERE( NOT( table1.`SUM_SORT_SCAN` != table1.`COUNT_STAR` OR table1.`SUM_SORT_ROWS` IN( 2, 0, 2)) AND table1.`AVG_TIMER_WAIT` < 9) LIMIT 135 /* QNO 1295 CON_ID 21 */ ) SELECT * FROM cte1  /* TRANSFORM_OUTCOME_UNORDERED_MATCH */ /* QNO 1296 CON_ID 21 */
		    21 Query	/* GenTest::Transform::ExecuteAsExcept */ (  SELECT * FROM performance_schema.`events_statements_summary_by_user_by_event_name` AS table1 WHERE (NOT ( table1.`SUM_SORT_SCAN` != table1.`COUNT_STAR` OR table1.`SUM_SORT_ROWS` IN ( 2, 0, 2 )) AND table1.`AVG_TIMER_WAIT` < 9) LIMIT 135 /* QNO 1295 CON_ID 21 */  ) EXCEPT (  SELECT * FROM performance_schema.`events_statements_summary_by_user_by_event_name` AS table1 WHERE (NOT ( table1.`SUM_SORT_SCAN` != table1.`COUNT_STAR` OR table1.`SUM_SORT_ROWS` IN ( 2, 0, 2 )) AND table1.`AVG_TIMER_WAIT` < 9) LIMIT 0 /* QNO 1295 CON_ID 21 */  ) /* TRANSFORM_OUTCOME_DISTINCT */ /* QNO 1297 CON_ID 21 */
		    21 Query	(  SELECT * FROM performance_schema.`events_statements_summary_by_user_by_event_name` AS table1 WHERE (NOT ( table1.`SUM_SORT_SCAN` != table1.`COUNT_STAR` OR table1.`SUM_SORT_ROWS` IN ( 2, 0, 2 )) AND table1.`AVG_TIMER_WAIT` < 9) LIMIT 135 /* QNO 1295 CON_ID 21 */  ) EXCEPT (  SELECT * FROM performance_schema.`events_statements_summary_by_user_by_event_name` AS table1 WHERE (NOT ( table1.`SUM_SORT_SCAN` != table1.`COUNT_STAR` OR table1.`SUM_SORT_ROWS` IN ( 2, 0, 2 )) AND table1.`AVG_TIMER_WAIT` < 9) LIMIT 135 /* QNO 1295 CON_ID 21 */  ) /* TRANSFORM_OUTCOME_EMPTY_RESULT */ /* QNO 1298 CON_ID 21 */
		    21 Query	/* GenTest::Transform::ExecuteAsExecuteImmediate */ EXECUTE IMMEDIATE ' SELECT * FROM performance_schema.`events_statements_summary_by_user_by_event_name` AS table1 WHERE (NOT ( table1.`SUM_SORT_SCAN` != table1.`COUNT_STAR` OR table1.`SUM_SORT_ROWS` IN ( 2, 0, 2 )) AND table1.`AVG_TIMER_WAIT` < 9) LIMIT 135 /* QNO 1295 CON_ID 21 */ ' /* TRANSFORM_OUTCOME_UNORDERED_MATCH */ /* QNO 1299 CON_ID 21 */
		    21 Prepare	SELECT * FROM performance_schema.`events_statements_summary_by_user_by_event_name` AS table1 WHERE (NOT ( table1.`SUM_SORT_SCAN` != table1.`COUNT_STAR` OR table1.`SUM_SORT_ROWS` IN ( 2, 0, 2 )) AND table1.`AVG_TIMER_WAIT` < 9) LIMIT 135 /* QNO 1295 CON_ID 21 */
		    21 Execute	SELECT * FROM performance_schema.`events_statements_summary_by_user_by_event_name` AS table1 WHERE (NOT ( table1.`SUM_SORT_SCAN` != table1.`COUNT_STAR` OR table1.`SUM_SORT_ROWS` IN ( 2, 0, 2 )) AND table1.`AVG_TIMER_WAIT` < 9) LIMIT 135 /* QNO 1295 CON_ID 21 */
		    21 Query	/* GenTest::Transform::ExecuteAsInsertSelect */ CREATE DATABASE IF NOT EXISTS transforms /* QNO 1300 CON_ID 21 */
		    21 Query	/* GenTest::Transform::ExecuteAsIntersect */ (  SELECT * FROM performance_schema.`events_statements_summary_by_user_by_event_name` AS table1 WHERE (NOT ( table1.`SUM_SORT_SCAN` != table1.`COUNT_STAR` OR table1.`SUM_SORT_ROWS` IN ( 2, 0, 2 )) AND table1.`AVG_TIMER_WAIT` < 9) LIMIT 135 /* QNO 1295 CON_ID 21 */  ) INTERSECT (  SELECT * FROM performance_schema.`events_statements_summary_by_user_by_event_name` AS table1 WHERE (NOT ( table1.`SUM_SORT_SCAN` != table1.`COUNT_STAR` OR table1.`SUM_SORT_ROWS` IN ( 2, 0, 2 )) AND table1.`AVG_TIMER_WAIT` < 9) LIMIT 135 /* QNO 1295 CON_ID 21 */  ) /* TRANSFORM_OUTCOME_DISTINCT */ /* QNO 1301 CON_ID 21 */
		    21 Query	(  SELECT * FROM performance_schema.`events_statements_summary_by_user_by_event_name` AS table1 WHERE (NOT ( table1.`SUM_SORT_SCAN` != table1.`COUNT_STAR` OR table1.`SUM_SORT_ROWS` IN ( 2, 0, 2 )) AND table1.`AVG_TIMER_WAIT` < 9) LIMIT 135 /* QNO 1295 CON_ID 21 */  ) INTERSECT (  SELECT * FROM performance_schema.`events_statements_summary_by_user_by_event_name` AS table1 WHERE (NOT ( table1.`SUM_SORT_SCAN` != table1.`COUNT_STAR` OR table1.`SUM_SORT_ROWS` IN ( 2, 0, 2 )) AND table1.`AVG_TIMER_WAIT` < 9) LIMIT 0 /* QNO 1295 CON_ID 21 */  ) /* TRANSFORM_OUTCOME_EMPTY_RESULT */ /* QNO 1302 CON_ID 21 */
		    21 Query	/* GenTest::Transform::ExecuteAsUnion */ (  SELECT * FROM performance_schema.`events_statements_summary_by_user_by_event_name` AS table1 WHERE (NOT ( table1.`SUM_SORT_SCAN` != table1.`COUNT_STAR` OR table1.`SUM_SORT_ROWS` IN ( 2, 0, 2 )) AND table1.`AVG_TIMER_WAIT` < 9) LIMIT 135 /* QNO 1295 CON_ID 21 */  ) UNION ALL (  SELECT * FROM performance_schema.`events_statements_summary_by_user_by_event_name` AS table1 WHERE (NOT ( table1.`SUM_SORT_SCAN` != table1.`COUNT_STAR` OR table1.`SUM_SORT_ROWS` IN ( 2, 0, 2 )) AND table1.`AVG_TIMER_WAIT` < 9) LIMIT 0 /* QNO 1295 CON_ID 21 */  ) /* TRANSFORM_OUTCOME_UNORDERED_MATCH */ /* QNO 1303 CON_ID 21 */
		    21 Query	(  SELECT * FROM performance_schema.`events_statements_summary_by_user_by_event_name` AS table1 WHERE (NOT ( table1.`SUM_SORT_SCAN` != table1.`COUNT_STAR` OR table1.`SUM_SORT_ROWS` IN ( 2, 0, 2 )) AND table1.`AVG_TIMER_WAIT` < 9) LIMIT 0 /* QNO 1295 CON_ID 21 */  ) UNION ALL (  SELECT * FROM performance_schema.`events_statements_summary_by_user_by_event_name` AS table1 WHERE (NOT ( table1.`SUM_SORT_SCAN` != table1.`COUNT_STAR` OR table1.`SUM_SORT_ROWS` IN ( 2, 0, 2 )) AND table1.`AVG_TIMER_WAIT` < 9) LIMIT 135 /* QNO 1295 CON_ID 21 */  ) /* TRANSFORM_OUTCOME_UNORDERED_MATCH */ /* QNO 1304 CON_ID 21 */
		    21 Query	(  SELECT * FROM performance_schema.`events_statements_summary_by_user_by_event_name` AS table1 WHERE (NOT ( table1.`SUM_SORT_SCAN` != table1.`COUNT_STAR` OR table1.`SUM_SORT_ROWS` IN ( 2, 0, 2 )) AND table1.`AVG_TIMER_WAIT` < 9) LIMIT 135 /* QNO 1295 CON_ID 21 */  ) UNION DISTINCT (  SELECT * FROM performance_schema.`events_statements_summary_by_user_by_event_name` AS table1 WHERE (NOT ( table1.`SUM_SORT_SCAN` != table1.`COUNT_STAR` OR table1.`SUM_SORT_ROWS` IN ( 2, 0, 2 )) AND table1.`AVG_TIMER_WAIT` < 9) LIMIT 135 /* QNO 1295 CON_ID 21 */  ) /* TRANSFORM_OUTCOME_DISTINCT */ /* QNO 1305 CON_ID 21 */
		    21 Query	(  SELECT * FROM performance_schema.`events_statements_summary_by_user_by_event_name` AS table1 WHERE (NOT ( table1.`SUM_SORT_SCAN` != table1.`COUNT_STAR` OR table1.`SUM_SORT_ROWS` IN ( 2, 0, 2 )) AND table1.`AVG_TIMER_WAIT` < 9) LIMIT 135 /* QNO 1295 CON_ID 21 */  ) UNION ALL (  SELECT * FROM performance_schema.`events_statements_summary_by_user_by_event_name` AS table1 WHERE (NOT ( table1.`SUM_SORT_SCAN` != table1.`COUNT_STAR` OR table1.`SUM_SORT_ROWS` IN ( 2, 0, 2 )) AND table1.`AVG_TIMER_WAIT` < 9) LIMIT 135 /* QNO 1295 CON_ID 21 */  ) /* TRANSFORM_OUTCOME_SUPERSET */ /* QNO 1306 CON_ID 21 */
		    21 Query	CREATE OR REPLACE VIEW transforms.view_4888_probe AS  SELECT * FROM performance_schema.`events_statements_summary_by_user_by_event_name` AS table1 WHERE (NOT ( table1.`SUM_SORT_SCAN` != table1.`COUNT_STAR` OR table1.`SUM_SORT_ROWS` IN ( 2, 0, 2 )) AND table1.`AVG_TIMER_WAIT` < 9) LIMIT 135 /* QNO 1295 CON_ID 21 */  /* QNO 1307 CON_ID 21 */
		    21 Query	/* GenTest::Transform::ExecuteAsPreparedTwice */ PREPARE prep_stmt_4888 FROM ' SELECT * FROM performance_schema.`events_statements_summary_by_user_by_event_name` AS table1 WHERE (NOT ( table1.`SUM_SORT_SCAN` != table1.`COUNT_STAR` OR table1.`SUM_SORT_ROWS` IN ( 2, 0, 2 )) AND table1.`AVG_TIMER_WAIT` < 9) LIMIT 135 /* QNO 1295 CON_ID 21 */ ' /* QNO 1308 CON_ID 21 */
		    21 Prepare	SELECT * FROM performance_schema.`events_statements_summary_by_user_by_event_name` AS table1 WHERE (NOT ( table1.`SUM_SORT_SCAN` != table1.`COUNT_STAR` OR table1.`SUM_SORT_ROWS` IN ( 2, 0, 2 )) AND table1.`AVG_TIMER_WAIT` < 9) LIMIT 135 /* QNO 1295 CON_ID 21 */
		    21 Query	EXECUTE prep_stmt_4888 /* TRANSFORM_OUTCOME_UNORDERED_MATCH */ /* QNO 1309 CON_ID 21 */
		    21 Execute	SELECT * FROM performance_schema.`events_statements_summary_by_user_by_event_name` AS table1 WHERE (NOT ( table1.`SUM_SORT_SCAN` != table1.`COUNT_STAR` OR table1.`SUM_SORT_ROWS` IN ( 2, 0, 2 )) AND table1.`AVG_TIMER_WAIT` < 9) LIMIT 135 /* QNO 1295 CON_ID 21 */
		    21 Query	EXECUTE prep_stmt_4888 /* TRANSFORM_OUTCOME_UNORDERED_MATCH */ /* QNO 1310 CON_ID 21 */
		    21 Execute	SELECT * FROM performance_schema.`events_statements_summary_by_user_by_event_name` AS table1 WHERE (NOT ( table1.`SUM_SORT_SCAN` != table1.`COUNT_STAR` OR table1.`SUM_SORT_ROWS` IN ( 2, 0, 2 )) AND table1.`AVG_TIMER_WAIT` < 9) LIMIT 135 /* QNO 1295 CON_ID 21 */
		    21 Query	DEALLOCATE PREPARE prep_stmt_4888 /* QNO 1311 CON_ID 21 */
		    21 Query	/* GenTest::Transform::ExecuteAsSPTwice */ DROP PROCEDURE IF EXISTS stored_proc_4888 /* QNO 1312 CON_ID 21 */
		    21 Query	TRUNCATE TABLE performance_schema.events_waits_summary_by_event_name /* QNO 1313 CON_ID 21 */
		    21 Query	XA PREPARE 'xid80'  /* QNO 1314 CON_ID 21 */
		    21 Query	SHOW ENGINE PERFORMANCE_SCHEMA STATUS /* QNO 1315 CON_ID 21 */
		    21 Query	CREATE OR REPLACE VIEW transforms.view_4888_probe AS SHOW ENGINE PERFORMANCE_SCHEMA STATUS /* QNO 1315 CON_ID 21 */  /* QNO 1316 CON_ID 21 */
		    21 Query	INSERT INTO t9 ( scol2 ) SELECT scol5 FROM t5 /* QNO 1317 CON_ID 21 */
		    21 Query	SELECT * FROM test.`view_t1` AS table1 HAVING table1.`vcol_date` > 'dq' IS NULL LIMIT 8 /* QNO 1318 CON_ID 21 */
		    21 Query	SELECT * from t5 WHERE row_end IN (SELECT row_start FROM `t4`) /* QNO 1319 CON_ID 21 */
		    21 Query	UPDATE performance_schema.setup_instruments SET ENABLED = 'YES' ORDER BY RAND() LIMIT 6 /* QNO 1320 CON_ID 21 */
		    21 Query	CREATE OR REPLACE VIEW transforms.view_4888_probe AS UPDATE performance_schema.setup_instruments SET ENABLED = 'YES' ORDER BY RAND() LIMIT 6 /* QNO 1320 CON_ID 21 */  /* QNO 1321 CON_ID 21 */
		    21 Query	TRUNCATE TABLE performance_schema.events_waits_summary_by_instance /* QNO 1322 CON_ID 21 */
		    21 Query	ALTER IGNORE TABLE t2 /*!100301 NOWAIT */ ADD CONSTRAINT FOREIGN KEY i (vcol7) REFERENCES `view_t9` (ecol7) ON DELETE RESTRICT, ADD FULLTEXT KEY(scol5), ALGORITHM=INPLACE  /* QNO 1323 CON_ID 21 */
		    21 Query	SELECT * FROM performance_schema.`table_lock_waits_summary_by_table` AS table1 WHERE table1.`SUM_TIMER_READ_HIGH_PRIORITY` IN ( 0, 9, 7 ) LIMIT 44 /* QNO 1324 CON_ID 21 */
		    21 Query	/* GenTest::Transform::ExecuteAsCTE */  WITH cte1 AS ( SELECT * FROM performance_schema.`table_lock_waits_summary_by_table` AS table1 WHERE table1.`SUM_TIMER_READ_HIGH_PRIORITY` IN( 0, 9, 7) LIMIT 44 /* QNO 1324 CON_ID 21 */ ) SELECT * FROM cte1  /* TRANSFORM_OUTCOME_UNORDERED_MATCH */ /* QNO 1325 CON_ID 21 */
		    21 Query	/* GenTest::Transform::ExecuteAsExcept */ (  SELECT * FROM performance_schema.`table_lock_waits_summary_by_table` AS table1 WHERE table1.`SUM_TIMER_READ_HIGH_PRIORITY` IN ( 0, 9, 7 ) LIMIT 44 /* QNO 1324 CON_ID 21 */  ) EXCEPT (  SELECT * FROM performance_schema.`table_lock_waits_summary_by_table` AS table1 WHERE table1.`SUM_TIMER_READ_HIGH_PRIORITY` IN ( 0, 9, 7 ) LIMIT 0 /* QNO 1324 CON_ID 21 */  ) /* TRANSFORM_OUTCOME_DISTINCT */ /* QNO 1326 CON_ID 21 */
		    21 Query	(  SELECT * FROM performance_schema.`table_lock_waits_summary_by_table` AS table1 WHERE table1.`SUM_TIMER_READ_HIGH_PRIORITY` IN ( 0, 9, 7 ) LIMIT 44 /* QNO 1324 CON_ID 21 */  ) EXCEPT (  SELECT * FROM performance_schema.`table_lock_waits_summary_by_table` AS table1 WHERE table1.`SUM_TIMER_READ_HIGH_PRIORITY` IN ( 0, 9, 7 ) LIMIT 44 /* QNO 1324 CON_ID 21 */  ) /* TRANSFORM_OUTCOME_EMPTY_RESULT */ /* QNO 1327 CON_ID 21 */
		    16 Query	CALL stored_proc_900 /* TRANSFORM_OUTCOME_UNORDERED_MATCH */ /* QNO 1165 CON_ID 16 */
		    21 Query	/* GenTest::Transform::ExecuteAsExecuteImmediate */ EXECUTE IMMEDIATE ' SELECT * FROM performance_schema.`table_lock_waits_summary_by_table` AS table1 WHERE table1.`SUM_TIMER_READ_HIGH_PRIORITY` IN ( 0, 9, 7 ) LIMIT 44 /* QNO 1324 CON_ID 21 */ ' /* TRANSFORM_OUTCOME_UNORDERED_MATCH */ /* QNO 1328 CON_ID 21 */
		    21 Prepare	SELECT * FROM performance_schema.`table_lock_waits_summary_by_table` AS table1 WHERE table1.`SUM_TIMER_READ_HIGH_PRIORITY` IN ( 0, 9, 7 ) LIMIT 44 /* QNO 1324 CON_ID 21 */
		    21 Execute	SELECT * FROM performance_schema.`table_lock_waits_summary_by_table` AS table1 WHERE table1.`SUM_TIMER_READ_HIGH_PRIORITY` IN ( 0, 9, 7 ) LIMIT 44 /* QNO 1324 CON_ID 21 */
		    21 Query	/* GenTest::Transform::ExecuteAsInsertSelect */ CREATE DATABASE IF NOT EXISTS transforms /* QNO 1329 CON_ID 21 */
		    21 Query	/* GenTest::Transform::ExecuteAsIntersect */ (  SELECT * FROM performance_schema.`table_lock_waits_summary_by_table` AS table1 WHERE table1.`SUM_TIMER_READ_HIGH_PRIORITY` IN ( 0, 9, 7 ) LIMIT 44 /* QNO 1324 CON_ID 21 */  ) INTERSECT (  SELECT * FROM performance_schema.`table_lock_waits_summary_by_table` AS table1 WHERE table1.`SUM_TIMER_READ_HIGH_PRIORITY` IN ( 0, 9, 7 ) LIMIT 44 /* QNO 1324 CON_ID 21 */  ) /* TRANSFORM_OUTCOME_DISTINCT */ /* QNO 1330 CON_ID 21 */
		    21 Query	(  SELECT * FROM performance_schema.`table_lock_waits_summary_by_table` AS table1 WHERE table1.`SUM_TIMER_READ_HIGH_PRIORITY` IN ( 0, 9, 7 ) LIMIT 44 /* QNO 1324 CON_ID 21 */  ) INTERSECT (  SELECT * FROM performance_schema.`table_lock_waits_summary_by_table` AS table1 WHERE table1.`SUM_TIMER_READ_HIGH_PRIORITY` IN ( 0, 9, 7 ) LIMIT 0 /* QNO 1324 CON_ID 21 */  ) /* TRANSFORM_OUTCOME_EMPTY_RESULT */ /* QNO 1331 CON_ID 21 */
		    21 Query	/* GenTest::Transform::ExecuteAsUnion */ (  SELECT * FROM performance_schema.`table_lock_waits_summary_by_table` AS table1 WHERE table1.`SUM_TIMER_READ_HIGH_PRIORITY` IN ( 0, 9, 7 ) LIMIT 44 /* QNO 1324 CON_ID 21 */  ) UNION ALL (  SELECT * FROM performance_schema.`table_lock_waits_summary_by_table` AS table1 WHERE table1.`SUM_TIMER_READ_HIGH_PRIORITY` IN ( 0, 9, 7 ) LIMIT 0 /* QNO 1324 CON_ID 21 */  ) /* TRANSFORM_OUTCOME_UNORDERED_MATCH */ /* QNO 1332 CON_ID 21 */
		    18 Query	SELECT * FROM transforms.insert_select_4904 /* TRANSFORM_OUTCOME_UNORDERED_MATCH */ /* QNO 915 CON_ID 18 */
		    18 Query	DELETE FROM transforms.insert_select_4904 /* QNO 916 CON_ID 18 */
		    21 Query	(  SELECT * FROM performance_schema.`table_lock_waits_summary_by_table` AS table1 WHERE table1.`SUM_TIMER_READ_HIGH_PRIORITY` IN ( 0, 9, 7 ) LIMIT 0 /* QNO 1324 CON_ID 21 */  ) UNION ALL (  SELECT * FROM performance_schema.`table_lock_waits_summary_by_table` AS table1 WHERE table1.`SUM_TIMER_READ_HIGH_PRIORITY` IN ( 0, 9, 7 ) LIMIT 44 /* QNO 1324 CON_ID 21 */  ) /* TRANSFORM_OUTCOME_UNORDERED_MATCH */ /* QNO 1333 CON_ID 21 */
		    17 Query	SHOW WARNINGS
		    17 Query	DROP TABLE IF EXISTS transforms.insert_select_3980 /* QNO 1442 CON_ID 17 */
		    17 Query	SHOW WARNINGS
		    17 Query	CREATE TABLE transforms.insert_select_3980 SELECT PREVIOUS VALUE FOR seq6 /* QNO 1432 CON_ID 17 */  /* QNO 1443 CON_ID 17 */
		    21 Query	(  SELECT * FROM performance_schema.`table_lock_waits_summary_by_table` AS table1 WHERE table1.`SUM_TIMER_READ_HIGH_PRIORITY` IN ( 0, 9, 7 ) LIMIT 44 /* QNO 1324 CON_ID 21 */  ) UNION DISTINCT (  SELECT * FROM performance_schema.`table_lock_waits_summary_by_table` AS table1 WHERE table1.`SUM_TIMER_READ_HIGH_PRIORITY` IN ( 0, 9, 7 ) LIMIT 44 /* QNO 1324 CON_ID 21 */  ) /* TRANSFORM_OUTCOME_DISTINCT */ /* QNO 1334 CON_ID 21 */
		    21 Query	(  SELECT * FROM performance_schema.`table_lock_waits_summary_by_table` AS table1 WHERE table1.`SUM_TIMER_READ_HIGH_PRIORITY` IN ( 0, 9, 7 ) LIMIT 44 /* QNO 1324 CON_ID 21 */  ) UNION ALL (  SELECT * FROM performance_schema.`table_lock_waits_summary_by_table` AS table1 WHERE table1.`SUM_TIMER_READ_HIGH_PRIORITY` IN ( 0, 9, 7 ) LIMIT 44 /* QNO 1324 CON_ID 21 */  ) /* TRANSFORM_OUTCOME_SUPERSET */ /* QNO 1335 CON_ID 21 */
		    21 Query	CREATE OR REPLACE VIEW transforms.view_4888_probe AS  SELECT * FROM performance_schema.`table_lock_waits_summary_by_table` AS table1 WHERE table1.`SUM_TIMER_READ_HIGH_PRIORITY` IN ( 0, 9, 7 ) LIMIT 44 /* QNO 1324 CON_ID 21 */  /* QNO 1336 CON_ID 21 */
		    21 Query	/* GenTest::Transform::ExecuteAsPreparedTwice */ PREPARE prep_stmt_4888 FROM ' SELECT * FROM performance_schema.`table_lock_waits_summary_by_table` AS table1 WHERE table1.`SUM_TIMER_READ_HIGH_PRIORITY` IN ( 0, 9, 7 ) LIMIT 44 /* QNO 1324 CON_ID 21 */ ' /* QNO 1337 CON_ID 21 */
		    21 Prepare	SELECT * FROM performance_schema.`table_lock_waits_summary_by_table` AS table1 WHERE table1.`SUM_TIMER_READ_HIGH_PRIORITY` IN ( 0, 9, 7 ) LIMIT 44 /* QNO 1324 CON_ID 21 */
		    21 Query	EXECUTE prep_stmt_4888 /* TRANSFORM_OUTCOME_UNORDERED_MATCH */ /* QNO 1338 CON_ID 21 */
		    21 Execute	SELECT * FROM performance_schema.`table_lock_waits_summary_by_table` AS table1 WHERE table1.`SUM_TIMER_READ_HIGH_PRIORITY` IN ( 0, 9, 7 ) LIMIT 44 /* QNO 1324 CON_ID 21 */
		    21 Query	EXECUTE prep_stmt_4888 /* TRANSFORM_OUTCOME_UNORDERED_MATCH */ /* QNO 1339 CON_ID 21 */
		    21 Execute	SELECT * FROM performance_schema.`table_lock_waits_summary_by_table` AS table1 WHERE table1.`SUM_TIMER_READ_HIGH_PRIORITY` IN ( 0, 9, 7 ) LIMIT 44 /* QNO 1324 CON_ID 21 */
		    21 Query	DEALLOCATE PREPARE prep_stmt_4888 /* QNO 1340 CON_ID 21 */
		    21 Query	/* GenTest::Transform::ExecuteAsSPTwice */ DROP PROCEDURE IF EXISTS stored_proc_4888 /* QNO 1341 CON_ID 21 */
		    21 Query	ALTER SEQUENCE IF EXISTS seq8 RESTART -1487595251915816960 /* QNO 1342 CON_ID 21 */
		    21 Query	INSERT INTO `accounts` SELECT * FROM `table_io_waits_summary_by_table` /* QNO 1343 CON_ID 21 */
		    21 Query	SHOW CREATE TABLE seq8 /* QNO 1344 CON_ID 21 */
		    21 Query	UPDATE performance_schema.setup_instruments SET ENABLED = 'NO' ORDER BY RAND() LIMIT 3 /* QNO 1345 CON_ID 21 */
		    21 Query	CREATE OR REPLACE VIEW transforms.view_4888_probe AS UPDATE performance_schema.setup_instruments SET ENABLED = 'NO' ORDER BY RAND() LIMIT 3 /* QNO 1345 CON_ID 21 */  /* QNO 1346 CON_ID 21 */
		    21 Query	SELECT MAXIMUM_VALUE FROM seq5 /* QNO 1347 CON_ID 21 */
		    21 Query	SHOW ENGINE PERFORMANCE_SCHEMA STATUS /* QNO 1348 CON_ID 21 */
		    21 Query	CREATE OR REPLACE VIEW transforms.view_4888_probe AS SHOW ENGINE PERFORMANCE_SCHEMA STATUS /* QNO 1348 CON_ID 21 */  /* QNO 1349 CON_ID 21 */
		    21 Query	CREATE OR REPLACE SEQUENCE seq5 CYCLE  /* QNO 1350 CON_ID 21 */
		    21 Query	UPDATE performance_schema.setup_consumers SET enabled = 'YES' WHERE name IN ( 'events_waits_summary_by_event_name', 'events_waits_summary_by_event_name' ) /* QNO 1351 CON_ID 21 */
		    21 Query	CREATE OR REPLACE VIEW transforms.view_4888_probe AS UPDATE performance_schema.setup_consumers SET enabled = 'YES' WHERE name IN ( 'events_waits_summary_by_event_name', 'events_waits_summary_by_event_name' ) /* QNO 1351 CON_ID 21 */  /* QNO 1352 CON_ID 21 */
		    21 Query	SELECT * FROM test.`view_t7` AS table1 HAVING table1.`col_blob` <> 6 LIMIT 36 /* QNO 1353 CON_ID 21 */
		    21 Query	XA BEGIN 'xid108'  /* QNO 1354 CON_ID 21 */
		    21 Query	ALTER TABLE t6 ADD COLUMN IF NOT EXISTS tscol4 TIMESTAMP NOT NULL DEFAULT CURRENT_TIMESTAMP, ALGORITHM=DEFAULT, LOCK=NONE, DROP PRIMARY KEY, FORCE, LOCK=DEFAULT, ALGORITHM=DEFAULT /* QNO 1355 CON_ID 21 */
		    21 Query	ALTER ONLINE TABLE t5 /*!100301 NOWAIT */ ADD FOREIGN KEY (`col_timestamp`) REFERENCES t5 (icol9) ON DELETE CASCADE  /* QNO 1356 CON_ID 21 */
		    21 Query	INSERT INTO `view_t4` SELECT * FROM `t8` /* QNO 1357 CON_ID 21 */
		    21 Query	INSERT INTO `view_t6` SELECT * FROM `view_t5` /* QNO 1358 CON_ID 21 */
		    21 Query	SHOW CREATE SEQUENCE seq9 /* QNO 1359 CON_ID 21 */
		    21 Query	SHOW ENGINE PERFORMANCE_SCHEMA STATUS /* QNO 1360 CON_ID 21 */
		    21 Query	CREATE OR REPLACE VIEW transforms.view_4888_probe AS SHOW ENGINE PERFORMANCE_SCHEMA STATUS /* QNO 1360 CON_ID 21 */  /* QNO 1361 CON_ID 21 */
		    21 Query	RENAME TABLE seq6 TO seq6 /* QNO 1362 CON_ID 21 */
		    21 Query	UPDATE performance_schema.setup_instruments SET ENABLED = 'NO' WHERE NAME LIKE 'wait/synch%' /* QNO 1363 CON_ID 21 */
		    21 Query	CREATE OR REPLACE VIEW transforms.view_4888_probe AS UPDATE performance_schema.setup_instruments SET ENABLED = 'NO' WHERE NAME LIKE 'wait/synch%' /* QNO 1363 CON_ID 21 */  /* QNO 1364 CON_ID 21 */
		    21 Query	INSERT INTO `t1` SELECT * FROM `t7` /* QNO 1365 CON_ID 21 */
		    21 Query	UPDATE performance_schema.setup_timers SET timer_name = 'TICK' /* QNO 1366 CON_ID 21 */
		    21 Query	CREATE OR REPLACE VIEW transforms.view_4888_probe AS UPDATE performance_schema.setup_timers SET timer_name = 'TICK' /* QNO 1366 CON_ID 21 */  /* QNO 1367 CON_ID 21 */
		    21 Query	SET STATEMENT system_versioning_alter_history=KEEP FOR ALTER TABLE t9 DROP PARTITION IF EXISTS ver_p4 /* QNO 1368 CON_ID 21 */
		    21 Query	XA ROLLBACK 'inactive_xid'  /* QNO 1369 CON_ID 21 */
		    21 Query	SELECT * FROM (mysql.`user` AS table1 STRAIGHT_JOIN test.`t1` AS table2 ON ( table2.`vcol_int` = table1.`File_priv` ) ) ORDER BY table2.`col_datetime` LIMIT 154 /* QNO 1370 CON_ID 21 */
		    21 Query	TRUNCATE TABLE performance_schema.events_waits_history /* QNO 1371 CON_ID 21 */
		    21 Query	UPDATE `t3` SET `vcol_enum` = 'q' WHERE `col_char` >= 9 /* QNO 1372 CON_ID 21 */
		    21 Query	SELECT * FROM `view_t4` INTO OUTFILE 'load_view_t4'  /* QNO 1373 CON_ID 21 */
		    21 Query	LOAD DATA INFILE 'load_view_t4' IGNORE INTO TABLE view_t4 /* QNO 1374 CON_ID 21 */
		    21 Query	LOCK TABLE `t4` WRITE /* QNO 1375 CON_ID 21 */
		    21 Query	SHOW ENGINE PERFORMANCE_SCHEMA STATUS /* QNO 1376 CON_ID 21 */
		    21 Query	CREATE OR REPLACE VIEW transforms.view_4888_probe AS SHOW ENGINE PERFORMANCE_SCHEMA STATUS /* QNO 1376 CON_ID 21 */  /* QNO 1377 CON_ID 21 */
		    21 Query	SHOW ENGINE PERFORMANCE_SCHEMA STATUS /* QNO 1378 CON_ID 21 */
		    21 Query	CREATE OR REPLACE VIEW transforms.view_4888_probe AS SHOW ENGINE PERFORMANCE_SCHEMA STATUS /* QNO 1378 CON_ID 21 */  /* QNO 1379 CON_ID 21 */
		    21 Query	INSERT INTO `view_t5` ( `pk` ) VALUES (NULL) /* QNO 1380 CON_ID 21 */
		    21 Query	TRUNCATE TABLE performance_schema.events_waits_summary_by_instance /* QNO 1381 CON_ID 21 */
		    21 Query	XA RECOVER /* QNO 1382 CON_ID 21 */
		    21 Query	CREATE OR REPLACE VIEW transforms.view_4888_probe AS XA RECOVER /* QNO 1382 CON_ID 21 */  /* QNO 1383 CON_ID 21 */
		    21 Query	SHOW ENGINE PERFORMANCE_SCHEMA STATUS /* QNO 1384 CON_ID 21 */
		    21 Query	CREATE OR REPLACE VIEW transforms.view_4888_probe AS SHOW ENGINE PERFORMANCE_SCHEMA STATUS /* QNO 1384 CON_ID 21 */  /* QNO 1385 CON_ID 21 */
		    21 Query	ALTER IGNORE TABLE t7 ADD FULLTEXT KEY(scol7), LOCK=DEFAULT /* QNO 1386 CON_ID 21 */
		    21 Query	UPDATE `view_t7` SET `vcol_varchar` = 7 WHERE `vcol_char` < 'w' /* QNO 1387 CON_ID 21 */
		    21 Query	OPTIMIZE TABLE `t5`  /* QNO 1388 CON_ID 21 */
		    21 Query	DELETE FROM `t4` WHERE `col_year` != 1 LIMIT 3 /* QNO 1389 CON_ID 21 */
		    21 Query	SELECT * FROM `view_t2` INTO OUTFILE 'load_view_t2'  /* QNO 1390 CON_ID 21 */
		    21 Query	LOAD DATA INFILE 'load_view_t2' REPLACE INTO TABLE view_t2 /* QNO 1391 CON_ID 21 */
		    21 Query	DELETE FROM `view_t5` WHERE `vcol_int` < '2011-10-19 06:45:22.027923' LIMIT 1 /* QNO 1392 CON_ID 21 */
		    21 Query	RENAME TABLE seq5 TO seq3, seq6 TO seq10, seq8 TO seq4, seq4 TO seq3, seq7 TO seq7, seq9 TO seq8, seq6 TO seq2, seq2 TO seq10 /* QNO 1393 CON_ID 21 */
		    21 Query	TRUNCATE TABLE performance_schema.events_waits_history /* QNO 1394 CON_ID 21 */
		    21 Query	ALTER IGNORE TABLE `t3` DROP INDEX ind7 /* QNO 1395 CON_ID 21 */
		    21 Query	INSERT INTO seq3 VALUES (26397, 709316941310853120, 1723465728, 0, 7, 47, 0, 0) /* QNO 1396 CON_ID 21 */
		    21 Query	XA BEGIN 'xid131'  /* QNO 1397 CON_ID 21 */
		    21 Query	TRUNCATE TABLE performance_schema.events_waits_summary_by_event_name /* QNO 1398 CON_ID 21 */
		    21 Query	SELECT * FROM `t2` INTO OUTFILE 'load_t2'  /* QNO 1399 CON_ID 21 */
		    21 Query	LOAD DATA INFILE 'load_t2' IGNORE INTO TABLE t2 /* QNO 1400 CON_ID 21 */
		    21 Query	XA END 'xid77'  /* QNO 1401 CON_ID 21 */
		    21 Query	ALTER TABLE t2 ADD CONSTRAINT f CHECK (`vcol_char` <= 8) /* QNO 1402 CON_ID 21 */
		    21 Query	ALTER TABLE `view_t6` /*!100301 WAIT 7 */ CHANGE COLUMN IF EXISTS `vcol_varchar` ecol7 ENUM('foo','bar') NOT NULL, DROP PRIMARY KEY, ADD CONSTRAINT d CHECK (ecol3 <= 8) /* QNO 1403 CON_ID 21 */
		    21 Query	UPDATE performance_schema.setup_instruments SET TIMED = 'YES' WHERE NAME LIKE '%myisam%' /* QNO 1404 CON_ID 21 */
		    21 Query	CREATE OR REPLACE VIEW transforms.view_4888_probe AS UPDATE performance_schema.setup_instruments SET TIMED = 'YES' WHERE NAME LIKE '%myisam%' /* QNO 1404 CON_ID 21 */  /* QNO 1405 CON_ID 21 */
		    21 Query	TRUNCATE TABLE performance_schema.events_waits_history /* QNO 1406 CON_ID 21 */
		    21 Query	INSERT INTO `view_t5` SELECT * FROM `t1` /* QNO 1407 CON_ID 21 */
		    21 Query	SHOW ENGINE PERFORMANCE_SCHEMA STATUS /* QNO 1408 CON_ID 21 */
		    21 Query	CREATE OR REPLACE VIEW transforms.view_4888_probe AS SHOW ENGINE PERFORMANCE_SCHEMA STATUS /* QNO 1408 CON_ID 21 */  /* QNO 1409 CON_ID 21 */
		    21 Query	XA RECOVER /* QNO 1410 CON_ID 21 */
		    21 Query	CREATE OR REPLACE VIEW transforms.view_4888_probe AS XA RECOVER /* QNO 1410 CON_ID 21 */  /* QNO 1411 CON_ID 21 */
		    21 Query	UNLOCK TABLES /* QNO 1412 CON_ID 21 */
		    21 Query	CREATE OR REPLACE VIEW transforms.view_4888_probe AS UNLOCK TABLES /* QNO 1412 CON_ID 21 */  /* QNO 1413 CON_ID 21 */
		    21 Query	INSERT INTO `t6` ( `pk` ) VALUES (NULL) /* QNO 1414 CON_ID 21 */
		    21 Query	INSERT INTO `t9` SELECT * FROM `view_t6` /* QNO 1415 CON_ID 21 */
		    21 Query	SET STATEMENT system_versioning_alter_history=KEEP FOR ALTER TABLE t9 PARTITION BY system_time LIMIT 14284 ( PARTITION ver_p1 HISTORY, PARTITION ver_pn CURRENT ) /* QNO 1416 CON_ID 21 */
		    21 Query	SELECT * from t9 WHERE row_start IN (SELECT row_start FROM `t6`) /* QNO 1417 CON_ID 21 */
		    21 Query	INSERT INTO `t9` ( `pk` ) VALUES (NULL) /* QNO 1418 CON_ID 21 */
		    21 Query	UPDATE performance_schema.setup_consumers SET enabled = 'NO' WHERE name LIKE 'events%' /* QNO 1419 CON_ID 21 */
		    21 Query	CREATE OR REPLACE VIEW transforms.view_4888_probe AS UPDATE performance_schema.setup_consumers SET enabled = 'NO' WHERE name LIKE 'events%' /* QNO 1419 CON_ID 21 */  /* QNO 1420 CON_ID 21 */
		    21 Query	SHOW ENGINE PERFORMANCE_SCHEMA STATUS /* QNO 1421 CON_ID 21 */
		    21 Query	CREATE OR REPLACE VIEW transforms.view_4888_probe AS SHOW ENGINE PERFORMANCE_SCHEMA STATUS /* QNO 1421 CON_ID 21 */  /* QNO 1422 CON_ID 21 */
		    21 Query	SHOW ENGINE PERFORMANCE_SCHEMA STATUS /* QNO 1423 CON_ID 21 */
		    21 Query	CREATE OR REPLACE VIEW transforms.view_4888_probe AS SHOW ENGINE PERFORMANCE_SCHEMA STATUS /* QNO 1423 CON_ID 21 */  /* QNO 1424 CON_ID 21 */
		    21 Query	SHOW ENGINE PERFORMANCE_SCHEMA STATUS /* QNO 1425 CON_ID 21 */
		    21 Query	CREATE OR REPLACE VIEW transforms.view_4888_probe AS SHOW ENGINE PERFORMANCE_SCHEMA STATUS /* QNO 1425 CON_ID 21 */  /* QNO 1426 CON_ID 21 */
		    21 Query	ALTER TABLE t1 DROP FOREIGN KEY z, DROP COLUMN IF EXISTS tcol10, ADD CONSTRAINT m PRIMARY KEY(icol8, ecol8, tscol8, bcol7), ALGORITHM=DEFAULT  /* QNO 1427 CON_ID 21 */
		    21 Query	CREATE SEQUENCE seq1 CACHE = 17  /* QNO 1428 CON_ID 21 */
		    21 Query	TRUNCATE TABLE performance_schema.events_waits_summary_by_event_name /* QNO 1429 CON_ID 21 */
		    21 Query	ALTER TABLE t8 PARTITION BY KEY(`vcol_bit`) /* QNO 1430 CON_ID 21 */
		    21 Query	XA RECOVER /* QNO 1431 CON_ID 21 */
		    21 Query	CREATE OR REPLACE VIEW transforms.view_4888_probe AS XA RECOVER /* QNO 1431 CON_ID 21 */  /* QNO 1432 CON_ID 21 */
		    21 Query	SELECT NEXT_NOT_CACHED_VALUE FROM seq1 /* QNO 1433 CON_ID 21 */
		    21 Query	UPDATE `view_t2` SET `vcol_dec` = 'wy' WHERE `col_dec` > '2013-10-18 11:54:11.038891' /* QNO 1434 CON_ID 21 */
		    21 Query	TRUNCATE TABLE performance_schema.events_waits_summary_by_thread_by_event_name /* QNO 1435 CON_ID 21 */
		    21 Query	INSERT INTO `t4` SELECT * FROM `t4` /* QNO 1436 CON_ID 21 */
		    21 Query	/* GenTest::Transform::ExecuteAsCTE */  INSERT `t4` WITH cte1 AS ( SELECT * FROM `t4` /* QNO 1436 CON_ID 21 */ ) SELECT * FROM cte1  /* TRANSFORM_OUTCOME_UNORDERED_MATCH */ /* QNO 1437 CON_ID 21 */
		    21 Query	/* GenTest::Transform::ExecuteAsExecuteImmediate */ EXECUTE IMMEDIATE 'INSERT INTO `t4` SELECT * FROM `t4` /* QNO 1436 CON_ID 21 */ ' /* TRANSFORM_OUTCOME_UNORDERED_MATCH */ /* QNO 1438 CON_ID 21 */
		    21 Prepare	INSERT INTO `t4` SELECT * FROM `t4` /* QNO 1436 CON_ID 21 */
		    21 Execute	INSERT INTO `t4` SELECT * FROM `t4` /* QNO 1436 CON_ID 21 */
		    21 Query	CREATE OR REPLACE VIEW transforms.view_4888_probe AS INSERT INTO `t4` SELECT * FROM `t4` /* QNO 1436 CON_ID 21 */  /* QNO 1439 CON_ID 21 */
		    21 Query	/* GenTest::Transform::ExecuteAsSPTwice */ DROP PROCEDURE IF EXISTS stored_proc_4888 /* QNO 1440 CON_ID 21 */
		    21 Query	ALTER TABLE t4 ADD FULLTEXT KEY(scol10), ALGORITHM=COPY, LOCK=DEFAULT, ADD CONSTRAINT FOREIGN KEY h (tscol9) REFERENCES t1 (ecol8), DROP COLUMN tcol4, ALGORITHM=DEFAULT, LOCK=DEFAULT, DROP PRIMARY KEY /* QNO 1441 CON_ID 21 */
		    21 Query	UPDATE performance_schema.setup_consumers SET enabled = 'NO' WHERE name IN ( 'file_summary_by_event_name', 'events_waits_summary_by_thread_by_event_name' ) /* QNO 1442 CON_ID 21 */
		    21 Query	CREATE OR REPLACE VIEW transforms.view_4888_probe AS UPDATE performance_schema.setup_consumers SET enabled = 'NO' WHERE name IN ( 'file_summary_by_event_name', 'events_waits_summary_by_thread_by_event_name' ) /* QNO 1442 CON_ID 21 */  /* QNO 1443 CON_ID 21 */
		    21 Query	ALTER IGNORE TABLE `t7` /*!100301 WAIT 7 */ DROP COLUMN IF EXISTS `vcol_blob`, ALGORITHM=INPLACE, LOCK=SHARED, CHANGE COLUMN IF EXISTS ecol4 icol4 MEDIUMINT NULL, ALGORITHM=DEFAULT  /* QNO 1444 CON_ID 21 */
		    21 Query	DELETE FROM `view_t4` WHERE `col_bit` <= '2015-09-18 01:03:26.035799' LIMIT 4 /* QNO 1445 CON_ID 21 */
		    21 Query	SELECT * FROM `t3` INTO OUTFILE 'load_t3'  /* QNO 1446 CON_ID 21 */
		    21 Query	LOAD DATA INFILE 'load_t3' IGNORE INTO TABLE t3 /* QNO 1447 CON_ID 21 */
		    17 Query	SELECT * FROM transforms.insert_select_3980 /* TRANSFORM_OUTCOME_UNORDERED_MATCH */ /* QNO 1444 CON_ID 17 */
		    17 Query	DELETE FROM transforms.insert_select_3980 /* QNO 1445 CON_ID 17 */
		    21 Query	SET STATEMENT system_versioning_alter_history=KEEP FOR ALTER TABLE `t6` ADD PERIOD FOR SYSTEM_TIME(`row_start`, `vers_start`), ADD SYSTEM VERSIONING /* QNO 1448 CON_ID 21 */
		    21 Query	INSERT INTO `view_t6` SELECT * FROM `t1` /* QNO 1449 CON_ID 21 */
		    21 Query	SELECT * FROM INFORMATION_SCHEMA.`INNODB_FT_INDEX_CACHE` AS table1 WHERE NOT table1.`POSITION` <= table1.`DOC_ID` HAVING ( table1.`WORD` = 'y' AND table1.`FIRST_DOC_ID` < 'me') LIMIT 176 /* QNO 1450 CON_ID 21 */
		    21 Query	SHOW WARNINGS
		    21 Query	XA RECOVER /* QNO 1451 CON_ID 21 */
		    21 Query	CREATE OR REPLACE VIEW transforms.view_4888_probe AS XA RECOVER /* QNO 1451 CON_ID 21 */  /* QNO 1452 CON_ID 21 */
		    21 Query	DELETE HISTORY FROM t5 BEFORE system_time @trx /* QNO 1453 CON_ID 21 */
		    21 Query	RENAME TABLE seq3 TO seq10, seq7 TO seq7 /* QNO 1454 CON_ID 21 */
		    21 Query	INSERT INTO `STATISTICS` (tscol5) VALUES ('') /* QNO 1455 CON_ID 21 */
		    21 Query	CREATE SEQUENCE IF NOT EXISTS seq8 MINVALUE 47 NOMAXVALUE CYCLE  /* QNO 1456 CON_ID 21 */
		    21 Query	DROP SEQUENCE seq4 /* QNO 1457 CON_ID 21 */
		    17 Query	INSERT INTO transforms.insert_select_3980 SELECT PREVIOUS VALUE FOR seq6 /* QNO 1432 CON_ID 17 */  /* QNO 1446 CON_ID 17 */
		    21 Query	SELECT * FROM mysql.`proc` AS table1 HAVING ( ( (table1.`sql_data_access` != 'e' IS NULL OR table1.`sql_mode` != 4) AND table1.`security_type` <= '2008-01-14 09:30:34.053855') AND table1.`specific_name` <> '2015-11-03 12:53:13.036839') ORDER BY table1.`aggregate` LIMIT 167 /* QNO 1458 CON_ID 21 */
		    22 Query	(  SELECT * FROM INFORMATION_SCHEMA.`REFERENTIAL_CONSTRAINTS` AS table1 ORDER BY table1.`TABLE_NAME`, table1.`DELETE_RULE`, table1.`UPDATE_RULE` LIMIT 27 /* QNO 1071 CON_ID 22 */  ) INTERSECT (  SELECT * FROM INFORMATION_SCHEMA.`REFERENTIAL_CONSTRAINTS` AS table1 ORDER BY table1.`TABLE_NAME`, table1.`DELETE_RULE`, table1.`UPDATE_RULE` LIMIT 0 /* QNO 1071 CON_ID 22 */  ) /* TRANSFORM_OUTCOME_EMPTY_RESULT */ /* QNO 1079 CON_ID 22 */
		    22 Query	/* GenTest::Transform::ExecuteAsUnion */ (  SELECT * FROM INFORMATION_SCHEMA.`REFERENTIAL_CONSTRAINTS` AS table1 ORDER BY table1.`TABLE_NAME`, table1.`DELETE_RULE`, table1.`UPDATE_RULE` LIMIT 27 /* QNO 1071 CON_ID 22 */  ) UNION ALL (  SELECT * FROM INFORMATION_SCHEMA.`REFERENTIAL_CONSTRAINTS` AS table1 ORDER BY table1.`TABLE_NAME`, table1.`DELETE_RULE`, table1.`UPDATE_RULE` LIMIT 0 /* QNO 1071 CON_ID 22 */  ) /* TRANSFORM_OUTCOME_UNORDERED_MATCH */ /* QNO 1080 CON_ID 22 */
		    18 Query	INSERT INTO transforms.insert_select_4904  SELECT * FROM mysql.`func` AS table1 WHERE table1.`name` < table1.`dl` ORDER BY table1.`ret` LIMIT 28 /* QNO 903 CON_ID 18 */  /* QNO 917 CON_ID 18 */
		    20 Query	CALL stored_proc_1000 /* TRANSFORM_OUTCOME_UNORDERED_MATCH */ /* QNO 2031 CON_ID 20 */
		    18 Query	SELECT * FROM transforms.insert_select_4904 /* TRANSFORM_OUTCOME_UNORDERED_MATCH */ /* QNO 918 CON_ID 18 */
		    20 Query	CALL stored_proc_1000 /* TRANSFORM_OUTCOME_UNORDERED_MATCH */ /* QNO 2032 CON_ID 20 */
		    20 Query	DROP PROCEDURE IF EXISTS stored_proc_1000 /* QNO 2033 CON_ID 20 */
		    21 Query	/* GenTest::Transform::ExecuteAsCTE */  WITH cte1 AS ( SELECT * FROM mysql.`proc` AS table1 HAVING((( table1.`sql_data_access` != 'e' IS NULL OR table1.`sql_mode` != 4) AND table1.`security_type` <= '2008-01-14 09:30:34.053855') AND table1.`specific_name` <> '2015-11-03 12:53:13.036839') ORDER BY table1.`aggregate` LIMIT 167 /* QNO 1458 CON_ID 21 */ ) SELECT * FROM cte1  /* TRANSFORM_OUTCOME_UNORDERED_MATCH */ /* QNO 1459 CON_ID 21 */
		    18 Query	DELETE FROM transforms.insert_select_4904 /* QNO 919 CON_ID 18 */
		    18 Query	REPLACE INTO transforms.insert_select_4904  SELECT * FROM mysql.`func` AS table1 WHERE table1.`name` < table1.`dl` ORDER BY table1.`ret` LIMIT 28 /* QNO 903 CON_ID 18 */  /* QNO 920 CON_ID 18 */
		    17 Query	SELECT * FROM transforms.insert_select_3980 /* TRANSFORM_OUTCOME_UNORDERED_MATCH */ /* QNO 1447 CON_ID 17 */
		    17 Query	DELETE FROM transforms.insert_select_3980 /* QNO 1448 CON_ID 17 */
		    18 Query	SELECT * FROM transforms.insert_select_4904 /* TRANSFORM_OUTCOME_UNORDERED_MATCH */ /* QNO 921 CON_ID 18 */
		    18 Query	DROP TABLE transforms.insert_select_4904 /* QNO 922 CON_ID 18 */
		    16 Query	DROP PROCEDURE IF EXISTS stored_proc_900 /* QNO 1166 CON_ID 16 */
		    17 Query	REPLACE INTO transforms.insert_select_3980 SELECT PREVIOUS VALUE FOR seq6 /* QNO 1432 CON_ID 17 */  /* QNO 1449 CON_ID 17 */
		    16 Query	CREATE TRIGGER j BEFORE INSERT ON `view_t9` FOR EACH ROW BEGIN INSERT INTO `view_t4` SELECT * FROM `view_t3` LIMIT 0 ; END ; /* QNO 1167 CON_ID 16 */
		    20 Query	SELECT * from `plugin` WHERE row_end != @trx /* QNO 2034 CON_ID 20 */
		    20 Query	UPDATE performance_schema.setup_instruments SET ENABLED = 'YES' WHERE NAME LIKE 'wait/synch/rwlock%' /* QNO 2035 CON_ID 20 */
