		    22 Query	(  SELECT * FROM INFORMATION_SCHEMA.`INNODB_CMP_PER_INDEX_RESET` AS table1 WHERE table1.`uncompress_ops` = table1.`uncompress_ops` LIMIT 0 /* QNO 760 CON_ID 22 */  ) UNION ALL (  SELECT * FROM INFORMATION_SCHEMA.`INNODB_CMP_PER_INDEX_RESET` AS table1 WHERE table1.`uncompress_ops` = table1.`uncompress_ops` LIMIT 37 /* QNO 760 CON_ID 22 */  ) /* TRANSFORM_OUTCOME_UNORDERED_MATCH */ /* QNO 783 CON_ID 22 */
		    22 Query	(  SELECT * FROM INFORMATION_SCHEMA.`INNODB_CMP_PER_INDEX_RESET` AS table1 WHERE table1.`uncompress_ops` = table1.`uncompress_ops` LIMIT 37 /* QNO 760 CON_ID 22 */  ) UNION DISTINCT (  SELECT * FROM INFORMATION_SCHEMA.`INNODB_CMP_PER_INDEX_RESET` AS table1 WHERE table1.`uncompress_ops` = table1.`uncompress_ops` LIMIT 37 /* QNO 760 CON_ID 22 */  ) /* TRANSFORM_OUTCOME_DISTINCT */ /* QNO 784 CON_ID 22 */
		    16 Query	CREATE OR REPLACE VIEW transforms.view_900_probe AS CREATE PROCEDURE q ( IN u INT, OUT b INT ) BEGIN SELECT COUNT(*) INTO @a FROM `t6`; END ; /* QNO 790 CON_ID 16 */  /* QNO 791 CON_ID 16 */
		    22 Query	(  SELECT * FROM INFORMATION_SCHEMA.`INNODB_CMP_PER_INDEX_RESET` AS table1 WHERE table1.`uncompress_ops` = table1.`uncompress_ops` LIMIT 37 /* QNO 760 CON_ID 22 */  ) UNION ALL (  SELECT * FROM INFORMATION_SCHEMA.`INNODB_CMP_PER_INDEX_RESET` AS table1 WHERE table1.`uncompress_ops` = table1.`uncompress_ops` LIMIT 37 /* QNO 760 CON_ID 22 */  ) /* TRANSFORM_OUTCOME_SUPERSET */ /* QNO 785 CON_ID 22 */
		    16 Query	ALTER TABLE `view_t4` DROP COLUMN k /* QNO 792 CON_ID 16 */
		    22 Query	CREATE OR REPLACE VIEW transforms.view_4708_probe AS  SELECT * FROM INFORMATION_SCHEMA.`INNODB_CMP_PER_INDEX_RESET` AS table1 WHERE table1.`uncompress_ops` = table1.`uncompress_ops` LIMIT 37 /* QNO 760 CON_ID 22 */  /* QNO 786 CON_ID 22 */
		    17 Query	SELECT LASTVAL( seq4 ) /* QNO 794 CON_ID 17 */
		    21 Query	SHOW WARNINGS
		    18 Query	SHOW WARNINGS
		    18 Query	DROP TABLE IF EXISTS transforms.insert_select_4904 /* QNO 480 CON_ID 18 */
		    21 Query	SELECT * FROM transforms.view_4888_merge /* TRANSFORM_OUTCOME_UNORDERED_MATCH */ /* QNO 785 CON_ID 21 */
		    18 Query	SHOW WARNINGS
		    18 Query	CREATE TABLE transforms.insert_select_4904  SELECT * FROM performance_schema.`setup_consumers` AS table1 WHERE ( ( (NOT ( ( ( (NOT ( table1.`NAME` < '1984-02-21 10:45:35.009766' OR table1.`ENABLED` <> table1.`ENABLED`) OR table1.`NAME` < table1.`NAME`) AND table1.`ENABLED` = table1.`ENABLED`) OR table1.`NAME` >= table1.`ENABLED`) AND table1.`ENABLED` < 6) AND table1.`NAME` != 'y') OR table1.`NAME` LIKE 'wait/synch/rwlock%') OR table1.`ENABLED` LIKE 'wait/io%') HAVING ( table1.`ENABLED` <> 'hj' AND table1.`NAME` != 'jv') LIMIT 48 /* QNO 470 CON_ID 18 */  /* QNO 481 CON_ID 18 */
		    21 Query	CREATE OR REPLACE ALGORITHM=TEMPTABLE VIEW transforms.view_4888_temptable AS  SELECT * FROM mysql.`proc` AS table1 HAVING NOT table1.`created` > '2029-07-03 20:55:14.027102' ORDER BY table1.`type`, table1.`body_utf8`, table1.`sql_data_access`, table1.`collation_connection` LIMIT 162 /* QNO 758 CON_ID 21 */  /* QNO 786 CON_ID 21 */
		    16 Query	DROP DATABASE IF EXISTS m /* QNO 793 CON_ID 16 */
		    17 Query	INSERT INTO `setup_actors` ( `pk` ) VALUES (NULL) /* QNO 795 CON_ID 17 */
		    17 Query	UPDATE performance_schema.setup_timers SET timer_name = 'NANOSECOND' /* QNO 796 CON_ID 17 */
		    20 Query	SELECT * FROM `INNODB_BUFFER_POOL_STATS` INTO OUTFILE 'load_INNODB_BUFFER_POOL_STATS'  /* QNO 900 CON_ID 20 */
		    17 Query	CREATE OR REPLACE VIEW transforms.view_3980_probe AS UPDATE performance_schema.setup_timers SET timer_name = 'NANOSECOND' /* QNO 796 CON_ID 17 */  /* QNO 797 CON_ID 17 */
		    17 Query	TRUNCATE TABLE performance_schema.events_waits_current /* QNO 798 CON_ID 17 */
		    21 Query	SELECT * FROM transforms.view_4888_temptable /* TRANSFORM_OUTCOME_UNORDERED_MATCH */ /* QNO 787 CON_ID 21 */
		    17 Query	CREATE OR REPLACE VIEW transforms.view_3980_probe AS TRUNCATE TABLE performance_schema.events_waits_current /* QNO 798 CON_ID 17 */  /* QNO 799 CON_ID 17 */
		    20 Query	LOAD DATA INFILE 'load_INNODB_BUFFER_POOL_STATS' IGNORE INTO TABLE INNODB_BUFFER_POOL_STATS /* QNO 901 CON_ID 20 */
		    21 Query	DROP VIEW transforms.view_4888_merge , transforms.view_4888_temptable /* QNO 788 CON_ID 21 */
		    20 Query	ALTER TABLE `GEOMETRY_COLUMNS` DROP CONSTRAINT IF EXISTS v, ADD CONSTRAINT CHECK (icol9 = 7), DROP INDEX ind10, DROP CONSTRAINT IF EXISTS c, DROP CONSTRAINT IF EXISTS g, ADD INDEX(`GEOMETRY_TYPE`), ALGORITHM=COPY, LOCK=NONE /* QNO 902 CON_ID 20 */
		    20 Query	SELECT * FROM `ENABLED_ROLES` INTO OUTFILE 'load_ENABLED_ROLES'  /* QNO 903 CON_ID 20 */
		    17 Query	DELETE FROM `events_waits_current` WHERE `INDEX_NAME` <> 3 LIMIT 6 /* QNO 800 CON_ID 17 */
		    17 Query	INSERT INTO `file_instances` ( `pk` ) VALUES (NULL) /* QNO 801 CON_ID 17 */
		    17 Query	INSERT INTO `file_summary_by_event_name` SELECT * FROM `events_statements_summary_by_user_by_event_name` /* QNO 802 CON_ID 17 */
		    16 Query	CREATE OR REPLACE VIEW transforms.view_900_probe AS DROP DATABASE IF EXISTS m /* QNO 793 CON_ID 16 */  /* QNO 794 CON_ID 16 */
		    17 Query	ALTER TABLE t9 RENAME TO t1, ADD FULLTEXT KEY(scol7), ALGORITHM=DEFAULT, ROW_FORMAT COMPRESSED, ADD CONSTRAINT v PRIMARY KEY(tscol1), LOCK=SHARED /* QNO 803 CON_ID 17 */
		    16 Query	DROP DATABASE IF EXISTS l /* QNO 795 CON_ID 16 */
		    16 Query	SHOW WARNINGS
		    16 Query	CREATE TABLE q LIKE `t8` /* QNO 796 CON_ID 16 */
		    17 Query	SELECT * FROM test.`view_t3` AS table1 HAVING ( table1.`col_enum` >= 'q' AND table1.`col_timestamp` = 3) ORDER BY table1.`vcol_date` LIMIT 114 /* QNO 804 CON_ID 17 */
		    17 Query	UPDATE `view_t4` SET `pk` = '2018-08-10 12:39:22.046734' WHERE `pk` <> '1983-10-22 11:52:41.054443' /* QNO 805 CON_ID 17 */
		    17 Query	UPDATE performance_schema.setup_instruments SET TIMED = 'YES' ORDER BY RAND() LIMIT 1 /* QNO 806 CON_ID 17 */
		    17 Query	CREATE OR REPLACE VIEW transforms.view_3980_probe AS UPDATE performance_schema.setup_instruments SET TIMED = 'YES' ORDER BY RAND() LIMIT 1 /* QNO 806 CON_ID 17 */  /* QNO 807 CON_ID 17 */
		    17 Query	SELECT * FROM INFORMATION_SCHEMA.`INNODB_SYS_DATAFILES` AS table1 HAVING ( table1.`SPACE` < 'a' AND table1.`PATH` > '2016-11-15 06:42:51.016510') ORDER BY table1.`SPACE`, table1.`PATH`, table1.`SPACE`, table1.`SPACE` LIMIT 71 /* QNO 808 CON_ID 17 */
		    17 Query	SHOW WARNINGS
		    17 Query	XA COMMIT 'non_prepared_xid'  /* QNO 809 CON_ID 17 */
		    17 Query	UPDATE performance_schema.setup_instruments SET ENABLED = 'NO' ORDER BY RAND() LIMIT 7 /* QNO 810 CON_ID 17 */
		    17 Query	CREATE OR REPLACE VIEW transforms.view_3980_probe AS UPDATE performance_schema.setup_instruments SET ENABLED = 'NO' ORDER BY RAND() LIMIT 7 /* QNO 810 CON_ID 17 */  /* QNO 811 CON_ID 17 */
		    22 Query	DROP VIEW transforms.view_4708_probe /* QNO 787 CON_ID 22 */
		    17 Query	RENAME TABLE seq7 TO seq9, seq4 TO seq5 /* QNO 812 CON_ID 17 */
		    22 Query	/* GenTest::Transform::ExecuteAsView */ CREATE DATABASE IF NOT EXISTS transforms /* QNO 788 CON_ID 22 */
		    20 Query	LOAD DATA INFILE 'load_ENABLED_ROLES' REPLACE INTO TABLE ENABLED_ROLES /* QNO 904 CON_ID 20 */
		    20 Query	SELECT * FROM `INNODB_LOCKS` INTO OUTFILE 'load_INNODB_LOCKS'  /* QNO 905 CON_ID 20 */
		    20 Query	LOAD DATA INFILE 'load_INNODB_LOCKS' REPLACE INTO TABLE INNODB_LOCKS /* QNO 906 CON_ID 20 */
		    20 Query	ALTER TABLE t6 MODIFY COLUMN bcol1 BIT NOT NULL DEFAULT 8 /*!100303 INVISIBLE */, ALGORITHM=INPLACE  /* QNO 907 CON_ID 20 */
190114 12:06:36	    17 Query	SELECT * FROM `FILES` INTO OUTFILE 'load_FILES'  /* QNO 813 CON_ID 17 */
		    21 Query	/* GenTest::Transform::ExecuteAsPreparedTwice */ PREPARE prep_stmt_4888 FROM ' SELECT * FROM mysql.`proc` AS table1 HAVING NOT table1.`created` > \'2029-07-03 20:55:14.027102\' ORDER BY table1.`type`, table1.`body_utf8`, table1.`sql_data_access`, table1.`collation_connection` LIMIT 162 /* QNO 758 CON_ID 21 */ ' /* QNO 789 CON_ID 21 */
		    21 Prepare	SELECT * FROM mysql.`proc` AS table1 HAVING NOT table1.`created` > '2029-07-03 20:55:14.027102' ORDER BY table1.`type`, table1.`body_utf8`, table1.`sql_data_access`, table1.`collation_connection` LIMIT 162 /* QNO 758 CON_ID 21 */
		    17 Query	LOAD DATA INFILE 'load_FILES' REPLACE INTO TABLE FILES /* QNO 814 CON_ID 17 */
		    17 Query	SELECT * FROM `ALL_PLUGINS` INTO OUTFILE 'load_ALL_PLUGINS'  /* QNO 815 CON_ID 17 */
		    17 Query	LOAD DATA INFILE 'load_ALL_PLUGINS' IGNORE INTO TABLE ALL_PLUGINS /* QNO 816 CON_ID 17 */
		    17 Query	SELECT * FROM `EVENTS` INTO OUTFILE 'load_EVENTS'  /* QNO 817 CON_ID 17 */
		    17 Query	LOAD DATA INFILE 'load_EVENTS' REPLACE INTO TABLE EVENTS /* QNO 818 CON_ID 17 */
		    17 Query	SHOW TABLES /* QNO 819 CON_ID 17 */
		    17 Query	CREATE OR REPLACE VIEW transforms.view_3980_probe AS SHOW TABLES /* QNO 819 CON_ID 17 */  /* QNO 820 CON_ID 17 */
		    17 Query	UPDATE `PARAMETERS` SET `SPECIFIC_NAME` = 'o' WHERE `CHARACTER_OCTET_LENGTH` > 'c' /* QNO 821 CON_ID 17 */
		    17 Query	DELETE FROM `PARTITIONS` LIMIT 2 /* QNO 822 CON_ID 17 */
		    17 Query	UPDATE `INNODB_LOCK_WAITS` SET `requested_lock_id` = 'q' WHERE `blocking_trx_id` <> 7 /* QNO 823 CON_ID 17 */
		    17 Query	XA START 'xid45'  /* QNO 824 CON_ID 17 */
		    17 Query	CREATE OR REPLACE VIEW transforms.view_3980_probe AS XA START 'xid45'  /* QNO 824 CON_ID 17 */  /* QNO 825 CON_ID 17 */
		    17 Query	DELETE FROM t5 LIMIT 4 /* QNO 826 CON_ID 17 */
		    17 Query	SET STATEMENT system_versioning_alter_history=KEEP FOR ALTER TABLE `INNODB_LOCK_WAITS` ADD PERIOD FOR SYSTEM_TIME(`vers_start`, `vers_start`) /* QNO 827 CON_ID 17 */
		    17 Query	SELECT NEXTVAL( seq2 ) /* QNO 828 CON_ID 17 */
		    17 Query	INSERT INTO `INNODB_MUTEXES` SELECT * FROM `INNODB_LOCKS` /* QNO 829 CON_ID 17 */
		    17 Query	SET STATEMENT system_versioning_alter_history=KEEP FOR ALTER TABLE t6 DROP SYSTEM VERSIONING /* QNO 830 CON_ID 17 */
		    17 Query	SELECT * FROM mysql.`time_zone_transition` AS table1 ORDER BY table1.`Transition_time`, table1.`Transition_time`, table1.`Time_zone_id` LIMIT 113 /* QNO 831 CON_ID 17 */
		    17 Query	/* GenTest::Transform::ExecuteAsCTE */  WITH cte1 AS ( SELECT * FROM mysql.`time_zone_transition` AS table1 ORDER BY table1.`Transition_time`, table1.`Transition_time`, table1.`Time_zone_id` LIMIT 113 /* QNO 831 CON_ID 17 */ ) SELECT * FROM cte1  /* TRANSFORM_OUTCOME_UNORDERED_MATCH */ /* QNO 832 CON_ID 17 */
		    17 Query	/* GenTest::Transform::ExecuteAsDeleteReturning */ CREATE DATABASE IF NOT EXISTS transforms /* QNO 833 CON_ID 17 */
		    17 Query	/* GenTest::Transform::ExecuteAsExcept */ (  SELECT * FROM mysql.`time_zone_transition` AS table1 ORDER BY table1.`Transition_time`, table1.`Transition_time`, table1.`Time_zone_id` LIMIT 113 /* QNO 831 CON_ID 17 */  ) EXCEPT (  SELECT * FROM mysql.`time_zone_transition` AS table1 ORDER BY table1.`Transition_time`, table1.`Transition_time`, table1.`Time_zone_id` LIMIT 0 /* QNO 831 CON_ID 17 */  ) /* TRANSFORM_OUTCOME_DISTINCT */ /* QNO 834 CON_ID 17 */
		    17 Query	(  SELECT * FROM mysql.`time_zone_transition` AS table1 ORDER BY table1.`Transition_time`, table1.`Transition_time`, table1.`Time_zone_id` LIMIT 113 /* QNO 831 CON_ID 17 */  ) EXCEPT (  SELECT * FROM mysql.`time_zone_transition` AS table1 ORDER BY table1.`Transition_time`, table1.`Transition_time`, table1.`Time_zone_id` LIMIT 113 /* QNO 831 CON_ID 17 */  ) /* TRANSFORM_OUTCOME_EMPTY_RESULT */ /* QNO 835 CON_ID 17 */
		    17 Query	/* GenTest::Transform::ExecuteAsExecuteImmediate */ EXECUTE IMMEDIATE ' SELECT * FROM mysql.`time_zone_transition` AS table1 ORDER BY table1.`Transition_time`, table1.`Transition_time`, table1.`Time_zone_id` LIMIT 113 /* QNO 831 CON_ID 17 */ ' /* TRANSFORM_OUTCOME_UNORDERED_MATCH */ /* QNO 836 CON_ID 17 */
		    17 Prepare	SELECT * FROM mysql.`time_zone_transition` AS table1 ORDER BY table1.`Transition_time`, table1.`Transition_time`, table1.`Time_zone_id` LIMIT 113 /* QNO 831 CON_ID 17 */
		    17 Execute	SELECT * FROM mysql.`time_zone_transition` AS table1 ORDER BY table1.`Transition_time`, table1.`Transition_time`, table1.`Time_zone_id` LIMIT 113 /* QNO 831 CON_ID 17 */
		    17 Query	/* GenTest::Transform::ExecuteAsInsertSelect */ CREATE DATABASE IF NOT EXISTS transforms /* QNO 837 CON_ID 17 */
		    17 Query	/* GenTest::Transform::ExecuteAsIntersect */ (  SELECT * FROM mysql.`time_zone_transition` AS table1 ORDER BY table1.`Transition_time`, table1.`Transition_time`, table1.`Time_zone_id` LIMIT 113 /* QNO 831 CON_ID 17 */  ) INTERSECT (  SELECT * FROM mysql.`time_zone_transition` AS table1 ORDER BY table1.`Transition_time`, table1.`Transition_time`, table1.`Time_zone_id` LIMIT 113 /* QNO 831 CON_ID 17 */  ) /* TRANSFORM_OUTCOME_DISTINCT */ /* QNO 838 CON_ID 17 */
		    17 Query	(  SELECT * FROM mysql.`time_zone_transition` AS table1 ORDER BY table1.`Transition_time`, table1.`Transition_time`, table1.`Time_zone_id` LIMIT 113 /* QNO 831 CON_ID 17 */  ) INTERSECT (  SELECT * FROM mysql.`time_zone_transition` AS table1 ORDER BY table1.`Transition_time`, table1.`Transition_time`, table1.`Time_zone_id` LIMIT 0 /* QNO 831 CON_ID 17 */  ) /* TRANSFORM_OUTCOME_EMPTY_RESULT */ /* QNO 839 CON_ID 17 */
		    17 Query	/* GenTest::Transform::ExecuteAsUnion */ (  SELECT * FROM mysql.`time_zone_transition` AS table1 ORDER BY table1.`Transition_time`, table1.`Transition_time`, table1.`Time_zone_id` LIMIT 113 /* QNO 831 CON_ID 17 */  ) UNION ALL (  SELECT * FROM mysql.`time_zone_transition` AS table1 ORDER BY table1.`Transition_time`, table1.`Transition_time`, table1.`Time_zone_id` LIMIT 0 /* QNO 831 CON_ID 17 */  ) /* TRANSFORM_OUTCOME_UNORDERED_MATCH */ /* QNO 840 CON_ID 17 */
		    17 Query	(  SELECT * FROM mysql.`time_zone_transition` AS table1 ORDER BY table1.`Transition_time`, table1.`Transition_time`, table1.`Time_zone_id` LIMIT 0 /* QNO 831 CON_ID 17 */  ) UNION ALL (  SELECT * FROM mysql.`time_zone_transition` AS table1 ORDER BY table1.`Transition_time`, table1.`Transition_time`, table1.`Time_zone_id` LIMIT 113 /* QNO 831 CON_ID 17 */  ) /* TRANSFORM_OUTCOME_UNORDERED_MATCH */ /* QNO 841 CON_ID 17 */
		    17 Query	(  SELECT * FROM mysql.`time_zone_transition` AS table1 ORDER BY table1.`Transition_time`, table1.`Transition_time`, table1.`Time_zone_id` LIMIT 113 /* QNO 831 CON_ID 17 */  ) UNION DISTINCT (  SELECT * FROM mysql.`time_zone_transition` AS table1 ORDER BY table1.`Transition_time`, table1.`Transition_time`, table1.`Time_zone_id` LIMIT 113 /* QNO 831 CON_ID 17 */  ) /* TRANSFORM_OUTCOME_DISTINCT */ /* QNO 842 CON_ID 17 */
		    17 Query	(  SELECT * FROM mysql.`time_zone_transition` AS table1 ORDER BY table1.`Transition_time`, table1.`Transition_time`, table1.`Time_zone_id` LIMIT 113 /* QNO 831 CON_ID 17 */  ) UNION ALL (  SELECT * FROM mysql.`time_zone_transition` AS table1 ORDER BY table1.`Transition_time`, table1.`Transition_time`, table1.`Time_zone_id` LIMIT 113 /* QNO 831 CON_ID 17 */  ) /* TRANSFORM_OUTCOME_SUPERSET */ /* QNO 843 CON_ID 17 */
		    17 Query	CREATE OR REPLACE VIEW transforms.view_3980_probe AS  SELECT * FROM mysql.`time_zone_transition` AS table1 ORDER BY table1.`Transition_time`, table1.`Transition_time`, table1.`Time_zone_id` LIMIT 113 /* QNO 831 CON_ID 17 */  /* QNO 844 CON_ID 17 */
		    17 Query	/* GenTest::Transform::ExecuteAsPreparedTwice */ PREPARE prep_stmt_3980 FROM ' SELECT * FROM mysql.`time_zone_transition` AS table1 ORDER BY table1.`Transition_time`, table1.`Transition_time`, table1.`Time_zone_id` LIMIT 113 /* QNO 831 CON_ID 17 */ ' /* QNO 845 CON_ID 17 */
		    17 Prepare	SELECT * FROM mysql.`time_zone_transition` AS table1 ORDER BY table1.`Transition_time`, table1.`Transition_time`, table1.`Time_zone_id` LIMIT 113 /* QNO 831 CON_ID 17 */
		    17 Query	EXECUTE prep_stmt_3980 /* TRANSFORM_OUTCOME_UNORDERED_MATCH */ /* QNO 846 CON_ID 17 */
		    17 Execute	SELECT * FROM mysql.`time_zone_transition` AS table1 ORDER BY table1.`Transition_time`, table1.`Transition_time`, table1.`Time_zone_id` LIMIT 113 /* QNO 831 CON_ID 17 */
		    17 Query	EXECUTE prep_stmt_3980 /* TRANSFORM_OUTCOME_UNORDERED_MATCH */ /* QNO 847 CON_ID 17 */
		    17 Execute	SELECT * FROM mysql.`time_zone_transition` AS table1 ORDER BY table1.`Transition_time`, table1.`Transition_time`, table1.`Time_zone_id` LIMIT 113 /* QNO 831 CON_ID 17 */
		    17 Query	DEALLOCATE PREPARE prep_stmt_3980 /* QNO 848 CON_ID 17 */
		    17 Query	/* GenTest::Transform::ExecuteAsSPTwice */ DROP PROCEDURE IF EXISTS stored_proc_3980 /* QNO 849 CON_ID 17 */
		    17 Query	SET STATEMENT system_versioning_alter_history=KEEP FOR ALTER TABLE `db` ADD SYSTEM VERSIONING, ADD SYSTEM VERSIONING /* QNO 850 CON_ID 17 */
		    17 Query	SHOW ENGINE PERFORMANCE_SCHEMA STATUS /* QNO 851 CON_ID 17 */
		    17 Query	CREATE OR REPLACE VIEW transforms.view_3980_probe AS SHOW ENGINE PERFORMANCE_SCHEMA STATUS /* QNO 851 CON_ID 17 */  /* QNO 852 CON_ID 17 */
		    17 Query	TRUNCATE TABLE performance_schema.file_summary_by_instance /* QNO 853 CON_ID 17 */
		    17 Query	SELECT * FROM `tables_priv` INTO OUTFILE 'load_tables_priv'  /* QNO 854 CON_ID 17 */
		    17 Query	LOAD DATA INFILE 'load_tables_priv' REPLACE INTO TABLE tables_priv /* QNO 855 CON_ID 17 */
		    17 Query	SET `system_versioning_asof` = DEFAULT /* QNO 856 CON_ID 17 */
		    17 Query	CREATE OR REPLACE VIEW transforms.view_3980_probe AS SET `system_versioning_asof` = DEFAULT /* QNO 856 CON_ID 17 */  /* QNO 857 CON_ID 17 */
		    17 Query	ALTER IGNORE TABLE `help_relation` ADD KEY(ecol5), ALGORITHM=INPLACE, LOCK=EXCLUSIVE, ADD CONSTRAINT t PRIMARY KEY(`non_existing_column`(50067)), ALGORITHM=DEFAULT, LOCK=SHARED, ADD CONSTRAINT UNIQUE KEY(tscol2), ALGORITHM=INPLACE, PASSWORD 'military', DROP COLUMN IF EXISTS vcol7, ALGORITHM=DEFAULT, LOCK=SHARED /* QNO 858 CON_ID 17 */
		    17 Query	UPDATE performance_schema.setup_instruments SET ENABLED = 'YES' WHERE NAME LIKE 'wait%' /* QNO 859 CON_ID 17 */
		    17 Query	CREATE OR REPLACE VIEW transforms.view_3980_probe AS UPDATE performance_schema.setup_instruments SET ENABLED = 'YES' WHERE NAME LIKE 'wait%' /* QNO 859 CON_ID 17 */  /* QNO 860 CON_ID 17 */
		    17 Query	CREATE SEQUENCE IF NOT EXISTS seq6 INCREMENT 2  /* QNO 861 CON_ID 17 */
		    17 Query	UPDATE performance_schema.setup_timers SET timer_name = 'TICK' /* QNO 862 CON_ID 17 */
		    17 Query	CREATE OR REPLACE VIEW transforms.view_3980_probe AS UPDATE performance_schema.setup_timers SET timer_name = 'TICK' /* QNO 862 CON_ID 17 */  /* QNO 863 CON_ID 17 */
		    17 Query	SELECT * FROM test.`view_t9` AS table1 WHERE NOT ( table1.`vcol_int` LIKE 'wait/synch/cond%' AND table1.`col_year` IN ( 9, 6, 2 )) HAVING ( (NOT table1.`vcol_blob` < 'r' OR table1.`col_year` >= 'o') AND table1.`vcol_year` <> 'e') LIMIT 6 /* QNO 864 CON_ID 17 */
		    21 Query	EXECUTE prep_stmt_4888 /* TRANSFORM_OUTCOME_UNORDERED_MATCH */ /* QNO 790 CON_ID 21 */
		    21 Execute	SELECT * FROM mysql.`proc` AS table1 HAVING NOT table1.`created` > '2029-07-03 20:55:14.027102' ORDER BY table1.`type`, table1.`body_utf8`, table1.`sql_data_access`, table1.`collation_connection` LIMIT 162 /* QNO 758 CON_ID 21 */
		    21 Query	EXECUTE prep_stmt_4888 /* TRANSFORM_OUTCOME_UNORDERED_MATCH */ /* QNO 791 CON_ID 21 */
		    21 Execute	SELECT * FROM mysql.`proc` AS table1 HAVING NOT table1.`created` > '2029-07-03 20:55:14.027102' ORDER BY table1.`type`, table1.`body_utf8`, table1.`sql_data_access`, table1.`collation_connection` LIMIT 162 /* QNO 758 CON_ID 21 */
		    21 Query	DEALLOCATE PREPARE prep_stmt_4888 /* QNO 792 CON_ID 21 */
		    21 Query	/* GenTest::Transform::ExecuteAsSPTwice */ DROP PROCEDURE IF EXISTS stored_proc_4888 /* QNO 793 CON_ID 21 */
		    21 Query	SHOW WARNINGS
		    21 Query	CREATE PROCEDURE stored_proc_4888 () LANGUAGE SQL  SELECT * FROM mysql.`proc` AS table1 HAVING NOT table1.`created` > '2029-07-03 20:55:14.027102' ORDER BY table1.`type`, table1.`body_utf8`, table1.`sql_data_access`, table1.`collation_connection` LIMIT 162 /* QNO 758 CON_ID 21 */  /* QNO 794 CON_ID 21 */
		    17 Query	DELETE FROM `t2` WHERE `col_int` > 'rs' LIMIT 9 /* QNO 865 CON_ID 17 */
		    17 Query	TRUNCATE TABLE performance_schema.file_summary_by_event_name /* QNO 866 CON_ID 17 */
		    17 Query	SELECT * FROM INFORMATION_SCHEMA.`GLOBAL_STATUS` AS table1 LIMIT 195 /* QNO 867 CON_ID 17 */
		    17 Query	/* GenTest::Transform::ExecuteAsCTE */  WITH cte1 AS ( SELECT * FROM INFORMATION_SCHEMA.`GLOBAL_STATUS` AS table1 LIMIT 195 /* QNO 867 CON_ID 17 */ ) SELECT * FROM cte1  /* TRANSFORM_OUTCOME_UNORDERED_MATCH */ /* QNO 868 CON_ID 17 */
		    17 Query	/* GenTest::Transform::ExecuteAsDeleteReturning */ CREATE DATABASE IF NOT EXISTS transforms /* QNO 869 CON_ID 17 */
		    17 Query	/* GenTest::Transform::ExecuteAsExcept */ (  SELECT * FROM INFORMATION_SCHEMA.`GLOBAL_STATUS` AS table1 LIMIT 195 /* QNO 867 CON_ID 17 */  ) EXCEPT (  SELECT * FROM INFORMATION_SCHEMA.`GLOBAL_STATUS` AS table1 LIMIT 0 /* QNO 867 CON_ID 17 */  ) /* TRANSFORM_OUTCOME_DISTINCT */ /* QNO 870 CON_ID 17 */
		    17 Query	(  SELECT * FROM INFORMATION_SCHEMA.`GLOBAL_STATUS` AS table1 LIMIT 195 /* QNO 867 CON_ID 17 */  ) EXCEPT (  SELECT * FROM INFORMATION_SCHEMA.`GLOBAL_STATUS` AS table1 LIMIT 195 /* QNO 867 CON_ID 17 */  ) /* TRANSFORM_OUTCOME_EMPTY_RESULT */ /* QNO 871 CON_ID 17 */
		    17 Query	/* GenTest::Transform::ExecuteAsExecuteImmediate */ EXECUTE IMMEDIATE ' SELECT * FROM INFORMATION_SCHEMA.`GLOBAL_STATUS` AS table1 LIMIT 195 /* QNO 867 CON_ID 17 */ ' /* TRANSFORM_OUTCOME_UNORDERED_MATCH */ /* QNO 872 CON_ID 17 */
		    17 Prepare	SELECT * FROM INFORMATION_SCHEMA.`GLOBAL_STATUS` AS table1 LIMIT 195 /* QNO 867 CON_ID 17 */
		    17 Execute	SELECT * FROM INFORMATION_SCHEMA.`GLOBAL_STATUS` AS table1 LIMIT 195 /* QNO 867 CON_ID 17 */
		    17 Query	/* GenTest::Transform::ExecuteAsInsertSelect */ CREATE DATABASE IF NOT EXISTS transforms /* QNO 873 CON_ID 17 */
		    17 Query	/* GenTest::Transform::ExecuteAsIntersect */ (  SELECT * FROM INFORMATION_SCHEMA.`GLOBAL_STATUS` AS table1 LIMIT 195 /* QNO 867 CON_ID 17 */  ) INTERSECT (  SELECT * FROM INFORMATION_SCHEMA.`GLOBAL_STATUS` AS table1 LIMIT 195 /* QNO 867 CON_ID 17 */  ) /* TRANSFORM_OUTCOME_DISTINCT */ /* QNO 874 CON_ID 17 */
		    17 Query	(  SELECT * FROM INFORMATION_SCHEMA.`GLOBAL_STATUS` AS table1 LIMIT 195 /* QNO 867 CON_ID 17 */  ) INTERSECT (  SELECT * FROM INFORMATION_SCHEMA.`GLOBAL_STATUS` AS table1 LIMIT 0 /* QNO 867 CON_ID 17 */  ) /* TRANSFORM_OUTCOME_EMPTY_RESULT */ /* QNO 875 CON_ID 17 */
		    17 Query	/* GenTest::Transform::ExecuteAsUnion */ (  SELECT * FROM INFORMATION_SCHEMA.`GLOBAL_STATUS` AS table1 LIMIT 195 /* QNO 867 CON_ID 17 */  ) UNION ALL (  SELECT * FROM INFORMATION_SCHEMA.`GLOBAL_STATUS` AS table1 LIMIT 0 /* QNO 867 CON_ID 17 */  ) /* TRANSFORM_OUTCOME_UNORDERED_MATCH */ /* QNO 876 CON_ID 17 */
		    17 Query	(  SELECT * FROM INFORMATION_SCHEMA.`GLOBAL_STATUS` AS table1 LIMIT 0 /* QNO 867 CON_ID 17 */  ) UNION ALL (  SELECT * FROM INFORMATION_SCHEMA.`GLOBAL_STATUS` AS table1 LIMIT 195 /* QNO 867 CON_ID 17 */  ) /* TRANSFORM_OUTCOME_UNORDERED_MATCH */ /* QNO 877 CON_ID 17 */
		    17 Query	(  SELECT * FROM INFORMATION_SCHEMA.`GLOBAL_STATUS` AS table1 LIMIT 195 /* QNO 867 CON_ID 17 */  ) UNION DISTINCT (  SELECT * FROM INFORMATION_SCHEMA.`GLOBAL_STATUS` AS table1 LIMIT 195 /* QNO 867 CON_ID 17 */  ) /* TRANSFORM_OUTCOME_DISTINCT */ /* QNO 878 CON_ID 17 */
		    18 Query	SELECT * FROM transforms.insert_select_4904 /* TRANSFORM_OUTCOME_UNORDERED_MATCH */ /* QNO 482 CON_ID 18 */
		    20 Query	SHOW ENGINE PERFORMANCE_SCHEMA STATUS /* QNO 908 CON_ID 20 */
		    18 Query	DELETE FROM transforms.insert_select_4904 /* QNO 483 CON_ID 18 */
		    17 Query	(  SELECT * FROM INFORMATION_SCHEMA.`GLOBAL_STATUS` AS table1 LIMIT 195 /* QNO 867 CON_ID 17 */  ) UNION ALL (  SELECT * FROM INFORMATION_SCHEMA.`GLOBAL_STATUS` AS table1 LIMIT 195 /* QNO 867 CON_ID 17 */  ) /* TRANSFORM_OUTCOME_SUPERSET */ /* QNO 879 CON_ID 17 */
		    22 Query	SHOW WARNINGS
		    20 Query	CREATE OR REPLACE VIEW transforms.view_1000_probe AS SHOW ENGINE PERFORMANCE_SCHEMA STATUS /* QNO 908 CON_ID 20 */  /* QNO 909 CON_ID 20 */
		    18 Query	INSERT INTO transforms.insert_select_4904  SELECT * FROM performance_schema.`setup_consumers` AS table1 WHERE ( ( (NOT ( ( ( (NOT ( table1.`NAME` < '1984-02-21 10:45:35.009766' OR table1.`ENABLED` <> table1.`ENABLED`) OR table1.`NAME` < table1.`NAME`) AND table1.`ENABLED` = table1.`ENABLED`) OR table1.`NAME` >= table1.`ENABLED`) AND table1.`ENABLED` < 6) AND table1.`NAME` != 'y') OR table1.`NAME` LIKE 'wait/synch/rwlock%') OR table1.`ENABLED` LIKE 'wait/io%') HAVING ( table1.`ENABLED` <> 'hj' AND table1.`NAME` != 'jv') LIMIT 48 /* QNO 470 CON_ID 18 */  /* QNO 484 CON_ID 18 */
		    20 Query	SHOW TABLES /* QNO 910 CON_ID 20 */
		    18 Query	SELECT * FROM transforms.insert_select_4904 /* TRANSFORM_OUTCOME_UNORDERED_MATCH */ /* QNO 485 CON_ID 18 */
		    22 Query	DROP VIEW IF EXISTS transforms.view_4708_merge , transforms.view_4708_temptable /* QNO 789 CON_ID 22 */
		    22 Query	SHOW WARNINGS
		    20 Query	CREATE OR REPLACE VIEW transforms.view_1000_probe AS SHOW TABLES /* QNO 910 CON_ID 20 */  /* QNO 911 CON_ID 20 */
		    22 Query	CREATE OR REPLACE ALGORITHM=MERGE VIEW transforms.view_4708_merge AS  SELECT * FROM INFORMATION_SCHEMA.`INNODB_CMP_PER_INDEX_RESET` AS table1 WHERE table1.`uncompress_ops` = table1.`uncompress_ops` LIMIT 37 /* QNO 760 CON_ID 22 */  /* QNO 790 CON_ID 22 */
		    18 Query	DELETE FROM transforms.insert_select_4904 /* QNO 486 CON_ID 18 */
		    18 Query	REPLACE INTO transforms.insert_select_4904  SELECT * FROM performance_schema.`setup_consumers` AS table1 WHERE ( ( (NOT ( ( ( (NOT ( table1.`NAME` < '1984-02-21 10:45:35.009766' OR table1.`ENABLED` <> table1.`ENABLED`) OR table1.`NAME` < table1.`NAME`) AND table1.`ENABLED` = table1.`ENABLED`) OR table1.`NAME` >= table1.`ENABLED`) AND table1.`ENABLED` < 6) AND table1.`NAME` != 'y') OR table1.`NAME` LIKE 'wait/synch/rwlock%') OR table1.`ENABLED` LIKE 'wait/io%') HAVING ( table1.`ENABLED` <> 'hj' AND table1.`NAME` != 'jv') LIMIT 48 /* QNO 470 CON_ID 18 */  /* QNO 487 CON_ID 18 */
		    20 Query	UPDATE `ALL_PLUGINS` SET `LOAD_OPTION` = 'mz' WHERE `PLUGIN_LIBRARY_VERSION` >= '1994-01-23 05:43:38.015847' /* QNO 912 CON_ID 20 */
		    18 Query	SELECT * FROM transforms.insert_select_4904 /* TRANSFORM_OUTCOME_UNORDERED_MATCH */ /* QNO 488 CON_ID 18 */
		    18 Query	DROP TABLE transforms.insert_select_4904 /* QNO 489 CON_ID 18 */
		    17 Query	CREATE OR REPLACE VIEW transforms.view_3980_probe AS  SELECT * FROM INFORMATION_SCHEMA.`GLOBAL_STATUS` AS table1 LIMIT 195 /* QNO 867 CON_ID 17 */  /* QNO 880 CON_ID 17 */
		    17 Query	/* GenTest::Transform::ExecuteAsPreparedTwice */ PREPARE prep_stmt_3980 FROM ' SELECT * FROM INFORMATION_SCHEMA.`GLOBAL_STATUS` AS table1 LIMIT 195 /* QNO 867 CON_ID 17 */ ' /* QNO 881 CON_ID 17 */
		    17 Prepare	SELECT * FROM INFORMATION_SCHEMA.`GLOBAL_STATUS` AS table1 LIMIT 195 /* QNO 867 CON_ID 17 */
		    17 Query	EXECUTE prep_stmt_3980 /* TRANSFORM_OUTCOME_UNORDERED_MATCH */ /* QNO 882 CON_ID 17 */
		    17 Execute	SELECT * FROM INFORMATION_SCHEMA.`GLOBAL_STATUS` AS table1 LIMIT 195 /* QNO 867 CON_ID 17 */
		    17 Query	EXECUTE prep_stmt_3980 /* TRANSFORM_OUTCOME_UNORDERED_MATCH */ /* QNO 883 CON_ID 17 */
		    17 Execute	SELECT * FROM INFORMATION_SCHEMA.`GLOBAL_STATUS` AS table1 LIMIT 195 /* QNO 867 CON_ID 17 */
		    17 Query	DEALLOCATE PREPARE prep_stmt_3980 /* QNO 884 CON_ID 17 */
		    17 Query	/* GenTest::Transform::ExecuteAsSPTwice */ DROP PROCEDURE IF EXISTS stored_proc_3980 /* QNO 885 CON_ID 17 */
		    17 Query	UPDATE performance_schema.setup_instruments SET ENABLED = 'NO' WHERE NAME LIKE '%myisam%' /* QNO 886 CON_ID 17 */
		    17 Query	CREATE OR REPLACE VIEW transforms.view_3980_probe AS UPDATE performance_schema.setup_instruments SET ENABLED = 'NO' WHERE NAME LIKE '%myisam%' /* QNO 886 CON_ID 17 */  /* QNO 887 CON_ID 17 */
		    17 Query	SELECT * FROM `CHARACTER_SETS` INTO OUTFILE 'load_CHARACTER_SETS'  /* QNO 888 CON_ID 17 */
		    17 Query	LOAD DATA INFILE 'load_CHARACTER_SETS' IGNORE INTO TABLE CHARACTER_SETS /* QNO 889 CON_ID 17 */
		    20 Query	SELECT * FROM `FILES` INTO OUTFILE 'load_FILES'  /* QNO 913 CON_ID 20 */
		    17 Query	XA BEGIN 'xid161'  /* QNO 890 CON_ID 17 */
		    20 Query	LOAD DATA INFILE 'load_FILES' REPLACE INTO TABLE FILES /* QNO 914 CON_ID 20 */
		    17 Query	INSERT INTO `INNODB_CMP_PER_INDEX_RESET` SELECT * FROM `ENABLED_ROLES` /* QNO 891 CON_ID 17 */
		    20 Query	TRUNCATE TABLE performance_schema.file_summary_by_instance /* QNO 915 CON_ID 20 */
		    17 Query	SHOW ENGINE PERFORMANCE_SCHEMA STATUS /* QNO 892 CON_ID 17 */
		    17 Query	CREATE OR REPLACE VIEW transforms.view_3980_probe AS SHOW ENGINE PERFORMANCE_SCHEMA STATUS /* QNO 892 CON_ID 17 */  /* QNO 893 CON_ID 17 */
		    20 Query	CREATE OR REPLACE VIEW transforms.view_1000_probe AS TRUNCATE TABLE performance_schema.file_summary_by_instance /* QNO 915 CON_ID 20 */  /* QNO 916 CON_ID 20 */
		    20 Query	ALTER ONLINE IGNORE TABLE t1 /*!100301 WAIT 3 */ DROP PRIMARY KEY /* QNO 917 CON_ID 20 */
		    17 Query	ALTER TABLE t7 DROP INDEX ind8, ADD CONSTRAINT y PRIMARY KEY(ncol9, tscol5), DROP FOREIGN KEY v /* QNO 894 CON_ID 17 */
		    17 Query	UPDATE performance_schema.setup_instruments SET ENABLED = 'YES' ORDER BY RAND() LIMIT 2 /* QNO 895 CON_ID 17 */
		    20 Query	ALTER TABLE t2 PARTITION BY system_time INTERVAL 2 MINUTE SUBPARTITION BY KEY(ncol8) SUBPARTITIONS 7 ( PARTITION ver_p1 HISTORY, PARTITION ver_p2 HISTORY, PARTITION ver_pn CURRENT ) /* QNO 918 CON_ID 20 */
		    17 Query	CREATE OR REPLACE VIEW transforms.view_3980_probe AS UPDATE performance_schema.setup_instruments SET ENABLED = 'YES' ORDER BY RAND() LIMIT 2 /* QNO 895 CON_ID 17 */  /* QNO 896 CON_ID 17 */
		    20 Query	SHOW ENGINE PERFORMANCE_SCHEMA STATUS /* QNO 919 CON_ID 20 */
		    20 Query	CREATE OR REPLACE VIEW transforms.view_1000_probe AS SHOW ENGINE PERFORMANCE_SCHEMA STATUS /* QNO 919 CON_ID 20 */  /* QNO 920 CON_ID 20 */
		    17 Query	SELECT * FROM `INNODB_CMP` INTO OUTFILE 'load_INNODB_CMP'  /* QNO 897 CON_ID 17 */
		    17 Query	LOAD DATA INFILE 'load_INNODB_CMP' IGNORE INTO TABLE INNODB_CMP /* QNO 898 CON_ID 17 */
		    20 Query	SELECT * from t4 WHERE row_end < @trx /* QNO 921 CON_ID 20 */
		    17 Query	UNLOCK TABLES /* QNO 899 CON_ID 17 */
		    17 Query	CREATE OR REPLACE VIEW transforms.view_3980_probe AS UNLOCK TABLES /* QNO 899 CON_ID 17 */  /* QNO 900 CON_ID 17 */
		    20 Query	SELECT row_start FROM `INNODB_FT_INDEX_CACHE` ORDER BY RAND() LIMIT 1 INTO @trx /* QNO 922 CON_ID 20 */
		    20 Query	TRUNCATE TABLE performance_schema.events_waits_history /* QNO 923 CON_ID 20 */
		    20 Query	CREATE OR REPLACE VIEW transforms.view_1000_probe AS TRUNCATE TABLE performance_schema.events_waits_history /* QNO 923 CON_ID 20 */  /* QNO 924 CON_ID 20 */
		    22 Query	SHOW WARNINGS
		    22 Query	SELECT * FROM transforms.view_4708_merge /* TRANSFORM_OUTCOME_UNORDERED_MATCH */ /* QNO 791 CON_ID 22 */
		    21 Query	CALL stored_proc_4888 /* TRANSFORM_OUTCOME_UNORDERED_MATCH */ /* QNO 795 CON_ID 21 */
		    20 Query	SET STATEMENT system_versioning_alter_history=KEEP FOR ALTER TABLE t5 ADD SYSTEM VERSIONING, CHANGE COLUMN IF EXISTS `row_end` `row_end` BIGINT UNSIGNED GENERATED ALWAYS AS ROW END, ADD SYSTEM VERSIONING, ADD SYSTEM VERSIONING /* QNO 925 CON_ID 20 */
		    17 Query	ALTER TABLE t9 /*!100301 NOWAIT */ CHANGE COLUMN ncol2 `non_existing_column` VARCHAR(41994) NOT NULL DEFAULT '', ALGORITHM=INPLACE, LOCK=NONE, DROP COLUMN ecol6, ADD CONSTRAINT UNIQUE KEY(tcol5), ALGORITHM=DEFAULT, LOCK=DEFAULT /* QNO 901 CON_ID 17 */
		    20 Query	XA BEGIN 'xid178'  /* QNO 926 CON_ID 20 */
		    20 Query	CREATE OR REPLACE VIEW transforms.view_1000_probe AS XA BEGIN 'xid178'  /* QNO 926 CON_ID 20 */  /* QNO 927 CON_ID 20 */
		    20 Query	DELETE FROM `PARAMETERS` WHERE `SPECIFIC_CATALOG` != 'z' LIMIT 3 /* QNO 928 CON_ID 20 */
		    20 Query	SHOW ENGINE PERFORMANCE_SCHEMA STATUS /* QNO 929 CON_ID 20 */
		    20 Query	CREATE OR REPLACE VIEW transforms.view_1000_probe AS SHOW ENGINE PERFORMANCE_SCHEMA STATUS /* QNO 929 CON_ID 20 */  /* QNO 930 CON_ID 20 */
		    17 Query	SELECT * FROM test.`view_t9` AS table1 WHERE ( ( ( table1.`col_char` > 3 AND table1.`vcol_year` >= '2013-02-22 04:27:12.009172') AND table1.`vcol_datetime` < 'sk') OR table1.`col_blob` <= 5) HAVING ( (NOT table1.`col_blob` > '1978-10-08 17:45:49.033114' OR table1.`vcol_dec` = 'k') OR table1.`col_blob` >= 8) LIMIT 55 /* QNO 902 CON_ID 17 */
		    21 Query	CALL stored_proc_4888 /* TRANSFORM_OUTCOME_UNORDERED_MATCH */ /* QNO 796 CON_ID 21 */
		    17 Query	TRUNCATE TABLE performance_schema.file_summary_by_event_name /* QNO 903 CON_ID 17 */
		    20 Query	UPDATE performance_schema.setup_timers SET timer_name = 'NANOSECOND' /* QNO 931 CON_ID 20 */
		    20 Query	CREATE OR REPLACE VIEW transforms.view_1000_probe AS UPDATE performance_schema.setup_timers SET timer_name = 'NANOSECOND' /* QNO 931 CON_ID 20 */  /* QNO 932 CON_ID 20 */
		    20 Query	INSERT INTO t1 ( tscol6 ) SELECT vcol9 FROM `INNODB_CMPMEM_RESET`  /* QNO 933 CON_ID 20 */
		    17 Query	SELECT * FROM test.`view_t7` AS table1 ORDER BY table1.`col_timestamp`, table1.`col_datetime` LIMIT 42 /* QNO 904 CON_ID 17 */
		    20 Query	SHOW ENGINE PERFORMANCE_SCHEMA STATUS /* QNO 934 CON_ID 20 */
		    21 Query	DROP PROCEDURE IF EXISTS stored_proc_4888 /* QNO 797 CON_ID 21 */
		    22 Query	CREATE OR REPLACE ALGORITHM=TEMPTABLE VIEW transforms.view_4708_temptable AS  SELECT * FROM INFORMATION_SCHEMA.`INNODB_CMP_PER_INDEX_RESET` AS table1 WHERE table1.`uncompress_ops` = table1.`uncompress_ops` LIMIT 37 /* QNO 760 CON_ID 22 */  /* QNO 792 CON_ID 22 */
		    17 Query	DELETE FROM `t4` WHERE `col_time` < 0 LIMIT 0 /* QNO 905 CON_ID 17 */
		    20 Query	CREATE OR REPLACE VIEW transforms.view_1000_probe AS SHOW ENGINE PERFORMANCE_SCHEMA STATUS /* QNO 934 CON_ID 20 */  /* QNO 935 CON_ID 20 */
		    17 Query	TRUNCATE TABLE performance_schema.events_waits_summary_by_event_name /* QNO 906 CON_ID 17 */
		    20 Query	XA COMMIT 'non_idle_xid' ONE PHASE  /* QNO 936 CON_ID 20 */
		    17 Query	SELECT * FROM INFORMATION_SCHEMA.`INNODB_SYS_INDEXES` AS table1 WHERE ( table1.`MERGE_THRESHOLD` <= table1.`NAME` AND table1.`SPACE` IN ( 2, 9, 0 )) LIMIT 147 /* QNO 907 CON_ID 17 */
		    20 Query	DELETE FROM `INNODB_SYS_DATAFILES` WHERE `PATH` = 'k' LIMIT 1 /* QNO 937 CON_ID 20 */
		    20 Query	TRUNCATE TABLE performance_schema.events_waits_summary_by_thread_by_event_name /* QNO 938 CON_ID 20 */
		    22 Query	SELECT * FROM transforms.view_4708_temptable /* TRANSFORM_OUTCOME_UNORDERED_MATCH */ /* QNO 793 CON_ID 22 */
		    20 Query	INSERT INTO `PROCESSLIST` ( scol1 ) SELECT vcol3 FROM t10 /* QNO 939 CON_ID 20 */
		    20 Query	TRUNCATE TABLE performance_schema.events_waits_history_long /* QNO 940 CON_ID 20 */
		    20 Query	OPTIMIZE TABLE t4 /* QNO 941 CON_ID 20 */
		    20 Query	SHOW ENGINE PERFORMANCE_SCHEMA STATUS /* QNO 942 CON_ID 20 */
		    21 Query	UNLOCK TABLES /* QNO 798 CON_ID 21 */
		    20 Query	CREATE OR REPLACE VIEW transforms.view_1000_probe AS SHOW ENGINE PERFORMANCE_SCHEMA STATUS /* QNO 942 CON_ID 20 */  /* QNO 943 CON_ID 20 */
		    20 Query	SET STATEMENT system_versioning_alter_history=KEEP FOR ALTER TABLE `PROCESSLIST` PARTITION BY system_time INTERVAL 5 HOUR ( PARTITION ver_p1 HISTORY, PARTITION ver_p2 HISTORY, PARTITION ver_pn CURRENT ) /* QNO 944 CON_ID 20 */
		    20 Query	UPDATE performance_schema.setup_instruments SET ENABLED = 'NO' WHERE NAME LIKE '%sql%' /* QNO 945 CON_ID 20 */
		    21 Query	CREATE OR REPLACE VIEW transforms.view_4888_probe AS UNLOCK TABLES /* QNO 798 CON_ID 21 */  /* QNO 799 CON_ID 21 */
		    21 Query	SELECT * from `proc` WHERE row_end < @trx /* QNO 800 CON_ID 21 */
		    21 Query	TRUNCATE TABLE performance_schema.events_waits_history_long /* QNO 801 CON_ID 21 */
		    21 Query	CREATE OR REPLACE VIEW transforms.view_4888_probe AS TRUNCATE TABLE performance_schema.events_waits_history_long /* QNO 801 CON_ID 21 */  /* QNO 802 CON_ID 21 */
		    20 Query	CREATE OR REPLACE VIEW transforms.view_1000_probe AS UPDATE performance_schema.setup_instruments SET ENABLED = 'NO' WHERE NAME LIKE '%sql%' /* QNO 945 CON_ID 20 */  /* QNO 946 CON_ID 20 */
		    21 Query	SELECT * FROM `servers` INTO OUTFILE 'load_servers'  /* QNO 803 CON_ID 21 */
		    21 Query	LOAD DATA INFILE 'load_servers' REPLACE INTO TABLE servers /* QNO 804 CON_ID 21 */
		    20 Query	TRUNCATE TABLE performance_schema.events_waits_summary_by_event_name /* QNO 947 CON_ID 20 */
		    21 Query	UPDATE performance_schema.setup_consumers SET enabled = 'YES' WHERE name IN ( 'file_summary_by_instance', 'events_waits_summary_by_thread_by_event_name' ) /* QNO 805 CON_ID 21 */
		    21 Query	CREATE OR REPLACE VIEW transforms.view_4888_probe AS UPDATE performance_schema.setup_consumers SET enabled = 'YES' WHERE name IN ( 'file_summary_by_instance', 'events_waits_summary_by_thread_by_event_name' ) /* QNO 805 CON_ID 21 */  /* QNO 806 CON_ID 21 */
		    21 Query	UPDATE t5 SET scol9 = DEFAULT LIMIT 1 /* QNO 807 CON_ID 21 */
		    20 Query	SELECT * FROM mysql.`event` AS table1 WHERE ( ( ( ( ( (NOT ( table1.`execute_at` LIKE 'wait/synch%' AND table1.`db_collation` < '2029-09-13 22:48:55.020751') AND table1.`ends` LIKE 'wait/synch%') OR table1.`db` IN ( 8, 3, 7 )) OR table1.`last_executed` < 7) AND table1.`starts` = table1.`interval_value`) AND table1.`db` IN ( 7, 3, 8 )) AND table1.`name` IN ( 9, 9, 1 )) ORDER BY table1.`last_executed` LIMIT 96 /* QNO 948 CON_ID 20 */
		    20 Query	SHOW WARNINGS
		    20 Query	XA END 'xid178'  /* QNO 949 CON_ID 20 */
		    20 Query	CREATE OR REPLACE VIEW transforms.view_1000_probe AS XA END 'xid178'  /* QNO 949 CON_ID 20 */  /* QNO 950 CON_ID 20 */
		    20 Query	XA COMMIT 'non_idle_xid'  /* QNO 951 CON_ID 20 */
		    20 Query	SET STATEMENT system_versioning_alter_history=KEEP FOR ALTER TABLE t7 PARTITION BY system_time INTERVAL 6 HOUR ( PARTITION ver_p1 HISTORY, PARTITION ver_pn CURRENT ) /* QNO 952 CON_ID 20 */
		    20 Query	DELETE FROM `time_zone` WHERE `Use_leap_seconds` = 'hz' LIMIT 6 /* QNO 953 CON_ID 20 */
		    20 Query	SET STATEMENT system_versioning_alter_history=KEEP FOR ALTER TABLE t6 ADD SYSTEM VERSIONING /* QNO 954 CON_ID 20 */
		    20 Query	TRUNCATE TABLE performance_schema.events_waits_history /* QNO 955 CON_ID 20 */
		    20 Query	UPDATE performance_schema.setup_instruments SET ENABLED = 'NO' ORDER BY RAND() LIMIT 2 /* QNO 956 CON_ID 20 */
		    20 Query	SELECT * FROM performance_schema.`events_waits_summary_by_user_by_event_name` AS table1 WHERE ( ( ( table1.`MAX_TIMER_WAIT` IN ( 3, 3, 6 ) OR table1.`EVENT_NAME` <> table1.`AVG_TIMER_WAIT`) AND table1.`AVG_TIMER_WAIT` >= 'zr') OR table1.`MIN_TIMER_WAIT` IN ( 4, 0, 4 )) HAVING ( table1.`USER` <> 8 AND table1.`SUM_TIMER_WAIT` < 'r') LIMIT 49 /* QNO 957 CON_ID 20 */
		    22 Query	DROP VIEW transforms.view_4708_merge , transforms.view_4708_temptable /* QNO 794 CON_ID 22 */
		    20 Query	XA COMMIT 'xid178' ONE PHASE  /* QNO 958 CON_ID 20 */
		    18 Query	/* GenTest::Transform::ExecuteAsIntersect */ (  SELECT * FROM performance_schema.`setup_consumers` AS table1 WHERE ( ( (NOT ( ( ( (NOT ( table1.`NAME` < '1984-02-21 10:45:35.009766' OR table1.`ENABLED` <> table1.`ENABLED`) OR table1.`NAME` < table1.`NAME`) AND table1.`ENABLED` = table1.`ENABLED`) OR table1.`NAME` >= table1.`ENABLED`) AND table1.`ENABLED` < 6) AND table1.`NAME` != 'y') OR table1.`NAME` LIKE 'wait/synch/rwlock%') OR table1.`ENABLED` LIKE 'wait/io%') HAVING ( table1.`ENABLED` <> 'hj' AND table1.`NAME` != 'jv') LIMIT 48 /* QNO 470 CON_ID 18 */  ) INTERSECT (  SELECT * FROM performance_schema.`setup_consumers` AS table1 WHERE ( ( (NOT ( ( ( (NOT ( table1.`NAME` < '1984-02-21 10:45:35.009766' OR table1.`ENABLED` <> table1.`ENABLED`) OR table1.`NAME` < table1.`NAME`) AND table1.`ENABLED` = table1.`ENABLED`) OR table1.`NAME` >= table1.`ENABLED`) AND table1.`ENABLED` < 6) AND table1.`NAME` != 'y') OR table1.`NAME` LIKE 'wait/synch/rwlock%') OR table1.`ENABLED` LIKE 'wait/io%') HAVING ( table1.`ENABLED` <> 'hj' AND table1.`NAME` != 'jv') LIMIT 48 /* QNO 470 CON_ID 18 */  ) /* TRANSFORM_OUTCOME_DISTINCT */ /* QNO 490 CON_ID 18 */
		    17 Query	SHOW WARNINGS
		    16 Query	CREATE OR REPLACE VIEW transforms.view_900_probe AS CREATE TABLE q LIKE `t8` /* QNO 796 CON_ID 16 */  /* QNO 797 CON_ID 16 */
		    20 Query	CREATE OR REPLACE VIEW transforms.view_1000_probe AS XA COMMIT 'xid178' ONE PHASE  /* QNO 958 CON_ID 20 */  /* QNO 959 CON_ID 20 */
		    22 Query	/* GenTest::Transform::ExecuteAsPreparedTwice */ PREPARE prep_stmt_4708 FROM ' SELECT * FROM INFORMATION_SCHEMA.`INNODB_CMP_PER_INDEX_RESET` AS table1 WHERE table1.`uncompress_ops` = table1.`uncompress_ops` LIMIT 37 /* QNO 760 CON_ID 22 */ ' /* QNO 795 CON_ID 22 */
		    22 Prepare	SELECT * FROM INFORMATION_SCHEMA.`INNODB_CMP_PER_INDEX_RESET` AS table1 WHERE table1.`uncompress_ops` = table1.`uncompress_ops` LIMIT 37 /* QNO 760 CON_ID 22 */
		    18 Query	(  SELECT * FROM performance_schema.`setup_consumers` AS table1 WHERE ( ( (NOT ( ( ( (NOT ( table1.`NAME` < '1984-02-21 10:45:35.009766' OR table1.`ENABLED` <> table1.`ENABLED`) OR table1.`NAME` < table1.`NAME`) AND table1.`ENABLED` = table1.`ENABLED`) OR table1.`NAME` >= table1.`ENABLED`) AND table1.`ENABLED` < 6) AND table1.`NAME` != 'y') OR table1.`NAME` LIKE 'wait/synch/rwlock%') OR table1.`ENABLED` LIKE 'wait/io%') HAVING ( table1.`ENABLED` <> 'hj' AND table1.`NAME` != 'jv') LIMIT 48 /* QNO 470 CON_ID 18 */  ) INTERSECT (  SELECT * FROM performance_schema.`setup_consumers` AS table1 WHERE ( ( (NOT ( ( ( (NOT ( table1.`NAME` < '1984-02-21 10:45:35.009766' OR table1.`ENABLED` <> table1.`ENABLED`) OR table1.`NAME` < table1.`NAME`) AND table1.`ENABLED` = table1.`ENABLED`) OR table1.`NAME` >= table1.`ENABLED`) AND table1.`ENABLED` < 6) AND table1.`NAME` != 'y') OR table1.`NAME` LIKE 'wait/synch/rwlock%') OR table1.`ENABLED` LIKE 'wait/io%') HAVING ( table1.`ENABLED` <> 'hj' AND table1.`NAME` != 'jv') LIMIT 0 /* QNO 470 CON_ID 18 */  ) /* TRANSFORM_OUTCOME_EMPTY_RESULT */ /* QNO 491 CON_ID 18 */
		    16 Query	REVOKE SHOW DATABASES, SUPER ON *.* FROM 'someuser'@'somehost' /* QNO 798 CON_ID 16 */
		    22 Query	EXECUTE prep_stmt_4708 /* TRANSFORM_OUTCOME_UNORDERED_MATCH */ /* QNO 796 CON_ID 22 */
		    22 Execute	SELECT * FROM INFORMATION_SCHEMA.`INNODB_CMP_PER_INDEX_RESET` AS table1 WHERE table1.`uncompress_ops` = table1.`uncompress_ops` LIMIT 37 /* QNO 760 CON_ID 22 */
		    17 Query	DELETE FROM `COLLATIONS` WHERE `IS_DEFAULT` = 'h' LIMIT 8 /* QNO 908 CON_ID 17 */
		    16 Query	CREATE OR REPLACE VIEW transforms.view_900_probe AS REVOKE SHOW DATABASES, SUPER ON *.* FROM 'someuser'@'somehost' /* QNO 798 CON_ID 16 */  /* QNO 799 CON_ID 16 */
		    22 Query	EXECUTE prep_stmt_4708 /* TRANSFORM_OUTCOME_UNORDERED_MATCH */ /* QNO 797 CON_ID 22 */
		    20 Query	UPDATE performance_schema.setup_consumers SET enabled = 'YES' WHERE name LIKE 'file%' /* QNO 960 CON_ID 20 */
		    22 Execute	SELECT * FROM INFORMATION_SCHEMA.`INNODB_CMP_PER_INDEX_RESET` AS table1 WHERE table1.`uncompress_ops` = table1.`uncompress_ops` LIMIT 37 /* QNO 760 CON_ID 22 */
		    18 Query	/* GenTest::Transform::ExecuteAsUnion */ (  SELECT * FROM performance_schema.`setup_consumers` AS table1 WHERE ( ( (NOT ( ( ( (NOT ( table1.`NAME` < '1984-02-21 10:45:35.009766' OR table1.`ENABLED` <> table1.`ENABLED`) OR table1.`NAME` < table1.`NAME`) AND table1.`ENABLED` = table1.`ENABLED`) OR table1.`NAME` >= table1.`ENABLED`) AND table1.`ENABLED` < 6) AND table1.`NAME` != 'y') OR table1.`NAME` LIKE 'wait/synch/rwlock%') OR table1.`ENABLED` LIKE 'wait/io%') HAVING ( table1.`ENABLED` <> 'hj' AND table1.`NAME` != 'jv') LIMIT 48 /* QNO 470 CON_ID 18 */  ) UNION ALL (  SELECT * FROM performance_schema.`setup_consumers` AS table1 WHERE ( ( (NOT ( ( ( (NOT ( table1.`NAME` < '1984-02-21 10:45:35.009766' OR table1.`ENABLED` <> table1.`ENABLED`) OR table1.`NAME` < table1.`NAME`) AND table1.`ENABLED` = table1.`ENABLED`) OR table1.`NAME` >= table1.`ENABLED`) AND table1.`ENABLED` < 6) AND table1.`NAME` != 'y') OR table1.`NAME` LIKE 'wait/synch/rwlock%') OR table1.`ENABLED` LIKE 'wait/io%') HAVING ( table1.`ENABLED` <> 'hj' AND table1.`NAME` != 'jv') LIMIT 0 /* QNO 470 CON_ID 18 */  ) /* TRANSFORM_OUTCOME_UNORDERED_MATCH */ /* QNO 492 CON_ID 18 */
		    17 Query	UPDATE performance_schema.setup_consumers SET enabled = 'NO' WHERE name LIKE 'events%' /* QNO 909 CON_ID 17 */
		    18 Query	(  SELECT * FROM performance_schema.`setup_consumers` AS table1 WHERE ( ( (NOT ( ( ( (NOT ( table1.`NAME` < '1984-02-21 10:45:35.009766' OR table1.`ENABLED` <> table1.`ENABLED`) OR table1.`NAME` < table1.`NAME`) AND table1.`ENABLED` = table1.`ENABLED`) OR table1.`NAME` >= table1.`ENABLED`) AND table1.`ENABLED` < 6) AND table1.`NAME` != 'y') OR table1.`NAME` LIKE 'wait/synch/rwlock%') OR table1.`ENABLED` LIKE 'wait/io%') HAVING ( table1.`ENABLED` <> 'hj' AND table1.`NAME` != 'jv') LIMIT 0 /* QNO 470 CON_ID 18 */  ) UNION ALL (  SELECT * FROM performance_schema.`setup_consumers` AS table1 WHERE ( ( (NOT ( ( ( (NOT ( table1.`NAME` < '1984-02-21 10:45:35.009766' OR table1.`ENABLED` <> table1.`ENABLED`) OR table1.`NAME` < table1.`NAME`) AND table1.`ENABLED` = table1.`ENABLED`) OR table1.`NAME` >= table1.`ENABLED`) AND table1.`ENABLED` < 6) AND table1.`NAME` != 'y') OR table1.`NAME` LIKE 'wait/synch/rwlock%') OR table1.`ENABLED` LIKE 'wait/io%') HAVING ( table1.`ENABLED` <> 'hj' AND table1.`NAME` != 'jv') LIMIT 48 /* QNO 470 CON_ID 18 */  ) /* TRANSFORM_OUTCOME_UNORDERED_MATCH */ /* QNO 493 CON_ID 18 */
		    17 Query	CREATE OR REPLACE VIEW transforms.view_3980_probe AS UPDATE performance_schema.setup_consumers SET enabled = 'NO' WHERE name LIKE 'events%' /* QNO 909 CON_ID 17 */  /* QNO 910 CON_ID 17 */
		    16 Query	GRANT ALL PRIVILEGES ON test.v TO 'someuser'@'somehost' /* QNO 800 CON_ID 16 */
		    22 Query	DEALLOCATE PREPARE prep_stmt_4708 /* QNO 798 CON_ID 22 */
		    20 Query	CREATE OR REPLACE VIEW transforms.view_1000_probe AS UPDATE performance_schema.setup_consumers SET enabled = 'YES' WHERE name LIKE 'file%' /* QNO 960 CON_ID 20 */  /* QNO 961 CON_ID 20 */
		    18 Query	(  SELECT * FROM performance_schema.`setup_consumers` AS table1 WHERE ( ( (NOT ( ( ( (NOT ( table1.`NAME` < '1984-02-21 10:45:35.009766' OR table1.`ENABLED` <> table1.`ENABLED`) OR table1.`NAME` < table1.`NAME`) AND table1.`ENABLED` = table1.`ENABLED`) OR table1.`NAME` >= table1.`ENABLED`) AND table1.`ENABLED` < 6) AND table1.`NAME` != 'y') OR table1.`NAME` LIKE 'wait/synch/rwlock%') OR table1.`ENABLED` LIKE 'wait/io%') HAVING ( table1.`ENABLED` <> 'hj' AND table1.`NAME` != 'jv') LIMIT 48 /* QNO 470 CON_ID 18 */  ) UNION DISTINCT (  SELECT * FROM performance_schema.`setup_consumers` AS table1 WHERE ( ( (NOT ( ( ( (NOT ( table1.`NAME` < '1984-02-21 10:45:35.009766' OR table1.`ENABLED` <> table1.`ENABLED`) OR table1.`NAME` < table1.`NAME`) AND table1.`ENABLED` = table1.`ENABLED`) OR table1.`NAME` >= table1.`ENABLED`) AND table1.`ENABLED` < 6) AND table1.`NAME` != 'y') OR table1.`NAME` LIKE 'wait/synch/rwlock%') OR table1.`ENABLED` LIKE 'wait/io%') HAVING ( table1.`ENABLED` <> 'hj' AND table1.`NAME` != 'jv') LIMIT 48 /* QNO 470 CON_ID 18 */  ) /* TRANSFORM_OUTCOME_DISTINCT */ /* QNO 494 CON_ID 18 */
		    17 Query	SHOW ENGINE PERFORMANCE_SCHEMA STATUS /* QNO 911 CON_ID 17 */
		    22 Query	/* GenTest::Transform::ExecuteAsSPTwice */ DROP PROCEDURE IF EXISTS stored_proc_4708 /* QNO 799 CON_ID 22 */
		    20 Query	UPDATE performance_schema.setup_instruments SET ENABLED = 'NO' ORDER BY RAND() LIMIT 5 /* QNO 962 CON_ID 20 */
		    16 Query	CREATE OR REPLACE VIEW transforms.view_900_probe AS GRANT ALL PRIVILEGES ON test.v TO 'someuser'@'somehost' /* QNO 800 CON_ID 16 */  /* QNO 801 CON_ID 16 */
		    18 Query	(  SELECT * FROM performance_schema.`setup_consumers` AS table1 WHERE ( ( (NOT ( ( ( (NOT ( table1.`NAME` < '1984-02-21 10:45:35.009766' OR table1.`ENABLED` <> table1.`ENABLED`) OR table1.`NAME` < table1.`NAME`) AND table1.`ENABLED` = table1.`ENABLED`) OR table1.`NAME` >= table1.`ENABLED`) AND table1.`ENABLED` < 6) AND table1.`NAME` != 'y') OR table1.`NAME` LIKE 'wait/synch/rwlock%') OR table1.`ENABLED` LIKE 'wait/io%') HAVING ( table1.`ENABLED` <> 'hj' AND table1.`NAME` != 'jv') LIMIT 48 /* QNO 470 CON_ID 18 */  ) UNION ALL (  SELECT * FROM performance_schema.`setup_consumers` AS table1 WHERE ( ( (NOT ( ( ( (NOT ( table1.`NAME` < '1984-02-21 10:45:35.009766' OR table1.`ENABLED` <> table1.`ENABLED`) OR table1.`NAME` < table1.`NAME`) AND table1.`ENABLED` = table1.`ENABLED`) OR table1.`NAME` >= table1.`ENABLED`) AND table1.`ENABLED` < 6) AND table1.`NAME` != 'y') OR table1.`NAME` LIKE 'wait/synch/rwlock%') OR table1.`ENABLED` LIKE 'wait/io%') HAVING ( table1.`ENABLED` <> 'hj' AND table1.`NAME` != 'jv') LIMIT 48 /* QNO 470 CON_ID 18 */  ) /* TRANSFORM_OUTCOME_SUPERSET */ /* QNO 495 CON_ID 18 */
		    22 Query	SHOW WARNINGS
		    20 Query	CREATE OR REPLACE VIEW transforms.view_1000_probe AS UPDATE performance_schema.setup_instruments SET ENABLED = 'NO' ORDER BY RAND() LIMIT 5 /* QNO 962 CON_ID 20 */  /* QNO 963 CON_ID 20 */
		    18 Query	CREATE OR REPLACE VIEW transforms.view_4904_probe AS  SELECT * FROM performance_schema.`setup_consumers` AS table1 WHERE ( ( (NOT ( ( ( (NOT ( table1.`NAME` < '1984-02-21 10:45:35.009766' OR table1.`ENABLED` <> table1.`ENABLED`) OR table1.`NAME` < table1.`NAME`) AND table1.`ENABLED` = table1.`ENABLED`) OR table1.`NAME` >= table1.`ENABLED`) AND table1.`ENABLED` < 6) AND table1.`NAME` != 'y') OR table1.`NAME` LIKE 'wait/synch/rwlock%') OR table1.`ENABLED` LIKE 'wait/io%') HAVING ( table1.`ENABLED` <> 'hj' AND table1.`NAME` != 'jv') LIMIT 48 /* QNO 470 CON_ID 18 */  /* QNO 496 CON_ID 18 */
