		    18 Query	DELETE FROM `slow_log` WHERE `rows_examined` > '2034-09-15 05:10:49.047120' LIMIT 8 /* QNO 568 CON_ID 18 */
		    20 Query	INSERT INTO `column_stats` SELECT * FROM `help_keyword` /* QNO 1449 CON_ID 20 */
		    18 Query	DELETE FROM `time_zone_name` WHERE `Name` <= 2 LIMIT 0 /* QNO 569 CON_ID 18 */
		    20 Query	INSERT INTO seq4 VALUES (58947, 0, 665780224, -2506816142585102336, 3, 244, 0, 0) /* QNO 1450 CON_ID 20 */
		    18 Query	UPDATE performance_schema.setup_instruments SET ENABLED = 'YES' ORDER BY RAND() LIMIT 3 /* QNO 570 CON_ID 18 */
		    20 Query	XA END 'xid35'  /* QNO 1451 CON_ID 20 */
		    18 Query	CREATE OR REPLACE VIEW transforms.view_4904_probe AS UPDATE performance_schema.setup_instruments SET ENABLED = 'YES' ORDER BY RAND() LIMIT 3 /* QNO 570 CON_ID 18 */  /* QNO 571 CON_ID 18 */
		    20 Query	ALTER TABLE t5 ADD CONSTRAINT FOREIGN KEY r (vcol10) REFERENCES t6 (ncol8) ON DELETE CASCADE, DROP PRIMARY KEY /* QNO 1452 CON_ID 20 */
		    18 Query	DROP TABLE IF EXISTS t5 /* QNO 572 CON_ID 18 */
		    20 Query	INSERT INTO `procs_priv` ( icol6 ) SELECT tscol6 FROM `table_stats`  /* QNO 1453 CON_ID 20 */
		    18 Query	SHOW WARNINGS
		    20 Query	XA START 'xid84'  /* QNO 1454 CON_ID 20 */
		    18 Query	XA COMMIT 'inactive_xid'  /* QNO 573 CON_ID 18 */
		    20 Query	ALTER TABLE t6 ADD CONSTRAINT s PRIMARY KEY(ncol6), ALGORITHM=DEFAULT, LOCK=NONE, FORCE, LOCK=SHARED, ALGORITHM=DEFAULT, KEY_BLOCK_SIZE = 4096 /* QNO 1455 CON_ID 20 */
		    18 Query	UPDATE `innodb_index_stats` SET `table_name` = '1997-07-09 06:04:22.005501' WHERE `table_name` = 1 /* QNO 574 CON_ID 18 */
		    20 Query	FLUSH TABLES /* QNO 1456 CON_ID 20 */
		    18 Query	SHOW ENGINE PERFORMANCE_SCHEMA STATUS /* QNO 575 CON_ID 18 */
		    20 Query	UPDATE performance_schema.setup_instruments SET ENABLED = 'YES' WHERE NAME LIKE 'wait/synch/cond%' /* QNO 1457 CON_ID 20 */
		    18 Query	CREATE OR REPLACE VIEW transforms.view_4904_probe AS SHOW ENGINE PERFORMANCE_SCHEMA STATUS /* QNO 575 CON_ID 18 */  /* QNO 576 CON_ID 18 */
		    20 Query	CREATE OR REPLACE VIEW transforms.view_1000_probe AS UPDATE performance_schema.setup_instruments SET ENABLED = 'YES' WHERE NAME LIKE 'wait/synch/cond%' /* QNO 1457 CON_ID 20 */  /* QNO 1458 CON_ID 20 */
		    18 Query	XA RECOVER /* QNO 577 CON_ID 18 */
		    20 Query	ALTER TABLE t3 PARTITION BY HASH(tscol5) /* QNO 1459 CON_ID 20 */
		    18 Query	CREATE OR REPLACE VIEW transforms.view_4904_probe AS XA RECOVER /* QNO 577 CON_ID 18 */  /* QNO 578 CON_ID 18 */
		    20 Query	SELECT PREVIOUS VALUE FOR seq4 /* QNO 1460 CON_ID 20 */
		    18 Query	XA BEGIN 'xid187'  /* QNO 579 CON_ID 18 */
		    20 Query	CREATE SEQUENCE seq7  /* QNO 1461 CON_ID 20 */
		    18 Query	CREATE OR REPLACE VIEW transforms.view_4904_probe AS XA BEGIN 'xid187'  /* QNO 579 CON_ID 18 */  /* QNO 580 CON_ID 18 */
		    20 Query	OPTIMIZE TABLE t10 /* QNO 1462 CON_ID 20 */
		    18 Query	SELECT * from `tables_priv` WHERE row_end IN (SELECT row_end FROM `proc`) /* QNO 581 CON_ID 18 */
		    20 Query	UPDATE performance_schema.setup_consumers SET enabled = 'NO' WHERE name LIKE 'file%' /* QNO 1463 CON_ID 20 */
		    18 Query	TRUNCATE TABLE performance_schema.file_summary_by_event_name /* QNO 582 CON_ID 18 */
		    20 Query	CREATE OR REPLACE VIEW transforms.view_1000_probe AS UPDATE performance_schema.setup_consumers SET enabled = 'NO' WHERE name LIKE 'file%' /* QNO 1463 CON_ID 20 */  /* QNO 1464 CON_ID 20 */
		    21 Query	CALL stored_proc_4888 /* TRANSFORM_OUTCOME_UNORDERED_MATCH */ /* QNO 853 CON_ID 21 */
		    20 Query	UPDATE performance_schema.setup_timers SET timer_name = 'MILLISECOND' /* QNO 1465 CON_ID 20 */
		    21 Query	CALL stored_proc_4888 /* TRANSFORM_OUTCOME_UNORDERED_MATCH */ /* QNO 854 CON_ID 21 */
		    20 Query	CREATE OR REPLACE VIEW transforms.view_1000_probe AS UPDATE performance_schema.setup_timers SET timer_name = 'MILLISECOND' /* QNO 1465 CON_ID 20 */  /* QNO 1466 CON_ID 20 */
		    21 Query	DROP PROCEDURE IF EXISTS stored_proc_4888 /* QNO 855 CON_ID 21 */
		    20 Query	INSERT INTO `event` ( `pk` ) VALUES (NULL) /* QNO 1467 CON_ID 20 */
		    20 Query	XA PREPARE 'xid35'  /* QNO 1468 CON_ID 20 */
		    20 Query	SET STATEMENT system_versioning_alter_history=KEEP FOR ALTER TABLE t1 REMOVE PARTITIONING /* QNO 1469 CON_ID 20 */
		    20 Query	LOCK TABLE t3 WRITE /* QNO 1470 CON_ID 20 */
		    20 Query	UPDATE `table_stats` SET `db_name` = 'h' WHERE `cardinality` >= 'r' /* QNO 1471 CON_ID 20 */
		    20 Query	SELECT * FROM `procs_priv` INTO OUTFILE 'load_procs_priv'  /* QNO 1472 CON_ID 20 */
		    20 Query	LOAD DATA INFILE 'load_procs_priv' REPLACE INTO TABLE procs_priv /* QNO 1473 CON_ID 20 */
		    20 Query	SELECT * from t2 FOR system_time ALL /* QNO 1474 CON_ID 20 */
		    20 Query	TRUNCATE TABLE performance_schema.events_waits_history /* QNO 1475 CON_ID 20 */
		    20 Query	SELECT * FROM `proxies_priv` INTO OUTFILE 'load_proxies_priv'  /* QNO 1476 CON_ID 20 */
		    20 Query	LOAD DATA INFILE 'load_proxies_priv' IGNORE INTO TABLE proxies_priv /* QNO 1477 CON_ID 20 */
		    20 Query	SELECT * FROM (mysql.`time_zone` AS table1 STRAIGHT_JOIN test.`t2` AS table2 ON ( table2.`col_datetime` = table1.`Time_zone_id` ) ) ORDER BY table2.`col_date` LIMIT 159 /* QNO 1478 CON_ID 20 */
		    20 Query	UPDATE performance_schema.setup_instruments SET TIMED = 'YES' WHERE NAME LIKE '%sql%' /* QNO 1479 CON_ID 20 */
		    22 Query	SELECT * FROM transforms.insert_select_4708 /* TRANSFORM_OUTCOME_UNORDERED_MATCH */ /* QNO 842 CON_ID 22 */
		    22 Query	DELETE FROM transforms.insert_select_4708 /* QNO 843 CON_ID 22 */
		    22 Query	INSERT INTO transforms.insert_select_4708  SELECT * FROM INFORMATION_SCHEMA.`SESSION_STATUS` AS table1 HAVING ( (NOT ( ( ( (NOT ( (NOT table1.`VARIABLE_NAME` = '1983-06-11 10:55:55.036540' OR table1.`VARIABLE_VALUE` > 9) AND table1.`VARIABLE_NAME` < 0) AND table1.`VARIABLE_NAME` <= '1973-12-20 12:26:34.010722') OR table1.`VARIABLE_NAME` <= 7) AND table1.`VARIABLE_VALUE` <= 'z') OR table1.`VARIABLE_NAME` > 2) OR table1.`VARIABLE_NAME` = 'y') OR table1.`VARIABLE_NAME` = 5) LIMIT 0 /* QNO 830 CON_ID 22 */  /* QNO 844 CON_ID 22 */
		    22 Query	SELECT * FROM transforms.insert_select_4708 /* TRANSFORM_OUTCOME_UNORDERED_MATCH */ /* QNO 845 CON_ID 22 */
		    22 Query	DELETE FROM transforms.insert_select_4708 /* QNO 846 CON_ID 22 */
		    22 Query	REPLACE INTO transforms.insert_select_4708  SELECT * FROM INFORMATION_SCHEMA.`SESSION_STATUS` AS table1 HAVING ( (NOT ( ( ( (NOT ( (NOT table1.`VARIABLE_NAME` = '1983-06-11 10:55:55.036540' OR table1.`VARIABLE_VALUE` > 9) AND table1.`VARIABLE_NAME` < 0) AND table1.`VARIABLE_NAME` <= '1973-12-20 12:26:34.010722') OR table1.`VARIABLE_NAME` <= 7) AND table1.`VARIABLE_VALUE` <= 'z') OR table1.`VARIABLE_NAME` > 2) OR table1.`VARIABLE_NAME` = 'y') OR table1.`VARIABLE_NAME` = 5) LIMIT 0 /* QNO 830 CON_ID 22 */  /* QNO 847 CON_ID 22 */
		    22 Query	SELECT * FROM transforms.insert_select_4708 /* TRANSFORM_OUTCOME_UNORDERED_MATCH */ /* QNO 848 CON_ID 22 */
		    22 Query	DROP TABLE transforms.insert_select_4708 /* QNO 849 CON_ID 22 */
		    20 Query	CREATE OR REPLACE VIEW transforms.view_1000_probe AS UPDATE performance_schema.setup_instruments SET TIMED = 'YES' WHERE NAME LIKE '%sql%' /* QNO 1479 CON_ID 20 */  /* QNO 1480 CON_ID 20 */
		    20 Query	UPDATE performance_schema.setup_timers SET timer_name = 'CYCLE' /* QNO 1481 CON_ID 20 */
		    20 Query	CREATE OR REPLACE VIEW transforms.view_1000_probe AS UPDATE performance_schema.setup_timers SET timer_name = 'CYCLE' /* QNO 1481 CON_ID 20 */  /* QNO 1482 CON_ID 20 */
		    20 Query	XA COMMIT 'non_idle_xid' ONE PHASE  /* QNO 1483 CON_ID 20 */
		    20 Query	ALTER TABLE t10 DROP SYSTEM VERSIONING, ALTER COLUMN `pk` SET DEFAULT 0 /* QNO 1484 CON_ID 20 */
		    20 Query	UPDATE performance_schema.setup_instruments SET TIMED = 'NO' ORDER BY RAND() LIMIT 1 /* QNO 1485 CON_ID 20 */
		    20 Query	CREATE OR REPLACE VIEW transforms.view_1000_probe AS UPDATE performance_schema.setup_instruments SET TIMED = 'NO' ORDER BY RAND() LIMIT 1 /* QNO 1485 CON_ID 20 */  /* QNO 1486 CON_ID 20 */
		    20 Query	TRUNCATE TABLE performance_schema.events_waits_summary_by_thread_by_event_name /* QNO 1487 CON_ID 20 */
		    20 Query	SELECT * FROM (mysql.`host` AS table1 RIGHT OUTER JOIN mysql.`proc` AS table2 ON ( table2.`modified` = table1.`Execute_priv` ) ) HAVING NOT table1.`Host` = 5 ORDER BY table2.`comment`, table2.`returns` LIMIT 69 /* QNO 1488 CON_ID 20 */
		    21 Query	DELETE FROM `tables_priv` WHERE `Db` <= 'kl' LIMIT 4 /* QNO 856 CON_ID 21 */
		    20 Query	/* GenTest::Transform::ExecuteAsCTE */  WITH cte1 AS ( SELECT * FROM( mysql.`host` AS table1 RIGHT OUTER JOIN mysql.`proc` AS table2 ON( table2.`modified` = table1.`Execute_priv`)) HAVING NOT table1.`Host` = 5 ORDER BY table2.`comment`, table2.`returns` LIMIT 69 /* QNO 1488 CON_ID 20 */ ) SELECT * FROM cte1  /* TRANSFORM_OUTCOME_UNORDERED_MATCH */ /* QNO 1489 CON_ID 20 */
		    21 Query	SELECT NEXTVAL( seq6 ) /* QNO 857 CON_ID 21 */
		    20 Query	/* GenTest::Transform::ExecuteAsExcept */ (  SELECT * FROM (mysql.`host` AS table1 RIGHT OUTER JOIN mysql.`proc` AS table2 ON ( table2.`modified` = table1.`Execute_priv` ) ) HAVING NOT table1.`Host` = 5 ORDER BY table2.`comment`, table2.`returns` LIMIT 69 /* QNO 1488 CON_ID 20 */  ) EXCEPT (  SELECT * FROM (mysql.`host` AS table1 RIGHT OUTER JOIN mysql.`proc` AS table2 ON ( table2.`modified` = table1.`Execute_priv` ) ) HAVING NOT table1.`Host` = 5 ORDER BY table2.`comment`, table2.`returns` LIMIT 0 /* QNO 1488 CON_ID 20 */  ) /* TRANSFORM_OUTCOME_DISTINCT */ /* QNO 1490 CON_ID 20 */
		    21 Query	SELECT * FROM mysql.`transaction_registry` AS table1 HAVING table1.`commit_timestamp` > 6 LIMIT 236 /* QNO 858 CON_ID 21 */
		    20 Query	(  SELECT * FROM (mysql.`host` AS table1 RIGHT OUTER JOIN mysql.`proc` AS table2 ON ( table2.`modified` = table1.`Execute_priv` ) ) HAVING NOT table1.`Host` = 5 ORDER BY table2.`comment`, table2.`returns` LIMIT 69 /* QNO 1488 CON_ID 20 */  ) EXCEPT (  SELECT * FROM (mysql.`host` AS table1 RIGHT OUTER JOIN mysql.`proc` AS table2 ON ( table2.`modified` = table1.`Execute_priv` ) ) HAVING NOT table1.`Host` = 5 ORDER BY table2.`comment`, table2.`returns` LIMIT 69 /* QNO 1488 CON_ID 20 */  ) /* TRANSFORM_OUTCOME_EMPTY_RESULT */ /* QNO 1491 CON_ID 20 */
		    21 Query	/* GenTest::Transform::ExecuteAsCTE */  WITH cte1 AS ( SELECT * FROM mysql.`transaction_registry` AS table1 HAVING table1.`commit_timestamp` > 6 LIMIT 236 /* QNO 858 CON_ID 21 */ ) SELECT * FROM cte1  /* TRANSFORM_OUTCOME_UNORDERED_MATCH */ /* QNO 859 CON_ID 21 */
		    20 Query	/* GenTest::Transform::ExecuteAsExecuteImmediate */ EXECUTE IMMEDIATE ' SELECT * FROM (mysql.`host` AS table1 RIGHT OUTER JOIN mysql.`proc` AS table2 ON ( table2.`modified` = table1.`Execute_priv` ) ) HAVING NOT table1.`Host` = 5 ORDER BY table2.`comment`, table2.`returns` LIMIT 69 /* QNO 1488 CON_ID 20 */ ' /* TRANSFORM_OUTCOME_UNORDERED_MATCH */ /* QNO 1492 CON_ID 20 */
		    20 Prepare	SELECT * FROM (mysql.`host` AS table1 RIGHT OUTER JOIN mysql.`proc` AS table2 ON ( table2.`modified` = table1.`Execute_priv` ) ) HAVING NOT table1.`Host` = 5 ORDER BY table2.`comment`, table2.`returns` LIMIT 69 /* QNO 1488 CON_ID 20 */
		    20 Execute	SELECT * FROM (mysql.`host` AS table1 RIGHT OUTER JOIN mysql.`proc` AS table2 ON ( table2.`modified` = table1.`Execute_priv` ) ) HAVING NOT table1.`Host` = 5 ORDER BY table2.`comment`, table2.`returns` LIMIT 69 /* QNO 1488 CON_ID 20 */
		    21 Query	/* GenTest::Transform::ExecuteAsDeleteReturning */ CREATE DATABASE IF NOT EXISTS transforms /* QNO 860 CON_ID 21 */
		    20 Query	/* GenTest::Transform::ExecuteAsInsertSelect */ CREATE DATABASE IF NOT EXISTS transforms /* QNO 1493 CON_ID 20 */
		    20 Query	/* GenTest::Transform::ExecuteAsIntersect */ (  SELECT * FROM (mysql.`host` AS table1 RIGHT OUTER JOIN mysql.`proc` AS table2 ON ( table2.`modified` = table1.`Execute_priv` ) ) HAVING NOT table1.`Host` = 5 ORDER BY table2.`comment`, table2.`returns` LIMIT 69 /* QNO 1488 CON_ID 20 */  ) INTERSECT (  SELECT * FROM (mysql.`host` AS table1 RIGHT OUTER JOIN mysql.`proc` AS table2 ON ( table2.`modified` = table1.`Execute_priv` ) ) HAVING NOT table1.`Host` = 5 ORDER BY table2.`comment`, table2.`returns` LIMIT 69 /* QNO 1488 CON_ID 20 */  ) /* TRANSFORM_OUTCOME_DISTINCT */ /* QNO 1494 CON_ID 20 */
		    20 Query	(  SELECT * FROM (mysql.`host` AS table1 RIGHT OUTER JOIN mysql.`proc` AS table2 ON ( table2.`modified` = table1.`Execute_priv` ) ) HAVING NOT table1.`Host` = 5 ORDER BY table2.`comment`, table2.`returns` LIMIT 69 /* QNO 1488 CON_ID 20 */  ) INTERSECT (  SELECT * FROM (mysql.`host` AS table1 RIGHT OUTER JOIN mysql.`proc` AS table2 ON ( table2.`modified` = table1.`Execute_priv` ) ) HAVING NOT table1.`Host` = 5 ORDER BY table2.`comment`, table2.`returns` LIMIT 0 /* QNO 1488 CON_ID 20 */  ) /* TRANSFORM_OUTCOME_EMPTY_RESULT */ /* QNO 1495 CON_ID 20 */
		    20 Query	/* GenTest::Transform::ExecuteAsUnion */ (  SELECT * FROM (mysql.`host` AS table1 RIGHT OUTER JOIN mysql.`proc` AS table2 ON ( table2.`modified` = table1.`Execute_priv` ) ) HAVING NOT table1.`Host` = 5 ORDER BY table2.`comment`, table2.`returns` LIMIT 69 /* QNO 1488 CON_ID 20 */  ) UNION ALL (  SELECT * FROM (mysql.`host` AS table1 RIGHT OUTER JOIN mysql.`proc` AS table2 ON ( table2.`modified` = table1.`Execute_priv` ) ) HAVING NOT table1.`Host` = 5 ORDER BY table2.`comment`, table2.`returns` LIMIT 0 /* QNO 1488 CON_ID 20 */  ) /* TRANSFORM_OUTCOME_UNORDERED_MATCH */ /* QNO 1496 CON_ID 20 */
		    20 Query	(  SELECT * FROM (mysql.`host` AS table1 RIGHT OUTER JOIN mysql.`proc` AS table2 ON ( table2.`modified` = table1.`Execute_priv` ) ) HAVING NOT table1.`Host` = 5 ORDER BY table2.`comment`, table2.`returns` LIMIT 0 /* QNO 1488 CON_ID 20 */  ) UNION ALL (  SELECT * FROM (mysql.`host` AS table1 RIGHT OUTER JOIN mysql.`proc` AS table2 ON ( table2.`modified` = table1.`Execute_priv` ) ) HAVING NOT table1.`Host` = 5 ORDER BY table2.`comment`, table2.`returns` LIMIT 69 /* QNO 1488 CON_ID 20 */  ) /* TRANSFORM_OUTCOME_UNORDERED_MATCH */ /* QNO 1497 CON_ID 20 */
		    20 Query	(  SELECT * FROM (mysql.`host` AS table1 RIGHT OUTER JOIN mysql.`proc` AS table2 ON ( table2.`modified` = table1.`Execute_priv` ) ) HAVING NOT table1.`Host` = 5 ORDER BY table2.`comment`, table2.`returns` LIMIT 69 /* QNO 1488 CON_ID 20 */  ) UNION DISTINCT (  SELECT * FROM (mysql.`host` AS table1 RIGHT OUTER JOIN mysql.`proc` AS table2 ON ( table2.`modified` = table1.`Execute_priv` ) ) HAVING NOT table1.`Host` = 5 ORDER BY table2.`comment`, table2.`returns` LIMIT 69 /* QNO 1488 CON_ID 20 */  ) /* TRANSFORM_OUTCOME_DISTINCT */ /* QNO 1498 CON_ID 20 */
		    20 Query	(  SELECT * FROM (mysql.`host` AS table1 RIGHT OUTER JOIN mysql.`proc` AS table2 ON ( table2.`modified` = table1.`Execute_priv` ) ) HAVING NOT table1.`Host` = 5 ORDER BY table2.`comment`, table2.`returns` LIMIT 69 /* QNO 1488 CON_ID 20 */  ) UNION ALL (  SELECT * FROM (mysql.`host` AS table1 RIGHT OUTER JOIN mysql.`proc` AS table2 ON ( table2.`modified` = table1.`Execute_priv` ) ) HAVING NOT table1.`Host` = 5 ORDER BY table2.`comment`, table2.`returns` LIMIT 69 /* QNO 1488 CON_ID 20 */  ) /* TRANSFORM_OUTCOME_SUPERSET */ /* QNO 1499 CON_ID 20 */
		    20 Query	CREATE OR REPLACE VIEW transforms.view_1000_probe AS  SELECT * FROM (mysql.`host` AS table1 RIGHT OUTER JOIN mysql.`proc` AS table2 ON ( table2.`modified` = table1.`Execute_priv` ) ) HAVING NOT table1.`Host` = 5 ORDER BY table2.`comment`, table2.`returns` LIMIT 69 /* QNO 1488 CON_ID 20 */  /* QNO 1500 CON_ID 20 */
		    20 Query	/* GenTest::Transform::ExecuteAsPreparedTwice */ PREPARE prep_stmt_1000 FROM ' SELECT * FROM (mysql.`host` AS table1 RIGHT OUTER JOIN mysql.`proc` AS table2 ON ( table2.`modified` = table1.`Execute_priv` ) ) HAVING NOT table1.`Host` = 5 ORDER BY table2.`comment`, table2.`returns` LIMIT 69 /* QNO 1488 CON_ID 20 */ ' /* QNO 1501 CON_ID 20 */
		    20 Prepare	SELECT * FROM (mysql.`host` AS table1 RIGHT OUTER JOIN mysql.`proc` AS table2 ON ( table2.`modified` = table1.`Execute_priv` ) ) HAVING NOT table1.`Host` = 5 ORDER BY table2.`comment`, table2.`returns` LIMIT 69 /* QNO 1488 CON_ID 20 */
		    20 Query	EXECUTE prep_stmt_1000 /* TRANSFORM_OUTCOME_UNORDERED_MATCH */ /* QNO 1502 CON_ID 20 */
		    20 Execute	SELECT * FROM (mysql.`host` AS table1 RIGHT OUTER JOIN mysql.`proc` AS table2 ON ( table2.`modified` = table1.`Execute_priv` ) ) HAVING NOT table1.`Host` = 5 ORDER BY table2.`comment`, table2.`returns` LIMIT 69 /* QNO 1488 CON_ID 20 */
		    20 Query	EXECUTE prep_stmt_1000 /* TRANSFORM_OUTCOME_UNORDERED_MATCH */ /* QNO 1503 CON_ID 20 */
		    20 Execute	SELECT * FROM (mysql.`host` AS table1 RIGHT OUTER JOIN mysql.`proc` AS table2 ON ( table2.`modified` = table1.`Execute_priv` ) ) HAVING NOT table1.`Host` = 5 ORDER BY table2.`comment`, table2.`returns` LIMIT 69 /* QNO 1488 CON_ID 20 */
		    20 Query	DEALLOCATE PREPARE prep_stmt_1000 /* QNO 1504 CON_ID 20 */
		    20 Query	/* GenTest::Transform::ExecuteAsSPTwice */ DROP PROCEDURE IF EXISTS stored_proc_1000 /* QNO 1505 CON_ID 20 */
		    20 Query	SHOW ENGINE PERFORMANCE_SCHEMA STATUS /* QNO 1506 CON_ID 20 */
		    20 Query	CREATE OR REPLACE VIEW transforms.view_1000_probe AS SHOW ENGINE PERFORMANCE_SCHEMA STATUS /* QNO 1506 CON_ID 20 */  /* QNO 1507 CON_ID 20 */
		    20 Query	OPTIMIZE TABLE t1 /* QNO 1508 CON_ID 20 */
		    20 Query	SELECT * FROM `proc` INTO OUTFILE 'load_proc'  /* QNO 1509 CON_ID 20 */
		    20 Query	LOAD DATA INFILE 'load_proc' REPLACE INTO TABLE proc /* QNO 1510 CON_ID 20 */
		    20 Query	SELECT NEXTVAL( seq5 ) /* QNO 1511 CON_ID 20 */
		    20 Query	TRUNCATE TABLE performance_schema.file_summary_by_event_name /* QNO 1512 CON_ID 20 */
		    20 Query	TRUNCATE TABLE performance_schema.events_waits_current /* QNO 1513 CON_ID 20 */
		    20 Query	UPDATE performance_schema.setup_timers SET timer_name = 'TICK' /* QNO 1514 CON_ID 20 */
		    20 Query	CREATE OR REPLACE VIEW transforms.view_1000_probe AS UPDATE performance_schema.setup_timers SET timer_name = 'TICK' /* QNO 1514 CON_ID 20 */  /* QNO 1515 CON_ID 20 */
		    20 Query	XA ROLLBACK 'xid35'  /* QNO 1516 CON_ID 20 */
		    20 Query	TRUNCATE TABLE performance_schema.file_summary_by_event_name /* QNO 1517 CON_ID 20 */
		    20 Query	SELECT * from t7 WHERE row_start IN (SELECT row_end FROM t3) /* QNO 1518 CON_ID 20 */
		    20 Query	SHOW ENGINE PERFORMANCE_SCHEMA STATUS /* QNO 1519 CON_ID 20 */
		    20 Query	CREATE OR REPLACE VIEW transforms.view_1000_probe AS SHOW ENGINE PERFORMANCE_SCHEMA STATUS /* QNO 1519 CON_ID 20 */  /* QNO 1520 CON_ID 20 */
		    20 Query	SELECT * FROM seq9 /* QNO 1521 CON_ID 20 */
		    20 Query	UPDATE `user` SET `Host` = 2 WHERE `ssl_type` > 5 /* QNO 1522 CON_ID 20 */
		    20 Query	XA RECOVER /* QNO 1523 CON_ID 20 */
		    20 Query	CREATE OR REPLACE VIEW transforms.view_1000_probe AS XA RECOVER /* QNO 1523 CON_ID 20 */  /* QNO 1524 CON_ID 20 */
		    20 Query	UPDATE performance_schema.setup_instruments SET ENABLED = 'YES' WHERE NAME LIKE '%mysys%' /* QNO 1525 CON_ID 20 */
		    20 Query	CREATE OR REPLACE VIEW transforms.view_1000_probe AS UPDATE performance_schema.setup_instruments SET ENABLED = 'YES' WHERE NAME LIKE '%mysys%' /* QNO 1525 CON_ID 20 */  /* QNO 1526 CON_ID 20 */
		    20 Query	DROP TABLE IF EXISTS tmp_rename_1000  /* QNO 1527 CON_ID 20 */
		    20 Query	RENAME TABLE t9 TO tmp_rename_1000, tmp_rename_1000 TO t9 /* QNO 1528 CON_ID 20 */
		    20 Query	TRUNCATE TABLE performance_schema.events_waits_history /* QNO 1529 CON_ID 20 */
		    17 Query	SELECT * FROM transforms.insert_select_3980 /* TRANSFORM_OUTCOME_UNORDERED_MATCH */ /* QNO 1322 CON_ID 17 */
		    17 Query	DELETE FROM transforms.insert_select_3980 /* QNO 1323 CON_ID 17 */
		    20 Query	UPDATE `servers` SET `Owner` = '2028-04-14 16:21:42.061102' WHERE `Server_name` > 'i' /* QNO 1530 CON_ID 20 */
		    17 Query	INSERT INTO transforms.insert_select_3980  SELECT * FROM mysql.`general_log` AS table1 WHERE table1.`thread_id` < table1.`server_id` HAVING table1.`argument` != '1992-05-14 13:00:43.021668' LIMIT 189 /* QNO 1310 CON_ID 17 */  /* QNO 1324 CON_ID 17 */
		    20 Query	SHOW ENGINE PERFORMANCE_SCHEMA STATUS /* QNO 1531 CON_ID 20 */
		    17 Query	SELECT * FROM transforms.insert_select_3980 /* TRANSFORM_OUTCOME_UNORDERED_MATCH */ /* QNO 1325 CON_ID 17 */
		    17 Query	DELETE FROM transforms.insert_select_3980 /* QNO 1326 CON_ID 17 */
		    18 Query	UPDATE performance_schema.setup_instruments SET TIMED = 'YES' ORDER BY RAND() LIMIT 5 /* QNO 583 CON_ID 18 */
		    20 Query	CREATE OR REPLACE VIEW transforms.view_1000_probe AS SHOW ENGINE PERFORMANCE_SCHEMA STATUS /* QNO 1531 CON_ID 20 */  /* QNO 1532 CON_ID 20 */
		    17 Query	REPLACE INTO transforms.insert_select_3980  SELECT * FROM mysql.`general_log` AS table1 WHERE table1.`thread_id` < table1.`server_id` HAVING table1.`argument` != '1992-05-14 13:00:43.021668' LIMIT 189 /* QNO 1310 CON_ID 17 */  /* QNO 1327 CON_ID 17 */
		    17 Query	SELECT * FROM transforms.insert_select_3980 /* TRANSFORM_OUTCOME_UNORDERED_MATCH */ /* QNO 1328 CON_ID 17 */
		    17 Query	DROP TABLE transforms.insert_select_3980 /* QNO 1329 CON_ID 17 */
		    20 Query	INSERT INTO t6 ( `Port` ) SELECT ncol2 FROM `time_zone_transition_type`  /* QNO 1533 CON_ID 20 */
		    18 Query	CREATE OR REPLACE VIEW transforms.view_4904_probe AS UPDATE performance_schema.setup_instruments SET TIMED = 'YES' ORDER BY RAND() LIMIT 5 /* QNO 583 CON_ID 18 */  /* QNO 584 CON_ID 18 */
		    20 Query	SELECT * FROM INFORMATION_SCHEMA.`INNODB_SYS_COLUMNS` AS table1 HAVING ( (table1.`POS` > 'f' IS NULL OR table1.`NAME` >= '1973-08-06 13:29:28.058805') OR table1.`PRTYPE` <= 0) ORDER BY table1.`NAME` LIMIT 255 /* QNO 1534 CON_ID 20 */
		    16 Query	GRANT ALL PRIVILEGES ON v.* TO 'someuser'@'somehost' /* QNO 897 CON_ID 16 */
		    18 Query	SHOW ENGINE PERFORMANCE_SCHEMA STATUS /* QNO 585 CON_ID 18 */
		    16 Query	CREATE OR REPLACE VIEW transforms.view_900_probe AS GRANT ALL PRIVILEGES ON v.* TO 'someuser'@'somehost' /* QNO 897 CON_ID 16 */  /* QNO 898 CON_ID 16 */
		    20 Query	SHOW WARNINGS
		    20 Query	INSERT INTO `INNODB_CMP_PER_INDEX_RESET` ( `pk` ) VALUES (NULL) /* QNO 1535 CON_ID 20 */
		    18 Query	CREATE OR REPLACE VIEW transforms.view_4904_probe AS SHOW ENGINE PERFORMANCE_SCHEMA STATUS /* QNO 585 CON_ID 18 */  /* QNO 586 CON_ID 18 */
		    16 Query	ALTER TABLE `view_t1` ADD KEY ( u ) /* QNO 899 CON_ID 16 */
		    16 Query	CREATE PROCEDURE v ( IN j INT, OUT x INT, IN w INT, IN z INT ) BEGIN SELECT COUNT(*) INTO @a FROM `t4`; END ; /* QNO 900 CON_ID 16 */
		    20 Query	SET STATEMENT system_versioning_alter_history=KEEP FOR ALTER TABLE `PLUGINS` PARTITION BY system_time LIMIT 9 ( PARTITION ver_p1 HISTORY, PARTITION ver_p2 HISTORY, PARTITION ver_p3 HISTORY, PARTITION ver_p4 HISTORY, PARTITION ver_p5 HISTORY, PARTITION ver_p6 HISTORY, PARTITION ver_p7 HISTORY, PARTITION ver_p8 HISTORY, PARTITION ver_pn CURRENT ) /* QNO 1536 CON_ID 20 */
		    20 Query	SELECT * FROM seq1 /* QNO 1537 CON_ID 20 */
		    20 Query	SELECT * FROM test.`t1` AS table1 WHERE NOT ( table1.`col_char` != 't' OR table1.`vcol_enum` LIKE 'wait/synch/rwlock%') HAVING table1.`vcol_enum` <= '2003-04-15 11:37:10.035650' ORDER BY table1.`vcol_time` LIMIT 78 /* QNO 1538 CON_ID 20 */
		    20 Query	XA RECOVER /* QNO 1539 CON_ID 20 */
		    20 Query	CREATE OR REPLACE VIEW transforms.view_1000_probe AS XA RECOVER /* QNO 1539 CON_ID 20 */  /* QNO 1540 CON_ID 20 */
		    20 Query	SET STATEMENT system_versioning_alter_history=KEEP FOR ALTER TABLE t8 PARTITION BY system_time INTERVAL 1 MINUTE ( PARTITION ver_p1 HISTORY, PARTITION ver_p2 HISTORY, PARTITION ver_pn CURRENT ) /* QNO 1541 CON_ID 20 */
		    20 Query	XA COMMIT 'xid161'  /* QNO 1542 CON_ID 20 */
		    20 Query	SELECT * FROM performance_schema.`events_statements_history` AS table1 LIMIT 51 /* QNO 1543 CON_ID 20 */
		    20 Query	/* GenTest::Transform::ExecuteAsCTE */  WITH cte1 AS ( SELECT * FROM performance_schema.`events_statements_history` AS table1 LIMIT 51 /* QNO 1543 CON_ID 20 */ ) SELECT * FROM cte1  /* TRANSFORM_OUTCOME_UNORDERED_MATCH */ /* QNO 1544 CON_ID 20 */
		    20 Query	/* GenTest::Transform::ExecuteAsExcept */ (  SELECT * FROM performance_schema.`events_statements_history` AS table1 LIMIT 51 /* QNO 1543 CON_ID 20 */  ) EXCEPT (  SELECT * FROM performance_schema.`events_statements_history` AS table1 LIMIT 0 /* QNO 1543 CON_ID 20 */  ) /* TRANSFORM_OUTCOME_DISTINCT */ /* QNO 1545 CON_ID 20 */
		    20 Query	(  SELECT * FROM performance_schema.`events_statements_history` AS table1 LIMIT 51 /* QNO 1543 CON_ID 20 */  ) EXCEPT (  SELECT * FROM performance_schema.`events_statements_history` AS table1 LIMIT 51 /* QNO 1543 CON_ID 20 */  ) /* TRANSFORM_OUTCOME_EMPTY_RESULT */ /* QNO 1546 CON_ID 20 */
		    20 Query	/* GenTest::Transform::ExecuteAsExecuteImmediate */ EXECUTE IMMEDIATE ' SELECT * FROM performance_schema.`events_statements_history` AS table1 LIMIT 51 /* QNO 1543 CON_ID 20 */ ' /* TRANSFORM_OUTCOME_UNORDERED_MATCH */ /* QNO 1547 CON_ID 20 */
		    20 Prepare	SELECT * FROM performance_schema.`events_statements_history` AS table1 LIMIT 51 /* QNO 1543 CON_ID 20 */
		    20 Execute	SELECT * FROM performance_schema.`events_statements_history` AS table1 LIMIT 51 /* QNO 1543 CON_ID 20 */
		    20 Query	/* GenTest::Transform::ExecuteAsInsertSelect */ CREATE DATABASE IF NOT EXISTS transforms /* QNO 1548 CON_ID 20 */
		    20 Query	/* GenTest::Transform::ExecuteAsIntersect */ (  SELECT * FROM performance_schema.`events_statements_history` AS table1 LIMIT 51 /* QNO 1543 CON_ID 20 */  ) INTERSECT (  SELECT * FROM performance_schema.`events_statements_history` AS table1 LIMIT 51 /* QNO 1543 CON_ID 20 */  ) /* TRANSFORM_OUTCOME_DISTINCT */ /* QNO 1549 CON_ID 20 */
		    20 Query	(  SELECT * FROM performance_schema.`events_statements_history` AS table1 LIMIT 51 /* QNO 1543 CON_ID 20 */  ) INTERSECT (  SELECT * FROM performance_schema.`events_statements_history` AS table1 LIMIT 0 /* QNO 1543 CON_ID 20 */  ) /* TRANSFORM_OUTCOME_EMPTY_RESULT */ /* QNO 1550 CON_ID 20 */
		    20 Query	/* GenTest::Transform::ExecuteAsUnion */ (  SELECT * FROM performance_schema.`events_statements_history` AS table1 LIMIT 51 /* QNO 1543 CON_ID 20 */  ) UNION ALL (  SELECT * FROM performance_schema.`events_statements_history` AS table1 LIMIT 0 /* QNO 1543 CON_ID 20 */  ) /* TRANSFORM_OUTCOME_UNORDERED_MATCH */ /* QNO 1551 CON_ID 20 */
		    20 Query	(  SELECT * FROM performance_schema.`events_statements_history` AS table1 LIMIT 0 /* QNO 1543 CON_ID 20 */  ) UNION ALL (  SELECT * FROM performance_schema.`events_statements_history` AS table1 LIMIT 51 /* QNO 1543 CON_ID 20 */  ) /* TRANSFORM_OUTCOME_UNORDERED_MATCH */ /* QNO 1552 CON_ID 20 */
		    20 Query	(  SELECT * FROM performance_schema.`events_statements_history` AS table1 LIMIT 51 /* QNO 1543 CON_ID 20 */  ) UNION DISTINCT (  SELECT * FROM performance_schema.`events_statements_history` AS table1 LIMIT 51 /* QNO 1543 CON_ID 20 */  ) /* TRANSFORM_OUTCOME_DISTINCT */ /* QNO 1553 CON_ID 20 */
		    18 Query	SHOW ENGINE PERFORMANCE_SCHEMA STATUS /* QNO 587 CON_ID 18 */
		    16 Query	CREATE OR REPLACE VIEW transforms.view_900_probe AS CREATE PROCEDURE v ( IN j INT, OUT x INT, IN w INT, IN z INT ) BEGIN SELECT COUNT(*) INTO @a FROM `t4`; END ; /* QNO 900 CON_ID 16 */  /* QNO 901 CON_ID 16 */
		    16 Query	REVOKE SHOW DATABASES ON *.* FROM 'someuser'@'somehost' /* QNO 902 CON_ID 16 */
		    16 Query	CREATE OR REPLACE VIEW transforms.view_900_probe AS REVOKE SHOW DATABASES ON *.* FROM 'someuser'@'somehost' /* QNO 902 CON_ID 16 */  /* QNO 903 CON_ID 16 */
		    16 Query	GRANT ALL PRIVILEGES ON m.* TO 'someuser'@'somehost' /* QNO 904 CON_ID 16 */
		    16 Query	CREATE OR REPLACE VIEW transforms.view_900_probe AS GRANT ALL PRIVILEGES ON m.* TO 'someuser'@'somehost' /* QNO 904 CON_ID 16 */  /* QNO 905 CON_ID 16 */
		    16 Query	GRANT CREATE USER, SUPER, RELOAD ON *.* to 'someuser'@'somehost' /* QNO 906 CON_ID 16 */
		    16 Query	CREATE OR REPLACE VIEW transforms.view_900_probe AS GRANT CREATE USER, SUPER, RELOAD ON *.* to 'someuser'@'somehost' /* QNO 906 CON_ID 16 */  /* QNO 907 CON_ID 16 */
		    16 Query	CREATE DATABASE IF NOT EXISTS t /* QNO 908 CON_ID 16 */
		    16 Query	CREATE OR REPLACE VIEW transforms.view_900_probe AS CREATE DATABASE IF NOT EXISTS t /* QNO 908 CON_ID 16 */  /* QNO 909 CON_ID 16 */
		    16 Query	ALTER TABLE `view_t3` DROP COLUMN k /* QNO 910 CON_ID 16 */
		    16 Query	CREATE DATABASE IF NOT EXISTS s /* QNO 911 CON_ID 16 */
		    20 Query	(  SELECT * FROM performance_schema.`events_statements_history` AS table1 LIMIT 51 /* QNO 1543 CON_ID 20 */  ) UNION ALL (  SELECT * FROM performance_schema.`events_statements_history` AS table1 LIMIT 51 /* QNO 1543 CON_ID 20 */  ) /* TRANSFORM_OUTCOME_SUPERSET */ /* QNO 1554 CON_ID 20 */
		    16 Query	CREATE OR REPLACE VIEW transforms.view_900_probe AS CREATE DATABASE IF NOT EXISTS s /* QNO 911 CON_ID 16 */  /* QNO 912 CON_ID 16 */
		    18 Query	CREATE OR REPLACE VIEW transforms.view_4904_probe AS SHOW ENGINE PERFORMANCE_SCHEMA STATUS /* QNO 587 CON_ID 18 */  /* QNO 588 CON_ID 18 */
		    20 Query	CREATE OR REPLACE VIEW transforms.view_1000_probe AS  SELECT * FROM performance_schema.`events_statements_history` AS table1 LIMIT 51 /* QNO 1543 CON_ID 20 */  /* QNO 1555 CON_ID 20 */
		    16 Query	DROP TRIGGER IF EXISTS y /* QNO 913 CON_ID 16 */
		    16 Query	SHOW WARNINGS
		    16 Query	DROP TRIGGER IF EXISTS o /* QNO 914 CON_ID 16 */
		    16 Query	SHOW WARNINGS
		    18 Query	SELECT * from `db` WHERE row_start IN (SELECT row_end FROM t5) /* QNO 589 CON_ID 18 */
		    20 Query	/* GenTest::Transform::ExecuteAsPreparedTwice */ PREPARE prep_stmt_1000 FROM ' SELECT * FROM performance_schema.`events_statements_history` AS table1 LIMIT 51 /* QNO 1543 CON_ID 20 */ ' /* QNO 1556 CON_ID 20 */
		    20 Prepare	SELECT * FROM performance_schema.`events_statements_history` AS table1 LIMIT 51 /* QNO 1543 CON_ID 20 */
		    16 Query	CREATE EVENT b ON SCHEDULE AT NOW() DO SET @a=@a /* QNO 915 CON_ID 16 */
		    21 Query	SHOW WARNINGS
		    21 Query	DROP TABLE IF EXISTS transforms.delete_returning_4888 /* QNO 861 CON_ID 21 */
		    20 Query	EXECUTE prep_stmt_1000 /* TRANSFORM_OUTCOME_UNORDERED_MATCH */ /* QNO 1557 CON_ID 20 */
		    20 Execute	SELECT * FROM performance_schema.`events_statements_history` AS table1 LIMIT 51 /* QNO 1543 CON_ID 20 */
		    16 Query	DROP TRIGGER IF EXISTS u /* QNO 916 CON_ID 16 */
		    18 Query	XA START 'xid32'  /* QNO 590 CON_ID 18 */
		    22 Query	/* GenTest::Transform::ExecuteAsIntersect */ (  SELECT * FROM INFORMATION_SCHEMA.`SESSION_STATUS` AS table1 HAVING ( (NOT ( ( ( (NOT ( (NOT table1.`VARIABLE_NAME` = '1983-06-11 10:55:55.036540' OR table1.`VARIABLE_VALUE` > 9) AND table1.`VARIABLE_NAME` < 0) AND table1.`VARIABLE_NAME` <= '1973-12-20 12:26:34.010722') OR table1.`VARIABLE_NAME` <= 7) AND table1.`VARIABLE_VALUE` <= 'z') OR table1.`VARIABLE_NAME` > 2) OR table1.`VARIABLE_NAME` = 'y') OR table1.`VARIABLE_NAME` = 5) LIMIT 0 /* QNO 830 CON_ID 22 */  ) INTERSECT (  SELECT * FROM INFORMATION_SCHEMA.`SESSION_STATUS` AS table1 HAVING ( (NOT ( ( ( (NOT ( (NOT table1.`VARIABLE_NAME` = '1983-06-11 10:55:55.036540' OR table1.`VARIABLE_VALUE` > 9) AND table1.`VARIABLE_NAME` < 0) AND table1.`VARIABLE_NAME` <= '1973-12-20 12:26:34.010722') OR table1.`VARIABLE_NAME` <= 7) AND table1.`VARIABLE_VALUE` <= 'z') OR table1.`VARIABLE_NAME` > 2) OR table1.`VARIABLE_NAME` = 'y') OR table1.`VARIABLE_NAME` = 5) LIMIT 0 /* QNO 830 CON_ID 22 */  ) /* TRANSFORM_OUTCOME_DISTINCT */ /* QNO 850 CON_ID 22 */
		    20 Query	EXECUTE prep_stmt_1000 /* TRANSFORM_OUTCOME_UNORDERED_MATCH */ /* QNO 1558 CON_ID 20 */
		    20 Execute	SELECT * FROM performance_schema.`events_statements_history` AS table1 LIMIT 51 /* QNO 1543 CON_ID 20 */
		    22 Query	(  SELECT * FROM INFORMATION_SCHEMA.`SESSION_STATUS` AS table1 HAVING ( (NOT ( ( ( (NOT ( (NOT table1.`VARIABLE_NAME` = '1983-06-11 10:55:55.036540' OR table1.`VARIABLE_VALUE` > 9) AND table1.`VARIABLE_NAME` < 0) AND table1.`VARIABLE_NAME` <= '1973-12-20 12:26:34.010722') OR table1.`VARIABLE_NAME` <= 7) AND table1.`VARIABLE_VALUE` <= 'z') OR table1.`VARIABLE_NAME` > 2) OR table1.`VARIABLE_NAME` = 'y') OR table1.`VARIABLE_NAME` = 5) LIMIT 0 /* QNO 830 CON_ID 22 */  ) INTERSECT (  SELECT * FROM INFORMATION_SCHEMA.`SESSION_STATUS` AS table1 HAVING ( (NOT ( ( ( (NOT ( (NOT table1.`VARIABLE_NAME` = '1983-06-11 10:55:55.036540' OR table1.`VARIABLE_VALUE` > 9) AND table1.`VARIABLE_NAME` < 0) AND table1.`VARIABLE_NAME` <= '1973-12-20 12:26:34.010722') OR table1.`VARIABLE_NAME` <= 7) AND table1.`VARIABLE_VALUE` <= 'z') OR table1.`VARIABLE_NAME` > 2) OR table1.`VARIABLE_NAME` = 'y') OR table1.`VARIABLE_NAME` = 5) LIMIT 0 /* QNO 830 CON_ID 22 */  ) /* TRANSFORM_OUTCOME_EMPTY_RESULT */ /* QNO 851 CON_ID 22 */
		    22 Query	/* GenTest::Transform::ExecuteAsUnion */ (  SELECT * FROM INFORMATION_SCHEMA.`SESSION_STATUS` AS table1 HAVING ( (NOT ( ( ( (NOT ( (NOT table1.`VARIABLE_NAME` = '1983-06-11 10:55:55.036540' OR table1.`VARIABLE_VALUE` > 9) AND table1.`VARIABLE_NAME` < 0) AND table1.`VARIABLE_NAME` <= '1973-12-20 12:26:34.010722') OR table1.`VARIABLE_NAME` <= 7) AND table1.`VARIABLE_VALUE` <= 'z') OR table1.`VARIABLE_NAME` > 2) OR table1.`VARIABLE_NAME` = 'y') OR table1.`VARIABLE_NAME` = 5) LIMIT 0 /* QNO 830 CON_ID 22 */  ) UNION ALL (  SELECT * FROM INFORMATION_SCHEMA.`SESSION_STATUS` AS table1 HAVING ( (NOT ( ( ( (NOT ( (NOT table1.`VARIABLE_NAME` = '1983-06-11 10:55:55.036540' OR table1.`VARIABLE_VALUE` > 9) AND table1.`VARIABLE_NAME` < 0) AND table1.`VARIABLE_NAME` <= '1973-12-20 12:26:34.010722') OR table1.`VARIABLE_NAME` <= 7) AND table1.`VARIABLE_VALUE` <= 'z') OR table1.`VARIABLE_NAME` > 2) OR table1.`VARIABLE_NAME` = 'y') OR table1.`VARIABLE_NAME` = 5) LIMIT 0 /* QNO 830 CON_ID 22 */  ) /* TRANSFORM_OUTCOME_UNORDERED_MATCH */ /* QNO 852 CON_ID 22 */
		    22 Query	(  SELECT * FROM INFORMATION_SCHEMA.`SESSION_STATUS` AS table1 HAVING ( (NOT ( ( ( (NOT ( (NOT table1.`VARIABLE_NAME` = '1983-06-11 10:55:55.036540' OR table1.`VARIABLE_VALUE` > 9) AND table1.`VARIABLE_NAME` < 0) AND table1.`VARIABLE_NAME` <= '1973-12-20 12:26:34.010722') OR table1.`VARIABLE_NAME` <= 7) AND table1.`VARIABLE_VALUE` <= 'z') OR table1.`VARIABLE_NAME` > 2) OR table1.`VARIABLE_NAME` = 'y') OR table1.`VARIABLE_NAME` = 5) LIMIT 0 /* QNO 830 CON_ID 22 */  ) UNION ALL (  SELECT * FROM INFORMATION_SCHEMA.`SESSION_STATUS` AS table1 HAVING ( (NOT ( ( ( (NOT ( (NOT table1.`VARIABLE_NAME` = '1983-06-11 10:55:55.036540' OR table1.`VARIABLE_VALUE` > 9) AND table1.`VARIABLE_NAME` < 0) AND table1.`VARIABLE_NAME` <= '1973-12-20 12:26:34.010722') OR table1.`VARIABLE_NAME` <= 7) AND table1.`VARIABLE_VALUE` <= 'z') OR table1.`VARIABLE_NAME` > 2) OR table1.`VARIABLE_NAME` = 'y') OR table1.`VARIABLE_NAME` = 5) LIMIT 0 /* QNO 830 CON_ID 22 */  ) /* TRANSFORM_OUTCOME_UNORDERED_MATCH */ /* QNO 853 CON_ID 22 */
		    22 Query	(  SELECT * FROM INFORMATION_SCHEMA.`SESSION_STATUS` AS table1 HAVING ( (NOT ( ( ( (NOT ( (NOT table1.`VARIABLE_NAME` = '1983-06-11 10:55:55.036540' OR table1.`VARIABLE_VALUE` > 9) AND table1.`VARIABLE_NAME` < 0) AND table1.`VARIABLE_NAME` <= '1973-12-20 12:26:34.010722') OR table1.`VARIABLE_NAME` <= 7) AND table1.`VARIABLE_VALUE` <= 'z') OR table1.`VARIABLE_NAME` > 2) OR table1.`VARIABLE_NAME` = 'y') OR table1.`VARIABLE_NAME` = 5) LIMIT 0 /* QNO 830 CON_ID 22 */  ) UNION DISTINCT (  SELECT * FROM INFORMATION_SCHEMA.`SESSION_STATUS` AS table1 HAVING ( (NOT ( ( ( (NOT ( (NOT table1.`VARIABLE_NAME` = '1983-06-11 10:55:55.036540' OR table1.`VARIABLE_VALUE` > 9) AND table1.`VARIABLE_NAME` < 0) AND table1.`VARIABLE_NAME` <= '1973-12-20 12:26:34.010722') OR table1.`VARIABLE_NAME` <= 7) AND table1.`VARIABLE_VALUE` <= 'z') OR table1.`VARIABLE_NAME` > 2) OR table1.`VARIABLE_NAME` = 'y') OR table1.`VARIABLE_NAME` = 5) LIMIT 0 /* QNO 830 CON_ID 22 */  ) /* TRANSFORM_OUTCOME_DISTINCT */ /* QNO 854 CON_ID 22 */
		    22 Query	(  SELECT * FROM INFORMATION_SCHEMA.`SESSION_STATUS` AS table1 HAVING ( (NOT ( ( ( (NOT ( (NOT table1.`VARIABLE_NAME` = '1983-06-11 10:55:55.036540' OR table1.`VARIABLE_VALUE` > 9) AND table1.`VARIABLE_NAME` < 0) AND table1.`VARIABLE_NAME` <= '1973-12-20 12:26:34.010722') OR table1.`VARIABLE_NAME` <= 7) AND table1.`VARIABLE_VALUE` <= 'z') OR table1.`VARIABLE_NAME` > 2) OR table1.`VARIABLE_NAME` = 'y') OR table1.`VARIABLE_NAME` = 5) LIMIT 0 /* QNO 830 CON_ID 22 */  ) UNION ALL (  SELECT * FROM INFORMATION_SCHEMA.`SESSION_STATUS` AS table1 HAVING ( (NOT ( ( ( (NOT ( (NOT table1.`VARIABLE_NAME` = '1983-06-11 10:55:55.036540' OR table1.`VARIABLE_VALUE` > 9) AND table1.`VARIABLE_NAME` < 0) AND table1.`VARIABLE_NAME` <= '1973-12-20 12:26:34.010722') OR table1.`VARIABLE_NAME` <= 7) AND table1.`VARIABLE_VALUE` <= 'z') OR table1.`VARIABLE_NAME` > 2) OR table1.`VARIABLE_NAME` = 'y') OR table1.`VARIABLE_NAME` = 5) LIMIT 0 /* QNO 830 CON_ID 22 */  ) /* TRANSFORM_OUTCOME_SUPERSET */ /* QNO 855 CON_ID 22 */
		    22 Query	CREATE OR REPLACE VIEW transforms.view_4708_probe AS  SELECT * FROM INFORMATION_SCHEMA.`SESSION_STATUS` AS table1 HAVING ( (NOT ( ( ( (NOT ( (NOT table1.`VARIABLE_NAME` = '1983-06-11 10:55:55.036540' OR table1.`VARIABLE_VALUE` > 9) AND table1.`VARIABLE_NAME` < 0) AND table1.`VARIABLE_NAME` <= '1973-12-20 12:26:34.010722') OR table1.`VARIABLE_NAME` <= 7) AND table1.`VARIABLE_VALUE` <= 'z') OR table1.`VARIABLE_NAME` > 2) OR table1.`VARIABLE_NAME` = 'y') OR table1.`VARIABLE_NAME` = 5) LIMIT 0 /* QNO 830 CON_ID 22 */  /* QNO 856 CON_ID 22 */
		    20 Query	DEALLOCATE PREPARE prep_stmt_1000 /* QNO 1559 CON_ID 20 */
		    20 Query	/* GenTest::Transform::ExecuteAsSPTwice */ DROP PROCEDURE IF EXISTS stored_proc_1000 /* QNO 1560 CON_ID 20 */
		    20 Query	SAVEPOINT sp /* QNO 1561 CON_ID 20 */
		    20 Query	CREATE OR REPLACE VIEW transforms.view_1000_probe AS SAVEPOINT sp /* QNO 1561 CON_ID 20 */  /* QNO 1562 CON_ID 20 */
		    20 Query	XA RECOVER /* QNO 1563 CON_ID 20 */
		    20 Query	CREATE OR REPLACE VIEW transforms.view_1000_probe AS XA RECOVER /* QNO 1563 CON_ID 20 */  /* QNO 1564 CON_ID 20 */
		    20 Query	LOCK TABLE t4 READ /* QNO 1565 CON_ID 20 */
		    20 Query	SELECT * FROM `events_statements_summary_by_account_by_event_name` INTO OUTFILE 'load_events_statements_summary_by_account_by_event_name'  /* QNO 1566 CON_ID 20 */
		    20 Query	LOAD DATA INFILE 'load_events_statements_summary_by_account_by_event_name' REPLACE INTO TABLE events_statements_summary_by_account_by_event_name /* QNO 1567 CON_ID 20 */
		    20 Query	SELECT * from t3 WHERE row_end IN (SELECT row_end FROM `table_io_waits_summary_by_index_usage`) /* QNO 1568 CON_ID 20 */
		    20 Query	XA COMMIT 'non_idle_xid' ONE PHASE  /* QNO 1569 CON_ID 20 */
		    20 Query	SHOW INDEX IN t6 /* QNO 1570 CON_ID 20 */
		    20 Query	CREATE OR REPLACE VIEW transforms.view_1000_probe AS SHOW INDEX IN t6 /* QNO 1570 CON_ID 20 */  /* QNO 1571 CON_ID 20 */
		    20 Query	SET STATEMENT system_versioning_alter_history=KEEP FOR ALTER TABLE `table_io_waits_summary_by_index_usage` DROP SYSTEM VERSIONING /* QNO 1572 CON_ID 20 */
		    20 Query	SHOW ENGINE PERFORMANCE_SCHEMA STATUS /* QNO 1573 CON_ID 20 */
		    20 Query	CREATE OR REPLACE VIEW transforms.view_1000_probe AS SHOW ENGINE PERFORMANCE_SCHEMA STATUS /* QNO 1573 CON_ID 20 */  /* QNO 1574 CON_ID 20 */
		    20 Query	SELECT * FROM performance_schema.`events_waits_summary_by_thread_by_event_name` AS table1 WHERE ( ( ( ( ( ( ( ( table1.`AVG_TIMER_WAIT` IN ( 0, 6, 0 ) AND table1.`AVG_TIMER_WAIT` IN ( 2, 3, 1 )) OR table1.`MIN_TIMER_WAIT` IN ( 7, 8, 4 )) AND table1.`EVENT_NAME` IN ( 0, 7, 3 )) OR table1.`EVENT_NAME` > table1.`MIN_TIMER_WAIT`) OR table1.`THREAD_ID` IN ( 8, 2, 1 )) OR table1.`EVENT_NAME` IN ( 5, 0, 1 )) AND table1.`SUM_TIMER_WAIT` IN ( 1, 2, 8 )) AND table1.`THREAD_ID` IN ( 9, 6, 1 )) ORDER BY table1.`EVENT_NAME` LIMIT 142 /* QNO 1575 CON_ID 20 */
		    20 Query	SHOW WARNINGS
		    20 Query	TRUNCATE TABLE performance_schema.file_summary_by_event_name /* QNO 1576 CON_ID 20 */
		    20 Query	TRUNCATE TABLE performance_schema.events_waits_history /* QNO 1577 CON_ID 20 */
		    20 Query	SHOW ENGINE PERFORMANCE_SCHEMA STATUS /* QNO 1578 CON_ID 20 */
		    20 Query	CREATE OR REPLACE VIEW transforms.view_1000_probe AS SHOW ENGINE PERFORMANCE_SCHEMA STATUS /* QNO 1578 CON_ID 20 */  /* QNO 1579 CON_ID 20 */
		    20 Query	SELECT * FROM (test.`t2` AS table1 LEFT JOIN test.`view_t8` AS table2 ON ( table2.`vcol_enum` = table1.`col_time` ) ) WHERE (NOT (NOT table2.`vcol_bit` LIKE 'wait%' AND table2.`vcol_char` > table2.`vcol_bit`) AND table2.`col_timestamp` LIKE 'wait%') LIMIT 166 /* QNO 1580 CON_ID 20 */
		    20 Query	INSERT INTO `t3` SELECT * FROM `view_t1` /* QNO 1581 CON_ID 20 */
		    20 Query	SELECT NEXT VALUE FOR seq2 /* QNO 1582 CON_ID 20 */
		    20 Query	TRUNCATE TABLE performance_schema.events_waits_history /* QNO 1583 CON_ID 20 */
		    20 Query	SELECT * FROM `t9` INTO OUTFILE 'load_t9'  /* QNO 1584 CON_ID 20 */
		    20 Query	LOAD DATA INFILE 'load_t9' REPLACE INTO TABLE t9 /* QNO 1585 CON_ID 20 */
		    20 Query	XA PREPARE 'non_idle_xid'  /* QNO 1586 CON_ID 20 */
		    20 Query	SELECT * FROM mysql.`event` AS table1 WHERE ( (NOT ( ( ( table1.`starts` LIKE 'wait/io%' AND table1.`status` = '2022-01-01 23:12:36.028782') OR table1.`body` != table1.`execute_at`) OR table1.`interval_field` = table1.`originator`) AND table1.`definer` < table1.`last_executed`) OR table1.`comment` IN ( 7, 6, 0 )) HAVING table1.`db_collation` = 'ra' IS NULL ORDER BY table1.`db`, table1.`body` LIMIT 254 /* QNO 1587 CON_ID 20 */
		    20 Query	SHOW WARNINGS
		    20 Query	TRUNCATE TABLE performance_schema.file_summary_by_event_name /* QNO 1588 CON_ID 20 */
		    20 Query	SELECT * FROM `proxies_priv` INTO OUTFILE 'load_proxies_priv'  /* QNO 1589 CON_ID 20 */
		    20 Query	LOAD DATA INFILE 'load_proxies_priv' IGNORE INTO TABLE proxies_priv /* QNO 1590 CON_ID 20 */
		    20 Query	INSERT INTO seq1 VALUES (38, 20043, 5487636145950949376, -95, 5, 226, 0, 1) /* QNO 1591 CON_ID 20 */
		    20 Query	INSERT INTO `host` SELECT * FROM `innodb_table_stats` /* QNO 1592 CON_ID 20 */
		    20 Query	INSERT INTO `slow_log` ( `pk` ) VALUES (NULL) /* QNO 1593 CON_ID 20 */
		    20 Query	TRUNCATE TABLE performance_schema.events_waits_history /* QNO 1594 CON_ID 20 */
		    20 Query	UPDATE performance_schema.setup_consumers SET enabled = 'YES' WHERE name IN ( 'events_waits_history' ) /* QNO 1595 CON_ID 20 */
		    20 Query	CREATE OR REPLACE VIEW transforms.view_1000_probe AS UPDATE performance_schema.setup_consumers SET enabled = 'YES' WHERE name IN ( 'events_waits_history' ) /* QNO 1595 CON_ID 20 */  /* QNO 1596 CON_ID 20 */
		    20 Query	SELECT * FROM `roles_mapping` INTO OUTFILE 'load_roles_mapping'  /* QNO 1597 CON_ID 20 */
		    20 Query	LOAD DATA INFILE 'load_roles_mapping' REPLACE INTO TABLE roles_mapping /* QNO 1598 CON_ID 20 */
		    20 Query	ALTER IGNORE TABLE t7 ALTER COLUMN `Role` DROP DEFAULT /* QNO 1599 CON_ID 20 */
		    18 Query	UPDATE performance_schema.setup_timers SET timer_name = 'MICROSECOND' /* QNO 591 CON_ID 18 */
		    22 Query	DROP VIEW transforms.view_4708_probe /* QNO 857 CON_ID 22 */
		    22 Query	/* GenTest::Transform::ExecuteAsView */ CREATE DATABASE IF NOT EXISTS transforms /* QNO 858 CON_ID 22 */
		    20 Query	SELECT * FROM INFORMATION_SCHEMA.`INNODB_CMPMEM` AS table1 WHERE ( ( ( ( ( (NOT table1.`page_size` LIKE 'wait/synch%' OR table1.`pages_free` IN ( 4, 7, 1 )) AND table1.`relocation_ops` LIKE 'wait%') OR table1.`relocation_time` IN ( 4, 6, 6 )) AND table1.`pages_free` <> table1.`buffer_pool_instance`) AND table1.`pages_used` IN ( 0, 5, 6 )) OR table1.`buffer_pool_instance` LIKE '%mysys%') HAVING table1.`buffer_pool_instance` != '2015-12-27 09:00:08.045549' IS NULL ORDER BY table1.`relocation_ops`, table1.`page_size`, table1.`buffer_pool_instance` LIMIT 65 /* QNO 1600 CON_ID 20 */
		    20 Query	/* GenTest::Transform::ExecuteAsCTE */  WITH cte1 AS ( SELECT * FROM INFORMATION_SCHEMA.`INNODB_CMPMEM` AS table1 WHERE(((((( NOT table1.`page_size` LIKE 'wait/synch%' OR table1.`pages_free` IN( 4, 7, 1)) AND table1.`relocation_ops` LIKE 'wait%') OR table1.`relocation_time` IN( 4, 6, 6)) AND table1.`pages_free` <> table1.`buffer_pool_instance`) AND table1.`pages_used` IN( 0, 5, 6)) OR table1.`buffer_pool_instance` LIKE '%mysys%') HAVING table1.`buffer_pool_instance` != '2015-12-27 09:00:08.045549' IS NULL ORDER BY table1.`relocation_ops`, table1.`page_size`, table1.`buffer_pool_instance` LIMIT 65 /* QNO 1600 CON_ID 20 */ ) SELECT * FROM cte1  /* TRANSFORM_OUTCOME_UNORDERED_MATCH */ /* QNO 1601 CON_ID 20 */
		    20 Query	/* GenTest::Transform::ExecuteAsDeleteReturning */ CREATE DATABASE IF NOT EXISTS transforms /* QNO 1602 CON_ID 20 */
		    20 Query	/* GenTest::Transform::ExecuteAsExcept */ (  SELECT * FROM INFORMATION_SCHEMA.`INNODB_CMPMEM` AS table1 WHERE ( ( ( ( ( (NOT table1.`page_size` LIKE 'wait/synch%' OR table1.`pages_free` IN ( 4, 7, 1 )) AND table1.`relocation_ops` LIKE 'wait%') OR table1.`relocation_time` IN ( 4, 6, 6 )) AND table1.`pages_free` <> table1.`buffer_pool_instance`) AND table1.`pages_used` IN ( 0, 5, 6 )) OR table1.`buffer_pool_instance` LIKE '%mysys%') HAVING table1.`buffer_pool_instance` != '2015-12-27 09:00:08.045549' IS NULL ORDER BY table1.`relocation_ops`, table1.`page_size`, table1.`buffer_pool_instance` LIMIT 65 /* QNO 1600 CON_ID 20 */  ) EXCEPT (  SELECT * FROM INFORMATION_SCHEMA.`INNODB_CMPMEM` AS table1 WHERE ( ( ( ( ( (NOT table1.`page_size` LIKE 'wait/synch%' OR table1.`pages_free` IN ( 4, 7, 1 )) AND table1.`relocation_ops` LIKE 'wait%') OR table1.`relocation_time` IN ( 4, 6, 6 )) AND table1.`pages_free` <> table1.`buffer_pool_instance`) AND table1.`pages_used` IN ( 0, 5, 6 )) OR table1.`buffer_pool_instance` LIKE '%mysys%') HAVING table1.`buffer_pool_instance` != '2015-12-27 09:00:08.045549' IS NULL ORDER BY table1.`relocation_ops`, table1.`page_size`, table1.`buffer_pool_instance` LIMIT 0 /* QNO 1600 CON_ID 20 */  ) /* TRANSFORM_OUTCOME_DISTINCT */ /* QNO 1603 CON_ID 20 */
		    20 Query	(  SELECT * FROM INFORMATION_SCHEMA.`INNODB_CMPMEM` AS table1 WHERE ( ( ( ( ( (NOT table1.`page_size` LIKE 'wait/synch%' OR table1.`pages_free` IN ( 4, 7, 1 )) AND table1.`relocation_ops` LIKE 'wait%') OR table1.`relocation_time` IN ( 4, 6, 6 )) AND table1.`pages_free` <> table1.`buffer_pool_instance`) AND table1.`pages_used` IN ( 0, 5, 6 )) OR table1.`buffer_pool_instance` LIKE '%mysys%') HAVING table1.`buffer_pool_instance` != '2015-12-27 09:00:08.045549' IS NULL ORDER BY table1.`relocation_ops`, table1.`page_size`, table1.`buffer_pool_instance` LIMIT 65 /* QNO 1600 CON_ID 20 */  ) EXCEPT (  SELECT * FROM INFORMATION_SCHEMA.`INNODB_CMPMEM` AS table1 WHERE ( ( ( ( ( (NOT table1.`page_size` LIKE 'wait/synch%' OR table1.`pages_free` IN ( 4, 7, 1 )) AND table1.`relocation_ops` LIKE 'wait%') OR table1.`relocation_time` IN ( 4, 6, 6 )) AND table1.`pages_free` <> table1.`buffer_pool_instance`) AND table1.`pages_used` IN ( 0, 5, 6 )) OR table1.`buffer_pool_instance` LIKE '%mysys%') HAVING table1.`buffer_pool_instance` != '2015-12-27 09:00:08.045549' IS NULL ORDER BY table1.`relocation_ops`, table1.`page_size`, table1.`buffer_pool_instance` LIMIT 65 /* QNO 1600 CON_ID 20 */  ) /* TRANSFORM_OUTCOME_EMPTY_RESULT */ /* QNO 1604 CON_ID 20 */
		    20 Query	/* GenTest::Transform::ExecuteAsExecuteImmediate */ EXECUTE IMMEDIATE ' SELECT * FROM INFORMATION_SCHEMA.`INNODB_CMPMEM` AS table1 WHERE ( ( ( ( ( (NOT table1.`page_size` LIKE \'wait/synch%\' OR table1.`pages_free` IN ( 4, 7, 1 )) AND table1.`relocation_ops` LIKE \'wait%\') OR table1.`relocation_time` IN ( 4, 6, 6 )) AND table1.`pages_free` <> table1.`buffer_pool_instance`) AND table1.`pages_used` IN ( 0, 5, 6 )) OR table1.`buffer_pool_instance` LIKE \'%mysys%\') HAVING table1.`buffer_pool_instance` != \'2015-12-27 09:00:08.045549\' IS NULL ORDER BY table1.`relocation_ops`, table1.`page_size`, table1.`buffer_pool_instance` LIMIT 65 /* QNO 1600 CON_ID 20 */ ' /* TRANSFORM_OUTCOME_UNORDERED_MATCH */ /* QNO 1605 CON_ID 20 */
		    20 Prepare	SELECT * FROM INFORMATION_SCHEMA.`INNODB_CMPMEM` AS table1 WHERE ( ( ( ( ( (NOT table1.`page_size` LIKE 'wait/synch%' OR table1.`pages_free` IN ( 4, 7, 1 )) AND table1.`relocation_ops` LIKE 'wait%') OR table1.`relocation_time` IN ( 4, 6, 6 )) AND table1.`pages_free` <> table1.`buffer_pool_instance`) AND table1.`pages_used` IN ( 0, 5, 6 )) OR table1.`buffer_pool_instance` LIKE '%mysys%') HAVING table1.`buffer_pool_instance` != '2015-12-27 09:00:08.045549' IS NULL ORDER BY table1.`relocation_ops`, table1.`page_size`, table1.`buffer_pool_instance` LIMIT 65 /* QNO 1600 CON_ID 20 */
		    20 Execute	SELECT * FROM INFORMATION_SCHEMA.`INNODB_CMPMEM` AS table1 WHERE ( ( ( ( ( (NOT table1.`page_size` LIKE 'wait/synch%' OR table1.`pages_free` IN ( 4, 7, 1 )) AND table1.`relocation_ops` LIKE 'wait%') OR table1.`relocation_time` IN ( 4, 6, 6 )) AND table1.`pages_free` <> table1.`buffer_pool_instance`) AND table1.`pages_used` IN ( 0, 5, 6 )) OR table1.`buffer_pool_instance` LIKE '%mysys%') HAVING table1.`buffer_pool_instance` != '2015-12-27 09:00:08.045549' IS NULL ORDER BY table1.`relocation_ops`, table1.`page_size`, table1.`buffer_pool_instance` LIMIT 65 /* QNO 1600 CON_ID 20 */
		    20 Query	/* GenTest::Transform::ExecuteAsInsertSelect */ CREATE DATABASE IF NOT EXISTS transforms /* QNO 1606 CON_ID 20 */
