		    20 Query	SELECT * FROM mysql.`func` AS table1 WHERE NOT ( ( table1.`dl` IN ( 1, 1, 9 ) AND table1.`dl` > table1.`dl`) AND table1.`type` IN ( 9, 4, 1 )) HAVING NOT ( table1.`name` != 'xe' OR table1.`dl` = 'e') LIMIT 143 /* QNO 798 CON_ID 20 */
		    20 Query	INSERT INTO `transaction_registry` ( `pk` ) VALUES (NULL) /* QNO 799 CON_ID 20 */
		    20 Query	ALTER SEQUENCE seq1 START = 5789940270938193920 /* QNO 800 CON_ID 20 */
		    20 Query	XA COMMIT 'non_idle_xid'  /* QNO 801 CON_ID 20 */
		    20 Query	SHOW ENGINE PERFORMANCE_SCHEMA STATUS /* QNO 802 CON_ID 20 */
		    20 Query	CREATE OR REPLACE VIEW transforms.view_1000_probe AS SHOW ENGINE PERFORMANCE_SCHEMA STATUS /* QNO 802 CON_ID 20 */  /* QNO 803 CON_ID 20 */
		    20 Query	RENAME TABLE seq9 TO seq10 /* QNO 804 CON_ID 20 */
		    20 Query	UPDATE performance_schema.setup_consumers SET enabled = 'NO' WHERE name LIKE 'file%' /* QNO 805 CON_ID 20 */
		    20 Query	INSERT INTO `innodb_index_stats` ( `pk` ) VALUES (NULL) /* QNO 806 CON_ID 20 */
		    20 Query	SHOW ENGINE PERFORMANCE_SCHEMA STATUS /* QNO 807 CON_ID 20 */
		    20 Query	CREATE OR REPLACE VIEW transforms.view_1000_probe AS SHOW ENGINE PERFORMANCE_SCHEMA STATUS /* QNO 807 CON_ID 20 */  /* QNO 808 CON_ID 20 */
		    20 Query	TRUNCATE TABLE performance_schema.events_waits_history /* QNO 809 CON_ID 20 */
		    20 Query	UPDATE performance_schema.setup_instruments SET ENABLED = 'YES' ORDER BY RAND() LIMIT 2 /* QNO 810 CON_ID 20 */
		    20 Query	TRUNCATE TABLE performance_schema.file_summary_by_instance /* QNO 811 CON_ID 20 */
		    20 Query	ALTER TABLE t1 RENAME TO t7 /* QNO 812 CON_ID 20 */
		    20 Query	INSERT INTO `transaction_registry` SELECT * FROM `help_category` /* QNO 813 CON_ID 20 */
		    20 Query	UPDATE performance_schema.setup_consumers SET enabled = 'NO' WHERE name IN ( 'events_waits_summary_by_thread_by_event_name' ) /* QNO 814 CON_ID 20 */
		    20 Query	XA RECOVER /* QNO 815 CON_ID 20 */
		    20 Query	CREATE OR REPLACE VIEW transforms.view_1000_probe AS XA RECOVER /* QNO 815 CON_ID 20 */  /* QNO 816 CON_ID 20 */
		    20 Query	INSERT INTO t6 ( vcol10 ) SELECT icol8 FROM `tables_priv`  /* QNO 817 CON_ID 20 */
		    20 Query	XA COMMIT 'non_idle_xid'  /* QNO 818 CON_ID 20 */
		    20 Query	DROP SEQUENCE IF EXISTS seq4 /* QNO 819 CON_ID 20 */
		    20 Query	ALTER TABLE t6 /*!100301 WAIT 6 */ RENAME TO t4, DROP COLUMN IF EXISTS ncol4, ALGORITHM=DEFAULT, LOCK=EXCLUSIVE, ADD CONSTRAINT CHECK (scol5 < 9) /* QNO 820 CON_ID 20 */
		    20 Query	TRUNCATE TABLE performance_schema.file_summary_by_instance /* QNO 821 CON_ID 20 */
		    20 Query	ALTER TABLE t2 /*!100301 WAIT 5 */ DROP FOREIGN KEY i /* QNO 822 CON_ID 20 */
		    20 Query	INSERT INTO `gtid_slave_pos` ( `pk` ) VALUES (NULL) /* QNO 823 CON_ID 20 */
		    20 Query	SELECT * FROM test.`t9` AS table1 WHERE ( (NOT table1.`vcol_blob` LIKE 'wait/synch%' OR table1.`col_time` IN ( 1, 5, 9 )) OR table1.`vcol_timestamp` >= table1.`vcol_datetime`) HAVING table1.`col_char` != 2 IS NOT NULL ORDER BY table1.`col_date`, table1.`vcol_timestamp` LIMIT 169 /* QNO 824 CON_ID 20 */
		    20 Query	SHOW ENGINE PERFORMANCE_SCHEMA STATUS /* QNO 825 CON_ID 20 */
		    18 Query	SELECT * FROM transforms.insert_select_4904 /* TRANSFORM_OUTCOME_UNORDERED_MATCH */ /* QNO 430 CON_ID 18 */
		    18 Query	DELETE FROM transforms.insert_select_4904 /* QNO 431 CON_ID 18 */
		    20 Query	CREATE OR REPLACE VIEW transforms.view_1000_probe AS SHOW ENGINE PERFORMANCE_SCHEMA STATUS /* QNO 825 CON_ID 20 */  /* QNO 826 CON_ID 20 */
		    20 Query	INSERT INTO `view_t7` SELECT * FROM `t8` /* QNO 827 CON_ID 20 */
		    20 Query	TRUNCATE TABLE performance_schema.events_waits_history_long /* QNO 828 CON_ID 20 */
		    20 Query	UNLOCK TABLES /* QNO 829 CON_ID 20 */
		    20 Query	CREATE OR REPLACE VIEW transforms.view_1000_probe AS UNLOCK TABLES /* QNO 829 CON_ID 20 */  /* QNO 830 CON_ID 20 */
		    20 Query	SHOW ENGINE PERFORMANCE_SCHEMA STATUS /* QNO 831 CON_ID 20 */
		    20 Query	CREATE OR REPLACE VIEW transforms.view_1000_probe AS SHOW ENGINE PERFORMANCE_SCHEMA STATUS /* QNO 831 CON_ID 20 */  /* QNO 832 CON_ID 20 */
		    20 Query	TRUNCATE TABLE performance_schema.file_summary_by_event_name /* QNO 833 CON_ID 20 */
		    20 Query	DELETE FROM `view_t4` WHERE `col_date` <= 'hm' LIMIT 3 /* QNO 834 CON_ID 20 */
		    20 Query	INSERT INTO `t9` SELECT * FROM `view_t6` /* QNO 835 CON_ID 20 */
		    20 Query	SHOW ENGINE PERFORMANCE_SCHEMA STATUS /* QNO 836 CON_ID 20 */
		    20 Query	CREATE OR REPLACE VIEW transforms.view_1000_probe AS SHOW ENGINE PERFORMANCE_SCHEMA STATUS /* QNO 836 CON_ID 20 */  /* QNO 837 CON_ID 20 */
		    20 Query	ALTER IGNORE TABLE t2 /*!100301 WAIT 7 */ MODIFY COLUMN tscol6 DATETIME NOT NULL FIRST  /* QNO 838 CON_ID 20 */
		    20 Query	DROP TABLE IF EXISTS tmp_rename_1000  /* QNO 839 CON_ID 20 */
		    18 Query	REPLACE INTO transforms.insert_select_4904  SELECT * FROM performance_schema.`performance_timers` AS table1 LIMIT 255 /* QNO 415 CON_ID 18 */  /* QNO 432 CON_ID 18 */
		    20 Query	RENAME TABLE `t9` TO tmp_rename_1000, tmp_rename_1000 TO t9 /* QNO 840 CON_ID 20 */
		    20 Query	ALTER TABLE t1 /*!100301 WAIT 7 */ DROP COLUMN IF EXISTS icol8, ALGORITHM=DEFAULT, ADD IF NOT EXISTS ( icol2 MEDIUMINT NULL DEFAULT NULL ), ALGORITHM=DEFAULT, ADD INDEX(icol1), ALGORITHM=COPY, LOCK=NONE, ADD CONSTRAINT o FOREIGN KEY e (tcol2) REFERENCES t6 (tscol1) ON DELETE RESTRICT, DROP COLUMN IF EXISTS ncol3, ALGORITHM=DEFAULT  /* QNO 841 CON_ID 20 */
		    20 Query	XA COMMIT 'xid102' ONE PHASE  /* QNO 842 CON_ID 20 */
		    20 Query	CREATE OR REPLACE VIEW transforms.view_1000_probe AS XA COMMIT 'xid102' ONE PHASE  /* QNO 842 CON_ID 20 */  /* QNO 843 CON_ID 20 */
		    20 Query	SELECT * FROM INFORMATION_SCHEMA.`ROUTINES` AS table1 ORDER BY table1.`CHARACTER_SET_CLIENT`, table1.`DATABASE_COLLATION`, table1.`ROUTINE_SCHEMA`, table1.`ROUTINE_NAME` LIMIT 76 /* QNO 844 CON_ID 20 */
		    20 Query	SHOW WARNINGS
		    20 Query	SELECT * FROM mysql.`gtid_slave_pos` AS table1 WHERE ( table1.`seq_no` LIKE 'wait/synch%' OR table1.`server_id` LIKE 'wait/io%') ORDER BY table1.`sub_id` LIMIT 198 /* QNO 845 CON_ID 20 */
		    16 Query	CREATE OR REPLACE VIEW transforms.view_900_probe AS CREATE TRIGGER x BEFORE INSERT ON `t1` FOR EACH ROW BEGIN INSERT INTO `t2` SELECT * FROM `t8` LIMIT 0 ; END ; /* QNO 619 CON_ID 16 */  /* QNO 620 CON_ID 16 */
		    20 Query	/* GenTest::Transform::ExecuteAsCTE */  WITH cte1 AS ( SELECT * FROM mysql.`gtid_slave_pos` AS table1 WHERE( table1.`seq_no` LIKE 'wait/synch%' OR table1.`server_id` LIKE 'wait/io%') ORDER BY table1.`sub_id` LIMIT 198 /* QNO 845 CON_ID 20 */ ) SELECT * FROM cte1  /* TRANSFORM_OUTCOME_UNORDERED_MATCH */ /* QNO 846 CON_ID 20 */
		    16 Query	ALTER TABLE `t1` REMOVE PARTITIONING /* QNO 621 CON_ID 16 */
		    17 Query	SELECT * FROM transforms.insert_select_3980 /* TRANSFORM_OUTCOME_UNORDERED_MATCH */ /* QNO 695 CON_ID 17 */
		    20 Query	/* GenTest::Transform::ExecuteAsDeleteReturning */ CREATE DATABASE IF NOT EXISTS transforms /* QNO 847 CON_ID 20 */
		    17 Query	DELETE FROM transforms.insert_select_3980 /* QNO 696 CON_ID 17 */
		    17 Query	INSERT INTO transforms.insert_select_3980  SELECT * FROM mysql.`help_relation` AS table1 WHERE ( ( ( table1.`help_topic_id` IN ( 7, 4, 1 ) AND table1.`help_keyword_id` > 'oq') AND table1.`help_topic_id` != table1.`help_topic_id`) AND table1.`help_topic_id` LIKE 'wait%') LIMIT 253 /* QNO 683 CON_ID 17 */  /* QNO 697 CON_ID 17 */
		    17 Query	SELECT * FROM transforms.insert_select_3980 /* TRANSFORM_OUTCOME_UNORDERED_MATCH */ /* QNO 698 CON_ID 17 */
		    17 Query	DELETE FROM transforms.insert_select_3980 /* QNO 699 CON_ID 17 */
		    17 Query	REPLACE INTO transforms.insert_select_3980  SELECT * FROM mysql.`help_relation` AS table1 WHERE ( ( ( table1.`help_topic_id` IN ( 7, 4, 1 ) AND table1.`help_keyword_id` > 'oq') AND table1.`help_topic_id` != table1.`help_topic_id`) AND table1.`help_topic_id` LIKE 'wait%') LIMIT 253 /* QNO 683 CON_ID 17 */  /* QNO 700 CON_ID 17 */
		    17 Query	SELECT * FROM transforms.insert_select_3980 /* TRANSFORM_OUTCOME_UNORDERED_MATCH */ /* QNO 701 CON_ID 17 */
		    17 Query	DROP TABLE transforms.insert_select_3980 /* QNO 702 CON_ID 17 */
		    18 Query	SELECT * FROM transforms.insert_select_4904 /* TRANSFORM_OUTCOME_UNORDERED_MATCH */ /* QNO 433 CON_ID 18 */
		    18 Query	DROP TABLE transforms.insert_select_4904 /* QNO 434 CON_ID 18 */
		    22 Query	SELECT * FROM transforms.insert_select_4708 /* TRANSFORM_OUTCOME_UNORDERED_MATCH */ /* QNO 714 CON_ID 22 */
		    22 Query	DELETE FROM transforms.insert_select_4708 /* QNO 715 CON_ID 22 */
		    16 Query	ALTER TABLE `view_t4` DROP COLUMN j /* QNO 622 CON_ID 16 */
		    22 Query	INSERT INTO transforms.insert_select_4708  SELECT * FROM performance_schema.`events_waits_history` AS table1 WHERE table1.`EVENT_ID` IN ( 4, 7, 8 ) HAVING table1.`OPERATION` <= 2 ORDER BY table1.`OBJECT_NAME` LIMIT 13 /* QNO 706 CON_ID 22 */  /* QNO 716 CON_ID 22 */
		    16 Query	ALTER TABLE `t9` ADD PRIMARY KEY (`pk`) /* QNO 623 CON_ID 16 */
		    22 Query	SELECT * FROM transforms.insert_select_4708 /* TRANSFORM_OUTCOME_UNORDERED_MATCH */ /* QNO 717 CON_ID 22 */
		    16 Query	DROP TABLE t /* QNO 624 CON_ID 16 */
		    22 Query	DELETE FROM transforms.insert_select_4708 /* QNO 718 CON_ID 22 */
		    22 Query	REPLACE INTO transforms.insert_select_4708  SELECT * FROM performance_schema.`events_waits_history` AS table1 WHERE table1.`EVENT_ID` IN ( 4, 7, 8 ) HAVING table1.`OPERATION` <= 2 ORDER BY table1.`OBJECT_NAME` LIMIT 13 /* QNO 706 CON_ID 22 */  /* QNO 719 CON_ID 22 */
		    16 Query	REVOKE ALL PRIVILEGES ON test.n FROM 'someuser'@'somehost' /* QNO 625 CON_ID 16 */
		    22 Query	SELECT * FROM transforms.insert_select_4708 /* TRANSFORM_OUTCOME_UNORDERED_MATCH */ /* QNO 720 CON_ID 22 */
		    22 Query	DROP TABLE transforms.insert_select_4708 /* QNO 721 CON_ID 22 */
		    16 Query	ALTER TABLE `t4` ADD COLUMN q INTEGER DEFAULT NULL /* QNO 626 CON_ID 16 */
		    20 Query	SHOW WARNINGS
		    16 Query	GRANT ALL PRIVILEGES ON y.* TO 'someuser'@'somehost' /* QNO 627 CON_ID 16 */
		    20 Query	DROP TABLE IF EXISTS transforms.delete_returning_1000 /* QNO 848 CON_ID 20 */
		    16 Query	CREATE OR REPLACE VIEW transforms.view_900_probe AS GRANT ALL PRIVILEGES ON y.* TO 'someuser'@'somehost' /* QNO 627 CON_ID 16 */  /* QNO 628 CON_ID 16 */
		    16 Query	GRANT INSERT ( `vcol_enum`, `vcol_time`, `vcol_enum` ) ON `view_t9` TO 'someuser'@'somehost' /* QNO 629 CON_ID 16 */
		    16 Query	GRANT ALL PRIVILEGES ON r.* TO 'someuser'@'somehost' /* QNO 630 CON_ID 16 */
		    16 Query	CREATE OR REPLACE VIEW transforms.view_900_probe AS GRANT ALL PRIVILEGES ON r.* TO 'someuser'@'somehost' /* QNO 630 CON_ID 16 */  /* QNO 631 CON_ID 16 */
		    16 Query	REVOKE ALL PRIVILEGES ON r.* FROM 'someuser'@'somehost' /* QNO 632 CON_ID 16 */
		    16 Query	CREATE OR REPLACE VIEW transforms.view_900_probe AS REVOKE ALL PRIVILEGES ON r.* FROM 'someuser'@'somehost' /* QNO 632 CON_ID 16 */  /* QNO 633 CON_ID 16 */
		    16 Query	REVOKE ALL PRIVILEGES ON test.j FROM 'someuser'@'somehost' /* QNO 634 CON_ID 16 */
		    16 Query	CREATE OR REPLACE VIEW transforms.view_900_probe AS REVOKE ALL PRIVILEGES ON test.j FROM 'someuser'@'somehost' /* QNO 634 CON_ID 16 */  /* QNO 635 CON_ID 16 */
		    16 Query	DROP FUNCTION IF EXISTS e /* QNO 636 CON_ID 16 */
		    16 Query	SHOW WARNINGS
		    16 Query	ALTER TABLE `view_t9` ADD PRIMARY KEY (`pk`) /* QNO 637 CON_ID 16 */
		    16 Query	DROP EVENT d /* QNO 638 CON_ID 16 */
		    16 Query	GRANT REPLICATION CLIENT, SUPER ON *.* to 'someuser'@'somehost' /* QNO 639 CON_ID 16 */
		    16 Query	CREATE OR REPLACE VIEW transforms.view_900_probe AS GRANT REPLICATION CLIENT, SUPER ON *.* to 'someuser'@'somehost' /* QNO 639 CON_ID 16 */  /* QNO 640 CON_ID 16 */
		    16 Query	DROP PROCEDURE IF EXISTS b /* QNO 641 CON_ID 16 */
		    16 Query	SHOW WARNINGS
		    16 Query	GRANT UPDATE ( `vcol_year`, `vcol_date`, `col_char`, `col_year`, `col_char`, `vcol_int` ), SELECT ( `vcol_blob`, `col_time` ) ON `view_t8` TO 'someuser'@'somehost' /* QNO 642 CON_ID 16 */
		    16 Query	ALTER TABLE `t2` REMOVE PARTITIONING /* QNO 643 CON_ID 16 */
		    16 Query	ALTER TABLE `t4` DROP COLUMN m /* QNO 644 CON_ID 16 */
		    16 Query	REVOKE ALL PRIVILEGES ON test.z FROM 'someuser'@'somehost' /* QNO 645 CON_ID 16 */
		    16 Query	GRANT UPDATE ( `col_int` ), UPDATE ( `vcol_blob`, `vcol_varchar` ), UPDATE ( `col_datetime`, `col_date` ), UPDATE ( `col_bit`, `col_timestamp` ), INSERT ( `vcol_time` ) ON `view_t1` TO 'someuser'@'somehost' /* QNO 646 CON_ID 16 */
		    16 Query	CREATE OR REPLACE VIEW v AS SELECT * FROM `view_t6` /* QNO 647 CON_ID 16 */
		    16 Query	ALTER TABLE `t8` DROP PRIMARY KEY /* QNO 648 CON_ID 16 */
		    16 Query	CREATE DATABASE IF NOT EXISTS c /* QNO 649 CON_ID 16 */
		    16 Query	CREATE OR REPLACE VIEW transforms.view_900_probe AS CREATE DATABASE IF NOT EXISTS c /* QNO 649 CON_ID 16 */  /* QNO 650 CON_ID 16 */
		    16 Query	ALTER TABLE `t3` REMOVE PARTITIONING /* QNO 651 CON_ID 16 */
		    16 Query	ALTER TABLE `t7` DROP COLUMN g /* QNO 652 CON_ID 16 */
		    16 Query	REVOKE RELOAD ON *.* FROM 'someuser'@'somehost' /* QNO 653 CON_ID 16 */
		    16 Query	CREATE OR REPLACE VIEW transforms.view_900_probe AS REVOKE RELOAD ON *.* FROM 'someuser'@'somehost' /* QNO 653 CON_ID 16 */  /* QNO 654 CON_ID 16 */
		    16 Query	CREATE EVENT v ON SCHEDULE AT NOW() DO SET @a=@a /* QNO 655 CON_ID 16 */
		    16 Query	GRANT ALL PRIVILEGES ON e.* TO 'someuser'@'somehost' /* QNO 656 CON_ID 16 */
		    16 Query	CREATE OR REPLACE VIEW transforms.view_900_probe AS GRANT ALL PRIVILEGES ON e.* TO 'someuser'@'somehost' /* QNO 656 CON_ID 16 */  /* QNO 657 CON_ID 16 */
		    16 Query	GRANT ALL PRIVILEGES ON test.j TO 'someuser'@'somehost' /* QNO 658 CON_ID 16 */
		    16 Query	CREATE OR REPLACE VIEW transforms.view_900_probe AS GRANT ALL PRIVILEGES ON test.j TO 'someuser'@'somehost' /* QNO 658 CON_ID 16 */  /* QNO 659 CON_ID 16 */
		    16 Query	ALTER TABLE `view_t7` ADD KEY ( y ) /* QNO 660 CON_ID 16 */
		    16 Query	DROP TRIGGER IF EXISTS a /* QNO 661 CON_ID 16 */
		    16 Query	SHOW WARNINGS
		    16 Query	ALTER TABLE `t6` DROP KEY p /* QNO 662 CON_ID 16 */
		    16 Query	CREATE TRIGGER l BEFORE INSERT ON `view_t3` FOR EACH ROW BEGIN INSERT INTO `t1` SELECT * FROM `t4` LIMIT 0 ; END ; /* QNO 663 CON_ID 16 */
		    16 Query	ALTER TABLE `t8` ADD COLUMN q INTEGER DEFAULT NULL /* QNO 664 CON_ID 16 */
		    16 Query	CREATE TABLE r LIKE `t9` /* QNO 665 CON_ID 16 */
		    17 Query	/* GenTest::Transform::ExecuteAsIntersect */ (  SELECT * FROM mysql.`help_relation` AS table1 WHERE ( ( ( table1.`help_topic_id` IN ( 7, 4, 1 ) AND table1.`help_keyword_id` > 'oq') AND table1.`help_topic_id` != table1.`help_topic_id`) AND table1.`help_topic_id` LIKE 'wait%') LIMIT 253 /* QNO 683 CON_ID 17 */  ) INTERSECT (  SELECT * FROM mysql.`help_relation` AS table1 WHERE ( ( ( table1.`help_topic_id` IN ( 7, 4, 1 ) AND table1.`help_keyword_id` > 'oq') AND table1.`help_topic_id` != table1.`help_topic_id`) AND table1.`help_topic_id` LIKE 'wait%') LIMIT 253 /* QNO 683 CON_ID 17 */  ) /* TRANSFORM_OUTCOME_DISTINCT */ /* QNO 703 CON_ID 17 */
		    17 Query	(  SELECT * FROM mysql.`help_relation` AS table1 WHERE ( ( ( table1.`help_topic_id` IN ( 7, 4, 1 ) AND table1.`help_keyword_id` > 'oq') AND table1.`help_topic_id` != table1.`help_topic_id`) AND table1.`help_topic_id` LIKE 'wait%') LIMIT 253 /* QNO 683 CON_ID 17 */  ) INTERSECT (  SELECT * FROM mysql.`help_relation` AS table1 WHERE ( ( ( table1.`help_topic_id` IN ( 7, 4, 1 ) AND table1.`help_keyword_id` > 'oq') AND table1.`help_topic_id` != table1.`help_topic_id`) AND table1.`help_topic_id` LIKE 'wait%') LIMIT 0 /* QNO 683 CON_ID 17 */  ) /* TRANSFORM_OUTCOME_EMPTY_RESULT */ /* QNO 704 CON_ID 17 */
		    17 Query	/* GenTest::Transform::ExecuteAsUnion */ (  SELECT * FROM mysql.`help_relation` AS table1 WHERE ( ( ( table1.`help_topic_id` IN ( 7, 4, 1 ) AND table1.`help_keyword_id` > 'oq') AND table1.`help_topic_id` != table1.`help_topic_id`) AND table1.`help_topic_id` LIKE 'wait%') LIMIT 253 /* QNO 683 CON_ID 17 */  ) UNION ALL (  SELECT * FROM mysql.`help_relation` AS table1 WHERE ( ( ( table1.`help_topic_id` IN ( 7, 4, 1 ) AND table1.`help_keyword_id` > 'oq') AND table1.`help_topic_id` != table1.`help_topic_id`) AND table1.`help_topic_id` LIKE 'wait%') LIMIT 0 /* QNO 683 CON_ID 17 */  ) /* TRANSFORM_OUTCOME_UNORDERED_MATCH */ /* QNO 705 CON_ID 17 */
		    17 Query	(  SELECT * FROM mysql.`help_relation` AS table1 WHERE ( ( ( table1.`help_topic_id` IN ( 7, 4, 1 ) AND table1.`help_keyword_id` > 'oq') AND table1.`help_topic_id` != table1.`help_topic_id`) AND table1.`help_topic_id` LIKE 'wait%') LIMIT 0 /* QNO 683 CON_ID 17 */  ) UNION ALL (  SELECT * FROM mysql.`help_relation` AS table1 WHERE ( ( ( table1.`help_topic_id` IN ( 7, 4, 1 ) AND table1.`help_keyword_id` > 'oq') AND table1.`help_topic_id` != table1.`help_topic_id`) AND table1.`help_topic_id` LIKE 'wait%') LIMIT 253 /* QNO 683 CON_ID 17 */  ) /* TRANSFORM_OUTCOME_UNORDERED_MATCH */ /* QNO 706 CON_ID 17 */
		    17 Query	(  SELECT * FROM mysql.`help_relation` AS table1 WHERE ( ( ( table1.`help_topic_id` IN ( 7, 4, 1 ) AND table1.`help_keyword_id` > 'oq') AND table1.`help_topic_id` != table1.`help_topic_id`) AND table1.`help_topic_id` LIKE 'wait%') LIMIT 253 /* QNO 683 CON_ID 17 */  ) UNION DISTINCT (  SELECT * FROM mysql.`help_relation` AS table1 WHERE ( ( ( table1.`help_topic_id` IN ( 7, 4, 1 ) AND table1.`help_keyword_id` > 'oq') AND table1.`help_topic_id` != table1.`help_topic_id`) AND table1.`help_topic_id` LIKE 'wait%') LIMIT 253 /* QNO 683 CON_ID 17 */  ) /* TRANSFORM_OUTCOME_DISTINCT */ /* QNO 707 CON_ID 17 */
		    17 Query	(  SELECT * FROM mysql.`help_relation` AS table1 WHERE ( ( ( table1.`help_topic_id` IN ( 7, 4, 1 ) AND table1.`help_keyword_id` > 'oq') AND table1.`help_topic_id` != table1.`help_topic_id`) AND table1.`help_topic_id` LIKE 'wait%') LIMIT 253 /* QNO 683 CON_ID 17 */  ) UNION ALL (  SELECT * FROM mysql.`help_relation` AS table1 WHERE ( ( ( table1.`help_topic_id` IN ( 7, 4, 1 ) AND table1.`help_keyword_id` > 'oq') AND table1.`help_topic_id` != table1.`help_topic_id`) AND table1.`help_topic_id` LIKE 'wait%') LIMIT 253 /* QNO 683 CON_ID 17 */  ) /* TRANSFORM_OUTCOME_SUPERSET */ /* QNO 708 CON_ID 17 */
		    17 Query	CREATE OR REPLACE VIEW transforms.view_3980_probe AS  SELECT * FROM mysql.`help_relation` AS table1 WHERE ( ( ( table1.`help_topic_id` IN ( 7, 4, 1 ) AND table1.`help_keyword_id` > 'oq') AND table1.`help_topic_id` != table1.`help_topic_id`) AND table1.`help_topic_id` LIKE 'wait%') LIMIT 253 /* QNO 683 CON_ID 17 */  /* QNO 709 CON_ID 17 */
		    17 Query	DROP VIEW transforms.view_3980_probe /* QNO 710 CON_ID 17 */
		    17 Query	/* GenTest::Transform::ExecuteAsView */ CREATE DATABASE IF NOT EXISTS transforms /* QNO 711 CON_ID 17 */
		    21 Query	SHOW WARNINGS
		    21 Query	SELECT * FROM `INNODB_FT_CONFIG` INTO OUTFILE 'load_INNODB_FT_CONFIG'  /* QNO 729 CON_ID 21 */
		    21 Query	LOAD DATA INFILE 'load_INNODB_FT_CONFIG' REPLACE INTO TABLE INNODB_FT_CONFIG /* QNO 730 CON_ID 21 */
		    21 Query	ALTER TABLE t10 ADD ( `VALUE` CHAR NULL ), ALGORITHM=DEFAULT, LOCK=SHARED /* QNO 731 CON_ID 21 */
		    21 Query	INSERT INTO `INNODB_SYS_FOREIGN` ( `pk` ) VALUES (NULL) /* QNO 732 CON_ID 21 */
		    21 Query	DROP SEQUENCE IF EXISTS seq5, seq7, seq3, seq2 /* QNO 733 CON_ID 21 */
		    22 Query	/* GenTest::Transform::ExecuteAsIntersect */ (  SELECT * FROM performance_schema.`events_waits_history` AS table1 WHERE table1.`EVENT_ID` IN ( 4, 7, 8 ) HAVING table1.`OPERATION` <= 2 ORDER BY table1.`OBJECT_NAME` LIMIT 13 /* QNO 706 CON_ID 22 */  ) INTERSECT (  SELECT * FROM performance_schema.`events_waits_history` AS table1 WHERE table1.`EVENT_ID` IN ( 4, 7, 8 ) HAVING table1.`OPERATION` <= 2 ORDER BY table1.`OBJECT_NAME` LIMIT 13 /* QNO 706 CON_ID 22 */  ) /* TRANSFORM_OUTCOME_DISTINCT */ /* QNO 722 CON_ID 22 */
		    21 Query	SHOW WARNINGS
		    22 Query	(  SELECT * FROM performance_schema.`events_waits_history` AS table1 WHERE table1.`EVENT_ID` IN ( 4, 7, 8 ) HAVING table1.`OPERATION` <= 2 ORDER BY table1.`OBJECT_NAME` LIMIT 13 /* QNO 706 CON_ID 22 */  ) INTERSECT (  SELECT * FROM performance_schema.`events_waits_history` AS table1 WHERE table1.`EVENT_ID` IN ( 4, 7, 8 ) HAVING table1.`OPERATION` <= 2 ORDER BY table1.`OBJECT_NAME` LIMIT 0 /* QNO 706 CON_ID 22 */  ) /* TRANSFORM_OUTCOME_EMPTY_RESULT */ /* QNO 723 CON_ID 22 */
		    22 Query	/* GenTest::Transform::ExecuteAsUnion */ (  SELECT * FROM performance_schema.`events_waits_history` AS table1 WHERE table1.`EVENT_ID` IN ( 4, 7, 8 ) HAVING table1.`OPERATION` <= 2 ORDER BY table1.`OBJECT_NAME` LIMIT 13 /* QNO 706 CON_ID 22 */  ) UNION ALL (  SELECT * FROM performance_schema.`events_waits_history` AS table1 WHERE table1.`EVENT_ID` IN ( 4, 7, 8 ) HAVING table1.`OPERATION` <= 2 ORDER BY table1.`OBJECT_NAME` LIMIT 0 /* QNO 706 CON_ID 22 */  ) /* TRANSFORM_OUTCOME_UNORDERED_MATCH */ /* QNO 724 CON_ID 22 */
		    22 Query	(  SELECT * FROM performance_schema.`events_waits_history` AS table1 WHERE table1.`EVENT_ID` IN ( 4, 7, 8 ) HAVING table1.`OPERATION` <= 2 ORDER BY table1.`OBJECT_NAME` LIMIT 0 /* QNO 706 CON_ID 22 */  ) UNION ALL (  SELECT * FROM performance_schema.`events_waits_history` AS table1 WHERE table1.`EVENT_ID` IN ( 4, 7, 8 ) HAVING table1.`OPERATION` <= 2 ORDER BY table1.`OBJECT_NAME` LIMIT 13 /* QNO 706 CON_ID 22 */  ) /* TRANSFORM_OUTCOME_UNORDERED_MATCH */ /* QNO 725 CON_ID 22 */
		    22 Query	(  SELECT * FROM performance_schema.`events_waits_history` AS table1 WHERE table1.`EVENT_ID` IN ( 4, 7, 8 ) HAVING table1.`OPERATION` <= 2 ORDER BY table1.`OBJECT_NAME` LIMIT 13 /* QNO 706 CON_ID 22 */  ) UNION DISTINCT (  SELECT * FROM performance_schema.`events_waits_history` AS table1 WHERE table1.`EVENT_ID` IN ( 4, 7, 8 ) HAVING table1.`OPERATION` <= 2 ORDER BY table1.`OBJECT_NAME` LIMIT 13 /* QNO 706 CON_ID 22 */  ) /* TRANSFORM_OUTCOME_DISTINCT */ /* QNO 726 CON_ID 22 */
		    22 Query	(  SELECT * FROM performance_schema.`events_waits_history` AS table1 WHERE table1.`EVENT_ID` IN ( 4, 7, 8 ) HAVING table1.`OPERATION` <= 2 ORDER BY table1.`OBJECT_NAME` LIMIT 13 /* QNO 706 CON_ID 22 */  ) UNION ALL (  SELECT * FROM performance_schema.`events_waits_history` AS table1 WHERE table1.`EVENT_ID` IN ( 4, 7, 8 ) HAVING table1.`OPERATION` <= 2 ORDER BY table1.`OBJECT_NAME` LIMIT 13 /* QNO 706 CON_ID 22 */  ) /* TRANSFORM_OUTCOME_SUPERSET */ /* QNO 727 CON_ID 22 */
		    22 Query	CREATE OR REPLACE VIEW transforms.view_4708_probe AS  SELECT * FROM performance_schema.`events_waits_history` AS table1 WHERE table1.`EVENT_ID` IN ( 4, 7, 8 ) HAVING table1.`OPERATION` <= 2 ORDER BY table1.`OBJECT_NAME` LIMIT 13 /* QNO 706 CON_ID 22 */  /* QNO 728 CON_ID 22 */
		    16 Query	CREATE OR REPLACE VIEW transforms.view_900_probe AS CREATE TABLE r LIKE `t9` /* QNO 665 CON_ID 16 */  /* QNO 666 CON_ID 16 */
		    16 Query	CREATE EVENT k ON SCHEDULE AT NOW() DO SET @a=@a /* QNO 667 CON_ID 16 */
		    16 Query	CREATE TABLE l LIKE `view_t2` /* QNO 668 CON_ID 16 */
		    16 Query	DROP VIEW IF EXISTS h /* QNO 669 CON_ID 16 */
		    16 Query	SHOW WARNINGS
		    16 Query	ALTER TABLE `view_t8` DROP COLUMN p /* QNO 670 CON_ID 16 */
		    16 Query	DROP VIEW IF EXISTS q /* QNO 671 CON_ID 16 */
		    16 Query	SHOW WARNINGS
		    16 Query	DROP DATABASE IF EXISTS w /* QNO 672 CON_ID 16 */
		    16 Query	CREATE OR REPLACE VIEW transforms.view_900_probe AS DROP DATABASE IF EXISTS w /* QNO 672 CON_ID 16 */  /* QNO 673 CON_ID 16 */
		    16 Query	DROP DATABASE IF EXISTS c /* QNO 674 CON_ID 16 */
		    16 Query	CREATE OR REPLACE VIEW transforms.view_900_probe AS DROP DATABASE IF EXISTS c /* QNO 674 CON_ID 16 */  /* QNO 675 CON_ID 16 */
		    16 Query	CREATE OR REPLACE VIEW l AS SELECT * FROM `view_t4` /* QNO 676 CON_ID 16 */
		    16 Query	CREATE TRIGGER l BEFORE INSERT ON `view_t6` FOR EACH ROW BEGIN INSERT INTO `t8` SELECT * FROM `view_t8` LIMIT 0 ; END ; /* QNO 677 CON_ID 16 */
		    16 Query	CREATE DATABASE IF NOT EXISTS b /* QNO 678 CON_ID 16 */
		    16 Query	CREATE OR REPLACE VIEW transforms.view_900_probe AS CREATE DATABASE IF NOT EXISTS b /* QNO 678 CON_ID 16 */  /* QNO 679 CON_ID 16 */
		    16 Query	GRANT INSERT ( `vcol_blob` ), UPDATE ( `vcol_dec` ) ON `view_t8` TO 'someuser'@'somehost' /* QNO 680 CON_ID 16 */
		    16 Query	GRANT ALL PRIVILEGES ON test.h TO 'someuser'@'somehost' /* QNO 681 CON_ID 16 */
		    16 Query	CREATE OR REPLACE VIEW transforms.view_900_probe AS GRANT ALL PRIVILEGES ON test.h TO 'someuser'@'somehost' /* QNO 681 CON_ID 16 */  /* QNO 682 CON_ID 16 */
		    16 Query	GRANT SHOW DATABASES, REPLICATION SLAVE ON *.* to 'someuser'@'somehost' /* QNO 683 CON_ID 16 */
		    16 Query	CREATE OR REPLACE VIEW transforms.view_900_probe AS GRANT SHOW DATABASES, REPLICATION SLAVE ON *.* to 'someuser'@'somehost' /* QNO 683 CON_ID 16 */  /* QNO 684 CON_ID 16 */
		    16 Query	DROP DATABASE IF EXISTS t /* QNO 685 CON_ID 16 */
		    16 Query	SHOW WARNINGS
		    16 Query	REVOKE ALL PRIVILEGES ON test.a FROM 'someuser'@'somehost' /* QNO 686 CON_ID 16 */
		    16 Query	ALTER TABLE `t4` DROP KEY n /* QNO 687 CON_ID 16 */
		    16 Query	ALTER TABLE `t2` PARTITION BY KEY() PARTITIONS 6 /* QNO 688 CON_ID 16 */
		    16 Query	ALTER TABLE `t1` PARTITION BY KEY() PARTITIONS 9 /* QNO 689 CON_ID 16 */
		    16 Query	ALTER TABLE `t5` ADD PRIMARY KEY (`pk`) /* QNO 690 CON_ID 16 */
		    16 Query	DROP TRIGGER IF EXISTS y /* QNO 691 CON_ID 16 */
		    16 Query	SHOW WARNINGS
		    16 Query	ALTER TABLE `view_t5` DROP COLUMN g /* QNO 692 CON_ID 16 */
		    16 Query	ALTER TABLE `view_t6` ADD KEY ( t ) /* QNO 693 CON_ID 16 */
		    16 Query	GRANT ALL PRIVILEGES ON k.* TO 'someuser'@'somehost' /* QNO 694 CON_ID 16 */
		    16 Query	CREATE OR REPLACE VIEW transforms.view_900_probe AS GRANT ALL PRIVILEGES ON k.* TO 'someuser'@'somehost' /* QNO 694 CON_ID 16 */  /* QNO 695 CON_ID 16 */
		    16 Query	ALTER TABLE `t4` PARTITION BY KEY() PARTITIONS 3 /* QNO 696 CON_ID 16 */
		    16 Query	CREATE EVENT q ON SCHEDULE AT NOW() DO SET @a=@a /* QNO 697 CON_ID 16 */
		    16 Query	REVOKE ALL PRIVILEGES ON test.k FROM 'someuser'@'somehost' /* QNO 698 CON_ID 16 */
		    16 Query	CREATE OR REPLACE VIEW transforms.view_900_probe AS REVOKE ALL PRIVILEGES ON test.k FROM 'someuser'@'somehost' /* QNO 698 CON_ID 16 */  /* QNO 699 CON_ID 16 */
		    16 Query	GRANT SHUTDOWN ON *.* to 'someuser'@'somehost' /* QNO 700 CON_ID 16 */
		    16 Query	CREATE OR REPLACE VIEW transforms.view_900_probe AS GRANT SHUTDOWN ON *.* to 'someuser'@'somehost' /* QNO 700 CON_ID 16 */  /* QNO 701 CON_ID 16 */
		    16 Query	REVOKE ALL PRIVILEGES ON f.* FROM 'someuser'@'somehost' /* QNO 702 CON_ID 16 */
		    16 Query	DROP TRIGGER IF EXISTS q /* QNO 703 CON_ID 16 */
		    16 Query	SHOW WARNINGS
		    16 Query	GRANT ALL PRIVILEGES ON l.* TO 'someuser'@'somehost' /* QNO 704 CON_ID 16 */
		    16 Query	CREATE OR REPLACE VIEW transforms.view_900_probe AS GRANT ALL PRIVILEGES ON l.* TO 'someuser'@'somehost' /* QNO 704 CON_ID 16 */  /* QNO 705 CON_ID 16 */
		    16 Query	ALTER TABLE `view_t9` DROP KEY h /* QNO 706 CON_ID 16 */
		    16 Query	DROP DATABASE IF EXISTS t /* QNO 707 CON_ID 16 */
		    16 Query	SHOW WARNINGS
		    16 Query	CREATE TABLE j LIKE `view_t1` /* QNO 708 CON_ID 16 */
		    16 Query	ALTER TABLE `view_t2` DROP PRIMARY KEY /* QNO 709 CON_ID 16 */
		    16 Query	ALTER TABLE `view_t2` ADD PRIMARY KEY (`pk`) /* QNO 710 CON_ID 16 */
		    16 Query	ALTER TABLE `t6` DROP PRIMARY KEY /* QNO 711 CON_ID 16 */
		    16 Query	CREATE DATABASE IF NOT EXISTS n /* QNO 712 CON_ID 16 */
		    16 Query	CREATE OR REPLACE VIEW transforms.view_900_probe AS CREATE DATABASE IF NOT EXISTS n /* QNO 712 CON_ID 16 */  /* QNO 713 CON_ID 16 */
		    16 Query	ALTER TABLE `view_t1` PARTITION BY KEY() PARTITIONS 4 /* QNO 714 CON_ID 16 */
		    16 Query	ALTER TABLE `view_t9` ADD PRIMARY KEY (`pk`) /* QNO 715 CON_ID 16 */
		    16 Query	REVOKE ALL PRIVILEGES ON test.d FROM 'someuser'@'somehost' /* QNO 716 CON_ID 16 */
		    16 Query	CREATE OR REPLACE VIEW transforms.view_900_probe AS REVOKE ALL PRIVILEGES ON test.d FROM 'someuser'@'somehost' /* QNO 716 CON_ID 16 */  /* QNO 717 CON_ID 16 */
		    16 Query	DROP FUNCTION IF EXISTS x /* QNO 718 CON_ID 16 */
		    16 Query	CREATE OR REPLACE VIEW transforms.view_900_probe AS DROP FUNCTION IF EXISTS x /* QNO 718 CON_ID 16 */  /* QNO 719 CON_ID 16 */
		    16 Query	CREATE TRIGGER u BEFORE INSERT ON `t4` FOR EACH ROW BEGIN INSERT INTO `t8` SELECT * FROM `view_t6` LIMIT 0 ; END ; /* QNO 720 CON_ID 16 */
		    16 Query	CREATE OR REPLACE VIEW transforms.view_900_probe AS CREATE TRIGGER u BEFORE INSERT ON `t4` FOR EACH ROW BEGIN INSERT INTO `t8` SELECT * FROM `view_t6` LIMIT 0 ; END ; /* QNO 720 CON_ID 16 */  /* QNO 721 CON_ID 16 */
		    18 Query	/* GenTest::Transform::ExecuteAsIntersect */ (  SELECT * FROM performance_schema.`performance_timers` AS table1 LIMIT 255 /* QNO 415 CON_ID 18 */  ) INTERSECT (  SELECT * FROM performance_schema.`performance_timers` AS table1 LIMIT 255 /* QNO 415 CON_ID 18 */  ) /* TRANSFORM_OUTCOME_DISTINCT */ /* QNO 435 CON_ID 18 */
		    21 Query	UPDATE performance_schema.setup_instruments SET TIMED = 'NO' ORDER BY RAND() LIMIT 2 /* QNO 734 CON_ID 21 */
		    16 Query	REVOKE SUPER ON *.* FROM 'someuser'@'somehost' /* QNO 722 CON_ID 16 */
		    21 Query	CREATE OR REPLACE VIEW transforms.view_4888_probe AS UPDATE performance_schema.setup_instruments SET TIMED = 'NO' ORDER BY RAND() LIMIT 2 /* QNO 734 CON_ID 21 */  /* QNO 735 CON_ID 21 */
		    21 Query	SELECT * FROM `INNODB_SYS_TABLES` INTO OUTFILE 'load_INNODB_SYS_TABLES'  /* QNO 736 CON_ID 21 */
		    21 Query	LOAD DATA INFILE 'load_INNODB_SYS_TABLES' IGNORE INTO TABLE INNODB_SYS_TABLES /* QNO 737 CON_ID 21 */
		    21 Query	SELECT * FROM performance_schema.`events_waits_history` AS table1 WHERE NOT table1.`INDEX_NAME` LIKE 'wait/synch/rwlock%' HAVING ( table1.`TIMER_END` >= '2025-08-14 15:21:52.054339' OR table1.`END_EVENT_ID` < 'rc') ORDER BY table1.`END_EVENT_ID` LIMIT 218 /* QNO 738 CON_ID 21 */
		    18 Query	(  SELECT * FROM performance_schema.`performance_timers` AS table1 LIMIT 255 /* QNO 415 CON_ID 18 */  ) INTERSECT (  SELECT * FROM performance_schema.`performance_timers` AS table1 LIMIT 0 /* QNO 415 CON_ID 18 */  ) /* TRANSFORM_OUTCOME_EMPTY_RESULT */ /* QNO 436 CON_ID 18 */
		    16 Query	CREATE OR REPLACE VIEW transforms.view_900_probe AS REVOKE SUPER ON *.* FROM 'someuser'@'somehost' /* QNO 722 CON_ID 16 */  /* QNO 723 CON_ID 16 */
		    16 Query	ALTER TABLE `t8` DROP PRIMARY KEY /* QNO 724 CON_ID 16 */
		    16 Query	GRANT ALL PRIVILEGES ON test.g TO 'someuser'@'somehost' /* QNO 725 CON_ID 16 */
		    16 Query	CREATE OR REPLACE VIEW transforms.view_900_probe AS GRANT ALL PRIVILEGES ON test.g TO 'someuser'@'somehost' /* QNO 725 CON_ID 16 */  /* QNO 726 CON_ID 16 */
		    16 Query	REVOKE ALL PRIVILEGES ON test.v FROM 'someuser'@'somehost' /* QNO 727 CON_ID 16 */
		    20 Query	CREATE TABLE transforms.delete_returning_1000  SELECT * FROM mysql.`gtid_slave_pos` AS table1 WHERE ( table1.`seq_no` LIKE 'wait/synch%' OR table1.`server_id` LIKE 'wait/io%') ORDER BY table1.`sub_id` LIMIT 198 /* QNO 845 CON_ID 20 */  /* QNO 849 CON_ID 20 */
		    17 Query	SHOW WARNINGS
		    16 Query	REVOKE PROCESS ON *.* FROM 'someuser'@'somehost' /* QNO 728 CON_ID 16 */
		    17 Query	DROP VIEW IF EXISTS transforms.view_3980_merge , transforms.view_3980_temptable /* QNO 712 CON_ID 17 */
		    16 Query	CREATE OR REPLACE VIEW transforms.view_900_probe AS REVOKE PROCESS ON *.* FROM 'someuser'@'somehost' /* QNO 728 CON_ID 16 */  /* QNO 729 CON_ID 16 */
		    16 Query	GRANT ALL PRIVILEGES ON test.v TO 'someuser'@'somehost' /* QNO 730 CON_ID 16 */
		    17 Query	SHOW WARNINGS
		    16 Query	CREATE OR REPLACE VIEW transforms.view_900_probe AS GRANT ALL PRIVILEGES ON test.v TO 'someuser'@'somehost' /* QNO 730 CON_ID 16 */  /* QNO 731 CON_ID 16 */
		    16 Query	GRANT SELECT ( `vcol_dec`, `pk` ) ON `t3` TO 'someuser'@'somehost' /* QNO 732 CON_ID 16 */
		    17 Query	CREATE OR REPLACE ALGORITHM=MERGE VIEW transforms.view_3980_merge AS  SELECT * FROM mysql.`help_relation` AS table1 WHERE ( ( ( table1.`help_topic_id` IN ( 7, 4, 1 ) AND table1.`help_keyword_id` > 'oq') AND table1.`help_topic_id` != table1.`help_topic_id`) AND table1.`help_topic_id` LIKE 'wait%') LIMIT 253 /* QNO 683 CON_ID 17 */  /* QNO 713 CON_ID 17 */
		    16 Query	GRANT ALL PRIVILEGES ON test.k TO 'someuser'@'somehost' /* QNO 733 CON_ID 16 */
		    16 Query	CREATE OR REPLACE VIEW transforms.view_900_probe AS GRANT ALL PRIVILEGES ON test.k TO 'someuser'@'somehost' /* QNO 733 CON_ID 16 */  /* QNO 734 CON_ID 16 */
		    21 Query	SHOW WARNINGS
		    16 Query	CREATE TABLE w LIKE `view_t6` /* QNO 735 CON_ID 16 */
		    16 Query	REVOKE ALL PRIVILEGES ON test.y FROM 'someuser'@'somehost' /* QNO 736 CON_ID 16 */
		    16 Query	CREATE OR REPLACE VIEW transforms.view_900_probe AS REVOKE ALL PRIVILEGES ON test.y FROM 'someuser'@'somehost' /* QNO 736 CON_ID 16 */  /* QNO 737 CON_ID 16 */
		    16 Query	REVOKE ALL PRIVILEGES ON test.t FROM 'someuser'@'somehost' /* QNO 738 CON_ID 16 */
		    16 Query	CREATE OR REPLACE VIEW transforms.view_900_probe AS REVOKE ALL PRIVILEGES ON test.t FROM 'someuser'@'somehost' /* QNO 738 CON_ID 16 */  /* QNO 739 CON_ID 16 */
		    16 Query	ALTER TABLE `t6` ADD COLUMN o INTEGER DEFAULT NULL /* QNO 740 CON_ID 16 */
		    16 Query	DROP EVENT m /* QNO 741 CON_ID 16 */
		    16 Query	CREATE OR REPLACE VIEW transforms.view_900_probe AS DROP EVENT m /* QNO 741 CON_ID 16 */  /* QNO 742 CON_ID 16 */
		    21 Query	TRUNCATE TABLE performance_schema.events_waits_current /* QNO 739 CON_ID 21 */
		    21 Query	CREATE OR REPLACE VIEW transforms.view_4888_probe AS TRUNCATE TABLE performance_schema.events_waits_current /* QNO 739 CON_ID 21 */  /* QNO 740 CON_ID 21 */
		    16 Query	ALTER TABLE `view_t2` PARTITION BY KEY() PARTITIONS 5 /* QNO 743 CON_ID 16 */
		    16 Query	CREATE TABLE x LIKE `t3` /* QNO 744 CON_ID 16 */
		    18 Query	/* GenTest::Transform::ExecuteAsUnion */ (  SELECT * FROM performance_schema.`performance_timers` AS table1 LIMIT 255 /* QNO 415 CON_ID 18 */  ) UNION ALL (  SELECT * FROM performance_schema.`performance_timers` AS table1 LIMIT 0 /* QNO 415 CON_ID 18 */  ) /* TRANSFORM_OUTCOME_UNORDERED_MATCH */ /* QNO 437 CON_ID 18 */
		    17 Query	SHOW WARNINGS
		    18 Query	(  SELECT * FROM performance_schema.`performance_timers` AS table1 LIMIT 0 /* QNO 415 CON_ID 18 */  ) UNION ALL (  SELECT * FROM performance_schema.`performance_timers` AS table1 LIMIT 255 /* QNO 415 CON_ID 18 */  ) /* TRANSFORM_OUTCOME_UNORDERED_MATCH */ /* QNO 438 CON_ID 18 */
		    22 Query	DROP VIEW transforms.view_4708_probe /* QNO 729 CON_ID 22 */
		    17 Query	SELECT * FROM transforms.view_3980_merge /* TRANSFORM_OUTCOME_UNORDERED_MATCH */ /* QNO 714 CON_ID 17 */
		    22 Query	/* GenTest::Transform::ExecuteAsView */ CREATE DATABASE IF NOT EXISTS transforms /* QNO 730 CON_ID 22 */
		    18 Query	(  SELECT * FROM performance_schema.`performance_timers` AS table1 LIMIT 255 /* QNO 415 CON_ID 18 */  ) UNION DISTINCT (  SELECT * FROM performance_schema.`performance_timers` AS table1 LIMIT 255 /* QNO 415 CON_ID 18 */  ) /* TRANSFORM_OUTCOME_DISTINCT */ /* QNO 439 CON_ID 18 */
		    18 Query	(  SELECT * FROM performance_schema.`performance_timers` AS table1 LIMIT 255 /* QNO 415 CON_ID 18 */  ) UNION ALL (  SELECT * FROM performance_schema.`performance_timers` AS table1 LIMIT 255 /* QNO 415 CON_ID 18 */  ) /* TRANSFORM_OUTCOME_SUPERSET */ /* QNO 440 CON_ID 18 */
		    17 Query	CREATE OR REPLACE ALGORITHM=TEMPTABLE VIEW transforms.view_3980_temptable AS  SELECT * FROM mysql.`help_relation` AS table1 WHERE ( ( ( table1.`help_topic_id` IN ( 7, 4, 1 ) AND table1.`help_keyword_id` > 'oq') AND table1.`help_topic_id` != table1.`help_topic_id`) AND table1.`help_topic_id` LIKE 'wait%') LIMIT 253 /* QNO 683 CON_ID 17 */  /* QNO 715 CON_ID 17 */
		    18 Query	CREATE OR REPLACE VIEW transforms.view_4904_probe AS  SELECT * FROM performance_schema.`performance_timers` AS table1 LIMIT 255 /* QNO 415 CON_ID 18 */  /* QNO 441 CON_ID 18 */
		    21 Query	XA PREPARE 'non_idle_xid'  /* QNO 741 CON_ID 21 */
		    21 Query	INSERT INTO `threads` () VALUES () /* QNO 742 CON_ID 21 */
		    21 Query	XA COMMIT 'non_idle_xid'  /* QNO 743 CON_ID 21 */
		    16 Query	CREATE OR REPLACE VIEW transforms.view_900_probe AS CREATE TABLE x LIKE `t3` /* QNO 744 CON_ID 16 */  /* QNO 745 CON_ID 16 */
		    21 Query	SET STATEMENT system_versioning_alter_history=KEEP FOR ALTER TABLE t1 ADD SYSTEM VERSIONING, DROP COLUMN IF EXISTS ncol9, LOCK=SHARED, DROP SYSTEM VERSIONING /* QNO 744 CON_ID 21 */
		    21 Query	SHOW ENGINE PERFORMANCE_SCHEMA STATUS /* QNO 745 CON_ID 21 */
		    16 Query	GRANT UPDATE ( `vcol_datetime`, `col_bit` ) ON `view_t8` TO 'someuser'@'somehost' /* QNO 746 CON_ID 16 */
190114 12:06:33	    21 Query	CREATE OR REPLACE VIEW transforms.view_4888_probe AS SHOW ENGINE PERFORMANCE_SCHEMA STATUS /* QNO 745 CON_ID 21 */  /* QNO 746 CON_ID 21 */
		    16 Query	ALTER TABLE `view_t7` REMOVE PARTITIONING /* QNO 747 CON_ID 16 */
		    22 Query	SHOW WARNINGS
		    20 Query	DELETE FROM transforms.delete_returning_1000 RETURNING `domain_id`,`sub_id`,`server_id`,`seq_no` /* TRANSFORM_OUTCOME_UNORDERED_MATCH */ /* QNO 850 CON_ID 20 */
		    22 Query	DROP VIEW IF EXISTS transforms.view_4708_merge , transforms.view_4708_temptable /* QNO 731 CON_ID 22 */
		    22 Query	SHOW WARNINGS
		    22 Query	CREATE OR REPLACE ALGORITHM=MERGE VIEW transforms.view_4708_merge AS  SELECT * FROM performance_schema.`events_waits_history` AS table1 WHERE table1.`EVENT_ID` IN ( 4, 7, 8 ) HAVING table1.`OPERATION` <= 2 ORDER BY table1.`OBJECT_NAME` LIMIT 13 /* QNO 706 CON_ID 22 */  /* QNO 732 CON_ID 22 */
		    20 Query	/* GenTest::Transform::ExecuteAsExcept */ (  SELECT * FROM mysql.`gtid_slave_pos` AS table1 WHERE ( table1.`seq_no` LIKE 'wait/synch%' OR table1.`server_id` LIKE 'wait/io%') ORDER BY table1.`sub_id` LIMIT 198 /* QNO 845 CON_ID 20 */  ) EXCEPT (  SELECT * FROM mysql.`gtid_slave_pos` AS table1 WHERE ( table1.`seq_no` LIKE 'wait/synch%' OR table1.`server_id` LIKE 'wait/io%') ORDER BY table1.`sub_id` LIMIT 0 /* QNO 845 CON_ID 20 */  ) /* TRANSFORM_OUTCOME_DISTINCT */ /* QNO 851 CON_ID 20 */
		    16 Query	DROP TRIGGER IF EXISTS i /* QNO 748 CON_ID 16 */
		    21 Query	SELECT * FROM test.`t2` AS table1 HAVING table1.`vcol_blob` < 0 LIMIT 52 /* QNO 747 CON_ID 21 */
		    16 Query	SHOW WARNINGS
		    16 Query	CREATE FUNCTION a ( q INTEGER, n INTEGER ) RETURNS INTEGER RETURN 1 /* QNO 749 CON_ID 16 */
		    22 Query	SHOW WARNINGS
		    17 Query	SELECT * FROM transforms.view_3980_temptable /* TRANSFORM_OUTCOME_UNORDERED_MATCH */ /* QNO 716 CON_ID 17 */
		    22 Query	SELECT * FROM transforms.view_4708_merge /* TRANSFORM_OUTCOME_UNORDERED_MATCH */ /* QNO 733 CON_ID 22 */
		    17 Query	DROP VIEW transforms.view_3980_merge , transforms.view_3980_temptable /* QNO 717 CON_ID 17 */
		    22 Query	CREATE OR REPLACE ALGORITHM=TEMPTABLE VIEW transforms.view_4708_temptable AS  SELECT * FROM performance_schema.`events_waits_history` AS table1 WHERE table1.`EVENT_ID` IN ( 4, 7, 8 ) HAVING table1.`OPERATION` <= 2 ORDER BY table1.`OBJECT_NAME` LIMIT 13 /* QNO 706 CON_ID 22 */  /* QNO 734 CON_ID 22 */
		    17 Query	/* GenTest::Transform::ExecuteAsPreparedTwice */ PREPARE prep_stmt_3980 FROM ' SELECT * FROM mysql.`help_relation` AS table1 WHERE ( ( ( table1.`help_topic_id` IN ( 7, 4, 1 ) AND table1.`help_keyword_id` > \'oq\') AND table1.`help_topic_id` != table1.`help_topic_id`) AND table1.`help_topic_id` LIKE \'wait%\') LIMIT 253 /* QNO 683 CON_ID 17 */ ' /* QNO 718 CON_ID 17 */
		    17 Prepare	SELECT * FROM mysql.`help_relation` AS table1 WHERE ( ( ( table1.`help_topic_id` IN ( 7, 4, 1 ) AND table1.`help_keyword_id` > 'oq') AND table1.`help_topic_id` != table1.`help_topic_id`) AND table1.`help_topic_id` LIKE 'wait%') LIMIT 253 /* QNO 683 CON_ID 17 */
		    17 Query	EXECUTE prep_stmt_3980 /* TRANSFORM_OUTCOME_UNORDERED_MATCH */ /* QNO 719 CON_ID 17 */
		    17 Execute	SELECT * FROM mysql.`help_relation` AS table1 WHERE ( ( ( table1.`help_topic_id` IN ( 7, 4, 1 ) AND table1.`help_keyword_id` > 'oq') AND table1.`help_topic_id` != table1.`help_topic_id`) AND table1.`help_topic_id` LIKE 'wait%') LIMIT 253 /* QNO 683 CON_ID 17 */
		    17 Query	EXECUTE prep_stmt_3980 /* TRANSFORM_OUTCOME_UNORDERED_MATCH */ /* QNO 720 CON_ID 17 */
		    17 Execute	SELECT * FROM mysql.`help_relation` AS table1 WHERE ( ( ( table1.`help_topic_id` IN ( 7, 4, 1 ) AND table1.`help_keyword_id` > 'oq') AND table1.`help_topic_id` != table1.`help_topic_id`) AND table1.`help_topic_id` LIKE 'wait%') LIMIT 253 /* QNO 683 CON_ID 17 */
		    17 Query	DEALLOCATE PREPARE prep_stmt_3980 /* QNO 721 CON_ID 17 */
		    17 Query	/* GenTest::Transform::ExecuteAsSPTwice */ DROP PROCEDURE IF EXISTS stored_proc_3980 /* QNO 722 CON_ID 17 */
		    22 Query	SELECT * FROM transforms.view_4708_temptable /* TRANSFORM_OUTCOME_UNORDERED_MATCH */ /* QNO 735 CON_ID 22 */
		    22 Query	DROP VIEW transforms.view_4708_merge , transforms.view_4708_temptable /* QNO 736 CON_ID 22 */
		    22 Query	/* GenTest::Transform::ExecuteAsPreparedTwice */ PREPARE prep_stmt_4708 FROM ' SELECT * FROM performance_schema.`events_waits_history` AS table1 WHERE table1.`EVENT_ID` IN ( 4, 7, 8 ) HAVING table1.`OPERATION` <= 2 ORDER BY table1.`OBJECT_NAME` LIMIT 13 /* QNO 706 CON_ID 22 */ ' /* QNO 737 CON_ID 22 */
		    22 Prepare	SELECT * FROM performance_schema.`events_waits_history` AS table1 WHERE table1.`EVENT_ID` IN ( 4, 7, 8 ) HAVING table1.`OPERATION` <= 2 ORDER BY table1.`OBJECT_NAME` LIMIT 13 /* QNO 706 CON_ID 22 */
		    22 Query	EXECUTE prep_stmt_4708 /* TRANSFORM_OUTCOME_UNORDERED_MATCH */ /* QNO 738 CON_ID 22 */
		    22 Execute	SELECT * FROM performance_schema.`events_waits_history` AS table1 WHERE table1.`EVENT_ID` IN ( 4, 7, 8 ) HAVING table1.`OPERATION` <= 2 ORDER BY table1.`OBJECT_NAME` LIMIT 13 /* QNO 706 CON_ID 22 */
		    22 Query	EXECUTE prep_stmt_4708 /* TRANSFORM_OUTCOME_UNORDERED_MATCH */ /* QNO 739 CON_ID 22 */
		    22 Execute	SELECT * FROM performance_schema.`events_waits_history` AS table1 WHERE table1.`EVENT_ID` IN ( 4, 7, 8 ) HAVING table1.`OPERATION` <= 2 ORDER BY table1.`OBJECT_NAME` LIMIT 13 /* QNO 706 CON_ID 22 */
		    22 Query	DEALLOCATE PREPARE prep_stmt_4708 /* QNO 740 CON_ID 22 */
		    22 Query	/* GenTest::Transform::ExecuteAsSPTwice */ DROP PROCEDURE IF EXISTS stored_proc_4708 /* QNO 741 CON_ID 22 */
		    16 Query	CREATE OR REPLACE VIEW transforms.view_900_probe AS CREATE FUNCTION a ( q INTEGER, n INTEGER ) RETURNS INTEGER RETURN 1 /* QNO 749 CON_ID 16 */  /* QNO 750 CON_ID 16 */
		    22 Query	SHOW WARNINGS
		    17 Query	SHOW WARNINGS
		    17 Query	CREATE PROCEDURE stored_proc_3980 () LANGUAGE SQL  SELECT * FROM mysql.`help_relation` AS table1 WHERE ( ( ( table1.`help_topic_id` IN ( 7, 4, 1 ) AND table1.`help_keyword_id` > 'oq') AND table1.`help_topic_id` != table1.`help_topic_id`) AND table1.`help_topic_id` LIKE 'wait%') LIMIT 253 /* QNO 683 CON_ID 17 */  /* QNO 723 CON_ID 17 */
		    16 Query	GRANT ALL PRIVILEGES ON test.l TO 'someuser'@'somehost' /* QNO 751 CON_ID 16 */
		    22 Query	CREATE PROCEDURE stored_proc_4708 () LANGUAGE SQL  SELECT * FROM performance_schema.`events_waits_history` AS table1 WHERE table1.`EVENT_ID` IN ( 4, 7, 8 ) HAVING table1.`OPERATION` <= 2 ORDER BY table1.`OBJECT_NAME` LIMIT 13 /* QNO 706 CON_ID 22 */  /* QNO 742 CON_ID 22 */
		    16 Query	CREATE OR REPLACE VIEW transforms.view_900_probe AS GRANT ALL PRIVILEGES ON test.l TO 'someuser'@'somehost' /* QNO 751 CON_ID 16 */  /* QNO 752 CON_ID 16 */
		    16 Query	CREATE TRIGGER v BEFORE INSERT ON `view_t7` FOR EACH ROW BEGIN INSERT INTO `t7` SELECT * FROM `view_t7` LIMIT 0 ; END ; /* QNO 753 CON_ID 16 */
		    16 Query	DROP VIEW IF EXISTS v /* QNO 754 CON_ID 16 */
		    16 Query	SHOW WARNINGS
		    16 Query	DROP VIEW IF EXISTS t /* QNO 755 CON_ID 16 */
		    16 Query	SHOW WARNINGS
		    16 Query	REVOKE ALL PRIVILEGES ON test.v FROM 'someuser'@'somehost' /* QNO 756 CON_ID 16 */
		    16 Query	CREATE OR REPLACE VIEW transforms.view_900_probe AS REVOKE ALL PRIVILEGES ON test.v FROM 'someuser'@'somehost' /* QNO 756 CON_ID 16 */  /* QNO 757 CON_ID 16 */
		    16 Query	ALTER TABLE `view_t7` DROP KEY m /* QNO 758 CON_ID 16 */
		    16 Query	ALTER TABLE `view_t8` ADD KEY ( v ) /* QNO 759 CON_ID 16 */
		    16 Query	CREATE OR REPLACE VIEW m AS SELECT * FROM `t1` /* QNO 760 CON_ID 16 */
		    18 Query	DROP VIEW transforms.view_4904_probe /* QNO 442 CON_ID 18 */
		    21 Query	XA PREPARE 'non_idle_xid'  /* QNO 748 CON_ID 21 */
		    18 Query	/* GenTest::Transform::ExecuteAsView */ CREATE DATABASE IF NOT EXISTS transforms /* QNO 443 CON_ID 18 */
		    20 Query	(  SELECT * FROM mysql.`gtid_slave_pos` AS table1 WHERE ( table1.`seq_no` LIKE 'wait/synch%' OR table1.`server_id` LIKE 'wait/io%') ORDER BY table1.`sub_id` LIMIT 198 /* QNO 845 CON_ID 20 */  ) EXCEPT (  SELECT * FROM mysql.`gtid_slave_pos` AS table1 WHERE ( table1.`seq_no` LIKE 'wait/synch%' OR table1.`server_id` LIKE 'wait/io%') ORDER BY table1.`sub_id` LIMIT 198 /* QNO 845 CON_ID 20 */  ) /* TRANSFORM_OUTCOME_EMPTY_RESULT */ /* QNO 852 CON_ID 20 */
		    18 Query	SHOW WARNINGS
		    20 Query	/* GenTest::Transform::ExecuteAsExecuteImmediate */ EXECUTE IMMEDIATE ' SELECT * FROM mysql.`gtid_slave_pos` AS table1 WHERE ( table1.`seq_no` LIKE \'wait/synch%\' OR table1.`server_id` LIKE \'wait/io%\') ORDER BY table1.`sub_id` LIMIT 198 /* QNO 845 CON_ID 20 */ ' /* TRANSFORM_OUTCOME_UNORDERED_MATCH */ /* QNO 853 CON_ID 20 */
		    20 Prepare	SELECT * FROM mysql.`gtid_slave_pos` AS table1 WHERE ( table1.`seq_no` LIKE 'wait/synch%' OR table1.`server_id` LIKE 'wait/io%') ORDER BY table1.`sub_id` LIMIT 198 /* QNO 845 CON_ID 20 */
		    20 Execute	SELECT * FROM mysql.`gtid_slave_pos` AS table1 WHERE ( table1.`seq_no` LIKE 'wait/synch%' OR table1.`server_id` LIKE 'wait/io%') ORDER BY table1.`sub_id` LIMIT 198 /* QNO 845 CON_ID 20 */
		    21 Query	SELECT * from `view_t5` WHERE row_end != @trx /* QNO 749 CON_ID 21 */
		    18 Query	DROP VIEW IF EXISTS transforms.view_4904_merge , transforms.view_4904_temptable /* QNO 444 CON_ID 18 */
		    20 Query	/* GenTest::Transform::ExecuteAsInsertSelect */ CREATE DATABASE IF NOT EXISTS transforms /* QNO 854 CON_ID 20 */
		    18 Query	SHOW WARNINGS
		    20 Query	SHOW WARNINGS
		    18 Query	CREATE OR REPLACE ALGORITHM=MERGE VIEW transforms.view_4904_merge AS  SELECT * FROM performance_schema.`performance_timers` AS table1 LIMIT 255 /* QNO 415 CON_ID 18 */  /* QNO 445 CON_ID 18 */
		    20 Query	DROP TABLE IF EXISTS transforms.insert_select_1000 /* QNO 855 CON_ID 20 */
		    21 Query	LOCK TABLE seq1 WRITE, seq7 WRITE /* QNO 750 CON_ID 21 */
		    20 Query	SHOW WARNINGS
		    20 Query	CREATE TABLE transforms.insert_select_1000  SELECT * FROM mysql.`gtid_slave_pos` AS table1 WHERE ( table1.`seq_no` LIKE 'wait/synch%' OR table1.`server_id` LIKE 'wait/io%') ORDER BY table1.`sub_id` LIMIT 198 /* QNO 845 CON_ID 20 */  /* QNO 856 CON_ID 20 */
		    16 Query	/* GenTest::Transform::ExecuteAsCTE */  CREATE OR REPLACE VIEW m AS WITH cte1 AS ( SELECT * FROM `t1` /* QNO 760 CON_ID 16 */ ) SELECT * FROM cte1  /* TRANSFORM_OUTCOME_UNORDERED_MATCH */ /* QNO 761 CON_ID 16 */
		    21 Query	TRUNCATE TABLE performance_schema.events_waits_summary_by_event_name /* QNO 751 CON_ID 21 */
		    22 Query	CALL stored_proc_4708 /* TRANSFORM_OUTCOME_UNORDERED_MATCH */ /* QNO 743 CON_ID 22 */
		    22 Query	CALL stored_proc_4708 /* TRANSFORM_OUTCOME_UNORDERED_MATCH */ /* QNO 744 CON_ID 22 */
		    22 Query	DROP PROCEDURE IF EXISTS stored_proc_4708 /* QNO 745 CON_ID 22 */
		    21 Query	XA RECOVER /* QNO 752 CON_ID 21 */
		    21 Query	CREATE OR REPLACE VIEW transforms.view_4888_probe AS XA RECOVER /* QNO 752 CON_ID 21 */  /* QNO 753 CON_ID 21 */
		    18 Query	SHOW WARNINGS
		    17 Query	CALL stored_proc_3980 /* TRANSFORM_OUTCOME_UNORDERED_MATCH */ /* QNO 724 CON_ID 17 */
		    22 Query	DELETE FROM `events_statements_summary_by_digest` WHERE `SUM_SORT_SCAN` >= 4 LIMIT 8 /* QNO 746 CON_ID 22 */
		    21 Query	SHOW ENGINE PERFORMANCE_SCHEMA STATUS /* QNO 754 CON_ID 21 */
		    21 Query	CREATE OR REPLACE VIEW transforms.view_4888_probe AS SHOW ENGINE PERFORMANCE_SCHEMA STATUS /* QNO 754 CON_ID 21 */  /* QNO 755 CON_ID 21 */
		    21 Query	TRUNCATE TABLE performance_schema.events_waits_history_long /* QNO 756 CON_ID 21 */
		    21 Query	CREATE OR REPLACE VIEW transforms.view_4888_probe AS TRUNCATE TABLE performance_schema.events_waits_history_long /* QNO 756 CON_ID 21 */  /* QNO 757 CON_ID 21 */
		    21 Query	SELECT * FROM mysql.`proc` AS table1 HAVING NOT table1.`created` > '2029-07-03 20:55:14.027102' ORDER BY table1.`type`, table1.`body_utf8`, table1.`sql_data_access`, table1.`collation_connection` LIMIT 162 /* QNO 758 CON_ID 21 */
		    21 Query	/* GenTest::Transform::ExecuteAsCTE */  WITH cte1 AS ( SELECT * FROM mysql.`proc` AS table1 HAVING NOT table1.`created` > '2029-07-03 20:55:14.027102' ORDER BY table1.`type`, table1.`body_utf8`, table1.`sql_data_access`, table1.`collation_connection` LIMIT 162 /* QNO 758 CON_ID 21 */ ) SELECT * FROM cte1  /* TRANSFORM_OUTCOME_UNORDERED_MATCH */ /* QNO 759 CON_ID 21 */
		    21 Query	/* GenTest::Transform::ExecuteAsExcept */ (  SELECT * FROM mysql.`proc` AS table1 HAVING NOT table1.`created` > '2029-07-03 20:55:14.027102' ORDER BY table1.`type`, table1.`body_utf8`, table1.`sql_data_access`, table1.`collation_connection` LIMIT 162 /* QNO 758 CON_ID 21 */  ) EXCEPT (  SELECT * FROM mysql.`proc` AS table1 HAVING NOT table1.`created` > '2029-07-03 20:55:14.027102' ORDER BY table1.`type`, table1.`body_utf8`, table1.`sql_data_access`, table1.`collation_connection` LIMIT 0 /* QNO 758 CON_ID 21 */  ) /* TRANSFORM_OUTCOME_DISTINCT */ /* QNO 760 CON_ID 21 */
