		    22 Query	CREATE OR REPLACE VIEW transforms.view_4708_probe AS  SELECT * FROM INFORMATION_SCHEMA.`ALL_PLUGINS` AS table1 WHERE (NOT (NOT table1.`PLUGIN_TYPE_VERSION` LIKE 'wait/synch/cond%' OR table1.`PLUGIN_MATURITY` != table1.`PLUGIN_TYPE`) OR table1.`PLUGIN_AUTH_VERSION` LIKE 'wait/synch%') HAVING ( ( table1.`PLUGIN_AUTH_VERSION` <> 5 OR table1.`LOAD_OPTION` = 'bx') OR table1.`PLUGIN_LIBRARY_VERSION` > 'xg') LIMIT 25 /* QNO 359 CON_ID 22 */  /* QNO 372 CON_ID 22 */
		    22 Query	/* GenTest::Transform::ExecuteAsPreparedTwice */ PREPARE prep_stmt_4708 FROM ' SELECT * FROM INFORMATION_SCHEMA.`ALL_PLUGINS` AS table1 WHERE (NOT (NOT table1.`PLUGIN_TYPE_VERSION` LIKE \'wait/synch/cond%\' OR table1.`PLUGIN_MATURITY` != table1.`PLUGIN_TYPE`) OR table1.`PLUGIN_AUTH_VERSION` LIKE \'wait/synch%\') HAVING ( ( table1.`PLUGIN_AUTH_VERSION` <> 5 OR table1.`LOAD_OPTION` = \'bx\') OR table1.`PLUGIN_LIBRARY_VERSION` > \'xg\') LIMIT 25 /* QNO 359 CON_ID 22 */ ' /* QNO 373 CON_ID 22 */
		    22 Prepare	SELECT * FROM INFORMATION_SCHEMA.`ALL_PLUGINS` AS table1 WHERE (NOT (NOT table1.`PLUGIN_TYPE_VERSION` LIKE 'wait/synch/cond%' OR table1.`PLUGIN_MATURITY` != table1.`PLUGIN_TYPE`) OR table1.`PLUGIN_AUTH_VERSION` LIKE 'wait/synch%') HAVING ( ( table1.`PLUGIN_AUTH_VERSION` <> 5 OR table1.`LOAD_OPTION` = 'bx') OR table1.`PLUGIN_LIBRARY_VERSION` > 'xg') LIMIT 25 /* QNO 359 CON_ID 22 */
		    22 Query	EXECUTE prep_stmt_4708 /* TRANSFORM_OUTCOME_UNORDERED_MATCH */ /* QNO 374 CON_ID 22 */
		    22 Execute	SELECT * FROM INFORMATION_SCHEMA.`ALL_PLUGINS` AS table1 WHERE (NOT (NOT table1.`PLUGIN_TYPE_VERSION` LIKE 'wait/synch/cond%' OR table1.`PLUGIN_MATURITY` != table1.`PLUGIN_TYPE`) OR table1.`PLUGIN_AUTH_VERSION` LIKE 'wait/synch%') HAVING ( ( table1.`PLUGIN_AUTH_VERSION` <> 5 OR table1.`LOAD_OPTION` = 'bx') OR table1.`PLUGIN_LIBRARY_VERSION` > 'xg') LIMIT 25 /* QNO 359 CON_ID 22 */
		    22 Query	EXECUTE prep_stmt_4708 /* TRANSFORM_OUTCOME_UNORDERED_MATCH */ /* QNO 375 CON_ID 22 */
		    21 Query	CALL stored_proc_4888 /* TRANSFORM_OUTCOME_UNORDERED_MATCH */ /* QNO 222 CON_ID 21 */
		    21 Query	DROP PROCEDURE IF EXISTS stored_proc_4888 /* QNO 223 CON_ID 21 */
		    22 Execute	SELECT * FROM INFORMATION_SCHEMA.`ALL_PLUGINS` AS table1 WHERE (NOT (NOT table1.`PLUGIN_TYPE_VERSION` LIKE 'wait/synch/cond%' OR table1.`PLUGIN_MATURITY` != table1.`PLUGIN_TYPE`) OR table1.`PLUGIN_AUTH_VERSION` LIKE 'wait/synch%') HAVING ( ( table1.`PLUGIN_AUTH_VERSION` <> 5 OR table1.`LOAD_OPTION` = 'bx') OR table1.`PLUGIN_LIBRARY_VERSION` > 'xg') LIMIT 25 /* QNO 359 CON_ID 22 */
		    22 Query	DEALLOCATE PREPARE prep_stmt_4708 /* QNO 376 CON_ID 22 */
		    22 Query	/* GenTest::Transform::ExecuteAsSPTwice */ DROP PROCEDURE IF EXISTS stored_proc_4708 /* QNO 377 CON_ID 22 */
		    22 Query	SELECT * FROM `INNODB_TRX` INTO OUTFILE 'load_INNODB_TRX'  /* QNO 378 CON_ID 22 */
		    22 Query	LOAD DATA INFILE 'load_INNODB_TRX' IGNORE INTO TABLE INNODB_TRX /* QNO 379 CON_ID 22 */
		    22 Query	UPDATE `COLLATION_CHARACTER_SET_APPLICABILITY` SET `CHARACTER_SET_NAME` = 2 WHERE `CHARACTER_SET_NAME` != '1989-01-19 14:49:10.035691' /* QNO 380 CON_ID 22 */
		    22 Query	SET STATEMENT system_versioning_alter_history=KEEP FOR ALTER TABLE t5 REMOVE PARTITIONING /* QNO 381 CON_ID 22 */
		    22 Query	SHOW ENGINE PERFORMANCE_SCHEMA STATUS /* QNO 382 CON_ID 22 */
		    22 Query	CREATE OR REPLACE VIEW transforms.view_4708_probe AS SHOW ENGINE PERFORMANCE_SCHEMA STATUS /* QNO 382 CON_ID 22 */  /* QNO 383 CON_ID 22 */
		    22 Query	SET STATEMENT system_versioning_alter_history=KEEP FOR ALTER TABLE t3 DROP PARTITION IF EXISTS ver_p3 /* QNO 384 CON_ID 22 */
		    22 Query	SELECT * FROM mysql.`innodb_table_stats` AS table1 WHERE ( ( ( ( ( ( (NOT (NOT table1.`last_update` LIKE 'wait/synch/rwlock%' AND table1.`sum_of_other_index_sizes` IN ( 3, 8, 3 )) OR table1.`last_update` >= '2018-10-18 04:23:53.056659') OR table1.`clustered_index_size` >= '1979-07-25 17:55:17.051724') OR table1.`database_name` != table1.`database_name`) OR table1.`sum_of_other_index_sizes` IN ( 9, 2, 6 )) AND table1.`database_name` IN ( 3, 5, 0 )) OR table1.`n_rows` LIKE '%mysys%') AND table1.`last_update` >= '2021-01-17 11:08:29.020353') ORDER BY table1.`database_name` LIMIT 101 /* QNO 385 CON_ID 22 */
		    22 Query	SHOW WARNINGS
		    22 Query	XA END 'xid76'  /* QNO 386 CON_ID 22 */
		    22 Query	CREATE OR REPLACE VIEW transforms.view_4708_probe AS XA END 'xid76'  /* QNO 386 CON_ID 22 */  /* QNO 387 CON_ID 22 */
		    22 Query	XA PREPARE 'xid76'  /* QNO 388 CON_ID 22 */
		    22 Query	CREATE OR REPLACE VIEW transforms.view_4708_probe AS XA PREPARE 'xid76'  /* QNO 388 CON_ID 22 */  /* QNO 389 CON_ID 22 */
		    22 Query	CREATE OR REPLACE SEQUENCE seq9 NOMINVALUE NO MAXVALUE  /* QNO 390 CON_ID 22 */
		    22 Query	RENAME TABLE seq5 TO seq7, seq3 TO seq8, seq10 TO seq5, seq1 TO seq7, seq5 TO seq7 /* QNO 391 CON_ID 22 */
		    22 Query	ALTER ONLINE TABLE t3 DROP COLUMN IF EXISTS scol5, ALGORITHM=COPY  /* QNO 392 CON_ID 22 */
		    22 Query	INSERT INTO `servers` ( `pk` ) VALUES (NULL) /* QNO 393 CON_ID 22 */
		    22 Query	SHOW ENGINE PERFORMANCE_SCHEMA STATUS /* QNO 394 CON_ID 22 */
		    22 Query	CREATE OR REPLACE VIEW transforms.view_4708_probe AS SHOW ENGINE PERFORMANCE_SCHEMA STATUS /* QNO 394 CON_ID 22 */  /* QNO 395 CON_ID 22 */
		    22 Query	INSERT INTO `db` ( `pk` ) VALUES (NULL) /* QNO 396 CON_ID 22 */
		    22 Query	INSERT INTO `proxies_priv` ( `pk` ) VALUES (NULL) /* QNO 397 CON_ID 22 */
		    22 Query	SELECT * FROM test.`view_t6` AS table1 WHERE ( ( ( table1.`vcol_enum` <> 'g' AND table1.`vcol_time` IN ( 6, 4, 9 )) AND table1.`pk` LIKE '%mysys%') AND table1.`col_timestamp` IN ( 2, 7, 3 )) HAVING (table1.`col_blob` > 6 IS NOT NULL OR table1.`col_enum` < 4) LIMIT 72 /* QNO 398 CON_ID 22 */
		    22 Query	SELECT * from t10 FOR system_time ALL /* QNO 399 CON_ID 22 */
		    22 Query	OPTIMIZE TABLE t10 /* QNO 400 CON_ID 22 */
		    22 Query	ALTER TABLE t7 CHANGE COLUMN scol7 ncol8 FLOAT NULL /*!100201 CHECK (`col_varchar` != 5) */, LOCK=SHARED, DROP PRIMARY KEY, ADD KEY(tcol6, scol3(9316), ncol6)  /* QNO 401 CON_ID 22 */
		    22 Query	TRUNCATE TABLE performance_schema.events_waits_summary_by_event_name /* QNO 402 CON_ID 22 */
		    22 Query	XA COMMIT 'xid76'  /* QNO 403 CON_ID 22 */
		    22 Query	CREATE OR REPLACE VIEW transforms.view_4708_probe AS XA COMMIT 'xid76'  /* QNO 403 CON_ID 22 */  /* QNO 404 CON_ID 22 */
		    22 Query	SELECT * from t6 WHERE row_start >= @trx /* QNO 405 CON_ID 22 */
		    22 Query	DELETE FROM `t9` WHERE `vcol_dec` < 9 LIMIT 4 /* QNO 406 CON_ID 22 */
		    22 Query	SELECT * FROM test.`t4` AS table1 ORDER BY table1.`col_char`, table1.`col_varchar` LIMIT 232 /* QNO 407 CON_ID 22 */
		    22 Query	SELECT * FROM performance_schema.`table_lock_waits_summary_by_table` AS table1 WHERE NOT ( ( table1.`OBJECT_SCHEMA` LIKE 'wait/synch/mutex/%' AND table1.`SUM_TIMER_WRITE_ALLOW_WRITE` LIKE 'wait/synch%') OR table1.`AVG_TIMER_WRITE_NORMAL` LIKE 'wait/synch/cond%') HAVING table1.`MIN_TIMER_READ_EXTERNAL` > 'e' IS NULL ORDER BY table1.`OBJECT_TYPE` LIMIT 137 /* QNO 408 CON_ID 22 */
		    22 Query	SHOW WARNINGS
		    22 Query	UPDATE `events_waits_summary_by_instance` SET `MIN_TIMER_WAIT` = 'y' WHERE `OBJECT_INSTANCE_BEGIN` = 'e' /* QNO 409 CON_ID 22 */
		    22 Query	SELECT * from t5 WHERE row_start IN (SELECT row_end FROM t9) /* QNO 410 CON_ID 22 */
		    22 Query	SELECT * FROM (performance_schema.`table_io_waits_summary_by_index_usage` AS table1 STRAIGHT_JOIN test.`view_t6` AS table2 ON ( table2.`vcol_datetime` = table1.`MAX_TIMER_DELETE` ) ) WHERE ( (NOT table1.`AVG_TIMER_WRITE` IN ( 3, 4, 2 ) AND table2.`col_timestamp` != '2017-11-04 10:36:42.025652') OR table1.`MIN_TIMER_FETCH` < 'li') ORDER BY table2.`vcol_blob` LIMIT 146 /* QNO 411 CON_ID 22 */
		    22 Query	SHOW ENGINE PERFORMANCE_SCHEMA STATUS /* QNO 412 CON_ID 22 */
		    22 Query	CREATE OR REPLACE VIEW transforms.view_4708_probe AS SHOW ENGINE PERFORMANCE_SCHEMA STATUS /* QNO 412 CON_ID 22 */  /* QNO 413 CON_ID 22 */
		    22 Query	SELECT * FROM `view_t1` INTO OUTFILE 'load_view_t1'  /* QNO 414 CON_ID 22 */
		    22 Query	LOAD DATA INFILE 'load_view_t1' REPLACE INTO TABLE view_t1 /* QNO 415 CON_ID 22 */
		    22 Query	TRUNCATE TABLE performance_schema.events_waits_current /* QNO 416 CON_ID 22 */
		    22 Query	CREATE OR REPLACE VIEW transforms.view_4708_probe AS TRUNCATE TABLE performance_schema.events_waits_current /* QNO 416 CON_ID 22 */  /* QNO 417 CON_ID 22 */
		    22 Query	DELETE FROM `view_t1` WHERE `pk` != 'i' LIMIT 8 /* QNO 418 CON_ID 22 */
		    22 Query	UPDATE performance_schema.setup_instruments SET ENABLED = 'NO' ORDER BY RAND() LIMIT 2 /* QNO 419 CON_ID 22 */
		    22 Query	CREATE OR REPLACE VIEW transforms.view_4708_probe AS UPDATE performance_schema.setup_instruments SET ENABLED = 'NO' ORDER BY RAND() LIMIT 2 /* QNO 419 CON_ID 22 */  /* QNO 420 CON_ID 22 */
		    22 Query	UPDATE performance_schema.setup_instruments SET TIMED = 'YES' ORDER BY RAND() LIMIT 2 /* QNO 421 CON_ID 22 */
		    22 Query	CREATE OR REPLACE VIEW transforms.view_4708_probe AS UPDATE performance_schema.setup_instruments SET TIMED = 'YES' ORDER BY RAND() LIMIT 2 /* QNO 421 CON_ID 22 */  /* QNO 422 CON_ID 22 */
		    22 Query	SET STATEMENT `sql_mode`=ORACLE FOR SELECT seq6.currval /* QNO 423 CON_ID 22 */
		    22 Query	DELETE FROM `view_t2` WHERE `col_timestamp` < '2009-08-09 13:39:07.001606' LIMIT 3 /* QNO 424 CON_ID 22 */
		    22 Query	UNLOCK TABLES /* QNO 425 CON_ID 22 */
		    22 Query	CREATE OR REPLACE VIEW transforms.view_4708_probe AS UNLOCK TABLES /* QNO 425 CON_ID 22 */  /* QNO 426 CON_ID 22 */
		    22 Query	XA END 'inactive_xid'  /* QNO 427 CON_ID 22 */
		    22 Query	DELETE FROM `view_t5` WHERE `vcol_int` <> 'x' LIMIT 0 /* QNO 428 CON_ID 22 */
		    22 Query	SELECT * FROM `view_t3` INTO OUTFILE 'load_view_t3'  /* QNO 429 CON_ID 22 */
		    22 Query	LOAD DATA INFILE 'load_view_t3' IGNORE INTO TABLE view_t3 /* QNO 430 CON_ID 22 */
		    22 Query	SELECT * FROM `view_t7` INTO OUTFILE 'load_view_t7'  /* QNO 431 CON_ID 22 */
		    22 Query	LOAD DATA INFILE 'load_view_t7' IGNORE INTO TABLE view_t7 /* QNO 432 CON_ID 22 */
		    22 Query	SELECT * FROM `t4` INTO OUTFILE 'load_t4'  /* QNO 433 CON_ID 22 */
		    16 Query	DROP PROCEDURE IF EXISTS stored_proc_900 /* QNO 245 CON_ID 16 */
		    18 Query	CREATE TABLE transforms.delete_returning_4904  SELECT * FROM (INFORMATION_SCHEMA.`INNODB_LOCKS` AS table1 INNER JOIN performance_schema.`users` AS table2 ON ( table2.`USER` = table1.`lock_id` ) ) WHERE table1.`lock_type` LIKE '%sql%' HAVING table2.`USER` != 'h' ORDER BY table2.`TOTAL_CONNECTIONS`, table1.`lock_trx_id`, table2.`CURRENT_CONNECTIONS` LIMIT 48 /* QNO 268 CON_ID 18 */  /* QNO 272 CON_ID 18 */
		    20 Query	DROP VIEW transforms.view_1000_probe /* QNO 250 CON_ID 20 */
		    17 Query	DELETE FROM transforms.delete_returning_3980 RETURNING `Host`,`Db`,`User`,`Select_priv`,`Insert_priv`,`Update_priv`,`Delete_priv`,`Create_priv`,`Drop_priv`,`Grant_priv`,`References_priv`,`Index_priv`,`Alter_priv`,`Create_tmp_table_priv`,`Lock_tables_priv`,`Create_view_priv`,`Show_view_priv`,`Create_routine_priv`,`Alter_routine_priv`,`Execute_priv`,`Event_priv`,`Trigger_priv`,`Delete_history_priv` /* TRANSFORM_OUTCOME_UNORDERED_MATCH */ /* QNO 437 CON_ID 17 */
		    16 Query	DROP EVENT d /* QNO 246 CON_ID 16 */
		    21 Query	SHOW CREATE SEQUENCE seq2 /* QNO 224 CON_ID 21 */
		    22 Query	LOAD DATA INFILE 'load_t4' REPLACE INTO TABLE t4 /* QNO 434 CON_ID 22 */
		    20 Query	/* GenTest::Transform::ExecuteAsView */ CREATE DATABASE IF NOT EXISTS transforms /* QNO 251 CON_ID 20 */
		    22 Query	SELECT * from t5 WHERE row_end IN (SELECT row_start FROM t10) /* QNO 435 CON_ID 22 */
		    21 Query	ALTER TABLE `accounts` DROP PRIMARY KEY /* QNO 225 CON_ID 21 */
		    22 Query	INSERT INTO `view_t9` (vcol6) VALUES (0),('f') /* QNO 436 CON_ID 22 */
		    22 Query	XA START 'xid126'  /* QNO 437 CON_ID 22 */
		    22 Query	CREATE OR REPLACE VIEW transforms.view_4708_probe AS XA START 'xid126'  /* QNO 437 CON_ID 22 */  /* QNO 438 CON_ID 22 */
		    21 Query	SELECT * FROM performance_schema.`events_statements_summary_by_thread_by_event_name` AS table1 WHERE ( table1.`SUM_ROWS_AFFECTED` LIKE 'wait/synch/mutex/%' OR table1.`SUM_NO_GOOD_INDEX_USED` <> table1.`SUM_NO_GOOD_INDEX_USED`) ORDER BY table1.`SUM_TIMER_WAIT` LIMIT 196 /* QNO 226 CON_ID 21 */
		    22 Query	SET STATEMENT `sql_mode`=ORACLE FOR SELECT seq3.currval /* QNO 439 CON_ID 22 */
		    21 Query	/* GenTest::Transform::ExecuteAsCTE */  WITH cte1 AS ( SELECT * FROM performance_schema.`events_statements_summary_by_thread_by_event_name` AS table1 WHERE( table1.`SUM_ROWS_AFFECTED` LIKE 'wait/synch/mutex/%' OR table1.`SUM_NO_GOOD_INDEX_USED` <> table1.`SUM_NO_GOOD_INDEX_USED`) ORDER BY table1.`SUM_TIMER_WAIT` LIMIT 196 /* QNO 226 CON_ID 21 */ ) SELECT * FROM cte1  /* TRANSFORM_OUTCOME_UNORDERED_MATCH */ /* QNO 227 CON_ID 21 */
		    16 Query	REVOKE ALL PRIVILEGES ON t.* FROM 'someuser'@'somehost' /* QNO 247 CON_ID 16 */
		    17 Query	/* GenTest::Transform::ExecuteAsExcept */ (  SELECT * FROM mysql.`db` AS table1 HAVING table1.`Event_priv` < 9 LIMIT 178 /* QNO 432 CON_ID 17 */  ) EXCEPT (  SELECT * FROM mysql.`db` AS table1 HAVING table1.`Event_priv` < 9 LIMIT 0 /* QNO 432 CON_ID 17 */  ) /* TRANSFORM_OUTCOME_DISTINCT */ /* QNO 438 CON_ID 17 */
		    17 Query	(  SELECT * FROM mysql.`db` AS table1 HAVING table1.`Event_priv` < 9 LIMIT 178 /* QNO 432 CON_ID 17 */  ) EXCEPT (  SELECT * FROM mysql.`db` AS table1 HAVING table1.`Event_priv` < 9 LIMIT 178 /* QNO 432 CON_ID 17 */  ) /* TRANSFORM_OUTCOME_EMPTY_RESULT */ /* QNO 439 CON_ID 17 */
		    17 Query	/* GenTest::Transform::ExecuteAsExecuteImmediate */ EXECUTE IMMEDIATE ' SELECT * FROM mysql.`db` AS table1 HAVING table1.`Event_priv` < 9 LIMIT 178 /* QNO 432 CON_ID 17 */ ' /* TRANSFORM_OUTCOME_UNORDERED_MATCH */ /* QNO 440 CON_ID 17 */
		    17 Prepare	SELECT * FROM mysql.`db` AS table1 HAVING table1.`Event_priv` < 9 LIMIT 178 /* QNO 432 CON_ID 17 */
		    17 Execute	SELECT * FROM mysql.`db` AS table1 HAVING table1.`Event_priv` < 9 LIMIT 178 /* QNO 432 CON_ID 17 */
		    17 Query	/* GenTest::Transform::ExecuteAsInsertSelect */ CREATE DATABASE IF NOT EXISTS transforms /* QNO 441 CON_ID 17 */
		    21 Query	/* GenTest::Transform::ExecuteAsExcept */ (  SELECT * FROM performance_schema.`events_statements_summary_by_thread_by_event_name` AS table1 WHERE ( table1.`SUM_ROWS_AFFECTED` LIKE 'wait/synch/mutex/%' OR table1.`SUM_NO_GOOD_INDEX_USED` <> table1.`SUM_NO_GOOD_INDEX_USED`) ORDER BY table1.`SUM_TIMER_WAIT` LIMIT 196 /* QNO 226 CON_ID 21 */  ) EXCEPT (  SELECT * FROM performance_schema.`events_statements_summary_by_thread_by_event_name` AS table1 WHERE ( table1.`SUM_ROWS_AFFECTED` LIKE 'wait/synch/mutex/%' OR table1.`SUM_NO_GOOD_INDEX_USED` <> table1.`SUM_NO_GOOD_INDEX_USED`) ORDER BY table1.`SUM_TIMER_WAIT` LIMIT 0 /* QNO 226 CON_ID 21 */  ) /* TRANSFORM_OUTCOME_DISTINCT */ /* QNO 228 CON_ID 21 */
		    16 Query	GRANT ALL PRIVILEGES ON test.d TO 'someuser'@'somehost' /* QNO 248 CON_ID 16 */
		    16 Query	CREATE OR REPLACE VIEW transforms.view_900_probe AS GRANT ALL PRIVILEGES ON test.d TO 'someuser'@'somehost' /* QNO 248 CON_ID 16 */  /* QNO 249 CON_ID 16 */
		    21 Query	(  SELECT * FROM performance_schema.`events_statements_summary_by_thread_by_event_name` AS table1 WHERE ( table1.`SUM_ROWS_AFFECTED` LIKE 'wait/synch/mutex/%' OR table1.`SUM_NO_GOOD_INDEX_USED` <> table1.`SUM_NO_GOOD_INDEX_USED`) ORDER BY table1.`SUM_TIMER_WAIT` LIMIT 196 /* QNO 226 CON_ID 21 */  ) EXCEPT (  SELECT * FROM performance_schema.`events_statements_summary_by_thread_by_event_name` AS table1 WHERE ( table1.`SUM_ROWS_AFFECTED` LIKE 'wait/synch/mutex/%' OR table1.`SUM_NO_GOOD_INDEX_USED` <> table1.`SUM_NO_GOOD_INDEX_USED`) ORDER BY table1.`SUM_TIMER_WAIT` LIMIT 196 /* QNO 226 CON_ID 21 */  ) /* TRANSFORM_OUTCOME_EMPTY_RESULT */ /* QNO 229 CON_ID 21 */
		    17 Query	SHOW WARNINGS
		    17 Query	DROP TABLE IF EXISTS transforms.insert_select_3980 /* QNO 442 CON_ID 17 */
		    17 Query	SHOW WARNINGS
		    17 Query	CREATE TABLE transforms.insert_select_3980  SELECT * FROM mysql.`db` AS table1 HAVING table1.`Event_priv` < 9 LIMIT 178 /* QNO 432 CON_ID 17 */  /* QNO 443 CON_ID 17 */
		    16 Query	REVOKE SHUTDOWN, SUPER ON *.* FROM 'someuser'@'somehost' /* QNO 250 CON_ID 16 */
		    18 Query	DELETE FROM transforms.delete_returning_4904 RETURNING `lock_id`,`lock_trx_id`,`lock_mode`,`lock_type`,`lock_table`,`lock_index`,`lock_space`,`lock_page`,`lock_rec`,`lock_data`,`USER`,`CURRENT_CONNECTIONS`,`TOTAL_CONNECTIONS` /* TRANSFORM_OUTCOME_UNORDERED_MATCH */ /* QNO 273 CON_ID 18 */
		    18 Query	/* GenTest::Transform::ExecuteAsExcept */ (  SELECT * FROM (INFORMATION_SCHEMA.`INNODB_LOCKS` AS table1 INNER JOIN performance_schema.`users` AS table2 ON ( table2.`USER` = table1.`lock_id` ) ) WHERE table1.`lock_type` LIKE '%sql%' HAVING table2.`USER` != 'h' ORDER BY table2.`TOTAL_CONNECTIONS`, table1.`lock_trx_id`, table2.`CURRENT_CONNECTIONS` LIMIT 48 /* QNO 268 CON_ID 18 */  ) EXCEPT (  SELECT * FROM (INFORMATION_SCHEMA.`INNODB_LOCKS` AS table1 INNER JOIN performance_schema.`users` AS table2 ON ( table2.`USER` = table1.`lock_id` ) ) WHERE table1.`lock_type` LIKE '%sql%' HAVING table2.`USER` != 'h' ORDER BY table2.`TOTAL_CONNECTIONS`, table1.`lock_trx_id`, table2.`CURRENT_CONNECTIONS` LIMIT 0 /* QNO 268 CON_ID 18 */  ) /* TRANSFORM_OUTCOME_DISTINCT */ /* QNO 274 CON_ID 18 */
		    18 Query	(  SELECT * FROM (INFORMATION_SCHEMA.`INNODB_LOCKS` AS table1 INNER JOIN performance_schema.`users` AS table2 ON ( table2.`USER` = table1.`lock_id` ) ) WHERE table1.`lock_type` LIKE '%sql%' HAVING table2.`USER` != 'h' ORDER BY table2.`TOTAL_CONNECTIONS`, table1.`lock_trx_id`, table2.`CURRENT_CONNECTIONS` LIMIT 48 /* QNO 268 CON_ID 18 */  ) EXCEPT (  SELECT * FROM (INFORMATION_SCHEMA.`INNODB_LOCKS` AS table1 INNER JOIN performance_schema.`users` AS table2 ON ( table2.`USER` = table1.`lock_id` ) ) WHERE table1.`lock_type` LIKE '%sql%' HAVING table2.`USER` != 'h' ORDER BY table2.`TOTAL_CONNECTIONS`, table1.`lock_trx_id`, table2.`CURRENT_CONNECTIONS` LIMIT 48 /* QNO 268 CON_ID 18 */  ) /* TRANSFORM_OUTCOME_EMPTY_RESULT */ /* QNO 275 CON_ID 18 */
		    18 Query	/* GenTest::Transform::ExecuteAsExecuteImmediate */ EXECUTE IMMEDIATE ' SELECT * FROM (INFORMATION_SCHEMA.`INNODB_LOCKS` AS table1 INNER JOIN performance_schema.`users` AS table2 ON ( table2.`USER` = table1.`lock_id` ) ) WHERE table1.`lock_type` LIKE \'%sql%\' HAVING table2.`USER` != \'h\' ORDER BY table2.`TOTAL_CONNECTIONS`, table1.`lock_trx_id`, table2.`CURRENT_CONNECTIONS` LIMIT 48 /* QNO 268 CON_ID 18 */ ' /* TRANSFORM_OUTCOME_UNORDERED_MATCH */ /* QNO 276 CON_ID 18 */
		    18 Prepare	SELECT * FROM (INFORMATION_SCHEMA.`INNODB_LOCKS` AS table1 INNER JOIN performance_schema.`users` AS table2 ON ( table2.`USER` = table1.`lock_id` ) ) WHERE table1.`lock_type` LIKE '%sql%' HAVING table2.`USER` != 'h' ORDER BY table2.`TOTAL_CONNECTIONS`, table1.`lock_trx_id`, table2.`CURRENT_CONNECTIONS` LIMIT 48 /* QNO 268 CON_ID 18 */
		    18 Execute	SELECT * FROM (INFORMATION_SCHEMA.`INNODB_LOCKS` AS table1 INNER JOIN performance_schema.`users` AS table2 ON ( table2.`USER` = table1.`lock_id` ) ) WHERE table1.`lock_type` LIKE '%sql%' HAVING table2.`USER` != 'h' ORDER BY table2.`TOTAL_CONNECTIONS`, table1.`lock_trx_id`, table2.`CURRENT_CONNECTIONS` LIMIT 48 /* QNO 268 CON_ID 18 */
		    18 Query	/* GenTest::Transform::ExecuteAsInsertSelect */ CREATE DATABASE IF NOT EXISTS transforms /* QNO 277 CON_ID 18 */
		    20 Query	SHOW WARNINGS
		    21 Query	/* GenTest::Transform::ExecuteAsExecuteImmediate */ EXECUTE IMMEDIATE ' SELECT * FROM performance_schema.`events_statements_summary_by_thread_by_event_name` AS table1 WHERE ( table1.`SUM_ROWS_AFFECTED` LIKE \'wait/synch/mutex/%\' OR table1.`SUM_NO_GOOD_INDEX_USED` <> table1.`SUM_NO_GOOD_INDEX_USED`) ORDER BY table1.`SUM_TIMER_WAIT` LIMIT 196 /* QNO 226 CON_ID 21 */ ' /* TRANSFORM_OUTCOME_UNORDERED_MATCH */ /* QNO 230 CON_ID 21 */
		    21 Prepare	SELECT * FROM performance_schema.`events_statements_summary_by_thread_by_event_name` AS table1 WHERE ( table1.`SUM_ROWS_AFFECTED` LIKE 'wait/synch/mutex/%' OR table1.`SUM_NO_GOOD_INDEX_USED` <> table1.`SUM_NO_GOOD_INDEX_USED`) ORDER BY table1.`SUM_TIMER_WAIT` LIMIT 196 /* QNO 226 CON_ID 21 */
		    21 Execute	SELECT * FROM performance_schema.`events_statements_summary_by_thread_by_event_name` AS table1 WHERE ( table1.`SUM_ROWS_AFFECTED` LIKE 'wait/synch/mutex/%' OR table1.`SUM_NO_GOOD_INDEX_USED` <> table1.`SUM_NO_GOOD_INDEX_USED`) ORDER BY table1.`SUM_TIMER_WAIT` LIMIT 196 /* QNO 226 CON_ID 21 */
		    20 Query	DROP VIEW IF EXISTS transforms.view_1000_merge , transforms.view_1000_temptable /* QNO 252 CON_ID 20 */
		    21 Query	/* GenTest::Transform::ExecuteAsInsertSelect */ CREATE DATABASE IF NOT EXISTS transforms /* QNO 231 CON_ID 21 */
		    22 Query	SELECT PREVIOUS VALUE FOR seq8 /* QNO 440 CON_ID 22 */
		    22 Query	ALTER ONLINE TABLE `view_t6` DROP INDEX ind3 /* QNO 441 CON_ID 22 */
		    22 Query	ALTER TABLE t10 RENAME TO `view_t2`  /* QNO 442 CON_ID 22 */
		    22 Query	ALTER IGNORE TABLE t10 ENGINE InnoDB /* QNO 443 CON_ID 22 */
		    22 Query	TRUNCATE TABLE performance_schema.file_summary_by_instance /* QNO 444 CON_ID 22 */
		    22 Query	SHOW ENGINE PERFORMANCE_SCHEMA STATUS /* QNO 445 CON_ID 22 */
		    22 Query	CREATE OR REPLACE VIEW transforms.view_4708_probe AS SHOW ENGINE PERFORMANCE_SCHEMA STATUS /* QNO 445 CON_ID 22 */  /* QNO 446 CON_ID 22 */
		    22 Query	UPDATE performance_schema.setup_consumers SET enabled = 'NO' WHERE name LIKE 'events%' /* QNO 447 CON_ID 22 */
		    22 Query	CREATE OR REPLACE VIEW transforms.view_4708_probe AS UPDATE performance_schema.setup_consumers SET enabled = 'NO' WHERE name LIKE 'events%' /* QNO 447 CON_ID 22 */  /* QNO 448 CON_ID 22 */
		    22 Query	INSERT INTO `t7` ( `pk` ) VALUES (NULL) /* QNO 449 CON_ID 22 */
		    22 Query	UPDATE performance_schema.setup_consumers SET enabled = 'NO' WHERE name LIKE 'events%' /* QNO 450 CON_ID 22 */
		    22 Query	CREATE OR REPLACE VIEW transforms.view_4708_probe AS UPDATE performance_schema.setup_consumers SET enabled = 'NO' WHERE name LIKE 'events%' /* QNO 450 CON_ID 22 */  /* QNO 451 CON_ID 22 */
		    22 Query	XA PREPARE 'inactive_xid'  /* QNO 452 CON_ID 22 */
		    22 Query	CREATE OR REPLACE SEQUENCE seq8  /* QNO 453 CON_ID 22 */
190114 12:06:22	    17 Query	SELECT * FROM transforms.insert_select_3980 /* TRANSFORM_OUTCOME_UNORDERED_MATCH */ /* QNO 444 CON_ID 17 */
		    18 Query	SHOW WARNINGS
		    16 Query	CREATE OR REPLACE VIEW transforms.view_900_probe AS REVOKE SHUTDOWN, SUPER ON *.* FROM 'someuser'@'somehost' /* QNO 250 CON_ID 16 */  /* QNO 251 CON_ID 16 */
		    20 Query	SHOW WARNINGS
		    17 Query	DELETE FROM transforms.insert_select_3980 /* QNO 445 CON_ID 17 */
		    20 Query	CREATE OR REPLACE ALGORITHM=MERGE VIEW transforms.view_1000_merge AS  SELECT * FROM mysql.`column_stats` AS table1 LIMIT 129 /* QNO 227 CON_ID 20 */  /* QNO 253 CON_ID 20 */
		    16 Query	DROP TABLE n /* QNO 252 CON_ID 16 */
		    21 Query	SHOW WARNINGS
		    18 Query	DROP TABLE IF EXISTS transforms.insert_select_4904 /* QNO 278 CON_ID 18 */
		    22 Query	ALTER TABLE t6 /*!100301 NOWAIT */ ALTER COLUMN `pk` DROP DEFAULT /* QNO 454 CON_ID 22 */
		    20 Query	SHOW WARNINGS
		    21 Query	DROP TABLE IF EXISTS transforms.insert_select_4888 /* QNO 232 CON_ID 21 */
		    20 Query	SELECT * FROM transforms.view_1000_merge /* TRANSFORM_OUTCOME_UNORDERED_MATCH */ /* QNO 254 CON_ID 20 */
		    17 Query	INSERT INTO transforms.insert_select_3980  SELECT * FROM mysql.`db` AS table1 HAVING table1.`Event_priv` < 9 LIMIT 178 /* QNO 432 CON_ID 17 */  /* QNO 446 CON_ID 17 */
		    18 Query	SHOW WARNINGS
		    20 Query	CREATE OR REPLACE ALGORITHM=TEMPTABLE VIEW transforms.view_1000_temptable AS  SELECT * FROM mysql.`column_stats` AS table1 LIMIT 129 /* QNO 227 CON_ID 20 */  /* QNO 255 CON_ID 20 */
		    18 Query	CREATE TABLE transforms.insert_select_4904  SELECT * FROM (INFORMATION_SCHEMA.`INNODB_LOCKS` AS table1 INNER JOIN performance_schema.`users` AS table2 ON ( table2.`USER` = table1.`lock_id` ) ) WHERE table1.`lock_type` LIKE '%sql%' HAVING table2.`USER` != 'h' ORDER BY table2.`TOTAL_CONNECTIONS`, table1.`lock_trx_id`, table2.`CURRENT_CONNECTIONS` LIMIT 48 /* QNO 268 CON_ID 18 */  /* QNO 279 CON_ID 18 */
		    16 Query	DROP DATABASE IF EXISTS e /* QNO 253 CON_ID 16 */
		    22 Query	SELECT * FROM `t2` INTO OUTFILE 'load_t2'  /* QNO 455 CON_ID 22 */
		    22 Query	LOAD DATA INFILE 'load_t2' REPLACE INTO TABLE t2 /* QNO 456 CON_ID 22 */
		    22 Query	ALTER TABLE t9 /*!100301 NOWAIT */ ADD CONSTRAINT FOREIGN KEY x (`vcol_bit`) REFERENCES t9 (ecol6) ON DELETE SET DEFAULT ON UPDATE RESTRICT /* QNO 457 CON_ID 22 */
		    22 Query	SELECT * FROM `view_t9` INTO OUTFILE 'load_view_t9'  /* QNO 458 CON_ID 22 */
		    22 Query	LOAD DATA INFILE 'load_view_t9' IGNORE INTO TABLE view_t9 /* QNO 459 CON_ID 22 */
		    22 Query	INSERT INTO `view_t8` SELECT * FROM `t6` /* QNO 460 CON_ID 22 */
		    22 Query	SELECT * FROM INFORMATION_SCHEMA.`GEOMETRY_COLUMNS` AS table1 WHERE NOT ( table1.`F_TABLE_CATALOG` LIKE '%myisam%' OR table1.`F_GEOMETRY_COLUMN` < table1.`COORD_DIMENSION`) HAVING table1.`SRID` <> 7 LIMIT 77 /* QNO 461 CON_ID 22 */
		    21 Query	SHOW WARNINGS
		    17 Query	SELECT * FROM transforms.insert_select_3980 /* TRANSFORM_OUTCOME_UNORDERED_MATCH */ /* QNO 447 CON_ID 17 */
		    21 Query	CREATE TABLE transforms.insert_select_4888  SELECT * FROM performance_schema.`events_statements_summary_by_thread_by_event_name` AS table1 WHERE ( table1.`SUM_ROWS_AFFECTED` LIKE 'wait/synch/mutex/%' OR table1.`SUM_NO_GOOD_INDEX_USED` <> table1.`SUM_NO_GOOD_INDEX_USED`) ORDER BY table1.`SUM_TIMER_WAIT` LIMIT 196 /* QNO 226 CON_ID 21 */  /* QNO 233 CON_ID 21 */
		    20 Query	SELECT * FROM transforms.view_1000_temptable /* TRANSFORM_OUTCOME_UNORDERED_MATCH */ /* QNO 256 CON_ID 20 */
		    17 Query	DELETE FROM transforms.insert_select_3980 /* QNO 448 CON_ID 17 */
		    20 Query	DROP VIEW transforms.view_1000_merge , transforms.view_1000_temptable /* QNO 257 CON_ID 20 */
		    16 Query	SHOW WARNINGS
		    20 Query	/* GenTest::Transform::ExecuteAsPreparedTwice */ PREPARE prep_stmt_1000 FROM ' SELECT * FROM mysql.`column_stats` AS table1 LIMIT 129 /* QNO 227 CON_ID 20 */ ' /* QNO 258 CON_ID 20 */
		    22 Query	SHOW WARNINGS
		    20 Prepare	SELECT * FROM mysql.`column_stats` AS table1 LIMIT 129 /* QNO 227 CON_ID 20 */
		    16 Query	DROP TRIGGER IF EXISTS f /* QNO 254 CON_ID 16 */
		    22 Query	XA ROLLBACK 'xid76'  /* QNO 462 CON_ID 22 */
		    20 Query	EXECUTE prep_stmt_1000 /* TRANSFORM_OUTCOME_UNORDERED_MATCH */ /* QNO 259 CON_ID 20 */
		    20 Execute	SELECT * FROM mysql.`column_stats` AS table1 LIMIT 129 /* QNO 227 CON_ID 20 */
		    20 Query	EXECUTE prep_stmt_1000 /* TRANSFORM_OUTCOME_UNORDERED_MATCH */ /* QNO 260 CON_ID 20 */
		    20 Execute	SELECT * FROM mysql.`column_stats` AS table1 LIMIT 129 /* QNO 227 CON_ID 20 */
		    20 Query	DEALLOCATE PREPARE prep_stmt_1000 /* QNO 261 CON_ID 20 */
		    20 Query	/* GenTest::Transform::ExecuteAsSPTwice */ DROP PROCEDURE IF EXISTS stored_proc_1000 /* QNO 262 CON_ID 20 */
		    22 Query	SELECT * FROM `INNODB_BUFFER_PAGE` INTO OUTFILE 'load_INNODB_BUFFER_PAGE'  /* QNO 463 CON_ID 22 */
		    16 Query	SHOW WARNINGS
		    22 Query	LOAD DATA INFILE 'load_INNODB_BUFFER_PAGE' REPLACE INTO TABLE INNODB_BUFFER_PAGE /* QNO 464 CON_ID 22 */
		    22 Query	INSERT INTO `GEOMETRY_COLUMNS` ( `pk` ) VALUES (NULL) /* QNO 465 CON_ID 22 */
		    20 Query	SHOW WARNINGS
		    16 Query	ALTER TABLE `t1` REMOVE PARTITIONING /* QNO 255 CON_ID 16 */
		    20 Query	CREATE PROCEDURE stored_proc_1000 () LANGUAGE SQL  SELECT * FROM mysql.`column_stats` AS table1 LIMIT 129 /* QNO 227 CON_ID 20 */  /* QNO 263 CON_ID 20 */
		    22 Query	SELECT * FROM `user_variables` INTO OUTFILE 'load_user_variables'  /* QNO 466 CON_ID 22 */
		    22 Query	LOAD DATA INFILE 'load_user_variables' IGNORE INTO TABLE user_variables /* QNO 467 CON_ID 22 */
		    22 Query	SELECT * FROM `TRIGGERS` INTO OUTFILE 'load_TRIGGERS'  /* QNO 468 CON_ID 22 */
		    22 Query	LOAD DATA INFILE 'load_TRIGGERS' REPLACE INTO TABLE TRIGGERS /* QNO 469 CON_ID 22 */
		    22 Query	INSERT INTO `TABLESPACES` ( `pk` ) VALUES (NULL) /* QNO 470 CON_ID 22 */
		    22 Query	TRUNCATE TABLE performance_schema.events_waits_summary_by_instance /* QNO 471 CON_ID 22 */
		    22 Query	SELECT * FROM (INFORMATION_SCHEMA.`INNODB_SYS_INDEXES` AS table1 LEFT OUTER JOIN test.`t6` AS table2 ON ( table2.`vcol_varchar` = table1.`TABLE_ID` ) ) WHERE ( table2.`col_dec` IN ( 2, 2, 4 ) AND table1.`N_FIELDS` LIKE 'wait/synch/cond%') ORDER BY table1.`MERGE_THRESHOLD` LIMIT 35 /* QNO 472 CON_ID 22 */
		    22 Query	UPDATE `COLLATIONS` SET `CHARACTER_SET_NAME` = 'sc' WHERE `IS_DEFAULT` != 'ci' /* QNO 473 CON_ID 22 */
		    22 Query	COMMIT /* QNO 474 CON_ID 22 */
		    22 Query	INSERT INTO `INNODB_SYS_DATAFILES` SELECT * FROM `TABLES` /* QNO 475 CON_ID 22 */
		    22 Query	UPDATE `VIEWS` SET `COLLATION_CONNECTION` = 'i' WHERE `CHARACTER_SET_CLIENT` != 'gp' /* QNO 476 CON_ID 22 */
		    22 Query	XA ROLLBACK 'inactive_xid'  /* QNO 477 CON_ID 22 */
		    22 Query	SELECT SETVAL(seq4, 0) /* QNO 478 CON_ID 22 */
		    22 Query	RENAME TABLE seq9 TO seq9, seq8 TO seq10, seq1 TO seq3, seq2 TO seq8, seq5 TO seq8, seq10 TO seq10, seq4 TO seq5 /* QNO 479 CON_ID 22 */
		    22 Query	SHOW ENGINE PERFORMANCE_SCHEMA STATUS /* QNO 480 CON_ID 22 */
		    22 Query	CREATE OR REPLACE VIEW transforms.view_4708_probe AS SHOW ENGINE PERFORMANCE_SCHEMA STATUS /* QNO 480 CON_ID 22 */  /* QNO 481 CON_ID 22 */
		    22 Query	TRUNCATE TABLE performance_schema.events_waits_summary_by_event_name /* QNO 482 CON_ID 22 */
		    22 Query	UPDATE `INNODB_SYS_COLUMNS` SET `NAME` = 'pw' WHERE `PRTYPE` = 'w' /* QNO 483 CON_ID 22 */
		    22 Query	INSERT INTO `INNODB_LOCKS` ( `pk` ) VALUES (NULL) /* QNO 484 CON_ID 22 */
		    22 Query	XA END 'xid126'  /* QNO 485 CON_ID 22 */
		    22 Query	CREATE OR REPLACE VIEW transforms.view_4708_probe AS XA END 'xid126'  /* QNO 485 CON_ID 22 */  /* QNO 486 CON_ID 22 */
		    22 Query	UPDATE performance_schema.setup_consumers SET enabled = 'NO' WHERE name IN ( 'events_waits_summary_by_thread_by_event_name', 'file_summary_by_instance' ) /* QNO 487 CON_ID 22 */
		    16 Query	ALTER TABLE `view_t1` DROP COLUMN q /* QNO 256 CON_ID 16 */
		    17 Query	REPLACE INTO transforms.insert_select_3980  SELECT * FROM mysql.`db` AS table1 HAVING table1.`Event_priv` < 9 LIMIT 178 /* QNO 432 CON_ID 17 */  /* QNO 449 CON_ID 17 */
		    22 Query	SELECT * FROM mysql.`roles_mapping` AS table1 WHERE NOT table1.`Host` != table1.`Role` HAVING table1.`Admin_option` != 3 IS NULL ORDER BY table1.`Admin_option`, table1.`User`, table1.`User` LIMIT 244 /* QNO 488 CON_ID 22 */
		    22 Query	SET STATEMENT system_versioning_alter_history=KEEP FOR ALTER TABLE `time_zone` ADD SYSTEM VERSIONING /* QNO 489 CON_ID 22 */
		    22 Query	XA COMMIT 'xid126' ONE PHASE  /* QNO 490 CON_ID 22 */
		    16 Query	CREATE OR REPLACE VIEW v AS SELECT * FROM `t2` /* QNO 257 CON_ID 16 */
		    22 Query	CREATE OR REPLACE VIEW transforms.view_4708_probe AS XA COMMIT 'xid126' ONE PHASE  /* QNO 490 CON_ID 22 */  /* QNO 491 CON_ID 22 */
		    20 Query	CALL stored_proc_1000 /* TRANSFORM_OUTCOME_UNORDERED_MATCH */ /* QNO 264 CON_ID 20 */
		    16 Query	GRANT ALL PRIVILEGES ON e.* TO 'someuser'@'somehost' /* QNO 258 CON_ID 16 */
		    22 Query	XA END 'inactive_xid'  /* QNO 492 CON_ID 22 */
		    22 Query	INSERT INTO `innodb_index_stats` SELECT * FROM `db` /* QNO 493 CON_ID 22 */
		    20 Query	CALL stored_proc_1000 /* TRANSFORM_OUTCOME_UNORDERED_MATCH */ /* QNO 265 CON_ID 20 */
		    20 Query	DROP PROCEDURE IF EXISTS stored_proc_1000 /* QNO 266 CON_ID 20 */
		    22 Query	INSERT INTO `help_keyword` ( `pk` ) VALUES (NULL) /* QNO 494 CON_ID 22 */
		    22 Query	INSERT INTO `servers` SELECT * FROM `roles_mapping` /* QNO 495 CON_ID 22 */
		    22 Query	ALTER ONLINE TABLE t7 ALTER COLUMN vcol6 DROP DEFAULT /* QNO 496 CON_ID 22 */
		    22 Query	UPDATE performance_schema.setup_instruments SET ENABLED = 'NO' WHERE NAME LIKE 'wait%' /* QNO 497 CON_ID 22 */
		    22 Query	CREATE OR REPLACE VIEW transforms.view_4708_probe AS UPDATE performance_schema.setup_instruments SET ENABLED = 'NO' WHERE NAME LIKE 'wait%' /* QNO 497 CON_ID 22 */  /* QNO 498 CON_ID 22 */
		    22 Query	SELECT * FROM INFORMATION_SCHEMA.`SYSTEM_VARIABLES` AS table1 ORDER BY table1.`VARIABLE_COMMENT` LIMIT 204 /* QNO 499 CON_ID 22 */
		    22 Query	/* GenTest::Transform::ExecuteAsCTE */  WITH cte1 AS ( SELECT * FROM INFORMATION_SCHEMA.`SYSTEM_VARIABLES` AS table1 ORDER BY table1.`VARIABLE_COMMENT` LIMIT 204 /* QNO 499 CON_ID 22 */ ) SELECT * FROM cte1  /* TRANSFORM_OUTCOME_UNORDERED_MATCH */ /* QNO 500 CON_ID 22 */
		    22 Query	/* GenTest::Transform::ExecuteAsExcept */ (  SELECT * FROM INFORMATION_SCHEMA.`SYSTEM_VARIABLES` AS table1 ORDER BY table1.`VARIABLE_COMMENT` LIMIT 204 /* QNO 499 CON_ID 22 */  ) EXCEPT (  SELECT * FROM INFORMATION_SCHEMA.`SYSTEM_VARIABLES` AS table1 ORDER BY table1.`VARIABLE_COMMENT` LIMIT 0 /* QNO 499 CON_ID 22 */  ) /* TRANSFORM_OUTCOME_DISTINCT */ /* QNO 501 CON_ID 22 */
		    22 Query	(  SELECT * FROM INFORMATION_SCHEMA.`SYSTEM_VARIABLES` AS table1 ORDER BY table1.`VARIABLE_COMMENT` LIMIT 204 /* QNO 499 CON_ID 22 */  ) EXCEPT (  SELECT * FROM INFORMATION_SCHEMA.`SYSTEM_VARIABLES` AS table1 ORDER BY table1.`VARIABLE_COMMENT` LIMIT 204 /* QNO 499 CON_ID 22 */  ) /* TRANSFORM_OUTCOME_EMPTY_RESULT */ /* QNO 502 CON_ID 22 */
		    22 Query	/* GenTest::Transform::ExecuteAsExecuteImmediate */ EXECUTE IMMEDIATE ' SELECT * FROM INFORMATION_SCHEMA.`SYSTEM_VARIABLES` AS table1 ORDER BY table1.`VARIABLE_COMMENT` LIMIT 204 /* QNO 499 CON_ID 22 */ ' /* TRANSFORM_OUTCOME_UNORDERED_MATCH */ /* QNO 503 CON_ID 22 */
		    22 Prepare	SELECT * FROM INFORMATION_SCHEMA.`SYSTEM_VARIABLES` AS table1 ORDER BY table1.`VARIABLE_COMMENT` LIMIT 204 /* QNO 499 CON_ID 22 */
		    22 Execute	SELECT * FROM INFORMATION_SCHEMA.`SYSTEM_VARIABLES` AS table1 ORDER BY table1.`VARIABLE_COMMENT` LIMIT 204 /* QNO 499 CON_ID 22 */
		    22 Query	/* GenTest::Transform::ExecuteAsInsertSelect */ CREATE DATABASE IF NOT EXISTS transforms /* QNO 504 CON_ID 22 */
		    16 Query	CREATE OR REPLACE VIEW transforms.view_900_probe AS GRANT ALL PRIVILEGES ON e.* TO 'someuser'@'somehost' /* QNO 258 CON_ID 16 */  /* QNO 259 CON_ID 16 */
		    17 Query	SELECT * FROM transforms.insert_select_3980 /* TRANSFORM_OUTCOME_UNORDERED_MATCH */ /* QNO 450 CON_ID 17 */
		    17 Query	DROP TABLE transforms.insert_select_3980 /* QNO 451 CON_ID 17 */
		    16 Query	ALTER TABLE `view_t4` DROP PRIMARY KEY /* QNO 260 CON_ID 16 */
		    20 Query	ALTER TABLE t7 DROP PRIMARY KEY /* QNO 267 CON_ID 20 */
		    16 Query	ALTER TABLE `t8` DROP KEY h /* QNO 261 CON_ID 16 */
		    20 Query	ALTER ONLINE TABLE t6 CHANGE COLUMN IF EXISTS tcol1 icol4 INT UNSIGNED NOT NULL /*!100303 INVISIBLE */, ALGORITHM=DEFAULT, LOCK=DEFAULT /* QNO 268 CON_ID 20 */
		    22 Query	SHOW WARNINGS
		    18 Query	SELECT * FROM transforms.insert_select_4904 /* TRANSFORM_OUTCOME_UNORDERED_MATCH */ /* QNO 280 CON_ID 18 */
		    16 Query	DROP EVENT j /* QNO 262 CON_ID 16 */
		    22 Query	DROP TABLE IF EXISTS transforms.insert_select_4708 /* QNO 505 CON_ID 22 */
		    20 Query	SHOW WARNINGS
		    18 Query	DELETE FROM transforms.insert_select_4904 /* QNO 281 CON_ID 18 */
		    16 Query	ALTER TABLE `view_t6` DROP COLUMN w /* QNO 263 CON_ID 16 */
		    22 Query	SHOW WARNINGS
		    20 Query	SHOW ENGINE PERFORMANCE_SCHEMA STATUS /* QNO 269 CON_ID 20 */
		    18 Query	INSERT INTO transforms.insert_select_4904  SELECT * FROM (INFORMATION_SCHEMA.`INNODB_LOCKS` AS table1 INNER JOIN performance_schema.`users` AS table2 ON ( table2.`USER` = table1.`lock_id` ) ) WHERE table1.`lock_type` LIKE '%sql%' HAVING table2.`USER` != 'h' ORDER BY table2.`TOTAL_CONNECTIONS`, table1.`lock_trx_id`, table2.`CURRENT_CONNECTIONS` LIMIT 48 /* QNO 268 CON_ID 18 */  /* QNO 282 CON_ID 18 */
		    16 Query	GRANT ALL PRIVILEGES ON test.g TO 'someuser'@'somehost' /* QNO 264 CON_ID 16 */
		    22 Query	CREATE TABLE transforms.insert_select_4708  SELECT * FROM INFORMATION_SCHEMA.`SYSTEM_VARIABLES` AS table1 ORDER BY table1.`VARIABLE_COMMENT` LIMIT 204 /* QNO 499 CON_ID 22 */  /* QNO 506 CON_ID 22 */
		    18 Query	SELECT * FROM transforms.insert_select_4904 /* TRANSFORM_OUTCOME_UNORDERED_MATCH */ /* QNO 283 CON_ID 18 */
		    16 Query	CREATE OR REPLACE VIEW transforms.view_900_probe AS GRANT ALL PRIVILEGES ON test.g TO 'someuser'@'somehost' /* QNO 264 CON_ID 16 */  /* QNO 265 CON_ID 16 */
		    20 Query	CREATE OR REPLACE VIEW transforms.view_1000_probe AS SHOW ENGINE PERFORMANCE_SCHEMA STATUS /* QNO 269 CON_ID 20 */  /* QNO 270 CON_ID 20 */
		    18 Query	DELETE FROM transforms.insert_select_4904 /* QNO 284 CON_ID 18 */
		    16 Query	GRANT UPDATE ( `vcol_blob` ) ON `view_t7` TO 'someuser'@'somehost' /* QNO 266 CON_ID 16 */
		    18 Query	REPLACE INTO transforms.insert_select_4904  SELECT * FROM (INFORMATION_SCHEMA.`INNODB_LOCKS` AS table1 INNER JOIN performance_schema.`users` AS table2 ON ( table2.`USER` = table1.`lock_id` ) ) WHERE table1.`lock_type` LIKE '%sql%' HAVING table2.`USER` != 'h' ORDER BY table2.`TOTAL_CONNECTIONS`, table1.`lock_trx_id`, table2.`CURRENT_CONNECTIONS` LIMIT 48 /* QNO 268 CON_ID 18 */  /* QNO 285 CON_ID 18 */
		    20 Query	DROP TABLE IF EXISTS t10 /* QNO 271 CON_ID 20 */
		    18 Query	SELECT * FROM transforms.insert_select_4904 /* TRANSFORM_OUTCOME_UNORDERED_MATCH */ /* QNO 286 CON_ID 18 */
		    20 Query	SHOW WARNINGS
		    18 Query	DROP TABLE transforms.insert_select_4904 /* QNO 287 CON_ID 18 */
		    20 Query	SHOW ENGINE PERFORMANCE_SCHEMA STATUS /* QNO 272 CON_ID 20 */
		    20 Query	CREATE OR REPLACE VIEW transforms.view_1000_probe AS SHOW ENGINE PERFORMANCE_SCHEMA STATUS /* QNO 272 CON_ID 20 */  /* QNO 273 CON_ID 20 */
		    20 Query	ROLLBACK /* QNO 274 CON_ID 20 */
		    20 Query	CREATE OR REPLACE VIEW transforms.view_1000_probe AS ROLLBACK /* QNO 274 CON_ID 20 */  /* QNO 275 CON_ID 20 */
		    20 Query	SELECT NEXT VALUE FOR seq3 /* QNO 276 CON_ID 20 */
		    20 Query	XA END 'inactive_xid'  /* QNO 277 CON_ID 20 */
		    20 Query	SELECT * from `roles_mapping` WHERE row_start IN (SELECT row_end FROM t7) /* QNO 278 CON_ID 20 */
		    20 Query	SET STATEMENT `sql_mode`=ORACLE FOR SELECT seq1.nextval /* QNO 279 CON_ID 20 */
		    20 Query	SHOW CREATE SEQUENCE seq3 /* QNO 280 CON_ID 20 */
		    20 Query	UPDATE performance_schema.setup_timers SET timer_name = 'NANOSECOND' /* QNO 281 CON_ID 20 */
		    20 Query	CREATE OR REPLACE VIEW transforms.view_1000_probe AS UPDATE performance_schema.setup_timers SET timer_name = 'NANOSECOND' /* QNO 281 CON_ID 20 */  /* QNO 282 CON_ID 20 */
		    20 Query	SET STATEMENT system_versioning_alter_history=KEEP FOR ALTER TABLE t10 ADD PERIOD FOR SYSTEM_TIME(`row_start`, `row_start`) /* QNO 283 CON_ID 20 */
		    20 Query	UPDATE performance_schema.setup_consumers SET enabled = 'NO' WHERE name IN ( 'events_waits_summary_by_event_name' ) /* QNO 284 CON_ID 20 */
		    20 Query	CREATE OR REPLACE VIEW transforms.view_1000_probe AS UPDATE performance_schema.setup_consumers SET enabled = 'NO' WHERE name IN ( 'events_waits_summary_by_event_name' ) /* QNO 284 CON_ID 20 */  /* QNO 285 CON_ID 20 */
		    20 Query	SELECT * FROM (INFORMATION_SCHEMA.`INNODB_SYS_FOREIGN` AS table1 INNER JOIN mysql.`proc` AS table2 ON ( table2.`aggregate` = table1.`N_COLS` ) ) HAVING table1.`TYPE` = 'g' ORDER BY table2.`modified` LIMIT 117 /* QNO 286 CON_ID 20 */
		    21 Query	SELECT * FROM transforms.insert_select_4888 /* TRANSFORM_OUTCOME_UNORDERED_MATCH */ /* QNO 234 CON_ID 21 */
		    21 Query	DELETE FROM transforms.insert_select_4888 /* QNO 235 CON_ID 21 */
		    16 Query	ALTER TABLE `view_t4` DROP COLUMN e /* QNO 267 CON_ID 16 */
		    16 Query	DROP VIEW IF EXISTS v /* QNO 268 CON_ID 16 */
		    16 Query	SHOW WARNINGS
		    16 Query	CREATE TRIGGER z BEFORE INSERT ON `view_t1` FOR EACH ROW BEGIN INSERT INTO `t9` SELECT * FROM `view_t3` LIMIT 0 ; END ; /* QNO 269 CON_ID 16 */
		    21 Query	INSERT INTO transforms.insert_select_4888  SELECT * FROM performance_schema.`events_statements_summary_by_thread_by_event_name` AS table1 WHERE ( table1.`SUM_ROWS_AFFECTED` LIKE 'wait/synch/mutex/%' OR table1.`SUM_NO_GOOD_INDEX_USED` <> table1.`SUM_NO_GOOD_INDEX_USED`) ORDER BY table1.`SUM_TIMER_WAIT` LIMIT 196 /* QNO 226 CON_ID 21 */  /* QNO 236 CON_ID 21 */
		    16 Query	DROP TRIGGER IF EXISTS r /* QNO 270 CON_ID 16 */
		    16 Query	SHOW WARNINGS
		    16 Query	ALTER TABLE `t1` REMOVE PARTITIONING /* QNO 271 CON_ID 16 */
		    16 Query	ALTER TABLE `t2` ADD COLUMN j INTEGER DEFAULT NULL /* QNO 272 CON_ID 16 */
		    16 Query	CREATE PROCEDURE i ( IN k INT, IN k INT, IN v INT, IN c INT, OUT y INT, IN e INT ) BEGIN SELECT COUNT(*) INTO @a FROM `t8`; END ; /* QNO 273 CON_ID 16 */
		    16 Query	DROP FUNCTION IF EXISTS y /* QNO 274 CON_ID 16 */
		    21 Query	SELECT * FROM transforms.insert_select_4888 /* TRANSFORM_OUTCOME_UNORDERED_MATCH */ /* QNO 237 CON_ID 21 */
		    21 Query	DELETE FROM transforms.insert_select_4888 /* QNO 238 CON_ID 21 */
		    21 Query	REPLACE INTO transforms.insert_select_4888  SELECT * FROM performance_schema.`events_statements_summary_by_thread_by_event_name` AS table1 WHERE ( table1.`SUM_ROWS_AFFECTED` LIKE 'wait/synch/mutex/%' OR table1.`SUM_NO_GOOD_INDEX_USED` <> table1.`SUM_NO_GOOD_INDEX_USED`) ORDER BY table1.`SUM_TIMER_WAIT` LIMIT 196 /* QNO 226 CON_ID 21 */  /* QNO 239 CON_ID 21 */
		    21 Query	SELECT * FROM transforms.insert_select_4888 /* TRANSFORM_OUTCOME_UNORDERED_MATCH */ /* QNO 240 CON_ID 21 */
		    21 Query	DROP TABLE transforms.insert_select_4888 /* QNO 241 CON_ID 21 */
		    20 Query	/* GenTest::Transform::ExecuteAsCTE */  WITH cte1 AS ( SELECT * FROM( INFORMATION_SCHEMA.`INNODB_SYS_FOREIGN` AS table1 INNER JOIN mysql.`proc` AS table2 ON( table2.`aggregate` = table1.`N_COLS`)) HAVING table1.`TYPE` = 'g' ORDER BY table2.`modified` LIMIT 117 /* QNO 286 CON_ID 20 */ ) SELECT * FROM cte1  /* TRANSFORM_OUTCOME_UNORDERED_MATCH */ /* QNO 287 CON_ID 20 */
		    16 Query	SHOW WARNINGS
		    16 Query	GRANT ALL PRIVILEGES ON x.* TO 'someuser'@'somehost' /* QNO 275 CON_ID 16 */
		    16 Query	CREATE OR REPLACE VIEW transforms.view_900_probe AS GRANT ALL PRIVILEGES ON x.* TO 'someuser'@'somehost' /* QNO 275 CON_ID 16 */  /* QNO 276 CON_ID 16 */
		    16 Query	GRANT ALL PRIVILEGES ON p.* TO 'someuser'@'somehost' /* QNO 277 CON_ID 16 */
		    16 Query	CREATE OR REPLACE VIEW transforms.view_900_probe AS GRANT ALL PRIVILEGES ON p.* TO 'someuser'@'somehost' /* QNO 277 CON_ID 16 */  /* QNO 278 CON_ID 16 */
		    16 Query	CREATE EVENT o ON SCHEDULE AT NOW() DO SET @a=@a /* QNO 279 CON_ID 16 */
		    16 Query	CREATE OR REPLACE VIEW transforms.view_900_probe AS CREATE EVENT o ON SCHEDULE AT NOW() DO SET @a=@a /* QNO 279 CON_ID 16 */  /* QNO 280 CON_ID 16 */
		    16 Query	ALTER TABLE `view_t7` DROP PRIMARY KEY /* QNO 281 CON_ID 16 */
		    20 Query	/* GenTest::Transform::ExecuteAsExcept */ (  SELECT * FROM (INFORMATION_SCHEMA.`INNODB_SYS_FOREIGN` AS table1 INNER JOIN mysql.`proc` AS table2 ON ( table2.`aggregate` = table1.`N_COLS` ) ) HAVING table1.`TYPE` = 'g' ORDER BY table2.`modified` LIMIT 117 /* QNO 286 CON_ID 20 */  ) EXCEPT (  SELECT * FROM (INFORMATION_SCHEMA.`INNODB_SYS_FOREIGN` AS table1 INNER JOIN mysql.`proc` AS table2 ON ( table2.`aggregate` = table1.`N_COLS` ) ) HAVING table1.`TYPE` = 'g' ORDER BY table2.`modified` LIMIT 0 /* QNO 286 CON_ID 20 */  ) /* TRANSFORM_OUTCOME_DISTINCT */ /* QNO 288 CON_ID 20 */
		    16 Query	ALTER TABLE `view_t4` DROP KEY a /* QNO 282 CON_ID 16 */
		    16 Query	DROP EVENT c /* QNO 283 CON_ID 16 */
		    16 Query	CREATE OR REPLACE VIEW transforms.view_900_probe AS DROP EVENT c /* QNO 283 CON_ID 16 */  /* QNO 284 CON_ID 16 */
		    17 Query	/* GenTest::Transform::ExecuteAsIntersect */ (  SELECT * FROM mysql.`db` AS table1 HAVING table1.`Event_priv` < 9 LIMIT 178 /* QNO 432 CON_ID 17 */  ) INTERSECT (  SELECT * FROM mysql.`db` AS table1 HAVING table1.`Event_priv` < 9 LIMIT 178 /* QNO 432 CON_ID 17 */  ) /* TRANSFORM_OUTCOME_DISTINCT */ /* QNO 452 CON_ID 17 */
		    17 Query	(  SELECT * FROM mysql.`db` AS table1 HAVING table1.`Event_priv` < 9 LIMIT 178 /* QNO 432 CON_ID 17 */  ) INTERSECT (  SELECT * FROM mysql.`db` AS table1 HAVING table1.`Event_priv` < 9 LIMIT 0 /* QNO 432 CON_ID 17 */  ) /* TRANSFORM_OUTCOME_EMPTY_RESULT */ /* QNO 453 CON_ID 17 */
		    16 Query	GRANT ALL PRIVILEGES ON test.d TO 'someuser'@'somehost' /* QNO 285 CON_ID 16 */
		    16 Query	CREATE OR REPLACE VIEW transforms.view_900_probe AS GRANT ALL PRIVILEGES ON test.d TO 'someuser'@'somehost' /* QNO 285 CON_ID 16 */  /* QNO 286 CON_ID 16 */
		    16 Query	DROP TRIGGER IF EXISTS x /* QNO 287 CON_ID 16 */
		    16 Query	SHOW WARNINGS
		    17 Query	/* GenTest::Transform::ExecuteAsUnion */ (  SELECT * FROM mysql.`db` AS table1 HAVING table1.`Event_priv` < 9 LIMIT 178 /* QNO 432 CON_ID 17 */  ) UNION ALL (  SELECT * FROM mysql.`db` AS table1 HAVING table1.`Event_priv` < 9 LIMIT 0 /* QNO 432 CON_ID 17 */  ) /* TRANSFORM_OUTCOME_UNORDERED_MATCH */ /* QNO 454 CON_ID 17 */
		    16 Query	ALTER TABLE `view_t5` DROP PRIMARY KEY /* QNO 288 CON_ID 16 */
		    16 Query	DROP TABLE r /* QNO 289 CON_ID 16 */
		    16 Query	ALTER TABLE `t7` REMOVE PARTITIONING /* QNO 290 CON_ID 16 */
		    17 Query	(  SELECT * FROM mysql.`db` AS table1 HAVING table1.`Event_priv` < 9 LIMIT 0 /* QNO 432 CON_ID 17 */  ) UNION ALL (  SELECT * FROM mysql.`db` AS table1 HAVING table1.`Event_priv` < 9 LIMIT 178 /* QNO 432 CON_ID 17 */  ) /* TRANSFORM_OUTCOME_UNORDERED_MATCH */ /* QNO 455 CON_ID 17 */
		    16 Query	ALTER TABLE `t9` DROP COLUMN b /* QNO 291 CON_ID 16 */
		    16 Query	CREATE EVENT l ON SCHEDULE AT NOW() DO SET @a=@a /* QNO 292 CON_ID 16 */
		    17 Query	(  SELECT * FROM mysql.`db` AS table1 HAVING table1.`Event_priv` < 9 LIMIT 178 /* QNO 432 CON_ID 17 */  ) UNION DISTINCT (  SELECT * FROM mysql.`db` AS table1 HAVING table1.`Event_priv` < 9 LIMIT 178 /* QNO 432 CON_ID 17 */  ) /* TRANSFORM_OUTCOME_DISTINCT */ /* QNO 456 CON_ID 17 */
		    16 Query	ALTER TABLE `t5` DROP COLUMN p /* QNO 293 CON_ID 16 */
		    17 Query	(  SELECT * FROM mysql.`db` AS table1 HAVING table1.`Event_priv` < 9 LIMIT 178 /* QNO 432 CON_ID 17 */  ) UNION ALL (  SELECT * FROM mysql.`db` AS table1 HAVING table1.`Event_priv` < 9 LIMIT 178 /* QNO 432 CON_ID 17 */  ) /* TRANSFORM_OUTCOME_SUPERSET */ /* QNO 457 CON_ID 17 */
		    16 Query	DROP PROCEDURE IF EXISTS g /* QNO 294 CON_ID 16 */
		    17 Query	CREATE OR REPLACE VIEW transforms.view_3980_probe AS  SELECT * FROM mysql.`db` AS table1 HAVING table1.`Event_priv` < 9 LIMIT 178 /* QNO 432 CON_ID 17 */  /* QNO 458 CON_ID 17 */
		    17 Query	DROP VIEW transforms.view_3980_probe /* QNO 459 CON_ID 17 */
		    18 Query	/* GenTest::Transform::ExecuteAsIntersect */ (  SELECT * FROM (INFORMATION_SCHEMA.`INNODB_LOCKS` AS table1 INNER JOIN performance_schema.`users` AS table2 ON ( table2.`USER` = table1.`lock_id` ) ) WHERE table1.`lock_type` LIKE '%sql%' HAVING table2.`USER` != 'h' ORDER BY table2.`TOTAL_CONNECTIONS`, table1.`lock_trx_id`, table2.`CURRENT_CONNECTIONS` LIMIT 48 /* QNO 268 CON_ID 18 */  ) INTERSECT (  SELECT * FROM (INFORMATION_SCHEMA.`INNODB_LOCKS` AS table1 INNER JOIN performance_schema.`users` AS table2 ON ( table2.`USER` = table1.`lock_id` ) ) WHERE table1.`lock_type` LIKE '%sql%' HAVING table2.`USER` != 'h' ORDER BY table2.`TOTAL_CONNECTIONS`, table1.`lock_trx_id`, table2.`CURRENT_CONNECTIONS` LIMIT 48 /* QNO 268 CON_ID 18 */  ) /* TRANSFORM_OUTCOME_DISTINCT */ /* QNO 288 CON_ID 18 */
		    16 Query	SHOW WARNINGS
		    17 Query	/* GenTest::Transform::ExecuteAsView */ CREATE DATABASE IF NOT EXISTS transforms /* QNO 460 CON_ID 17 */
		    16 Query	GRANT ALL PRIVILEGES ON u.* TO 'someuser'@'somehost' /* QNO 295 CON_ID 16 */
		    20 Query	(  SELECT * FROM (INFORMATION_SCHEMA.`INNODB_SYS_FOREIGN` AS table1 INNER JOIN mysql.`proc` AS table2 ON ( table2.`aggregate` = table1.`N_COLS` ) ) HAVING table1.`TYPE` = 'g' ORDER BY table2.`modified` LIMIT 117 /* QNO 286 CON_ID 20 */  ) EXCEPT (  SELECT * FROM (INFORMATION_SCHEMA.`INNODB_SYS_FOREIGN` AS table1 INNER JOIN mysql.`proc` AS table2 ON ( table2.`aggregate` = table1.`N_COLS` ) ) HAVING table1.`TYPE` = 'g' ORDER BY table2.`modified` LIMIT 117 /* QNO 286 CON_ID 20 */  ) /* TRANSFORM_OUTCOME_EMPTY_RESULT */ /* QNO 289 CON_ID 20 */
		    16 Query	CREATE OR REPLACE VIEW transforms.view_900_probe AS GRANT ALL PRIVILEGES ON u.* TO 'someuser'@'somehost' /* QNO 295 CON_ID 16 */  /* QNO 296 CON_ID 16 */
		    21 Query	/* GenTest::Transform::ExecuteAsIntersect */ (  SELECT * FROM performance_schema.`events_statements_summary_by_thread_by_event_name` AS table1 WHERE ( table1.`SUM_ROWS_AFFECTED` LIKE 'wait/synch/mutex/%' OR table1.`SUM_NO_GOOD_INDEX_USED` <> table1.`SUM_NO_GOOD_INDEX_USED`) ORDER BY table1.`SUM_TIMER_WAIT` LIMIT 196 /* QNO 226 CON_ID 21 */  ) INTERSECT (  SELECT * FROM performance_schema.`events_statements_summary_by_thread_by_event_name` AS table1 WHERE ( table1.`SUM_ROWS_AFFECTED` LIKE 'wait/synch/mutex/%' OR table1.`SUM_NO_GOOD_INDEX_USED` <> table1.`SUM_NO_GOOD_INDEX_USED`) ORDER BY table1.`SUM_TIMER_WAIT` LIMIT 196 /* QNO 226 CON_ID 21 */  ) /* TRANSFORM_OUTCOME_DISTINCT */ /* QNO 242 CON_ID 21 */
