		    20 Query	(  SELECT * FROM INFORMATION_SCHEMA.`ROUTINES` AS table1 HAVING NOT (NOT (table1.`CHARACTER_MAXIMUM_LENGTH` >= 9 IS NULL OR table1.`NUMERIC_SCALE` = 'nm') OR table1.`DATA_TYPE` > '1999-02-01 08:56:44.026874') LIMIT 92 /* QNO 1728 CON_ID 20 */  ) EXCEPT (  SELECT * FROM INFORMATION_SCHEMA.`ROUTINES` AS table1 HAVING NOT (NOT (table1.`CHARACTER_MAXIMUM_LENGTH` >= 9 IS NULL OR table1.`NUMERIC_SCALE` = 'nm') OR table1.`DATA_TYPE` > '1999-02-01 08:56:44.026874') LIMIT 92 /* QNO 1728 CON_ID 20 */  ) /* TRANSFORM_OUTCOME_EMPTY_RESULT */ /* QNO 1731 CON_ID 20 */
		    17 Query	CREATE OR REPLACE VIEW transforms.view_3980_probe AS SHOW ENGINE PERFORMANCE_SCHEMA STATUS /* QNO 1354 CON_ID 17 */  /* QNO 1355 CON_ID 17 */
		    16 Query	CREATE OR REPLACE VIEW transforms.view_900_probe AS GRANT ALL PRIVILEGES ON g.* TO 'someuser'@'somehost' /* QNO 955 CON_ID 16 */  /* QNO 956 CON_ID 16 */
		    22 Query	CREATE OR REPLACE VIEW transforms.view_4708_probe AS TRUNCATE TABLE performance_schema.events_waits_current /* QNO 874 CON_ID 22 */  /* QNO 875 CON_ID 22 */
		    16 Query	DROP EVENT m /* QNO 957 CON_ID 16 */
		    17 Query	SELECT CYCLE_COUNT, CYCLE_COUNT FROM seq7 /* QNO 1356 CON_ID 17 */
		    17 Query	UPDATE `table_stats` SET `cardinality` = 4 WHERE `cardinality` != 3 /* QNO 1357 CON_ID 17 */
		    22 Query	SELECT * FROM `TABLESPACES` INTO OUTFILE 'load_TABLESPACES'  /* QNO 876 CON_ID 22 */
		    16 Query	ALTER TABLE `t2` DROP KEY u /* QNO 958 CON_ID 16 */
		    17 Query	SHOW ENGINE PERFORMANCE_SCHEMA STATUS /* QNO 1358 CON_ID 17 */
		    22 Query	LOAD DATA INFILE 'load_TABLESPACES' IGNORE INTO TABLE TABLESPACES /* QNO 877 CON_ID 22 */
		    22 Query	UPDATE performance_schema.setup_timers SET timer_name = 'NANOSECOND' /* QNO 878 CON_ID 22 */
		    16 Query	REVOKE ALL PRIVILEGES ON v.* FROM 'someuser'@'somehost' /* QNO 959 CON_ID 16 */
		    17 Query	CREATE OR REPLACE VIEW transforms.view_3980_probe AS SHOW ENGINE PERFORMANCE_SCHEMA STATUS /* QNO 1358 CON_ID 17 */  /* QNO 1359 CON_ID 17 */
		    16 Query	CREATE OR REPLACE VIEW transforms.view_900_probe AS REVOKE ALL PRIVILEGES ON v.* FROM 'someuser'@'somehost' /* QNO 959 CON_ID 16 */  /* QNO 960 CON_ID 16 */
		    20 Query	/* GenTest::Transform::ExecuteAsExecuteImmediate */ EXECUTE IMMEDIATE ' SELECT * FROM INFORMATION_SCHEMA.`ROUTINES` AS table1 HAVING NOT (NOT (table1.`CHARACTER_MAXIMUM_LENGTH` >= 9 IS NULL OR table1.`NUMERIC_SCALE` = \'nm\') OR table1.`DATA_TYPE` > \'1999-02-01 08:56:44.026874\') LIMIT 92 /* QNO 1728 CON_ID 20 */ ' /* TRANSFORM_OUTCOME_UNORDERED_MATCH */ /* QNO 1732 CON_ID 20 */
		    22 Query	CREATE OR REPLACE VIEW transforms.view_4708_probe AS UPDATE performance_schema.setup_timers SET timer_name = 'NANOSECOND' /* QNO 878 CON_ID 22 */  /* QNO 879 CON_ID 22 */
		    17 Query	TRUNCATE TABLE performance_schema.events_waits_history /* QNO 1360 CON_ID 17 */
		    20 Prepare	SELECT * FROM INFORMATION_SCHEMA.`ROUTINES` AS table1 HAVING NOT (NOT (table1.`CHARACTER_MAXIMUM_LENGTH` >= 9 IS NULL OR table1.`NUMERIC_SCALE` = 'nm') OR table1.`DATA_TYPE` > '1999-02-01 08:56:44.026874') LIMIT 92 /* QNO 1728 CON_ID 20 */
		    16 Query	CREATE OR REPLACE VIEW h AS SELECT * FROM `t8` /* QNO 961 CON_ID 16 */
		    17 Query	CREATE OR REPLACE VIEW transforms.view_3980_probe AS TRUNCATE TABLE performance_schema.events_waits_history /* QNO 1360 CON_ID 17 */  /* QNO 1361 CON_ID 17 */
		    20 Execute	SELECT * FROM INFORMATION_SCHEMA.`ROUTINES` AS table1 HAVING NOT (NOT (table1.`CHARACTER_MAXIMUM_LENGTH` >= 9 IS NULL OR table1.`NUMERIC_SCALE` = 'nm') OR table1.`DATA_TYPE` > '1999-02-01 08:56:44.026874') LIMIT 92 /* QNO 1728 CON_ID 20 */
		    17 Query	UPDATE `help_relation` SET `help_keyword_id` = 7 WHERE `help_keyword_id` <= 1 /* QNO 1362 CON_ID 17 */
		    22 Query	SELECT * FROM performance_schema.`file_summary_by_event_name` AS table1 WHERE (NOT table1.`MAX_TIMER_WAIT` = 1 AND table1.`COUNT_STAR` LIKE 'wait/synch/cond%') LIMIT 95 /* QNO 880 CON_ID 22 */
		    20 Query	/* GenTest::Transform::ExecuteAsInsertSelect */ CREATE DATABASE IF NOT EXISTS transforms /* QNO 1733 CON_ID 20 */
		    17 Query	UPDATE performance_schema.setup_consumers SET enabled = 'YES' WHERE name LIKE 'file%' /* QNO 1363 CON_ID 17 */
		    16 Query	GRANT ALL PRIVILEGES ON test.b TO 'someuser'@'somehost' /* QNO 962 CON_ID 16 */
		    20 Query	/* GenTest::Transform::ExecuteAsIntersect */ (  SELECT * FROM INFORMATION_SCHEMA.`ROUTINES` AS table1 HAVING NOT (NOT (table1.`CHARACTER_MAXIMUM_LENGTH` >= 9 IS NULL OR table1.`NUMERIC_SCALE` = 'nm') OR table1.`DATA_TYPE` > '1999-02-01 08:56:44.026874') LIMIT 92 /* QNO 1728 CON_ID 20 */  ) INTERSECT (  SELECT * FROM INFORMATION_SCHEMA.`ROUTINES` AS table1 HAVING NOT (NOT (table1.`CHARACTER_MAXIMUM_LENGTH` >= 9 IS NULL OR table1.`NUMERIC_SCALE` = 'nm') OR table1.`DATA_TYPE` > '1999-02-01 08:56:44.026874') LIMIT 92 /* QNO 1728 CON_ID 20 */  ) /* TRANSFORM_OUTCOME_DISTINCT */ /* QNO 1734 CON_ID 20 */
		    17 Query	CREATE OR REPLACE VIEW transforms.view_3980_probe AS UPDATE performance_schema.setup_consumers SET enabled = 'YES' WHERE name LIKE 'file%' /* QNO 1363 CON_ID 17 */  /* QNO 1364 CON_ID 17 */
		    22 Query	/* GenTest::Transform::ExecuteAsCTE */  WITH cte1 AS ( SELECT * FROM performance_schema.`file_summary_by_event_name` AS table1 WHERE( NOT table1.`MAX_TIMER_WAIT` = 1 AND table1.`COUNT_STAR` LIKE 'wait/synch/cond%') LIMIT 95 /* QNO 880 CON_ID 22 */ ) SELECT * FROM cte1  /* TRANSFORM_OUTCOME_UNORDERED_MATCH */ /* QNO 881 CON_ID 22 */
		    16 Query	CREATE OR REPLACE VIEW transforms.view_900_probe AS GRANT ALL PRIVILEGES ON test.b TO 'someuser'@'somehost' /* QNO 962 CON_ID 16 */  /* QNO 963 CON_ID 16 */
		    22 Query	/* GenTest::Transform::ExecuteAsExcept */ (  SELECT * FROM performance_schema.`file_summary_by_event_name` AS table1 WHERE (NOT table1.`MAX_TIMER_WAIT` = 1 AND table1.`COUNT_STAR` LIKE 'wait/synch/cond%') LIMIT 95 /* QNO 880 CON_ID 22 */  ) EXCEPT (  SELECT * FROM performance_schema.`file_summary_by_event_name` AS table1 WHERE (NOT table1.`MAX_TIMER_WAIT` = 1 AND table1.`COUNT_STAR` LIKE 'wait/synch/cond%') LIMIT 0 /* QNO 880 CON_ID 22 */  ) /* TRANSFORM_OUTCOME_DISTINCT */ /* QNO 882 CON_ID 22 */
		    16 Query	ALTER TABLE `t6` PARTITION BY KEY() PARTITIONS 1 /* QNO 964 CON_ID 16 */
		    22 Query	(  SELECT * FROM performance_schema.`file_summary_by_event_name` AS table1 WHERE (NOT table1.`MAX_TIMER_WAIT` = 1 AND table1.`COUNT_STAR` LIKE 'wait/synch/cond%') LIMIT 95 /* QNO 880 CON_ID 22 */  ) EXCEPT (  SELECT * FROM performance_schema.`file_summary_by_event_name` AS table1 WHERE (NOT table1.`MAX_TIMER_WAIT` = 1 AND table1.`COUNT_STAR` LIKE 'wait/synch/cond%') LIMIT 95 /* QNO 880 CON_ID 22 */  ) /* TRANSFORM_OUTCOME_EMPTY_RESULT */ /* QNO 883 CON_ID 22 */
		    16 Query	CREATE TRIGGER p BEFORE INSERT ON `t6` FOR EACH ROW BEGIN INSERT INTO `view_t8` SELECT * FROM `t9` LIMIT 0 ; END ; /* QNO 965 CON_ID 16 */
		    22 Query	/* GenTest::Transform::ExecuteAsExecuteImmediate */ EXECUTE IMMEDIATE ' SELECT * FROM performance_schema.`file_summary_by_event_name` AS table1 WHERE (NOT table1.`MAX_TIMER_WAIT` = 1 AND table1.`COUNT_STAR` LIKE \'wait/synch/cond%\') LIMIT 95 /* QNO 880 CON_ID 22 */ ' /* TRANSFORM_OUTCOME_UNORDERED_MATCH */ /* QNO 884 CON_ID 22 */
		    22 Prepare	SELECT * FROM performance_schema.`file_summary_by_event_name` AS table1 WHERE (NOT table1.`MAX_TIMER_WAIT` = 1 AND table1.`COUNT_STAR` LIKE 'wait/synch/cond%') LIMIT 95 /* QNO 880 CON_ID 22 */
		    22 Execute	SELECT * FROM performance_schema.`file_summary_by_event_name` AS table1 WHERE (NOT table1.`MAX_TIMER_WAIT` = 1 AND table1.`COUNT_STAR` LIKE 'wait/synch/cond%') LIMIT 95 /* QNO 880 CON_ID 22 */
		    22 Query	/* GenTest::Transform::ExecuteAsInsertSelect */ CREATE DATABASE IF NOT EXISTS transforms /* QNO 885 CON_ID 22 */
		    20 Query	(  SELECT * FROM INFORMATION_SCHEMA.`ROUTINES` AS table1 HAVING NOT (NOT (table1.`CHARACTER_MAXIMUM_LENGTH` >= 9 IS NULL OR table1.`NUMERIC_SCALE` = 'nm') OR table1.`DATA_TYPE` > '1999-02-01 08:56:44.026874') LIMIT 92 /* QNO 1728 CON_ID 20 */  ) INTERSECT (  SELECT * FROM INFORMATION_SCHEMA.`ROUTINES` AS table1 HAVING NOT (NOT (table1.`CHARACTER_MAXIMUM_LENGTH` >= 9 IS NULL OR table1.`NUMERIC_SCALE` = 'nm') OR table1.`DATA_TYPE` > '1999-02-01 08:56:44.026874') LIMIT 0 /* QNO 1728 CON_ID 20 */  ) /* TRANSFORM_OUTCOME_EMPTY_RESULT */ /* QNO 1735 CON_ID 20 */
		    18 Query	SELECT * FROM INFORMATION_SCHEMA.`TRIGGERS` AS table1 WHERE NOT table1.`TRIGGER_SCHEMA` <= '2012-04-13 19:53:23.055589' HAVING ( ( table1.`TRIGGER_NAME` <= 'u' AND table1.`CREATED` <= 4) AND table1.`CHARACTER_SET_CLIENT` = '2028-02-04 02:50:52.032828') LIMIT 57 /* QNO 792 CON_ID 18 */
		    20 Query	/* GenTest::Transform::ExecuteAsUnion */ (  SELECT * FROM INFORMATION_SCHEMA.`ROUTINES` AS table1 HAVING NOT (NOT (table1.`CHARACTER_MAXIMUM_LENGTH` >= 9 IS NULL OR table1.`NUMERIC_SCALE` = 'nm') OR table1.`DATA_TYPE` > '1999-02-01 08:56:44.026874') LIMIT 92 /* QNO 1728 CON_ID 20 */  ) UNION ALL (  SELECT * FROM INFORMATION_SCHEMA.`ROUTINES` AS table1 HAVING NOT (NOT (table1.`CHARACTER_MAXIMUM_LENGTH` >= 9 IS NULL OR table1.`NUMERIC_SCALE` = 'nm') OR table1.`DATA_TYPE` > '1999-02-01 08:56:44.026874') LIMIT 0 /* QNO 1728 CON_ID 20 */  ) /* TRANSFORM_OUTCOME_UNORDERED_MATCH */ /* QNO 1736 CON_ID 20 */
		    16 Query	CREATE OR REPLACE VIEW transforms.view_900_probe AS CREATE TRIGGER p BEFORE INSERT ON `t6` FOR EACH ROW BEGIN INSERT INTO `view_t8` SELECT * FROM `t9` LIMIT 0 ; END ; /* QNO 965 CON_ID 16 */  /* QNO 966 CON_ID 16 */
		    17 Query	ALTER TABLE t1 PARTITION BY KEY(tscol8) /* QNO 1365 CON_ID 17 */
		    18 Query	XA RECOVER /* QNO 793 CON_ID 18 */
		    16 Query	ALTER TABLE `view_t1` ADD KEY ( n ) /* QNO 967 CON_ID 16 */
		    18 Query	CREATE OR REPLACE VIEW transforms.view_4904_probe AS XA RECOVER /* QNO 793 CON_ID 18 */  /* QNO 794 CON_ID 18 */
		    18 Query	TRUNCATE TABLE performance_schema.file_summary_by_instance /* QNO 795 CON_ID 18 */
		    17 Query	SHOW ENGINE PERFORMANCE_SCHEMA STATUS /* QNO 1366 CON_ID 17 */
		    18 Query	TRUNCATE TABLE performance_schema.file_summary_by_event_name /* QNO 796 CON_ID 18 */
		    16 Query	DROP FUNCTION IF EXISTS p /* QNO 968 CON_ID 16 */
		    20 Query	(  SELECT * FROM INFORMATION_SCHEMA.`ROUTINES` AS table1 HAVING NOT (NOT (table1.`CHARACTER_MAXIMUM_LENGTH` >= 9 IS NULL OR table1.`NUMERIC_SCALE` = 'nm') OR table1.`DATA_TYPE` > '1999-02-01 08:56:44.026874') LIMIT 0 /* QNO 1728 CON_ID 20 */  ) UNION ALL (  SELECT * FROM INFORMATION_SCHEMA.`ROUTINES` AS table1 HAVING NOT (NOT (table1.`CHARACTER_MAXIMUM_LENGTH` >= 9 IS NULL OR table1.`NUMERIC_SCALE` = 'nm') OR table1.`DATA_TYPE` > '1999-02-01 08:56:44.026874') LIMIT 92 /* QNO 1728 CON_ID 20 */  ) /* TRANSFORM_OUTCOME_UNORDERED_MATCH */ /* QNO 1737 CON_ID 20 */
		    16 Query	SHOW WARNINGS
		    16 Query	DROP TRIGGER IF EXISTS o /* QNO 969 CON_ID 16 */
		    16 Query	SHOW WARNINGS
		    16 Query	ALTER TABLE `t9` PARTITION BY KEY() PARTITIONS 0 /* QNO 970 CON_ID 16 */
		    16 Query	ALTER TABLE `view_t5` REMOVE PARTITIONING /* QNO 971 CON_ID 16 */
		    16 Query	DROP TABLE p /* QNO 972 CON_ID 16 */
		    16 Query	CREATE TRIGGER l BEFORE INSERT ON `t1` FOR EACH ROW BEGIN INSERT INTO `view_t3` SELECT * FROM `view_t5` LIMIT 0 ; END ; /* QNO 973 CON_ID 16 */
		    18 Query	SHOW TABLES /* QNO 797 CON_ID 18 */
		    20 Query	(  SELECT * FROM INFORMATION_SCHEMA.`ROUTINES` AS table1 HAVING NOT (NOT (table1.`CHARACTER_MAXIMUM_LENGTH` >= 9 IS NULL OR table1.`NUMERIC_SCALE` = 'nm') OR table1.`DATA_TYPE` > '1999-02-01 08:56:44.026874') LIMIT 92 /* QNO 1728 CON_ID 20 */  ) UNION DISTINCT (  SELECT * FROM INFORMATION_SCHEMA.`ROUTINES` AS table1 HAVING NOT (NOT (table1.`CHARACTER_MAXIMUM_LENGTH` >= 9 IS NULL OR table1.`NUMERIC_SCALE` = 'nm') OR table1.`DATA_TYPE` > '1999-02-01 08:56:44.026874') LIMIT 92 /* QNO 1728 CON_ID 20 */  ) /* TRANSFORM_OUTCOME_DISTINCT */ /* QNO 1738 CON_ID 20 */
		    17 Query	CREATE OR REPLACE VIEW transforms.view_3980_probe AS SHOW ENGINE PERFORMANCE_SCHEMA STATUS /* QNO 1366 CON_ID 17 */  /* QNO 1367 CON_ID 17 */
		    18 Query	TRUNCATE TABLE performance_schema.events_waits_summary_by_instance /* QNO 798 CON_ID 18 */
		    18 Query	TRUNCATE TABLE performance_schema.file_summary_by_event_name /* QNO 799 CON_ID 18 */
		    18 Query	XA BEGIN 'xid71'  /* QNO 800 CON_ID 18 */
		    18 Query	INSERT INTO `INNODB_LOCKS` SELECT * FROM `INNODB_LOCK_WAITS` /* QNO 801 CON_ID 18 */
		    18 Query	UPDATE performance_schema.setup_consumers SET enabled = 'YES' WHERE name LIKE 'file%' /* QNO 802 CON_ID 18 */
		    17 Query	SELECT * FROM mysql.`columns_priv` AS table1 WHERE NOT (NOT table1.`Column_name` IN ( 0, 4, 0 ) OR table1.`User` = '2015-02-11 15:46:16.050731') HAVING table1.`Host` >= 2 IS NULL LIMIT 71 /* QNO 1368 CON_ID 17 */
		    18 Query	UPDATE performance_schema.setup_instruments SET ENABLED = 'NO' ORDER BY RAND() LIMIT 7 /* QNO 803 CON_ID 18 */
		    18 Query	OPTIMIZE TABLE t5 /* QNO 804 CON_ID 18 */
		    18 Query	INSERT INTO `INNODB_SYS_TABLESTATS` ( `pk` ) VALUES (NULL) /* QNO 805 CON_ID 18 */
		    17 Query	/* GenTest::Transform::ExecuteAsCTE */  WITH cte1 AS ( SELECT * FROM mysql.`columns_priv` AS table1 WHERE NOT( NOT table1.`Column_name` IN( 0, 4, 0) OR table1.`User` = '2015-02-11 15:46:16.050731') HAVING table1.`Host` >= 2 IS NULL LIMIT 71 /* QNO 1368 CON_ID 17 */ ) SELECT * FROM cte1  /* TRANSFORM_OUTCOME_UNORDERED_MATCH */ /* QNO 1369 CON_ID 17 */
		    17 Query	/* GenTest::Transform::ExecuteAsDeleteReturning */ CREATE DATABASE IF NOT EXISTS transforms /* QNO 1370 CON_ID 17 */
		    22 Query	SHOW WARNINGS
		    21 Query	/* GenTest::Transform::ExecuteAsIntersect */ (  SELECT * FROM mysql.`transaction_registry` AS table1 HAVING table1.`commit_timestamp` > 6 LIMIT 236 /* QNO 858 CON_ID 21 */  ) INTERSECT (  SELECT * FROM mysql.`transaction_registry` AS table1 HAVING table1.`commit_timestamp` > 6 LIMIT 236 /* QNO 858 CON_ID 21 */  ) /* TRANSFORM_OUTCOME_DISTINCT */ /* QNO 878 CON_ID 21 */
		    17 Query	SHOW WARNINGS
		    17 Query	DROP TABLE IF EXISTS transforms.delete_returning_3980 /* QNO 1371 CON_ID 17 */
		    21 Query	(  SELECT * FROM mysql.`transaction_registry` AS table1 HAVING table1.`commit_timestamp` > 6 LIMIT 236 /* QNO 858 CON_ID 21 */  ) INTERSECT (  SELECT * FROM mysql.`transaction_registry` AS table1 HAVING table1.`commit_timestamp` > 6 LIMIT 0 /* QNO 858 CON_ID 21 */  ) /* TRANSFORM_OUTCOME_EMPTY_RESULT */ /* QNO 879 CON_ID 21 */
		    22 Query	DROP TABLE IF EXISTS transforms.insert_select_4708 /* QNO 886 CON_ID 22 */
		    21 Query	/* GenTest::Transform::ExecuteAsUnion */ (  SELECT * FROM mysql.`transaction_registry` AS table1 HAVING table1.`commit_timestamp` > 6 LIMIT 236 /* QNO 858 CON_ID 21 */  ) UNION ALL (  SELECT * FROM mysql.`transaction_registry` AS table1 HAVING table1.`commit_timestamp` > 6 LIMIT 0 /* QNO 858 CON_ID 21 */  ) /* TRANSFORM_OUTCOME_UNORDERED_MATCH */ /* QNO 880 CON_ID 21 */
		    22 Query	SHOW WARNINGS
		    22 Query	CREATE TABLE transforms.insert_select_4708  SELECT * FROM performance_schema.`file_summary_by_event_name` AS table1 WHERE (NOT table1.`MAX_TIMER_WAIT` = 1 AND table1.`COUNT_STAR` LIKE 'wait/synch/cond%') LIMIT 95 /* QNO 880 CON_ID 22 */  /* QNO 887 CON_ID 22 */
		    21 Query	(  SELECT * FROM mysql.`transaction_registry` AS table1 HAVING table1.`commit_timestamp` > 6 LIMIT 0 /* QNO 858 CON_ID 21 */  ) UNION ALL (  SELECT * FROM mysql.`transaction_registry` AS table1 HAVING table1.`commit_timestamp` > 6 LIMIT 236 /* QNO 858 CON_ID 21 */  ) /* TRANSFORM_OUTCOME_UNORDERED_MATCH */ /* QNO 881 CON_ID 21 */
		    18 Query	SELECT * FROM performance_schema.`events_waits_summary_by_account_by_event_name` AS table1 LIMIT 21 /* QNO 806 CON_ID 18 */
		    20 Query	(  SELECT * FROM INFORMATION_SCHEMA.`ROUTINES` AS table1 HAVING NOT (NOT (table1.`CHARACTER_MAXIMUM_LENGTH` >= 9 IS NULL OR table1.`NUMERIC_SCALE` = 'nm') OR table1.`DATA_TYPE` > '1999-02-01 08:56:44.026874') LIMIT 92 /* QNO 1728 CON_ID 20 */  ) UNION ALL (  SELECT * FROM INFORMATION_SCHEMA.`ROUTINES` AS table1 HAVING NOT (NOT (table1.`CHARACTER_MAXIMUM_LENGTH` >= 9 IS NULL OR table1.`NUMERIC_SCALE` = 'nm') OR table1.`DATA_TYPE` > '1999-02-01 08:56:44.026874') LIMIT 92 /* QNO 1728 CON_ID 20 */  ) /* TRANSFORM_OUTCOME_SUPERSET */ /* QNO 1739 CON_ID 20 */
		    20 Query	CREATE OR REPLACE VIEW transforms.view_1000_probe AS  SELECT * FROM INFORMATION_SCHEMA.`ROUTINES` AS table1 HAVING NOT (NOT (table1.`CHARACTER_MAXIMUM_LENGTH` >= 9 IS NULL OR table1.`NUMERIC_SCALE` = 'nm') OR table1.`DATA_TYPE` > '1999-02-01 08:56:44.026874') LIMIT 92 /* QNO 1728 CON_ID 20 */  /* QNO 1740 CON_ID 20 */
		    18 Query	ALTER IGNORE TABLE t1 /*!100301 WAIT 4 */ DROP PRIMARY KEY /* QNO 807 CON_ID 18 */
		    20 Query	/* GenTest::Transform::ExecuteAsPreparedTwice */ PREPARE prep_stmt_1000 FROM ' SELECT * FROM INFORMATION_SCHEMA.`ROUTINES` AS table1 HAVING NOT (NOT (table1.`CHARACTER_MAXIMUM_LENGTH` >= 9 IS NULL OR table1.`NUMERIC_SCALE` = \'nm\') OR table1.`DATA_TYPE` > \'1999-02-01 08:56:44.026874\') LIMIT 92 /* QNO 1728 CON_ID 20 */ ' /* QNO 1741 CON_ID 20 */
		    20 Prepare	SELECT * FROM INFORMATION_SCHEMA.`ROUTINES` AS table1 HAVING NOT (NOT (table1.`CHARACTER_MAXIMUM_LENGTH` >= 9 IS NULL OR table1.`NUMERIC_SCALE` = 'nm') OR table1.`DATA_TYPE` > '1999-02-01 08:56:44.026874') LIMIT 92 /* QNO 1728 CON_ID 20 */
		    20 Query	EXECUTE prep_stmt_1000 /* TRANSFORM_OUTCOME_UNORDERED_MATCH */ /* QNO 1742 CON_ID 20 */
		    20 Execute	SELECT * FROM INFORMATION_SCHEMA.`ROUTINES` AS table1 HAVING NOT (NOT (table1.`CHARACTER_MAXIMUM_LENGTH` >= 9 IS NULL OR table1.`NUMERIC_SCALE` = 'nm') OR table1.`DATA_TYPE` > '1999-02-01 08:56:44.026874') LIMIT 92 /* QNO 1728 CON_ID 20 */
		    20 Query	EXECUTE prep_stmt_1000 /* TRANSFORM_OUTCOME_UNORDERED_MATCH */ /* QNO 1743 CON_ID 20 */
		    20 Execute	SELECT * FROM INFORMATION_SCHEMA.`ROUTINES` AS table1 HAVING NOT (NOT (table1.`CHARACTER_MAXIMUM_LENGTH` >= 9 IS NULL OR table1.`NUMERIC_SCALE` = 'nm') OR table1.`DATA_TYPE` > '1999-02-01 08:56:44.026874') LIMIT 92 /* QNO 1728 CON_ID 20 */
		    20 Query	DEALLOCATE PREPARE prep_stmt_1000 /* QNO 1744 CON_ID 20 */
		    20 Query	/* GenTest::Transform::ExecuteAsSPTwice */ DROP PROCEDURE IF EXISTS stored_proc_1000 /* QNO 1745 CON_ID 20 */
		    20 Query	XA END 'xid114'  /* QNO 1746 CON_ID 20 */
		    20 Query	CREATE SEQUENCE seq2 START 0  /* QNO 1747 CON_ID 20 */
		    20 Query	SHOW ENGINE PERFORMANCE_SCHEMA STATUS /* QNO 1748 CON_ID 20 */
		    20 Query	CREATE OR REPLACE VIEW transforms.view_1000_probe AS SHOW ENGINE PERFORMANCE_SCHEMA STATUS /* QNO 1748 CON_ID 20 */  /* QNO 1749 CON_ID 20 */
		    20 Query	XA END 'xid14'  /* QNO 1750 CON_ID 20 */
		    20 Query	CREATE OR REPLACE VIEW transforms.view_1000_probe AS XA END 'xid14'  /* QNO 1750 CON_ID 20 */  /* QNO 1751 CON_ID 20 */
		    20 Query	INSERT INTO `INNODB_METRICS` ( `pk` ) VALUES (NULL) /* QNO 1752 CON_ID 20 */
		    20 Query	UPDATE performance_schema.setup_consumers SET enabled = 'YES' WHERE name LIKE 'events%' /* QNO 1753 CON_ID 20 */
		    20 Query	TRUNCATE TABLE performance_schema.events_waits_history /* QNO 1754 CON_ID 20 */
		    20 Query	UPDATE `INNODB_SYS_FIELDS` SET `NAME` = 1 WHERE `POS` < '1992-01-26 08:53:28.049237' /* QNO 1755 CON_ID 20 */
		    20 Query	TRUNCATE TABLE performance_schema.file_summary_by_event_name /* QNO 1756 CON_ID 20 */
		    20 Query	ALTER TABLE `GEOMETRY_COLUMNS` CHANGE COLUMN vcol6 icol2 INT NOT NULL /*!100303 INVISIBLE */, LOCK=EXCLUSIVE, MODIFY COLUMN IF EXISTS scol4 VARBINARY(56975) NULL DEFAULT NULL, LOCK=SHARED /* QNO 1757 CON_ID 20 */
		    20 Query	INSERT INTO `SYSTEM_VARIABLES` ( `pk` ) VALUES (NULL) /* QNO 1758 CON_ID 20 */
		    20 Query	TRUNCATE TABLE performance_schema.events_waits_summary_by_thread_by_event_name /* QNO 1759 CON_ID 20 */
		    20 Query	CREATE SEQUENCE IF NOT EXISTS seq2 START = 0  /* QNO 1760 CON_ID 20 */
		    21 Query	(  SELECT * FROM mysql.`transaction_registry` AS table1 HAVING table1.`commit_timestamp` > 6 LIMIT 236 /* QNO 858 CON_ID 21 */  ) UNION DISTINCT (  SELECT * FROM mysql.`transaction_registry` AS table1 HAVING table1.`commit_timestamp` > 6 LIMIT 236 /* QNO 858 CON_ID 21 */  ) /* TRANSFORM_OUTCOME_DISTINCT */ /* QNO 882 CON_ID 21 */
		    20 Query	SELECT * FROM test.`view_t1` AS table1 HAVING ( table1.`vcol_date` < '1977-10-13 19:44:30.057850' AND table1.`vcol_blob` >= 'ma') LIMIT 210 /* QNO 1761 CON_ID 20 */
		    21 Query	(  SELECT * FROM mysql.`transaction_registry` AS table1 HAVING table1.`commit_timestamp` > 6 LIMIT 236 /* QNO 858 CON_ID 21 */  ) UNION ALL (  SELECT * FROM mysql.`transaction_registry` AS table1 HAVING table1.`commit_timestamp` > 6 LIMIT 236 /* QNO 858 CON_ID 21 */  ) /* TRANSFORM_OUTCOME_SUPERSET */ /* QNO 883 CON_ID 21 */
		    21 Query	CREATE OR REPLACE VIEW transforms.view_4888_probe AS  SELECT * FROM mysql.`transaction_registry` AS table1 HAVING table1.`commit_timestamp` > 6 LIMIT 236 /* QNO 858 CON_ID 21 */  /* QNO 884 CON_ID 21 */
		    20 Query	DELETE FROM `t9` WHERE `vcol_int` <= 'aq' LIMIT 5 /* QNO 1762 CON_ID 20 */
		    20 Query	UPDATE performance_schema.setup_timers SET timer_name = 'NANOSECOND' /* QNO 1763 CON_ID 20 */
		    20 Query	XA COMMIT 'non_idle_xid'  /* QNO 1764 CON_ID 20 */
		    20 Query	SHOW ENGINE PERFORMANCE_SCHEMA STATUS /* QNO 1765 CON_ID 20 */
		    20 Query	CREATE OR REPLACE VIEW transforms.view_1000_probe AS SHOW ENGINE PERFORMANCE_SCHEMA STATUS /* QNO 1765 CON_ID 20 */  /* QNO 1766 CON_ID 20 */
		    20 Query	UPDATE performance_schema.setup_instruments SET TIMED = 'YES' WHERE NAME LIKE 'wait/synch%' /* QNO 1767 CON_ID 20 */
		    20 Query	UPDATE `view_t5` SET `col_dec` = 9 WHERE `vcol_dec` != '2000-04-19 06:43:24.013708' /* QNO 1768 CON_ID 20 */
		    20 Query	SELECT * FROM `view_t9` INTO OUTFILE 'load_view_t9'  /* QNO 1769 CON_ID 20 */
		    20 Query	LOAD DATA INFILE 'load_view_t9' IGNORE INTO TABLE view_t9 /* QNO 1770 CON_ID 20 */
		    20 Query	SELECT row_start FROM t7 ORDER BY RAND() LIMIT 1 INTO @trx /* QNO 1771 CON_ID 20 */
		    20 Query	INSERT INTO `t3` SELECT * FROM `t6` /* QNO 1772 CON_ID 20 */
		    20 Query	INSERT INTO `t1` ( `pk` ) VALUES (NULL) /* QNO 1773 CON_ID 20 */
		    20 Query	TRUNCATE TABLE performance_schema.events_waits_summary_by_instance /* QNO 1774 CON_ID 20 */
		    20 Query	SELECT * FROM performance_schema.`events_stages_summary_by_user_by_event_name` AS table1 WHERE table1.`EVENT_NAME` LIKE 'wait/synch%' HAVING ( (table1.`COUNT_STAR` <= 'qs' IS NOT NULL OR table1.`MAX_TIMER_WAIT` = '2029-10-21 15:54:36.044638') OR table1.`USER` <= 's') ORDER BY table1.`MAX_TIMER_WAIT` LIMIT 190 /* QNO 1775 CON_ID 20 */
		    20 Query	INSERT INTO `events_waits_summary_by_host_by_event_name` SELECT * FROM `host_cache` /* QNO 1776 CON_ID 20 */
		    20 Query	ALTER TABLE t2 DROP COLUMN `COUNT_PROXY_USER_ACL_ERRORS`, LOCK=SHARED, DROP COLUMN IF EXISTS ecol5  /* QNO 1777 CON_ID 20 */
		    20 Query	TRUNCATE TABLE performance_schema.file_summary_by_event_name /* QNO 1778 CON_ID 20 */
		    20 Query	DELETE FROM `users` WHERE `USER` <> 'u' LIMIT 2 /* QNO 1779 CON_ID 20 */
		    20 Query	SELECT * from `session_connect_attrs` WHERE row_start IN (SELECT row_start FROM `events_waits_history_long`) /* QNO 1780 CON_ID 20 */
		    20 Query	SELECT * FROM (mysql.`time_zone_leap_second` AS table1 STRAIGHT_JOIN test.`t1` AS table2 ON ( table2.`vcol_date` = table1.`Transition_time` ) ) WHERE ( ( ( ( ( table1.`Transition_time` LIKE '%myisam%' OR table2.`vcol_varchar` LIKE 'wait/synch/rwlock%') AND table1.`Transition_time` > 8) OR table1.`Correction` <= table2.`col_char`) AND table1.`Correction` IN ( 4, 8, 8 )) AND table1.`Transition_time` <> 7) HAVING NOT ( table2.`col_date` <= 4 AND table1.`Transition_time` <= 'ge') LIMIT 184 /* QNO 1781 CON_ID 20 */
		    20 Query	FLUSH TABLES /* QNO 1782 CON_ID 20 */
		    20 Query	SET STATEMENT system_versioning_alter_history=KEEP FOR ALTER TABLE t7 REMOVE PARTITIONING /* QNO 1783 CON_ID 20 */
		    20 Query	SET STATEMENT system_versioning_alter_history=KEEP FOR ALTER TABLE t7 ADD SYSTEM VERSIONING /* QNO 1784 CON_ID 20 */
		    20 Query	UPDATE `general_log` SET `user_host` = '2023-04-21 15:55:39.047993' WHERE `event_time` != 4 /* QNO 1785 CON_ID 20 */
		    20 Query	ALTER IGNORE TABLE t8 /*!100301 NOWAIT */ DROP INDEX ind4, ADD CONSTRAINT w FOREIGN KEY (vcol5, tscol6) REFERENCES `roles_mapping` (`Role`), MODIFY COLUMN IF EXISTS tscol4 TIMESTAMP, LOCK=SHARED, ADD CONSTRAINT PRIMARY KEY(`Role`(144)), ADD CONSTRAINT CHECK (vcol9 LIKE 8) /* QNO 1786 CON_ID 20 */
		    20 Query	ALTER ONLINE TABLE `table_stats` /*!100301 WAIT 7 */ CHANGE COLUMN tscol7 tscol3 TIMESTAMP NOT NULL /*!100201 CHECK (`db_name` NOT LIKE `db_name`) */, LOCK=SHARED, FORCE, ALGORITHM=COPY, CHANGE COLUMN `cardinality` tscol6 DATETIME /*!100201 CHECK (icol6 LIKE tscol7) */, ALGORITHM=INPLACE  /* QNO 1787 CON_ID 20 */
		    20 Query	SELECT * FROM mysql.`column_stats` AS table1 LIMIT 239 /* QNO 1788 CON_ID 20 */
		    20 Query	ALTER SEQUENCE IF EXISTS seq5 NOMINVALUE RESTART = 0 /* QNO 1789 CON_ID 20 */
		    20 Query	INSERT INTO `servers` SELECT * FROM `user` /* QNO 1790 CON_ID 20 */
		    21 Query	DROP VIEW transforms.view_4888_probe /* QNO 885 CON_ID 21 */
		    20 Query	SET STATEMENT `sql_mode`=ORACLE FOR SELECT seq8.nextval /* QNO 1791 CON_ID 20 */
		    20 Query	UNLOCK TABLES /* QNO 1792 CON_ID 20 */
		    21 Query	/* GenTest::Transform::ExecuteAsView */ CREATE DATABASE IF NOT EXISTS transforms /* QNO 886 CON_ID 21 */
		    20 Query	CREATE OR REPLACE VIEW transforms.view_1000_probe AS UNLOCK TABLES /* QNO 1792 CON_ID 20 */  /* QNO 1793 CON_ID 20 */
		    20 Query	INSERT INTO `procs_priv` SELECT * FROM `help_relation` /* QNO 1794 CON_ID 20 */
		    20 Query	DELETE FROM t6 LIMIT 9 /* QNO 1795 CON_ID 20 */
		    20 Query	SELECT * FROM (performance_schema.`objects_summary_global_by_type` AS table1 RIGHT JOIN mysql.`tables_priv` AS table2 ON ( table2.`User` = table1.`MIN_TIMER_WAIT` ) ) WHERE table1.`OBJECT_NAME` LIKE 'wait/synch%' HAVING (table1.`OBJECT_NAME` <> 8 IS NULL AND table1.`OBJECT_TYPE` != 7) LIMIT 221 /* QNO 1796 CON_ID 20 */
		    20 Query	XA PREPARE 'xid14'  /* QNO 1797 CON_ID 20 */
		    20 Query	CREATE OR REPLACE VIEW transforms.view_1000_probe AS XA PREPARE 'xid14'  /* QNO 1797 CON_ID 20 */  /* QNO 1798 CON_ID 20 */
		    20 Query	ALTER TABLE `events_waits_summary_by_account_by_event_name` REMOVE PARTITIONING /* QNO 1799 CON_ID 20 */
		    20 Query	UPDATE performance_schema.setup_timers SET timer_name = 'MILLISECOND' /* QNO 1800 CON_ID 20 */
		    20 Query	RENAME TABLE seq1 TO seq9 /* QNO 1801 CON_ID 20 */
		    20 Query	UPDATE t9 SET scol6 = DEFAULT LIMIT 1 /* QNO 1802 CON_ID 20 */
		    20 Query	SELECT * FROM `events_stages_summary_by_thread_by_event_name` INTO OUTFILE 'load_events_stages_summary_by_thread_by_event_name'  /* QNO 1803 CON_ID 20 */
		    20 Query	LOAD DATA INFILE 'load_events_stages_summary_by_thread_by_event_name' IGNORE INTO TABLE events_stages_summary_by_thread_by_event_name /* QNO 1804 CON_ID 20 */
		    20 Query	INSERT INTO `events_statements_current` ( `pk` ) VALUES (NULL) /* QNO 1805 CON_ID 20 */
		    20 Query	SELECT * FROM `events_statements_summary_global_by_event_name` INTO OUTFILE 'load_events_statements_summary_global_by_event_name'  /* QNO 1806 CON_ID 20 */
		    20 Query	LOAD DATA INFILE 'load_events_statements_summary_global_by_event_name' IGNORE INTO TABLE events_statements_summary_global_by_event_name /* QNO 1807 CON_ID 20 */
		    20 Query	XA PREPARE 'xid114'  /* QNO 1808 CON_ID 20 */
		    20 Query	UPDATE performance_schema.setup_instruments SET ENABLED = 'YES' ORDER BY RAND() LIMIT 5 /* QNO 1809 CON_ID 20 */
		    17 Query	CREATE TABLE transforms.delete_returning_3980  SELECT * FROM mysql.`columns_priv` AS table1 WHERE NOT (NOT table1.`Column_name` IN ( 0, 4, 0 ) OR table1.`User` = '2015-02-11 15:46:16.050731') HAVING table1.`Host` >= 2 IS NULL LIMIT 71 /* QNO 1368 CON_ID 17 */  /* QNO 1372 CON_ID 17 */
		    20 Query	UPDATE performance_schema.setup_consumers SET enabled = 'YES' WHERE name LIKE 'file%' /* QNO 1810 CON_ID 20 */
		    16 Query	CREATE OR REPLACE VIEW transforms.view_900_probe AS CREATE TRIGGER l BEFORE INSERT ON `t1` FOR EACH ROW BEGIN INSERT INTO `view_t3` SELECT * FROM `view_t5` LIMIT 0 ; END ; /* QNO 973 CON_ID 16 */  /* QNO 974 CON_ID 16 */
		    20 Query	SELECT * FROM `threads` INTO OUTFILE 'load_threads'  /* QNO 1811 CON_ID 20 */
		    20 Query	LOAD DATA INFILE 'load_threads' IGNORE INTO TABLE threads /* QNO 1812 CON_ID 20 */
		    16 Query	GRANT ALL PRIVILEGES ON k.* TO 'someuser'@'somehost' /* QNO 975 CON_ID 16 */
		    16 Query	CREATE OR REPLACE VIEW transforms.view_900_probe AS GRANT ALL PRIVILEGES ON k.* TO 'someuser'@'somehost' /* QNO 975 CON_ID 16 */  /* QNO 976 CON_ID 16 */
		    16 Query	GRANT REPLICATION CLIENT, USAGE ON *.* to 'someuser'@'somehost' /* QNO 977 CON_ID 16 */
		    16 Query	CREATE OR REPLACE VIEW transforms.view_900_probe AS GRANT REPLICATION CLIENT, USAGE ON *.* to 'someuser'@'somehost' /* QNO 977 CON_ID 16 */  /* QNO 978 CON_ID 16 */
		    16 Query	CREATE TRIGGER u BEFORE INSERT ON `view_t1` FOR EACH ROW BEGIN INSERT INTO `t2` SELECT * FROM `t9` LIMIT 0 ; END ; /* QNO 979 CON_ID 16 */
		    16 Query	CREATE TRIGGER e BEFORE INSERT ON `t1` FOR EACH ROW BEGIN INSERT INTO `view_t5` SELECT * FROM `t6` LIMIT 0 ; END ; /* QNO 980 CON_ID 16 */
		    20 Query	SHOW ENGINE PERFORMANCE_SCHEMA STATUS /* QNO 1813 CON_ID 20 */
		    20 Query	CREATE OR REPLACE VIEW transforms.view_1000_probe AS SHOW ENGINE PERFORMANCE_SCHEMA STATUS /* QNO 1813 CON_ID 20 */  /* QNO 1814 CON_ID 20 */
		    20 Query	UPDATE performance_schema.setup_instruments SET ENABLED = 'YES' ORDER BY RAND() LIMIT 8 /* QNO 1815 CON_ID 20 */
		    20 Query	ALTER TABLE t2 ADD SYSTEM VERSIONING, ADD COLUMN IF NOT EXISTS ncol5 FLOAT UNSIGNED NOT NULL, ADD COLUMN IF NOT EXISTS ncol1 FLOAT NULL, ROW_FORMAT=REDUNDANT, ADD COLUMN IF NOT EXISTS `PROCESSLIST_DB` VARBINARY(13262) NOT NULL, ALGORITHM=COPY  /* QNO 1816 CON_ID 20 */
		    20 Query	UPDATE `events_stages_summary_global_by_event_name` SET `AVG_TIMER_WAIT` = 'e' WHERE `MAX_TIMER_WAIT` <> '2025-08-07 19:38:07.025961' /* QNO 1817 CON_ID 20 */
		    20 Query	SELECT * FROM performance_schema.`events_statements_summary_by_digest` AS table1 WHERE NOT ( ( ( ( table1.`SUM_SORT_MERGE_PASSES` = table1.`SUM_SELECT_SCAN` AND table1.`SUM_WARNINGS` = 4) AND table1.`MAX_TIMER_WAIT` IN ( 7, 2, 3 )) AND table1.`SUM_ROWS_EXAMINED` > table1.`SUM_ROWS_SENT`) AND table1.`SUM_CREATED_TMP_DISK_TABLES` LIKE 'wait/synch/rwlock%') ORDER BY table1.`SUM_WARNINGS`, table1.`SUM_ROWS_SENT`, table1.`DIGEST_TEXT`, table1.`SUM_ROWS_AFFECTED`, table1.`FIRST_SEEN` LIMIT 71 /* QNO 1818 CON_ID 20 */
		    20 Query	SELECT * FROM `events_statements_history` INTO OUTFILE 'load_events_statements_history'  /* QNO 1819 CON_ID 20 */
		    20 Query	LOAD DATA INFILE 'load_events_statements_history' REPLACE INTO TABLE events_statements_history /* QNO 1820 CON_ID 20 */
		    20 Query	SET STATEMENT system_versioning_alter_history=KEEP FOR ALTER TABLE t9 ADD PERIOD FOR SYSTEM_TIME(`vers_start`, `vers_start`), ADD SYSTEM VERSIONING /* QNO 1821 CON_ID 20 */
		    20 Query	SELECT NEXTVAL( seq3 ) /* QNO 1822 CON_ID 20 */
		    20 Query	SELECT SETVAL(seq5, 34) /* QNO 1823 CON_ID 20 */
		    20 Query	TRUNCATE TABLE performance_schema.file_summary_by_event_name /* QNO 1824 CON_ID 20 */
		    20 Query	INSERT INTO `table_lock_waits_summary_by_table` SELECT * FROM `rwlock_instances` /* QNO 1825 CON_ID 20 */
		    20 Query	SHOW ENGINE PERFORMANCE_SCHEMA STATUS /* QNO 1826 CON_ID 20 */
		    20 Query	CREATE OR REPLACE VIEW transforms.view_1000_probe AS SHOW ENGINE PERFORMANCE_SCHEMA STATUS /* QNO 1826 CON_ID 20 */  /* QNO 1827 CON_ID 20 */
		    20 Query	TRUNCATE TABLE performance_schema.events_waits_summary_by_thread_by_event_name /* QNO 1828 CON_ID 20 */
		    20 Query	XA ROLLBACK 'non_idle_xid'  /* QNO 1829 CON_ID 20 */
		    20 Query	SELECT * FROM `rwlock_instances` INTO OUTFILE 'load_rwlock_instances'  /* QNO 1830 CON_ID 20 */
		    16 Query	CREATE OR REPLACE VIEW transforms.view_900_probe AS CREATE TRIGGER e BEFORE INSERT ON `t1` FOR EACH ROW BEGIN INSERT INTO `view_t5` SELECT * FROM `t6` LIMIT 0 ; END ; /* QNO 980 CON_ID 16 */  /* QNO 981 CON_ID 16 */
		    16 Query	DROP FUNCTION IF EXISTS u /* QNO 982 CON_ID 16 */
		    16 Query	SHOW WARNINGS
		    16 Query	CREATE TRIGGER f BEFORE INSERT ON `view_t5` FOR EACH ROW BEGIN INSERT INTO `t4` SELECT * FROM `t3` LIMIT 0 ; END ; /* QNO 983 CON_ID 16 */
		    16 Query	ALTER TABLE `view_t1` REMOVE PARTITIONING /* QNO 984 CON_ID 16 */
		    16 Query	CREATE TABLE d LIKE `t1` /* QNO 985 CON_ID 16 */
		    16 Query	ALTER TABLE `view_t5` DROP PRIMARY KEY /* QNO 986 CON_ID 16 */
		    16 Query	GRANT INSERT ( `col_timestamp` ), SELECT ( `vcol_varchar`, `vcol_datetime`, `vcol_dec`, `vcol_bit`, `vcol_bit` ), SELECT ( `col_year`, `vcol_timestamp`, `col_year` ) ON `t2` TO 'someuser'@'somehost' /* QNO 987 CON_ID 16 */
		    16 Query	DROP DATABASE IF EXISTS e /* QNO 988 CON_ID 16 */
		    16 Query	SHOW WARNINGS
		    16 Query	DROP VIEW IF EXISTS s /* QNO 989 CON_ID 16 */
		    16 Query	SHOW WARNINGS
		    16 Query	ALTER TABLE `view_t6` ADD KEY ( g ) /* QNO 990 CON_ID 16 */
		    16 Query	REVOKE ALL PRIVILEGES ON test.t FROM 'someuser'@'somehost' /* QNO 991 CON_ID 16 */
		    16 Query	CREATE OR REPLACE VIEW transforms.view_900_probe AS REVOKE ALL PRIVILEGES ON test.t FROM 'someuser'@'somehost' /* QNO 991 CON_ID 16 */  /* QNO 992 CON_ID 16 */
		    16 Query	REVOKE ALL PRIVILEGES ON test.e FROM 'someuser'@'somehost' /* QNO 993 CON_ID 16 */
		    16 Query	DROP FUNCTION IF EXISTS q /* QNO 994 CON_ID 16 */
		    16 Query	SHOW WARNINGS
		    16 Query	REVOKE ALL PRIVILEGES ON test.h FROM 'someuser'@'somehost' /* QNO 995 CON_ID 16 */
		    16 Query	CREATE OR REPLACE VIEW transforms.view_900_probe AS REVOKE ALL PRIVILEGES ON test.h FROM 'someuser'@'somehost' /* QNO 995 CON_ID 16 */  /* QNO 996 CON_ID 16 */
		    16 Query	CREATE EVENT o ON SCHEDULE AT NOW() DO SET @a=@a /* QNO 997 CON_ID 16 */
		    16 Query	REVOKE ALL PRIVILEGES ON m.* FROM 'someuser'@'somehost' /* QNO 998 CON_ID 16 */
		    16 Query	CREATE OR REPLACE VIEW transforms.view_900_probe AS REVOKE ALL PRIVILEGES ON m.* FROM 'someuser'@'somehost' /* QNO 998 CON_ID 16 */  /* QNO 999 CON_ID 16 */
		    16 Query	GRANT SHOW DATABASES, REPLICATION CLIENT, SUPER, REPLICATION SLAVE, CREATE USER, SHUTDOWN, RELOAD, REPLICATION CLIENT ON *.* to 'someuser'@'somehost' /* QNO 1000 CON_ID 16 */
		    16 Query	CREATE OR REPLACE VIEW transforms.view_900_probe AS GRANT SHOW DATABASES, REPLICATION CLIENT, SUPER, REPLICATION SLAVE, CREATE USER, SHUTDOWN, RELOAD, REPLICATION CLIENT ON *.* to 'someuser'@'somehost' /* QNO 1000 CON_ID 16 */  /* QNO 1001 CON_ID 16 */
		    16 Query	DROP EVENT l /* QNO 1002 CON_ID 16 */
		    16 Query	DROP VIEW IF EXISTS r /* QNO 1003 CON_ID 16 */
		    16 Query	SHOW WARNINGS
		    16 Query	ALTER TABLE `t9` ADD PRIMARY KEY (`pk`) /* QNO 1004 CON_ID 16 */
		    16 Query	ALTER TABLE `t1` REMOVE PARTITIONING /* QNO 1005 CON_ID 16 */
		    16 Query	ALTER TABLE `t2` PARTITION BY KEY() PARTITIONS 2 /* QNO 1006 CON_ID 16 */
		    16 Query	CREATE DATABASE IF NOT EXISTS z /* QNO 1007 CON_ID 16 */
		    16 Query	SHOW WARNINGS
		    16 Query	DROP VIEW IF EXISTS v /* QNO 1008 CON_ID 16 */
		    16 Query	SHOW WARNINGS
		    16 Query	ALTER TABLE `t4` DROP PRIMARY KEY /* QNO 1009 CON_ID 16 */
		    16 Query	DROP EVENT n /* QNO 1010 CON_ID 16 */
		    16 Query	GRANT ALL PRIVILEGES ON f.* TO 'someuser'@'somehost' /* QNO 1011 CON_ID 16 */
		    16 Query	CREATE OR REPLACE VIEW transforms.view_900_probe AS GRANT ALL PRIVILEGES ON f.* TO 'someuser'@'somehost' /* QNO 1011 CON_ID 16 */  /* QNO 1012 CON_ID 16 */
		    16 Query	CREATE PROCEDURE t ( IN s INT ) BEGIN SELECT COUNT(*) INTO @a FROM `view_t3`; END ; /* QNO 1013 CON_ID 16 */
190114 12:06:40	    18 Query	ALTER IGNORE TABLE t10 /*!100301 NOWAIT */ FORCE, LOCK=SHARED, ALGORITHM=COPY, DROP PRIMARY KEY /* QNO 808 CON_ID 18 */
		    20 Query	LOAD DATA INFILE 'load_rwlock_instances' REPLACE INTO TABLE rwlock_instances /* QNO 1831 CON_ID 20 */
		    16 Query	CREATE OR REPLACE VIEW transforms.view_900_probe AS CREATE PROCEDURE t ( IN s INT ) BEGIN SELECT COUNT(*) INTO @a FROM `view_t3`; END ; /* QNO 1013 CON_ID 16 */  /* QNO 1014 CON_ID 16 */
		    16 Query	DROP PROCEDURE IF EXISTS j /* QNO 1015 CON_ID 16 */
		    16 Query	SHOW WARNINGS
		    16 Query	DROP DATABASE IF EXISTS g /* QNO 1016 CON_ID 16 */
		    20 Query	INSERT INTO `events_stages_summary_global_by_event_name` SELECT * FROM `file_instances` /* QNO 1832 CON_ID 20 */
		    18 Query	INSERT INTO `session_connect_attrs` ( `pk` ) VALUES (NULL) /* QNO 809 CON_ID 18 */
		    20 Query	SELECT * FROM INFORMATION_SCHEMA.`INNODB_BUFFER_PAGE` AS table1 ORDER BY table1.`ACCESS_TIME`, table1.`BLOCK_ID`, table1.`INDEX_NAME`, table1.`NUMBER_RECORDS`, table1.`DATA_SIZE` LIMIT 9 /* QNO 1833 CON_ID 20 */
		    20 Query	TRUNCATE TABLE performance_schema.file_summary_by_event_name /* QNO 1834 CON_ID 20 */
		    20 Query	SELECT * FROM `INNODB_BUFFER_PAGE_LRU` INTO OUTFILE 'load_INNODB_BUFFER_PAGE_LRU'  /* QNO 1835 CON_ID 20 */
		    20 Query	LOAD DATA INFILE 'load_INNODB_BUFFER_PAGE_LRU' REPLACE INTO TABLE INNODB_BUFFER_PAGE_LRU /* QNO 1836 CON_ID 20 */
		    20 Query	SHOW ENGINE PERFORMANCE_SCHEMA STATUS /* QNO 1837 CON_ID 20 */
		    20 Query	CREATE OR REPLACE VIEW transforms.view_1000_probe AS SHOW ENGINE PERFORMANCE_SCHEMA STATUS /* QNO 1837 CON_ID 20 */  /* QNO 1838 CON_ID 20 */
		    20 Query	TRUNCATE TABLE performance_schema.file_summary_by_instance /* QNO 1839 CON_ID 20 */
		    20 Query	TRUNCATE TABLE performance_schema.events_waits_summary_by_thread_by_event_name /* QNO 1840 CON_ID 20 */
		    20 Query	INSERT INTO `INNODB_FT_BEING_DELETED` ( `pk` ) VALUES (NULL) /* QNO 1841 CON_ID 20 */
		    20 Query	UPDATE performance_schema.setup_consumers SET enabled = 'YES' WHERE name LIKE 'events%' /* QNO 1842 CON_ID 20 */
		    20 Query	UPDATE performance_schema.setup_consumers SET enabled = 'NO' WHERE name LIKE 'file%' /* QNO 1843 CON_ID 20 */
		    20 Query	XA RECOVER /* QNO 1844 CON_ID 20 */
		    20 Query	CREATE OR REPLACE VIEW transforms.view_1000_probe AS XA RECOVER /* QNO 1844 CON_ID 20 */  /* QNO 1845 CON_ID 20 */
		    20 Query	DELETE FROM `INNODB_CMP_PER_INDEX_RESET` WHERE `table_name` < 2 LIMIT 8 /* QNO 1846 CON_ID 20 */
		    20 Query	SELECT * FROM `STATISTICS` INTO OUTFILE 'load_STATISTICS'  /* QNO 1847 CON_ID 20 */
		    20 Query	LOAD DATA INFILE 'load_STATISTICS' REPLACE INTO TABLE STATISTICS /* QNO 1848 CON_ID 20 */
		    20 Query	ALTER ONLINE TABLE `INNODB_FT_DELETED` /*!100301 NOWAIT */ DROP PRIMARY KEY /* QNO 1849 CON_ID 20 */
		    20 Query	SELECT * FROM INFORMATION_SCHEMA.`INNODB_SYS_DATAFILES` AS table1 ORDER BY table1.`PATH`, table1.`PATH` LIMIT 13 /* QNO 1850 CON_ID 20 */
		    20 Query	ALTER TABLE t9 ALTER COLUMN ecol8 SET DEFAULT NULL, ALTER COLUMN ncol5 SET DEFAULT 0, DROP COLUMN icol9, ALGORITHM=COPY, LOCK=SHARED, CHANGE COLUMN IF EXISTS `row_start` tcol2 DATE, LOCK=SHARED /* QNO 1851 CON_ID 20 */
		    20 Query	TRUNCATE TABLE performance_schema.events_waits_summary_by_thread_by_event_name /* QNO 1852 CON_ID 20 */
		    20 Query	DROP SEQUENCE IF EXISTS seq5 /* QNO 1853 CON_ID 20 */
		    20 Query	SHOW ENGINE PERFORMANCE_SCHEMA STATUS /* QNO 1854 CON_ID 20 */
		    20 Query	CREATE OR REPLACE VIEW transforms.view_1000_probe AS SHOW ENGINE PERFORMANCE_SCHEMA STATUS /* QNO 1854 CON_ID 20 */  /* QNO 1855 CON_ID 20 */
		    20 Query	SELECT * FROM INFORMATION_SCHEMA.`INNODB_SYS_TABLESPACES` AS table1 WHERE ( ( (NOT table1.`FLAG` IN ( 1, 5, 8 ) OR table1.`NAME` LIKE 'wait/synch%') AND table1.`FILE_SIZE` LIKE 'wait/synch/rwlock%') AND table1.`ALLOCATED_SIZE` > table1.`ROW_FORMAT`) ORDER BY table1.`NAME`, table1.`ZIP_PAGE_SIZE`, table1.`SPACE_TYPE` LIMIT 54 /* QNO 1856 CON_ID 20 */
		    20 Query	SHOW ENGINE PERFORMANCE_SCHEMA STATUS /* QNO 1857 CON_ID 20 */
		    20 Query	CREATE OR REPLACE VIEW transforms.view_1000_probe AS SHOW ENGINE PERFORMANCE_SCHEMA STATUS /* QNO 1857 CON_ID 20 */  /* QNO 1858 CON_ID 20 */
		    20 Query	SELECT * FROM `INNODB_TRX` INTO OUTFILE 'load_INNODB_TRX'  /* QNO 1859 CON_ID 20 */
		    20 Query	LOAD DATA INFILE 'load_INNODB_TRX' IGNORE INTO TABLE INNODB_TRX /* QNO 1860 CON_ID 20 */
		    20 Query	SELECT * FROM `CHECK_CONSTRAINTS` INTO OUTFILE 'load_CHECK_CONSTRAINTS'  /* QNO 1861 CON_ID 20 */
		    20 Query	LOAD DATA INFILE 'load_CHECK_CONSTRAINTS' REPLACE INTO TABLE CHECK_CONSTRAINTS /* QNO 1862 CON_ID 20 */
		    20 Query	SET STATEMENT system_versioning_alter_history=KEEP FOR ALTER TABLE t5 PARTITION BY system_time INTERVAL 3 DAY ( PARTITION ver_p1 HISTORY, PARTITION ver_p2 HISTORY, PARTITION ver_p3 HISTORY, PARTITION ver_pn CURRENT ) /* QNO 1863 CON_ID 20 */
		    20 Query	SELECT * FROM `ALL_PLUGINS` INTO OUTFILE 'load_ALL_PLUGINS'  /* QNO 1864 CON_ID 20 */
		    20 Query	LOAD DATA INFILE 'load_ALL_PLUGINS' REPLACE INTO TABLE ALL_PLUGINS /* QNO 1865 CON_ID 20 */
		    20 Query	FLUSH TABLES /* QNO 1866 CON_ID 20 */
		    20 Query	ALTER TABLE t3 REMOVE PARTITIONING /* QNO 1867 CON_ID 20 */
		    20 Query	SHOW ENGINE PERFORMANCE_SCHEMA STATUS /* QNO 1868 CON_ID 20 */
		    20 Query	CREATE OR REPLACE VIEW transforms.view_1000_probe AS SHOW ENGINE PERFORMANCE_SCHEMA STATUS /* QNO 1868 CON_ID 20 */  /* QNO 1869 CON_ID 20 */
		    20 Query	UPDATE performance_schema.setup_consumers SET enabled = 'YES' WHERE name LIKE 'events%' /* QNO 1870 CON_ID 20 */
		    20 Query	DROP SEQUENCE IF EXISTS seq7, seq4 /* QNO 1871 CON_ID 20 */
		    20 Query	UPDATE performance_schema.setup_instruments SET TIMED = 'NO' WHERE NAME LIKE 'wait/synch/rwlock%' /* QNO 1872 CON_ID 20 */
		    20 Query	UPDATE performance_schema.setup_consumers SET enabled = 'NO' WHERE name LIKE 'file%' /* QNO 1873 CON_ID 20 */
		    20 Query	INSERT INTO `KEY_COLUMN_USAGE` SELECT * FROM `COLLATIONS` /* QNO 1874 CON_ID 20 */
		    20 Query	DELETE FROM `ENGINES` WHERE `SUPPORT` = 8 LIMIT 9 /* QNO 1875 CON_ID 20 */
		    20 Query	ALTER TABLE t1 /*!100301 WAIT 5 */ DROP FOREIGN KEY IF EXISTS o, CHANGE COLUMN ncol4 `SUPPORT` BINARY NULL /*!100303 INVISIBLE */, ALGORITHM=INPLACE, ADD tcol2 TIME NULL AFTER tcol2, ALGORITHM=DEFAULT  /* QNO 1876 CON_ID 20 */
		    20 Query	TRUNCATE TABLE performance_schema.events_waits_current /* QNO 1877 CON_ID 20 */
		    20 Query	SELECT * FROM test.`t8` AS table1 LIMIT 208 /* QNO 1878 CON_ID 20 */
		    20 Query	SELECT * FROM `t3` INTO OUTFILE 'load_t3'  /* QNO 1879 CON_ID 20 */
		    20 Query	LOAD DATA INFILE 'load_t3' REPLACE INTO TABLE t3 /* QNO 1880 CON_ID 20 */
		    20 Query	DROP SEQUENCE IF EXISTS seq9, seq5, seq10 /* QNO 1881 CON_ID 20 */
		    20 Query	INSERT INTO `view_t2` SELECT * FROM `view_t7` /* QNO 1882 CON_ID 20 */
		    20 Query	SHOW ENGINE PERFORMANCE_SCHEMA STATUS /* QNO 1883 CON_ID 20 */
		    20 Query	CREATE OR REPLACE VIEW transforms.view_1000_probe AS SHOW ENGINE PERFORMANCE_SCHEMA STATUS /* QNO 1883 CON_ID 20 */  /* QNO 1884 CON_ID 20 */
		    20 Query	ALTER TABLE `view_t9` ADD SYSTEM VERSIONING, ADD UNIQUE(ecol1), ALGORITHM=INPLACE, LOCK=NONE /* QNO 1885 CON_ID 20 */
		    20 Query	SELECT * FROM `t9` INTO OUTFILE 'load_t9'  /* QNO 1886 CON_ID 20 */
		    20 Query	LOAD DATA INFILE 'load_t9' REPLACE INTO TABLE t9 /* QNO 1887 CON_ID 20 */
		    20 Query	OPTIMIZE TABLE t7 /* QNO 1888 CON_ID 20 */
		    20 Query	SHOW ENGINE PERFORMANCE_SCHEMA STATUS /* QNO 1889 CON_ID 20 */
		    20 Query	CREATE OR REPLACE VIEW transforms.view_1000_probe AS SHOW ENGINE PERFORMANCE_SCHEMA STATUS /* QNO 1889 CON_ID 20 */  /* QNO 1890 CON_ID 20 */
		    20 Query	TRUNCATE TABLE performance_schema.events_waits_summary_by_event_name /* QNO 1891 CON_ID 20 */
		    20 Query	SELECT * FROM INFORMATION_SCHEMA.`INNODB_MUTEXES` AS table1 WHERE NOT ( (NOT ( ( table1.`CREATE_FILE` <> table1.`CREATE_FILE` OR table1.`CREATE_LINE` LIKE 'wait/synch%') AND table1.`CREATE_FILE` IN ( 2, 8, 7 )) AND table1.`NAME` LIKE 'wait/synch%') OR table1.`CREATE_FILE` IN ( 1, 2, 8 )) HAVING table1.`CREATE_LINE` <= 9 LIMIT 191 /* QNO 1892 CON_ID 20 */
		    20 Query	SELECT * FROM `USER_PRIVILEGES` INTO OUTFILE 'load_USER_PRIVILEGES'  /* QNO 1893 CON_ID 20 */
		    20 Query	LOAD DATA INFILE 'load_USER_PRIVILEGES' REPLACE INTO TABLE USER_PRIVILEGES /* QNO 1894 CON_ID 20 */
		    20 Query	UPDATE performance_schema.setup_instruments SET TIMED = 'YES' WHERE NAME LIKE 'wait/synch/mutex/%' /* QNO 1895 CON_ID 20 */
		    20 Query	SELECT MINIMUM_VALUE, CYCLE_COUNT, CYCLE_OPTION, CYCLE_OPTION, CACHE_SIZE, NEXT_NOT_CACHED_VALUE FROM seq7 /* QNO 1896 CON_ID 20 */
		    20 Query	SELECT * from `ALL_PLUGINS` WHERE row_start IN (SELECT row_start FROM `INNODB_SYS_FIELDS`) /* QNO 1897 CON_ID 20 */
		    20 Query	UPDATE performance_schema.setup_consumers SET enabled = 'YES' WHERE name IN ( 'file_summary_by_instance' ) /* QNO 1898 CON_ID 20 */
		    20 Query	UPDATE performance_schema.setup_instruments SET ENABLED = 'YES' WHERE NAME LIKE 'wait%' /* QNO 1899 CON_ID 20 */
		    20 Query	SELECT * FROM `INNODB_CMP_PER_INDEX_RESET` INTO OUTFILE 'load_INNODB_CMP_PER_INDEX_RESET'  /* QNO 1900 CON_ID 20 */
		    20 Query	LOAD DATA INFILE 'load_INNODB_CMP_PER_INDEX_RESET' REPLACE INTO TABLE INNODB_CMP_PER_INDEX_RESET /* QNO 1901 CON_ID 20 */
		    20 Query	UNLOCK TABLES /* QNO 1902 CON_ID 20 */
		    20 Query	CREATE OR REPLACE VIEW transforms.view_1000_probe AS UNLOCK TABLES /* QNO 1902 CON_ID 20 */  /* QNO 1903 CON_ID 20 */
		    20 Query	XA ROLLBACK 'xid161'  /* QNO 1904 CON_ID 20 */
		    20 Query	SELECT START_VALUE, START_VALUE, CYCLE_OPTION FROM seq2 /* QNO 1905 CON_ID 20 */
		    20 Query	SELECT NEXTVAL( seq7 ) /* QNO 1906 CON_ID 20 */
		    20 Query	UPDATE `STATISTICS` SET `INDEX_NAME` = 'xu' WHERE `TABLE_NAME` > 'u' /* QNO 1907 CON_ID 20 */
		    20 Query	INSERT INTO seq5 VALUES (40265, -1990872510274469888, 633143296, 118, 5, 229, 0, 1) /* QNO 1908 CON_ID 20 */
		    20 Query	UPDATE t2 SET vcol7 = DEFAULT LIMIT 1 /* QNO 1909 CON_ID 20 */
		    20 Query	SHOW ENGINE PERFORMANCE_SCHEMA STATUS /* QNO 1910 CON_ID 20 */
		    20 Query	CREATE OR REPLACE VIEW transforms.view_1000_probe AS SHOW ENGINE PERFORMANCE_SCHEMA STATUS /* QNO 1910 CON_ID 20 */  /* QNO 1911 CON_ID 20 */
		    20 Query	ALTER SEQUENCE IF EXISTS seq9 RESTART WITH 1640717639246413824 /* QNO 1912 CON_ID 20 */
		    20 Query	TRUNCATE TABLE performance_schema.events_waits_summary_by_thread_by_event_name /* QNO 1913 CON_ID 20 */
		    20 Query	SELECT * FROM `INNODB_FT_BEING_DELETED` INTO OUTFILE 'load_INNODB_FT_BEING_DELETED'  /* QNO 1914 CON_ID 20 */
		    20 Query	LOAD DATA INFILE 'load_INNODB_FT_BEING_DELETED' REPLACE INTO TABLE INNODB_FT_BEING_DELETED /* QNO 1915 CON_ID 20 */
		    20 Query	SELECT * FROM `STATISTICS` INTO OUTFILE 'load_STATISTICS'  /* QNO 1916 CON_ID 20 */
		    20 Query	LOAD DATA INFILE 'load_STATISTICS' IGNORE INTO TABLE STATISTICS /* QNO 1917 CON_ID 20 */
		    20 Query	CREATE OR REPLACE SEQUENCE seq1 MINVALUE 304555924800929792 INCREMENT 6  /* QNO 1918 CON_ID 20 */
		    20 Query	INSERT INTO `INNODB_FT_INDEX_CACHE` SELECT * FROM `TRIGGERS` /* QNO 1919 CON_ID 20 */
		    20 Query	INSERT INTO `INNODB_CMP` SELECT * FROM `STATISTICS` /* QNO 1920 CON_ID 20 */
		    20 Query	DELETE FROM `INNODB_FT_CONFIG` WHERE `VALUE` <> 4 LIMIT 5 /* QNO 1921 CON_ID 20 */
		    20 Query	ALTER SEQUENCE seq10 START = 53844 /* QNO 1922 CON_ID 20 */
		    20 Query	SET STATEMENT system_versioning_alter_history=KEEP FOR ALTER TABLE t8 ADD PARTITION IF NOT EXISTS (PARTITION ver_p4 HISTORY) /* QNO 1923 CON_ID 20 */
		    20 Query	SELECT * FROM performance_schema.`host_cache` AS table1 LIMIT 124 /* QNO 1924 CON_ID 20 */
		    20 Query	SELECT * FROM performance_schema.`accounts` AS table1 WHERE NOT (NOT table1.`HOST` IN ( 0, 6, 7 ) OR table1.`TOTAL_CONNECTIONS` <= 7) LIMIT 28 /* QNO 1925 CON_ID 20 */
		    20 Query	XA COMMIT 'non_idle_xid' ONE PHASE  /* QNO 1926 CON_ID 20 */
		    18 Query	SELECT * from `events_waits_summary_by_thread_by_event_name` FOR system_time BETWEEN DATE_SUB('19840925173556.035526', INTERVAL 3 YEAR) AND DATE_SUB(NOW(), INTERVAL 8 SECOND) /* QNO 810 CON_ID 18 */
		    18 Query	ALTER ONLINE IGNORE TABLE t8 ADD FOREIGN KEY (`SUM_TIMER_WAIT`) REFERENCES t3 (icol4, `EVENT_NAME`) ON UPDATE SET NULL, DROP COLUMN IF EXISTS ncol7, LOCK=SHARED, DROP FOREIGN KEY f, ADD KEY(icol3), ALGORITHM=INPLACE, LOCK=SHARED /* QNO 811 CON_ID 18 */
		    20 Query	TRUNCATE TABLE performance_schema.events_waits_history /* QNO 1927 CON_ID 20 */
		    18 Query	XA ROLLBACK 'inactive_xid'  /* QNO 812 CON_ID 18 */
		    20 Query	TRUNCATE TABLE performance_schema.file_summary_by_instance /* QNO 1928 CON_ID 20 */
		    18 Query	UPDATE performance_schema.setup_consumers SET enabled = 'NO' WHERE name LIKE 'events%' /* QNO 813 CON_ID 18 */
		    20 Query	FLUSH TABLES /* QNO 1929 CON_ID 20 */
		    18 Query	INSERT INTO `table_io_waits_summary_by_index_usage` SELECT * FROM `socket_summary_by_event_name` /* QNO 814 CON_ID 18 */
		    18 Query	XA START 'xid166'  /* QNO 815 CON_ID 18 */
		    16 Query	CREATE OR REPLACE VIEW transforms.view_900_probe AS DROP DATABASE IF EXISTS g /* QNO 1016 CON_ID 16 */  /* QNO 1017 CON_ID 16 */
		    20 Query	UPDATE performance_schema.setup_timers SET timer_name = 'MILLISECOND' /* QNO 1930 CON_ID 20 */
		    16 Query	REVOKE SHUTDOWN, CREATE USER ON *.* FROM 'someuser'@'somehost' /* QNO 1018 CON_ID 16 */
		    18 Query	SELECT NEXT VALUE FOR seq10 /* QNO 816 CON_ID 18 */
		    16 Query	CREATE OR REPLACE VIEW transforms.view_900_probe AS REVOKE SHUTDOWN, CREATE USER ON *.* FROM 'someuser'@'somehost' /* QNO 1018 CON_ID 16 */  /* QNO 1019 CON_ID 16 */
		    16 Query	CREATE EVENT b ON SCHEDULE AT NOW() DO SET @a=@a /* QNO 1020 CON_ID 16 */
		    16 Query	GRANT SUPER, SHOW DATABASES, REPLICATION SLAVE ON *.* to 'someuser'@'somehost' /* QNO 1021 CON_ID 16 */
