		    17 Query	CREATE OR REPLACE VIEW transforms.view_3980_probe AS SHOW ENGINE PERFORMANCE_SCHEMA STATUS /* QNO 911 CON_ID 17 */  /* QNO 912 CON_ID 17 */
		    22 Query	CREATE PROCEDURE stored_proc_4708 () LANGUAGE SQL  SELECT * FROM INFORMATION_SCHEMA.`INNODB_CMP_PER_INDEX_RESET` AS table1 WHERE table1.`uncompress_ops` = table1.`uncompress_ops` LIMIT 37 /* QNO 760 CON_ID 22 */  /* QNO 800 CON_ID 22 */
		    16 Query	CREATE OR REPLACE VIEW a AS SELECT * FROM `t7` /* QNO 802 CON_ID 16 */
		    16 Query	ALTER TABLE `view_t9` ADD COLUMN x INTEGER DEFAULT NULL /* QNO 803 CON_ID 16 */
		    17 Query	SELECT * FROM mysql.`help_keyword` AS table1 HAVING table1.`name` < 8 ORDER BY table1.`help_keyword_id`, table1.`name` LIMIT 196 /* QNO 913 CON_ID 17 */
		    20 Query	FLUSH TABLES /* QNO 964 CON_ID 20 */
		    16 Query	ALTER TABLE `view_t2` ADD COLUMN r INTEGER DEFAULT NULL /* QNO 804 CON_ID 16 */
		    17 Query	SHOW WARNINGS
		    16 Query	ALTER TABLE `t3` REMOVE PARTITIONING /* QNO 805 CON_ID 16 */
		    17 Query	SHOW ENGINE PERFORMANCE_SCHEMA STATUS /* QNO 914 CON_ID 17 */
		    17 Query	CREATE OR REPLACE VIEW transforms.view_3980_probe AS SHOW ENGINE PERFORMANCE_SCHEMA STATUS /* QNO 914 CON_ID 17 */  /* QNO 915 CON_ID 17 */
		    16 Query	GRANT INSERT ( `col_timestamp`, `vcol_blob`, `vcol_bit` ) ON `t2` TO 'someuser'@'somehost' /* QNO 806 CON_ID 16 */
		    16 Query	ALTER TABLE `t6` DROP PRIMARY KEY /* QNO 807 CON_ID 16 */
		    17 Query	XA COMMIT 'xid79' ONE PHASE  /* QNO 916 CON_ID 17 */
		    17 Query	SHOW ENGINE PERFORMANCE_SCHEMA STATUS /* QNO 917 CON_ID 17 */
		    16 Query	DROP FUNCTION IF EXISTS v /* QNO 808 CON_ID 16 */
		    17 Query	CREATE OR REPLACE VIEW transforms.view_3980_probe AS SHOW ENGINE PERFORMANCE_SCHEMA STATUS /* QNO 917 CON_ID 17 */  /* QNO 918 CON_ID 17 */
		    17 Query	ALTER TABLE t6 DROP COLUMN `vers_end` /* QNO 919 CON_ID 17 */
		    17 Query	RENAME TABLE seq10 TO seq8, seq7 TO seq6, seq4 TO seq10, seq10 TO seq9, seq6 TO seq8 /* QNO 920 CON_ID 17 */
		    17 Query	SHOW ENGINE PERFORMANCE_SCHEMA STATUS /* QNO 921 CON_ID 17 */
		    18 Query	DROP VIEW transforms.view_4904_probe /* QNO 497 CON_ID 18 */
		    18 Query	/* GenTest::Transform::ExecuteAsView */ CREATE DATABASE IF NOT EXISTS transforms /* QNO 498 CON_ID 18 */
		    17 Query	CREATE OR REPLACE VIEW transforms.view_3980_probe AS SHOW ENGINE PERFORMANCE_SCHEMA STATUS /* QNO 921 CON_ID 17 */  /* QNO 922 CON_ID 17 */
		    17 Query	SELECT * from `roles_mapping` FOR system_time FROM NOW(6) TO TIMESTAMP DATE_ADD('19870322152612.018599', INTERVAL 7 HOUR) /* QNO 923 CON_ID 17 */
		    18 Query	SHOW WARNINGS
		    18 Query	DROP VIEW IF EXISTS transforms.view_4904_merge , transforms.view_4904_temptable /* QNO 499 CON_ID 18 */
		    18 Query	SHOW WARNINGS
		    17 Query	UPDATE performance_schema.setup_consumers SET enabled = 'NO' WHERE name LIKE 'events%' /* QNO 924 CON_ID 17 */
		    18 Query	CREATE OR REPLACE ALGORITHM=MERGE VIEW transforms.view_4904_merge AS  SELECT * FROM performance_schema.`setup_consumers` AS table1 WHERE ( ( (NOT ( ( ( (NOT ( table1.`NAME` < '1984-02-21 10:45:35.009766' OR table1.`ENABLED` <> table1.`ENABLED`) OR table1.`NAME` < table1.`NAME`) AND table1.`ENABLED` = table1.`ENABLED`) OR table1.`NAME` >= table1.`ENABLED`) AND table1.`ENABLED` < 6) AND table1.`NAME` != 'y') OR table1.`NAME` LIKE 'wait/synch/rwlock%') OR table1.`ENABLED` LIKE 'wait/io%') HAVING ( table1.`ENABLED` <> 'hj' AND table1.`NAME` != 'jv') LIMIT 48 /* QNO 470 CON_ID 18 */  /* QNO 500 CON_ID 18 */
		    17 Query	CREATE OR REPLACE VIEW transforms.view_3980_probe AS UPDATE performance_schema.setup_consumers SET enabled = 'NO' WHERE name LIKE 'events%' /* QNO 924 CON_ID 17 */  /* QNO 925 CON_ID 17 */
		    20 Query	CREATE OR REPLACE VIEW transforms.view_1000_probe AS FLUSH TABLES /* QNO 964 CON_ID 20 */  /* QNO 965 CON_ID 20 */
		    17 Query	SELECT row_start FROM `time_zone_name` ORDER BY RAND() LIMIT 1 INTO @trx /* QNO 926 CON_ID 17 */
		    20 Query	SHOW ENGINE PERFORMANCE_SCHEMA STATUS /* QNO 966 CON_ID 20 */
		    17 Query	INSERT INTO t8 ( tscol2 ) SELECT tscol1 FROM `servers` /* QNO 927 CON_ID 17 */
		    20 Query	CREATE OR REPLACE VIEW transforms.view_1000_probe AS SHOW ENGINE PERFORMANCE_SCHEMA STATUS /* QNO 966 CON_ID 20 */  /* QNO 967 CON_ID 20 */
		    17 Query	SHOW ENGINE PERFORMANCE_SCHEMA STATUS /* QNO 928 CON_ID 17 */
		    20 Query	XA PREPARE 'non_idle_xid'  /* QNO 968 CON_ID 20 */
		    17 Query	CREATE OR REPLACE VIEW transforms.view_3980_probe AS SHOW ENGINE PERFORMANCE_SCHEMA STATUS /* QNO 928 CON_ID 17 */  /* QNO 929 CON_ID 17 */
		    20 Query	DROP TABLE IF EXISTS tmp_rename_1000  /* QNO 969 CON_ID 20 */
		    20 Query	SHOW WARNINGS
		    20 Query	RENAME TABLE t7 TO tmp_rename_1000, tmp_rename_1000 TO t7 /* QNO 970 CON_ID 20 */
		    17 Query	SELECT * FROM `user` INTO OUTFILE 'load_user'  /* QNO 930 CON_ID 17 */
		    17 Query	LOAD DATA INFILE 'load_user' REPLACE INTO TABLE user /* QNO 931 CON_ID 17 */
		    17 Query	UPDATE performance_schema.setup_timers SET timer_name = 'MICROSECOND' /* QNO 932 CON_ID 17 */
		    17 Query	CREATE OR REPLACE VIEW transforms.view_3980_probe AS UPDATE performance_schema.setup_timers SET timer_name = 'MICROSECOND' /* QNO 932 CON_ID 17 */  /* QNO 933 CON_ID 17 */
		    17 Query	TRUNCATE TABLE performance_schema.events_waits_history_long /* QNO 934 CON_ID 17 */
		    17 Query	INSERT INTO `innodb_index_stats` ( `pk` ) VALUES (NULL) /* QNO 935 CON_ID 17 */
		    18 Query	SHOW WARNINGS
		    17 Query	SELECT * FROM mysql.`index_stats` AS table1 ORDER BY table1.`index_name`, table1.`prefix_arity`, table1.`table_name` LIMIT 97 /* QNO 936 CON_ID 17 */
		    17 Query	/* GenTest::Transform::ExecuteAsCTE */  WITH cte1 AS ( SELECT * FROM mysql.`index_stats` AS table1 ORDER BY table1.`index_name`, table1.`prefix_arity`, table1.`table_name` LIMIT 97 /* QNO 936 CON_ID 17 */ ) SELECT * FROM cte1  /* TRANSFORM_OUTCOME_UNORDERED_MATCH */ /* QNO 937 CON_ID 17 */
		    18 Query	SELECT * FROM transforms.view_4904_merge /* TRANSFORM_OUTCOME_UNORDERED_MATCH */ /* QNO 501 CON_ID 18 */
		    17 Query	/* GenTest::Transform::ExecuteAsExcept */ (  SELECT * FROM mysql.`index_stats` AS table1 ORDER BY table1.`index_name`, table1.`prefix_arity`, table1.`table_name` LIMIT 97 /* QNO 936 CON_ID 17 */  ) EXCEPT (  SELECT * FROM mysql.`index_stats` AS table1 ORDER BY table1.`index_name`, table1.`prefix_arity`, table1.`table_name` LIMIT 0 /* QNO 936 CON_ID 17 */  ) /* TRANSFORM_OUTCOME_DISTINCT */ /* QNO 938 CON_ID 17 */
		    17 Query	(  SELECT * FROM mysql.`index_stats` AS table1 ORDER BY table1.`index_name`, table1.`prefix_arity`, table1.`table_name` LIMIT 97 /* QNO 936 CON_ID 17 */  ) EXCEPT (  SELECT * FROM mysql.`index_stats` AS table1 ORDER BY table1.`index_name`, table1.`prefix_arity`, table1.`table_name` LIMIT 97 /* QNO 936 CON_ID 17 */  ) /* TRANSFORM_OUTCOME_EMPTY_RESULT */ /* QNO 939 CON_ID 17 */
		    17 Query	/* GenTest::Transform::ExecuteAsExecuteImmediate */ EXECUTE IMMEDIATE ' SELECT * FROM mysql.`index_stats` AS table1 ORDER BY table1.`index_name`, table1.`prefix_arity`, table1.`table_name` LIMIT 97 /* QNO 936 CON_ID 17 */ ' /* TRANSFORM_OUTCOME_UNORDERED_MATCH */ /* QNO 940 CON_ID 17 */
		    18 Query	CREATE OR REPLACE ALGORITHM=TEMPTABLE VIEW transforms.view_4904_temptable AS  SELECT * FROM performance_schema.`setup_consumers` AS table1 WHERE ( ( (NOT ( ( ( (NOT ( table1.`NAME` < '1984-02-21 10:45:35.009766' OR table1.`ENABLED` <> table1.`ENABLED`) OR table1.`NAME` < table1.`NAME`) AND table1.`ENABLED` = table1.`ENABLED`) OR table1.`NAME` >= table1.`ENABLED`) AND table1.`ENABLED` < 6) AND table1.`NAME` != 'y') OR table1.`NAME` LIKE 'wait/synch/rwlock%') OR table1.`ENABLED` LIKE 'wait/io%') HAVING ( table1.`ENABLED` <> 'hj' AND table1.`NAME` != 'jv') LIMIT 48 /* QNO 470 CON_ID 18 */  /* QNO 502 CON_ID 18 */
		    17 Prepare	SELECT * FROM mysql.`index_stats` AS table1 ORDER BY table1.`index_name`, table1.`prefix_arity`, table1.`table_name` LIMIT 97 /* QNO 936 CON_ID 17 */
		    17 Execute	SELECT * FROM mysql.`index_stats` AS table1 ORDER BY table1.`index_name`, table1.`prefix_arity`, table1.`table_name` LIMIT 97 /* QNO 936 CON_ID 17 */
		    17 Query	/* GenTest::Transform::ExecuteAsInsertSelect */ CREATE DATABASE IF NOT EXISTS transforms /* QNO 941 CON_ID 17 */
		    17 Query	/* GenTest::Transform::ExecuteAsIntersect */ (  SELECT * FROM mysql.`index_stats` AS table1 ORDER BY table1.`index_name`, table1.`prefix_arity`, table1.`table_name` LIMIT 97 /* QNO 936 CON_ID 17 */  ) INTERSECT (  SELECT * FROM mysql.`index_stats` AS table1 ORDER BY table1.`index_name`, table1.`prefix_arity`, table1.`table_name` LIMIT 97 /* QNO 936 CON_ID 17 */  ) /* TRANSFORM_OUTCOME_DISTINCT */ /* QNO 942 CON_ID 17 */
		    17 Query	(  SELECT * FROM mysql.`index_stats` AS table1 ORDER BY table1.`index_name`, table1.`prefix_arity`, table1.`table_name` LIMIT 97 /* QNO 936 CON_ID 17 */  ) INTERSECT (  SELECT * FROM mysql.`index_stats` AS table1 ORDER BY table1.`index_name`, table1.`prefix_arity`, table1.`table_name` LIMIT 0 /* QNO 936 CON_ID 17 */  ) /* TRANSFORM_OUTCOME_EMPTY_RESULT */ /* QNO 943 CON_ID 17 */
		    17 Query	/* GenTest::Transform::ExecuteAsUnion */ (  SELECT * FROM mysql.`index_stats` AS table1 ORDER BY table1.`index_name`, table1.`prefix_arity`, table1.`table_name` LIMIT 97 /* QNO 936 CON_ID 17 */  ) UNION ALL (  SELECT * FROM mysql.`index_stats` AS table1 ORDER BY table1.`index_name`, table1.`prefix_arity`, table1.`table_name` LIMIT 0 /* QNO 936 CON_ID 17 */  ) /* TRANSFORM_OUTCOME_UNORDERED_MATCH */ /* QNO 944 CON_ID 17 */
		    17 Query	(  SELECT * FROM mysql.`index_stats` AS table1 ORDER BY table1.`index_name`, table1.`prefix_arity`, table1.`table_name` LIMIT 0 /* QNO 936 CON_ID 17 */  ) UNION ALL (  SELECT * FROM mysql.`index_stats` AS table1 ORDER BY table1.`index_name`, table1.`prefix_arity`, table1.`table_name` LIMIT 97 /* QNO 936 CON_ID 17 */  ) /* TRANSFORM_OUTCOME_UNORDERED_MATCH */ /* QNO 945 CON_ID 17 */
		    17 Query	(  SELECT * FROM mysql.`index_stats` AS table1 ORDER BY table1.`index_name`, table1.`prefix_arity`, table1.`table_name` LIMIT 97 /* QNO 936 CON_ID 17 */  ) UNION DISTINCT (  SELECT * FROM mysql.`index_stats` AS table1 ORDER BY table1.`index_name`, table1.`prefix_arity`, table1.`table_name` LIMIT 97 /* QNO 936 CON_ID 17 */  ) /* TRANSFORM_OUTCOME_DISTINCT */ /* QNO 946 CON_ID 17 */
		    17 Query	(  SELECT * FROM mysql.`index_stats` AS table1 ORDER BY table1.`index_name`, table1.`prefix_arity`, table1.`table_name` LIMIT 97 /* QNO 936 CON_ID 17 */  ) UNION ALL (  SELECT * FROM mysql.`index_stats` AS table1 ORDER BY table1.`index_name`, table1.`prefix_arity`, table1.`table_name` LIMIT 97 /* QNO 936 CON_ID 17 */  ) /* TRANSFORM_OUTCOME_SUPERSET */ /* QNO 947 CON_ID 17 */
		    17 Query	CREATE OR REPLACE VIEW transforms.view_3980_probe AS  SELECT * FROM mysql.`index_stats` AS table1 ORDER BY table1.`index_name`, table1.`prefix_arity`, table1.`table_name` LIMIT 97 /* QNO 936 CON_ID 17 */  /* QNO 948 CON_ID 17 */
		    17 Query	/* GenTest::Transform::ExecuteAsPreparedTwice */ PREPARE prep_stmt_3980 FROM ' SELECT * FROM mysql.`index_stats` AS table1 ORDER BY table1.`index_name`, table1.`prefix_arity`, table1.`table_name` LIMIT 97 /* QNO 936 CON_ID 17 */ ' /* QNO 949 CON_ID 17 */
		    17 Prepare	SELECT * FROM mysql.`index_stats` AS table1 ORDER BY table1.`index_name`, table1.`prefix_arity`, table1.`table_name` LIMIT 97 /* QNO 936 CON_ID 17 */
		    17 Query	EXECUTE prep_stmt_3980 /* TRANSFORM_OUTCOME_UNORDERED_MATCH */ /* QNO 950 CON_ID 17 */
		    17 Execute	SELECT * FROM mysql.`index_stats` AS table1 ORDER BY table1.`index_name`, table1.`prefix_arity`, table1.`table_name` LIMIT 97 /* QNO 936 CON_ID 17 */
		    17 Query	EXECUTE prep_stmt_3980 /* TRANSFORM_OUTCOME_UNORDERED_MATCH */ /* QNO 951 CON_ID 17 */
		    17 Execute	SELECT * FROM mysql.`index_stats` AS table1 ORDER BY table1.`index_name`, table1.`prefix_arity`, table1.`table_name` LIMIT 97 /* QNO 936 CON_ID 17 */
		    17 Query	DEALLOCATE PREPARE prep_stmt_3980 /* QNO 952 CON_ID 17 */
		    17 Query	/* GenTest::Transform::ExecuteAsSPTwice */ DROP PROCEDURE IF EXISTS stored_proc_3980 /* QNO 953 CON_ID 17 */
		    17 Query	SELECT * FROM performance_schema.`session_connect_attrs` AS table1 ORDER BY table1.`PROCESSLIST_ID` LIMIT 77 /* QNO 954 CON_ID 17 */
		    17 Query	/* GenTest::Transform::ExecuteAsCTE */  WITH cte1 AS ( SELECT * FROM performance_schema.`session_connect_attrs` AS table1 ORDER BY table1.`PROCESSLIST_ID` LIMIT 77 /* QNO 954 CON_ID 17 */ ) SELECT * FROM cte1  /* TRANSFORM_OUTCOME_UNORDERED_MATCH */ /* QNO 955 CON_ID 17 */
		    17 Query	/* GenTest::Transform::ExecuteAsExecuteImmediate */ EXECUTE IMMEDIATE ' SELECT * FROM performance_schema.`session_connect_attrs` AS table1 ORDER BY table1.`PROCESSLIST_ID` LIMIT 77 /* QNO 954 CON_ID 17 */ ' /* TRANSFORM_OUTCOME_UNORDERED_MATCH */ /* QNO 956 CON_ID 17 */
		    17 Prepare	SELECT * FROM performance_schema.`session_connect_attrs` AS table1 ORDER BY table1.`PROCESSLIST_ID` LIMIT 77 /* QNO 954 CON_ID 17 */
		    17 Execute	SELECT * FROM performance_schema.`session_connect_attrs` AS table1 ORDER BY table1.`PROCESSLIST_ID` LIMIT 77 /* QNO 954 CON_ID 17 */
		    17 Query	SELECT * FROM `setup_instruments` INTO OUTFILE 'load_setup_instruments'  /* QNO 957 CON_ID 17 */
		    17 Query	LOAD DATA INFILE 'load_setup_instruments' REPLACE INTO TABLE setup_instruments /* QNO 958 CON_ID 17 */
		    17 Query	SHOW ENGINE PERFORMANCE_SCHEMA STATUS /* QNO 959 CON_ID 17 */
		    17 Query	CREATE OR REPLACE VIEW transforms.view_3980_probe AS SHOW ENGINE PERFORMANCE_SCHEMA STATUS /* QNO 959 CON_ID 17 */  /* QNO 960 CON_ID 17 */
		    17 Query	DROP SEQUENCE IF EXISTS seq8, seq6 /* QNO 961 CON_ID 17 */
		    17 Query	TRUNCATE TABLE performance_schema.events_waits_summary_by_thread_by_event_name /* QNO 962 CON_ID 17 */
		    17 Query	SELECT * FROM mysql.`gtid_slave_pos` AS table1 WHERE (NOT table1.`sub_id` IN ( 5, 2, 8 ) OR table1.`domain_id` != table1.`domain_id`) HAVING table1.`seq_no` > 2 IS NULL ORDER BY table1.`sub_id` LIMIT 139 /* QNO 963 CON_ID 17 */
		    18 Query	SELECT * FROM transforms.view_4904_temptable /* TRANSFORM_OUTCOME_UNORDERED_MATCH */ /* QNO 503 CON_ID 18 */
		    18 Query	DROP VIEW transforms.view_4904_merge , transforms.view_4904_temptable /* QNO 504 CON_ID 18 */
		    18 Query	/* GenTest::Transform::ExecuteAsPreparedTwice */ PREPARE prep_stmt_4904 FROM ' SELECT * FROM performance_schema.`setup_consumers` AS table1 WHERE ( ( (NOT ( ( ( (NOT ( table1.`NAME` < \'1984-02-21 10:45:35.009766\' OR table1.`ENABLED` <> table1.`ENABLED`) OR table1.`NAME` < table1.`NAME`) AND table1.`ENABLED` = table1.`ENABLED`) OR table1.`NAME` >= table1.`ENABLED`) AND table1.`ENABLED` < 6) AND table1.`NAME` != \'y\') OR table1.`NAME` LIKE \'wait/synch/rwlock%\') OR table1.`ENABLED` LIKE \'wait/io%\') HAVING ( table1.`ENABLED` <> \'hj\' AND table1.`NAME` != \'jv\') LIMIT 48 /* QNO 470 CON_ID 18 */ ' /* QNO 505 CON_ID 18 */
		    18 Prepare	SELECT * FROM performance_schema.`setup_consumers` AS table1 WHERE ( ( (NOT ( ( ( (NOT ( table1.`NAME` < '1984-02-21 10:45:35.009766' OR table1.`ENABLED` <> table1.`ENABLED`) OR table1.`NAME` < table1.`NAME`) AND table1.`ENABLED` = table1.`ENABLED`) OR table1.`NAME` >= table1.`ENABLED`) AND table1.`ENABLED` < 6) AND table1.`NAME` != 'y') OR table1.`NAME` LIKE 'wait/synch/rwlock%') OR table1.`ENABLED` LIKE 'wait/io%') HAVING ( table1.`ENABLED` <> 'hj' AND table1.`NAME` != 'jv') LIMIT 48 /* QNO 470 CON_ID 18 */
		    18 Query	EXECUTE prep_stmt_4904 /* TRANSFORM_OUTCOME_UNORDERED_MATCH */ /* QNO 506 CON_ID 18 */
		    18 Execute	SELECT * FROM performance_schema.`setup_consumers` AS table1 WHERE ( ( (NOT ( ( ( (NOT ( table1.`NAME` < '1984-02-21 10:45:35.009766' OR table1.`ENABLED` <> table1.`ENABLED`) OR table1.`NAME` < table1.`NAME`) AND table1.`ENABLED` = table1.`ENABLED`) OR table1.`NAME` >= table1.`ENABLED`) AND table1.`ENABLED` < 6) AND table1.`NAME` != 'y') OR table1.`NAME` LIKE 'wait/synch/rwlock%') OR table1.`ENABLED` LIKE 'wait/io%') HAVING ( table1.`ENABLED` <> 'hj' AND table1.`NAME` != 'jv') LIMIT 48 /* QNO 470 CON_ID 18 */
		    18 Query	EXECUTE prep_stmt_4904 /* TRANSFORM_OUTCOME_UNORDERED_MATCH */ /* QNO 507 CON_ID 18 */
		    18 Execute	SELECT * FROM performance_schema.`setup_consumers` AS table1 WHERE ( ( (NOT ( ( ( (NOT ( table1.`NAME` < '1984-02-21 10:45:35.009766' OR table1.`ENABLED` <> table1.`ENABLED`) OR table1.`NAME` < table1.`NAME`) AND table1.`ENABLED` = table1.`ENABLED`) OR table1.`NAME` >= table1.`ENABLED`) AND table1.`ENABLED` < 6) AND table1.`NAME` != 'y') OR table1.`NAME` LIKE 'wait/synch/rwlock%') OR table1.`ENABLED` LIKE 'wait/io%') HAVING ( table1.`ENABLED` <> 'hj' AND table1.`NAME` != 'jv') LIMIT 48 /* QNO 470 CON_ID 18 */
		    18 Query	DEALLOCATE PREPARE prep_stmt_4904 /* QNO 508 CON_ID 18 */
		    18 Query	/* GenTest::Transform::ExecuteAsSPTwice */ DROP PROCEDURE IF EXISTS stored_proc_4904 /* QNO 509 CON_ID 18 */
		    22 Query	CALL stored_proc_4708 /* TRANSFORM_OUTCOME_UNORDERED_MATCH */ /* QNO 801 CON_ID 22 */
		    18 Query	SHOW WARNINGS
		    18 Query	CREATE PROCEDURE stored_proc_4904 () LANGUAGE SQL  SELECT * FROM performance_schema.`setup_consumers` AS table1 WHERE ( ( (NOT ( ( ( (NOT ( table1.`NAME` < '1984-02-21 10:45:35.009766' OR table1.`ENABLED` <> table1.`ENABLED`) OR table1.`NAME` < table1.`NAME`) AND table1.`ENABLED` = table1.`ENABLED`) OR table1.`NAME` >= table1.`ENABLED`) AND table1.`ENABLED` < 6) AND table1.`NAME` != 'y') OR table1.`NAME` LIKE 'wait/synch/rwlock%') OR table1.`ENABLED` LIKE 'wait/io%') HAVING ( table1.`ENABLED` <> 'hj' AND table1.`NAME` != 'jv') LIMIT 48 /* QNO 470 CON_ID 18 */  /* QNO 510 CON_ID 18 */
		    16 Query	SHOW WARNINGS
		    18 Query	CALL stored_proc_4904 /* TRANSFORM_OUTCOME_UNORDERED_MATCH */ /* QNO 511 CON_ID 18 */
		    16 Query	CREATE DATABASE IF NOT EXISTS f /* QNO 809 CON_ID 16 */
		    18 Query	CALL stored_proc_4904 /* TRANSFORM_OUTCOME_UNORDERED_MATCH */ /* QNO 512 CON_ID 18 */
		    16 Query	CREATE OR REPLACE VIEW transforms.view_900_probe AS CREATE DATABASE IF NOT EXISTS f /* QNO 809 CON_ID 16 */  /* QNO 810 CON_ID 16 */
		    18 Query	DROP PROCEDURE IF EXISTS stored_proc_4904 /* QNO 513 CON_ID 18 */
		    16 Query	ALTER TABLE `view_t1` DROP COLUMN a /* QNO 811 CON_ID 16 */
		    16 Query	ALTER TABLE `t7` DROP COLUMN b /* QNO 812 CON_ID 16 */
		    18 Query	ALTER TABLE t2 /*!100301 WAIT 9 */ DROP COLUMN IF EXISTS `NAME`, ALGORITHM=INPLACE, LOCK=DEFAULT, DROP PRIMARY KEY, FORCE, ALGORITHM=DEFAULT /* QNO 514 CON_ID 18 */
		    17 Query	/* GenTest::Transform::ExecuteAsCTE */  WITH cte1 AS ( SELECT * FROM mysql.`gtid_slave_pos` AS table1 WHERE( NOT table1.`sub_id` IN( 5, 2, 8) OR table1.`domain_id` != table1.`domain_id`) HAVING table1.`seq_no` > 2 IS NULL ORDER BY table1.`sub_id` LIMIT 139 /* QNO 963 CON_ID 17 */ ) SELECT * FROM cte1  /* TRANSFORM_OUTCOME_UNORDERED_MATCH */ /* QNO 964 CON_ID 17 */
		    18 Query	SHOW ENGINE PERFORMANCE_SCHEMA STATUS /* QNO 515 CON_ID 18 */
		    17 Query	/* GenTest::Transform::ExecuteAsDeleteReturning */ CREATE DATABASE IF NOT EXISTS transforms /* QNO 965 CON_ID 17 */
		    18 Query	CREATE OR REPLACE VIEW transforms.view_4904_probe AS SHOW ENGINE PERFORMANCE_SCHEMA STATUS /* QNO 515 CON_ID 18 */  /* QNO 516 CON_ID 18 */
		    21 Query	SELECT * FROM performance_schema.`file_summary_by_instance` AS table1 WHERE NOT table1.`MIN_TIMER_MISC` IN ( 6, 1, 1 ) HAVING ( table1.`MIN_TIMER_WAIT` <> '1979-01-26 11:42:36.029677' AND table1.`SUM_TIMER_MISC` < 'c') ORDER BY table1.`COUNT_MISC`, table1.`COUNT_STAR`, table1.`MIN_TIMER_WAIT` LIMIT 162 /* QNO 808 CON_ID 21 */
		    22 Query	CALL stored_proc_4708 /* TRANSFORM_OUTCOME_UNORDERED_MATCH */ /* QNO 802 CON_ID 22 */
		    21 Query	SHOW WARNINGS
		    22 Query	DROP PROCEDURE IF EXISTS stored_proc_4708 /* QNO 803 CON_ID 22 */
		    17 Query	/* GenTest::Transform::ExecuteAsExcept */ (  SELECT * FROM mysql.`gtid_slave_pos` AS table1 WHERE (NOT table1.`sub_id` IN ( 5, 2, 8 ) OR table1.`domain_id` != table1.`domain_id`) HAVING table1.`seq_no` > 2 IS NULL ORDER BY table1.`sub_id` LIMIT 139 /* QNO 963 CON_ID 17 */  ) EXCEPT (  SELECT * FROM mysql.`gtid_slave_pos` AS table1 WHERE (NOT table1.`sub_id` IN ( 5, 2, 8 ) OR table1.`domain_id` != table1.`domain_id`) HAVING table1.`seq_no` > 2 IS NULL ORDER BY table1.`sub_id` LIMIT 0 /* QNO 963 CON_ID 17 */  ) /* TRANSFORM_OUTCOME_DISTINCT */ /* QNO 966 CON_ID 17 */
		    21 Query	ALTER TABLE t4 DROP CONSTRAINT IF EXISTS k, ADD CONSTRAINT s CHECK (ncol6 > 9) /* QNO 809 CON_ID 21 */
		    18 Query	UPDATE performance_schema.setup_consumers SET enabled = 'YES' WHERE name LIKE 'file%' /* QNO 517 CON_ID 18 */
		    21 Query	DROP TABLE IF EXISTS t7 /* QNO 810 CON_ID 21 */
		    18 Query	CREATE OR REPLACE VIEW transforms.view_4904_probe AS UPDATE performance_schema.setup_consumers SET enabled = 'YES' WHERE name LIKE 'file%' /* QNO 517 CON_ID 18 */  /* QNO 518 CON_ID 18 */
		    18 Query	XA RECOVER /* QNO 519 CON_ID 18 */
		    18 Query	CREATE OR REPLACE VIEW transforms.view_4904_probe AS XA RECOVER /* QNO 519 CON_ID 18 */  /* QNO 520 CON_ID 18 */
		    18 Query	INSERT INTO `events_waits_summary_by_user_by_event_name` ( `pk` ) VALUES (NULL) /* QNO 521 CON_ID 18 */
		    18 Query	SET STATEMENT system_versioning_alter_history=KEEP FOR ALTER TABLE `table_io_waits_summary_by_table` ADD PERIOD FOR SYSTEM_TIME(`vers_start`, `row_start`) /* QNO 522 CON_ID 18 */
		    20 Query	CREATE OR REPLACE VIEW transforms.view_1000_probe AS  RENAME TABLE t7 TO tmp_rename_1000, tmp_rename_1000 TO t7 /* QNO 970 CON_ID 20 */  /* QNO 971 CON_ID 20 */
		    18 Query	SELECT * FROM mysql.`help_relation` AS table1 WHERE ( table1.`help_keyword_id` >= table1.`help_keyword_id` OR table1.`help_keyword_id` = table1.`help_topic_id`) LIMIT 94 /* QNO 523 CON_ID 18 */
		    20 Query	SET STATEMENT system_versioning_alter_history=KEEP FOR ALTER TABLE `events_stages_summary_global_by_event_name` PARTITION BY system_time INTERVAL 1 DAY ( PARTITION ver_p1 HISTORY, PARTITION ver_p2 HISTORY, PARTITION ver_pn CURRENT ) /* QNO 972 CON_ID 20 */
		    18 Query	/* GenTest::Transform::ExecuteAsCTE */  WITH cte1 AS ( SELECT * FROM mysql.`help_relation` AS table1 WHERE( table1.`help_keyword_id` >= table1.`help_keyword_id` OR table1.`help_keyword_id` = table1.`help_topic_id`) LIMIT 94 /* QNO 523 CON_ID 18 */ ) SELECT * FROM cte1  /* TRANSFORM_OUTCOME_UNORDERED_MATCH */ /* QNO 524 CON_ID 18 */
		    20 Query	UPDATE `rwlock_instances` SET `READ_LOCKED_BY_COUNT` = 'f' WHERE `READ_LOCKED_BY_COUNT` != 'e' /* QNO 973 CON_ID 20 */
		    18 Query	/* GenTest::Transform::ExecuteAsDeleteReturning */ CREATE DATABASE IF NOT EXISTS transforms /* QNO 525 CON_ID 18 */
		    20 Query	UPDATE performance_schema.setup_timers SET timer_name = 'CYCLE' /* QNO 974 CON_ID 20 */
		    18 Query	SHOW WARNINGS
		    20 Query	CREATE OR REPLACE VIEW transforms.view_1000_probe AS UPDATE performance_schema.setup_timers SET timer_name = 'CYCLE' /* QNO 974 CON_ID 20 */  /* QNO 975 CON_ID 20 */
		    18 Query	DROP TABLE IF EXISTS transforms.delete_returning_4904 /* QNO 526 CON_ID 18 */
		    20 Query	TRUNCATE TABLE performance_schema.file_summary_by_instance /* QNO 976 CON_ID 20 */
		    20 Query	CREATE OR REPLACE VIEW transforms.view_1000_probe AS TRUNCATE TABLE performance_schema.file_summary_by_instance /* QNO 976 CON_ID 20 */  /* QNO 977 CON_ID 20 */
		    20 Query	SET TRANSACTION ISOLATION LEVEL READ COMMITTED /* QNO 978 CON_ID 20 */
		    20 Query	CREATE OR REPLACE VIEW transforms.view_1000_probe AS SET TRANSACTION ISOLATION LEVEL READ COMMITTED /* QNO 978 CON_ID 20 */  /* QNO 979 CON_ID 20 */
		    20 Query	XA COMMIT 'non_idle_xid'  /* QNO 980 CON_ID 20 */
		    20 Query	SELECT * FROM `file_summary_by_event_name` INTO OUTFILE 'load_file_summary_by_event_name'  /* QNO 981 CON_ID 20 */
		    20 Query	LOAD DATA INFILE 'load_file_summary_by_event_name' REPLACE INTO TABLE file_summary_by_event_name /* QNO 982 CON_ID 20 */
		    20 Query	XA BEGIN 'xid14'  /* QNO 983 CON_ID 20 */
		    20 Query	CREATE OR REPLACE VIEW transforms.view_1000_probe AS XA BEGIN 'xid14'  /* QNO 983 CON_ID 20 */  /* QNO 984 CON_ID 20 */
		    20 Query	TRUNCATE TABLE performance_schema.file_summary_by_event_name /* QNO 985 CON_ID 20 */
		    20 Query	INSERT INTO `accounts` ( `pk` ) VALUES (NULL) /* QNO 986 CON_ID 20 */
		    20 Query	DELETE FROM `setup_consumers` WHERE `ENABLED` != 'bc' LIMIT 9 /* QNO 987 CON_ID 20 */
		    20 Query	TRUNCATE TABLE performance_schema.events_waits_summary_by_thread_by_event_name /* QNO 988 CON_ID 20 */
		    20 Query	SHOW ENGINE PERFORMANCE_SCHEMA STATUS /* QNO 989 CON_ID 20 */
		    20 Query	CREATE OR REPLACE VIEW transforms.view_1000_probe AS SHOW ENGINE PERFORMANCE_SCHEMA STATUS /* QNO 989 CON_ID 20 */  /* QNO 990 CON_ID 20 */
		    20 Query	SELECT * FROM INFORMATION_SCHEMA.`STATISTICS` AS table1 WHERE (NOT ( table1.`COLLATION` LIKE 'wait/synch%' AND table1.`NULLABLE` <= table1.`SUB_PART`) AND table1.`INDEX_COMMENT` IN ( 8, 8, 7 )) ORDER BY table1.`INDEX_COMMENT`, table1.`NON_UNIQUE` LIMIT 223 /* QNO 991 CON_ID 20 */
		    22 Query	DROP TABLE t9 /* QNO 804 CON_ID 22 */
		    18 Query	CREATE TABLE transforms.delete_returning_4904  SELECT * FROM mysql.`help_relation` AS table1 WHERE ( table1.`help_keyword_id` >= table1.`help_keyword_id` OR table1.`help_keyword_id` = table1.`help_topic_id`) LIMIT 94 /* QNO 523 CON_ID 18 */  /* QNO 527 CON_ID 18 */
		    17 Query	(  SELECT * FROM mysql.`gtid_slave_pos` AS table1 WHERE (NOT table1.`sub_id` IN ( 5, 2, 8 ) OR table1.`domain_id` != table1.`domain_id`) HAVING table1.`seq_no` > 2 IS NULL ORDER BY table1.`sub_id` LIMIT 139 /* QNO 963 CON_ID 17 */  ) EXCEPT (  SELECT * FROM mysql.`gtid_slave_pos` AS table1 WHERE (NOT table1.`sub_id` IN ( 5, 2, 8 ) OR table1.`domain_id` != table1.`domain_id`) HAVING table1.`seq_no` > 2 IS NULL ORDER BY table1.`sub_id` LIMIT 139 /* QNO 963 CON_ID 17 */  ) /* TRANSFORM_OUTCOME_EMPTY_RESULT */ /* QNO 967 CON_ID 17 */
		    16 Query	GRANT ALL PRIVILEGES ON test.g TO 'someuser'@'somehost' /* QNO 813 CON_ID 16 */
		    17 Query	/* GenTest::Transform::ExecuteAsExecuteImmediate */ EXECUTE IMMEDIATE ' SELECT * FROM mysql.`gtid_slave_pos` AS table1 WHERE (NOT table1.`sub_id` IN ( 5, 2, 8 ) OR table1.`domain_id` != table1.`domain_id`) HAVING table1.`seq_no` > 2 IS NULL ORDER BY table1.`sub_id` LIMIT 139 /* QNO 963 CON_ID 17 */ ' /* TRANSFORM_OUTCOME_UNORDERED_MATCH */ /* QNO 968 CON_ID 17 */
		    17 Prepare	SELECT * FROM mysql.`gtid_slave_pos` AS table1 WHERE (NOT table1.`sub_id` IN ( 5, 2, 8 ) OR table1.`domain_id` != table1.`domain_id`) HAVING table1.`seq_no` > 2 IS NULL ORDER BY table1.`sub_id` LIMIT 139 /* QNO 963 CON_ID 17 */
		    17 Execute	SELECT * FROM mysql.`gtid_slave_pos` AS table1 WHERE (NOT table1.`sub_id` IN ( 5, 2, 8 ) OR table1.`domain_id` != table1.`domain_id`) HAVING table1.`seq_no` > 2 IS NULL ORDER BY table1.`sub_id` LIMIT 139 /* QNO 963 CON_ID 17 */
		    16 Query	CREATE OR REPLACE VIEW transforms.view_900_probe AS GRANT ALL PRIVILEGES ON test.g TO 'someuser'@'somehost' /* QNO 813 CON_ID 16 */  /* QNO 814 CON_ID 16 */
		    17 Query	/* GenTest::Transform::ExecuteAsInsertSelect */ CREATE DATABASE IF NOT EXISTS transforms /* QNO 969 CON_ID 17 */
		    17 Query	/* GenTest::Transform::ExecuteAsIntersect */ (  SELECT * FROM mysql.`gtid_slave_pos` AS table1 WHERE (NOT table1.`sub_id` IN ( 5, 2, 8 ) OR table1.`domain_id` != table1.`domain_id`) HAVING table1.`seq_no` > 2 IS NULL ORDER BY table1.`sub_id` LIMIT 139 /* QNO 963 CON_ID 17 */  ) INTERSECT (  SELECT * FROM mysql.`gtid_slave_pos` AS table1 WHERE (NOT table1.`sub_id` IN ( 5, 2, 8 ) OR table1.`domain_id` != table1.`domain_id`) HAVING table1.`seq_no` > 2 IS NULL ORDER BY table1.`sub_id` LIMIT 139 /* QNO 963 CON_ID 17 */  ) /* TRANSFORM_OUTCOME_DISTINCT */ /* QNO 970 CON_ID 17 */
		    16 Query	REVOKE ALL PRIVILEGES ON test.v FROM 'someuser'@'somehost' /* QNO 815 CON_ID 16 */
		    16 Query	CREATE OR REPLACE VIEW transforms.view_900_probe AS REVOKE ALL PRIVILEGES ON test.v FROM 'someuser'@'somehost' /* QNO 815 CON_ID 16 */  /* QNO 816 CON_ID 16 */
		    17 Query	(  SELECT * FROM mysql.`gtid_slave_pos` AS table1 WHERE (NOT table1.`sub_id` IN ( 5, 2, 8 ) OR table1.`domain_id` != table1.`domain_id`) HAVING table1.`seq_no` > 2 IS NULL ORDER BY table1.`sub_id` LIMIT 139 /* QNO 963 CON_ID 17 */  ) INTERSECT (  SELECT * FROM mysql.`gtid_slave_pos` AS table1 WHERE (NOT table1.`sub_id` IN ( 5, 2, 8 ) OR table1.`domain_id` != table1.`domain_id`) HAVING table1.`seq_no` > 2 IS NULL ORDER BY table1.`sub_id` LIMIT 0 /* QNO 963 CON_ID 17 */  ) /* TRANSFORM_OUTCOME_EMPTY_RESULT */ /* QNO 971 CON_ID 17 */
		    16 Query	ALTER TABLE `t9` DROP PRIMARY KEY /* QNO 817 CON_ID 16 */
		    17 Query	/* GenTest::Transform::ExecuteAsUnion */ (  SELECT * FROM mysql.`gtid_slave_pos` AS table1 WHERE (NOT table1.`sub_id` IN ( 5, 2, 8 ) OR table1.`domain_id` != table1.`domain_id`) HAVING table1.`seq_no` > 2 IS NULL ORDER BY table1.`sub_id` LIMIT 139 /* QNO 963 CON_ID 17 */  ) UNION ALL (  SELECT * FROM mysql.`gtid_slave_pos` AS table1 WHERE (NOT table1.`sub_id` IN ( 5, 2, 8 ) OR table1.`domain_id` != table1.`domain_id`) HAVING table1.`seq_no` > 2 IS NULL ORDER BY table1.`sub_id` LIMIT 0 /* QNO 963 CON_ID 17 */  ) /* TRANSFORM_OUTCOME_UNORDERED_MATCH */ /* QNO 972 CON_ID 17 */
		    17 Query	(  SELECT * FROM mysql.`gtid_slave_pos` AS table1 WHERE (NOT table1.`sub_id` IN ( 5, 2, 8 ) OR table1.`domain_id` != table1.`domain_id`) HAVING table1.`seq_no` > 2 IS NULL ORDER BY table1.`sub_id` LIMIT 0 /* QNO 963 CON_ID 17 */  ) UNION ALL (  SELECT * FROM mysql.`gtid_slave_pos` AS table1 WHERE (NOT table1.`sub_id` IN ( 5, 2, 8 ) OR table1.`domain_id` != table1.`domain_id`) HAVING table1.`seq_no` > 2 IS NULL ORDER BY table1.`sub_id` LIMIT 139 /* QNO 963 CON_ID 17 */  ) /* TRANSFORM_OUTCOME_UNORDERED_MATCH */ /* QNO 973 CON_ID 17 */
		    17 Query	(  SELECT * FROM mysql.`gtid_slave_pos` AS table1 WHERE (NOT table1.`sub_id` IN ( 5, 2, 8 ) OR table1.`domain_id` != table1.`domain_id`) HAVING table1.`seq_no` > 2 IS NULL ORDER BY table1.`sub_id` LIMIT 139 /* QNO 963 CON_ID 17 */  ) UNION DISTINCT (  SELECT * FROM mysql.`gtid_slave_pos` AS table1 WHERE (NOT table1.`sub_id` IN ( 5, 2, 8 ) OR table1.`domain_id` != table1.`domain_id`) HAVING table1.`seq_no` > 2 IS NULL ORDER BY table1.`sub_id` LIMIT 139 /* QNO 963 CON_ID 17 */  ) /* TRANSFORM_OUTCOME_DISTINCT */ /* QNO 974 CON_ID 17 */
		    17 Query	(  SELECT * FROM mysql.`gtid_slave_pos` AS table1 WHERE (NOT table1.`sub_id` IN ( 5, 2, 8 ) OR table1.`domain_id` != table1.`domain_id`) HAVING table1.`seq_no` > 2 IS NULL ORDER BY table1.`sub_id` LIMIT 139 /* QNO 963 CON_ID 17 */  ) UNION ALL (  SELECT * FROM mysql.`gtid_slave_pos` AS table1 WHERE (NOT table1.`sub_id` IN ( 5, 2, 8 ) OR table1.`domain_id` != table1.`domain_id`) HAVING table1.`seq_no` > 2 IS NULL ORDER BY table1.`sub_id` LIMIT 139 /* QNO 963 CON_ID 17 */  ) /* TRANSFORM_OUTCOME_SUPERSET */ /* QNO 975 CON_ID 17 */
		    17 Query	CREATE OR REPLACE VIEW transforms.view_3980_probe AS  SELECT * FROM mysql.`gtid_slave_pos` AS table1 WHERE (NOT table1.`sub_id` IN ( 5, 2, 8 ) OR table1.`domain_id` != table1.`domain_id`) HAVING table1.`seq_no` > 2 IS NULL ORDER BY table1.`sub_id` LIMIT 139 /* QNO 963 CON_ID 17 */  /* QNO 976 CON_ID 17 */
		    17 Query	/* GenTest::Transform::ExecuteAsPreparedTwice */ PREPARE prep_stmt_3980 FROM ' SELECT * FROM mysql.`gtid_slave_pos` AS table1 WHERE (NOT table1.`sub_id` IN ( 5, 2, 8 ) OR table1.`domain_id` != table1.`domain_id`) HAVING table1.`seq_no` > 2 IS NULL ORDER BY table1.`sub_id` LIMIT 139 /* QNO 963 CON_ID 17 */ ' /* QNO 977 CON_ID 17 */
		    17 Prepare	SELECT * FROM mysql.`gtid_slave_pos` AS table1 WHERE (NOT table1.`sub_id` IN ( 5, 2, 8 ) OR table1.`domain_id` != table1.`domain_id`) HAVING table1.`seq_no` > 2 IS NULL ORDER BY table1.`sub_id` LIMIT 139 /* QNO 963 CON_ID 17 */
		    17 Query	EXECUTE prep_stmt_3980 /* TRANSFORM_OUTCOME_UNORDERED_MATCH */ /* QNO 978 CON_ID 17 */
		    17 Execute	SELECT * FROM mysql.`gtid_slave_pos` AS table1 WHERE (NOT table1.`sub_id` IN ( 5, 2, 8 ) OR table1.`domain_id` != table1.`domain_id`) HAVING table1.`seq_no` > 2 IS NULL ORDER BY table1.`sub_id` LIMIT 139 /* QNO 963 CON_ID 17 */
		    17 Query	EXECUTE prep_stmt_3980 /* TRANSFORM_OUTCOME_UNORDERED_MATCH */ /* QNO 979 CON_ID 17 */
		    17 Execute	SELECT * FROM mysql.`gtid_slave_pos` AS table1 WHERE (NOT table1.`sub_id` IN ( 5, 2, 8 ) OR table1.`domain_id` != table1.`domain_id`) HAVING table1.`seq_no` > 2 IS NULL ORDER BY table1.`sub_id` LIMIT 139 /* QNO 963 CON_ID 17 */
		    17 Query	DEALLOCATE PREPARE prep_stmt_3980 /* QNO 980 CON_ID 17 */
		    17 Query	/* GenTest::Transform::ExecuteAsSPTwice */ DROP PROCEDURE IF EXISTS stored_proc_3980 /* QNO 981 CON_ID 17 */
		    17 Query	ALTER TABLE `time_zone_transition_type` PARTITION BY system_time LIMIT 0 ( PARTITION ver_p1 HISTORY, PARTITION ver_pn CURRENT ) /* QNO 982 CON_ID 17 */
		    17 Query	XA BEGIN 'xid22'  /* QNO 983 CON_ID 17 */
		    17 Query	UPDATE `slow_log` SET `server_id` = '2034-10-25 10:47:28.028001' WHERE `rows_sent` > 'q' /* QNO 984 CON_ID 17 */
		    17 Query	ALTER IGNORE TABLE `plugin` ADD FULLTEXT KEY(scol8), LOCK=EXCLUSIVE, DROP COLUMN IF EXISTS `dl`, LOCK=EXCLUSIVE /* QNO 985 CON_ID 17 */
		    17 Query	SHOW ENGINE PERFORMANCE_SCHEMA STATUS /* QNO 986 CON_ID 17 */
		    17 Query	CREATE OR REPLACE VIEW transforms.view_3980_probe AS SHOW ENGINE PERFORMANCE_SCHEMA STATUS /* QNO 986 CON_ID 17 */  /* QNO 987 CON_ID 17 */
		    17 Query	SELECT * FROM (performance_schema.`events_stages_current` AS table1 STRAIGHT_JOIN test.`view_t1` AS table2 ON ( table2.`col_varchar` = table1.`THREAD_ID` ) ) WHERE ( table2.`vcol_int` != '2031-05-20 10:29:44.058741' AND table1.`SOURCE` IN ( 7, 7, 5 )) HAVING ( (table1.`TIMER_WAIT` <> '2035-04-06 11:19:34.009264' IS NULL OR table2.`vcol_enum` < 8) OR table1.`TIMER_WAIT` = 'x') LIMIT 117 /* QNO 988 CON_ID 17 */
		    22 Query	CREATE OR REPLACE VIEW transforms.view_4708_probe AS DROP TABLE t9 /* QNO 804 CON_ID 22 */  /* QNO 805 CON_ID 22 */
		    16 Query	REVOKE ALL PRIVILEGES ON d.* FROM 'someuser'@'somehost' /* QNO 818 CON_ID 16 */
		    22 Query	RENAME TABLE seq10 TO seq2 /* QNO 806 CON_ID 22 */
		    16 Query	GRANT UPDATE ( `vcol_year`, `pk` ), SELECT ( `col_time` ), INSERT ( `col_timestamp` ) ON `t4` TO 'someuser'@'somehost' /* QNO 819 CON_ID 16 */
190114 12:06:37	    22 Query	ALTER IGNORE TABLE `SYSTEM_VARIABLES` DROP PRIMARY KEY, AUTO_INCREMENT 3889299456 /* QNO 807 CON_ID 22 */
		    17 Query	INSERT INTO `setup_instruments` ( `pk` ) VALUES (NULL) /* QNO 989 CON_ID 17 */
		    16 Query	DROP DATABASE IF EXISTS s /* QNO 820 CON_ID 16 */
		    17 Query	ALTER TABLE t1 /*!100301 WAIT 9 */ ENGINE = InnoDB, RENAME TO t8, MODIFY COLUMN tscol9 DATETIME NULL DEFAULT '1970-01-01', ALGORITHM=COPY, LOCK=DEFAULT, DROP COLUMN IF EXISTS ncol9, ALGORITHM=DEFAULT, LOCK=DEFAULT /* QNO 990 CON_ID 17 */
		    17 Query	UPDATE performance_schema.setup_instruments SET TIMED = 'NO' ORDER BY RAND() LIMIT 0 /* QNO 991 CON_ID 17 */
		    17 Query	CREATE OR REPLACE VIEW transforms.view_3980_probe AS UPDATE performance_schema.setup_instruments SET TIMED = 'NO' ORDER BY RAND() LIMIT 0 /* QNO 991 CON_ID 17 */  /* QNO 992 CON_ID 17 */
		    17 Query	INSERT INTO `events_waits_current` ( `pk` ) VALUES (NULL) /* QNO 993 CON_ID 17 */
		    17 Query	SELECT * FROM INFORMATION_SCHEMA.`INNODB_SYS_FOREIGN_COLS` AS table1 WHERE ( (NOT ( ( ( table1.`REF_COL_NAME` IN ( 2, 6, 5 ) AND table1.`ID` LIKE 'wait/io%') OR table1.`REF_COL_NAME` > 9) AND table1.`ID` LIKE 'wait/synch/cond%') AND table1.`FOR_COL_NAME` = table1.`POS`) AND table1.`ID` >= '2005-01-18 15:58:55.030561') ORDER BY table1.`ID` LIMIT 208 /* QNO 994 CON_ID 17 */
		    17 Query	/* GenTest::Transform::ExecuteAsCTE */  WITH cte1 AS ( SELECT * FROM INFORMATION_SCHEMA.`INNODB_SYS_FOREIGN_COLS` AS table1 WHERE(( NOT((( table1.`REF_COL_NAME` IN( 2, 6, 5) AND table1.`ID` LIKE 'wait/io%') OR table1.`REF_COL_NAME` > 9) AND table1.`ID` LIKE 'wait/synch/cond%') AND table1.`FOR_COL_NAME` = table1.`POS`) AND table1.`ID` >= '2005-01-18 15:58:55.030561') ORDER BY table1.`ID` LIMIT 208 /* QNO 994 CON_ID 17 */ ) SELECT * FROM cte1  /* TRANSFORM_OUTCOME_UNORDERED_MATCH */ /* QNO 995 CON_ID 17 */
		    17 Query	/* GenTest::Transform::ExecuteAsDeleteReturning */ CREATE DATABASE IF NOT EXISTS transforms /* QNO 996 CON_ID 17 */
		    17 Query	/* GenTest::Transform::ExecuteAsExcept */ (  SELECT * FROM INFORMATION_SCHEMA.`INNODB_SYS_FOREIGN_COLS` AS table1 WHERE ( (NOT ( ( ( table1.`REF_COL_NAME` IN ( 2, 6, 5 ) AND table1.`ID` LIKE 'wait/io%') OR table1.`REF_COL_NAME` > 9) AND table1.`ID` LIKE 'wait/synch/cond%') AND table1.`FOR_COL_NAME` = table1.`POS`) AND table1.`ID` >= '2005-01-18 15:58:55.030561') ORDER BY table1.`ID` LIMIT 208 /* QNO 994 CON_ID 17 */  ) EXCEPT (  SELECT * FROM INFORMATION_SCHEMA.`INNODB_SYS_FOREIGN_COLS` AS table1 WHERE ( (NOT ( ( ( table1.`REF_COL_NAME` IN ( 2, 6, 5 ) AND table1.`ID` LIKE 'wait/io%') OR table1.`REF_COL_NAME` > 9) AND table1.`ID` LIKE 'wait/synch/cond%') AND table1.`FOR_COL_NAME` = table1.`POS`) AND table1.`ID` >= '2005-01-18 15:58:55.030561') ORDER BY table1.`ID` LIMIT 0 /* QNO 994 CON_ID 17 */  ) /* TRANSFORM_OUTCOME_DISTINCT */ /* QNO 997 CON_ID 17 */
		    17 Query	(  SELECT * FROM INFORMATION_SCHEMA.`INNODB_SYS_FOREIGN_COLS` AS table1 WHERE ( (NOT ( ( ( table1.`REF_COL_NAME` IN ( 2, 6, 5 ) AND table1.`ID` LIKE 'wait/io%') OR table1.`REF_COL_NAME` > 9) AND table1.`ID` LIKE 'wait/synch/cond%') AND table1.`FOR_COL_NAME` = table1.`POS`) AND table1.`ID` >= '2005-01-18 15:58:55.030561') ORDER BY table1.`ID` LIMIT 208 /* QNO 994 CON_ID 17 */  ) EXCEPT (  SELECT * FROM INFORMATION_SCHEMA.`INNODB_SYS_FOREIGN_COLS` AS table1 WHERE ( (NOT ( ( ( table1.`REF_COL_NAME` IN ( 2, 6, 5 ) AND table1.`ID` LIKE 'wait/io%') OR table1.`REF_COL_NAME` > 9) AND table1.`ID` LIKE 'wait/synch/cond%') AND table1.`FOR_COL_NAME` = table1.`POS`) AND table1.`ID` >= '2005-01-18 15:58:55.030561') ORDER BY table1.`ID` LIMIT 208 /* QNO 994 CON_ID 17 */  ) /* TRANSFORM_OUTCOME_EMPTY_RESULT */ /* QNO 998 CON_ID 17 */
		    17 Query	/* GenTest::Transform::ExecuteAsExecuteImmediate */ EXECUTE IMMEDIATE ' SELECT * FROM INFORMATION_SCHEMA.`INNODB_SYS_FOREIGN_COLS` AS table1 WHERE ( (NOT ( ( ( table1.`REF_COL_NAME` IN ( 2, 6, 5 ) AND table1.`ID` LIKE \'wait/io%\') OR table1.`REF_COL_NAME` > 9) AND table1.`ID` LIKE \'wait/synch/cond%\') AND table1.`FOR_COL_NAME` = table1.`POS`) AND table1.`ID` >= \'2005-01-18 15:58:55.030561\') ORDER BY table1.`ID` LIMIT 208 /* QNO 994 CON_ID 17 */ ' /* TRANSFORM_OUTCOME_UNORDERED_MATCH */ /* QNO 999 CON_ID 17 */
		    17 Prepare	SELECT * FROM INFORMATION_SCHEMA.`INNODB_SYS_FOREIGN_COLS` AS table1 WHERE ( (NOT ( ( ( table1.`REF_COL_NAME` IN ( 2, 6, 5 ) AND table1.`ID` LIKE 'wait/io%') OR table1.`REF_COL_NAME` > 9) AND table1.`ID` LIKE 'wait/synch/cond%') AND table1.`FOR_COL_NAME` = table1.`POS`) AND table1.`ID` >= '2005-01-18 15:58:55.030561') ORDER BY table1.`ID` LIMIT 208 /* QNO 994 CON_ID 17 */
		    17 Execute	SELECT * FROM INFORMATION_SCHEMA.`INNODB_SYS_FOREIGN_COLS` AS table1 WHERE ( (NOT ( ( ( table1.`REF_COL_NAME` IN ( 2, 6, 5 ) AND table1.`ID` LIKE 'wait/io%') OR table1.`REF_COL_NAME` > 9) AND table1.`ID` LIKE 'wait/synch/cond%') AND table1.`FOR_COL_NAME` = table1.`POS`) AND table1.`ID` >= '2005-01-18 15:58:55.030561') ORDER BY table1.`ID` LIMIT 208 /* QNO 994 CON_ID 17 */
		    17 Query	/* GenTest::Transform::ExecuteAsInsertSelect */ CREATE DATABASE IF NOT EXISTS transforms /* QNO 1000 CON_ID 17 */
		    17 Query	/* GenTest::Transform::ExecuteAsIntersect */ (  SELECT * FROM INFORMATION_SCHEMA.`INNODB_SYS_FOREIGN_COLS` AS table1 WHERE ( (NOT ( ( ( table1.`REF_COL_NAME` IN ( 2, 6, 5 ) AND table1.`ID` LIKE 'wait/io%') OR table1.`REF_COL_NAME` > 9) AND table1.`ID` LIKE 'wait/synch/cond%') AND table1.`FOR_COL_NAME` = table1.`POS`) AND table1.`ID` >= '2005-01-18 15:58:55.030561') ORDER BY table1.`ID` LIMIT 208 /* QNO 994 CON_ID 17 */  ) INTERSECT (  SELECT * FROM INFORMATION_SCHEMA.`INNODB_SYS_FOREIGN_COLS` AS table1 WHERE ( (NOT ( ( ( table1.`REF_COL_NAME` IN ( 2, 6, 5 ) AND table1.`ID` LIKE 'wait/io%') OR table1.`REF_COL_NAME` > 9) AND table1.`ID` LIKE 'wait/synch/cond%') AND table1.`FOR_COL_NAME` = table1.`POS`) AND table1.`ID` >= '2005-01-18 15:58:55.030561') ORDER BY table1.`ID` LIMIT 208 /* QNO 994 CON_ID 17 */  ) /* TRANSFORM_OUTCOME_DISTINCT */ /* QNO 1001 CON_ID 17 */
		    17 Query	(  SELECT * FROM INFORMATION_SCHEMA.`INNODB_SYS_FOREIGN_COLS` AS table1 WHERE ( (NOT ( ( ( table1.`REF_COL_NAME` IN ( 2, 6, 5 ) AND table1.`ID` LIKE 'wait/io%') OR table1.`REF_COL_NAME` > 9) AND table1.`ID` LIKE 'wait/synch/cond%') AND table1.`FOR_COL_NAME` = table1.`POS`) AND table1.`ID` >= '2005-01-18 15:58:55.030561') ORDER BY table1.`ID` LIMIT 208 /* QNO 994 CON_ID 17 */  ) INTERSECT (  SELECT * FROM INFORMATION_SCHEMA.`INNODB_SYS_FOREIGN_COLS` AS table1 WHERE ( (NOT ( ( ( table1.`REF_COL_NAME` IN ( 2, 6, 5 ) AND table1.`ID` LIKE 'wait/io%') OR table1.`REF_COL_NAME` > 9) AND table1.`ID` LIKE 'wait/synch/cond%') AND table1.`FOR_COL_NAME` = table1.`POS`) AND table1.`ID` >= '2005-01-18 15:58:55.030561') ORDER BY table1.`ID` LIMIT 0 /* QNO 994 CON_ID 17 */  ) /* TRANSFORM_OUTCOME_EMPTY_RESULT */ /* QNO 1002 CON_ID 17 */
		    17 Query	/* GenTest::Transform::ExecuteAsUnion */ (  SELECT * FROM INFORMATION_SCHEMA.`INNODB_SYS_FOREIGN_COLS` AS table1 WHERE ( (NOT ( ( ( table1.`REF_COL_NAME` IN ( 2, 6, 5 ) AND table1.`ID` LIKE 'wait/io%') OR table1.`REF_COL_NAME` > 9) AND table1.`ID` LIKE 'wait/synch/cond%') AND table1.`FOR_COL_NAME` = table1.`POS`) AND table1.`ID` >= '2005-01-18 15:58:55.030561') ORDER BY table1.`ID` LIMIT 208 /* QNO 994 CON_ID 17 */  ) UNION ALL (  SELECT * FROM INFORMATION_SCHEMA.`INNODB_SYS_FOREIGN_COLS` AS table1 WHERE ( (NOT ( ( ( table1.`REF_COL_NAME` IN ( 2, 6, 5 ) AND table1.`ID` LIKE 'wait/io%') OR table1.`REF_COL_NAME` > 9) AND table1.`ID` LIKE 'wait/synch/cond%') AND table1.`FOR_COL_NAME` = table1.`POS`) AND table1.`ID` >= '2005-01-18 15:58:55.030561') ORDER BY table1.`ID` LIMIT 0 /* QNO 994 CON_ID 17 */  ) /* TRANSFORM_OUTCOME_UNORDERED_MATCH */ /* QNO 1003 CON_ID 17 */
		    22 Query	SHOW CREATE SEQUENCE seq8 /* QNO 808 CON_ID 22 */
		    21 Query	CREATE OR REPLACE VIEW transforms.view_4888_probe AS DROP TABLE IF EXISTS t7 /* QNO 810 CON_ID 21 */  /* QNO 811 CON_ID 21 */
		    17 Query	(  SELECT * FROM INFORMATION_SCHEMA.`INNODB_SYS_FOREIGN_COLS` AS table1 WHERE ( (NOT ( ( ( table1.`REF_COL_NAME` IN ( 2, 6, 5 ) AND table1.`ID` LIKE 'wait/io%') OR table1.`REF_COL_NAME` > 9) AND table1.`ID` LIKE 'wait/synch/cond%') AND table1.`FOR_COL_NAME` = table1.`POS`) AND table1.`ID` >= '2005-01-18 15:58:55.030561') ORDER BY table1.`ID` LIMIT 0 /* QNO 994 CON_ID 17 */  ) UNION ALL (  SELECT * FROM INFORMATION_SCHEMA.`INNODB_SYS_FOREIGN_COLS` AS table1 WHERE ( (NOT ( ( ( table1.`REF_COL_NAME` IN ( 2, 6, 5 ) AND table1.`ID` LIKE 'wait/io%') OR table1.`REF_COL_NAME` > 9) AND table1.`ID` LIKE 'wait/synch/cond%') AND table1.`FOR_COL_NAME` = table1.`POS`) AND table1.`ID` >= '2005-01-18 15:58:55.030561') ORDER BY table1.`ID` LIMIT 208 /* QNO 994 CON_ID 17 */  ) /* TRANSFORM_OUTCOME_UNORDERED_MATCH */ /* QNO 1004 CON_ID 17 */
		    22 Query	UPDATE performance_schema.setup_timers SET timer_name = 'NANOSECOND' /* QNO 809 CON_ID 22 */
		    21 Query	SELECT * FROM mysql.`db` AS table1 WHERE table1.`Create_priv` IN ( 6, 0, 7 ) LIMIT 113 /* QNO 812 CON_ID 21 */
		    21 Query	/* GenTest::Transform::ExecuteAsCTE */  WITH cte1 AS ( SELECT * FROM mysql.`db` AS table1 WHERE table1.`Create_priv` IN( 6, 0, 7) LIMIT 113 /* QNO 812 CON_ID 21 */ ) SELECT * FROM cte1  /* TRANSFORM_OUTCOME_UNORDERED_MATCH */ /* QNO 813 CON_ID 21 */
		    16 Query	CREATE OR REPLACE VIEW transforms.view_900_probe AS DROP DATABASE IF EXISTS s /* QNO 820 CON_ID 16 */  /* QNO 821 CON_ID 16 */
		    17 Query	(  SELECT * FROM INFORMATION_SCHEMA.`INNODB_SYS_FOREIGN_COLS` AS table1 WHERE ( (NOT ( ( ( table1.`REF_COL_NAME` IN ( 2, 6, 5 ) AND table1.`ID` LIKE 'wait/io%') OR table1.`REF_COL_NAME` > 9) AND table1.`ID` LIKE 'wait/synch/cond%') AND table1.`FOR_COL_NAME` = table1.`POS`) AND table1.`ID` >= '2005-01-18 15:58:55.030561') ORDER BY table1.`ID` LIMIT 208 /* QNO 994 CON_ID 17 */  ) UNION DISTINCT (  SELECT * FROM INFORMATION_SCHEMA.`INNODB_SYS_FOREIGN_COLS` AS table1 WHERE ( (NOT ( ( ( table1.`REF_COL_NAME` IN ( 2, 6, 5 ) AND table1.`ID` LIKE 'wait/io%') OR table1.`REF_COL_NAME` > 9) AND table1.`ID` LIKE 'wait/synch/cond%') AND table1.`FOR_COL_NAME` = table1.`POS`) AND table1.`ID` >= '2005-01-18 15:58:55.030561') ORDER BY table1.`ID` LIMIT 208 /* QNO 994 CON_ID 17 */  ) /* TRANSFORM_OUTCOME_DISTINCT */ /* QNO 1005 CON_ID 17 */
		    21 Query	/* GenTest::Transform::ExecuteAsDeleteReturning */ CREATE DATABASE IF NOT EXISTS transforms /* QNO 814 CON_ID 21 */
		    16 Query	CREATE PROCEDURE p ( IN w INT, IN g INT, IN k INT, OUT m INT ) BEGIN SELECT COUNT(*) INTO @a FROM `view_t7`; END ; /* QNO 822 CON_ID 16 */
		    16 Query	CREATE OR REPLACE VIEW transforms.view_900_probe AS CREATE PROCEDURE p ( IN w INT, IN g INT, IN k INT, OUT m INT ) BEGIN SELECT COUNT(*) INTO @a FROM `view_t7`; END ; /* QNO 822 CON_ID 16 */  /* QNO 823 CON_ID 16 */
		    16 Query	DROP FUNCTION IF EXISTS d /* QNO 824 CON_ID 16 */
		    17 Query	(  SELECT * FROM INFORMATION_SCHEMA.`INNODB_SYS_FOREIGN_COLS` AS table1 WHERE ( (NOT ( ( ( table1.`REF_COL_NAME` IN ( 2, 6, 5 ) AND table1.`ID` LIKE 'wait/io%') OR table1.`REF_COL_NAME` > 9) AND table1.`ID` LIKE 'wait/synch/cond%') AND table1.`FOR_COL_NAME` = table1.`POS`) AND table1.`ID` >= '2005-01-18 15:58:55.030561') ORDER BY table1.`ID` LIMIT 208 /* QNO 994 CON_ID 17 */  ) UNION ALL (  SELECT * FROM INFORMATION_SCHEMA.`INNODB_SYS_FOREIGN_COLS` AS table1 WHERE ( (NOT ( ( ( table1.`REF_COL_NAME` IN ( 2, 6, 5 ) AND table1.`ID` LIKE 'wait/io%') OR table1.`REF_COL_NAME` > 9) AND table1.`ID` LIKE 'wait/synch/cond%') AND table1.`FOR_COL_NAME` = table1.`POS`) AND table1.`ID` >= '2005-01-18 15:58:55.030561') ORDER BY table1.`ID` LIMIT 208 /* QNO 994 CON_ID 17 */  ) /* TRANSFORM_OUTCOME_SUPERSET */ /* QNO 1006 CON_ID 17 */
		    17 Query	CREATE OR REPLACE VIEW transforms.view_3980_probe AS  SELECT * FROM INFORMATION_SCHEMA.`INNODB_SYS_FOREIGN_COLS` AS table1 WHERE ( (NOT ( ( ( table1.`REF_COL_NAME` IN ( 2, 6, 5 ) AND table1.`ID` LIKE 'wait/io%') OR table1.`REF_COL_NAME` > 9) AND table1.`ID` LIKE 'wait/synch/cond%') AND table1.`FOR_COL_NAME` = table1.`POS`) AND table1.`ID` >= '2005-01-18 15:58:55.030561') ORDER BY table1.`ID` LIMIT 208 /* QNO 994 CON_ID 17 */  /* QNO 1007 CON_ID 17 */
		    22 Query	CREATE OR REPLACE VIEW transforms.view_4708_probe AS UPDATE performance_schema.setup_timers SET timer_name = 'NANOSECOND' /* QNO 809 CON_ID 22 */  /* QNO 810 CON_ID 22 */
		    16 Query	CREATE OR REPLACE VIEW transforms.view_900_probe AS DROP FUNCTION IF EXISTS d /* QNO 824 CON_ID 16 */  /* QNO 825 CON_ID 16 */
		    16 Query	GRANT USAGE ON *.* to 'someuser'@'somehost' /* QNO 826 CON_ID 16 */
		    16 Query	CREATE OR REPLACE VIEW transforms.view_900_probe AS GRANT USAGE ON *.* to 'someuser'@'somehost' /* QNO 826 CON_ID 16 */  /* QNO 827 CON_ID 16 */
		    16 Query	CREATE DATABASE IF NOT EXISTS f /* QNO 828 CON_ID 16 */
		    16 Query	SHOW WARNINGS
		    16 Query	ALTER TABLE `view_t8` REMOVE PARTITIONING /* QNO 829 CON_ID 16 */
		    16 Query	ALTER TABLE `t8` ADD KEY ( m ) /* QNO 830 CON_ID 16 */
		    16 Query	DROP TRIGGER IF EXISTS r /* QNO 831 CON_ID 16 */
		    16 Query	SHOW WARNINGS
		    16 Query	DROP TABLE n /* QNO 832 CON_ID 16 */
		    16 Query	GRANT ALL PRIVILEGES ON test.t TO 'someuser'@'somehost' /* QNO 833 CON_ID 16 */
		    16 Query	CREATE OR REPLACE VIEW transforms.view_900_probe AS GRANT ALL PRIVILEGES ON test.t TO 'someuser'@'somehost' /* QNO 833 CON_ID 16 */  /* QNO 834 CON_ID 16 */
		    16 Query	DROP TRIGGER IF EXISTS m /* QNO 835 CON_ID 16 */
		    16 Query	SHOW WARNINGS
		    16 Query	ALTER TABLE `view_t3` DROP KEY w /* QNO 836 CON_ID 16 */
		    16 Query	DROP PROCEDURE IF EXISTS t /* QNO 837 CON_ID 16 */
		    16 Query	SHOW WARNINGS
		    16 Query	CREATE PROCEDURE q ( OUT g INT ) BEGIN SELECT COUNT(*) INTO @a FROM `t6`; END ; /* QNO 838 CON_ID 16 */
		    16 Query	REVOKE SHOW DATABASES, RELOAD ON *.* FROM 'someuser'@'somehost' /* QNO 839 CON_ID 16 */
		    16 Query	CREATE OR REPLACE VIEW transforms.view_900_probe AS REVOKE SHOW DATABASES, RELOAD ON *.* FROM 'someuser'@'somehost' /* QNO 839 CON_ID 16 */  /* QNO 840 CON_ID 16 */
		    16 Query	ALTER TABLE `t8` DROP COLUMN h /* QNO 841 CON_ID 16 */
		    16 Query	REVOKE ALL PRIVILEGES ON test.w FROM 'someuser'@'somehost' /* QNO 842 CON_ID 16 */
		    16 Query	ALTER TABLE `view_t7` DROP COLUMN v /* QNO 843 CON_ID 16 */
		    16 Query	DROP EVENT a /* QNO 844 CON_ID 16 */
		    16 Query	DROP TABLE x /* QNO 845 CON_ID 16 */
		    17 Query	/* GenTest::Transform::ExecuteAsPreparedTwice */ PREPARE prep_stmt_3980 FROM ' SELECT * FROM INFORMATION_SCHEMA.`INNODB_SYS_FOREIGN_COLS` AS table1 WHERE ( (NOT ( ( ( table1.`REF_COL_NAME` IN ( 2, 6, 5 ) AND table1.`ID` LIKE \'wait/io%\') OR table1.`REF_COL_NAME` > 9) AND table1.`ID` LIKE \'wait/synch/cond%\') AND table1.`FOR_COL_NAME` = table1.`POS`) AND table1.`ID` >= \'2005-01-18 15:58:55.030561\') ORDER BY table1.`ID` LIMIT 208 /* QNO 994 CON_ID 17 */ ' /* QNO 1008 CON_ID 17 */
		    17 Prepare	SELECT * FROM INFORMATION_SCHEMA.`INNODB_SYS_FOREIGN_COLS` AS table1 WHERE ( (NOT ( ( ( table1.`REF_COL_NAME` IN ( 2, 6, 5 ) AND table1.`ID` LIKE 'wait/io%') OR table1.`REF_COL_NAME` > 9) AND table1.`ID` LIKE 'wait/synch/cond%') AND table1.`FOR_COL_NAME` = table1.`POS`) AND table1.`ID` >= '2005-01-18 15:58:55.030561') ORDER BY table1.`ID` LIMIT 208 /* QNO 994 CON_ID 17 */
		    17 Query	EXECUTE prep_stmt_3980 /* TRANSFORM_OUTCOME_UNORDERED_MATCH */ /* QNO 1009 CON_ID 17 */
