		    17 Query	CREATE OR REPLACE VIEW transforms.view_3980_probe AS TRUNCATE TABLE performance_schema.events_waits_history_long /* QNO 407 CON_ID 17 */  /* QNO 408 CON_ID 17 */
		    17 Query	SHOW ENGINE PERFORMANCE_SCHEMA STATUS /* QNO 409 CON_ID 17 */
		    17 Query	CREATE OR REPLACE VIEW transforms.view_3980_probe AS SHOW ENGINE PERFORMANCE_SCHEMA STATUS /* QNO 409 CON_ID 17 */  /* QNO 410 CON_ID 17 */
		    17 Query	ALTER TABLE `VIEWS` DROP INDEX ind10 /* QNO 411 CON_ID 17 */
		    17 Query	SHOW ENGINE PERFORMANCE_SCHEMA STATUS /* QNO 412 CON_ID 17 */
		    17 Query	CREATE OR REPLACE VIEW transforms.view_3980_probe AS SHOW ENGINE PERFORMANCE_SCHEMA STATUS /* QNO 412 CON_ID 17 */  /* QNO 413 CON_ID 17 */
		    17 Query	UPDATE performance_schema.setup_consumers SET enabled = 'YES' WHERE name LIKE 'file%' /* QNO 414 CON_ID 17 */
		    17 Query	CREATE OR REPLACE VIEW transforms.view_3980_probe AS UPDATE performance_schema.setup_consumers SET enabled = 'YES' WHERE name LIKE 'file%' /* QNO 414 CON_ID 17 */  /* QNO 415 CON_ID 17 */
		    17 Query	UPDATE performance_schema.setup_timers SET timer_name = 'MICROSECOND' /* QNO 416 CON_ID 17 */
		    17 Query	CREATE OR REPLACE VIEW transforms.view_3980_probe AS UPDATE performance_schema.setup_timers SET timer_name = 'MICROSECOND' /* QNO 416 CON_ID 17 */  /* QNO 417 CON_ID 17 */
		    17 Query	BEGIN /* QNO 418 CON_ID 17 */
		    17 Query	CREATE OR REPLACE VIEW transforms.view_3980_probe AS BEGIN /* QNO 418 CON_ID 17 */  /* QNO 419 CON_ID 17 */
		    17 Query	SHOW ENGINE PERFORMANCE_SCHEMA STATUS /* QNO 420 CON_ID 17 */
		    17 Query	CREATE OR REPLACE VIEW transforms.view_3980_probe AS SHOW ENGINE PERFORMANCE_SCHEMA STATUS /* QNO 420 CON_ID 17 */  /* QNO 421 CON_ID 17 */
		    17 Query	INSERT INTO `SCHEMATA` ( `pk` ) VALUES (NULL) /* QNO 422 CON_ID 17 */
		    17 Query	XA ROLLBACK 'non_prepared_xid'  /* QNO 423 CON_ID 17 */
		    17 Query	XA ROLLBACK 'non_prepared_xid'  /* QNO 424 CON_ID 17 */
		    17 Query	DELETE FROM `TABLESPACES` WHERE `NODEGROUP_ID` <= 'vi' LIMIT 5 /* QNO 425 CON_ID 17 */
		    17 Query	DELETE FROM `INNODB_BUFFER_POOL_STATS` WHERE `UNCOMPRESS_CURRENT` > 'i' LIMIT 9 /* QNO 426 CON_ID 17 */
		    17 Query	INSERT INTO `PARTITIONS` ( `pk` ) VALUES (NULL) /* QNO 427 CON_ID 17 */
		    17 Query	SHOW ENGINE PERFORMANCE_SCHEMA STATUS /* QNO 428 CON_ID 17 */
		    17 Query	CREATE OR REPLACE VIEW transforms.view_3980_probe AS SHOW ENGINE PERFORMANCE_SCHEMA STATUS /* QNO 428 CON_ID 17 */  /* QNO 429 CON_ID 17 */
		    17 Query	UPDATE performance_schema.setup_instruments SET TIMED = 'NO' ORDER BY RAND() LIMIT 0 /* QNO 430 CON_ID 17 */
		    17 Query	CREATE OR REPLACE VIEW transforms.view_3980_probe AS UPDATE performance_schema.setup_instruments SET TIMED = 'NO' ORDER BY RAND() LIMIT 0 /* QNO 430 CON_ID 17 */  /* QNO 431 CON_ID 17 */
		    17 Query	SELECT * FROM mysql.`db` AS table1 HAVING table1.`Event_priv` < 9 LIMIT 178 /* QNO 432 CON_ID 17 */
		    17 Query	/* GenTest::Transform::ExecuteAsCTE */  WITH cte1 AS ( SELECT * FROM mysql.`db` AS table1 HAVING table1.`Event_priv` < 9 LIMIT 178 /* QNO 432 CON_ID 17 */ ) SELECT * FROM cte1  /* TRANSFORM_OUTCOME_UNORDERED_MATCH */ /* QNO 433 CON_ID 17 */
		    17 Query	/* GenTest::Transform::ExecuteAsDeleteReturning */ CREATE DATABASE IF NOT EXISTS transforms /* QNO 434 CON_ID 17 */
190114 12:06:20	    16 Query	DEALLOCATE PREPARE prep_stmt_900 /* QNO 240 CON_ID 16 */
		    21 Query	SHOW WARNINGS
		    16 Query	/* GenTest::Transform::ExecuteAsSPTwice */ DROP PROCEDURE IF EXISTS stored_proc_900 /* QNO 241 CON_ID 16 */
		    21 Query	SELECT * FROM transforms.view_4888_merge /* TRANSFORM_OUTCOME_UNORDERED_MATCH */ /* QNO 211 CON_ID 21 */
		    16 Query	SHOW WARNINGS
		    21 Query	CREATE OR REPLACE ALGORITHM=TEMPTABLE VIEW transforms.view_4888_temptable AS  SELECT * FROM performance_schema.`file_summary_by_instance` AS table1 ORDER BY table1.`AVG_TIMER_WRITE`, table1.`COUNT_STAR` LIMIT 4 /* QNO 184 CON_ID 21 */  /* QNO 212 CON_ID 21 */
		    16 Query	CREATE PROCEDURE stored_proc_900 () LANGUAGE SQL CREATE OR REPLACE VIEW n AS SELECT * FROM `t1` /* QNO 233 CON_ID 16 */  /* QNO 242 CON_ID 16 */
		    22 Query	(  SELECT * FROM (mysql.`gtid_slave_pos` AS table1 RIGHT OUTER JOIN performance_schema.`socket_instances` AS table2 ON ( table2.`EVENT_NAME` = table1.`seq_no` ) ) ORDER BY table1.`domain_id`, table2.`EVENT_NAME` LIMIT 201 /* QNO 277 CON_ID 22 */  ) EXCEPT (  SELECT * FROM (mysql.`gtid_slave_pos` AS table1 RIGHT OUTER JOIN performance_schema.`socket_instances` AS table2 ON ( table2.`EVENT_NAME` = table1.`seq_no` ) ) ORDER BY table1.`domain_id`, table2.`EVENT_NAME` LIMIT 201 /* QNO 277 CON_ID 22 */  ) /* TRANSFORM_OUTCOME_EMPTY_RESULT */ /* QNO 281 CON_ID 22 */
		    22 Query	/* GenTest::Transform::ExecuteAsExecuteImmediate */ EXECUTE IMMEDIATE ' SELECT * FROM (mysql.`gtid_slave_pos` AS table1 RIGHT OUTER JOIN performance_schema.`socket_instances` AS table2 ON ( table2.`EVENT_NAME` = table1.`seq_no` ) ) ORDER BY table1.`domain_id`, table2.`EVENT_NAME` LIMIT 201 /* QNO 277 CON_ID 22 */ ' /* TRANSFORM_OUTCOME_UNORDERED_MATCH */ /* QNO 282 CON_ID 22 */
		    22 Prepare	SELECT * FROM (mysql.`gtid_slave_pos` AS table1 RIGHT OUTER JOIN performance_schema.`socket_instances` AS table2 ON ( table2.`EVENT_NAME` = table1.`seq_no` ) ) ORDER BY table1.`domain_id`, table2.`EVENT_NAME` LIMIT 201 /* QNO 277 CON_ID 22 */
		    22 Execute	SELECT * FROM (mysql.`gtid_slave_pos` AS table1 RIGHT OUTER JOIN performance_schema.`socket_instances` AS table2 ON ( table2.`EVENT_NAME` = table1.`seq_no` ) ) ORDER BY table1.`domain_id`, table2.`EVENT_NAME` LIMIT 201 /* QNO 277 CON_ID 22 */
		    22 Query	/* GenTest::Transform::ExecuteAsInsertSelect */ CREATE DATABASE IF NOT EXISTS transforms /* QNO 283 CON_ID 22 */
		    22 Query	/* GenTest::Transform::ExecuteAsIntersect */ (  SELECT * FROM (mysql.`gtid_slave_pos` AS table1 RIGHT OUTER JOIN performance_schema.`socket_instances` AS table2 ON ( table2.`EVENT_NAME` = table1.`seq_no` ) ) ORDER BY table1.`domain_id`, table2.`EVENT_NAME` LIMIT 201 /* QNO 277 CON_ID 22 */  ) INTERSECT (  SELECT * FROM (mysql.`gtid_slave_pos` AS table1 RIGHT OUTER JOIN performance_schema.`socket_instances` AS table2 ON ( table2.`EVENT_NAME` = table1.`seq_no` ) ) ORDER BY table1.`domain_id`, table2.`EVENT_NAME` LIMIT 201 /* QNO 277 CON_ID 22 */  ) /* TRANSFORM_OUTCOME_DISTINCT */ /* QNO 284 CON_ID 22 */
		    22 Query	(  SELECT * FROM (mysql.`gtid_slave_pos` AS table1 RIGHT OUTER JOIN performance_schema.`socket_instances` AS table2 ON ( table2.`EVENT_NAME` = table1.`seq_no` ) ) ORDER BY table1.`domain_id`, table2.`EVENT_NAME` LIMIT 201 /* QNO 277 CON_ID 22 */  ) INTERSECT (  SELECT * FROM (mysql.`gtid_slave_pos` AS table1 RIGHT OUTER JOIN performance_schema.`socket_instances` AS table2 ON ( table2.`EVENT_NAME` = table1.`seq_no` ) ) ORDER BY table1.`domain_id`, table2.`EVENT_NAME` LIMIT 0 /* QNO 277 CON_ID 22 */  ) /* TRANSFORM_OUTCOME_EMPTY_RESULT */ /* QNO 285 CON_ID 22 */
		    22 Query	/* GenTest::Transform::ExecuteAsUnion */ (  SELECT * FROM (mysql.`gtid_slave_pos` AS table1 RIGHT OUTER JOIN performance_schema.`socket_instances` AS table2 ON ( table2.`EVENT_NAME` = table1.`seq_no` ) ) ORDER BY table1.`domain_id`, table2.`EVENT_NAME` LIMIT 201 /* QNO 277 CON_ID 22 */  ) UNION ALL (  SELECT * FROM (mysql.`gtid_slave_pos` AS table1 RIGHT OUTER JOIN performance_schema.`socket_instances` AS table2 ON ( table2.`EVENT_NAME` = table1.`seq_no` ) ) ORDER BY table1.`domain_id`, table2.`EVENT_NAME` LIMIT 0 /* QNO 277 CON_ID 22 */  ) /* TRANSFORM_OUTCOME_UNORDERED_MATCH */ /* QNO 286 CON_ID 22 */
		    22 Query	(  SELECT * FROM (mysql.`gtid_slave_pos` AS table1 RIGHT OUTER JOIN performance_schema.`socket_instances` AS table2 ON ( table2.`EVENT_NAME` = table1.`seq_no` ) ) ORDER BY table1.`domain_id`, table2.`EVENT_NAME` LIMIT 0 /* QNO 277 CON_ID 22 */  ) UNION ALL (  SELECT * FROM (mysql.`gtid_slave_pos` AS table1 RIGHT OUTER JOIN performance_schema.`socket_instances` AS table2 ON ( table2.`EVENT_NAME` = table1.`seq_no` ) ) ORDER BY table1.`domain_id`, table2.`EVENT_NAME` LIMIT 201 /* QNO 277 CON_ID 22 */  ) /* TRANSFORM_OUTCOME_UNORDERED_MATCH */ /* QNO 287 CON_ID 22 */
		    22 Query	(  SELECT * FROM (mysql.`gtid_slave_pos` AS table1 RIGHT OUTER JOIN performance_schema.`socket_instances` AS table2 ON ( table2.`EVENT_NAME` = table1.`seq_no` ) ) ORDER BY table1.`domain_id`, table2.`EVENT_NAME` LIMIT 201 /* QNO 277 CON_ID 22 */  ) UNION DISTINCT (  SELECT * FROM (mysql.`gtid_slave_pos` AS table1 RIGHT OUTER JOIN performance_schema.`socket_instances` AS table2 ON ( table2.`EVENT_NAME` = table1.`seq_no` ) ) ORDER BY table1.`domain_id`, table2.`EVENT_NAME` LIMIT 201 /* QNO 277 CON_ID 22 */  ) /* TRANSFORM_OUTCOME_DISTINCT */ /* QNO 288 CON_ID 22 */
		    22 Query	(  SELECT * FROM (mysql.`gtid_slave_pos` AS table1 RIGHT OUTER JOIN performance_schema.`socket_instances` AS table2 ON ( table2.`EVENT_NAME` = table1.`seq_no` ) ) ORDER BY table1.`domain_id`, table2.`EVENT_NAME` LIMIT 201 /* QNO 277 CON_ID 22 */  ) UNION ALL (  SELECT * FROM (mysql.`gtid_slave_pos` AS table1 RIGHT OUTER JOIN performance_schema.`socket_instances` AS table2 ON ( table2.`EVENT_NAME` = table1.`seq_no` ) ) ORDER BY table1.`domain_id`, table2.`EVENT_NAME` LIMIT 201 /* QNO 277 CON_ID 22 */  ) /* TRANSFORM_OUTCOME_SUPERSET */ /* QNO 289 CON_ID 22 */
		    22 Query	CREATE OR REPLACE VIEW transforms.view_4708_probe AS  SELECT * FROM (mysql.`gtid_slave_pos` AS table1 RIGHT OUTER JOIN performance_schema.`socket_instances` AS table2 ON ( table2.`EVENT_NAME` = table1.`seq_no` ) ) ORDER BY table1.`domain_id`, table2.`EVENT_NAME` LIMIT 201 /* QNO 277 CON_ID 22 */  /* QNO 290 CON_ID 22 */
		    22 Query	/* GenTest::Transform::ExecuteAsPreparedTwice */ PREPARE prep_stmt_4708 FROM ' SELECT * FROM (mysql.`gtid_slave_pos` AS table1 RIGHT OUTER JOIN performance_schema.`socket_instances` AS table2 ON ( table2.`EVENT_NAME` = table1.`seq_no` ) ) ORDER BY table1.`domain_id`, table2.`EVENT_NAME` LIMIT 201 /* QNO 277 CON_ID 22 */ ' /* QNO 291 CON_ID 22 */
		    22 Prepare	SELECT * FROM (mysql.`gtid_slave_pos` AS table1 RIGHT OUTER JOIN performance_schema.`socket_instances` AS table2 ON ( table2.`EVENT_NAME` = table1.`seq_no` ) ) ORDER BY table1.`domain_id`, table2.`EVENT_NAME` LIMIT 201 /* QNO 277 CON_ID 22 */
		    22 Query	EXECUTE prep_stmt_4708 /* TRANSFORM_OUTCOME_UNORDERED_MATCH */ /* QNO 292 CON_ID 22 */
		    22 Execute	SELECT * FROM (mysql.`gtid_slave_pos` AS table1 RIGHT OUTER JOIN performance_schema.`socket_instances` AS table2 ON ( table2.`EVENT_NAME` = table1.`seq_no` ) ) ORDER BY table1.`domain_id`, table2.`EVENT_NAME` LIMIT 201 /* QNO 277 CON_ID 22 */
		    22 Query	EXECUTE prep_stmt_4708 /* TRANSFORM_OUTCOME_UNORDERED_MATCH */ /* QNO 293 CON_ID 22 */
		    22 Execute	SELECT * FROM (mysql.`gtid_slave_pos` AS table1 RIGHT OUTER JOIN performance_schema.`socket_instances` AS table2 ON ( table2.`EVENT_NAME` = table1.`seq_no` ) ) ORDER BY table1.`domain_id`, table2.`EVENT_NAME` LIMIT 201 /* QNO 277 CON_ID 22 */
		    22 Query	DEALLOCATE PREPARE prep_stmt_4708 /* QNO 294 CON_ID 22 */
		    22 Query	/* GenTest::Transform::ExecuteAsSPTwice */ DROP PROCEDURE IF EXISTS stored_proc_4708 /* QNO 295 CON_ID 22 */
		    22 Query	SELECT * FROM `events_statements_summary_global_by_event_name` INTO OUTFILE 'load_events_statements_summary_global_by_event_name'  /* QNO 296 CON_ID 22 */
		    22 Query	LOAD DATA INFILE 'load_events_statements_summary_global_by_event_name' REPLACE INTO TABLE events_statements_summary_global_by_event_name /* QNO 297 CON_ID 22 */
		    22 Query	XA ROLLBACK 'non_prepared_xid'  /* QNO 298 CON_ID 22 */
		    22 Query	SELECT * from `table_lock_waits_summary_by_table` WHERE row_end IN (SELECT row_end FROM t9) /* QNO 299 CON_ID 22 */
		    22 Query	INSERT INTO `events_stages_summary_by_host_by_event_name` SELECT * FROM `events_statements_summary_by_account_by_event_name` /* QNO 300 CON_ID 22 */
		    22 Query	XA COMMIT 'non_idle_xid' ONE PHASE  /* QNO 301 CON_ID 22 */
		    22 Query	DELETE FROM `events_waits_history` LIMIT 2 /* QNO 302 CON_ID 22 */
		    22 Query	SELECT row_end FROM `events_waits_summary_global_by_event_name` ORDER BY RAND() LIMIT 1 INTO @trx /* QNO 303 CON_ID 22 */
		    22 Query	INSERT INTO `events_waits_summary_by_host_by_event_name` SELECT * FROM `events_waits_summary_by_instance` /* QNO 304 CON_ID 22 */
		    22 Query	ALTER SEQUENCE seq4 INCREMENT = 6 NOMAXVALUE /* QNO 305 CON_ID 22 */
		    22 Query	SELECT * FROM mysql.transaction_registry /* QNO 306 CON_ID 22 */
		    22 Query	/* GenTest::Transform::ExecuteAsCTE */  WITH cte1 AS ( SELECT * FROM mysql.transaction_registry /* QNO 306 CON_ID 22 */ ) SELECT * FROM cte1  /* TRANSFORM_OUTCOME_UNORDERED_MATCH */ /* QNO 307 CON_ID 22 */
		    22 Query	/* GenTest::Transform::ExecuteAsDeleteReturning */ CREATE DATABASE IF NOT EXISTS transforms /* QNO 308 CON_ID 22 */
		    22 Query	/* GenTest::Transform::ExecuteAsExcept */ ( SELECT * FROM mysql.transaction_registry /* QNO 306 CON_ID 22 */  ) EXCEPT ( SELECT * FROM mysql.transaction_registry /* QNO 306 CON_ID 22 */  ) /* TRANSFORM_OUTCOME_DISTINCT */ /* QNO 309 CON_ID 22 */
		    22 Query	( SELECT * FROM mysql.transaction_registry /* QNO 306 CON_ID 22 */  ) EXCEPT ( SELECT * FROM mysql.transaction_registry /* QNO 306 CON_ID 22 */  ) /* TRANSFORM_OUTCOME_EMPTY_RESULT */ /* QNO 310 CON_ID 22 */
		    22 Query	/* GenTest::Transform::ExecuteAsExecuteImmediate */ EXECUTE IMMEDIATE 'SELECT * FROM mysql.transaction_registry /* QNO 306 CON_ID 22 */ ' /* TRANSFORM_OUTCOME_UNORDERED_MATCH */ /* QNO 311 CON_ID 22 */
		    22 Prepare	SELECT * FROM mysql.transaction_registry /* QNO 306 CON_ID 22 */
		    22 Execute	SELECT * FROM mysql.transaction_registry /* QNO 306 CON_ID 22 */
		    22 Query	/* GenTest::Transform::ExecuteAsInsertSelect */ CREATE DATABASE IF NOT EXISTS transforms /* QNO 312 CON_ID 22 */
		    22 Query	/* GenTest::Transform::ExecuteAsIntersect */ ( SELECT * FROM mysql.transaction_registry /* QNO 306 CON_ID 22 */  ) INTERSECT ( SELECT * FROM mysql.transaction_registry /* QNO 306 CON_ID 22 */  ) /* TRANSFORM_OUTCOME_DISTINCT */ /* QNO 313 CON_ID 22 */
		    22 Query	( SELECT * FROM mysql.transaction_registry /* QNO 306 CON_ID 22 */  ) INTERSECT ( SELECT * FROM mysql.transaction_registry /* QNO 306 CON_ID 22 */  ) /* TRANSFORM_OUTCOME_EMPTY_RESULT */ /* QNO 314 CON_ID 22 */
		    22 Query	/* GenTest::Transform::ExecuteAsUnion */ ( SELECT * FROM mysql.transaction_registry /* QNO 306 CON_ID 22 */  ) UNION ALL ( SELECT * FROM mysql.transaction_registry /* QNO 306 CON_ID 22 */  LIMIT 0 ) /* TRANSFORM_OUTCOME_UNORDERED_MATCH */ /* QNO 315 CON_ID 22 */
		    22 Query	( SELECT * FROM mysql.transaction_registry /* QNO 306 CON_ID 22 */  LIMIT 0 ) UNION ALL ( SELECT * FROM mysql.transaction_registry /* QNO 306 CON_ID 22 */  ) /* TRANSFORM_OUTCOME_UNORDERED_MATCH */ /* QNO 316 CON_ID 22 */
		    22 Query	( SELECT * FROM mysql.transaction_registry /* QNO 306 CON_ID 22 */  ) UNION DISTINCT ( SELECT * FROM mysql.transaction_registry /* QNO 306 CON_ID 22 */  ) /* TRANSFORM_OUTCOME_DISTINCT */ /* QNO 317 CON_ID 22 */
		    22 Query	( SELECT * FROM mysql.transaction_registry /* QNO 306 CON_ID 22 */  ) UNION ALL ( SELECT * FROM mysql.transaction_registry /* QNO 306 CON_ID 22 */  ) /* TRANSFORM_OUTCOME_SUPERSET */ /* QNO 318 CON_ID 22 */
		    22 Query	CREATE OR REPLACE VIEW transforms.view_4708_probe AS SELECT * FROM mysql.transaction_registry /* QNO 306 CON_ID 22 */  /* QNO 319 CON_ID 22 */
		    22 Query	/* GenTest::Transform::ExecuteAsPreparedTwice */ PREPARE prep_stmt_4708 FROM 'SELECT * FROM mysql.transaction_registry /* QNO 306 CON_ID 22 */ ' /* QNO 320 CON_ID 22 */
		    22 Prepare	SELECT * FROM mysql.transaction_registry /* QNO 306 CON_ID 22 */
		    22 Query	EXECUTE prep_stmt_4708 /* TRANSFORM_OUTCOME_UNORDERED_MATCH */ /* QNO 321 CON_ID 22 */
		    22 Execute	SELECT * FROM mysql.transaction_registry /* QNO 306 CON_ID 22 */
		    22 Query	EXECUTE prep_stmt_4708 /* TRANSFORM_OUTCOME_UNORDERED_MATCH */ /* QNO 322 CON_ID 22 */
		    22 Execute	SELECT * FROM mysql.transaction_registry /* QNO 306 CON_ID 22 */
		    22 Query	DEALLOCATE PREPARE prep_stmt_4708 /* QNO 323 CON_ID 22 */
		    22 Query	/* GenTest::Transform::ExecuteAsSPTwice */ DROP PROCEDURE IF EXISTS stored_proc_4708 /* QNO 324 CON_ID 22 */
		    22 Query	UPDATE performance_schema.setup_timers SET timer_name = 'MICROSECOND' /* QNO 325 CON_ID 22 */
		    22 Query	CREATE OR REPLACE VIEW transforms.view_4708_probe AS UPDATE performance_schema.setup_timers SET timer_name = 'MICROSECOND' /* QNO 325 CON_ID 22 */  /* QNO 326 CON_ID 22 */
		    22 Query	SELECT row_end FROM t3 ORDER BY RAND() LIMIT 1 INTO @trx /* QNO 327 CON_ID 22 */
		    22 Query	SHOW ENGINE PERFORMANCE_SCHEMA STATUS /* QNO 328 CON_ID 22 */
		    22 Query	CREATE OR REPLACE VIEW transforms.view_4708_probe AS SHOW ENGINE PERFORMANCE_SCHEMA STATUS /* QNO 328 CON_ID 22 */  /* QNO 329 CON_ID 22 */
		    22 Query	XA RECOVER /* QNO 330 CON_ID 22 */
		    22 Query	CREATE OR REPLACE VIEW transforms.view_4708_probe AS XA RECOVER /* QNO 330 CON_ID 22 */  /* QNO 331 CON_ID 22 */
		    22 Query	SELECT * FROM performance_schema.`socket_summary_by_event_name` AS table1 WHERE table1.`MIN_TIMER_WRITE` IN ( 3, 5, 4 ) HAVING ( table1.`SUM_TIMER_WAIT` < '2013-01-17 08:11:29.025205' OR table1.`SUM_NUMBER_OF_BYTES_READ` <> '2003-01-04 13:53:19.056292') ORDER BY table1.`COUNT_MISC` LIMIT 80 /* QNO 332 CON_ID 22 */
		    22 Query	SHOW WARNINGS
		    22 Query	SET STATEMENT system_versioning_alter_history=KEEP FOR ALTER TABLE `users` ADD PERIOD FOR SYSTEM_TIME(`vers_start`, `vers_start`) /* QNO 333 CON_ID 22 */
		    22 Query	XA COMMIT 'non_idle_xid' ONE PHASE  /* QNO 334 CON_ID 22 */
		    22 Query	SELECT * FROM (INFORMATION_SCHEMA.`INNODB_FT_BEING_DELETED` AS table1 RIGHT JOIN performance_schema.`events_waits_summary_by_user_by_event_name` AS table2 ON ( table2.`EVENT_NAME` = table1.`DOC_ID` ) ) WHERE (NOT ( ( ( ( table1.`DOC_ID` <> table1.`DOC_ID` OR table1.`DOC_ID` LIKE '%myisam%') OR table2.`SUM_TIMER_WAIT` LIKE 'wait/synch%') AND table1.`DOC_ID` != table2.`AVG_TIMER_WAIT`) OR table1.`DOC_ID` >= table1.`DOC_ID`) AND table2.`SUM_TIMER_WAIT` LIKE 'wait/synch%') LIMIT 32 /* QNO 335 CON_ID 22 */
		    22 Query	/* GenTest::Transform::ExecuteAsCTE */  WITH cte1 AS ( SELECT * FROM( INFORMATION_SCHEMA.`INNODB_FT_BEING_DELETED` AS table1 RIGHT JOIN performance_schema.`events_waits_summary_by_user_by_event_name` AS table2 ON( table2.`EVENT_NAME` = table1.`DOC_ID`)) WHERE( NOT(((( table1.`DOC_ID` <> table1.`DOC_ID` OR table1.`DOC_ID` LIKE '%myisam%') OR table2.`SUM_TIMER_WAIT` LIKE 'wait/synch%') AND table1.`DOC_ID` != table2.`AVG_TIMER_WAIT`) OR table1.`DOC_ID` >= table1.`DOC_ID`) AND table2.`SUM_TIMER_WAIT` LIKE 'wait/synch%') LIMIT 32 /* QNO 335 CON_ID 22 */ ) SELECT * FROM cte1  /* TRANSFORM_OUTCOME_UNORDERED_MATCH */ /* QNO 336 CON_ID 22 */
		    22 Query	/* GenTest::Transform::ExecuteAsExcept */ (  SELECT * FROM (INFORMATION_SCHEMA.`INNODB_FT_BEING_DELETED` AS table1 RIGHT JOIN performance_schema.`events_waits_summary_by_user_by_event_name` AS table2 ON ( table2.`EVENT_NAME` = table1.`DOC_ID` ) ) WHERE (NOT ( ( ( ( table1.`DOC_ID` <> table1.`DOC_ID` OR table1.`DOC_ID` LIKE '%myisam%') OR table2.`SUM_TIMER_WAIT` LIKE 'wait/synch%') AND table1.`DOC_ID` != table2.`AVG_TIMER_WAIT`) OR table1.`DOC_ID` >= table1.`DOC_ID`) AND table2.`SUM_TIMER_WAIT` LIKE 'wait/synch%') LIMIT 32 /* QNO 335 CON_ID 22 */  ) EXCEPT (  SELECT * FROM (INFORMATION_SCHEMA.`INNODB_FT_BEING_DELETED` AS table1 RIGHT JOIN performance_schema.`events_waits_summary_by_user_by_event_name` AS table2 ON ( table2.`EVENT_NAME` = table1.`DOC_ID` ) ) WHERE (NOT ( ( ( ( table1.`DOC_ID` <> table1.`DOC_ID` OR table1.`DOC_ID` LIKE '%myisam%') OR table2.`SUM_TIMER_WAIT` LIKE 'wait/synch%') AND table1.`DOC_ID` != table2.`AVG_TIMER_WAIT`) OR table1.`DOC_ID` >= table1.`DOC_ID`) AND table2.`SUM_TIMER_WAIT` LIKE 'wait/synch%') LIMIT 0 /* QNO 335 CON_ID 22 */  ) /* TRANSFORM_OUTCOME_DISTINCT */ /* QNO 337 CON_ID 22 */
		    22 Query	(  SELECT * FROM (INFORMATION_SCHEMA.`INNODB_FT_BEING_DELETED` AS table1 RIGHT JOIN performance_schema.`events_waits_summary_by_user_by_event_name` AS table2 ON ( table2.`EVENT_NAME` = table1.`DOC_ID` ) ) WHERE (NOT ( ( ( ( table1.`DOC_ID` <> table1.`DOC_ID` OR table1.`DOC_ID` LIKE '%myisam%') OR table2.`SUM_TIMER_WAIT` LIKE 'wait/synch%') AND table1.`DOC_ID` != table2.`AVG_TIMER_WAIT`) OR table1.`DOC_ID` >= table1.`DOC_ID`) AND table2.`SUM_TIMER_WAIT` LIKE 'wait/synch%') LIMIT 32 /* QNO 335 CON_ID 22 */  ) EXCEPT (  SELECT * FROM (INFORMATION_SCHEMA.`INNODB_FT_BEING_DELETED` AS table1 RIGHT JOIN performance_schema.`events_waits_summary_by_user_by_event_name` AS table2 ON ( table2.`EVENT_NAME` = table1.`DOC_ID` ) ) WHERE (NOT ( ( ( ( table1.`DOC_ID` <> table1.`DOC_ID` OR table1.`DOC_ID` LIKE '%myisam%') OR table2.`SUM_TIMER_WAIT` LIKE 'wait/synch%') AND table1.`DOC_ID` != table2.`AVG_TIMER_WAIT`) OR table1.`DOC_ID` >= table1.`DOC_ID`) AND table2.`SUM_TIMER_WAIT` LIKE 'wait/synch%') LIMIT 32 /* QNO 335 CON_ID 22 */  ) /* TRANSFORM_OUTCOME_EMPTY_RESULT */ /* QNO 338 CON_ID 22 */
		    22 Query	/* GenTest::Transform::ExecuteAsExecuteImmediate */ EXECUTE IMMEDIATE ' SELECT * FROM (INFORMATION_SCHEMA.`INNODB_FT_BEING_DELETED` AS table1 RIGHT JOIN performance_schema.`events_waits_summary_by_user_by_event_name` AS table2 ON ( table2.`EVENT_NAME` = table1.`DOC_ID` ) ) WHERE (NOT ( ( ( ( table1.`DOC_ID` <> table1.`DOC_ID` OR table1.`DOC_ID` LIKE \'%myisam%\') OR table2.`SUM_TIMER_WAIT` LIKE \'wait/synch%\') AND table1.`DOC_ID` != table2.`AVG_TIMER_WAIT`) OR table1.`DOC_ID` >= table1.`DOC_ID`) AND table2.`SUM_TIMER_WAIT` LIKE \'wait/synch%\') LIMIT 32 /* QNO 335 CON_ID 22 */ ' /* TRANSFORM_OUTCOME_UNORDERED_MATCH */ /* QNO 339 CON_ID 22 */
		    22 Prepare	SELECT * FROM (INFORMATION_SCHEMA.`INNODB_FT_BEING_DELETED` AS table1 RIGHT JOIN performance_schema.`events_waits_summary_by_user_by_event_name` AS table2 ON ( table2.`EVENT_NAME` = table1.`DOC_ID` ) ) WHERE (NOT ( ( ( ( table1.`DOC_ID` <> table1.`DOC_ID` OR table1.`DOC_ID` LIKE '%myisam%') OR table2.`SUM_TIMER_WAIT` LIKE 'wait/synch%') AND table1.`DOC_ID` != table2.`AVG_TIMER_WAIT`) OR table1.`DOC_ID` >= table1.`DOC_ID`) AND table2.`SUM_TIMER_WAIT` LIKE 'wait/synch%') LIMIT 32 /* QNO 335 CON_ID 22 */
		    22 Execute	SELECT * FROM (INFORMATION_SCHEMA.`INNODB_FT_BEING_DELETED` AS table1 RIGHT JOIN performance_schema.`events_waits_summary_by_user_by_event_name` AS table2 ON ( table2.`EVENT_NAME` = table1.`DOC_ID` ) ) WHERE (NOT ( ( ( ( table1.`DOC_ID` <> table1.`DOC_ID` OR table1.`DOC_ID` LIKE '%myisam%') OR table2.`SUM_TIMER_WAIT` LIKE 'wait/synch%') AND table1.`DOC_ID` != table2.`AVG_TIMER_WAIT`) OR table1.`DOC_ID` >= table1.`DOC_ID`) AND table2.`SUM_TIMER_WAIT` LIKE 'wait/synch%') LIMIT 32 /* QNO 335 CON_ID 22 */
		    22 Query	/* GenTest::Transform::ExecuteAsInsertSelect */ CREATE DATABASE IF NOT EXISTS transforms /* QNO 340 CON_ID 22 */
		    22 Query	/* GenTest::Transform::ExecuteAsIntersect */ (  SELECT * FROM (INFORMATION_SCHEMA.`INNODB_FT_BEING_DELETED` AS table1 RIGHT JOIN performance_schema.`events_waits_summary_by_user_by_event_name` AS table2 ON ( table2.`EVENT_NAME` = table1.`DOC_ID` ) ) WHERE (NOT ( ( ( ( table1.`DOC_ID` <> table1.`DOC_ID` OR table1.`DOC_ID` LIKE '%myisam%') OR table2.`SUM_TIMER_WAIT` LIKE 'wait/synch%') AND table1.`DOC_ID` != table2.`AVG_TIMER_WAIT`) OR table1.`DOC_ID` >= table1.`DOC_ID`) AND table2.`SUM_TIMER_WAIT` LIKE 'wait/synch%') LIMIT 32 /* QNO 335 CON_ID 22 */  ) INTERSECT (  SELECT * FROM (INFORMATION_SCHEMA.`INNODB_FT_BEING_DELETED` AS table1 RIGHT JOIN performance_schema.`events_waits_summary_by_user_by_event_name` AS table2 ON ( table2.`EVENT_NAME` = table1.`DOC_ID` ) ) WHERE (NOT ( ( ( ( table1.`DOC_ID` <> table1.`DOC_ID` OR table1.`DOC_ID` LIKE '%myisam%') OR table2.`SUM_TIMER_WAIT` LIKE 'wait/synch%') AND table1.`DOC_ID` != table2.`AVG_TIMER_WAIT`) OR table1.`DOC_ID` >= table1.`DOC_ID`) AND table2.`SUM_TIMER_WAIT` LIKE 'wait/synch%') LIMIT 32 /* QNO 335 CON_ID 22 */  ) /* TRANSFORM_OUTCOME_DISTINCT */ /* QNO 341 CON_ID 22 */
		    22 Query	(  SELECT * FROM (INFORMATION_SCHEMA.`INNODB_FT_BEING_DELETED` AS table1 RIGHT JOIN performance_schema.`events_waits_summary_by_user_by_event_name` AS table2 ON ( table2.`EVENT_NAME` = table1.`DOC_ID` ) ) WHERE (NOT ( ( ( ( table1.`DOC_ID` <> table1.`DOC_ID` OR table1.`DOC_ID` LIKE '%myisam%') OR table2.`SUM_TIMER_WAIT` LIKE 'wait/synch%') AND table1.`DOC_ID` != table2.`AVG_TIMER_WAIT`) OR table1.`DOC_ID` >= table1.`DOC_ID`) AND table2.`SUM_TIMER_WAIT` LIKE 'wait/synch%') LIMIT 32 /* QNO 335 CON_ID 22 */  ) INTERSECT (  SELECT * FROM (INFORMATION_SCHEMA.`INNODB_FT_BEING_DELETED` AS table1 RIGHT JOIN performance_schema.`events_waits_summary_by_user_by_event_name` AS table2 ON ( table2.`EVENT_NAME` = table1.`DOC_ID` ) ) WHERE (NOT ( ( ( ( table1.`DOC_ID` <> table1.`DOC_ID` OR table1.`DOC_ID` LIKE '%myisam%') OR table2.`SUM_TIMER_WAIT` LIKE 'wait/synch%') AND table1.`DOC_ID` != table2.`AVG_TIMER_WAIT`) OR table1.`DOC_ID` >= table1.`DOC_ID`) AND table2.`SUM_TIMER_WAIT` LIKE 'wait/synch%') LIMIT 0 /* QNO 335 CON_ID 22 */  ) /* TRANSFORM_OUTCOME_EMPTY_RESULT */ /* QNO 342 CON_ID 22 */
		    22 Query	/* GenTest::Transform::ExecuteAsUnion */ (  SELECT * FROM (INFORMATION_SCHEMA.`INNODB_FT_BEING_DELETED` AS table1 RIGHT JOIN performance_schema.`events_waits_summary_by_user_by_event_name` AS table2 ON ( table2.`EVENT_NAME` = table1.`DOC_ID` ) ) WHERE (NOT ( ( ( ( table1.`DOC_ID` <> table1.`DOC_ID` OR table1.`DOC_ID` LIKE '%myisam%') OR table2.`SUM_TIMER_WAIT` LIKE 'wait/synch%') AND table1.`DOC_ID` != table2.`AVG_TIMER_WAIT`) OR table1.`DOC_ID` >= table1.`DOC_ID`) AND table2.`SUM_TIMER_WAIT` LIKE 'wait/synch%') LIMIT 32 /* QNO 335 CON_ID 22 */  ) UNION ALL (  SELECT * FROM (INFORMATION_SCHEMA.`INNODB_FT_BEING_DELETED` AS table1 RIGHT JOIN performance_schema.`events_waits_summary_by_user_by_event_name` AS table2 ON ( table2.`EVENT_NAME` = table1.`DOC_ID` ) ) WHERE (NOT ( ( ( ( table1.`DOC_ID` <> table1.`DOC_ID` OR table1.`DOC_ID` LIKE '%myisam%') OR table2.`SUM_TIMER_WAIT` LIKE 'wait/synch%') AND table1.`DOC_ID` != table2.`AVG_TIMER_WAIT`) OR table1.`DOC_ID` >= table1.`DOC_ID`) AND table2.`SUM_TIMER_WAIT` LIKE 'wait/synch%') LIMIT 0 /* QNO 335 CON_ID 22 */  ) /* TRANSFORM_OUTCOME_UNORDERED_MATCH */ /* QNO 343 CON_ID 22 */
		    22 Query	(  SELECT * FROM (INFORMATION_SCHEMA.`INNODB_FT_BEING_DELETED` AS table1 RIGHT JOIN performance_schema.`events_waits_summary_by_user_by_event_name` AS table2 ON ( table2.`EVENT_NAME` = table1.`DOC_ID` ) ) WHERE (NOT ( ( ( ( table1.`DOC_ID` <> table1.`DOC_ID` OR table1.`DOC_ID` LIKE '%myisam%') OR table2.`SUM_TIMER_WAIT` LIKE 'wait/synch%') AND table1.`DOC_ID` != table2.`AVG_TIMER_WAIT`) OR table1.`DOC_ID` >= table1.`DOC_ID`) AND table2.`SUM_TIMER_WAIT` LIKE 'wait/synch%') LIMIT 0 /* QNO 335 CON_ID 22 */  ) UNION ALL (  SELECT * FROM (INFORMATION_SCHEMA.`INNODB_FT_BEING_DELETED` AS table1 RIGHT JOIN performance_schema.`events_waits_summary_by_user_by_event_name` AS table2 ON ( table2.`EVENT_NAME` = table1.`DOC_ID` ) ) WHERE (NOT ( ( ( ( table1.`DOC_ID` <> table1.`DOC_ID` OR table1.`DOC_ID` LIKE '%myisam%') OR table2.`SUM_TIMER_WAIT` LIKE 'wait/synch%') AND table1.`DOC_ID` != table2.`AVG_TIMER_WAIT`) OR table1.`DOC_ID` >= table1.`DOC_ID`) AND table2.`SUM_TIMER_WAIT` LIKE 'wait/synch%') LIMIT 32 /* QNO 335 CON_ID 22 */  ) /* TRANSFORM_OUTCOME_UNORDERED_MATCH */ /* QNO 344 CON_ID 22 */
		    22 Query	(  SELECT * FROM (INFORMATION_SCHEMA.`INNODB_FT_BEING_DELETED` AS table1 RIGHT JOIN performance_schema.`events_waits_summary_by_user_by_event_name` AS table2 ON ( table2.`EVENT_NAME` = table1.`DOC_ID` ) ) WHERE (NOT ( ( ( ( table1.`DOC_ID` <> table1.`DOC_ID` OR table1.`DOC_ID` LIKE '%myisam%') OR table2.`SUM_TIMER_WAIT` LIKE 'wait/synch%') AND table1.`DOC_ID` != table2.`AVG_TIMER_WAIT`) OR table1.`DOC_ID` >= table1.`DOC_ID`) AND table2.`SUM_TIMER_WAIT` LIKE 'wait/synch%') LIMIT 32 /* QNO 335 CON_ID 22 */  ) UNION DISTINCT (  SELECT * FROM (INFORMATION_SCHEMA.`INNODB_FT_BEING_DELETED` AS table1 RIGHT JOIN performance_schema.`events_waits_summary_by_user_by_event_name` AS table2 ON ( table2.`EVENT_NAME` = table1.`DOC_ID` ) ) WHERE (NOT ( ( ( ( table1.`DOC_ID` <> table1.`DOC_ID` OR table1.`DOC_ID` LIKE '%myisam%') OR table2.`SUM_TIMER_WAIT` LIKE 'wait/synch%') AND table1.`DOC_ID` != table2.`AVG_TIMER_WAIT`) OR table1.`DOC_ID` >= table1.`DOC_ID`) AND table2.`SUM_TIMER_WAIT` LIKE 'wait/synch%') LIMIT 32 /* QNO 335 CON_ID 22 */  ) /* TRANSFORM_OUTCOME_DISTINCT */ /* QNO 345 CON_ID 22 */
		    22 Query	(  SELECT * FROM (INFORMATION_SCHEMA.`INNODB_FT_BEING_DELETED` AS table1 RIGHT JOIN performance_schema.`events_waits_summary_by_user_by_event_name` AS table2 ON ( table2.`EVENT_NAME` = table1.`DOC_ID` ) ) WHERE (NOT ( ( ( ( table1.`DOC_ID` <> table1.`DOC_ID` OR table1.`DOC_ID` LIKE '%myisam%') OR table2.`SUM_TIMER_WAIT` LIKE 'wait/synch%') AND table1.`DOC_ID` != table2.`AVG_TIMER_WAIT`) OR table1.`DOC_ID` >= table1.`DOC_ID`) AND table2.`SUM_TIMER_WAIT` LIKE 'wait/synch%') LIMIT 32 /* QNO 335 CON_ID 22 */  ) UNION ALL (  SELECT * FROM (INFORMATION_SCHEMA.`INNODB_FT_BEING_DELETED` AS table1 RIGHT JOIN performance_schema.`events_waits_summary_by_user_by_event_name` AS table2 ON ( table2.`EVENT_NAME` = table1.`DOC_ID` ) ) WHERE (NOT ( ( ( ( table1.`DOC_ID` <> table1.`DOC_ID` OR table1.`DOC_ID` LIKE '%myisam%') OR table2.`SUM_TIMER_WAIT` LIKE 'wait/synch%') AND table1.`DOC_ID` != table2.`AVG_TIMER_WAIT`) OR table1.`DOC_ID` >= table1.`DOC_ID`) AND table2.`SUM_TIMER_WAIT` LIKE 'wait/synch%') LIMIT 32 /* QNO 335 CON_ID 22 */  ) /* TRANSFORM_OUTCOME_SUPERSET */ /* QNO 346 CON_ID 22 */
		    22 Query	CREATE OR REPLACE VIEW transforms.view_4708_probe AS  SELECT * FROM (INFORMATION_SCHEMA.`INNODB_FT_BEING_DELETED` AS table1 RIGHT JOIN performance_schema.`events_waits_summary_by_user_by_event_name` AS table2 ON ( table2.`EVENT_NAME` = table1.`DOC_ID` ) ) WHERE (NOT ( ( ( ( table1.`DOC_ID` <> table1.`DOC_ID` OR table1.`DOC_ID` LIKE '%myisam%') OR table2.`SUM_TIMER_WAIT` LIKE 'wait/synch%') AND table1.`DOC_ID` != table2.`AVG_TIMER_WAIT`) OR table1.`DOC_ID` >= table1.`DOC_ID`) AND table2.`SUM_TIMER_WAIT` LIKE 'wait/synch%') LIMIT 32 /* QNO 335 CON_ID 22 */  /* QNO 347 CON_ID 22 */
		    22 Query	/* GenTest::Transform::ExecuteAsPreparedTwice */ PREPARE prep_stmt_4708 FROM ' SELECT * FROM (INFORMATION_SCHEMA.`INNODB_FT_BEING_DELETED` AS table1 RIGHT JOIN performance_schema.`events_waits_summary_by_user_by_event_name` AS table2 ON ( table2.`EVENT_NAME` = table1.`DOC_ID` ) ) WHERE (NOT ( ( ( ( table1.`DOC_ID` <> table1.`DOC_ID` OR table1.`DOC_ID` LIKE \'%myisam%\') OR table2.`SUM_TIMER_WAIT` LIKE \'wait/synch%\') AND table1.`DOC_ID` != table2.`AVG_TIMER_WAIT`) OR table1.`DOC_ID` >= table1.`DOC_ID`) AND table2.`SUM_TIMER_WAIT` LIKE \'wait/synch%\') LIMIT 32 /* QNO 335 CON_ID 22 */ ' /* QNO 348 CON_ID 22 */
		    22 Prepare	SELECT * FROM (INFORMATION_SCHEMA.`INNODB_FT_BEING_DELETED` AS table1 RIGHT JOIN performance_schema.`events_waits_summary_by_user_by_event_name` AS table2 ON ( table2.`EVENT_NAME` = table1.`DOC_ID` ) ) WHERE (NOT ( ( ( ( table1.`DOC_ID` <> table1.`DOC_ID` OR table1.`DOC_ID` LIKE '%myisam%') OR table2.`SUM_TIMER_WAIT` LIKE 'wait/synch%') AND table1.`DOC_ID` != table2.`AVG_TIMER_WAIT`) OR table1.`DOC_ID` >= table1.`DOC_ID`) AND table2.`SUM_TIMER_WAIT` LIKE 'wait/synch%') LIMIT 32 /* QNO 335 CON_ID 22 */
		    22 Query	EXECUTE prep_stmt_4708 /* TRANSFORM_OUTCOME_UNORDERED_MATCH */ /* QNO 349 CON_ID 22 */
		    22 Execute	SELECT * FROM (INFORMATION_SCHEMA.`INNODB_FT_BEING_DELETED` AS table1 RIGHT JOIN performance_schema.`events_waits_summary_by_user_by_event_name` AS table2 ON ( table2.`EVENT_NAME` = table1.`DOC_ID` ) ) WHERE (NOT ( ( ( ( table1.`DOC_ID` <> table1.`DOC_ID` OR table1.`DOC_ID` LIKE '%myisam%') OR table2.`SUM_TIMER_WAIT` LIKE 'wait/synch%') AND table1.`DOC_ID` != table2.`AVG_TIMER_WAIT`) OR table1.`DOC_ID` >= table1.`DOC_ID`) AND table2.`SUM_TIMER_WAIT` LIKE 'wait/synch%') LIMIT 32 /* QNO 335 CON_ID 22 */
		    22 Query	EXECUTE prep_stmt_4708 /* TRANSFORM_OUTCOME_UNORDERED_MATCH */ /* QNO 350 CON_ID 22 */
		    22 Execute	SELECT * FROM (INFORMATION_SCHEMA.`INNODB_FT_BEING_DELETED` AS table1 RIGHT JOIN performance_schema.`events_waits_summary_by_user_by_event_name` AS table2 ON ( table2.`EVENT_NAME` = table1.`DOC_ID` ) ) WHERE (NOT ( ( ( ( table1.`DOC_ID` <> table1.`DOC_ID` OR table1.`DOC_ID` LIKE '%myisam%') OR table2.`SUM_TIMER_WAIT` LIKE 'wait/synch%') AND table1.`DOC_ID` != table2.`AVG_TIMER_WAIT`) OR table1.`DOC_ID` >= table1.`DOC_ID`) AND table2.`SUM_TIMER_WAIT` LIKE 'wait/synch%') LIMIT 32 /* QNO 335 CON_ID 22 */
		    22 Query	DEALLOCATE PREPARE prep_stmt_4708 /* QNO 351 CON_ID 22 */
		    22 Query	/* GenTest::Transform::ExecuteAsSPTwice */ DROP PROCEDURE IF EXISTS stored_proc_4708 /* QNO 352 CON_ID 22 */
		    22 Query	ALTER TABLE `session_connect_attrs` CHANGE COLUMN IF EXISTS vcol5 tscol10 TIMESTAMP NULL DEFAULT CURRENT_TIESTAMP ON UPDATE CURRENT_TIMESTAMP, LOCK=DEFAULT, ADD vcol1 ENUM('foo','bar') AS ( ecol2 ) STORED /*!100303 INVISIBLE */ /*!100201 CHECK (`ORDINAL_POSITION` NOT LIKE tcol4) */, LOCK=NONE /* QNO 353 CON_ID 22 */
		    22 Query	SELECT * from `events_stages_summary_global_by_event_name` WHERE row_start IN (SELECT row_start FROM t3) /* QNO 354 CON_ID 22 */
		    22 Query	XA ROLLBACK 'non_prepared_xid'  /* QNO 355 CON_ID 22 */
		    22 Query	SHOW ENGINE PERFORMANCE_SCHEMA STATUS /* QNO 356 CON_ID 22 */
		    22 Query	CREATE OR REPLACE VIEW transforms.view_4708_probe AS SHOW ENGINE PERFORMANCE_SCHEMA STATUS /* QNO 356 CON_ID 22 */  /* QNO 357 CON_ID 22 */
		    22 Query	DELETE FROM `events_statements_history_long` WHERE `CURRENT_SCHEMA` = 'r' LIMIT 3 /* QNO 358 CON_ID 22 */
		    22 Query	SELECT * FROM INFORMATION_SCHEMA.`ALL_PLUGINS` AS table1 WHERE (NOT (NOT table1.`PLUGIN_TYPE_VERSION` LIKE 'wait/synch/cond%' OR table1.`PLUGIN_MATURITY` != table1.`PLUGIN_TYPE`) OR table1.`PLUGIN_AUTH_VERSION` LIKE 'wait/synch%') HAVING ( ( table1.`PLUGIN_AUTH_VERSION` <> 5 OR table1.`LOAD_OPTION` = 'bx') OR table1.`PLUGIN_LIBRARY_VERSION` > 'xg') LIMIT 25 /* QNO 359 CON_ID 22 */
		    18 Query	SHOW WARNINGS
		    20 Query	SELECT * FROM transforms.insert_select_1000 /* TRANSFORM_OUTCOME_UNORDERED_MATCH */ /* QNO 235 CON_ID 20 */
		    18 Query	SELECT * FROM (INFORMATION_SCHEMA.`INNODB_LOCKS` AS table1 INNER JOIN performance_schema.`users` AS table2 ON ( table2.`USER` = table1.`lock_id` ) ) WHERE table1.`lock_type` LIKE '%sql%' HAVING table2.`USER` != 'h' ORDER BY table2.`TOTAL_CONNECTIONS`, table1.`lock_trx_id`, table2.`CURRENT_CONNECTIONS` LIMIT 48 /* QNO 268 CON_ID 18 */
		    20 Query	DELETE FROM transforms.insert_select_1000 /* QNO 236 CON_ID 20 */
		    20 Query	INSERT INTO transforms.insert_select_1000  SELECT * FROM mysql.`column_stats` AS table1 LIMIT 129 /* QNO 227 CON_ID 20 */  /* QNO 237 CON_ID 20 */
		    20 Query	SELECT * FROM transforms.insert_select_1000 /* TRANSFORM_OUTCOME_UNORDERED_MATCH */ /* QNO 238 CON_ID 20 */
		    20 Query	DELETE FROM transforms.insert_select_1000 /* QNO 239 CON_ID 20 */
		    20 Query	REPLACE INTO transforms.insert_select_1000  SELECT * FROM mysql.`column_stats` AS table1 LIMIT 129 /* QNO 227 CON_ID 20 */  /* QNO 240 CON_ID 20 */
		    20 Query	SELECT * FROM transforms.insert_select_1000 /* TRANSFORM_OUTCOME_UNORDERED_MATCH */ /* QNO 241 CON_ID 20 */
		    18 Query	/* GenTest::Transform::ExecuteAsCTE */  WITH cte1 AS ( SELECT * FROM( INFORMATION_SCHEMA.`INNODB_LOCKS` AS table1 INNER JOIN performance_schema.`users` AS table2 ON( table2.`USER` = table1.`lock_id`)) WHERE table1.`lock_type` LIKE '%sql%' HAVING table2.`USER` != 'h' ORDER BY table2.`TOTAL_CONNECTIONS`, table1.`lock_trx_id`, table2.`CURRENT_CONNECTIONS` LIMIT 48 /* QNO 268 CON_ID 18 */ ) SELECT * FROM cte1  /* TRANSFORM_OUTCOME_UNORDERED_MATCH */ /* QNO 269 CON_ID 18 */
		    20 Query	DROP TABLE transforms.insert_select_1000 /* QNO 242 CON_ID 20 */
		    18 Query	/* GenTest::Transform::ExecuteAsDeleteReturning */ CREATE DATABASE IF NOT EXISTS transforms /* QNO 270 CON_ID 18 */
		    22 Query	/* GenTest::Transform::ExecuteAsCTE */  WITH cte1 AS ( SELECT * FROM INFORMATION_SCHEMA.`ALL_PLUGINS` AS table1 WHERE( NOT( NOT table1.`PLUGIN_TYPE_VERSION` LIKE 'wait/synch/cond%' OR table1.`PLUGIN_MATURITY` != table1.`PLUGIN_TYPE`) OR table1.`PLUGIN_AUTH_VERSION` LIKE 'wait/synch%') HAVING(( table1.`PLUGIN_AUTH_VERSION` <> 5 OR table1.`LOAD_OPTION` = 'bx') OR table1.`PLUGIN_LIBRARY_VERSION` > 'xg') LIMIT 25 /* QNO 359 CON_ID 22 */ ) SELECT * FROM cte1  /* TRANSFORM_OUTCOME_UNORDERED_MATCH */ /* QNO 360 CON_ID 22 */
		    22 Query	/* GenTest::Transform::ExecuteAsDeleteReturning */ CREATE DATABASE IF NOT EXISTS transforms /* QNO 361 CON_ID 22 */
		    22 Query	/* GenTest::Transform::ExecuteAsExcept */ (  SELECT * FROM INFORMATION_SCHEMA.`ALL_PLUGINS` AS table1 WHERE (NOT (NOT table1.`PLUGIN_TYPE_VERSION` LIKE 'wait/synch/cond%' OR table1.`PLUGIN_MATURITY` != table1.`PLUGIN_TYPE`) OR table1.`PLUGIN_AUTH_VERSION` LIKE 'wait/synch%') HAVING ( ( table1.`PLUGIN_AUTH_VERSION` <> 5 OR table1.`LOAD_OPTION` = 'bx') OR table1.`PLUGIN_LIBRARY_VERSION` > 'xg') LIMIT 25 /* QNO 359 CON_ID 22 */  ) EXCEPT (  SELECT * FROM INFORMATION_SCHEMA.`ALL_PLUGINS` AS table1 WHERE (NOT (NOT table1.`PLUGIN_TYPE_VERSION` LIKE 'wait/synch/cond%' OR table1.`PLUGIN_MATURITY` != table1.`PLUGIN_TYPE`) OR table1.`PLUGIN_AUTH_VERSION` LIKE 'wait/synch%') HAVING ( ( table1.`PLUGIN_AUTH_VERSION` <> 5 OR table1.`LOAD_OPTION` = 'bx') OR table1.`PLUGIN_LIBRARY_VERSION` > 'xg') LIMIT 0 /* QNO 359 CON_ID 22 */  ) /* TRANSFORM_OUTCOME_DISTINCT */ /* QNO 362 CON_ID 22 */
		    22 Query	(  SELECT * FROM INFORMATION_SCHEMA.`ALL_PLUGINS` AS table1 WHERE (NOT (NOT table1.`PLUGIN_TYPE_VERSION` LIKE 'wait/synch/cond%' OR table1.`PLUGIN_MATURITY` != table1.`PLUGIN_TYPE`) OR table1.`PLUGIN_AUTH_VERSION` LIKE 'wait/synch%') HAVING ( ( table1.`PLUGIN_AUTH_VERSION` <> 5 OR table1.`LOAD_OPTION` = 'bx') OR table1.`PLUGIN_LIBRARY_VERSION` > 'xg') LIMIT 25 /* QNO 359 CON_ID 22 */  ) EXCEPT (  SELECT * FROM INFORMATION_SCHEMA.`ALL_PLUGINS` AS table1 WHERE (NOT (NOT table1.`PLUGIN_TYPE_VERSION` LIKE 'wait/synch/cond%' OR table1.`PLUGIN_MATURITY` != table1.`PLUGIN_TYPE`) OR table1.`PLUGIN_AUTH_VERSION` LIKE 'wait/synch%') HAVING ( ( table1.`PLUGIN_AUTH_VERSION` <> 5 OR table1.`LOAD_OPTION` = 'bx') OR table1.`PLUGIN_LIBRARY_VERSION` > 'xg') LIMIT 25 /* QNO 359 CON_ID 22 */  ) /* TRANSFORM_OUTCOME_EMPTY_RESULT */ /* QNO 363 CON_ID 22 */
		    17 Query	SHOW WARNINGS
		    17 Query	DROP TABLE IF EXISTS transforms.delete_returning_3980 /* QNO 435 CON_ID 17 */
		    21 Query	SELECT * FROM transforms.view_4888_temptable /* TRANSFORM_OUTCOME_UNORDERED_MATCH */ /* QNO 213 CON_ID 21 */
		    22 Query	/* GenTest::Transform::ExecuteAsExecuteImmediate */ EXECUTE IMMEDIATE ' SELECT * FROM INFORMATION_SCHEMA.`ALL_PLUGINS` AS table1 WHERE (NOT (NOT table1.`PLUGIN_TYPE_VERSION` LIKE \'wait/synch/cond%\' OR table1.`PLUGIN_MATURITY` != table1.`PLUGIN_TYPE`) OR table1.`PLUGIN_AUTH_VERSION` LIKE \'wait/synch%\') HAVING ( ( table1.`PLUGIN_AUTH_VERSION` <> 5 OR table1.`LOAD_OPTION` = \'bx\') OR table1.`PLUGIN_LIBRARY_VERSION` > \'xg\') LIMIT 25 /* QNO 359 CON_ID 22 */ ' /* TRANSFORM_OUTCOME_UNORDERED_MATCH */ /* QNO 364 CON_ID 22 */
		    22 Prepare	SELECT * FROM INFORMATION_SCHEMA.`ALL_PLUGINS` AS table1 WHERE (NOT (NOT table1.`PLUGIN_TYPE_VERSION` LIKE 'wait/synch/cond%' OR table1.`PLUGIN_MATURITY` != table1.`PLUGIN_TYPE`) OR table1.`PLUGIN_AUTH_VERSION` LIKE 'wait/synch%') HAVING ( ( table1.`PLUGIN_AUTH_VERSION` <> 5 OR table1.`LOAD_OPTION` = 'bx') OR table1.`PLUGIN_LIBRARY_VERSION` > 'xg') LIMIT 25 /* QNO 359 CON_ID 22 */
		    22 Execute	SELECT * FROM INFORMATION_SCHEMA.`ALL_PLUGINS` AS table1 WHERE (NOT (NOT table1.`PLUGIN_TYPE_VERSION` LIKE 'wait/synch/cond%' OR table1.`PLUGIN_MATURITY` != table1.`PLUGIN_TYPE`) OR table1.`PLUGIN_AUTH_VERSION` LIKE 'wait/synch%') HAVING ( ( table1.`PLUGIN_AUTH_VERSION` <> 5 OR table1.`LOAD_OPTION` = 'bx') OR table1.`PLUGIN_LIBRARY_VERSION` > 'xg') LIMIT 25 /* QNO 359 CON_ID 22 */
		    21 Query	DROP VIEW transforms.view_4888_merge , transforms.view_4888_temptable /* QNO 214 CON_ID 21 */
		    22 Query	/* GenTest::Transform::ExecuteAsInsertSelect */ CREATE DATABASE IF NOT EXISTS transforms /* QNO 365 CON_ID 22 */
		    22 Query	/* GenTest::Transform::ExecuteAsIntersect */ (  SELECT * FROM INFORMATION_SCHEMA.`ALL_PLUGINS` AS table1 WHERE (NOT (NOT table1.`PLUGIN_TYPE_VERSION` LIKE 'wait/synch/cond%' OR table1.`PLUGIN_MATURITY` != table1.`PLUGIN_TYPE`) OR table1.`PLUGIN_AUTH_VERSION` LIKE 'wait/synch%') HAVING ( ( table1.`PLUGIN_AUTH_VERSION` <> 5 OR table1.`LOAD_OPTION` = 'bx') OR table1.`PLUGIN_LIBRARY_VERSION` > 'xg') LIMIT 25 /* QNO 359 CON_ID 22 */  ) INTERSECT (  SELECT * FROM INFORMATION_SCHEMA.`ALL_PLUGINS` AS table1 WHERE (NOT (NOT table1.`PLUGIN_TYPE_VERSION` LIKE 'wait/synch/cond%' OR table1.`PLUGIN_MATURITY` != table1.`PLUGIN_TYPE`) OR table1.`PLUGIN_AUTH_VERSION` LIKE 'wait/synch%') HAVING ( ( table1.`PLUGIN_AUTH_VERSION` <> 5 OR table1.`LOAD_OPTION` = 'bx') OR table1.`PLUGIN_LIBRARY_VERSION` > 'xg') LIMIT 25 /* QNO 359 CON_ID 22 */  ) /* TRANSFORM_OUTCOME_DISTINCT */ /* QNO 366 CON_ID 22 */
190114 12:06:21	    16 Query	CALL stored_proc_900 /* TRANSFORM_OUTCOME_UNORDERED_MATCH */ /* QNO 243 CON_ID 16 */
		    20 Query	/* GenTest::Transform::ExecuteAsIntersect */ (  SELECT * FROM mysql.`column_stats` AS table1 LIMIT 129 /* QNO 227 CON_ID 20 */  ) INTERSECT (  SELECT * FROM mysql.`column_stats` AS table1 LIMIT 129 /* QNO 227 CON_ID 20 */  ) /* TRANSFORM_OUTCOME_DISTINCT */ /* QNO 243 CON_ID 20 */
		    17 Query	SHOW WARNINGS
		    18 Query	SHOW WARNINGS
		    21 Query	/* GenTest::Transform::ExecuteAsPreparedTwice */ PREPARE prep_stmt_4888 FROM ' SELECT * FROM performance_schema.`file_summary_by_instance` AS table1 ORDER BY table1.`AVG_TIMER_WRITE`, table1.`COUNT_STAR` LIMIT 4 /* QNO 184 CON_ID 21 */ ' /* QNO 215 CON_ID 21 */
		    20 Query	(  SELECT * FROM mysql.`column_stats` AS table1 LIMIT 129 /* QNO 227 CON_ID 20 */  ) INTERSECT (  SELECT * FROM mysql.`column_stats` AS table1 LIMIT 0 /* QNO 227 CON_ID 20 */  ) /* TRANSFORM_OUTCOME_EMPTY_RESULT */ /* QNO 244 CON_ID 20 */
		    17 Query	CREATE TABLE transforms.delete_returning_3980  SELECT * FROM mysql.`db` AS table1 HAVING table1.`Event_priv` < 9 LIMIT 178 /* QNO 432 CON_ID 17 */  /* QNO 436 CON_ID 17 */
		    21 Prepare	SELECT * FROM performance_schema.`file_summary_by_instance` AS table1 ORDER BY table1.`AVG_TIMER_WRITE`, table1.`COUNT_STAR` LIMIT 4 /* QNO 184 CON_ID 21 */
		    18 Query	DROP TABLE IF EXISTS transforms.delete_returning_4904 /* QNO 271 CON_ID 18 */
		    21 Query	EXECUTE prep_stmt_4888 /* TRANSFORM_OUTCOME_UNORDERED_MATCH */ /* QNO 216 CON_ID 21 */
		    20 Query	/* GenTest::Transform::ExecuteAsUnion */ (  SELECT * FROM mysql.`column_stats` AS table1 LIMIT 129 /* QNO 227 CON_ID 20 */  ) UNION ALL (  SELECT * FROM mysql.`column_stats` AS table1 LIMIT 0 /* QNO 227 CON_ID 20 */  ) /* TRANSFORM_OUTCOME_UNORDERED_MATCH */ /* QNO 245 CON_ID 20 */
		    21 Execute	SELECT * FROM performance_schema.`file_summary_by_instance` AS table1 ORDER BY table1.`AVG_TIMER_WRITE`, table1.`COUNT_STAR` LIMIT 4 /* QNO 184 CON_ID 21 */
		    20 Query	(  SELECT * FROM mysql.`column_stats` AS table1 LIMIT 0 /* QNO 227 CON_ID 20 */  ) UNION ALL (  SELECT * FROM mysql.`column_stats` AS table1 LIMIT 129 /* QNO 227 CON_ID 20 */  ) /* TRANSFORM_OUTCOME_UNORDERED_MATCH */ /* QNO 246 CON_ID 20 */
		    20 Query	(  SELECT * FROM mysql.`column_stats` AS table1 LIMIT 129 /* QNO 227 CON_ID 20 */  ) UNION DISTINCT (  SELECT * FROM mysql.`column_stats` AS table1 LIMIT 129 /* QNO 227 CON_ID 20 */  ) /* TRANSFORM_OUTCOME_DISTINCT */ /* QNO 247 CON_ID 20 */
		    20 Query	(  SELECT * FROM mysql.`column_stats` AS table1 LIMIT 129 /* QNO 227 CON_ID 20 */  ) UNION ALL (  SELECT * FROM mysql.`column_stats` AS table1 LIMIT 129 /* QNO 227 CON_ID 20 */  ) /* TRANSFORM_OUTCOME_SUPERSET */ /* QNO 248 CON_ID 20 */
		    20 Query	CREATE OR REPLACE VIEW transforms.view_1000_probe AS  SELECT * FROM mysql.`column_stats` AS table1 LIMIT 129 /* QNO 227 CON_ID 20 */  /* QNO 249 CON_ID 20 */
		    22 Query	(  SELECT * FROM INFORMATION_SCHEMA.`ALL_PLUGINS` AS table1 WHERE (NOT (NOT table1.`PLUGIN_TYPE_VERSION` LIKE 'wait/synch/cond%' OR table1.`PLUGIN_MATURITY` != table1.`PLUGIN_TYPE`) OR table1.`PLUGIN_AUTH_VERSION` LIKE 'wait/synch%') HAVING ( ( table1.`PLUGIN_AUTH_VERSION` <> 5 OR table1.`LOAD_OPTION` = 'bx') OR table1.`PLUGIN_LIBRARY_VERSION` > 'xg') LIMIT 25 /* QNO 359 CON_ID 22 */  ) INTERSECT (  SELECT * FROM INFORMATION_SCHEMA.`ALL_PLUGINS` AS table1 WHERE (NOT (NOT table1.`PLUGIN_TYPE_VERSION` LIKE 'wait/synch/cond%' OR table1.`PLUGIN_MATURITY` != table1.`PLUGIN_TYPE`) OR table1.`PLUGIN_AUTH_VERSION` LIKE 'wait/synch%') HAVING ( ( table1.`PLUGIN_AUTH_VERSION` <> 5 OR table1.`LOAD_OPTION` = 'bx') OR table1.`PLUGIN_LIBRARY_VERSION` > 'xg') LIMIT 0 /* QNO 359 CON_ID 22 */  ) /* TRANSFORM_OUTCOME_EMPTY_RESULT */ /* QNO 367 CON_ID 22 */
		    21 Query	EXECUTE prep_stmt_4888 /* TRANSFORM_OUTCOME_UNORDERED_MATCH */ /* QNO 217 CON_ID 21 */
		    21 Execute	SELECT * FROM performance_schema.`file_summary_by_instance` AS table1 ORDER BY table1.`AVG_TIMER_WRITE`, table1.`COUNT_STAR` LIMIT 4 /* QNO 184 CON_ID 21 */
		    21 Query	DEALLOCATE PREPARE prep_stmt_4888 /* QNO 218 CON_ID 21 */
		    21 Query	/* GenTest::Transform::ExecuteAsSPTwice */ DROP PROCEDURE IF EXISTS stored_proc_4888 /* QNO 219 CON_ID 21 */
		    21 Query	SHOW WARNINGS
		    16 Query	CALL stored_proc_900 /* TRANSFORM_OUTCOME_UNORDERED_MATCH */ /* QNO 244 CON_ID 16 */
		    22 Query	/* GenTest::Transform::ExecuteAsUnion */ (  SELECT * FROM INFORMATION_SCHEMA.`ALL_PLUGINS` AS table1 WHERE (NOT (NOT table1.`PLUGIN_TYPE_VERSION` LIKE 'wait/synch/cond%' OR table1.`PLUGIN_MATURITY` != table1.`PLUGIN_TYPE`) OR table1.`PLUGIN_AUTH_VERSION` LIKE 'wait/synch%') HAVING ( ( table1.`PLUGIN_AUTH_VERSION` <> 5 OR table1.`LOAD_OPTION` = 'bx') OR table1.`PLUGIN_LIBRARY_VERSION` > 'xg') LIMIT 25 /* QNO 359 CON_ID 22 */  ) UNION ALL (  SELECT * FROM INFORMATION_SCHEMA.`ALL_PLUGINS` AS table1 WHERE (NOT (NOT table1.`PLUGIN_TYPE_VERSION` LIKE 'wait/synch/cond%' OR table1.`PLUGIN_MATURITY` != table1.`PLUGIN_TYPE`) OR table1.`PLUGIN_AUTH_VERSION` LIKE 'wait/synch%') HAVING ( ( table1.`PLUGIN_AUTH_VERSION` <> 5 OR table1.`LOAD_OPTION` = 'bx') OR table1.`PLUGIN_LIBRARY_VERSION` > 'xg') LIMIT 0 /* QNO 359 CON_ID 22 */  ) /* TRANSFORM_OUTCOME_UNORDERED_MATCH */ /* QNO 368 CON_ID 22 */
		    21 Query	CREATE PROCEDURE stored_proc_4888 () LANGUAGE SQL  SELECT * FROM performance_schema.`file_summary_by_instance` AS table1 ORDER BY table1.`AVG_TIMER_WRITE`, table1.`COUNT_STAR` LIMIT 4 /* QNO 184 CON_ID 21 */  /* QNO 220 CON_ID 21 */
		    22 Query	(  SELECT * FROM INFORMATION_SCHEMA.`ALL_PLUGINS` AS table1 WHERE (NOT (NOT table1.`PLUGIN_TYPE_VERSION` LIKE 'wait/synch/cond%' OR table1.`PLUGIN_MATURITY` != table1.`PLUGIN_TYPE`) OR table1.`PLUGIN_AUTH_VERSION` LIKE 'wait/synch%') HAVING ( ( table1.`PLUGIN_AUTH_VERSION` <> 5 OR table1.`LOAD_OPTION` = 'bx') OR table1.`PLUGIN_LIBRARY_VERSION` > 'xg') LIMIT 0 /* QNO 359 CON_ID 22 */  ) UNION ALL (  SELECT * FROM INFORMATION_SCHEMA.`ALL_PLUGINS` AS table1 WHERE (NOT (NOT table1.`PLUGIN_TYPE_VERSION` LIKE 'wait/synch/cond%' OR table1.`PLUGIN_MATURITY` != table1.`PLUGIN_TYPE`) OR table1.`PLUGIN_AUTH_VERSION` LIKE 'wait/synch%') HAVING ( ( table1.`PLUGIN_AUTH_VERSION` <> 5 OR table1.`LOAD_OPTION` = 'bx') OR table1.`PLUGIN_LIBRARY_VERSION` > 'xg') LIMIT 25 /* QNO 359 CON_ID 22 */  ) /* TRANSFORM_OUTCOME_UNORDERED_MATCH */ /* QNO 369 CON_ID 22 */
		    22 Query	(  SELECT * FROM INFORMATION_SCHEMA.`ALL_PLUGINS` AS table1 WHERE (NOT (NOT table1.`PLUGIN_TYPE_VERSION` LIKE 'wait/synch/cond%' OR table1.`PLUGIN_MATURITY` != table1.`PLUGIN_TYPE`) OR table1.`PLUGIN_AUTH_VERSION` LIKE 'wait/synch%') HAVING ( ( table1.`PLUGIN_AUTH_VERSION` <> 5 OR table1.`LOAD_OPTION` = 'bx') OR table1.`PLUGIN_LIBRARY_VERSION` > 'xg') LIMIT 25 /* QNO 359 CON_ID 22 */  ) UNION DISTINCT (  SELECT * FROM INFORMATION_SCHEMA.`ALL_PLUGINS` AS table1 WHERE (NOT (NOT table1.`PLUGIN_TYPE_VERSION` LIKE 'wait/synch/cond%' OR table1.`PLUGIN_MATURITY` != table1.`PLUGIN_TYPE`) OR table1.`PLUGIN_AUTH_VERSION` LIKE 'wait/synch%') HAVING ( ( table1.`PLUGIN_AUTH_VERSION` <> 5 OR table1.`LOAD_OPTION` = 'bx') OR table1.`PLUGIN_LIBRARY_VERSION` > 'xg') LIMIT 25 /* QNO 359 CON_ID 22 */  ) /* TRANSFORM_OUTCOME_DISTINCT */ /* QNO 370 CON_ID 22 */
		    21 Query	CALL stored_proc_4888 /* TRANSFORM_OUTCOME_UNORDERED_MATCH */ /* QNO 221 CON_ID 21 */
		    22 Query	(  SELECT * FROM INFORMATION_SCHEMA.`ALL_PLUGINS` AS table1 WHERE (NOT (NOT table1.`PLUGIN_TYPE_VERSION` LIKE 'wait/synch/cond%' OR table1.`PLUGIN_MATURITY` != table1.`PLUGIN_TYPE`) OR table1.`PLUGIN_AUTH_VERSION` LIKE 'wait/synch%') HAVING ( ( table1.`PLUGIN_AUTH_VERSION` <> 5 OR table1.`LOAD_OPTION` = 'bx') OR table1.`PLUGIN_LIBRARY_VERSION` > 'xg') LIMIT 25 /* QNO 359 CON_ID 22 */  ) UNION ALL (  SELECT * FROM INFORMATION_SCHEMA.`ALL_PLUGINS` AS table1 WHERE (NOT (NOT table1.`PLUGIN_TYPE_VERSION` LIKE 'wait/synch/cond%' OR table1.`PLUGIN_MATURITY` != table1.`PLUGIN_TYPE`) OR table1.`PLUGIN_AUTH_VERSION` LIKE 'wait/synch%') HAVING ( ( table1.`PLUGIN_AUTH_VERSION` <> 5 OR table1.`LOAD_OPTION` = 'bx') OR table1.`PLUGIN_LIBRARY_VERSION` > 'xg') LIMIT 25 /* QNO 359 CON_ID 22 */  ) /* TRANSFORM_OUTCOME_SUPERSET */ /* QNO 371 CON_ID 22 */
