		    20 Query	(  SELECT * FROM mysql.`transaction_registry` AS table1 HAVING NOT table1.`begin_timestamp` <= 5 ORDER BY table1.`commit_id` LIMIT 187 /* QNO 1078 CON_ID 20 */  ) EXCEPT (  SELECT * FROM mysql.`transaction_registry` AS table1 HAVING NOT table1.`begin_timestamp` <= 5 ORDER BY table1.`commit_id` LIMIT 187 /* QNO 1078 CON_ID 20 */  ) /* TRANSFORM_OUTCOME_EMPTY_RESULT */ /* QNO 1082 CON_ID 20 */
		    20 Query	/* GenTest::Transform::ExecuteAsExecuteImmediate */ EXECUTE IMMEDIATE ' SELECT * FROM mysql.`transaction_registry` AS table1 HAVING NOT table1.`begin_timestamp` <= 5 ORDER BY table1.`commit_id` LIMIT 187 /* QNO 1078 CON_ID 20 */ ' /* TRANSFORM_OUTCOME_UNORDERED_MATCH */ /* QNO 1083 CON_ID 20 */
		    20 Prepare	SELECT * FROM mysql.`transaction_registry` AS table1 HAVING NOT table1.`begin_timestamp` <= 5 ORDER BY table1.`commit_id` LIMIT 187 /* QNO 1078 CON_ID 20 */
		    20 Execute	SELECT * FROM mysql.`transaction_registry` AS table1 HAVING NOT table1.`begin_timestamp` <= 5 ORDER BY table1.`commit_id` LIMIT 187 /* QNO 1078 CON_ID 20 */
		    20 Query	/* GenTest::Transform::ExecuteAsInsertSelect */ CREATE DATABASE IF NOT EXISTS transforms /* QNO 1084 CON_ID 20 */
		    20 Query	/* GenTest::Transform::ExecuteAsIntersect */ (  SELECT * FROM mysql.`transaction_registry` AS table1 HAVING NOT table1.`begin_timestamp` <= 5 ORDER BY table1.`commit_id` LIMIT 187 /* QNO 1078 CON_ID 20 */  ) INTERSECT (  SELECT * FROM mysql.`transaction_registry` AS table1 HAVING NOT table1.`begin_timestamp` <= 5 ORDER BY table1.`commit_id` LIMIT 187 /* QNO 1078 CON_ID 20 */  ) /* TRANSFORM_OUTCOME_DISTINCT */ /* QNO 1085 CON_ID 20 */
		    20 Query	(  SELECT * FROM mysql.`transaction_registry` AS table1 HAVING NOT table1.`begin_timestamp` <= 5 ORDER BY table1.`commit_id` LIMIT 187 /* QNO 1078 CON_ID 20 */  ) INTERSECT (  SELECT * FROM mysql.`transaction_registry` AS table1 HAVING NOT table1.`begin_timestamp` <= 5 ORDER BY table1.`commit_id` LIMIT 0 /* QNO 1078 CON_ID 20 */  ) /* TRANSFORM_OUTCOME_EMPTY_RESULT */ /* QNO 1086 CON_ID 20 */
		    20 Query	/* GenTest::Transform::ExecuteAsUnion */ (  SELECT * FROM mysql.`transaction_registry` AS table1 HAVING NOT table1.`begin_timestamp` <= 5 ORDER BY table1.`commit_id` LIMIT 187 /* QNO 1078 CON_ID 20 */  ) UNION ALL (  SELECT * FROM mysql.`transaction_registry` AS table1 HAVING NOT table1.`begin_timestamp` <= 5 ORDER BY table1.`commit_id` LIMIT 0 /* QNO 1078 CON_ID 20 */  ) /* TRANSFORM_OUTCOME_UNORDERED_MATCH */ /* QNO 1087 CON_ID 20 */
		    20 Query	(  SELECT * FROM mysql.`transaction_registry` AS table1 HAVING NOT table1.`begin_timestamp` <= 5 ORDER BY table1.`commit_id` LIMIT 0 /* QNO 1078 CON_ID 20 */  ) UNION ALL (  SELECT * FROM mysql.`transaction_registry` AS table1 HAVING NOT table1.`begin_timestamp` <= 5 ORDER BY table1.`commit_id` LIMIT 187 /* QNO 1078 CON_ID 20 */  ) /* TRANSFORM_OUTCOME_UNORDERED_MATCH */ /* QNO 1088 CON_ID 20 */
		    20 Query	(  SELECT * FROM mysql.`transaction_registry` AS table1 HAVING NOT table1.`begin_timestamp` <= 5 ORDER BY table1.`commit_id` LIMIT 187 /* QNO 1078 CON_ID 20 */  ) UNION DISTINCT (  SELECT * FROM mysql.`transaction_registry` AS table1 HAVING NOT table1.`begin_timestamp` <= 5 ORDER BY table1.`commit_id` LIMIT 187 /* QNO 1078 CON_ID 20 */  ) /* TRANSFORM_OUTCOME_DISTINCT */ /* QNO 1089 CON_ID 20 */
		    20 Query	(  SELECT * FROM mysql.`transaction_registry` AS table1 HAVING NOT table1.`begin_timestamp` <= 5 ORDER BY table1.`commit_id` LIMIT 187 /* QNO 1078 CON_ID 20 */  ) UNION ALL (  SELECT * FROM mysql.`transaction_registry` AS table1 HAVING NOT table1.`begin_timestamp` <= 5 ORDER BY table1.`commit_id` LIMIT 187 /* QNO 1078 CON_ID 20 */  ) /* TRANSFORM_OUTCOME_SUPERSET */ /* QNO 1090 CON_ID 20 */
		    20 Query	CREATE OR REPLACE VIEW transforms.view_1000_probe AS  SELECT * FROM mysql.`transaction_registry` AS table1 HAVING NOT table1.`begin_timestamp` <= 5 ORDER BY table1.`commit_id` LIMIT 187 /* QNO 1078 CON_ID 20 */  /* QNO 1091 CON_ID 20 */
		    20 Query	/* GenTest::Transform::ExecuteAsPreparedTwice */ PREPARE prep_stmt_1000 FROM ' SELECT * FROM mysql.`transaction_registry` AS table1 HAVING NOT table1.`begin_timestamp` <= 5 ORDER BY table1.`commit_id` LIMIT 187 /* QNO 1078 CON_ID 20 */ ' /* QNO 1092 CON_ID 20 */
		    18 Query	INSERT INTO transforms.insert_select_4904  SELECT * FROM mysql.`help_relation` AS table1 WHERE ( table1.`help_keyword_id` >= table1.`help_keyword_id` OR table1.`help_keyword_id` = table1.`help_topic_id`) LIMIT 94 /* QNO 523 CON_ID 18 */  /* QNO 537 CON_ID 18 */
		    20 Prepare	SELECT * FROM mysql.`transaction_registry` AS table1 HAVING NOT table1.`begin_timestamp` <= 5 ORDER BY table1.`commit_id` LIMIT 187 /* QNO 1078 CON_ID 20 */
		    20 Query	EXECUTE prep_stmt_1000 /* TRANSFORM_OUTCOME_UNORDERED_MATCH */ /* QNO 1093 CON_ID 20 */
		    20 Execute	SELECT * FROM mysql.`transaction_registry` AS table1 HAVING NOT table1.`begin_timestamp` <= 5 ORDER BY table1.`commit_id` LIMIT 187 /* QNO 1078 CON_ID 20 */
		    20 Query	EXECUTE prep_stmt_1000 /* TRANSFORM_OUTCOME_UNORDERED_MATCH */ /* QNO 1094 CON_ID 20 */
		    20 Execute	SELECT * FROM mysql.`transaction_registry` AS table1 HAVING NOT table1.`begin_timestamp` <= 5 ORDER BY table1.`commit_id` LIMIT 187 /* QNO 1078 CON_ID 20 */
		    20 Query	DEALLOCATE PREPARE prep_stmt_1000 /* QNO 1095 CON_ID 20 */
		    20 Query	/* GenTest::Transform::ExecuteAsSPTwice */ DROP PROCEDURE IF EXISTS stored_proc_1000 /* QNO 1096 CON_ID 20 */
		    20 Query	SELECT * FROM mysql.`time_zone_transition` AS table1 LIMIT 110 /* QNO 1097 CON_ID 20 */
		    20 Query	/* GenTest::Transform::ExecuteAsCTE */  WITH cte1 AS ( SELECT * FROM mysql.`time_zone_transition` AS table1 LIMIT 110 /* QNO 1097 CON_ID 20 */ ) SELECT * FROM cte1  /* TRANSFORM_OUTCOME_UNORDERED_MATCH */ /* QNO 1098 CON_ID 20 */
		    20 Query	/* GenTest::Transform::ExecuteAsDeleteReturning */ CREATE DATABASE IF NOT EXISTS transforms /* QNO 1099 CON_ID 20 */
		    20 Query	/* GenTest::Transform::ExecuteAsExcept */ (  SELECT * FROM mysql.`time_zone_transition` AS table1 LIMIT 110 /* QNO 1097 CON_ID 20 */  ) EXCEPT (  SELECT * FROM mysql.`time_zone_transition` AS table1 LIMIT 0 /* QNO 1097 CON_ID 20 */  ) /* TRANSFORM_OUTCOME_DISTINCT */ /* QNO 1100 CON_ID 20 */
		    20 Query	(  SELECT * FROM mysql.`time_zone_transition` AS table1 LIMIT 110 /* QNO 1097 CON_ID 20 */  ) EXCEPT (  SELECT * FROM mysql.`time_zone_transition` AS table1 LIMIT 110 /* QNO 1097 CON_ID 20 */  ) /* TRANSFORM_OUTCOME_EMPTY_RESULT */ /* QNO 1101 CON_ID 20 */
		    20 Query	/* GenTest::Transform::ExecuteAsExecuteImmediate */ EXECUTE IMMEDIATE ' SELECT * FROM mysql.`time_zone_transition` AS table1 LIMIT 110 /* QNO 1097 CON_ID 20 */ ' /* TRANSFORM_OUTCOME_UNORDERED_MATCH */ /* QNO 1102 CON_ID 20 */
		    20 Prepare	SELECT * FROM mysql.`time_zone_transition` AS table1 LIMIT 110 /* QNO 1097 CON_ID 20 */
		    20 Execute	SELECT * FROM mysql.`time_zone_transition` AS table1 LIMIT 110 /* QNO 1097 CON_ID 20 */
		    20 Query	/* GenTest::Transform::ExecuteAsInsertSelect */ CREATE DATABASE IF NOT EXISTS transforms /* QNO 1103 CON_ID 20 */
		    20 Query	/* GenTest::Transform::ExecuteAsIntersect */ (  SELECT * FROM mysql.`time_zone_transition` AS table1 LIMIT 110 /* QNO 1097 CON_ID 20 */  ) INTERSECT (  SELECT * FROM mysql.`time_zone_transition` AS table1 LIMIT 110 /* QNO 1097 CON_ID 20 */  ) /* TRANSFORM_OUTCOME_DISTINCT */ /* QNO 1104 CON_ID 20 */
		    20 Query	(  SELECT * FROM mysql.`time_zone_transition` AS table1 LIMIT 110 /* QNO 1097 CON_ID 20 */  ) INTERSECT (  SELECT * FROM mysql.`time_zone_transition` AS table1 LIMIT 0 /* QNO 1097 CON_ID 20 */  ) /* TRANSFORM_OUTCOME_EMPTY_RESULT */ /* QNO 1105 CON_ID 20 */
		    20 Query	/* GenTest::Transform::ExecuteAsUnion */ (  SELECT * FROM mysql.`time_zone_transition` AS table1 LIMIT 110 /* QNO 1097 CON_ID 20 */  ) UNION ALL (  SELECT * FROM mysql.`time_zone_transition` AS table1 LIMIT 0 /* QNO 1097 CON_ID 20 */  ) /* TRANSFORM_OUTCOME_UNORDERED_MATCH */ /* QNO 1106 CON_ID 20 */
		    20 Query	(  SELECT * FROM mysql.`time_zone_transition` AS table1 LIMIT 0 /* QNO 1097 CON_ID 20 */  ) UNION ALL (  SELECT * FROM mysql.`time_zone_transition` AS table1 LIMIT 110 /* QNO 1097 CON_ID 20 */  ) /* TRANSFORM_OUTCOME_UNORDERED_MATCH */ /* QNO 1107 CON_ID 20 */
		    20 Query	(  SELECT * FROM mysql.`time_zone_transition` AS table1 LIMIT 110 /* QNO 1097 CON_ID 20 */  ) UNION DISTINCT (  SELECT * FROM mysql.`time_zone_transition` AS table1 LIMIT 110 /* QNO 1097 CON_ID 20 */  ) /* TRANSFORM_OUTCOME_DISTINCT */ /* QNO 1108 CON_ID 20 */
		    20 Query	(  SELECT * FROM mysql.`time_zone_transition` AS table1 LIMIT 110 /* QNO 1097 CON_ID 20 */  ) UNION ALL (  SELECT * FROM mysql.`time_zone_transition` AS table1 LIMIT 110 /* QNO 1097 CON_ID 20 */  ) /* TRANSFORM_OUTCOME_SUPERSET */ /* QNO 1109 CON_ID 20 */
		    20 Query	CREATE OR REPLACE VIEW transforms.view_1000_probe AS  SELECT * FROM mysql.`time_zone_transition` AS table1 LIMIT 110 /* QNO 1097 CON_ID 20 */  /* QNO 1110 CON_ID 20 */
		    20 Query	/* GenTest::Transform::ExecuteAsPreparedTwice */ PREPARE prep_stmt_1000 FROM ' SELECT * FROM mysql.`time_zone_transition` AS table1 LIMIT 110 /* QNO 1097 CON_ID 20 */ ' /* QNO 1111 CON_ID 20 */
		    20 Prepare	SELECT * FROM mysql.`time_zone_transition` AS table1 LIMIT 110 /* QNO 1097 CON_ID 20 */
		    20 Query	EXECUTE prep_stmt_1000 /* TRANSFORM_OUTCOME_UNORDERED_MATCH */ /* QNO 1112 CON_ID 20 */
		    20 Execute	SELECT * FROM mysql.`time_zone_transition` AS table1 LIMIT 110 /* QNO 1097 CON_ID 20 */
		    20 Query	EXECUTE prep_stmt_1000 /* TRANSFORM_OUTCOME_UNORDERED_MATCH */ /* QNO 1113 CON_ID 20 */
		    20 Execute	SELECT * FROM mysql.`time_zone_transition` AS table1 LIMIT 110 /* QNO 1097 CON_ID 20 */
		    20 Query	DEALLOCATE PREPARE prep_stmt_1000 /* QNO 1114 CON_ID 20 */
		    20 Query	/* GenTest::Transform::ExecuteAsSPTwice */ DROP PROCEDURE IF EXISTS stored_proc_1000 /* QNO 1115 CON_ID 20 */
		    20 Query	ALTER TABLE `help_topic` ADD CONSTRAINT FOREIGN KEY o (scol1) REFERENCES t6 (tcol7) ON DELETE CASCADE ON UPDATE CASCADE, ADD CONSTRAINT u FOREIGN KEY u (ecol2, vcol4, ecol1) REFERENCES `help_topic` (ecol4), ADD CONSTRAINT h CHECK (`help_topic_id` >= `description`) /* QNO 1116 CON_ID 20 */
		    20 Query	INSERT INTO `general_log` ( `pk` ) VALUES (NULL) /* QNO 1117 CON_ID 20 */
		    20 Query	SELECT * FROM `servers` INTO OUTFILE 'load_servers'  /* QNO 1118 CON_ID 20 */
		    20 Query	LOAD DATA INFILE 'load_servers' IGNORE INTO TABLE servers /* QNO 1119 CON_ID 20 */
		    20 Query	XA PREPARE 'xid137'  /* QNO 1120 CON_ID 20 */
		    20 Query	XA BEGIN 'xid56'  /* QNO 1121 CON_ID 20 */
		    20 Query	XA RECOVER /* QNO 1122 CON_ID 20 */
		    20 Query	CREATE OR REPLACE VIEW transforms.view_1000_probe AS XA RECOVER /* QNO 1122 CON_ID 20 */  /* QNO 1123 CON_ID 20 */
		    20 Query	DELETE FROM `proc` WHERE `aggregate` < 4 LIMIT 2 /* QNO 1124 CON_ID 20 */
		    20 Query	UPDATE performance_schema.setup_instruments SET ENABLED = 'YES' ORDER BY RAND() LIMIT 8 /* QNO 1125 CON_ID 20 */
		    20 Query	CREATE OR REPLACE VIEW transforms.view_1000_probe AS UPDATE performance_schema.setup_instruments SET ENABLED = 'YES' ORDER BY RAND() LIMIT 8 /* QNO 1125 CON_ID 20 */  /* QNO 1126 CON_ID 20 */
		    20 Query	XA COMMIT 'non_idle_xid'  /* QNO 1127 CON_ID 20 */
		    20 Query	XA RECOVER /* QNO 1128 CON_ID 20 */
		    20 Query	CREATE OR REPLACE VIEW transforms.view_1000_probe AS XA RECOVER /* QNO 1128 CON_ID 20 */  /* QNO 1129 CON_ID 20 */
		    20 Query	SELECT * FROM mysql.`event` AS table1 WHERE NOT ( ( (NOT table1.`execute_at` LIKE '%myisam%' AND table1.`collation_connection` = 'x') OR table1.`status` IN ( 9, 9, 4 )) OR table1.`time_zone` IN ( 1, 1, 8 )) ORDER BY table1.`body`, table1.`interval_value` LIMIT 222 /* QNO 1130 CON_ID 20 */
		    20 Query	SHOW WARNINGS
		    20 Query	DELETE FROM `tables_priv` WHERE `Column_priv` != '2010-11-01 11:16:26.049922' LIMIT 3 /* QNO 1131 CON_ID 20 */
		    20 Query	XA COMMIT 'non_idle_xid' ONE PHASE  /* QNO 1132 CON_ID 20 */
		    20 Query	UPDATE performance_schema.setup_timers SET timer_name = 'TICK' /* QNO 1133 CON_ID 20 */
		    20 Query	CREATE OR REPLACE VIEW transforms.view_1000_probe AS UPDATE performance_schema.setup_timers SET timer_name = 'TICK' /* QNO 1133 CON_ID 20 */  /* QNO 1134 CON_ID 20 */
		    20 Query	DELETE FROM `innodb_index_stats` WHERE `table_name` < 's' LIMIT 7 /* QNO 1135 CON_ID 20 */
		    20 Query	SHOW ENGINE PERFORMANCE_SCHEMA STATUS /* QNO 1136 CON_ID 20 */
		    20 Query	CREATE OR REPLACE VIEW transforms.view_1000_probe AS SHOW ENGINE PERFORMANCE_SCHEMA STATUS /* QNO 1136 CON_ID 20 */  /* QNO 1137 CON_ID 20 */
		    20 Query	SELECT NEXT VALUE FOR seq9 /* QNO 1138 CON_ID 20 */
		    20 Query	SHOW ENGINE PERFORMANCE_SCHEMA STATUS /* QNO 1139 CON_ID 20 */
		    20 Query	CREATE OR REPLACE VIEW transforms.view_1000_probe AS SHOW ENGINE PERFORMANCE_SCHEMA STATUS /* QNO 1139 CON_ID 20 */  /* QNO 1140 CON_ID 20 */
		    20 Query	SELECT * FROM performance_schema.`cond_instances` AS table1 ORDER BY table1.`OBJECT_INSTANCE_BEGIN` LIMIT 172 /* QNO 1141 CON_ID 20 */
		    20 Query	/* GenTest::Transform::ExecuteAsCTE */  WITH cte1 AS ( SELECT * FROM performance_schema.`cond_instances` AS table1 ORDER BY table1.`OBJECT_INSTANCE_BEGIN` LIMIT 172 /* QNO 1141 CON_ID 20 */ ) SELECT * FROM cte1  /* TRANSFORM_OUTCOME_UNORDERED_MATCH */ /* QNO 1142 CON_ID 20 */
		    20 Query	/* GenTest::Transform::ExecuteAsDeleteReturning */ CREATE DATABASE IF NOT EXISTS transforms /* QNO 1143 CON_ID 20 */
		    20 Query	/* GenTest::Transform::ExecuteAsExcept */ (  SELECT * FROM performance_schema.`cond_instances` AS table1 ORDER BY table1.`OBJECT_INSTANCE_BEGIN` LIMIT 172 /* QNO 1141 CON_ID 20 */  ) EXCEPT (  SELECT * FROM performance_schema.`cond_instances` AS table1 ORDER BY table1.`OBJECT_INSTANCE_BEGIN` LIMIT 0 /* QNO 1141 CON_ID 20 */  ) /* TRANSFORM_OUTCOME_DISTINCT */ /* QNO 1144 CON_ID 20 */
		    20 Query	(  SELECT * FROM performance_schema.`cond_instances` AS table1 ORDER BY table1.`OBJECT_INSTANCE_BEGIN` LIMIT 172 /* QNO 1141 CON_ID 20 */  ) EXCEPT (  SELECT * FROM performance_schema.`cond_instances` AS table1 ORDER BY table1.`OBJECT_INSTANCE_BEGIN` LIMIT 172 /* QNO 1141 CON_ID 20 */  ) /* TRANSFORM_OUTCOME_EMPTY_RESULT */ /* QNO 1145 CON_ID 20 */
		    20 Query	/* GenTest::Transform::ExecuteAsExecuteImmediate */ EXECUTE IMMEDIATE ' SELECT * FROM performance_schema.`cond_instances` AS table1 ORDER BY table1.`OBJECT_INSTANCE_BEGIN` LIMIT 172 /* QNO 1141 CON_ID 20 */ ' /* TRANSFORM_OUTCOME_UNORDERED_MATCH */ /* QNO 1146 CON_ID 20 */
		    20 Prepare	SELECT * FROM performance_schema.`cond_instances` AS table1 ORDER BY table1.`OBJECT_INSTANCE_BEGIN` LIMIT 172 /* QNO 1141 CON_ID 20 */
		    20 Execute	SELECT * FROM performance_schema.`cond_instances` AS table1 ORDER BY table1.`OBJECT_INSTANCE_BEGIN` LIMIT 172 /* QNO 1141 CON_ID 20 */
		    20 Query	/* GenTest::Transform::ExecuteAsInsertSelect */ CREATE DATABASE IF NOT EXISTS transforms /* QNO 1147 CON_ID 20 */
		    20 Query	/* GenTest::Transform::ExecuteAsIntersect */ (  SELECT * FROM performance_schema.`cond_instances` AS table1 ORDER BY table1.`OBJECT_INSTANCE_BEGIN` LIMIT 172 /* QNO 1141 CON_ID 20 */  ) INTERSECT (  SELECT * FROM performance_schema.`cond_instances` AS table1 ORDER BY table1.`OBJECT_INSTANCE_BEGIN` LIMIT 172 /* QNO 1141 CON_ID 20 */  ) /* TRANSFORM_OUTCOME_DISTINCT */ /* QNO 1148 CON_ID 20 */
		    20 Query	(  SELECT * FROM performance_schema.`cond_instances` AS table1 ORDER BY table1.`OBJECT_INSTANCE_BEGIN` LIMIT 172 /* QNO 1141 CON_ID 20 */  ) INTERSECT (  SELECT * FROM performance_schema.`cond_instances` AS table1 ORDER BY table1.`OBJECT_INSTANCE_BEGIN` LIMIT 0 /* QNO 1141 CON_ID 20 */  ) /* TRANSFORM_OUTCOME_EMPTY_RESULT */ /* QNO 1149 CON_ID 20 */
		    20 Query	/* GenTest::Transform::ExecuteAsUnion */ (  SELECT * FROM performance_schema.`cond_instances` AS table1 ORDER BY table1.`OBJECT_INSTANCE_BEGIN` LIMIT 172 /* QNO 1141 CON_ID 20 */  ) UNION ALL (  SELECT * FROM performance_schema.`cond_instances` AS table1 ORDER BY table1.`OBJECT_INSTANCE_BEGIN` LIMIT 0 /* QNO 1141 CON_ID 20 */  ) /* TRANSFORM_OUTCOME_UNORDERED_MATCH */ /* QNO 1150 CON_ID 20 */
		    20 Query	(  SELECT * FROM performance_schema.`cond_instances` AS table1 ORDER BY table1.`OBJECT_INSTANCE_BEGIN` LIMIT 0 /* QNO 1141 CON_ID 20 */  ) UNION ALL (  SELECT * FROM performance_schema.`cond_instances` AS table1 ORDER BY table1.`OBJECT_INSTANCE_BEGIN` LIMIT 172 /* QNO 1141 CON_ID 20 */  ) /* TRANSFORM_OUTCOME_UNORDERED_MATCH */ /* QNO 1151 CON_ID 20 */
		    20 Query	(  SELECT * FROM performance_schema.`cond_instances` AS table1 ORDER BY table1.`OBJECT_INSTANCE_BEGIN` LIMIT 172 /* QNO 1141 CON_ID 20 */  ) UNION DISTINCT (  SELECT * FROM performance_schema.`cond_instances` AS table1 ORDER BY table1.`OBJECT_INSTANCE_BEGIN` LIMIT 172 /* QNO 1141 CON_ID 20 */  ) /* TRANSFORM_OUTCOME_DISTINCT */ /* QNO 1152 CON_ID 20 */
		    20 Query	(  SELECT * FROM performance_schema.`cond_instances` AS table1 ORDER BY table1.`OBJECT_INSTANCE_BEGIN` LIMIT 172 /* QNO 1141 CON_ID 20 */  ) UNION ALL (  SELECT * FROM performance_schema.`cond_instances` AS table1 ORDER BY table1.`OBJECT_INSTANCE_BEGIN` LIMIT 172 /* QNO 1141 CON_ID 20 */  ) /* TRANSFORM_OUTCOME_SUPERSET */ /* QNO 1153 CON_ID 20 */
		    20 Query	CREATE OR REPLACE VIEW transforms.view_1000_probe AS  SELECT * FROM performance_schema.`cond_instances` AS table1 ORDER BY table1.`OBJECT_INSTANCE_BEGIN` LIMIT 172 /* QNO 1141 CON_ID 20 */  /* QNO 1154 CON_ID 20 */
		    20 Query	/* GenTest::Transform::ExecuteAsPreparedTwice */ PREPARE prep_stmt_1000 FROM ' SELECT * FROM performance_schema.`cond_instances` AS table1 ORDER BY table1.`OBJECT_INSTANCE_BEGIN` LIMIT 172 /* QNO 1141 CON_ID 20 */ ' /* QNO 1155 CON_ID 20 */
		    20 Prepare	SELECT * FROM performance_schema.`cond_instances` AS table1 ORDER BY table1.`OBJECT_INSTANCE_BEGIN` LIMIT 172 /* QNO 1141 CON_ID 20 */
		    20 Query	EXECUTE prep_stmt_1000 /* TRANSFORM_OUTCOME_UNORDERED_MATCH */ /* QNO 1156 CON_ID 20 */
		    20 Execute	SELECT * FROM performance_schema.`cond_instances` AS table1 ORDER BY table1.`OBJECT_INSTANCE_BEGIN` LIMIT 172 /* QNO 1141 CON_ID 20 */
		    20 Query	EXECUTE prep_stmt_1000 /* TRANSFORM_OUTCOME_UNORDERED_MATCH */ /* QNO 1157 CON_ID 20 */
		    20 Execute	SELECT * FROM performance_schema.`cond_instances` AS table1 ORDER BY table1.`OBJECT_INSTANCE_BEGIN` LIMIT 172 /* QNO 1141 CON_ID 20 */
		    20 Query	DEALLOCATE PREPARE prep_stmt_1000 /* QNO 1158 CON_ID 20 */
		    20 Query	/* GenTest::Transform::ExecuteAsSPTwice */ DROP PROCEDURE IF EXISTS stored_proc_1000 /* QNO 1159 CON_ID 20 */
		    20 Query	XA COMMIT 'non_idle_xid' ONE PHASE  /* QNO 1160 CON_ID 20 */
		    20 Query	ALTER IGNORE TABLE t2 /*!100301 NOWAIT */ RENAME TO t8 /* QNO 1161 CON_ID 20 */
		    20 Query	UPDATE performance_schema.setup_consumers SET enabled = 'NO' WHERE name LIKE 'events%' /* QNO 1162 CON_ID 20 */
		    20 Query	CREATE OR REPLACE VIEW transforms.view_1000_probe AS UPDATE performance_schema.setup_consumers SET enabled = 'NO' WHERE name LIKE 'events%' /* QNO 1162 CON_ID 20 */  /* QNO 1163 CON_ID 20 */
		    20 Query	TRUNCATE TABLE performance_schema.events_waits_history /* QNO 1164 CON_ID 20 */
		    20 Query	SHOW ENGINE PERFORMANCE_SCHEMA STATUS /* QNO 1165 CON_ID 20 */
		    20 Query	CREATE OR REPLACE VIEW transforms.view_1000_probe AS SHOW ENGINE PERFORMANCE_SCHEMA STATUS /* QNO 1165 CON_ID 20 */  /* QNO 1166 CON_ID 20 */
		    20 Query	XA COMMIT 'non_idle_xid'  /* QNO 1167 CON_ID 20 */
		    20 Query	SELECT * FROM mysql.`host` AS table1 WHERE ( table1.`Create_tmp_table_priv` IN ( 7, 4, 8 ) OR table1.`Update_priv` IN ( 2, 5, 3 )) LIMIT 15 /* QNO 1168 CON_ID 20 */
		    20 Query	/* GenTest::Transform::ExecuteAsCTE */  WITH cte1 AS ( SELECT * FROM mysql.`host` AS table1 WHERE( table1.`Create_tmp_table_priv` IN( 7, 4, 8) OR table1.`Update_priv` IN( 2, 5, 3)) LIMIT 15 /* QNO 1168 CON_ID 20 */ ) SELECT * FROM cte1  /* TRANSFORM_OUTCOME_UNORDERED_MATCH */ /* QNO 1169 CON_ID 20 */
		    20 Query	/* GenTest::Transform::ExecuteAsDeleteReturning */ CREATE DATABASE IF NOT EXISTS transforms /* QNO 1170 CON_ID 20 */
		    20 Query	/* GenTest::Transform::ExecuteAsExcept */ (  SELECT * FROM mysql.`host` AS table1 WHERE ( table1.`Create_tmp_table_priv` IN ( 7, 4, 8 ) OR table1.`Update_priv` IN ( 2, 5, 3 )) LIMIT 15 /* QNO 1168 CON_ID 20 */  ) EXCEPT (  SELECT * FROM mysql.`host` AS table1 WHERE ( table1.`Create_tmp_table_priv` IN ( 7, 4, 8 ) OR table1.`Update_priv` IN ( 2, 5, 3 )) LIMIT 0 /* QNO 1168 CON_ID 20 */  ) /* TRANSFORM_OUTCOME_DISTINCT */ /* QNO 1171 CON_ID 20 */
		    20 Query	(  SELECT * FROM mysql.`host` AS table1 WHERE ( table1.`Create_tmp_table_priv` IN ( 7, 4, 8 ) OR table1.`Update_priv` IN ( 2, 5, 3 )) LIMIT 15 /* QNO 1168 CON_ID 20 */  ) EXCEPT (  SELECT * FROM mysql.`host` AS table1 WHERE ( table1.`Create_tmp_table_priv` IN ( 7, 4, 8 ) OR table1.`Update_priv` IN ( 2, 5, 3 )) LIMIT 15 /* QNO 1168 CON_ID 20 */  ) /* TRANSFORM_OUTCOME_EMPTY_RESULT */ /* QNO 1172 CON_ID 20 */
		    20 Query	/* GenTest::Transform::ExecuteAsExecuteImmediate */ EXECUTE IMMEDIATE ' SELECT * FROM mysql.`host` AS table1 WHERE ( table1.`Create_tmp_table_priv` IN ( 7, 4, 8 ) OR table1.`Update_priv` IN ( 2, 5, 3 )) LIMIT 15 /* QNO 1168 CON_ID 20 */ ' /* TRANSFORM_OUTCOME_UNORDERED_MATCH */ /* QNO 1173 CON_ID 20 */
		    20 Prepare	SELECT * FROM mysql.`host` AS table1 WHERE ( table1.`Create_tmp_table_priv` IN ( 7, 4, 8 ) OR table1.`Update_priv` IN ( 2, 5, 3 )) LIMIT 15 /* QNO 1168 CON_ID 20 */
		    20 Execute	SELECT * FROM mysql.`host` AS table1 WHERE ( table1.`Create_tmp_table_priv` IN ( 7, 4, 8 ) OR table1.`Update_priv` IN ( 2, 5, 3 )) LIMIT 15 /* QNO 1168 CON_ID 20 */
		    20 Query	/* GenTest::Transform::ExecuteAsInsertSelect */ CREATE DATABASE IF NOT EXISTS transforms /* QNO 1174 CON_ID 20 */
		    20 Query	/* GenTest::Transform::ExecuteAsIntersect */ (  SELECT * FROM mysql.`host` AS table1 WHERE ( table1.`Create_tmp_table_priv` IN ( 7, 4, 8 ) OR table1.`Update_priv` IN ( 2, 5, 3 )) LIMIT 15 /* QNO 1168 CON_ID 20 */  ) INTERSECT (  SELECT * FROM mysql.`host` AS table1 WHERE ( table1.`Create_tmp_table_priv` IN ( 7, 4, 8 ) OR table1.`Update_priv` IN ( 2, 5, 3 )) LIMIT 15 /* QNO 1168 CON_ID 20 */  ) /* TRANSFORM_OUTCOME_DISTINCT */ /* QNO 1175 CON_ID 20 */
		    20 Query	(  SELECT * FROM mysql.`host` AS table1 WHERE ( table1.`Create_tmp_table_priv` IN ( 7, 4, 8 ) OR table1.`Update_priv` IN ( 2, 5, 3 )) LIMIT 15 /* QNO 1168 CON_ID 20 */  ) INTERSECT (  SELECT * FROM mysql.`host` AS table1 WHERE ( table1.`Create_tmp_table_priv` IN ( 7, 4, 8 ) OR table1.`Update_priv` IN ( 2, 5, 3 )) LIMIT 0 /* QNO 1168 CON_ID 20 */  ) /* TRANSFORM_OUTCOME_EMPTY_RESULT */ /* QNO 1176 CON_ID 20 */
		    20 Query	/* GenTest::Transform::ExecuteAsUnion */ (  SELECT * FROM mysql.`host` AS table1 WHERE ( table1.`Create_tmp_table_priv` IN ( 7, 4, 8 ) OR table1.`Update_priv` IN ( 2, 5, 3 )) LIMIT 15 /* QNO 1168 CON_ID 20 */  ) UNION ALL (  SELECT * FROM mysql.`host` AS table1 WHERE ( table1.`Create_tmp_table_priv` IN ( 7, 4, 8 ) OR table1.`Update_priv` IN ( 2, 5, 3 )) LIMIT 0 /* QNO 1168 CON_ID 20 */  ) /* TRANSFORM_OUTCOME_UNORDERED_MATCH */ /* QNO 1177 CON_ID 20 */
		    20 Query	(  SELECT * FROM mysql.`host` AS table1 WHERE ( table1.`Create_tmp_table_priv` IN ( 7, 4, 8 ) OR table1.`Update_priv` IN ( 2, 5, 3 )) LIMIT 0 /* QNO 1168 CON_ID 20 */  ) UNION ALL (  SELECT * FROM mysql.`host` AS table1 WHERE ( table1.`Create_tmp_table_priv` IN ( 7, 4, 8 ) OR table1.`Update_priv` IN ( 2, 5, 3 )) LIMIT 15 /* QNO 1168 CON_ID 20 */  ) /* TRANSFORM_OUTCOME_UNORDERED_MATCH */ /* QNO 1178 CON_ID 20 */
		    20 Query	(  SELECT * FROM mysql.`host` AS table1 WHERE ( table1.`Create_tmp_table_priv` IN ( 7, 4, 8 ) OR table1.`Update_priv` IN ( 2, 5, 3 )) LIMIT 15 /* QNO 1168 CON_ID 20 */  ) UNION DISTINCT (  SELECT * FROM mysql.`host` AS table1 WHERE ( table1.`Create_tmp_table_priv` IN ( 7, 4, 8 ) OR table1.`Update_priv` IN ( 2, 5, 3 )) LIMIT 15 /* QNO 1168 CON_ID 20 */  ) /* TRANSFORM_OUTCOME_DISTINCT */ /* QNO 1179 CON_ID 20 */
		    20 Query	(  SELECT * FROM mysql.`host` AS table1 WHERE ( table1.`Create_tmp_table_priv` IN ( 7, 4, 8 ) OR table1.`Update_priv` IN ( 2, 5, 3 )) LIMIT 15 /* QNO 1168 CON_ID 20 */  ) UNION ALL (  SELECT * FROM mysql.`host` AS table1 WHERE ( table1.`Create_tmp_table_priv` IN ( 7, 4, 8 ) OR table1.`Update_priv` IN ( 2, 5, 3 )) LIMIT 15 /* QNO 1168 CON_ID 20 */  ) /* TRANSFORM_OUTCOME_SUPERSET */ /* QNO 1180 CON_ID 20 */
		    20 Query	CREATE OR REPLACE VIEW transforms.view_1000_probe AS  SELECT * FROM mysql.`host` AS table1 WHERE ( table1.`Create_tmp_table_priv` IN ( 7, 4, 8 ) OR table1.`Update_priv` IN ( 2, 5, 3 )) LIMIT 15 /* QNO 1168 CON_ID 20 */  /* QNO 1181 CON_ID 20 */
		    20 Query	/* GenTest::Transform::ExecuteAsPreparedTwice */ PREPARE prep_stmt_1000 FROM ' SELECT * FROM mysql.`host` AS table1 WHERE ( table1.`Create_tmp_table_priv` IN ( 7, 4, 8 ) OR table1.`Update_priv` IN ( 2, 5, 3 )) LIMIT 15 /* QNO 1168 CON_ID 20 */ ' /* QNO 1182 CON_ID 20 */
		    20 Prepare	SELECT * FROM mysql.`host` AS table1 WHERE ( table1.`Create_tmp_table_priv` IN ( 7, 4, 8 ) OR table1.`Update_priv` IN ( 2, 5, 3 )) LIMIT 15 /* QNO 1168 CON_ID 20 */
		    20 Query	EXECUTE prep_stmt_1000 /* TRANSFORM_OUTCOME_UNORDERED_MATCH */ /* QNO 1183 CON_ID 20 */
		    20 Execute	SELECT * FROM mysql.`host` AS table1 WHERE ( table1.`Create_tmp_table_priv` IN ( 7, 4, 8 ) OR table1.`Update_priv` IN ( 2, 5, 3 )) LIMIT 15 /* QNO 1168 CON_ID 20 */
		    20 Query	EXECUTE prep_stmt_1000 /* TRANSFORM_OUTCOME_UNORDERED_MATCH */ /* QNO 1184 CON_ID 20 */
		    20 Execute	SELECT * FROM mysql.`host` AS table1 WHERE ( table1.`Create_tmp_table_priv` IN ( 7, 4, 8 ) OR table1.`Update_priv` IN ( 2, 5, 3 )) LIMIT 15 /* QNO 1168 CON_ID 20 */
		    20 Query	DEALLOCATE PREPARE prep_stmt_1000 /* QNO 1185 CON_ID 20 */
		    20 Query	/* GenTest::Transform::ExecuteAsSPTwice */ DROP PROCEDURE IF EXISTS stored_proc_1000 /* QNO 1186 CON_ID 20 */
		    20 Query	XA BEGIN 'xid72'  /* QNO 1187 CON_ID 20 */
		    20 Query	TRUNCATE TABLE performance_schema.file_summary_by_instance /* QNO 1188 CON_ID 20 */
		    20 Query	SET STATEMENT system_versioning_alter_history=KEEP FOR ALTER TABLE `host` ADD SYSTEM VERSIONING, ADD COLUMN IF NOT EXISTS vcol3 YEAR AS ( tcol1 ) STORED, ALGORITHM=COPY, LOCK=NONE, ADD COLUMN IF NOT EXISTS geocol6 LINESTRING NOT NULL FIRST, ALGORITHM=COPY  /* QNO 1189 CON_ID 20 */
		    20 Query	ALTER TABLE `roles_mapping` ENGINE=InnoDB, CHANGE COLUMN IF EXISTS `vers_start` `vers_start` TIMESTAMP(6) GENERATED ALWAYS AS ROW START, ADD PERIOD FOR SYSTEM_TIME(`row_start`, `vers_start`) /* QNO 1190 CON_ID 20 */
		    20 Query	ALTER TABLE `host` ADD COLUMN IF NOT EXISTS bcol7 BIT NULL DEFAULT 0 AFTER ia_col_name, MODIFY COLUMN IF EXISTS ncol2 DOUBLE NULL  /* QNO 1191 CON_ID 20 */
		    20 Query	TRUNCATE TABLE performance_schema.events_waits_summary_by_event_name /* QNO 1192 CON_ID 20 */
		    20 Query	DELETE FROM t9 LIMIT 1 /* QNO 1193 CON_ID 20 */
		    20 Query	SELECT * FROM `proxies_priv` INTO OUTFILE 'load_proxies_priv'  /* QNO 1194 CON_ID 20 */
		    20 Query	LOAD DATA INFILE 'load_proxies_priv' REPLACE INTO TABLE proxies_priv /* QNO 1195 CON_ID 20 */
		    20 Query	INSERT INTO `proxies_priv` ( `pk` ) VALUES (NULL) /* QNO 1196 CON_ID 20 */
		    20 Query	INSERT INTO `proxies_priv` ( `pk` ) VALUES (NULL) /* QNO 1197 CON_ID 20 */
		    20 Query	XA COMMIT 'non_idle_xid'  /* QNO 1198 CON_ID 20 */
		    20 Query	SHOW ENGINE PERFORMANCE_SCHEMA STATUS /* QNO 1199 CON_ID 20 */
		    20 Query	CREATE OR REPLACE VIEW transforms.view_1000_probe AS SHOW ENGINE PERFORMANCE_SCHEMA STATUS /* QNO 1199 CON_ID 20 */  /* QNO 1200 CON_ID 20 */
		    20 Query	INSERT INTO `roles_mapping` () VALUES (),(),() /* QNO 1201 CON_ID 20 */
		    20 Query	INSERT INTO `procs_priv` SELECT * FROM `time_zone_transition_type` /* QNO 1202 CON_ID 20 */
		    20 Query	ALTER TABLE t8 /*!100301 NOWAIT */ DROP FOREIGN KEY IF EXISTS o /* QNO 1203 CON_ID 20 */
		    20 Query	UPDATE t9 SET tscol2 = DEFAULT LIMIT 1 /* QNO 1204 CON_ID 20 */
		    20 Query	UPDATE performance_schema.setup_instruments SET ENABLED = 'YES' WHERE NAME LIKE '%mysys%' /* QNO 1205 CON_ID 20 */
		    20 Query	CREATE OR REPLACE VIEW transforms.view_1000_probe AS UPDATE performance_schema.setup_instruments SET ENABLED = 'YES' WHERE NAME LIKE '%mysys%' /* QNO 1205 CON_ID 20 */  /* QNO 1206 CON_ID 20 */
		    20 Query	SHOW ENGINE PERFORMANCE_SCHEMA STATUS /* QNO 1207 CON_ID 20 */
		    20 Query	CREATE OR REPLACE VIEW transforms.view_1000_probe AS SHOW ENGINE PERFORMANCE_SCHEMA STATUS /* QNO 1207 CON_ID 20 */  /* QNO 1208 CON_ID 20 */
		    20 Query	XA BEGIN 'xid79'  /* QNO 1209 CON_ID 20 */
		    20 Query	SELECT * FROM `servers` INTO OUTFILE 'load_servers'  /* QNO 1210 CON_ID 20 */
		    20 Query	LOAD DATA INFILE 'load_servers' REPLACE INTO TABLE servers /* QNO 1211 CON_ID 20 */
		    20 Query	ALTER TABLE t3 /*!100301 NOWAIT */ ADD UNIQUE (bcol3), ALGORITHM=DEFAULT, LOCK=NONE, ADD CONSTRAINT FOREIGN KEY h (tcol1) REFERENCES `general_log` (tscol7) ON DELETE CASCADE ON UPDATE SET DEFAULT, DROP COLUMN IF EXISTS tscol6  /* QNO 1212 CON_ID 20 */
		    20 Query	TRUNCATE TABLE performance_schema.events_waits_history_long /* QNO 1213 CON_ID 20 */
		    20 Query	INSERT INTO `proxies_priv` ( `pk` ) VALUES (NULL) /* QNO 1214 CON_ID 20 */
		    20 Query	SHOW ENGINE PERFORMANCE_SCHEMA STATUS /* QNO 1215 CON_ID 20 */
		    20 Query	CREATE OR REPLACE VIEW transforms.view_1000_probe AS SHOW ENGINE PERFORMANCE_SCHEMA STATUS /* QNO 1215 CON_ID 20 */  /* QNO 1216 CON_ID 20 */
		    20 Query	SHOW ENGINE PERFORMANCE_SCHEMA STATUS /* QNO 1217 CON_ID 20 */
		    20 Query	CREATE OR REPLACE VIEW transforms.view_1000_probe AS SHOW ENGINE PERFORMANCE_SCHEMA STATUS /* QNO 1217 CON_ID 20 */  /* QNO 1218 CON_ID 20 */
		    20 Query	DELETE FROM `column_stats` WHERE `histogram` < 1 LIMIT 0 /* QNO 1219 CON_ID 20 */
		    20 Query	INSERT INTO `help_keyword` ( `pk` ) VALUES (NULL) /* QNO 1220 CON_ID 20 */
		    16 Query	CREATE OR REPLACE VIEW transforms.view_900_probe AS GRANT SHOW DATABASES ON *.* to 'someuser'@'somehost' /* QNO 859 CON_ID 16 */  /* QNO 860 CON_ID 16 */
		    21 Query	DELETE FROM transforms.delete_returning_4888 RETURNING `Host`,`Db`,`User`,`Select_priv`,`Insert_priv`,`Update_priv`,`Delete_priv`,`Create_priv`,`Drop_priv`,`Grant_priv`,`References_priv`,`Index_priv`,`Alter_priv`,`Create_tmp_table_priv`,`Lock_tables_priv`,`Create_view_priv`,`Show_view_priv`,`Create_routine_priv`,`Alter_routine_priv`,`Execute_priv`,`Event_priv`,`Trigger_priv`,`Delete_history_priv` /* TRANSFORM_OUTCOME_UNORDERED_MATCH */ /* QNO 817 CON_ID 21 */
		    16 Query	ALTER TABLE `t5` REMOVE PARTITIONING /* QNO 861 CON_ID 16 */
		    21 Query	/* GenTest::Transform::ExecuteAsExcept */ (  SELECT * FROM mysql.`db` AS table1 WHERE table1.`Create_priv` IN ( 6, 0, 7 ) LIMIT 113 /* QNO 812 CON_ID 21 */  ) EXCEPT (  SELECT * FROM mysql.`db` AS table1 WHERE table1.`Create_priv` IN ( 6, 0, 7 ) LIMIT 0 /* QNO 812 CON_ID 21 */  ) /* TRANSFORM_OUTCOME_DISTINCT */ /* QNO 818 CON_ID 21 */
		    20 Query	SELECT * FROM (INFORMATION_SCHEMA.`PROCESSLIST` AS table1 RIGHT JOIN performance_schema.`events_waits_summary_by_user_by_event_name` AS table2 ON ( table2.`AVG_TIMER_WAIT` = table1.`MEMORY_USED` ) ) WHERE NOT table2.`EVENT_NAME` IN ( 6, 8, 3 ) LIMIT 116 /* QNO 1221 CON_ID 20 */
		    21 Query	(  SELECT * FROM mysql.`db` AS table1 WHERE table1.`Create_priv` IN ( 6, 0, 7 ) LIMIT 113 /* QNO 812 CON_ID 21 */  ) EXCEPT (  SELECT * FROM mysql.`db` AS table1 WHERE table1.`Create_priv` IN ( 6, 0, 7 ) LIMIT 113 /* QNO 812 CON_ID 21 */  ) /* TRANSFORM_OUTCOME_EMPTY_RESULT */ /* QNO 819 CON_ID 21 */
		    20 Query	SHOW WARNINGS
		    16 Query	DROP DATABASE IF EXISTS f /* QNO 862 CON_ID 16 */
		    21 Query	/* GenTest::Transform::ExecuteAsExecuteImmediate */ EXECUTE IMMEDIATE ' SELECT * FROM mysql.`db` AS table1 WHERE table1.`Create_priv` IN ( 6, 0, 7 ) LIMIT 113 /* QNO 812 CON_ID 21 */ ' /* TRANSFORM_OUTCOME_UNORDERED_MATCH */ /* QNO 820 CON_ID 21 */
		    21 Prepare	SELECT * FROM mysql.`db` AS table1 WHERE table1.`Create_priv` IN ( 6, 0, 7 ) LIMIT 113 /* QNO 812 CON_ID 21 */
		    21 Execute	SELECT * FROM mysql.`db` AS table1 WHERE table1.`Create_priv` IN ( 6, 0, 7 ) LIMIT 113 /* QNO 812 CON_ID 21 */
		    20 Query	XA ROLLBACK 'non_idle_xid'  /* QNO 1222 CON_ID 20 */
		    21 Query	/* GenTest::Transform::ExecuteAsInsertSelect */ CREATE DATABASE IF NOT EXISTS transforms /* QNO 821 CON_ID 21 */
		    21 Query	SHOW WARNINGS
		    21 Query	DROP TABLE IF EXISTS transforms.insert_select_4888 /* QNO 822 CON_ID 21 */
		    21 Query	SHOW WARNINGS
		    21 Query	CREATE TABLE transforms.insert_select_4888  SELECT * FROM mysql.`db` AS table1 WHERE table1.`Create_priv` IN ( 6, 0, 7 ) LIMIT 113 /* QNO 812 CON_ID 21 */  /* QNO 823 CON_ID 21 */
		    20 Query	SELECT * FROM (test.`t8` AS table1 RIGHT JOIN mysql.`proxies_priv` AS table2 ON ( table2.`Host` = table1.`vcol_timestamp` ) ) ORDER BY table2.`Grantor`, table2.`Timestamp`, table2.`User`, table1.`col_date`, table1.`col_year` LIMIT 112 /* QNO 1223 CON_ID 20 */
		    20 Query	TRUNCATE TABLE performance_schema.events_waits_summary_by_instance /* QNO 1224 CON_ID 20 */
		    20 Query	SELECT * FROM (INFORMATION_SCHEMA.`INNODB_CMPMEM` AS table1 STRAIGHT_JOIN INFORMATION_SCHEMA.`SCHEMATA` AS table2 ON ( table2.`SQL_PATH` = table1.`relocation_time` ) ) WHERE ( ( table2.`SCHEMA_NAME` IN ( 2, 1, 2 ) OR table2.`SCHEMA_NAME` LIKE 'wait%') OR table2.`SCHEMA_NAME` IN ( 8, 6, 0 )) ORDER BY table1.`relocation_time`, table1.`pages_used` LIMIT 83 /* QNO 1225 CON_ID 20 */
190114 12:06:38	    16 Query	CREATE OR REPLACE VIEW transforms.view_900_probe AS DROP DATABASE IF EXISTS f /* QNO 862 CON_ID 16 */  /* QNO 863 CON_ID 16 */
		    20 Query	SHOW WARNINGS
		    16 Query	ALTER TABLE `view_t8` DROP PRIMARY KEY /* QNO 864 CON_ID 16 */
		    16 Query	GRANT INSERT ( `col_varchar`, `col_char`, `vcol_varchar` ), UPDATE ( `vcol_date` ), INSERT ( `col_bit` ), INSERT ( `vcol_bit`, `col_varchar` ) ON `view_t9` TO 'someuser'@'somehost' /* QNO 865 CON_ID 16 */
		    16 Query	ALTER TABLE `view_t1` DROP KEY q /* QNO 866 CON_ID 16 */
		    16 Query	DROP VIEW IF EXISTS j /* QNO 867 CON_ID 16 */
		    16 Query	SHOW WARNINGS
		    16 Query	REVOKE ALL PRIVILEGES ON test.e FROM 'someuser'@'somehost' /* QNO 868 CON_ID 16 */
		    16 Query	REVOKE ALL PRIVILEGES ON m.* FROM 'someuser'@'somehost' /* QNO 869 CON_ID 16 */
		    22 Query	SHOW WARNINGS
		    17 Query	SET STATEMENT system_versioning_alter_history=KEEP FOR ALTER TABLE `t5` ADD COLUMN IF NOT EXISTS `vers_start` SMALLINT GENERATED ALWAYS AS ROW START /* QNO 1153 CON_ID 17 */
		    17 Query	TRUNCATE TABLE performance_schema.events_waits_summary_by_thread_by_event_name /* QNO 1154 CON_ID 17 */
		    17 Query	SELECT * from `view_t2` WHERE row_start IN (SELECT row_end FROM `t6`) /* QNO 1155 CON_ID 17 */
		    17 Query	UNLOCK TABLES /* QNO 1156 CON_ID 17 */
		    17 Query	CREATE OR REPLACE VIEW transforms.view_3980_probe AS UNLOCK TABLES /* QNO 1156 CON_ID 17 */  /* QNO 1157 CON_ID 17 */
		    17 Query	SELECT * FROM performance_schema.`events_waits_summary_by_instance` AS table1 ORDER BY table1.`EVENT_NAME` LIMIT 89 /* QNO 1158 CON_ID 17 */
		    17 Query	/* GenTest::Transform::ExecuteAsCTE */  WITH cte1 AS ( SELECT * FROM performance_schema.`events_waits_summary_by_instance` AS table1 ORDER BY table1.`EVENT_NAME` LIMIT 89 /* QNO 1158 CON_ID 17 */ ) SELECT * FROM cte1  /* TRANSFORM_OUTCOME_UNORDERED_MATCH */ /* QNO 1159 CON_ID 17 */
		    17 Query	/* GenTest::Transform::ExecuteAsExcept */ (  SELECT * FROM performance_schema.`events_waits_summary_by_instance` AS table1 ORDER BY table1.`EVENT_NAME` LIMIT 89 /* QNO 1158 CON_ID 17 */  ) EXCEPT (  SELECT * FROM performance_schema.`events_waits_summary_by_instance` AS table1 ORDER BY table1.`EVENT_NAME` LIMIT 0 /* QNO 1158 CON_ID 17 */  ) /* TRANSFORM_OUTCOME_DISTINCT */ /* QNO 1160 CON_ID 17 */
		    17 Query	(  SELECT * FROM performance_schema.`events_waits_summary_by_instance` AS table1 ORDER BY table1.`EVENT_NAME` LIMIT 89 /* QNO 1158 CON_ID 17 */  ) EXCEPT (  SELECT * FROM performance_schema.`events_waits_summary_by_instance` AS table1 ORDER BY table1.`EVENT_NAME` LIMIT 89 /* QNO 1158 CON_ID 17 */  ) /* TRANSFORM_OUTCOME_EMPTY_RESULT */ /* QNO 1161 CON_ID 17 */
		    17 Query	/* GenTest::Transform::ExecuteAsExecuteImmediate */ EXECUTE IMMEDIATE ' SELECT * FROM performance_schema.`events_waits_summary_by_instance` AS table1 ORDER BY table1.`EVENT_NAME` LIMIT 89 /* QNO 1158 CON_ID 17 */ ' /* TRANSFORM_OUTCOME_UNORDERED_MATCH */ /* QNO 1162 CON_ID 17 */
		    17 Prepare	SELECT * FROM performance_schema.`events_waits_summary_by_instance` AS table1 ORDER BY table1.`EVENT_NAME` LIMIT 89 /* QNO 1158 CON_ID 17 */
		    17 Execute	SELECT * FROM performance_schema.`events_waits_summary_by_instance` AS table1 ORDER BY table1.`EVENT_NAME` LIMIT 89 /* QNO 1158 CON_ID 17 */
		    17 Query	/* GenTest::Transform::ExecuteAsInsertSelect */ CREATE DATABASE IF NOT EXISTS transforms /* QNO 1163 CON_ID 17 */
		    17 Query	/* GenTest::Transform::ExecuteAsIntersect */ (  SELECT * FROM performance_schema.`events_waits_summary_by_instance` AS table1 ORDER BY table1.`EVENT_NAME` LIMIT 89 /* QNO 1158 CON_ID 17 */  ) INTERSECT (  SELECT * FROM performance_schema.`events_waits_summary_by_instance` AS table1 ORDER BY table1.`EVENT_NAME` LIMIT 89 /* QNO 1158 CON_ID 17 */  ) /* TRANSFORM_OUTCOME_DISTINCT */ /* QNO 1164 CON_ID 17 */
		    22 Query	UPDATE performance_schema.setup_consumers SET enabled = 'NO' WHERE name LIKE 'events%' /* QNO 812 CON_ID 22 */
		    18 Query	SELECT * FROM transforms.insert_select_4904 /* TRANSFORM_OUTCOME_UNORDERED_MATCH */ /* QNO 538 CON_ID 18 */
		    17 Query	(  SELECT * FROM performance_schema.`events_waits_summary_by_instance` AS table1 ORDER BY table1.`EVENT_NAME` LIMIT 89 /* QNO 1158 CON_ID 17 */  ) INTERSECT (  SELECT * FROM performance_schema.`events_waits_summary_by_instance` AS table1 ORDER BY table1.`EVENT_NAME` LIMIT 0 /* QNO 1158 CON_ID 17 */  ) /* TRANSFORM_OUTCOME_EMPTY_RESULT */ /* QNO 1165 CON_ID 17 */
		    18 Query	DELETE FROM transforms.insert_select_4904 /* QNO 539 CON_ID 18 */
		    17 Query	/* GenTest::Transform::ExecuteAsUnion */ (  SELECT * FROM performance_schema.`events_waits_summary_by_instance` AS table1 ORDER BY table1.`EVENT_NAME` LIMIT 89 /* QNO 1158 CON_ID 17 */  ) UNION ALL (  SELECT * FROM performance_schema.`events_waits_summary_by_instance` AS table1 ORDER BY table1.`EVENT_NAME` LIMIT 0 /* QNO 1158 CON_ID 17 */  ) /* TRANSFORM_OUTCOME_UNORDERED_MATCH */ /* QNO 1166 CON_ID 17 */
		    17 Query	(  SELECT * FROM performance_schema.`events_waits_summary_by_instance` AS table1 ORDER BY table1.`EVENT_NAME` LIMIT 0 /* QNO 1158 CON_ID 17 */  ) UNION ALL (  SELECT * FROM performance_schema.`events_waits_summary_by_instance` AS table1 ORDER BY table1.`EVENT_NAME` LIMIT 89 /* QNO 1158 CON_ID 17 */  ) /* TRANSFORM_OUTCOME_UNORDERED_MATCH */ /* QNO 1167 CON_ID 17 */
		    17 Query	(  SELECT * FROM performance_schema.`events_waits_summary_by_instance` AS table1 ORDER BY table1.`EVENT_NAME` LIMIT 89 /* QNO 1158 CON_ID 17 */  ) UNION DISTINCT (  SELECT * FROM performance_schema.`events_waits_summary_by_instance` AS table1 ORDER BY table1.`EVENT_NAME` LIMIT 89 /* QNO 1158 CON_ID 17 */  ) /* TRANSFORM_OUTCOME_DISTINCT */ /* QNO 1168 CON_ID 17 */
		    17 Query	(  SELECT * FROM performance_schema.`events_waits_summary_by_instance` AS table1 ORDER BY table1.`EVENT_NAME` LIMIT 89 /* QNO 1158 CON_ID 17 */  ) UNION ALL (  SELECT * FROM performance_schema.`events_waits_summary_by_instance` AS table1 ORDER BY table1.`EVENT_NAME` LIMIT 89 /* QNO 1158 CON_ID 17 */  ) /* TRANSFORM_OUTCOME_SUPERSET */ /* QNO 1169 CON_ID 17 */
		    17 Query	CREATE OR REPLACE VIEW transforms.view_3980_probe AS  SELECT * FROM performance_schema.`events_waits_summary_by_instance` AS table1 ORDER BY table1.`EVENT_NAME` LIMIT 89 /* QNO 1158 CON_ID 17 */  /* QNO 1170 CON_ID 17 */
		    17 Query	/* GenTest::Transform::ExecuteAsPreparedTwice */ PREPARE prep_stmt_3980 FROM ' SELECT * FROM performance_schema.`events_waits_summary_by_instance` AS table1 ORDER BY table1.`EVENT_NAME` LIMIT 89 /* QNO 1158 CON_ID 17 */ ' /* QNO 1171 CON_ID 17 */
		    17 Prepare	SELECT * FROM performance_schema.`events_waits_summary_by_instance` AS table1 ORDER BY table1.`EVENT_NAME` LIMIT 89 /* QNO 1158 CON_ID 17 */
		    17 Query	EXECUTE prep_stmt_3980 /* TRANSFORM_OUTCOME_UNORDERED_MATCH */ /* QNO 1172 CON_ID 17 */
		    17 Execute	SELECT * FROM performance_schema.`events_waits_summary_by_instance` AS table1 ORDER BY table1.`EVENT_NAME` LIMIT 89 /* QNO 1158 CON_ID 17 */
		    17 Query	EXECUTE prep_stmt_3980 /* TRANSFORM_OUTCOME_UNORDERED_MATCH */ /* QNO 1173 CON_ID 17 */
		    17 Execute	SELECT * FROM performance_schema.`events_waits_summary_by_instance` AS table1 ORDER BY table1.`EVENT_NAME` LIMIT 89 /* QNO 1158 CON_ID 17 */
		    17 Query	DEALLOCATE PREPARE prep_stmt_3980 /* QNO 1174 CON_ID 17 */
		    17 Query	/* GenTest::Transform::ExecuteAsSPTwice */ DROP PROCEDURE IF EXISTS stored_proc_3980 /* QNO 1175 CON_ID 17 */
		    17 Query	SELECT NEXT VALUE FOR seq9 /* QNO 1176 CON_ID 17 */
		    17 Query	SHOW ENGINE PERFORMANCE_SCHEMA STATUS /* QNO 1177 CON_ID 17 */
		    22 Query	CREATE OR REPLACE VIEW transforms.view_4708_probe AS UPDATE performance_schema.setup_consumers SET enabled = 'NO' WHERE name LIKE 'events%' /* QNO 812 CON_ID 22 */  /* QNO 813 CON_ID 22 */
		    17 Query	CREATE OR REPLACE VIEW transforms.view_3980_probe AS SHOW ENGINE PERFORMANCE_SCHEMA STATUS /* QNO 1177 CON_ID 17 */  /* QNO 1178 CON_ID 17 */
		    22 Query	INSERT INTO `CHECK_CONSTRAINTS` SELECT * FROM `INNODB_SYS_COLUMNS` /* QNO 814 CON_ID 22 */
		    18 Query	REPLACE INTO transforms.insert_select_4904  SELECT * FROM mysql.`help_relation` AS table1 WHERE ( table1.`help_keyword_id` >= table1.`help_keyword_id` OR table1.`help_keyword_id` = table1.`help_topic_id`) LIMIT 94 /* QNO 523 CON_ID 18 */  /* QNO 540 CON_ID 18 */
		    17 Query	SHOW ENGINE PERFORMANCE_SCHEMA STATUS /* QNO 1179 CON_ID 17 */
		    17 Query	CREATE OR REPLACE VIEW transforms.view_3980_probe AS SHOW ENGINE PERFORMANCE_SCHEMA STATUS /* QNO 1179 CON_ID 17 */  /* QNO 1180 CON_ID 17 */
		    20 Query	DELETE FROM `SCHEMA_PRIVILEGES` WHERE `TABLE_SCHEMA` = 'y' LIMIT 6 /* QNO 1226 CON_ID 20 */
		    22 Query	UPDATE performance_schema.setup_instruments SET TIMED = 'YES' WHERE NAME LIKE 'wait/synch/mutex/%' /* QNO 815 CON_ID 22 */
		    17 Query	ALTER SEQUENCE IF EXISTS seq1 START 8 /* QNO 1181 CON_ID 17 */
		    17 Query	UPDATE performance_schema.setup_consumers SET enabled = 'NO' WHERE name IN ( 'events_waits_summary_by_thread_by_event_name' ) /* QNO 1182 CON_ID 17 */
		    22 Query	CREATE OR REPLACE VIEW transforms.view_4708_probe AS UPDATE performance_schema.setup_instruments SET TIMED = 'YES' WHERE NAME LIKE 'wait/synch/mutex/%' /* QNO 815 CON_ID 22 */  /* QNO 816 CON_ID 22 */
		    17 Query	CREATE OR REPLACE VIEW transforms.view_3980_probe AS UPDATE performance_schema.setup_consumers SET enabled = 'NO' WHERE name IN ( 'events_waits_summary_by_thread_by_event_name' ) /* QNO 1182 CON_ID 17 */  /* QNO 1183 CON_ID 17 */
		    17 Query	TRUNCATE TABLE performance_schema.events_waits_history /* QNO 1184 CON_ID 17 */
		    22 Query	SHOW ENGINE PERFORMANCE_SCHEMA STATUS /* QNO 817 CON_ID 22 */
		    22 Query	CREATE OR REPLACE VIEW transforms.view_4708_probe AS SHOW ENGINE PERFORMANCE_SCHEMA STATUS /* QNO 817 CON_ID 22 */  /* QNO 818 CON_ID 22 */
		    17 Query	TRUNCATE TABLE performance_schema.file_summary_by_event_name /* QNO 1185 CON_ID 17 */
		    17 Query	ALTER TABLE t6 /*!100301 WAIT 2 */ DROP INDEX ind9, FORCE, LOCK=NONE, ALGORITHM=COPY /* QNO 1186 CON_ID 17 */
		    17 Query	UPDATE `mutex_instances` SET `OBJECT_INSTANCE_BEGIN` = '2011-10-14 02:20:16.043203' WHERE `NAME` <> '2006-01-17 13:35:23.036644' /* QNO 1187 CON_ID 17 */
		    22 Query	XA ROLLBACK 'inactive_xid'  /* QNO 819 CON_ID 22 */
		    22 Query	TRUNCATE TABLE performance_schema.events_waits_history /* QNO 820 CON_ID 22 */
		    17 Query	SHOW ENGINE PERFORMANCE_SCHEMA STATUS /* QNO 1188 CON_ID 17 */
		    17 Query	CREATE OR REPLACE VIEW transforms.view_3980_probe AS SHOW ENGINE PERFORMANCE_SCHEMA STATUS /* QNO 1188 CON_ID 17 */  /* QNO 1189 CON_ID 17 */
		    22 Query	CREATE OR REPLACE VIEW transforms.view_4708_probe AS TRUNCATE TABLE performance_schema.events_waits_history /* QNO 820 CON_ID 22 */  /* QNO 821 CON_ID 22 */
		    22 Query	SHOW ENGINE PERFORMANCE_SCHEMA STATUS /* QNO 822 CON_ID 22 */
		    22 Query	CREATE OR REPLACE VIEW transforms.view_4708_probe AS SHOW ENGINE PERFORMANCE_SCHEMA STATUS /* QNO 822 CON_ID 22 */  /* QNO 823 CON_ID 22 */
		    17 Query	ALTER SEQUENCE seq8 RESTART WITH 12168 /* QNO 1190 CON_ID 17 */
		    18 Query	SELECT * FROM transforms.insert_select_4904 /* TRANSFORM_OUTCOME_UNORDERED_MATCH */ /* QNO 541 CON_ID 18 */
		    17 Query	DELETE HISTORY FROM `table_io_waits_summary_by_table` BEFORE system_time '20240912115830.000633' /* QNO 1191 CON_ID 17 */
		    18 Query	DROP TABLE transforms.insert_select_4904 /* QNO 542 CON_ID 18 */
		    22 Query	UPDATE performance_schema.setup_consumers SET enabled = 'NO' WHERE name IN ( 'events_waits_history_long', 'events_waits_history_long' ) /* QNO 824 CON_ID 22 */
		    17 Query	SHOW ENGINE PERFORMANCE_SCHEMA STATUS /* QNO 1192 CON_ID 17 */
		    22 Query	CREATE OR REPLACE VIEW transforms.view_4708_probe AS UPDATE performance_schema.setup_consumers SET enabled = 'NO' WHERE name IN ( 'events_waits_history_long', 'events_waits_history_long' ) /* QNO 824 CON_ID 22 */  /* QNO 825 CON_ID 22 */
		    17 Query	CREATE OR REPLACE VIEW transforms.view_3980_probe AS SHOW ENGINE PERFORMANCE_SCHEMA STATUS /* QNO 1192 CON_ID 17 */  /* QNO 1193 CON_ID 17 */
		    22 Query	UPDATE performance_schema.setup_timers SET timer_name = 'TICK' /* QNO 826 CON_ID 22 */
		    22 Query	CREATE OR REPLACE VIEW transforms.view_4708_probe AS UPDATE performance_schema.setup_timers SET timer_name = 'TICK' /* QNO 826 CON_ID 22 */  /* QNO 827 CON_ID 22 */
		    17 Query	UPDATE performance_schema.setup_consumers SET enabled = 'NO' WHERE name LIKE 'events%' /* QNO 1194 CON_ID 17 */
		    17 Query	CREATE OR REPLACE VIEW transforms.view_3980_probe AS UPDATE performance_schema.setup_consumers SET enabled = 'NO' WHERE name LIKE 'events%' /* QNO 1194 CON_ID 17 */  /* QNO 1195 CON_ID 17 */
		    22 Query	UPDATE performance_schema.setup_consumers SET enabled = 'NO' WHERE name IN ( 'file_summary_by_instance', 'file_summary_by_instance', 'file_summary_by_event_name', 'events_waits_current' ) /* QNO 828 CON_ID 22 */
		    17 Query	INSERT INTO `table_lock_waits_summary_by_table` ( `pk` ) VALUES (NULL) /* QNO 1196 CON_ID 17 */
		    22 Query	CREATE OR REPLACE VIEW transforms.view_4708_probe AS UPDATE performance_schema.setup_consumers SET enabled = 'NO' WHERE name IN ( 'file_summary_by_instance', 'file_summary_by_instance', 'file_summary_by_event_name', 'events_waits_current' ) /* QNO 828 CON_ID 22 */  /* QNO 829 CON_ID 22 */
		    17 Query	SELECT * FROM performance_schema.`file_summary_by_instance` AS table1 WHERE NOT table1.`SUM_TIMER_WAIT` IN ( 2, 5, 1 ) HAVING table1.`SUM_TIMER_WAIT` < '1973-08-11 04:19:27.045247' IS NULL ORDER BY table1.`MAX_TIMER_MISC` LIMIT 190 /* QNO 1197 CON_ID 17 */
		    17 Query	SHOW WARNINGS
		    17 Query	SELECT * FROM `events_waits_summary_by_user_by_event_name` INTO OUTFILE 'load_events_waits_summary_by_user_by_event_name'  /* QNO 1198 CON_ID 17 */
		    17 Query	LOAD DATA INFILE 'load_events_waits_summary_by_user_by_event_name' REPLACE INTO TABLE events_waits_summary_by_user_by_event_name /* QNO 1199 CON_ID 17 */
		    17 Query	XA END 'xid49'  /* QNO 1200 CON_ID 17 */
		    17 Query	XA END 'xid45'  /* QNO 1201 CON_ID 17 */
		    22 Query	SELECT * FROM INFORMATION_SCHEMA.`SESSION_STATUS` AS table1 HAVING ( (NOT ( ( ( (NOT ( (NOT table1.`VARIABLE_NAME` = '1983-06-11 10:55:55.036540' OR table1.`VARIABLE_VALUE` > 9) AND table1.`VARIABLE_NAME` < 0) AND table1.`VARIABLE_NAME` <= '1973-12-20 12:26:34.010722') OR table1.`VARIABLE_NAME` <= 7) AND table1.`VARIABLE_VALUE` <= 'z') OR table1.`VARIABLE_NAME` > 2) OR table1.`VARIABLE_NAME` = 'y') OR table1.`VARIABLE_NAME` = 5) LIMIT 0 /* QNO 830 CON_ID 22 */
		    17 Query	CREATE OR REPLACE VIEW transforms.view_3980_probe AS XA END 'xid45'  /* QNO 1201 CON_ID 17 */  /* QNO 1202 CON_ID 17 */
		    17 Query	TRUNCATE TABLE performance_schema.file_summary_by_event_name /* QNO 1203 CON_ID 17 */
		    17 Query	ALTER TABLE `events_stages_summary_global_by_event_name` DROP PRIMARY KEY, DROP FOREIGN KEY IF EXISTS f, ADD IF NOT EXISTS icol10 BIGINT ZEROFILL AFTER tscol3, ALGORITHM=COPY, LOCK=EXCLUSIVE, ADD KEY(tcol7), ALGORITHM=DEFAULT, LOCK=SHARED /* QNO 1204 CON_ID 17 */
		    22 Query	/* GenTest::Transform::ExecuteAsCTE */  WITH cte1 AS ( SELECT * FROM INFORMATION_SCHEMA.`SESSION_STATUS` AS table1 HAVING(( NOT(((( NOT(( NOT table1.`VARIABLE_NAME` = '1983-06-11 10:55:55.036540' OR table1.`VARIABLE_VALUE` > 9) AND table1.`VARIABLE_NAME` < 0) AND table1.`VARIABLE_NAME` <= '1973-12-20 12:26:34.010722') OR table1.`VARIABLE_NAME` <= 7) AND table1.`VARIABLE_VALUE` <= 'z') OR table1.`VARIABLE_NAME` > 2) OR table1.`VARIABLE_NAME` = 'y') OR table1.`VARIABLE_NAME` = 5) LIMIT 0 /* QNO 830 CON_ID 22 */ ) SELECT * FROM cte1  /* TRANSFORM_OUTCOME_UNORDERED_MATCH */ /* QNO 831 CON_ID 22 */
		    17 Query	SHOW ENGINE PERFORMANCE_SCHEMA STATUS /* QNO 1205 CON_ID 17 */
		    17 Query	CREATE OR REPLACE VIEW transforms.view_3980_probe AS SHOW ENGINE PERFORMANCE_SCHEMA STATUS /* QNO 1205 CON_ID 17 */  /* QNO 1206 CON_ID 17 */
		    22 Query	/* GenTest::Transform::ExecuteAsDeleteReturning */ CREATE DATABASE IF NOT EXISTS transforms /* QNO 832 CON_ID 22 */
