		    21 Query	/* GenTest::Transform::ExecuteAsExcept */ (  SELECT * FROM mysql.`proc` AS table1 HAVING ( ( (table1.`sql_data_access` != 'e' IS NULL OR table1.`sql_mode` != 4) AND table1.`security_type` <= '2008-01-14 09:30:34.053855') AND table1.`specific_name` <> '2015-11-03 12:53:13.036839') ORDER BY table1.`aggregate` LIMIT 167 /* QNO 1458 CON_ID 21 */  ) EXCEPT (  SELECT * FROM mysql.`proc` AS table1 HAVING ( ( (table1.`sql_data_access` != 'e' IS NULL OR table1.`sql_mode` != 4) AND table1.`security_type` <= '2008-01-14 09:30:34.053855') AND table1.`specific_name` <> '2015-11-03 12:53:13.036839') ORDER BY table1.`aggregate` LIMIT 0 /* QNO 1458 CON_ID 21 */  ) /* TRANSFORM_OUTCOME_DISTINCT */ /* QNO 1460 CON_ID 21 */
		    16 Query	ALTER TABLE `t3` DROP COLUMN k /* QNO 1168 CON_ID 16 */
		    20 Query	CREATE OR REPLACE VIEW transforms.view_1000_probe AS UPDATE performance_schema.setup_instruments SET ENABLED = 'YES' WHERE NAME LIKE 'wait/synch/rwlock%' /* QNO 2035 CON_ID 20 */  /* QNO 2036 CON_ID 20 */
		    16 Query	CREATE EVENT u ON SCHEDULE AT NOW() DO SET @a=@a /* QNO 1169 CON_ID 16 */
		    21 Query	(  SELECT * FROM mysql.`proc` AS table1 HAVING ( ( (table1.`sql_data_access` != 'e' IS NULL OR table1.`sql_mode` != 4) AND table1.`security_type` <= '2008-01-14 09:30:34.053855') AND table1.`specific_name` <> '2015-11-03 12:53:13.036839') ORDER BY table1.`aggregate` LIMIT 167 /* QNO 1458 CON_ID 21 */  ) EXCEPT (  SELECT * FROM mysql.`proc` AS table1 HAVING ( ( (table1.`sql_data_access` != 'e' IS NULL OR table1.`sql_mode` != 4) AND table1.`security_type` <= '2008-01-14 09:30:34.053855') AND table1.`specific_name` <> '2015-11-03 12:53:13.036839') ORDER BY table1.`aggregate` LIMIT 167 /* QNO 1458 CON_ID 21 */  ) /* TRANSFORM_OUTCOME_EMPTY_RESULT */ /* QNO 1461 CON_ID 21 */
		    20 Query	TRUNCATE TABLE performance_schema.events_waits_history_long /* QNO 2037 CON_ID 20 */
		    16 Query	CREATE EVENT o ON SCHEDULE AT NOW() DO SET @a=@a /* QNO 1170 CON_ID 16 */
		    21 Query	/* GenTest::Transform::ExecuteAsExecuteImmediate */ EXECUTE IMMEDIATE ' SELECT * FROM mysql.`proc` AS table1 HAVING ( ( (table1.`sql_data_access` != \'e\' IS NULL OR table1.`sql_mode` != 4) AND table1.`security_type` <= \'2008-01-14 09:30:34.053855\') AND table1.`specific_name` <> \'2015-11-03 12:53:13.036839\') ORDER BY table1.`aggregate` LIMIT 167 /* QNO 1458 CON_ID 21 */ ' /* TRANSFORM_OUTCOME_UNORDERED_MATCH */ /* QNO 1462 CON_ID 21 */
		    21 Prepare	SELECT * FROM mysql.`proc` AS table1 HAVING ( ( (table1.`sql_data_access` != 'e' IS NULL OR table1.`sql_mode` != 4) AND table1.`security_type` <= '2008-01-14 09:30:34.053855') AND table1.`specific_name` <> '2015-11-03 12:53:13.036839') ORDER BY table1.`aggregate` LIMIT 167 /* QNO 1458 CON_ID 21 */
		    20 Query	CREATE OR REPLACE VIEW transforms.view_1000_probe AS TRUNCATE TABLE performance_schema.events_waits_history_long /* QNO 2037 CON_ID 20 */  /* QNO 2038 CON_ID 20 */
		    21 Execute	SELECT * FROM mysql.`proc` AS table1 HAVING ( ( (table1.`sql_data_access` != 'e' IS NULL OR table1.`sql_mode` != 4) AND table1.`security_type` <= '2008-01-14 09:30:34.053855') AND table1.`specific_name` <> '2015-11-03 12:53:13.036839') ORDER BY table1.`aggregate` LIMIT 167 /* QNO 1458 CON_ID 21 */
		    16 Query	REVOKE ALL PRIVILEGES ON a.* FROM 'someuser'@'somehost' /* QNO 1171 CON_ID 16 */
		    20 Query	UPDATE performance_schema.setup_instruments SET TIMED = 'NO' WHERE NAME LIKE 'wait/synch/mutex/%' /* QNO 2039 CON_ID 20 */
		    21 Query	/* GenTest::Transform::ExecuteAsInsertSelect */ CREATE DATABASE IF NOT EXISTS transforms /* QNO 1463 CON_ID 21 */
		    16 Query	CREATE OR REPLACE VIEW transforms.view_900_probe AS REVOKE ALL PRIVILEGES ON a.* FROM 'someuser'@'somehost' /* QNO 1171 CON_ID 16 */  /* QNO 1172 CON_ID 16 */
		    21 Query	/* GenTest::Transform::ExecuteAsIntersect */ (  SELECT * FROM mysql.`proc` AS table1 HAVING ( ( (table1.`sql_data_access` != 'e' IS NULL OR table1.`sql_mode` != 4) AND table1.`security_type` <= '2008-01-14 09:30:34.053855') AND table1.`specific_name` <> '2015-11-03 12:53:13.036839') ORDER BY table1.`aggregate` LIMIT 167 /* QNO 1458 CON_ID 21 */  ) INTERSECT (  SELECT * FROM mysql.`proc` AS table1 HAVING ( ( (table1.`sql_data_access` != 'e' IS NULL OR table1.`sql_mode` != 4) AND table1.`security_type` <= '2008-01-14 09:30:34.053855') AND table1.`specific_name` <> '2015-11-03 12:53:13.036839') ORDER BY table1.`aggregate` LIMIT 167 /* QNO 1458 CON_ID 21 */  ) /* TRANSFORM_OUTCOME_DISTINCT */ /* QNO 1464 CON_ID 21 */
		    16 Query	CREATE FUNCTION p ( e INTEGER, y INTEGER ) RETURNS INTEGER RETURN 1 /* QNO 1173 CON_ID 16 */
		    21 Query	(  SELECT * FROM mysql.`proc` AS table1 HAVING ( ( (table1.`sql_data_access` != 'e' IS NULL OR table1.`sql_mode` != 4) AND table1.`security_type` <= '2008-01-14 09:30:34.053855') AND table1.`specific_name` <> '2015-11-03 12:53:13.036839') ORDER BY table1.`aggregate` LIMIT 167 /* QNO 1458 CON_ID 21 */  ) INTERSECT (  SELECT * FROM mysql.`proc` AS table1 HAVING ( ( (table1.`sql_data_access` != 'e' IS NULL OR table1.`sql_mode` != 4) AND table1.`security_type` <= '2008-01-14 09:30:34.053855') AND table1.`specific_name` <> '2015-11-03 12:53:13.036839') ORDER BY table1.`aggregate` LIMIT 0 /* QNO 1458 CON_ID 21 */  ) /* TRANSFORM_OUTCOME_EMPTY_RESULT */ /* QNO 1465 CON_ID 21 */
		    20 Query	CREATE OR REPLACE VIEW transforms.view_1000_probe AS UPDATE performance_schema.setup_instruments SET TIMED = 'NO' WHERE NAME LIKE 'wait/synch/mutex/%' /* QNO 2039 CON_ID 20 */  /* QNO 2040 CON_ID 20 */
		    20 Query	UPDATE performance_schema.setup_consumers SET enabled = 'YES' WHERE name LIKE 'events%' /* QNO 2041 CON_ID 20 */
		    20 Query	CREATE OR REPLACE VIEW transforms.view_1000_probe AS UPDATE performance_schema.setup_consumers SET enabled = 'YES' WHERE name LIKE 'events%' /* QNO 2041 CON_ID 20 */  /* QNO 2042 CON_ID 20 */
		    20 Query	UPDATE performance_schema.setup_timers SET timer_name = 'TICK' /* QNO 2043 CON_ID 20 */
		    20 Query	CREATE OR REPLACE VIEW transforms.view_1000_probe AS UPDATE performance_schema.setup_timers SET timer_name = 'TICK' /* QNO 2043 CON_ID 20 */  /* QNO 2044 CON_ID 20 */
		    20 Query	UPDATE performance_schema.setup_timers SET timer_name = 'MILLISECOND' /* QNO 2045 CON_ID 20 */
		    20 Query	CREATE OR REPLACE VIEW transforms.view_1000_probe AS UPDATE performance_schema.setup_timers SET timer_name = 'MILLISECOND' /* QNO 2045 CON_ID 20 */  /* QNO 2046 CON_ID 20 */
		    20 Query	UPDATE performance_schema.setup_timers SET timer_name = 'NANOSECOND' /* QNO 2047 CON_ID 20 */
		    20 Query	CREATE OR REPLACE VIEW transforms.view_1000_probe AS UPDATE performance_schema.setup_timers SET timer_name = 'NANOSECOND' /* QNO 2047 CON_ID 20 */  /* QNO 2048 CON_ID 20 */
		    16 Query	CREATE OR REPLACE VIEW transforms.view_900_probe AS CREATE FUNCTION p ( e INTEGER, y INTEGER ) RETURNS INTEGER RETURN 1 /* QNO 1173 CON_ID 16 */  /* QNO 1174 CON_ID 16 */
		    21 Query	/* GenTest::Transform::ExecuteAsUnion */ (  SELECT * FROM mysql.`proc` AS table1 HAVING ( ( (table1.`sql_data_access` != 'e' IS NULL OR table1.`sql_mode` != 4) AND table1.`security_type` <= '2008-01-14 09:30:34.053855') AND table1.`specific_name` <> '2015-11-03 12:53:13.036839') ORDER BY table1.`aggregate` LIMIT 167 /* QNO 1458 CON_ID 21 */  ) UNION ALL (  SELECT * FROM mysql.`proc` AS table1 HAVING ( ( (table1.`sql_data_access` != 'e' IS NULL OR table1.`sql_mode` != 4) AND table1.`security_type` <= '2008-01-14 09:30:34.053855') AND table1.`specific_name` <> '2015-11-03 12:53:13.036839') ORDER BY table1.`aggregate` LIMIT 0 /* QNO 1458 CON_ID 21 */  ) /* TRANSFORM_OUTCOME_UNORDERED_MATCH */ /* QNO 1466 CON_ID 21 */
		    21 Query	(  SELECT * FROM mysql.`proc` AS table1 HAVING ( ( (table1.`sql_data_access` != 'e' IS NULL OR table1.`sql_mode` != 4) AND table1.`security_type` <= '2008-01-14 09:30:34.053855') AND table1.`specific_name` <> '2015-11-03 12:53:13.036839') ORDER BY table1.`aggregate` LIMIT 0 /* QNO 1458 CON_ID 21 */  ) UNION ALL (  SELECT * FROM mysql.`proc` AS table1 HAVING ( ( (table1.`sql_data_access` != 'e' IS NULL OR table1.`sql_mode` != 4) AND table1.`security_type` <= '2008-01-14 09:30:34.053855') AND table1.`specific_name` <> '2015-11-03 12:53:13.036839') ORDER BY table1.`aggregate` LIMIT 167 /* QNO 1458 CON_ID 21 */  ) /* TRANSFORM_OUTCOME_UNORDERED_MATCH */ /* QNO 1467 CON_ID 21 */
		    16 Query	CREATE DATABASE IF NOT EXISTS q /* QNO 1175 CON_ID 16 */
		    16 Query	CREATE OR REPLACE VIEW transforms.view_900_probe AS CREATE DATABASE IF NOT EXISTS q /* QNO 1175 CON_ID 16 */  /* QNO 1176 CON_ID 16 */
		    16 Query	CREATE DATABASE IF NOT EXISTS n /* QNO 1177 CON_ID 16 */
		    16 Query	SHOW WARNINGS
		    16 Query	ALTER TABLE `view_t8` DROP COLUMN a /* QNO 1178 CON_ID 16 */
		    16 Query	GRANT ALL PRIVILEGES ON f.* TO 'someuser'@'somehost' /* QNO 1179 CON_ID 16 */
		    16 Query	CREATE OR REPLACE VIEW transforms.view_900_probe AS GRANT ALL PRIVILEGES ON f.* TO 'someuser'@'somehost' /* QNO 1179 CON_ID 16 */  /* QNO 1180 CON_ID 16 */
		    16 Query	REVOKE ALL PRIVILEGES ON i.* FROM 'someuser'@'somehost' /* QNO 1181 CON_ID 16 */
		    16 Query	REVOKE SHOW DATABASES, REPLICATION CLIENT ON *.* FROM 'someuser'@'somehost' /* QNO 1182 CON_ID 16 */
		    16 Query	CREATE OR REPLACE VIEW transforms.view_900_probe AS REVOKE SHOW DATABASES, REPLICATION CLIENT ON *.* FROM 'someuser'@'somehost' /* QNO 1182 CON_ID 16 */  /* QNO 1183 CON_ID 16 */
		    16 Query	CREATE PROCEDURE d ( OUT u INT ) BEGIN SELECT COUNT(*) INTO @a FROM `t6`; END ; /* QNO 1184 CON_ID 16 */
		    21 Query	(  SELECT * FROM mysql.`proc` AS table1 HAVING ( ( (table1.`sql_data_access` != 'e' IS NULL OR table1.`sql_mode` != 4) AND table1.`security_type` <= '2008-01-14 09:30:34.053855') AND table1.`specific_name` <> '2015-11-03 12:53:13.036839') ORDER BY table1.`aggregate` LIMIT 167 /* QNO 1458 CON_ID 21 */  ) UNION DISTINCT (  SELECT * FROM mysql.`proc` AS table1 HAVING ( ( (table1.`sql_data_access` != 'e' IS NULL OR table1.`sql_mode` != 4) AND table1.`security_type` <= '2008-01-14 09:30:34.053855') AND table1.`specific_name` <> '2015-11-03 12:53:13.036839') ORDER BY table1.`aggregate` LIMIT 167 /* QNO 1458 CON_ID 21 */  ) /* TRANSFORM_OUTCOME_DISTINCT */ /* QNO 1468 CON_ID 21 */
		    20 Query	INSERT INTO `index_stats` ( `pk` ) VALUES (NULL) /* QNO 2049 CON_ID 20 */
		    20 Query	ALTER SEQUENCE IF EXISTS seq2 START 9261 /* QNO 2050 CON_ID 20 */
		    20 Query	SHOW WARNINGS
		    20 Query	UPDATE performance_schema.setup_timers SET timer_name = 'CYCLE' /* QNO 2051 CON_ID 20 */
		    20 Query	CREATE OR REPLACE VIEW transforms.view_1000_probe AS UPDATE performance_schema.setup_timers SET timer_name = 'CYCLE' /* QNO 2051 CON_ID 20 */  /* QNO 2052 CON_ID 20 */
		    20 Query	INSERT INTO t5 ( `table_name` ) SELECT scol7 FROM t5 /* QNO 2053 CON_ID 20 */
		    20 Query	SELECT * FROM INFORMATION_SCHEMA.`INNODB_FT_DEFAULT_STOPWORD` AS table1 ORDER BY table1.`value`, table1.`value` LIMIT 79 /* QNO 2054 CON_ID 20 */
		    20 Query	/* GenTest::Transform::ExecuteAsCTE */  WITH cte1 AS ( SELECT * FROM INFORMATION_SCHEMA.`INNODB_FT_DEFAULT_STOPWORD` AS table1 ORDER BY table1.`value`, table1.`value` LIMIT 79 /* QNO 2054 CON_ID 20 */ ) SELECT * FROM cte1  /* TRANSFORM_OUTCOME_UNORDERED_MATCH */ /* QNO 2055 CON_ID 20 */
		    20 Query	/* GenTest::Transform::ExecuteAsDeleteReturning */ CREATE DATABASE IF NOT EXISTS transforms /* QNO 2056 CON_ID 20 */
		    21 Query	(  SELECT * FROM mysql.`proc` AS table1 HAVING ( ( (table1.`sql_data_access` != 'e' IS NULL OR table1.`sql_mode` != 4) AND table1.`security_type` <= '2008-01-14 09:30:34.053855') AND table1.`specific_name` <> '2015-11-03 12:53:13.036839') ORDER BY table1.`aggregate` LIMIT 167 /* QNO 1458 CON_ID 21 */  ) UNION ALL (  SELECT * FROM mysql.`proc` AS table1 HAVING ( ( (table1.`sql_data_access` != 'e' IS NULL OR table1.`sql_mode` != 4) AND table1.`security_type` <= '2008-01-14 09:30:34.053855') AND table1.`specific_name` <> '2015-11-03 12:53:13.036839') ORDER BY table1.`aggregate` LIMIT 167 /* QNO 1458 CON_ID 21 */  ) /* TRANSFORM_OUTCOME_SUPERSET */ /* QNO 1469 CON_ID 21 */
		    21 Query	CREATE OR REPLACE VIEW transforms.view_4888_probe AS  SELECT * FROM mysql.`proc` AS table1 HAVING ( ( (table1.`sql_data_access` != 'e' IS NULL OR table1.`sql_mode` != 4) AND table1.`security_type` <= '2008-01-14 09:30:34.053855') AND table1.`specific_name` <> '2015-11-03 12:53:13.036839') ORDER BY table1.`aggregate` LIMIT 167 /* QNO 1458 CON_ID 21 */  /* QNO 1470 CON_ID 21 */
		    21 Query	/* GenTest::Transform::ExecuteAsPreparedTwice */ PREPARE prep_stmt_4888 FROM ' SELECT * FROM mysql.`proc` AS table1 HAVING ( ( (table1.`sql_data_access` != \'e\' IS NULL OR table1.`sql_mode` != 4) AND table1.`security_type` <= \'2008-01-14 09:30:34.053855\') AND table1.`specific_name` <> \'2015-11-03 12:53:13.036839\') ORDER BY table1.`aggregate` LIMIT 167 /* QNO 1458 CON_ID 21 */ ' /* QNO 1471 CON_ID 21 */
		    21 Prepare	SELECT * FROM mysql.`proc` AS table1 HAVING ( ( (table1.`sql_data_access` != 'e' IS NULL OR table1.`sql_mode` != 4) AND table1.`security_type` <= '2008-01-14 09:30:34.053855') AND table1.`specific_name` <> '2015-11-03 12:53:13.036839') ORDER BY table1.`aggregate` LIMIT 167 /* QNO 1458 CON_ID 21 */
		    21 Query	EXECUTE prep_stmt_4888 /* TRANSFORM_OUTCOME_UNORDERED_MATCH */ /* QNO 1472 CON_ID 21 */
		    21 Execute	SELECT * FROM mysql.`proc` AS table1 HAVING ( ( (table1.`sql_data_access` != 'e' IS NULL OR table1.`sql_mode` != 4) AND table1.`security_type` <= '2008-01-14 09:30:34.053855') AND table1.`specific_name` <> '2015-11-03 12:53:13.036839') ORDER BY table1.`aggregate` LIMIT 167 /* QNO 1458 CON_ID 21 */
		    21 Query	EXECUTE prep_stmt_4888 /* TRANSFORM_OUTCOME_UNORDERED_MATCH */ /* QNO 1473 CON_ID 21 */
		    21 Execute	SELECT * FROM mysql.`proc` AS table1 HAVING ( ( (table1.`sql_data_access` != 'e' IS NULL OR table1.`sql_mode` != 4) AND table1.`security_type` <= '2008-01-14 09:30:34.053855') AND table1.`specific_name` <> '2015-11-03 12:53:13.036839') ORDER BY table1.`aggregate` LIMIT 167 /* QNO 1458 CON_ID 21 */
		    21 Query	DEALLOCATE PREPARE prep_stmt_4888 /* QNO 1474 CON_ID 21 */
		    21 Query	/* GenTest::Transform::ExecuteAsSPTwice */ DROP PROCEDURE IF EXISTS stored_proc_4888 /* QNO 1475 CON_ID 21 */
		    21 Query	ALTER ONLINE TABLE t9 DROP CONSTRAINT IF EXISTS r, DROP FOREIGN KEY IF EXISTS i /* QNO 1476 CON_ID 21 */
		    21 Query	TRUNCATE TABLE performance_schema.file_summary_by_instance /* QNO 1477 CON_ID 21 */
		    21 Query	ALTER IGNORE TABLE t5 /*!100301 WAIT 3 */ DROP COLUMN IF EXISTS `collation_connection`, ALGORITHM=COPY, LOCK=NONE, DROP COLUMN IF EXISTS tcol7, ALGORITHM=DEFAULT  /* QNO 1478 CON_ID 21 */
		    21 Query	SELECT * FROM test.`t2` AS table1 ORDER BY table1.`pk` LIMIT 210 /* QNO 1479 CON_ID 21 */
		    21 Query	SELECT NEXT VALUE FOR seq2 /* QNO 1480 CON_ID 21 */
		    21 Query	SELECT * FROM INFORMATION_SCHEMA.`INNODB_SYS_TABLESPACES` AS table1 WHERE NOT ( table1.`SPACE_TYPE` = table1.`FS_BLOCK_SIZE` AND table1.`ROW_FORMAT` > table1.`FILE_SIZE`) HAVING table1.`FS_BLOCK_SIZE` <= 5 ORDER BY table1.`NAME` LIMIT 232 /* QNO 1481 CON_ID 21 */
		    16 Query	CREATE OR REPLACE VIEW transforms.view_900_probe AS CREATE PROCEDURE d ( OUT u INT ) BEGIN SELECT COUNT(*) INTO @a FROM `t6`; END ; /* QNO 1184 CON_ID 16 */  /* QNO 1185 CON_ID 16 */
		    16 Query	REVOKE ALL PRIVILEGES ON m.* FROM 'someuser'@'somehost' /* QNO 1186 CON_ID 16 */
		    16 Query	CREATE TRIGGER d BEFORE INSERT ON `t2` FOR EACH ROW BEGIN INSERT INTO `t9` SELECT * FROM `t1` LIMIT 0 ; END ; /* QNO 1187 CON_ID 16 */
		    21 Query	SHOW WARNINGS
		    21 Query	DELETE FROM `USER_STATISTICS` WHERE `TOTAL_CONNECTIONS` = 5 LIMIT 3 /* QNO 1482 CON_ID 21 */
		    21 Query	SELECT row_end FROM t8 ORDER BY RAND() LIMIT 1 INTO @trx /* QNO 1483 CON_ID 21 */
		    21 Query	ALTER TABLE t8 ADD SYSTEM VERSIONING /* QNO 1484 CON_ID 21 */
		    21 Query	DELETE FROM `INNODB_FT_INDEX_CACHE` WHERE `POSITION` >= 6 LIMIT 1 /* QNO 1485 CON_ID 21 */
		    21 Query	XA COMMIT 'xid80'  /* QNO 1486 CON_ID 21 */
		    21 Query	UPDATE performance_schema.setup_consumers SET enabled = 'YES' WHERE name IN ( 'events_waits_history', 'events_waits_summary_by_thread_by_event_name' ) /* QNO 1487 CON_ID 21 */
		    21 Query	CREATE OR REPLACE VIEW transforms.view_4888_probe AS UPDATE performance_schema.setup_consumers SET enabled = 'YES' WHERE name IN ( 'events_waits_history', 'events_waits_summary_by_thread_by_event_name' ) /* QNO 1487 CON_ID 21 */  /* QNO 1488 CON_ID 21 */
		    17 Query	SELECT * FROM transforms.insert_select_3980 /* TRANSFORM_OUTCOME_UNORDERED_MATCH */ /* QNO 1450 CON_ID 17 */
		    21 Query	DELETE HISTORY FROM `INNODB_TABLESPACES_SCRUBBING` BEFORE system_time @trx /* QNO 1489 CON_ID 21 */
		    17 Query	DROP TABLE transforms.insert_select_3980 /* QNO 1451 CON_ID 17 */
		    18 Query	/* GenTest::Transform::ExecuteAsIntersect */ (  SELECT * FROM mysql.`func` AS table1 WHERE table1.`name` < table1.`dl` ORDER BY table1.`ret` LIMIT 28 /* QNO 903 CON_ID 18 */  ) INTERSECT (  SELECT * FROM mysql.`func` AS table1 WHERE table1.`name` < table1.`dl` ORDER BY table1.`ret` LIMIT 28 /* QNO 903 CON_ID 18 */  ) /* TRANSFORM_OUTCOME_DISTINCT */ /* QNO 923 CON_ID 18 */
		    20 Query	SHOW WARNINGS
		    21 Query	INSERT INTO `INNODB_BUFFER_PAGE_LRU` SELECT * FROM `INNODB_SYS_SEMAPHORE_WAITS` /* QNO 1490 CON_ID 21 */
		    20 Query	DROP TABLE IF EXISTS transforms.delete_returning_1000 /* QNO 2057 CON_ID 20 */
		    22 Query	(  SELECT * FROM INFORMATION_SCHEMA.`REFERENTIAL_CONSTRAINTS` AS table1 ORDER BY table1.`TABLE_NAME`, table1.`DELETE_RULE`, table1.`UPDATE_RULE` LIMIT 0 /* QNO 1071 CON_ID 22 */  ) UNION ALL (  SELECT * FROM INFORMATION_SCHEMA.`REFERENTIAL_CONSTRAINTS` AS table1 ORDER BY table1.`TABLE_NAME`, table1.`DELETE_RULE`, table1.`UPDATE_RULE` LIMIT 27 /* QNO 1071 CON_ID 22 */  ) /* TRANSFORM_OUTCOME_UNORDERED_MATCH */ /* QNO 1081 CON_ID 22 */
		    18 Query	(  SELECT * FROM mysql.`func` AS table1 WHERE table1.`name` < table1.`dl` ORDER BY table1.`ret` LIMIT 28 /* QNO 903 CON_ID 18 */  ) INTERSECT (  SELECT * FROM mysql.`func` AS table1 WHERE table1.`name` < table1.`dl` ORDER BY table1.`ret` LIMIT 0 /* QNO 903 CON_ID 18 */  ) /* TRANSFORM_OUTCOME_EMPTY_RESULT */ /* QNO 924 CON_ID 18 */
		    18 Query	/* GenTest::Transform::ExecuteAsUnion */ (  SELECT * FROM mysql.`func` AS table1 WHERE table1.`name` < table1.`dl` ORDER BY table1.`ret` LIMIT 28 /* QNO 903 CON_ID 18 */  ) UNION ALL (  SELECT * FROM mysql.`func` AS table1 WHERE table1.`name` < table1.`dl` ORDER BY table1.`ret` LIMIT 0 /* QNO 903 CON_ID 18 */  ) /* TRANSFORM_OUTCOME_UNORDERED_MATCH */ /* QNO 925 CON_ID 18 */
		    21 Query	ALTER TABLE `TRIGGERS` ADD IF NOT EXISTS ( ecol9 ENUM('foo','bar') NULL /*!100303 INVISIBLE */ ), ALGORITHM=INPLACE, LOCK=EXCLUSIVE /* QNO 1491 CON_ID 21 */
		    18 Query	(  SELECT * FROM mysql.`func` AS table1 WHERE table1.`name` < table1.`dl` ORDER BY table1.`ret` LIMIT 0 /* QNO 903 CON_ID 18 */  ) UNION ALL (  SELECT * FROM mysql.`func` AS table1 WHERE table1.`name` < table1.`dl` ORDER BY table1.`ret` LIMIT 28 /* QNO 903 CON_ID 18 */  ) /* TRANSFORM_OUTCOME_UNORDERED_MATCH */ /* QNO 926 CON_ID 18 */
		    18 Query	(  SELECT * FROM mysql.`func` AS table1 WHERE table1.`name` < table1.`dl` ORDER BY table1.`ret` LIMIT 28 /* QNO 903 CON_ID 18 */  ) UNION DISTINCT (  SELECT * FROM mysql.`func` AS table1 WHERE table1.`name` < table1.`dl` ORDER BY table1.`ret` LIMIT 28 /* QNO 903 CON_ID 18 */  ) /* TRANSFORM_OUTCOME_DISTINCT */ /* QNO 927 CON_ID 18 */
		    21 Query	UPDATE performance_schema.setup_instruments SET ENABLED = 'NO' ORDER BY RAND() LIMIT 0 /* QNO 1492 CON_ID 21 */
		    18 Query	(  SELECT * FROM mysql.`func` AS table1 WHERE table1.`name` < table1.`dl` ORDER BY table1.`ret` LIMIT 28 /* QNO 903 CON_ID 18 */  ) UNION ALL (  SELECT * FROM mysql.`func` AS table1 WHERE table1.`name` < table1.`dl` ORDER BY table1.`ret` LIMIT 28 /* QNO 903 CON_ID 18 */  ) /* TRANSFORM_OUTCOME_SUPERSET */ /* QNO 928 CON_ID 18 */
		    21 Query	CREATE OR REPLACE VIEW transforms.view_4888_probe AS UPDATE performance_schema.setup_instruments SET ENABLED = 'NO' ORDER BY RAND() LIMIT 0 /* QNO 1492 CON_ID 21 */  /* QNO 1493 CON_ID 21 */
		    21 Query	TRUNCATE TABLE performance_schema.file_summary_by_instance /* QNO 1494 CON_ID 21 */
		    21 Query	CREATE SEQUENCE IF NOT EXISTS seq4 MINVALUE 74 NOMAXVALUE  /* QNO 1495 CON_ID 21 */
		    18 Query	CREATE OR REPLACE VIEW transforms.view_4904_probe AS  SELECT * FROM mysql.`func` AS table1 WHERE table1.`name` < table1.`dl` ORDER BY table1.`ret` LIMIT 28 /* QNO 903 CON_ID 18 */  /* QNO 929 CON_ID 18 */
		    21 Query	TRUNCATE TABLE performance_schema.file_summary_by_event_name /* QNO 1496 CON_ID 21 */
		    21 Query	XA END 'xid194'  /* QNO 1497 CON_ID 21 */
		    21 Query	CREATE OR REPLACE SEQUENCE seq2 INCREMENT 5  /* QNO 1498 CON_ID 21 */
		    21 Query	SELECT * FROM INFORMATION_SCHEMA.`SCHEMA_PRIVILEGES` AS table1 ORDER BY table1.`PRIVILEGE_TYPE` LIMIT 154 /* QNO 1499 CON_ID 21 */
		    21 Query	/* GenTest::Transform::ExecuteAsCTE */  WITH cte1 AS ( SELECT * FROM INFORMATION_SCHEMA.`SCHEMA_PRIVILEGES` AS table1 ORDER BY table1.`PRIVILEGE_TYPE` LIMIT 154 /* QNO 1499 CON_ID 21 */ ) SELECT * FROM cte1  /* TRANSFORM_OUTCOME_UNORDERED_MATCH */ /* QNO 1500 CON_ID 21 */
		    21 Query	/* GenTest::Transform::ExecuteAsDeleteReturning */ CREATE DATABASE IF NOT EXISTS transforms /* QNO 1501 CON_ID 21 */
		    21 Query	/* GenTest::Transform::ExecuteAsExcept */ (  SELECT * FROM INFORMATION_SCHEMA.`SCHEMA_PRIVILEGES` AS table1 ORDER BY table1.`PRIVILEGE_TYPE` LIMIT 154 /* QNO 1499 CON_ID 21 */  ) EXCEPT (  SELECT * FROM INFORMATION_SCHEMA.`SCHEMA_PRIVILEGES` AS table1 ORDER BY table1.`PRIVILEGE_TYPE` LIMIT 0 /* QNO 1499 CON_ID 21 */  ) /* TRANSFORM_OUTCOME_DISTINCT */ /* QNO 1502 CON_ID 21 */
		    21 Query	(  SELECT * FROM INFORMATION_SCHEMA.`SCHEMA_PRIVILEGES` AS table1 ORDER BY table1.`PRIVILEGE_TYPE` LIMIT 154 /* QNO 1499 CON_ID 21 */  ) EXCEPT (  SELECT * FROM INFORMATION_SCHEMA.`SCHEMA_PRIVILEGES` AS table1 ORDER BY table1.`PRIVILEGE_TYPE` LIMIT 154 /* QNO 1499 CON_ID 21 */  ) /* TRANSFORM_OUTCOME_EMPTY_RESULT */ /* QNO 1503 CON_ID 21 */
		    21 Query	/* GenTest::Transform::ExecuteAsExecuteImmediate */ EXECUTE IMMEDIATE ' SELECT * FROM INFORMATION_SCHEMA.`SCHEMA_PRIVILEGES` AS table1 ORDER BY table1.`PRIVILEGE_TYPE` LIMIT 154 /* QNO 1499 CON_ID 21 */ ' /* TRANSFORM_OUTCOME_UNORDERED_MATCH */ /* QNO 1504 CON_ID 21 */
		    21 Prepare	SELECT * FROM INFORMATION_SCHEMA.`SCHEMA_PRIVILEGES` AS table1 ORDER BY table1.`PRIVILEGE_TYPE` LIMIT 154 /* QNO 1499 CON_ID 21 */
		    21 Execute	SELECT * FROM INFORMATION_SCHEMA.`SCHEMA_PRIVILEGES` AS table1 ORDER BY table1.`PRIVILEGE_TYPE` LIMIT 154 /* QNO 1499 CON_ID 21 */
		    21 Query	/* GenTest::Transform::ExecuteAsInsertSelect */ CREATE DATABASE IF NOT EXISTS transforms /* QNO 1505 CON_ID 21 */
		    21 Query	/* GenTest::Transform::ExecuteAsIntersect */ (  SELECT * FROM INFORMATION_SCHEMA.`SCHEMA_PRIVILEGES` AS table1 ORDER BY table1.`PRIVILEGE_TYPE` LIMIT 154 /* QNO 1499 CON_ID 21 */  ) INTERSECT (  SELECT * FROM INFORMATION_SCHEMA.`SCHEMA_PRIVILEGES` AS table1 ORDER BY table1.`PRIVILEGE_TYPE` LIMIT 154 /* QNO 1499 CON_ID 21 */  ) /* TRANSFORM_OUTCOME_DISTINCT */ /* QNO 1506 CON_ID 21 */
		    16 Query	DROP TRIGGER IF EXISTS a /* QNO 1188 CON_ID 16 */
		    21 Query	(  SELECT * FROM INFORMATION_SCHEMA.`SCHEMA_PRIVILEGES` AS table1 ORDER BY table1.`PRIVILEGE_TYPE` LIMIT 154 /* QNO 1499 CON_ID 21 */  ) INTERSECT (  SELECT * FROM INFORMATION_SCHEMA.`SCHEMA_PRIVILEGES` AS table1 ORDER BY table1.`PRIVILEGE_TYPE` LIMIT 0 /* QNO 1499 CON_ID 21 */  ) /* TRANSFORM_OUTCOME_EMPTY_RESULT */ /* QNO 1507 CON_ID 21 */
		    21 Query	/* GenTest::Transform::ExecuteAsUnion */ (  SELECT * FROM INFORMATION_SCHEMA.`SCHEMA_PRIVILEGES` AS table1 ORDER BY table1.`PRIVILEGE_TYPE` LIMIT 154 /* QNO 1499 CON_ID 21 */  ) UNION ALL (  SELECT * FROM INFORMATION_SCHEMA.`SCHEMA_PRIVILEGES` AS table1 ORDER BY table1.`PRIVILEGE_TYPE` LIMIT 0 /* QNO 1499 CON_ID 21 */  ) /* TRANSFORM_OUTCOME_UNORDERED_MATCH */ /* QNO 1508 CON_ID 21 */
		    21 Query	(  SELECT * FROM INFORMATION_SCHEMA.`SCHEMA_PRIVILEGES` AS table1 ORDER BY table1.`PRIVILEGE_TYPE` LIMIT 0 /* QNO 1499 CON_ID 21 */  ) UNION ALL (  SELECT * FROM INFORMATION_SCHEMA.`SCHEMA_PRIVILEGES` AS table1 ORDER BY table1.`PRIVILEGE_TYPE` LIMIT 154 /* QNO 1499 CON_ID 21 */  ) /* TRANSFORM_OUTCOME_UNORDERED_MATCH */ /* QNO 1509 CON_ID 21 */
		    21 Query	(  SELECT * FROM INFORMATION_SCHEMA.`SCHEMA_PRIVILEGES` AS table1 ORDER BY table1.`PRIVILEGE_TYPE` LIMIT 154 /* QNO 1499 CON_ID 21 */  ) UNION DISTINCT (  SELECT * FROM INFORMATION_SCHEMA.`SCHEMA_PRIVILEGES` AS table1 ORDER BY table1.`PRIVILEGE_TYPE` LIMIT 154 /* QNO 1499 CON_ID 21 */  ) /* TRANSFORM_OUTCOME_DISTINCT */ /* QNO 1510 CON_ID 21 */
		    21 Query	(  SELECT * FROM INFORMATION_SCHEMA.`SCHEMA_PRIVILEGES` AS table1 ORDER BY table1.`PRIVILEGE_TYPE` LIMIT 154 /* QNO 1499 CON_ID 21 */  ) UNION ALL (  SELECT * FROM INFORMATION_SCHEMA.`SCHEMA_PRIVILEGES` AS table1 ORDER BY table1.`PRIVILEGE_TYPE` LIMIT 154 /* QNO 1499 CON_ID 21 */  ) /* TRANSFORM_OUTCOME_SUPERSET */ /* QNO 1511 CON_ID 21 */
		    21 Query	CREATE OR REPLACE VIEW transforms.view_4888_probe AS  SELECT * FROM INFORMATION_SCHEMA.`SCHEMA_PRIVILEGES` AS table1 ORDER BY table1.`PRIVILEGE_TYPE` LIMIT 154 /* QNO 1499 CON_ID 21 */  /* QNO 1512 CON_ID 21 */
		    21 Query	/* GenTest::Transform::ExecuteAsPreparedTwice */ PREPARE prep_stmt_4888 FROM ' SELECT * FROM INFORMATION_SCHEMA.`SCHEMA_PRIVILEGES` AS table1 ORDER BY table1.`PRIVILEGE_TYPE` LIMIT 154 /* QNO 1499 CON_ID 21 */ ' /* QNO 1513 CON_ID 21 */
		    21 Prepare	SELECT * FROM INFORMATION_SCHEMA.`SCHEMA_PRIVILEGES` AS table1 ORDER BY table1.`PRIVILEGE_TYPE` LIMIT 154 /* QNO 1499 CON_ID 21 */
		    21 Query	EXECUTE prep_stmt_4888 /* TRANSFORM_OUTCOME_UNORDERED_MATCH */ /* QNO 1514 CON_ID 21 */
		    21 Execute	SELECT * FROM INFORMATION_SCHEMA.`SCHEMA_PRIVILEGES` AS table1 ORDER BY table1.`PRIVILEGE_TYPE` LIMIT 154 /* QNO 1499 CON_ID 21 */
		    21 Query	EXECUTE prep_stmt_4888 /* TRANSFORM_OUTCOME_UNORDERED_MATCH */ /* QNO 1515 CON_ID 21 */
		    21 Execute	SELECT * FROM INFORMATION_SCHEMA.`SCHEMA_PRIVILEGES` AS table1 ORDER BY table1.`PRIVILEGE_TYPE` LIMIT 154 /* QNO 1499 CON_ID 21 */
		    21 Query	DEALLOCATE PREPARE prep_stmt_4888 /* QNO 1516 CON_ID 21 */
		    21 Query	/* GenTest::Transform::ExecuteAsSPTwice */ DROP PROCEDURE IF EXISTS stored_proc_4888 /* QNO 1517 CON_ID 21 */
		    21 Query	INSERT INTO `INNODB_CMP_PER_INDEX_RESET` SELECT * FROM `user_variables` /* QNO 1518 CON_ID 21 */
		    21 Query	UPDATE performance_schema.setup_timers SET timer_name = 'MICROSECOND' /* QNO 1519 CON_ID 21 */
		    21 Query	CREATE OR REPLACE VIEW transforms.view_4888_probe AS UPDATE performance_schema.setup_timers SET timer_name = 'MICROSECOND' /* QNO 1519 CON_ID 21 */  /* QNO 1520 CON_ID 21 */
		    21 Query	RENAME TABLE seq5 TO seq6 /* QNO 1521 CON_ID 21 */
		    21 Query	SHOW ENGINE PERFORMANCE_SCHEMA STATUS /* QNO 1522 CON_ID 21 */
		    21 Query	CREATE OR REPLACE VIEW transforms.view_4888_probe AS SHOW ENGINE PERFORMANCE_SCHEMA STATUS /* QNO 1522 CON_ID 21 */  /* QNO 1523 CON_ID 21 */
		    21 Query	XA START 'xid174'  /* QNO 1524 CON_ID 21 */
		    21 Query	ALTER TABLE `INNODB_SYS_TABLESPACES` /*!100301 NOWAIT */ ADD FOREIGN KEY o (tcol10) REFERENCES t2 (tcol4) ON DELETE NO ACTION ON UPDATE SET NULL, ADD UNIQUE KEY(ncol2), ALGORITHM=DEFAULT, LOCK=DEFAULT, DROP CONSTRAINT IF EXISTS s /* QNO 1525 CON_ID 21 */
		    16 Query	SHOW WARNINGS
		    21 Query	XA RECOVER /* QNO 1526 CON_ID 21 */
		    16 Query	CREATE OR REPLACE VIEW n AS SELECT * FROM `t9` /* QNO 1189 CON_ID 16 */
		    21 Query	CREATE OR REPLACE VIEW transforms.view_4888_probe AS XA RECOVER /* QNO 1526 CON_ID 21 */  /* QNO 1527 CON_ID 21 */
		    21 Query	SELECT * from t4 WHERE row_start IN (SELECT row_end FROM `INDEX_STATISTICS`) /* QNO 1528 CON_ID 21 */
		    18 Query	DROP VIEW transforms.view_4904_probe /* QNO 930 CON_ID 18 */
		    16 Query	ALTER TABLE `view_t2` DROP PRIMARY KEY /* QNO 1190 CON_ID 16 */
		    21 Query	INSERT INTO `INNODB_LOCKS` ( `pk` ) VALUES (NULL) /* QNO 1529 CON_ID 21 */
		    18 Query	/* GenTest::Transform::ExecuteAsView */ CREATE DATABASE IF NOT EXISTS transforms /* QNO 931 CON_ID 18 */
		    16 Query	ALTER TABLE `view_t1` REMOVE PARTITIONING /* QNO 1191 CON_ID 16 */
		    16 Query	ALTER TABLE `view_t1` ADD PRIMARY KEY (`pk`) /* QNO 1192 CON_ID 16 */
		    21 Query	SELECT * FROM (INFORMATION_SCHEMA.`ENGINES` AS table1 INNER JOIN test.`t3` AS table2 ON ( table2.`vcol_time` = table1.`SUPPORT` ) ) HAVING (NOT (table2.`vcol_int` = 4 IS NULL OR table2.`col_char` >= 4) OR table2.`vcol_year` = 0) LIMIT 160 /* QNO 1530 CON_ID 21 */
		    21 Query	SHOW CREATE SEQUENCE seq5 /* QNO 1531 CON_ID 21 */
		    16 Query	ALTER TABLE `t7` ADD PRIMARY KEY (`pk`) /* QNO 1193 CON_ID 16 */
		    21 Query	TRUNCATE TABLE performance_schema.events_waits_current /* QNO 1532 CON_ID 21 */
		    16 Query	ALTER TABLE `view_t1` ADD KEY ( m ) /* QNO 1194 CON_ID 16 */
		    21 Query	SELECT * from t10 FOR system_time ALL /* QNO 1533 CON_ID 21 */
		    21 Query	UPDATE performance_schema.setup_instruments SET ENABLED = 'YES' WHERE NAME LIKE '%myisam%' /* QNO 1534 CON_ID 21 */
		    21 Query	CREATE OR REPLACE VIEW transforms.view_4888_probe AS UPDATE performance_schema.setup_instruments SET ENABLED = 'YES' WHERE NAME LIKE '%myisam%' /* QNO 1534 CON_ID 21 */  /* QNO 1535 CON_ID 21 */
		    21 Query	UPDATE performance_schema.setup_instruments SET ENABLED = 'NO' ORDER BY RAND() LIMIT 7 /* QNO 1536 CON_ID 21 */
		    21 Query	CREATE OR REPLACE VIEW transforms.view_4888_probe AS UPDATE performance_schema.setup_instruments SET ENABLED = 'NO' ORDER BY RAND() LIMIT 7 /* QNO 1536 CON_ID 21 */  /* QNO 1537 CON_ID 21 */
		    21 Query	SELECT * from `t6` WHERE row_end < @trx /* QNO 1538 CON_ID 21 */
		    17 Query	/* GenTest::Transform::ExecuteAsIntersect */ ( SELECT PREVIOUS VALUE FOR seq6 /* QNO 1432 CON_ID 17 */  ) INTERSECT ( SELECT PREVIOUS VALUE FOR seq6 /* QNO 1432 CON_ID 17 */  ) /* TRANSFORM_OUTCOME_DISTINCT */ /* QNO 1452 CON_ID 17 */
		    21 Query	UPDATE performance_schema.setup_instruments SET ENABLED = 'NO' ORDER BY RAND() LIMIT 4 /* QNO 1539 CON_ID 21 */
		    17 Query	( SELECT PREVIOUS VALUE FOR seq6 /* QNO 1432 CON_ID 17 */  ) INTERSECT ( SELECT PREVIOUS VALUE FOR seq6 /* QNO 1432 CON_ID 17 */  ) /* TRANSFORM_OUTCOME_EMPTY_RESULT */ /* QNO 1453 CON_ID 17 */
		    21 Query	CREATE OR REPLACE VIEW transforms.view_4888_probe AS UPDATE performance_schema.setup_instruments SET ENABLED = 'NO' ORDER BY RAND() LIMIT 4 /* QNO 1539 CON_ID 21 */  /* QNO 1540 CON_ID 21 */
		    17 Query	/* GenTest::Transform::ExecuteAsUnion */ ( SELECT PREVIOUS VALUE FOR seq6 /* QNO 1432 CON_ID 17 */  ) UNION ALL ( SELECT PREVIOUS VALUE FOR seq6 /* QNO 1432 CON_ID 17 */  LIMIT 0 ) /* TRANSFORM_OUTCOME_UNORDERED_MATCH */ /* QNO 1454 CON_ID 17 */
		    17 Query	( SELECT PREVIOUS VALUE FOR seq6 /* QNO 1432 CON_ID 17 */  LIMIT 0 ) UNION ALL ( SELECT PREVIOUS VALUE FOR seq6 /* QNO 1432 CON_ID 17 */  ) /* TRANSFORM_OUTCOME_UNORDERED_MATCH */ /* QNO 1455 CON_ID 17 */
		    17 Query	( SELECT PREVIOUS VALUE FOR seq6 /* QNO 1432 CON_ID 17 */  ) UNION DISTINCT ( SELECT PREVIOUS VALUE FOR seq6 /* QNO 1432 CON_ID 17 */  ) /* TRANSFORM_OUTCOME_DISTINCT */ /* QNO 1456 CON_ID 17 */
		    17 Query	( SELECT PREVIOUS VALUE FOR seq6 /* QNO 1432 CON_ID 17 */  ) UNION ALL ( SELECT PREVIOUS VALUE FOR seq6 /* QNO 1432 CON_ID 17 */  ) /* TRANSFORM_OUTCOME_SUPERSET */ /* QNO 1457 CON_ID 17 */
		    17 Query	CREATE OR REPLACE VIEW transforms.view_3980_probe AS SELECT PREVIOUS VALUE FOR seq6 /* QNO 1432 CON_ID 17 */  /* QNO 1458 CON_ID 17 */
		    21 Query	SELECT * FROM performance_schema.`socket_summary_by_event_name` AS table1 WHERE ( table1.`MAX_TIMER_WAIT` LIKE 'wait/synch/mutex/%' OR table1.`SUM_TIMER_WAIT` IN ( 5, 5, 5 )) LIMIT 202 /* QNO 1541 CON_ID 21 */
		    21 Query	/* GenTest::Transform::ExecuteAsCTE */  WITH cte1 AS ( SELECT * FROM performance_schema.`socket_summary_by_event_name` AS table1 WHERE( table1.`MAX_TIMER_WAIT` LIKE 'wait/synch/mutex/%' OR table1.`SUM_TIMER_WAIT` IN( 5, 5, 5)) LIMIT 202 /* QNO 1541 CON_ID 21 */ ) SELECT * FROM cte1  /* TRANSFORM_OUTCOME_UNORDERED_MATCH */ /* QNO 1542 CON_ID 21 */
		    21 Query	/* GenTest::Transform::ExecuteAsExcept */ (  SELECT * FROM performance_schema.`socket_summary_by_event_name` AS table1 WHERE ( table1.`MAX_TIMER_WAIT` LIKE 'wait/synch/mutex/%' OR table1.`SUM_TIMER_WAIT` IN ( 5, 5, 5 )) LIMIT 202 /* QNO 1541 CON_ID 21 */  ) EXCEPT (  SELECT * FROM performance_schema.`socket_summary_by_event_name` AS table1 WHERE ( table1.`MAX_TIMER_WAIT` LIKE 'wait/synch/mutex/%' OR table1.`SUM_TIMER_WAIT` IN ( 5, 5, 5 )) LIMIT 0 /* QNO 1541 CON_ID 21 */  ) /* TRANSFORM_OUTCOME_DISTINCT */ /* QNO 1543 CON_ID 21 */
		    21 Query	(  SELECT * FROM performance_schema.`socket_summary_by_event_name` AS table1 WHERE ( table1.`MAX_TIMER_WAIT` LIKE 'wait/synch/mutex/%' OR table1.`SUM_TIMER_WAIT` IN ( 5, 5, 5 )) LIMIT 202 /* QNO 1541 CON_ID 21 */  ) EXCEPT (  SELECT * FROM performance_schema.`socket_summary_by_event_name` AS table1 WHERE ( table1.`MAX_TIMER_WAIT` LIKE 'wait/synch/mutex/%' OR table1.`SUM_TIMER_WAIT` IN ( 5, 5, 5 )) LIMIT 202 /* QNO 1541 CON_ID 21 */  ) /* TRANSFORM_OUTCOME_EMPTY_RESULT */ /* QNO 1544 CON_ID 21 */
		    21 Query	/* GenTest::Transform::ExecuteAsExecuteImmediate */ EXECUTE IMMEDIATE ' SELECT * FROM performance_schema.`socket_summary_by_event_name` AS table1 WHERE ( table1.`MAX_TIMER_WAIT` LIKE \'wait/synch/mutex/%\' OR table1.`SUM_TIMER_WAIT` IN ( 5, 5, 5 )) LIMIT 202 /* QNO 1541 CON_ID 21 */ ' /* TRANSFORM_OUTCOME_UNORDERED_MATCH */ /* QNO 1545 CON_ID 21 */
		    21 Prepare	SELECT * FROM performance_schema.`socket_summary_by_event_name` AS table1 WHERE ( table1.`MAX_TIMER_WAIT` LIKE 'wait/synch/mutex/%' OR table1.`SUM_TIMER_WAIT` IN ( 5, 5, 5 )) LIMIT 202 /* QNO 1541 CON_ID 21 */
		    21 Execute	SELECT * FROM performance_schema.`socket_summary_by_event_name` AS table1 WHERE ( table1.`MAX_TIMER_WAIT` LIKE 'wait/synch/mutex/%' OR table1.`SUM_TIMER_WAIT` IN ( 5, 5, 5 )) LIMIT 202 /* QNO 1541 CON_ID 21 */
		    21 Query	/* GenTest::Transform::ExecuteAsInsertSelect */ CREATE DATABASE IF NOT EXISTS transforms /* QNO 1546 CON_ID 21 */
		    21 Query	/* GenTest::Transform::ExecuteAsIntersect */ (  SELECT * FROM performance_schema.`socket_summary_by_event_name` AS table1 WHERE ( table1.`MAX_TIMER_WAIT` LIKE 'wait/synch/mutex/%' OR table1.`SUM_TIMER_WAIT` IN ( 5, 5, 5 )) LIMIT 202 /* QNO 1541 CON_ID 21 */  ) INTERSECT (  SELECT * FROM performance_schema.`socket_summary_by_event_name` AS table1 WHERE ( table1.`MAX_TIMER_WAIT` LIKE 'wait/synch/mutex/%' OR table1.`SUM_TIMER_WAIT` IN ( 5, 5, 5 )) LIMIT 202 /* QNO 1541 CON_ID 21 */  ) /* TRANSFORM_OUTCOME_DISTINCT */ /* QNO 1547 CON_ID 21 */
		    21 Query	(  SELECT * FROM performance_schema.`socket_summary_by_event_name` AS table1 WHERE ( table1.`MAX_TIMER_WAIT` LIKE 'wait/synch/mutex/%' OR table1.`SUM_TIMER_WAIT` IN ( 5, 5, 5 )) LIMIT 202 /* QNO 1541 CON_ID 21 */  ) INTERSECT (  SELECT * FROM performance_schema.`socket_summary_by_event_name` AS table1 WHERE ( table1.`MAX_TIMER_WAIT` LIKE 'wait/synch/mutex/%' OR table1.`SUM_TIMER_WAIT` IN ( 5, 5, 5 )) LIMIT 0 /* QNO 1541 CON_ID 21 */  ) /* TRANSFORM_OUTCOME_EMPTY_RESULT */ /* QNO 1548 CON_ID 21 */
		    21 Query	/* GenTest::Transform::ExecuteAsUnion */ (  SELECT * FROM performance_schema.`socket_summary_by_event_name` AS table1 WHERE ( table1.`MAX_TIMER_WAIT` LIKE 'wait/synch/mutex/%' OR table1.`SUM_TIMER_WAIT` IN ( 5, 5, 5 )) LIMIT 202 /* QNO 1541 CON_ID 21 */  ) UNION ALL (  SELECT * FROM performance_schema.`socket_summary_by_event_name` AS table1 WHERE ( table1.`MAX_TIMER_WAIT` LIKE 'wait/synch/mutex/%' OR table1.`SUM_TIMER_WAIT` IN ( 5, 5, 5 )) LIMIT 0 /* QNO 1541 CON_ID 21 */  ) /* TRANSFORM_OUTCOME_UNORDERED_MATCH */ /* QNO 1549 CON_ID 21 */
		    21 Query	(  SELECT * FROM performance_schema.`socket_summary_by_event_name` AS table1 WHERE ( table1.`MAX_TIMER_WAIT` LIKE 'wait/synch/mutex/%' OR table1.`SUM_TIMER_WAIT` IN ( 5, 5, 5 )) LIMIT 0 /* QNO 1541 CON_ID 21 */  ) UNION ALL (  SELECT * FROM performance_schema.`socket_summary_by_event_name` AS table1 WHERE ( table1.`MAX_TIMER_WAIT` LIKE 'wait/synch/mutex/%' OR table1.`SUM_TIMER_WAIT` IN ( 5, 5, 5 )) LIMIT 202 /* QNO 1541 CON_ID 21 */  ) /* TRANSFORM_OUTCOME_UNORDERED_MATCH */ /* QNO 1550 CON_ID 21 */
		    21 Query	(  SELECT * FROM performance_schema.`socket_summary_by_event_name` AS table1 WHERE ( table1.`MAX_TIMER_WAIT` LIKE 'wait/synch/mutex/%' OR table1.`SUM_TIMER_WAIT` IN ( 5, 5, 5 )) LIMIT 202 /* QNO 1541 CON_ID 21 */  ) UNION DISTINCT (  SELECT * FROM performance_schema.`socket_summary_by_event_name` AS table1 WHERE ( table1.`MAX_TIMER_WAIT` LIKE 'wait/synch/mutex/%' OR table1.`SUM_TIMER_WAIT` IN ( 5, 5, 5 )) LIMIT 202 /* QNO 1541 CON_ID 21 */  ) /* TRANSFORM_OUTCOME_DISTINCT */ /* QNO 1551 CON_ID 21 */
		    21 Query	(  SELECT * FROM performance_schema.`socket_summary_by_event_name` AS table1 WHERE ( table1.`MAX_TIMER_WAIT` LIKE 'wait/synch/mutex/%' OR table1.`SUM_TIMER_WAIT` IN ( 5, 5, 5 )) LIMIT 202 /* QNO 1541 CON_ID 21 */  ) UNION ALL (  SELECT * FROM performance_schema.`socket_summary_by_event_name` AS table1 WHERE ( table1.`MAX_TIMER_WAIT` LIKE 'wait/synch/mutex/%' OR table1.`SUM_TIMER_WAIT` IN ( 5, 5, 5 )) LIMIT 202 /* QNO 1541 CON_ID 21 */  ) /* TRANSFORM_OUTCOME_SUPERSET */ /* QNO 1552 CON_ID 21 */
		    21 Query	CREATE OR REPLACE VIEW transforms.view_4888_probe AS  SELECT * FROM performance_schema.`socket_summary_by_event_name` AS table1 WHERE ( table1.`MAX_TIMER_WAIT` LIKE 'wait/synch/mutex/%' OR table1.`SUM_TIMER_WAIT` IN ( 5, 5, 5 )) LIMIT 202 /* QNO 1541 CON_ID 21 */  /* QNO 1553 CON_ID 21 */
		    21 Query	/* GenTest::Transform::ExecuteAsPreparedTwice */ PREPARE prep_stmt_4888 FROM ' SELECT * FROM performance_schema.`socket_summary_by_event_name` AS table1 WHERE ( table1.`MAX_TIMER_WAIT` LIKE \'wait/synch/mutex/%\' OR table1.`SUM_TIMER_WAIT` IN ( 5, 5, 5 )) LIMIT 202 /* QNO 1541 CON_ID 21 */ ' /* QNO 1554 CON_ID 21 */
		    21 Prepare	SELECT * FROM performance_schema.`socket_summary_by_event_name` AS table1 WHERE ( table1.`MAX_TIMER_WAIT` LIKE 'wait/synch/mutex/%' OR table1.`SUM_TIMER_WAIT` IN ( 5, 5, 5 )) LIMIT 202 /* QNO 1541 CON_ID 21 */
		    21 Query	EXECUTE prep_stmt_4888 /* TRANSFORM_OUTCOME_UNORDERED_MATCH */ /* QNO 1555 CON_ID 21 */
		    21 Execute	SELECT * FROM performance_schema.`socket_summary_by_event_name` AS table1 WHERE ( table1.`MAX_TIMER_WAIT` LIKE 'wait/synch/mutex/%' OR table1.`SUM_TIMER_WAIT` IN ( 5, 5, 5 )) LIMIT 202 /* QNO 1541 CON_ID 21 */
		    21 Query	EXECUTE prep_stmt_4888 /* TRANSFORM_OUTCOME_UNORDERED_MATCH */ /* QNO 1556 CON_ID 21 */
		    21 Execute	SELECT * FROM performance_schema.`socket_summary_by_event_name` AS table1 WHERE ( table1.`MAX_TIMER_WAIT` LIKE 'wait/synch/mutex/%' OR table1.`SUM_TIMER_WAIT` IN ( 5, 5, 5 )) LIMIT 202 /* QNO 1541 CON_ID 21 */
		    21 Query	DEALLOCATE PREPARE prep_stmt_4888 /* QNO 1557 CON_ID 21 */
		    21 Query	/* GenTest::Transform::ExecuteAsSPTwice */ DROP PROCEDURE IF EXISTS stored_proc_4888 /* QNO 1558 CON_ID 21 */
		    21 Query	SELECT * FROM `events_stages_summary_by_thread_by_event_name` INTO OUTFILE 'load_events_stages_summary_by_thread_by_event_name'  /* QNO 1559 CON_ID 21 */
		    21 Query	LOAD DATA INFILE 'load_events_stages_summary_by_thread_by_event_name' REPLACE INTO TABLE events_stages_summary_by_thread_by_event_name /* QNO 1560 CON_ID 21 */
		    21 Query	UNLOCK TABLES /* QNO 1561 CON_ID 21 */
		    21 Query	CREATE OR REPLACE VIEW transforms.view_4888_probe AS UNLOCK TABLES /* QNO 1561 CON_ID 21 */  /* QNO 1562 CON_ID 21 */
		    21 Query	INSERT INTO seq8 VALUES (52, 0, -4512888301601947648, 22253, 8, 140, 1, 0) /* QNO 1563 CON_ID 21 */
		    21 Query	SHOW ENGINE PERFORMANCE_SCHEMA STATUS /* QNO 1564 CON_ID 21 */
		    21 Query	CREATE OR REPLACE VIEW transforms.view_4888_probe AS SHOW ENGINE PERFORMANCE_SCHEMA STATUS /* QNO 1564 CON_ID 21 */  /* QNO 1565 CON_ID 21 */
		    21 Query	XA RECOVER /* QNO 1566 CON_ID 21 */
		    16 Query	GRANT SELECT ( `vcol_dec`, `col_datetime` ), UPDATE ( `vcol_int`, `vcol_blob` ), UPDATE ( `vcol_year`, `vcol_date`, `vcol_varchar` ) ON `view_t5` TO 'someuser'@'somehost' /* QNO 1195 CON_ID 16 */
		    21 Query	CREATE OR REPLACE VIEW transforms.view_4888_probe AS XA RECOVER /* QNO 1566 CON_ID 21 */  /* QNO 1567 CON_ID 21 */
190114 12:06:45	    16 Query	DROP TABLE b /* QNO 1196 CON_ID 16 */
		    21 Query	SELECT * from t2 FOR system_time ALL /* QNO 1568 CON_ID 21 */
		    21 Query	UNLOCK TABLES /* QNO 1569 CON_ID 21 */
		    21 Query	CREATE OR REPLACE VIEW transforms.view_4888_probe AS UNLOCK TABLES /* QNO 1569 CON_ID 21 */  /* QNO 1570 CON_ID 21 */
		    21 Query	XA PREPARE 'xid77'  /* QNO 1571 CON_ID 21 */
		    21 Query	INSERT INTO `events_waits_summary_by_user_by_event_name` ( `pk` ) VALUES (NULL) /* QNO 1572 CON_ID 21 */
		    21 Query	SELECT * FROM performance_schema.`accounts` AS table1 WHERE ( ( ( table1.`CURRENT_CONNECTIONS` LIKE '%sql%' AND table1.`CURRENT_CONNECTIONS` <= table1.`HOST`) OR table1.`USER` IN ( 2, 6, 0 )) OR table1.`HOST` >= table1.`TOTAL_CONNECTIONS`) ORDER BY table1.`HOST`, table1.`USER`, table1.`TOTAL_CONNECTIONS` LIMIT 56 /* QNO 1573 CON_ID 21 */
		    21 Query	SHOW WARNINGS
		    16 Query	GRANT ALL PRIVILEGES ON q.* TO 'someuser'@'somehost' /* QNO 1197 CON_ID 16 */
		    21 Query	TRUNCATE TABLE performance_schema.events_waits_history /* QNO 1574 CON_ID 21 */
		    20 Query	CREATE TABLE transforms.delete_returning_1000  SELECT * FROM INFORMATION_SCHEMA.`INNODB_FT_DEFAULT_STOPWORD` AS table1 ORDER BY table1.`value`, table1.`value` LIMIT 79 /* QNO 2054 CON_ID 20 */  /* QNO 2058 CON_ID 20 */
		    18 Query	SHOW WARNINGS
		    21 Query	TRUNCATE TABLE performance_schema.file_summary_by_event_name /* QNO 1575 CON_ID 21 */
		    18 Query	DROP VIEW IF EXISTS transforms.view_4904_merge , transforms.view_4904_temptable /* QNO 932 CON_ID 18 */
		    21 Query	SHOW ENGINE PERFORMANCE_SCHEMA STATUS /* QNO 1576 CON_ID 21 */
		    21 Query	CREATE OR REPLACE VIEW transforms.view_4888_probe AS SHOW ENGINE PERFORMANCE_SCHEMA STATUS /* QNO 1576 CON_ID 21 */  /* QNO 1577 CON_ID 21 */
		    21 Query	SELECT * FROM performance_schema.`events_statements_history_long` AS table1 ORDER BY table1.`DIGEST`, table1.`CREATED_TMP_DISK_TABLES`, table1.`SORT_MERGE_PASSES`, table1.`DIGEST` LIMIT 151 /* QNO 1578 CON_ID 21 */
		    21 Query	/* GenTest::Transform::ExecuteAsCTE */  WITH cte1 AS ( SELECT * FROM performance_schema.`events_statements_history_long` AS table1 ORDER BY table1.`DIGEST`, table1.`CREATED_TMP_DISK_TABLES`, table1.`SORT_MERGE_PASSES`, table1.`DIGEST` LIMIT 151 /* QNO 1578 CON_ID 21 */ ) SELECT * FROM cte1  /* TRANSFORM_OUTCOME_UNORDERED_MATCH */ /* QNO 1579 CON_ID 21 */
		    16 Query	CREATE OR REPLACE VIEW transforms.view_900_probe AS GRANT ALL PRIVILEGES ON q.* TO 'someuser'@'somehost' /* QNO 1197 CON_ID 16 */  /* QNO 1198 CON_ID 16 */
		    18 Query	SHOW WARNINGS
		    21 Query	/* GenTest::Transform::ExecuteAsExcept */ (  SELECT * FROM performance_schema.`events_statements_history_long` AS table1 ORDER BY table1.`DIGEST`, table1.`CREATED_TMP_DISK_TABLES`, table1.`SORT_MERGE_PASSES`, table1.`DIGEST` LIMIT 151 /* QNO 1578 CON_ID 21 */  ) EXCEPT (  SELECT * FROM performance_schema.`events_statements_history_long` AS table1 ORDER BY table1.`DIGEST`, table1.`CREATED_TMP_DISK_TABLES`, table1.`SORT_MERGE_PASSES`, table1.`DIGEST` LIMIT 0 /* QNO 1578 CON_ID 21 */  ) /* TRANSFORM_OUTCOME_DISTINCT */ /* QNO 1580 CON_ID 21 */
		    18 Query	CREATE OR REPLACE ALGORITHM=MERGE VIEW transforms.view_4904_merge AS  SELECT * FROM mysql.`func` AS table1 WHERE table1.`name` < table1.`dl` ORDER BY table1.`ret` LIMIT 28 /* QNO 903 CON_ID 18 */  /* QNO 933 CON_ID 18 */
		    16 Query	DROP FUNCTION IF EXISTS x /* QNO 1199 CON_ID 16 */
		    16 Query	SHOW WARNINGS
		    16 Query	ALTER TABLE `t6` ADD PRIMARY KEY (`pk`) /* QNO 1200 CON_ID 16 */
		    16 Query	REVOKE PROCESS ON *.* FROM 'someuser'@'somehost' /* QNO 1201 CON_ID 16 */
		    16 Query	CREATE OR REPLACE VIEW transforms.view_900_probe AS REVOKE PROCESS ON *.* FROM 'someuser'@'somehost' /* QNO 1201 CON_ID 16 */  /* QNO 1202 CON_ID 16 */
		    18 Query	SHOW WARNINGS
		    17 Query	DROP VIEW transforms.view_3980_probe /* QNO 1459 CON_ID 17 */
		    18 Query	SELECT * FROM transforms.view_4904_merge /* TRANSFORM_OUTCOME_UNORDERED_MATCH */ /* QNO 934 CON_ID 18 */
		    16 Query	DROP VIEW IF EXISTS f /* QNO 1203 CON_ID 16 */
		    16 Query	SHOW WARNINGS
		    18 Query	CREATE OR REPLACE ALGORITHM=TEMPTABLE VIEW transforms.view_4904_temptable AS  SELECT * FROM mysql.`func` AS table1 WHERE table1.`name` < table1.`dl` ORDER BY table1.`ret` LIMIT 28 /* QNO 903 CON_ID 18 */  /* QNO 935 CON_ID 18 */
		    16 Query	DROP DATABASE IF EXISTS p /* QNO 1204 CON_ID 16 */
		    21 Query	(  SELECT * FROM performance_schema.`events_statements_history_long` AS table1 ORDER BY table1.`DIGEST`, table1.`CREATED_TMP_DISK_TABLES`, table1.`SORT_MERGE_PASSES`, table1.`DIGEST` LIMIT 151 /* QNO 1578 CON_ID 21 */  ) EXCEPT (  SELECT * FROM performance_schema.`events_statements_history_long` AS table1 ORDER BY table1.`DIGEST`, table1.`CREATED_TMP_DISK_TABLES`, table1.`SORT_MERGE_PASSES`, table1.`DIGEST` LIMIT 151 /* QNO 1578 CON_ID 21 */  ) /* TRANSFORM_OUTCOME_EMPTY_RESULT */ /* QNO 1581 CON_ID 21 */
		    18 Query	SELECT * FROM transforms.view_4904_temptable /* TRANSFORM_OUTCOME_UNORDERED_MATCH */ /* QNO 936 CON_ID 18 */
		    17 Query	/* GenTest::Transform::ExecuteAsView */ CREATE DATABASE IF NOT EXISTS transforms /* QNO 1460 CON_ID 17 */
		    21 Query	/* GenTest::Transform::ExecuteAsExecuteImmediate */ EXECUTE IMMEDIATE ' SELECT * FROM performance_schema.`events_statements_history_long` AS table1 ORDER BY table1.`DIGEST`, table1.`CREATED_TMP_DISK_TABLES`, table1.`SORT_MERGE_PASSES`, table1.`DIGEST` LIMIT 151 /* QNO 1578 CON_ID 21 */ ' /* TRANSFORM_OUTCOME_UNORDERED_MATCH */ /* QNO 1582 CON_ID 21 */
		    18 Query	DROP VIEW transforms.view_4904_merge , transforms.view_4904_temptable /* QNO 937 CON_ID 18 */
		    21 Prepare	SELECT * FROM performance_schema.`events_statements_history_long` AS table1 ORDER BY table1.`DIGEST`, table1.`CREATED_TMP_DISK_TABLES`, table1.`SORT_MERGE_PASSES`, table1.`DIGEST` LIMIT 151 /* QNO 1578 CON_ID 21 */
		    21 Execute	SELECT * FROM performance_schema.`events_statements_history_long` AS table1 ORDER BY table1.`DIGEST`, table1.`CREATED_TMP_DISK_TABLES`, table1.`SORT_MERGE_PASSES`, table1.`DIGEST` LIMIT 151 /* QNO 1578 CON_ID 21 */
		    21 Query	/* GenTest::Transform::ExecuteAsInsertSelect */ CREATE DATABASE IF NOT EXISTS transforms /* QNO 1583 CON_ID 21 */
		    21 Query	/* GenTest::Transform::ExecuteAsIntersect */ (  SELECT * FROM performance_schema.`events_statements_history_long` AS table1 ORDER BY table1.`DIGEST`, table1.`CREATED_TMP_DISK_TABLES`, table1.`SORT_MERGE_PASSES`, table1.`DIGEST` LIMIT 151 /* QNO 1578 CON_ID 21 */  ) INTERSECT (  SELECT * FROM performance_schema.`events_statements_history_long` AS table1 ORDER BY table1.`DIGEST`, table1.`CREATED_TMP_DISK_TABLES`, table1.`SORT_MERGE_PASSES`, table1.`DIGEST` LIMIT 151 /* QNO 1578 CON_ID 21 */  ) /* TRANSFORM_OUTCOME_DISTINCT */ /* QNO 1584 CON_ID 21 */
		    21 Query	(  SELECT * FROM performance_schema.`events_statements_history_long` AS table1 ORDER BY table1.`DIGEST`, table1.`CREATED_TMP_DISK_TABLES`, table1.`SORT_MERGE_PASSES`, table1.`DIGEST` LIMIT 151 /* QNO 1578 CON_ID 21 */  ) INTERSECT (  SELECT * FROM performance_schema.`events_statements_history_long` AS table1 ORDER BY table1.`DIGEST`, table1.`CREATED_TMP_DISK_TABLES`, table1.`SORT_MERGE_PASSES`, table1.`DIGEST` LIMIT 0 /* QNO 1578 CON_ID 21 */  ) /* TRANSFORM_OUTCOME_EMPTY_RESULT */ /* QNO 1585 CON_ID 21 */
		    20 Query	DELETE FROM transforms.delete_returning_1000 RETURNING `value` /* TRANSFORM_OUTCOME_UNORDERED_MATCH */ /* QNO 2059 CON_ID 20 */
		    20 Query	/* GenTest::Transform::ExecuteAsExcept */ (  SELECT * FROM INFORMATION_SCHEMA.`INNODB_FT_DEFAULT_STOPWORD` AS table1 ORDER BY table1.`value`, table1.`value` LIMIT 79 /* QNO 2054 CON_ID 20 */  ) EXCEPT (  SELECT * FROM INFORMATION_SCHEMA.`INNODB_FT_DEFAULT_STOPWORD` AS table1 ORDER BY table1.`value`, table1.`value` LIMIT 0 /* QNO 2054 CON_ID 20 */  ) /* TRANSFORM_OUTCOME_DISTINCT */ /* QNO 2060 CON_ID 20 */
		    20 Query	(  SELECT * FROM INFORMATION_SCHEMA.`INNODB_FT_DEFAULT_STOPWORD` AS table1 ORDER BY table1.`value`, table1.`value` LIMIT 79 /* QNO 2054 CON_ID 20 */  ) EXCEPT (  SELECT * FROM INFORMATION_SCHEMA.`INNODB_FT_DEFAULT_STOPWORD` AS table1 ORDER BY table1.`value`, table1.`value` LIMIT 79 /* QNO 2054 CON_ID 20 */  ) /* TRANSFORM_OUTCOME_EMPTY_RESULT */ /* QNO 2061 CON_ID 20 */
		    20 Query	/* GenTest::Transform::ExecuteAsExecuteImmediate */ EXECUTE IMMEDIATE ' SELECT * FROM INFORMATION_SCHEMA.`INNODB_FT_DEFAULT_STOPWORD` AS table1 ORDER BY table1.`value`, table1.`value` LIMIT 79 /* QNO 2054 CON_ID 20 */ ' /* TRANSFORM_OUTCOME_UNORDERED_MATCH */ /* QNO 2062 CON_ID 20 */
		    20 Prepare	SELECT * FROM INFORMATION_SCHEMA.`INNODB_FT_DEFAULT_STOPWORD` AS table1 ORDER BY table1.`value`, table1.`value` LIMIT 79 /* QNO 2054 CON_ID 20 */
		    20 Execute	SELECT * FROM INFORMATION_SCHEMA.`INNODB_FT_DEFAULT_STOPWORD` AS table1 ORDER BY table1.`value`, table1.`value` LIMIT 79 /* QNO 2054 CON_ID 20 */
		    20 Query	/* GenTest::Transform::ExecuteAsInsertSelect */ CREATE DATABASE IF NOT EXISTS transforms /* QNO 2063 CON_ID 20 */
