		    21 Query	CREATE OR REPLACE VIEW transforms.view_4888_probe AS SHOW ENGINE PERFORMANCE_SCHEMA STATUS /* QNO 971 CON_ID 21 */  /* QNO 972 CON_ID 21 */
		    18 Query	CREATE OR REPLACE VIEW transforms.view_4904_probe AS  SELECT * FROM INFORMATION_SCHEMA.`INNODB_SYS_TABLESTATS` AS table1 WHERE (NOT table1.`TABLE_ID` < table1.`NUM_ROWS` OR table1.`CLUST_INDEX_SIZE` = 6) ORDER BY table1.`CLUST_INDEX_SIZE` LIMIT 170 /* QNO 836 CON_ID 18 */  /* QNO 858 CON_ID 18 */
		    21 Query	XA START 'xid175'  /* QNO 973 CON_ID 21 */
		    21 Query	SELECT * FROM test.`t8` AS table1 WHERE NOT ( table1.`vcol_timestamp` LIKE '%mysys%' AND table1.`col_bit` LIKE 'wait/synch/mutex/%') HAVING NOT table1.`vcol_bit` != '2018-04-19 16:40:15.052219' ORDER BY table1.`vcol_dec` LIMIT 116 /* QNO 974 CON_ID 21 */
		    16 Query	ALTER TABLE `t5` REMOVE PARTITIONING /* QNO 1045 CON_ID 16 */
		    20 Query	/* GenTest::Transform::ExecuteAsCTE */  WITH cte1 AS ( SELECT * FROM mysql.transaction_registry /* QNO 1990 CON_ID 20 */ ) SELECT * FROM cte1  /* TRANSFORM_OUTCOME_UNORDERED_MATCH */ /* QNO 1991 CON_ID 20 */
		    21 Query	UPDATE performance_schema.setup_timers SET timer_name = 'NANOSECOND' /* QNO 975 CON_ID 21 */
		    20 Query	/* GenTest::Transform::ExecuteAsDeleteReturning */ CREATE DATABASE IF NOT EXISTS transforms /* QNO 1992 CON_ID 20 */
		    16 Query	ALTER TABLE `t8` ADD KEY ( h ) /* QNO 1046 CON_ID 16 */
		    21 Query	CREATE OR REPLACE VIEW transforms.view_4888_probe AS UPDATE performance_schema.setup_timers SET timer_name = 'NANOSECOND' /* QNO 975 CON_ID 21 */  /* QNO 976 CON_ID 21 */
		    16 Query	CREATE EVENT j ON SCHEDULE AT NOW() DO SET @a=@a /* QNO 1047 CON_ID 16 */
		    16 Query	ALTER TABLE `t6` PARTITION BY KEY() PARTITIONS 6 /* QNO 1048 CON_ID 16 */
		    16 Query	ALTER TABLE `view_t9` ADD KEY ( l ) /* QNO 1049 CON_ID 16 */
		    22 Query	UPDATE performance_schema.setup_timers SET timer_name = 'MILLISECOND' /* QNO 927 CON_ID 22 */
		    16 Query	DROP TABLE l /* QNO 1050 CON_ID 16 */
		    22 Query	CREATE OR REPLACE VIEW transforms.view_4708_probe AS UPDATE performance_schema.setup_timers SET timer_name = 'MILLISECOND' /* QNO 927 CON_ID 22 */  /* QNO 928 CON_ID 22 */
		    22 Query	UPDATE `table_io_waits_summary_by_index_usage` SET `SUM_TIMER_DELETE` = '1981-08-10 17:39:05.053071' WHERE `MAX_TIMER_WRITE` < 'js' /* QNO 929 CON_ID 22 */
		    18 Query	DROP VIEW transforms.view_4904_probe /* QNO 859 CON_ID 18 */
		    22 Query	ALTER TABLE `events_statements_summary_by_user_by_event_name` ADD CONSTRAINT m FOREIGN KEY u (ncol2) REFERENCES t9 (tscol8) ON DELETE CASCADE ON UPDATE CASCADE /* QNO 930 CON_ID 22 */
		    22 Query	XA START 'xid29'  /* QNO 931 CON_ID 22 */
		    17 Query	SHOW WARNINGS
		    22 Query	CREATE OR REPLACE VIEW transforms.view_4708_probe AS XA START 'xid29'  /* QNO 931 CON_ID 22 */  /* QNO 932 CON_ID 22 */
		    20 Query	SHOW WARNINGS
		    20 Query	DROP TABLE IF EXISTS transforms.delete_returning_1000 /* QNO 1993 CON_ID 20 */
		    22 Query	UPDATE performance_schema.setup_timers SET timer_name = 'MILLISECOND' /* QNO 933 CON_ID 22 */
		    22 Query	CREATE OR REPLACE VIEW transforms.view_4708_probe AS UPDATE performance_schema.setup_timers SET timer_name = 'MILLISECOND' /* QNO 933 CON_ID 22 */  /* QNO 934 CON_ID 22 */
		    22 Query	TRUNCATE TABLE performance_schema.events_waits_summary_by_thread_by_event_name /* QNO 935 CON_ID 22 */
		    22 Query	SELECT * FROM `mutex_instances` INTO OUTFILE 'load_mutex_instances'  /* QNO 936 CON_ID 22 */
		    22 Query	LOAD DATA INFILE 'load_mutex_instances' IGNORE INTO TABLE mutex_instances /* QNO 937 CON_ID 22 */
		    22 Query	UPDATE `events_waits_summary_by_thread_by_event_name` SET `MAX_TIMER_WAIT` = 'sj' WHERE `AVG_TIMER_WAIT` > 'j' /* QNO 938 CON_ID 22 */
		    22 Query	UPDATE performance_schema.setup_consumers SET enabled = 'YES' WHERE name IN ( 'events_waits_history_long' ) /* QNO 939 CON_ID 22 */
		    22 Query	CREATE OR REPLACE VIEW transforms.view_4708_probe AS UPDATE performance_schema.setup_consumers SET enabled = 'YES' WHERE name IN ( 'events_waits_history_long' ) /* QNO 939 CON_ID 22 */  /* QNO 940 CON_ID 22 */
		    22 Query	UPDATE performance_schema.setup_instruments SET ENABLED = 'YES' ORDER BY RAND() LIMIT 3 /* QNO 941 CON_ID 22 */
		    22 Query	CREATE OR REPLACE VIEW transforms.view_4708_probe AS UPDATE performance_schema.setup_instruments SET ENABLED = 'YES' ORDER BY RAND() LIMIT 3 /* QNO 941 CON_ID 22 */  /* QNO 942 CON_ID 22 */
		    22 Query	ALTER IGNORE TABLE t1 FORCE, LOCK=EXCLUSIVE, ADD CONSTRAINT v CHECK (tcol8 > 2) /* QNO 943 CON_ID 22 */
		    22 Query	SET STATEMENT system_versioning_alter_history=KEEP FOR ALTER TABLE t4 ADD PERIOD FOR SYSTEM_TIME(`vers_start`, `vers_start`), ADD KEY(bcol1)  /* QNO 944 CON_ID 22 */
		    22 Query	SELECT * FROM `file_summary_by_instance` INTO OUTFILE 'load_file_summary_by_instance'  /* QNO 945 CON_ID 22 */
		    22 Query	LOAD DATA INFILE 'load_file_summary_by_instance' REPLACE INTO TABLE file_summary_by_instance /* QNO 946 CON_ID 22 */
		    22 Query	TRUNCATE TABLE performance_schema.events_waits_summary_by_thread_by_event_name /* QNO 947 CON_ID 22 */
		    22 Query	UPDATE performance_schema.setup_consumers SET enabled = 'NO' WHERE name LIKE 'events%' /* QNO 948 CON_ID 22 */
		    22 Query	CREATE OR REPLACE VIEW transforms.view_4708_probe AS UPDATE performance_schema.setup_consumers SET enabled = 'NO' WHERE name LIKE 'events%' /* QNO 948 CON_ID 22 */  /* QNO 949 CON_ID 22 */
		    22 Query	SELECT row_end FROM `events_stages_summary_by_account_by_event_name` ORDER BY RAND() LIMIT 1 INTO @trx /* QNO 950 CON_ID 22 */
		    22 Query	INSERT INTO `events_statements_summary_by_digest` SELECT * FROM `events_waits_history_long` /* QNO 951 CON_ID 22 */
		    22 Query	XA BEGIN 'xid41'  /* QNO 952 CON_ID 22 */
		    22 Query	TRUNCATE TABLE performance_schema.events_waits_current /* QNO 953 CON_ID 22 */
		    22 Query	SELECT * FROM mysql.`time_zone_transition_type` AS table1 WHERE NOT (NOT (NOT ( ( (NOT table1.`Abbreviation` = 'a' AND table1.`Transition_type_id` LIKE 'wait/synch%') OR table1.`Time_zone_id` > table1.`Transition_type_id`) AND table1.`Offset` < 5) OR table1.`Time_zone_id` LIKE 'wait/synch/cond%') AND table1.`Offset` < 'ro') HAVING table1.`Time_zone_id` > '2006-01-12 14:06:59.041337' IS NULL ORDER BY table1.`Offset` LIMIT 58 /* QNO 954 CON_ID 22 */
		    22 Query	/* GenTest::Transform::ExecuteAsCTE */  WITH cte1 AS ( SELECT * FROM mysql.`time_zone_transition_type` AS table1 WHERE NOT( NOT( NOT((( NOT table1.`Abbreviation` = 'a' AND table1.`Transition_type_id` LIKE 'wait/synch%') OR table1.`Time_zone_id` > table1.`Transition_type_id`) AND table1.`Offset` < 5) OR table1.`Time_zone_id` LIKE 'wait/synch/cond%') AND table1.`Offset` < 'ro') HAVING table1.`Time_zone_id` > '2006-01-12 14:06:59.041337' IS NULL ORDER BY table1.`Offset` LIMIT 58 /* QNO 954 CON_ID 22 */ ) SELECT * FROM cte1  /* TRANSFORM_OUTCOME_UNORDERED_MATCH */ /* QNO 955 CON_ID 22 */
		    22 Query	/* GenTest::Transform::ExecuteAsDeleteReturning */ CREATE DATABASE IF NOT EXISTS transforms /* QNO 956 CON_ID 22 */
		    22 Query	/* GenTest::Transform::ExecuteAsExcept */ (  SELECT * FROM mysql.`time_zone_transition_type` AS table1 WHERE NOT (NOT (NOT ( ( (NOT table1.`Abbreviation` = 'a' AND table1.`Transition_type_id` LIKE 'wait/synch%') OR table1.`Time_zone_id` > table1.`Transition_type_id`) AND table1.`Offset` < 5) OR table1.`Time_zone_id` LIKE 'wait/synch/cond%') AND table1.`Offset` < 'ro') HAVING table1.`Time_zone_id` > '2006-01-12 14:06:59.041337' IS NULL ORDER BY table1.`Offset` LIMIT 58 /* QNO 954 CON_ID 22 */  ) EXCEPT (  SELECT * FROM mysql.`time_zone_transition_type` AS table1 WHERE NOT (NOT (NOT ( ( (NOT table1.`Abbreviation` = 'a' AND table1.`Transition_type_id` LIKE 'wait/synch%') OR table1.`Time_zone_id` > table1.`Transition_type_id`) AND table1.`Offset` < 5) OR table1.`Time_zone_id` LIKE 'wait/synch/cond%') AND table1.`Offset` < 'ro') HAVING table1.`Time_zone_id` > '2006-01-12 14:06:59.041337' IS NULL ORDER BY table1.`Offset` LIMIT 0 /* QNO 954 CON_ID 22 */  ) /* TRANSFORM_OUTCOME_DISTINCT */ /* QNO 957 CON_ID 22 */
		    17 Query	SELECT * FROM transforms.view_3980_merge /* TRANSFORM_OUTCOME_UNORDERED_MATCH */ /* QNO 1399 CON_ID 17 */
		    18 Query	/* GenTest::Transform::ExecuteAsView */ CREATE DATABASE IF NOT EXISTS transforms /* QNO 860 CON_ID 18 */
		    22 Query	(  SELECT * FROM mysql.`time_zone_transition_type` AS table1 WHERE NOT (NOT (NOT ( ( (NOT table1.`Abbreviation` = 'a' AND table1.`Transition_type_id` LIKE 'wait/synch%') OR table1.`Time_zone_id` > table1.`Transition_type_id`) AND table1.`Offset` < 5) OR table1.`Time_zone_id` LIKE 'wait/synch/cond%') AND table1.`Offset` < 'ro') HAVING table1.`Time_zone_id` > '2006-01-12 14:06:59.041337' IS NULL ORDER BY table1.`Offset` LIMIT 58 /* QNO 954 CON_ID 22 */  ) EXCEPT (  SELECT * FROM mysql.`time_zone_transition_type` AS table1 WHERE NOT (NOT (NOT ( ( (NOT table1.`Abbreviation` = 'a' AND table1.`Transition_type_id` LIKE 'wait/synch%') OR table1.`Time_zone_id` > table1.`Transition_type_id`) AND table1.`Offset` < 5) OR table1.`Time_zone_id` LIKE 'wait/synch/cond%') AND table1.`Offset` < 'ro') HAVING table1.`Time_zone_id` > '2006-01-12 14:06:59.041337' IS NULL ORDER BY table1.`Offset` LIMIT 58 /* QNO 954 CON_ID 22 */  ) /* TRANSFORM_OUTCOME_EMPTY_RESULT */ /* QNO 958 CON_ID 22 */
		    20 Query	CREATE TABLE transforms.delete_returning_1000 SELECT * FROM mysql.transaction_registry /* QNO 1990 CON_ID 20 */  /* QNO 1994 CON_ID 20 */
		    18 Query	SHOW WARNINGS
		    18 Query	DROP VIEW IF EXISTS transforms.view_4904_merge , transforms.view_4904_temptable /* QNO 861 CON_ID 18 */
		    18 Query	SHOW WARNINGS
		    18 Query	CREATE OR REPLACE ALGORITHM=MERGE VIEW transforms.view_4904_merge AS  SELECT * FROM INFORMATION_SCHEMA.`INNODB_SYS_TABLESTATS` AS table1 WHERE (NOT table1.`TABLE_ID` < table1.`NUM_ROWS` OR table1.`CLUST_INDEX_SIZE` = 6) ORDER BY table1.`CLUST_INDEX_SIZE` LIMIT 170 /* QNO 836 CON_ID 18 */  /* QNO 862 CON_ID 18 */
		    18 Query	SHOW WARNINGS
		    18 Query	SELECT * FROM transforms.view_4904_merge /* TRANSFORM_OUTCOME_UNORDERED_MATCH */ /* QNO 863 CON_ID 18 */
		    17 Query	CREATE OR REPLACE ALGORITHM=TEMPTABLE VIEW transforms.view_3980_temptable AS  SELECT * FROM mysql.`columns_priv` AS table1 WHERE NOT (NOT table1.`Column_name` IN ( 0, 4, 0 ) OR table1.`User` = '2015-02-11 15:46:16.050731') HAVING table1.`Host` >= 2 IS NULL LIMIT 71 /* QNO 1368 CON_ID 17 */  /* QNO 1400 CON_ID 17 */
		    22 Query	/* GenTest::Transform::ExecuteAsExecuteImmediate */ EXECUTE IMMEDIATE ' SELECT * FROM mysql.`time_zone_transition_type` AS table1 WHERE NOT (NOT (NOT ( ( (NOT table1.`Abbreviation` = \'a\' AND table1.`Transition_type_id` LIKE \'wait/synch%\') OR table1.`Time_zone_id` > table1.`Transition_type_id`) AND table1.`Offset` < 5) OR table1.`Time_zone_id` LIKE \'wait/synch/cond%\') AND table1.`Offset` < \'ro\') HAVING table1.`Time_zone_id` > \'2006-01-12 14:06:59.041337\' IS NULL ORDER BY table1.`Offset` LIMIT 58 /* QNO 954 CON_ID 22 */ ' /* TRANSFORM_OUTCOME_UNORDERED_MATCH */ /* QNO 959 CON_ID 22 */
		    22 Prepare	SELECT * FROM mysql.`time_zone_transition_type` AS table1 WHERE NOT (NOT (NOT ( ( (NOT table1.`Abbreviation` = 'a' AND table1.`Transition_type_id` LIKE 'wait/synch%') OR table1.`Time_zone_id` > table1.`Transition_type_id`) AND table1.`Offset` < 5) OR table1.`Time_zone_id` LIKE 'wait/synch/cond%') AND table1.`Offset` < 'ro') HAVING table1.`Time_zone_id` > '2006-01-12 14:06:59.041337' IS NULL ORDER BY table1.`Offset` LIMIT 58 /* QNO 954 CON_ID 22 */
		    22 Execute	SELECT * FROM mysql.`time_zone_transition_type` AS table1 WHERE NOT (NOT (NOT ( ( (NOT table1.`Abbreviation` = 'a' AND table1.`Transition_type_id` LIKE 'wait/synch%') OR table1.`Time_zone_id` > table1.`Transition_type_id`) AND table1.`Offset` < 5) OR table1.`Time_zone_id` LIKE 'wait/synch/cond%') AND table1.`Offset` < 'ro') HAVING table1.`Time_zone_id` > '2006-01-12 14:06:59.041337' IS NULL ORDER BY table1.`Offset` LIMIT 58 /* QNO 954 CON_ID 22 */
		    18 Query	CREATE OR REPLACE ALGORITHM=TEMPTABLE VIEW transforms.view_4904_temptable AS  SELECT * FROM INFORMATION_SCHEMA.`INNODB_SYS_TABLESTATS` AS table1 WHERE (NOT table1.`TABLE_ID` < table1.`NUM_ROWS` OR table1.`CLUST_INDEX_SIZE` = 6) ORDER BY table1.`CLUST_INDEX_SIZE` LIMIT 170 /* QNO 836 CON_ID 18 */  /* QNO 864 CON_ID 18 */
		    17 Query	SELECT * FROM transforms.view_3980_temptable /* TRANSFORM_OUTCOME_UNORDERED_MATCH */ /* QNO 1401 CON_ID 17 */
		    17 Query	DROP VIEW transforms.view_3980_merge , transforms.view_3980_temptable /* QNO 1402 CON_ID 17 */
		    17 Query	/* GenTest::Transform::ExecuteAsPreparedTwice */ PREPARE prep_stmt_3980 FROM ' SELECT * FROM mysql.`columns_priv` AS table1 WHERE NOT (NOT table1.`Column_name` IN ( 0, 4, 0 ) OR table1.`User` = \'2015-02-11 15:46:16.050731\') HAVING table1.`Host` >= 2 IS NULL LIMIT 71 /* QNO 1368 CON_ID 17 */ ' /* QNO 1403 CON_ID 17 */
		    17 Prepare	SELECT * FROM mysql.`columns_priv` AS table1 WHERE NOT (NOT table1.`Column_name` IN ( 0, 4, 0 ) OR table1.`User` = '2015-02-11 15:46:16.050731') HAVING table1.`Host` >= 2 IS NULL LIMIT 71 /* QNO 1368 CON_ID 17 */
		    17 Query	EXECUTE prep_stmt_3980 /* TRANSFORM_OUTCOME_UNORDERED_MATCH */ /* QNO 1404 CON_ID 17 */
		    17 Execute	SELECT * FROM mysql.`columns_priv` AS table1 WHERE NOT (NOT table1.`Column_name` IN ( 0, 4, 0 ) OR table1.`User` = '2015-02-11 15:46:16.050731') HAVING table1.`Host` >= 2 IS NULL LIMIT 71 /* QNO 1368 CON_ID 17 */
		    17 Query	EXECUTE prep_stmt_3980 /* TRANSFORM_OUTCOME_UNORDERED_MATCH */ /* QNO 1405 CON_ID 17 */
		    17 Execute	SELECT * FROM mysql.`columns_priv` AS table1 WHERE NOT (NOT table1.`Column_name` IN ( 0, 4, 0 ) OR table1.`User` = '2015-02-11 15:46:16.050731') HAVING table1.`Host` >= 2 IS NULL LIMIT 71 /* QNO 1368 CON_ID 17 */
		    17 Query	DEALLOCATE PREPARE prep_stmt_3980 /* QNO 1406 CON_ID 17 */
		    17 Query	/* GenTest::Transform::ExecuteAsSPTwice */ DROP PROCEDURE IF EXISTS stored_proc_3980 /* QNO 1407 CON_ID 17 */
		    17 Query	SHOW WARNINGS
		    17 Query	CREATE PROCEDURE stored_proc_3980 () LANGUAGE SQL  SELECT * FROM mysql.`columns_priv` AS table1 WHERE NOT (NOT table1.`Column_name` IN ( 0, 4, 0 ) OR table1.`User` = '2015-02-11 15:46:16.050731') HAVING table1.`Host` >= 2 IS NULL LIMIT 71 /* QNO 1368 CON_ID 17 */  /* QNO 1408 CON_ID 17 */
		    18 Query	SELECT * FROM transforms.view_4904_temptable /* TRANSFORM_OUTCOME_UNORDERED_MATCH */ /* QNO 865 CON_ID 18 */
		    17 Query	CALL stored_proc_3980 /* TRANSFORM_OUTCOME_UNORDERED_MATCH */ /* QNO 1409 CON_ID 17 */
		    17 Query	CALL stored_proc_3980 /* TRANSFORM_OUTCOME_UNORDERED_MATCH */ /* QNO 1410 CON_ID 17 */
		    17 Query	DROP PROCEDURE IF EXISTS stored_proc_3980 /* QNO 1411 CON_ID 17 */
		    20 Query	DELETE FROM transforms.delete_returning_1000 RETURNING `transaction_id`,`commit_id`,`begin_timestamp`,`commit_timestamp`,`isolation_level` /* TRANSFORM_OUTCOME_UNORDERED_MATCH */ /* QNO 1995 CON_ID 20 */
		    22 Query	/* GenTest::Transform::ExecuteAsInsertSelect */ CREATE DATABASE IF NOT EXISTS transforms /* QNO 960 CON_ID 22 */
		    21 Query	XA COMMIT 'inactive_xid'  /* QNO 977 CON_ID 21 */
		    20 Query	/* GenTest::Transform::ExecuteAsExcept */ ( SELECT * FROM mysql.transaction_registry /* QNO 1990 CON_ID 20 */  ) EXCEPT ( SELECT * FROM mysql.transaction_registry /* QNO 1990 CON_ID 20 */  ) /* TRANSFORM_OUTCOME_DISTINCT */ /* QNO 1996 CON_ID 20 */
		    22 Query	/* GenTest::Transform::ExecuteAsIntersect */ (  SELECT * FROM mysql.`time_zone_transition_type` AS table1 WHERE NOT (NOT (NOT ( ( (NOT table1.`Abbreviation` = 'a' AND table1.`Transition_type_id` LIKE 'wait/synch%') OR table1.`Time_zone_id` > table1.`Transition_type_id`) AND table1.`Offset` < 5) OR table1.`Time_zone_id` LIKE 'wait/synch/cond%') AND table1.`Offset` < 'ro') HAVING table1.`Time_zone_id` > '2006-01-12 14:06:59.041337' IS NULL ORDER BY table1.`Offset` LIMIT 58 /* QNO 954 CON_ID 22 */  ) INTERSECT (  SELECT * FROM mysql.`time_zone_transition_type` AS table1 WHERE NOT (NOT (NOT ( ( (NOT table1.`Abbreviation` = 'a' AND table1.`Transition_type_id` LIKE 'wait/synch%') OR table1.`Time_zone_id` > table1.`Transition_type_id`) AND table1.`Offset` < 5) OR table1.`Time_zone_id` LIKE 'wait/synch/cond%') AND table1.`Offset` < 'ro') HAVING table1.`Time_zone_id` > '2006-01-12 14:06:59.041337' IS NULL ORDER BY table1.`Offset` LIMIT 58 /* QNO 954 CON_ID 22 */  ) /* TRANSFORM_OUTCOME_DISTINCT */ /* QNO 961 CON_ID 22 */
		    16 Query	CREATE TRIGGER a BEFORE INSERT ON `view_t4` FOR EACH ROW BEGIN INSERT INTO `t1` SELECT * FROM `t5` LIMIT 0 ; END ; /* QNO 1051 CON_ID 16 */
		    18 Query	DROP VIEW transforms.view_4904_merge , transforms.view_4904_temptable /* QNO 866 CON_ID 18 */
		    21 Query	SET STATEMENT system_versioning_alter_history=KEEP FOR ALTER TABLE t9 DROP SYSTEM VERSIONING /* QNO 978 CON_ID 21 */
		    18 Query	/* GenTest::Transform::ExecuteAsPreparedTwice */ PREPARE prep_stmt_4904 FROM ' SELECT * FROM INFORMATION_SCHEMA.`INNODB_SYS_TABLESTATS` AS table1 WHERE (NOT table1.`TABLE_ID` < table1.`NUM_ROWS` OR table1.`CLUST_INDEX_SIZE` = 6) ORDER BY table1.`CLUST_INDEX_SIZE` LIMIT 170 /* QNO 836 CON_ID 18 */ ' /* QNO 867 CON_ID 18 */
		    16 Query	CREATE EVENT f ON SCHEDULE AT NOW() DO SET @a=@a /* QNO 1052 CON_ID 16 */
		    18 Prepare	SELECT * FROM INFORMATION_SCHEMA.`INNODB_SYS_TABLESTATS` AS table1 WHERE (NOT table1.`TABLE_ID` < table1.`NUM_ROWS` OR table1.`CLUST_INDEX_SIZE` = 6) ORDER BY table1.`CLUST_INDEX_SIZE` LIMIT 170 /* QNO 836 CON_ID 18 */
		    18 Query	EXECUTE prep_stmt_4904 /* TRANSFORM_OUTCOME_UNORDERED_MATCH */ /* QNO 868 CON_ID 18 */
		    21 Query	SELECT * FROM `view_t9` INTO OUTFILE 'load_view_t9'  /* QNO 979 CON_ID 21 */
		    20 Query	( SELECT * FROM mysql.transaction_registry /* QNO 1990 CON_ID 20 */  ) EXCEPT ( SELECT * FROM mysql.transaction_registry /* QNO 1990 CON_ID 20 */  ) /* TRANSFORM_OUTCOME_EMPTY_RESULT */ /* QNO 1997 CON_ID 20 */
		    18 Execute	SELECT * FROM INFORMATION_SCHEMA.`INNODB_SYS_TABLESTATS` AS table1 WHERE (NOT table1.`TABLE_ID` < table1.`NUM_ROWS` OR table1.`CLUST_INDEX_SIZE` = 6) ORDER BY table1.`CLUST_INDEX_SIZE` LIMIT 170 /* QNO 836 CON_ID 18 */
		    16 Query	GRANT SHUTDOWN, SHOW DATABASES ON *.* to 'someuser'@'somehost' /* QNO 1053 CON_ID 16 */
		    22 Query	(  SELECT * FROM mysql.`time_zone_transition_type` AS table1 WHERE NOT (NOT (NOT ( ( (NOT table1.`Abbreviation` = 'a' AND table1.`Transition_type_id` LIKE 'wait/synch%') OR table1.`Time_zone_id` > table1.`Transition_type_id`) AND table1.`Offset` < 5) OR table1.`Time_zone_id` LIKE 'wait/synch/cond%') AND table1.`Offset` < 'ro') HAVING table1.`Time_zone_id` > '2006-01-12 14:06:59.041337' IS NULL ORDER BY table1.`Offset` LIMIT 58 /* QNO 954 CON_ID 22 */  ) INTERSECT (  SELECT * FROM mysql.`time_zone_transition_type` AS table1 WHERE NOT (NOT (NOT ( ( (NOT table1.`Abbreviation` = 'a' AND table1.`Transition_type_id` LIKE 'wait/synch%') OR table1.`Time_zone_id` > table1.`Transition_type_id`) AND table1.`Offset` < 5) OR table1.`Time_zone_id` LIKE 'wait/synch/cond%') AND table1.`Offset` < 'ro') HAVING table1.`Time_zone_id` > '2006-01-12 14:06:59.041337' IS NULL ORDER BY table1.`Offset` LIMIT 0 /* QNO 954 CON_ID 22 */  ) /* TRANSFORM_OUTCOME_EMPTY_RESULT */ /* QNO 962 CON_ID 22 */
		    20 Query	/* GenTest::Transform::ExecuteAsExecuteImmediate */ EXECUTE IMMEDIATE 'SELECT * FROM mysql.transaction_registry /* QNO 1990 CON_ID 20 */ ' /* TRANSFORM_OUTCOME_UNORDERED_MATCH */ /* QNO 1998 CON_ID 20 */
		    20 Prepare	SELECT * FROM mysql.transaction_registry /* QNO 1990 CON_ID 20 */
		    20 Execute	SELECT * FROM mysql.transaction_registry /* QNO 1990 CON_ID 20 */
		    18 Query	EXECUTE prep_stmt_4904 /* TRANSFORM_OUTCOME_UNORDERED_MATCH */ /* QNO 869 CON_ID 18 */
		    18 Execute	SELECT * FROM INFORMATION_SCHEMA.`INNODB_SYS_TABLESTATS` AS table1 WHERE (NOT table1.`TABLE_ID` < table1.`NUM_ROWS` OR table1.`CLUST_INDEX_SIZE` = 6) ORDER BY table1.`CLUST_INDEX_SIZE` LIMIT 170 /* QNO 836 CON_ID 18 */
		    22 Query	/* GenTest::Transform::ExecuteAsUnion */ (  SELECT * FROM mysql.`time_zone_transition_type` AS table1 WHERE NOT (NOT (NOT ( ( (NOT table1.`Abbreviation` = 'a' AND table1.`Transition_type_id` LIKE 'wait/synch%') OR table1.`Time_zone_id` > table1.`Transition_type_id`) AND table1.`Offset` < 5) OR table1.`Time_zone_id` LIKE 'wait/synch/cond%') AND table1.`Offset` < 'ro') HAVING table1.`Time_zone_id` > '2006-01-12 14:06:59.041337' IS NULL ORDER BY table1.`Offset` LIMIT 58 /* QNO 954 CON_ID 22 */  ) UNION ALL (  SELECT * FROM mysql.`time_zone_transition_type` AS table1 WHERE NOT (NOT (NOT ( ( (NOT table1.`Abbreviation` = 'a' AND table1.`Transition_type_id` LIKE 'wait/synch%') OR table1.`Time_zone_id` > table1.`Transition_type_id`) AND table1.`Offset` < 5) OR table1.`Time_zone_id` LIKE 'wait/synch/cond%') AND table1.`Offset` < 'ro') HAVING table1.`Time_zone_id` > '2006-01-12 14:06:59.041337' IS NULL ORDER BY table1.`Offset` LIMIT 0 /* QNO 954 CON_ID 22 */  ) /* TRANSFORM_OUTCOME_UNORDERED_MATCH */ /* QNO 963 CON_ID 22 */
		    18 Query	DEALLOCATE PREPARE prep_stmt_4904 /* QNO 870 CON_ID 18 */
		    22 Query	(  SELECT * FROM mysql.`time_zone_transition_type` AS table1 WHERE NOT (NOT (NOT ( ( (NOT table1.`Abbreviation` = 'a' AND table1.`Transition_type_id` LIKE 'wait/synch%') OR table1.`Time_zone_id` > table1.`Transition_type_id`) AND table1.`Offset` < 5) OR table1.`Time_zone_id` LIKE 'wait/synch/cond%') AND table1.`Offset` < 'ro') HAVING table1.`Time_zone_id` > '2006-01-12 14:06:59.041337' IS NULL ORDER BY table1.`Offset` LIMIT 0 /* QNO 954 CON_ID 22 */  ) UNION ALL (  SELECT * FROM mysql.`time_zone_transition_type` AS table1 WHERE NOT (NOT (NOT ( ( (NOT table1.`Abbreviation` = 'a' AND table1.`Transition_type_id` LIKE 'wait/synch%') OR table1.`Time_zone_id` > table1.`Transition_type_id`) AND table1.`Offset` < 5) OR table1.`Time_zone_id` LIKE 'wait/synch/cond%') AND table1.`Offset` < 'ro') HAVING table1.`Time_zone_id` > '2006-01-12 14:06:59.041337' IS NULL ORDER BY table1.`Offset` LIMIT 58 /* QNO 954 CON_ID 22 */  ) /* TRANSFORM_OUTCOME_UNORDERED_MATCH */ /* QNO 964 CON_ID 22 */
		    18 Query	/* GenTest::Transform::ExecuteAsSPTwice */ DROP PROCEDURE IF EXISTS stored_proc_4904 /* QNO 871 CON_ID 18 */
		    16 Query	CREATE OR REPLACE VIEW transforms.view_900_probe AS GRANT SHUTDOWN, SHOW DATABASES ON *.* to 'someuser'@'somehost' /* QNO 1053 CON_ID 16 */  /* QNO 1054 CON_ID 16 */
		    16 Query	ALTER TABLE `view_t3` DROP KEY b /* QNO 1055 CON_ID 16 */
		    16 Query	DROP TRIGGER IF EXISTS k /* QNO 1056 CON_ID 16 */
		    16 Query	SHOW WARNINGS
		    16 Query	CREATE OR REPLACE VIEW v AS SELECT * FROM `t5` /* QNO 1057 CON_ID 16 */
		    16 Query	CREATE FUNCTION g ( l INTEGER, g INTEGER ) RETURNS INTEGER RETURN 1 /* QNO 1058 CON_ID 16 */
		    20 Query	/* GenTest::Transform::ExecuteAsInsertSelect */ CREATE DATABASE IF NOT EXISTS transforms /* QNO 1999 CON_ID 20 */
		    21 Query	LOAD DATA INFILE 'load_view_t9' REPLACE INTO TABLE view_t9 /* QNO 980 CON_ID 21 */
		    22 Query	(  SELECT * FROM mysql.`time_zone_transition_type` AS table1 WHERE NOT (NOT (NOT ( ( (NOT table1.`Abbreviation` = 'a' AND table1.`Transition_type_id` LIKE 'wait/synch%') OR table1.`Time_zone_id` > table1.`Transition_type_id`) AND table1.`Offset` < 5) OR table1.`Time_zone_id` LIKE 'wait/synch/cond%') AND table1.`Offset` < 'ro') HAVING table1.`Time_zone_id` > '2006-01-12 14:06:59.041337' IS NULL ORDER BY table1.`Offset` LIMIT 58 /* QNO 954 CON_ID 22 */  ) UNION DISTINCT (  SELECT * FROM mysql.`time_zone_transition_type` AS table1 WHERE NOT (NOT (NOT ( ( (NOT table1.`Abbreviation` = 'a' AND table1.`Transition_type_id` LIKE 'wait/synch%') OR table1.`Time_zone_id` > table1.`Transition_type_id`) AND table1.`Offset` < 5) OR table1.`Time_zone_id` LIKE 'wait/synch/cond%') AND table1.`Offset` < 'ro') HAVING table1.`Time_zone_id` > '2006-01-12 14:06:59.041337' IS NULL ORDER BY table1.`Offset` LIMIT 58 /* QNO 954 CON_ID 22 */  ) /* TRANSFORM_OUTCOME_DISTINCT */ /* QNO 965 CON_ID 22 */
		    22 Query	(  SELECT * FROM mysql.`time_zone_transition_type` AS table1 WHERE NOT (NOT (NOT ( ( (NOT table1.`Abbreviation` = 'a' AND table1.`Transition_type_id` LIKE 'wait/synch%') OR table1.`Time_zone_id` > table1.`Transition_type_id`) AND table1.`Offset` < 5) OR table1.`Time_zone_id` LIKE 'wait/synch/cond%') AND table1.`Offset` < 'ro') HAVING table1.`Time_zone_id` > '2006-01-12 14:06:59.041337' IS NULL ORDER BY table1.`Offset` LIMIT 58 /* QNO 954 CON_ID 22 */  ) UNION ALL (  SELECT * FROM mysql.`time_zone_transition_type` AS table1 WHERE NOT (NOT (NOT ( ( (NOT table1.`Abbreviation` = 'a' AND table1.`Transition_type_id` LIKE 'wait/synch%') OR table1.`Time_zone_id` > table1.`Transition_type_id`) AND table1.`Offset` < 5) OR table1.`Time_zone_id` LIKE 'wait/synch/cond%') AND table1.`Offset` < 'ro') HAVING table1.`Time_zone_id` > '2006-01-12 14:06:59.041337' IS NULL ORDER BY table1.`Offset` LIMIT 58 /* QNO 954 CON_ID 22 */  ) /* TRANSFORM_OUTCOME_SUPERSET */ /* QNO 966 CON_ID 22 */
		    22 Query	CREATE OR REPLACE VIEW transforms.view_4708_probe AS  SELECT * FROM mysql.`time_zone_transition_type` AS table1 WHERE NOT (NOT (NOT ( ( (NOT table1.`Abbreviation` = 'a' AND table1.`Transition_type_id` LIKE 'wait/synch%') OR table1.`Time_zone_id` > table1.`Transition_type_id`) AND table1.`Offset` < 5) OR table1.`Time_zone_id` LIKE 'wait/synch/cond%') AND table1.`Offset` < 'ro') HAVING table1.`Time_zone_id` > '2006-01-12 14:06:59.041337' IS NULL ORDER BY table1.`Offset` LIMIT 58 /* QNO 954 CON_ID 22 */  /* QNO 967 CON_ID 22 */
		    22 Query	/* GenTest::Transform::ExecuteAsPreparedTwice */ PREPARE prep_stmt_4708 FROM ' SELECT * FROM mysql.`time_zone_transition_type` AS table1 WHERE NOT (NOT (NOT ( ( (NOT table1.`Abbreviation` = \'a\' AND table1.`Transition_type_id` LIKE \'wait/synch%\') OR table1.`Time_zone_id` > table1.`Transition_type_id`) AND table1.`Offset` < 5) OR table1.`Time_zone_id` LIKE \'wait/synch/cond%\') AND table1.`Offset` < \'ro\') HAVING table1.`Time_zone_id` > \'2006-01-12 14:06:59.041337\' IS NULL ORDER BY table1.`Offset` LIMIT 58 /* QNO 954 CON_ID 22 */ ' /* QNO 968 CON_ID 22 */
		    22 Prepare	SELECT * FROM mysql.`time_zone_transition_type` AS table1 WHERE NOT (NOT (NOT ( ( (NOT table1.`Abbreviation` = 'a' AND table1.`Transition_type_id` LIKE 'wait/synch%') OR table1.`Time_zone_id` > table1.`Transition_type_id`) AND table1.`Offset` < 5) OR table1.`Time_zone_id` LIKE 'wait/synch/cond%') AND table1.`Offset` < 'ro') HAVING table1.`Time_zone_id` > '2006-01-12 14:06:59.041337' IS NULL ORDER BY table1.`Offset` LIMIT 58 /* QNO 954 CON_ID 22 */
		    22 Query	EXECUTE prep_stmt_4708 /* TRANSFORM_OUTCOME_UNORDERED_MATCH */ /* QNO 969 CON_ID 22 */
		    22 Execute	SELECT * FROM mysql.`time_zone_transition_type` AS table1 WHERE NOT (NOT (NOT ( ( (NOT table1.`Abbreviation` = 'a' AND table1.`Transition_type_id` LIKE 'wait/synch%') OR table1.`Time_zone_id` > table1.`Transition_type_id`) AND table1.`Offset` < 5) OR table1.`Time_zone_id` LIKE 'wait/synch/cond%') AND table1.`Offset` < 'ro') HAVING table1.`Time_zone_id` > '2006-01-12 14:06:59.041337' IS NULL ORDER BY table1.`Offset` LIMIT 58 /* QNO 954 CON_ID 22 */
		    22 Query	EXECUTE prep_stmt_4708 /* TRANSFORM_OUTCOME_UNORDERED_MATCH */ /* QNO 970 CON_ID 22 */
		    22 Execute	SELECT * FROM mysql.`time_zone_transition_type` AS table1 WHERE NOT (NOT (NOT ( ( (NOT table1.`Abbreviation` = 'a' AND table1.`Transition_type_id` LIKE 'wait/synch%') OR table1.`Time_zone_id` > table1.`Transition_type_id`) AND table1.`Offset` < 5) OR table1.`Time_zone_id` LIKE 'wait/synch/cond%') AND table1.`Offset` < 'ro') HAVING table1.`Time_zone_id` > '2006-01-12 14:06:59.041337' IS NULL ORDER BY table1.`Offset` LIMIT 58 /* QNO 954 CON_ID 22 */
		    22 Query	DEALLOCATE PREPARE prep_stmt_4708 /* QNO 971 CON_ID 22 */
		    22 Query	/* GenTest::Transform::ExecuteAsSPTwice */ DROP PROCEDURE IF EXISTS stored_proc_4708 /* QNO 972 CON_ID 22 */
		    22 Query	SHOW ENGINE PERFORMANCE_SCHEMA STATUS /* QNO 973 CON_ID 22 */
		    22 Query	CREATE OR REPLACE VIEW transforms.view_4708_probe AS SHOW ENGINE PERFORMANCE_SCHEMA STATUS /* QNO 973 CON_ID 22 */  /* QNO 974 CON_ID 22 */
		    22 Query	UPDATE `host` SET `Show_view_priv` = '2026-03-16 18:31:45.050532' WHERE `Select_priv` <> '1984-10-02 12:54:43.002568' /* QNO 975 CON_ID 22 */
		    22 Query	SELECT * FROM `proc` INTO OUTFILE 'load_proc'  /* QNO 976 CON_ID 22 */
		    22 Query	LOAD DATA INFILE 'load_proc' REPLACE INTO TABLE proc /* QNO 977 CON_ID 22 */
		    22 Query	ALTER ONLINE TABLE `transaction_registry` DROP COLUMN `transaction_id`, ALGORITHM=INPLACE, LOCK=EXCLUSIVE, DROP CONSTRAINT IF EXISTS j /* QNO 978 CON_ID 22 */
		    22 Query	SELECT * FROM test.`view_t4` AS table1 ORDER BY table1.`col_dec` LIMIT 85 /* QNO 979 CON_ID 22 */
		    22 Query	SELECT * from `t6` WHERE row_end <= @trx /* QNO 980 CON_ID 22 */
		    22 Query	UPDATE performance_schema.setup_instruments SET TIMED = 'YES' ORDER BY RAND() LIMIT 9 /* QNO 981 CON_ID 22 */
		    22 Query	CREATE OR REPLACE VIEW transforms.view_4708_probe AS UPDATE performance_schema.setup_instruments SET TIMED = 'YES' ORDER BY RAND() LIMIT 9 /* QNO 981 CON_ID 22 */  /* QNO 982 CON_ID 22 */
		    22 Query	INSERT INTO seq9 VALUES (8709, 0, 1736114176, 35736, 1, 234, 1, 0) /* QNO 983 CON_ID 22 */
		    22 Query	SET STATEMENT system_versioning_alter_history=KEEP FOR ALTER TABLE t6 PARTITION BY system_time INTERVAL 9 WEEK ( PARTITION ver_p1 HISTORY, PARTITION ver_p2 HISTORY, PARTITION ver_pn CURRENT ) /* QNO 984 CON_ID 22 */
		    22 Query	SELECT * FROM seq3 /* QNO 985 CON_ID 22 */
		    22 Query	ALTER TABLE `view_t9` PARTITION BY system_time INTERVAL 7 MONTH ( PARTITION ver_p1 HISTORY, PARTITION ver_pn CURRENT ) /* QNO 986 CON_ID 22 */
		    22 Query	CREATE OR REPLACE TABLE `view_t3` (ncol8 DECIMAL ZEROFILL DEFAULT NULL ) ROW_FORMAT = PAGE  /* QNO 987 CON_ID 22 */
		    22 Query	XA RECOVER /* QNO 988 CON_ID 22 */
		    22 Query	CREATE OR REPLACE VIEW transforms.view_4708_probe AS XA RECOVER /* QNO 988 CON_ID 22 */  /* QNO 989 CON_ID 22 */
		    22 Query	TRUNCATE TABLE performance_schema.events_waits_history /* QNO 990 CON_ID 22 */
		    22 Query	UPDATE performance_schema.setup_consumers SET enabled = 'NO' WHERE name IN ( 'file_summary_by_instance' ) /* QNO 991 CON_ID 22 */
		    22 Query	CREATE OR REPLACE VIEW transforms.view_4708_probe AS UPDATE performance_schema.setup_consumers SET enabled = 'NO' WHERE name IN ( 'file_summary_by_instance' ) /* QNO 991 CON_ID 22 */  /* QNO 992 CON_ID 22 */
		    22 Query	LOCK TABLE seq9 READ /* QNO 993 CON_ID 22 */
		    22 Query	SHOW ENGINE PERFORMANCE_SCHEMA STATUS /* QNO 994 CON_ID 22 */
		    22 Query	CREATE OR REPLACE VIEW transforms.view_4708_probe AS SHOW ENGINE PERFORMANCE_SCHEMA STATUS /* QNO 994 CON_ID 22 */  /* QNO 995 CON_ID 22 */
		    22 Query	INSERT INTO t3 ( scol1 ) SELECT ncol5 FROM t7 /* QNO 996 CON_ID 22 */
		    22 Query	DELETE FROM `t8` WHERE `col_blob` = 0 LIMIT 2 /* QNO 997 CON_ID 22 */
		    22 Query	DELETE FROM `view_t6` WHERE `vcol_date` < 'on' LIMIT 8 /* QNO 998 CON_ID 22 */
		    22 Query	TRUNCATE TABLE performance_schema.events_waits_history /* QNO 999 CON_ID 22 */
		    22 Query	ALTER TABLE t8 /*!100301 WAIT 1 */ DROP PRIMARY KEY, DROP FOREIGN KEY u /* QNO 1000 CON_ID 22 */
		    22 Query	ALTER ONLINE TABLE t2 DROP PRIMARY KEY /* QNO 1001 CON_ID 22 */
		    22 Query	SET STATEMENT `sql_mode`=ORACLE FOR SELECT seq5.currval /* QNO 1002 CON_ID 22 */
		    22 Query	ALTER TABLE `view_t3` REMOVE PARTITIONING /* QNO 1003 CON_ID 22 */
		    22 Query	SELECT * FROM `view_t9` INTO OUTFILE 'load_view_t9'  /* QNO 1004 CON_ID 22 */
		    22 Query	LOAD DATA INFILE 'load_view_t9' IGNORE INTO TABLE view_t9 /* QNO 1005 CON_ID 22 */
		    22 Query	SELECT * FROM seq1 /* QNO 1006 CON_ID 22 */
		    22 Query	SELECT * FROM performance_schema.`setup_timers` AS table1 WHERE ( ( ( table1.`TIMER_NAME` < table1.`TIMER_NAME` OR table1.`TIMER_NAME` IN ( 8, 9, 0 )) AND table1.`TIMER_NAME` LIKE 'wait/synch%') OR table1.`TIMER_NAME` IN ( 4, 2, 3 )) LIMIT 37 /* QNO 1007 CON_ID 22 */
		    22 Query	/* GenTest::Transform::ExecuteAsCTE */  WITH cte1 AS ( SELECT * FROM performance_schema.`setup_timers` AS table1 WHERE((( table1.`TIMER_NAME` < table1.`TIMER_NAME` OR table1.`TIMER_NAME` IN( 8, 9, 0)) AND table1.`TIMER_NAME` LIKE 'wait/synch%') OR table1.`TIMER_NAME` IN( 4, 2, 3)) LIMIT 37 /* QNO 1007 CON_ID 22 */ ) SELECT * FROM cte1  /* TRANSFORM_OUTCOME_UNORDERED_MATCH */ /* QNO 1008 CON_ID 22 */
		    22 Query	/* GenTest::Transform::ExecuteAsDeleteReturning */ CREATE DATABASE IF NOT EXISTS transforms /* QNO 1009 CON_ID 22 */
		    22 Query	/* GenTest::Transform::ExecuteAsExcept */ (  SELECT * FROM performance_schema.`setup_timers` AS table1 WHERE ( ( ( table1.`TIMER_NAME` < table1.`TIMER_NAME` OR table1.`TIMER_NAME` IN ( 8, 9, 0 )) AND table1.`TIMER_NAME` LIKE 'wait/synch%') OR table1.`TIMER_NAME` IN ( 4, 2, 3 )) LIMIT 37 /* QNO 1007 CON_ID 22 */  ) EXCEPT (  SELECT * FROM performance_schema.`setup_timers` AS table1 WHERE ( ( ( table1.`TIMER_NAME` < table1.`TIMER_NAME` OR table1.`TIMER_NAME` IN ( 8, 9, 0 )) AND table1.`TIMER_NAME` LIKE 'wait/synch%') OR table1.`TIMER_NAME` IN ( 4, 2, 3 )) LIMIT 0 /* QNO 1007 CON_ID 22 */  ) /* TRANSFORM_OUTCOME_DISTINCT */ /* QNO 1010 CON_ID 22 */
		    22 Query	(  SELECT * FROM performance_schema.`setup_timers` AS table1 WHERE ( ( ( table1.`TIMER_NAME` < table1.`TIMER_NAME` OR table1.`TIMER_NAME` IN ( 8, 9, 0 )) AND table1.`TIMER_NAME` LIKE 'wait/synch%') OR table1.`TIMER_NAME` IN ( 4, 2, 3 )) LIMIT 37 /* QNO 1007 CON_ID 22 */  ) EXCEPT (  SELECT * FROM performance_schema.`setup_timers` AS table1 WHERE ( ( ( table1.`TIMER_NAME` < table1.`TIMER_NAME` OR table1.`TIMER_NAME` IN ( 8, 9, 0 )) AND table1.`TIMER_NAME` LIKE 'wait/synch%') OR table1.`TIMER_NAME` IN ( 4, 2, 3 )) LIMIT 37 /* QNO 1007 CON_ID 22 */  ) /* TRANSFORM_OUTCOME_EMPTY_RESULT */ /* QNO 1011 CON_ID 22 */
		    22 Query	/* GenTest::Transform::ExecuteAsExecuteImmediate */ EXECUTE IMMEDIATE ' SELECT * FROM performance_schema.`setup_timers` AS table1 WHERE ( ( ( table1.`TIMER_NAME` < table1.`TIMER_NAME` OR table1.`TIMER_NAME` IN ( 8, 9, 0 )) AND table1.`TIMER_NAME` LIKE \'wait/synch%\') OR table1.`TIMER_NAME` IN ( 4, 2, 3 )) LIMIT 37 /* QNO 1007 CON_ID 22 */ ' /* TRANSFORM_OUTCOME_UNORDERED_MATCH */ /* QNO 1012 CON_ID 22 */
		    22 Prepare	SELECT * FROM performance_schema.`setup_timers` AS table1 WHERE ( ( ( table1.`TIMER_NAME` < table1.`TIMER_NAME` OR table1.`TIMER_NAME` IN ( 8, 9, 0 )) AND table1.`TIMER_NAME` LIKE 'wait/synch%') OR table1.`TIMER_NAME` IN ( 4, 2, 3 )) LIMIT 37 /* QNO 1007 CON_ID 22 */
		    22 Execute	SELECT * FROM performance_schema.`setup_timers` AS table1 WHERE ( ( ( table1.`TIMER_NAME` < table1.`TIMER_NAME` OR table1.`TIMER_NAME` IN ( 8, 9, 0 )) AND table1.`TIMER_NAME` LIKE 'wait/synch%') OR table1.`TIMER_NAME` IN ( 4, 2, 3 )) LIMIT 37 /* QNO 1007 CON_ID 22 */
		    22 Query	/* GenTest::Transform::ExecuteAsInsertSelect */ CREATE DATABASE IF NOT EXISTS transforms /* QNO 1013 CON_ID 22 */
		    22 Query	/* GenTest::Transform::ExecuteAsIntersect */ (  SELECT * FROM performance_schema.`setup_timers` AS table1 WHERE ( ( ( table1.`TIMER_NAME` < table1.`TIMER_NAME` OR table1.`TIMER_NAME` IN ( 8, 9, 0 )) AND table1.`TIMER_NAME` LIKE 'wait/synch%') OR table1.`TIMER_NAME` IN ( 4, 2, 3 )) LIMIT 37 /* QNO 1007 CON_ID 22 */  ) INTERSECT (  SELECT * FROM performance_schema.`setup_timers` AS table1 WHERE ( ( ( table1.`TIMER_NAME` < table1.`TIMER_NAME` OR table1.`TIMER_NAME` IN ( 8, 9, 0 )) AND table1.`TIMER_NAME` LIKE 'wait/synch%') OR table1.`TIMER_NAME` IN ( 4, 2, 3 )) LIMIT 37 /* QNO 1007 CON_ID 22 */  ) /* TRANSFORM_OUTCOME_DISTINCT */ /* QNO 1014 CON_ID 22 */
		    22 Query	(  SELECT * FROM performance_schema.`setup_timers` AS table1 WHERE ( ( ( table1.`TIMER_NAME` < table1.`TIMER_NAME` OR table1.`TIMER_NAME` IN ( 8, 9, 0 )) AND table1.`TIMER_NAME` LIKE 'wait/synch%') OR table1.`TIMER_NAME` IN ( 4, 2, 3 )) LIMIT 37 /* QNO 1007 CON_ID 22 */  ) INTERSECT (  SELECT * FROM performance_schema.`setup_timers` AS table1 WHERE ( ( ( table1.`TIMER_NAME` < table1.`TIMER_NAME` OR table1.`TIMER_NAME` IN ( 8, 9, 0 )) AND table1.`TIMER_NAME` LIKE 'wait/synch%') OR table1.`TIMER_NAME` IN ( 4, 2, 3 )) LIMIT 0 /* QNO 1007 CON_ID 22 */  ) /* TRANSFORM_OUTCOME_EMPTY_RESULT */ /* QNO 1015 CON_ID 22 */
		    22 Query	/* GenTest::Transform::ExecuteAsUnion */ (  SELECT * FROM performance_schema.`setup_timers` AS table1 WHERE ( ( ( table1.`TIMER_NAME` < table1.`TIMER_NAME` OR table1.`TIMER_NAME` IN ( 8, 9, 0 )) AND table1.`TIMER_NAME` LIKE 'wait/synch%') OR table1.`TIMER_NAME` IN ( 4, 2, 3 )) LIMIT 37 /* QNO 1007 CON_ID 22 */  ) UNION ALL (  SELECT * FROM performance_schema.`setup_timers` AS table1 WHERE ( ( ( table1.`TIMER_NAME` < table1.`TIMER_NAME` OR table1.`TIMER_NAME` IN ( 8, 9, 0 )) AND table1.`TIMER_NAME` LIKE 'wait/synch%') OR table1.`TIMER_NAME` IN ( 4, 2, 3 )) LIMIT 0 /* QNO 1007 CON_ID 22 */  ) /* TRANSFORM_OUTCOME_UNORDERED_MATCH */ /* QNO 1016 CON_ID 22 */
		    22 Query	(  SELECT * FROM performance_schema.`setup_timers` AS table1 WHERE ( ( ( table1.`TIMER_NAME` < table1.`TIMER_NAME` OR table1.`TIMER_NAME` IN ( 8, 9, 0 )) AND table1.`TIMER_NAME` LIKE 'wait/synch%') OR table1.`TIMER_NAME` IN ( 4, 2, 3 )) LIMIT 0 /* QNO 1007 CON_ID 22 */  ) UNION ALL (  SELECT * FROM performance_schema.`setup_timers` AS table1 WHERE ( ( ( table1.`TIMER_NAME` < table1.`TIMER_NAME` OR table1.`TIMER_NAME` IN ( 8, 9, 0 )) AND table1.`TIMER_NAME` LIKE 'wait/synch%') OR table1.`TIMER_NAME` IN ( 4, 2, 3 )) LIMIT 37 /* QNO 1007 CON_ID 22 */  ) /* TRANSFORM_OUTCOME_UNORDERED_MATCH */ /* QNO 1017 CON_ID 22 */
		    22 Query	(  SELECT * FROM performance_schema.`setup_timers` AS table1 WHERE ( ( ( table1.`TIMER_NAME` < table1.`TIMER_NAME` OR table1.`TIMER_NAME` IN ( 8, 9, 0 )) AND table1.`TIMER_NAME` LIKE 'wait/synch%') OR table1.`TIMER_NAME` IN ( 4, 2, 3 )) LIMIT 37 /* QNO 1007 CON_ID 22 */  ) UNION DISTINCT (  SELECT * FROM performance_schema.`setup_timers` AS table1 WHERE ( ( ( table1.`TIMER_NAME` < table1.`TIMER_NAME` OR table1.`TIMER_NAME` IN ( 8, 9, 0 )) AND table1.`TIMER_NAME` LIKE 'wait/synch%') OR table1.`TIMER_NAME` IN ( 4, 2, 3 )) LIMIT 37 /* QNO 1007 CON_ID 22 */  ) /* TRANSFORM_OUTCOME_DISTINCT */ /* QNO 1018 CON_ID 22 */
		    22 Query	(  SELECT * FROM performance_schema.`setup_timers` AS table1 WHERE ( ( ( table1.`TIMER_NAME` < table1.`TIMER_NAME` OR table1.`TIMER_NAME` IN ( 8, 9, 0 )) AND table1.`TIMER_NAME` LIKE 'wait/synch%') OR table1.`TIMER_NAME` IN ( 4, 2, 3 )) LIMIT 37 /* QNO 1007 CON_ID 22 */  ) UNION ALL (  SELECT * FROM performance_schema.`setup_timers` AS table1 WHERE ( ( ( table1.`TIMER_NAME` < table1.`TIMER_NAME` OR table1.`TIMER_NAME` IN ( 8, 9, 0 )) AND table1.`TIMER_NAME` LIKE 'wait/synch%') OR table1.`TIMER_NAME` IN ( 4, 2, 3 )) LIMIT 37 /* QNO 1007 CON_ID 22 */  ) /* TRANSFORM_OUTCOME_SUPERSET */ /* QNO 1019 CON_ID 22 */
		    22 Query	CREATE OR REPLACE VIEW transforms.view_4708_probe AS  SELECT * FROM performance_schema.`setup_timers` AS table1 WHERE ( ( ( table1.`TIMER_NAME` < table1.`TIMER_NAME` OR table1.`TIMER_NAME` IN ( 8, 9, 0 )) AND table1.`TIMER_NAME` LIKE 'wait/synch%') OR table1.`TIMER_NAME` IN ( 4, 2, 3 )) LIMIT 37 /* QNO 1007 CON_ID 22 */  /* QNO 1020 CON_ID 22 */
		    22 Query	/* GenTest::Transform::ExecuteAsPreparedTwice */ PREPARE prep_stmt_4708 FROM ' SELECT * FROM performance_schema.`setup_timers` AS table1 WHERE ( ( ( table1.`TIMER_NAME` < table1.`TIMER_NAME` OR table1.`TIMER_NAME` IN ( 8, 9, 0 )) AND table1.`TIMER_NAME` LIKE \'wait/synch%\') OR table1.`TIMER_NAME` IN ( 4, 2, 3 )) LIMIT 37 /* QNO 1007 CON_ID 22 */ ' /* QNO 1021 CON_ID 22 */
		    22 Prepare	SELECT * FROM performance_schema.`setup_timers` AS table1 WHERE ( ( ( table1.`TIMER_NAME` < table1.`TIMER_NAME` OR table1.`TIMER_NAME` IN ( 8, 9, 0 )) AND table1.`TIMER_NAME` LIKE 'wait/synch%') OR table1.`TIMER_NAME` IN ( 4, 2, 3 )) LIMIT 37 /* QNO 1007 CON_ID 22 */
		    22 Query	EXECUTE prep_stmt_4708 /* TRANSFORM_OUTCOME_UNORDERED_MATCH */ /* QNO 1022 CON_ID 22 */
		    22 Execute	SELECT * FROM performance_schema.`setup_timers` AS table1 WHERE ( ( ( table1.`TIMER_NAME` < table1.`TIMER_NAME` OR table1.`TIMER_NAME` IN ( 8, 9, 0 )) AND table1.`TIMER_NAME` LIKE 'wait/synch%') OR table1.`TIMER_NAME` IN ( 4, 2, 3 )) LIMIT 37 /* QNO 1007 CON_ID 22 */
		    22 Query	EXECUTE prep_stmt_4708 /* TRANSFORM_OUTCOME_UNORDERED_MATCH */ /* QNO 1023 CON_ID 22 */
		    22 Execute	SELECT * FROM performance_schema.`setup_timers` AS table1 WHERE ( ( ( table1.`TIMER_NAME` < table1.`TIMER_NAME` OR table1.`TIMER_NAME` IN ( 8, 9, 0 )) AND table1.`TIMER_NAME` LIKE 'wait/synch%') OR table1.`TIMER_NAME` IN ( 4, 2, 3 )) LIMIT 37 /* QNO 1007 CON_ID 22 */
		    22 Query	DEALLOCATE PREPARE prep_stmt_4708 /* QNO 1024 CON_ID 22 */
		    22 Query	/* GenTest::Transform::ExecuteAsSPTwice */ DROP PROCEDURE IF EXISTS stored_proc_4708 /* QNO 1025 CON_ID 22 */
		    22 Query	ALTER IGNORE TABLE t9 /*!100301 WAIT 9 */ ADD CONSTRAINT PRIMARY KEY(ecol10, tcol10), ALGORITHM=COPY, LOCK=DEFAULT /* QNO 1026 CON_ID 22 */
		    22 Query	TRUNCATE TABLE performance_schema.events_waits_summary_by_thread_by_event_name /* QNO 1027 CON_ID 22 */
		    22 Query	INSERT INTO seq3 VALUES (-115, 35304, 0, 4359, 8, 240, 0, 1) /* QNO 1028 CON_ID 22 */
		    22 Query	CREATE OR REPLACE SEQUENCE seq1 NO MINVALUE NOMAXVALUE  /* QNO 1029 CON_ID 22 */
		    22 Query	SELECT * FROM mysql.`general_log` AS table1 LIMIT 0 /* QNO 1030 CON_ID 22 */
		    22 Query	/* GenTest::Transform::ExecuteAsCTE */  WITH cte1 AS ( SELECT * FROM mysql.`general_log` AS table1 LIMIT 0 /* QNO 1030 CON_ID 22 */ ) SELECT * FROM cte1  /* TRANSFORM_OUTCOME_UNORDERED_MATCH */ /* QNO 1031 CON_ID 22 */
		    22 Query	/* GenTest::Transform::ExecuteAsDeleteReturning */ CREATE DATABASE IF NOT EXISTS transforms /* QNO 1032 CON_ID 22 */
		    21 Query	INSERT INTO `view_t4` SELECT * FROM `t4` /* QNO 981 CON_ID 21 */
		    22 Query	/* GenTest::Transform::ExecuteAsExcept */ (  SELECT * FROM mysql.`general_log` AS table1 LIMIT 0 /* QNO 1030 CON_ID 22 */  ) EXCEPT (  SELECT * FROM mysql.`general_log` AS table1 LIMIT 0 /* QNO 1030 CON_ID 22 */  ) /* TRANSFORM_OUTCOME_DISTINCT */ /* QNO 1033 CON_ID 22 */
		    22 Query	(  SELECT * FROM mysql.`general_log` AS table1 LIMIT 0 /* QNO 1030 CON_ID 22 */  ) EXCEPT (  SELECT * FROM mysql.`general_log` AS table1 LIMIT 0 /* QNO 1030 CON_ID 22 */  ) /* TRANSFORM_OUTCOME_EMPTY_RESULT */ /* QNO 1034 CON_ID 22 */
		    22 Query	/* GenTest::Transform::ExecuteAsExecuteImmediate */ EXECUTE IMMEDIATE ' SELECT * FROM mysql.`general_log` AS table1 LIMIT 0 /* QNO 1030 CON_ID 22 */ ' /* TRANSFORM_OUTCOME_UNORDERED_MATCH */ /* QNO 1035 CON_ID 22 */
		    22 Prepare	SELECT * FROM mysql.`general_log` AS table1 LIMIT 0 /* QNO 1030 CON_ID 22 */
		    22 Execute	SELECT * FROM mysql.`general_log` AS table1 LIMIT 0 /* QNO 1030 CON_ID 22 */
		    22 Query	/* GenTest::Transform::ExecuteAsInsertSelect */ CREATE DATABASE IF NOT EXISTS transforms /* QNO 1036 CON_ID 22 */
		    22 Query	/* GenTest::Transform::ExecuteAsIntersect */ (  SELECT * FROM mysql.`general_log` AS table1 LIMIT 0 /* QNO 1030 CON_ID 22 */  ) INTERSECT (  SELECT * FROM mysql.`general_log` AS table1 LIMIT 0 /* QNO 1030 CON_ID 22 */  ) /* TRANSFORM_OUTCOME_DISTINCT */ /* QNO 1037 CON_ID 22 */
		    22 Query	(  SELECT * FROM mysql.`general_log` AS table1 LIMIT 0 /* QNO 1030 CON_ID 22 */  ) INTERSECT (  SELECT * FROM mysql.`general_log` AS table1 LIMIT 0 /* QNO 1030 CON_ID 22 */  ) /* TRANSFORM_OUTCOME_EMPTY_RESULT */ /* QNO 1038 CON_ID 22 */
		    22 Query	/* GenTest::Transform::ExecuteAsUnion */ (  SELECT * FROM mysql.`general_log` AS table1 LIMIT 0 /* QNO 1030 CON_ID 22 */  ) UNION ALL (  SELECT * FROM mysql.`general_log` AS table1 LIMIT 0 /* QNO 1030 CON_ID 22 */  ) /* TRANSFORM_OUTCOME_UNORDERED_MATCH */ /* QNO 1039 CON_ID 22 */
		    22 Query	(  SELECT * FROM mysql.`general_log` AS table1 LIMIT 0 /* QNO 1030 CON_ID 22 */  ) UNION ALL (  SELECT * FROM mysql.`general_log` AS table1 LIMIT 0 /* QNO 1030 CON_ID 22 */  ) /* TRANSFORM_OUTCOME_UNORDERED_MATCH */ /* QNO 1040 CON_ID 22 */
		    22 Query	(  SELECT * FROM mysql.`general_log` AS table1 LIMIT 0 /* QNO 1030 CON_ID 22 */  ) UNION DISTINCT (  SELECT * FROM mysql.`general_log` AS table1 LIMIT 0 /* QNO 1030 CON_ID 22 */  ) /* TRANSFORM_OUTCOME_DISTINCT */ /* QNO 1041 CON_ID 22 */
		    22 Query	(  SELECT * FROM mysql.`general_log` AS table1 LIMIT 0 /* QNO 1030 CON_ID 22 */  ) UNION ALL (  SELECT * FROM mysql.`general_log` AS table1 LIMIT 0 /* QNO 1030 CON_ID 22 */  ) /* TRANSFORM_OUTCOME_SUPERSET */ /* QNO 1042 CON_ID 22 */
		    22 Query	CREATE OR REPLACE VIEW transforms.view_4708_probe AS  SELECT * FROM mysql.`general_log` AS table1 LIMIT 0 /* QNO 1030 CON_ID 22 */  /* QNO 1043 CON_ID 22 */
		    22 Query	/* GenTest::Transform::ExecuteAsPreparedTwice */ PREPARE prep_stmt_4708 FROM ' SELECT * FROM mysql.`general_log` AS table1 LIMIT 0 /* QNO 1030 CON_ID 22 */ ' /* QNO 1044 CON_ID 22 */
		    22 Prepare	SELECT * FROM mysql.`general_log` AS table1 LIMIT 0 /* QNO 1030 CON_ID 22 */
		    22 Query	EXECUTE prep_stmt_4708 /* TRANSFORM_OUTCOME_UNORDERED_MATCH */ /* QNO 1045 CON_ID 22 */
		    22 Execute	SELECT * FROM mysql.`general_log` AS table1 LIMIT 0 /* QNO 1030 CON_ID 22 */
		    22 Query	EXECUTE prep_stmt_4708 /* TRANSFORM_OUTCOME_UNORDERED_MATCH */ /* QNO 1046 CON_ID 22 */
		    22 Execute	SELECT * FROM mysql.`general_log` AS table1 LIMIT 0 /* QNO 1030 CON_ID 22 */
		    22 Query	DEALLOCATE PREPARE prep_stmt_4708 /* QNO 1047 CON_ID 22 */
		    22 Query	/* GenTest::Transform::ExecuteAsSPTwice */ DROP PROCEDURE IF EXISTS stored_proc_4708 /* QNO 1048 CON_ID 22 */
		    22 Query	SELECT * FROM INFORMATION_SCHEMA.`INNODB_CMP_RESET` AS table1 ORDER BY table1.`uncompress_time`, table1.`uncompress_ops`, table1.`compress_ops` LIMIT 129 /* QNO 1049 CON_ID 22 */
		    22 Query	/* GenTest::Transform::ExecuteAsCTE */  WITH cte1 AS ( SELECT * FROM INFORMATION_SCHEMA.`INNODB_CMP_RESET` AS table1 ORDER BY table1.`uncompress_time`, table1.`uncompress_ops`, table1.`compress_ops` LIMIT 129 /* QNO 1049 CON_ID 22 */ ) SELECT * FROM cte1  /* TRANSFORM_OUTCOME_UNORDERED_MATCH */ /* QNO 1050 CON_ID 22 */
		    22 Query	/* GenTest::Transform::ExecuteAsDeleteReturning */ CREATE DATABASE IF NOT EXISTS transforms /* QNO 1051 CON_ID 22 */
		    22 Query	/* GenTest::Transform::ExecuteAsExcept */ (  SELECT * FROM INFORMATION_SCHEMA.`INNODB_CMP_RESET` AS table1 ORDER BY table1.`uncompress_time`, table1.`uncompress_ops`, table1.`compress_ops` LIMIT 129 /* QNO 1049 CON_ID 22 */  ) EXCEPT (  SELECT * FROM INFORMATION_SCHEMA.`INNODB_CMP_RESET` AS table1 ORDER BY table1.`uncompress_time`, table1.`uncompress_ops`, table1.`compress_ops` LIMIT 0 /* QNO 1049 CON_ID 22 */  ) /* TRANSFORM_OUTCOME_DISTINCT */ /* QNO 1052 CON_ID 22 */
		    22 Query	(  SELECT * FROM INFORMATION_SCHEMA.`INNODB_CMP_RESET` AS table1 ORDER BY table1.`uncompress_time`, table1.`uncompress_ops`, table1.`compress_ops` LIMIT 129 /* QNO 1049 CON_ID 22 */  ) EXCEPT (  SELECT * FROM INFORMATION_SCHEMA.`INNODB_CMP_RESET` AS table1 ORDER BY table1.`uncompress_time`, table1.`uncompress_ops`, table1.`compress_ops` LIMIT 129 /* QNO 1049 CON_ID 22 */  ) /* TRANSFORM_OUTCOME_EMPTY_RESULT */ /* QNO 1053 CON_ID 22 */
		    22 Query	/* GenTest::Transform::ExecuteAsExecuteImmediate */ EXECUTE IMMEDIATE ' SELECT * FROM INFORMATION_SCHEMA.`INNODB_CMP_RESET` AS table1 ORDER BY table1.`uncompress_time`, table1.`uncompress_ops`, table1.`compress_ops` LIMIT 129 /* QNO 1049 CON_ID 22 */ ' /* TRANSFORM_OUTCOME_UNORDERED_MATCH */ /* QNO 1054 CON_ID 22 */
		    22 Prepare	SELECT * FROM INFORMATION_SCHEMA.`INNODB_CMP_RESET` AS table1 ORDER BY table1.`uncompress_time`, table1.`uncompress_ops`, table1.`compress_ops` LIMIT 129 /* QNO 1049 CON_ID 22 */
		    22 Execute	SELECT * FROM INFORMATION_SCHEMA.`INNODB_CMP_RESET` AS table1 ORDER BY table1.`uncompress_time`, table1.`uncompress_ops`, table1.`compress_ops` LIMIT 129 /* QNO 1049 CON_ID 22 */
		    22 Query	/* GenTest::Transform::ExecuteAsInsertSelect */ CREATE DATABASE IF NOT EXISTS transforms /* QNO 1055 CON_ID 22 */
		    22 Query	/* GenTest::Transform::ExecuteAsIntersect */ (  SELECT * FROM INFORMATION_SCHEMA.`INNODB_CMP_RESET` AS table1 ORDER BY table1.`uncompress_time`, table1.`uncompress_ops`, table1.`compress_ops` LIMIT 129 /* QNO 1049 CON_ID 22 */  ) INTERSECT (  SELECT * FROM INFORMATION_SCHEMA.`INNODB_CMP_RESET` AS table1 ORDER BY table1.`uncompress_time`, table1.`uncompress_ops`, table1.`compress_ops` LIMIT 129 /* QNO 1049 CON_ID 22 */  ) /* TRANSFORM_OUTCOME_DISTINCT */ /* QNO 1056 CON_ID 22 */
		    22 Query	(  SELECT * FROM INFORMATION_SCHEMA.`INNODB_CMP_RESET` AS table1 ORDER BY table1.`uncompress_time`, table1.`uncompress_ops`, table1.`compress_ops` LIMIT 129 /* QNO 1049 CON_ID 22 */  ) INTERSECT (  SELECT * FROM INFORMATION_SCHEMA.`INNODB_CMP_RESET` AS table1 ORDER BY table1.`uncompress_time`, table1.`uncompress_ops`, table1.`compress_ops` LIMIT 0 /* QNO 1049 CON_ID 22 */  ) /* TRANSFORM_OUTCOME_EMPTY_RESULT */ /* QNO 1057 CON_ID 22 */
		    22 Query	/* GenTest::Transform::ExecuteAsUnion */ (  SELECT * FROM INFORMATION_SCHEMA.`INNODB_CMP_RESET` AS table1 ORDER BY table1.`uncompress_time`, table1.`uncompress_ops`, table1.`compress_ops` LIMIT 129 /* QNO 1049 CON_ID 22 */  ) UNION ALL (  SELECT * FROM INFORMATION_SCHEMA.`INNODB_CMP_RESET` AS table1 ORDER BY table1.`uncompress_time`, table1.`uncompress_ops`, table1.`compress_ops` LIMIT 0 /* QNO 1049 CON_ID 22 */  ) /* TRANSFORM_OUTCOME_UNORDERED_MATCH */ /* QNO 1058 CON_ID 22 */
