		    22 Query	/* GenTest::Transform::ExecuteAsExecuteImmediate */ EXECUTE IMMEDIATE ' SELECT * FROM (mysql.`help_category` AS table1 STRAIGHT_JOIN INFORMATION_SCHEMA.`INDEX_STATISTICS` AS table2 ON ( table2.`TABLE_SCHEMA` = table1.`name` ) ) ORDER BY table2.`INDEX_NAME`, table1.`help_category_id` LIMIT 91 /* QNO 217 CON_ID 22 */ ' /* TRANSFORM_OUTCOME_UNORDERED_MATCH */ /* QNO 222 CON_ID 22 */
		    22 Prepare	SELECT * FROM (mysql.`help_category` AS table1 STRAIGHT_JOIN INFORMATION_SCHEMA.`INDEX_STATISTICS` AS table2 ON ( table2.`TABLE_SCHEMA` = table1.`name` ) ) ORDER BY table2.`INDEX_NAME`, table1.`help_category_id` LIMIT 91 /* QNO 217 CON_ID 22 */
		    17 Query	/* GenTest::Transform::ExecuteAsUnion */ (  SELECT * FROM mysql.`time_zone_name` AS table1 ORDER BY table1.`Time_zone_id` LIMIT 101 /* QNO 179 CON_ID 17 */  ) UNION ALL (  SELECT * FROM mysql.`time_zone_name` AS table1 ORDER BY table1.`Time_zone_id` LIMIT 0 /* QNO 179 CON_ID 17 */  ) /* TRANSFORM_OUTCOME_UNORDERED_MATCH */ /* QNO 188 CON_ID 17 */
		    17 Query	(  SELECT * FROM mysql.`time_zone_name` AS table1 ORDER BY table1.`Time_zone_id` LIMIT 0 /* QNO 179 CON_ID 17 */  ) UNION ALL (  SELECT * FROM mysql.`time_zone_name` AS table1 ORDER BY table1.`Time_zone_id` LIMIT 101 /* QNO 179 CON_ID 17 */  ) /* TRANSFORM_OUTCOME_UNORDERED_MATCH */ /* QNO 189 CON_ID 17 */
		    17 Query	(  SELECT * FROM mysql.`time_zone_name` AS table1 ORDER BY table1.`Time_zone_id` LIMIT 101 /* QNO 179 CON_ID 17 */  ) UNION DISTINCT (  SELECT * FROM mysql.`time_zone_name` AS table1 ORDER BY table1.`Time_zone_id` LIMIT 101 /* QNO 179 CON_ID 17 */  ) /* TRANSFORM_OUTCOME_DISTINCT */ /* QNO 190 CON_ID 17 */
		    22 Execute	SELECT * FROM (mysql.`help_category` AS table1 STRAIGHT_JOIN INFORMATION_SCHEMA.`INDEX_STATISTICS` AS table2 ON ( table2.`TABLE_SCHEMA` = table1.`name` ) ) ORDER BY table2.`INDEX_NAME`, table1.`help_category_id` LIMIT 91 /* QNO 217 CON_ID 22 */
		    17 Query	(  SELECT * FROM mysql.`time_zone_name` AS table1 ORDER BY table1.`Time_zone_id` LIMIT 101 /* QNO 179 CON_ID 17 */  ) UNION ALL (  SELECT * FROM mysql.`time_zone_name` AS table1 ORDER BY table1.`Time_zone_id` LIMIT 101 /* QNO 179 CON_ID 17 */  ) /* TRANSFORM_OUTCOME_SUPERSET */ /* QNO 191 CON_ID 17 */
		    22 Query	/* GenTest::Transform::ExecuteAsInsertSelect */ CREATE DATABASE IF NOT EXISTS transforms /* QNO 223 CON_ID 22 */
		    17 Query	CREATE OR REPLACE VIEW transforms.view_3980_probe AS  SELECT * FROM mysql.`time_zone_name` AS table1 ORDER BY table1.`Time_zone_id` LIMIT 101 /* QNO 179 CON_ID 17 */  /* QNO 192 CON_ID 17 */
		    22 Query	/* GenTest::Transform::ExecuteAsIntersect */ (  SELECT * FROM (mysql.`help_category` AS table1 STRAIGHT_JOIN INFORMATION_SCHEMA.`INDEX_STATISTICS` AS table2 ON ( table2.`TABLE_SCHEMA` = table1.`name` ) ) ORDER BY table2.`INDEX_NAME`, table1.`help_category_id` LIMIT 91 /* QNO 217 CON_ID 22 */  ) INTERSECT (  SELECT * FROM (mysql.`help_category` AS table1 STRAIGHT_JOIN INFORMATION_SCHEMA.`INDEX_STATISTICS` AS table2 ON ( table2.`TABLE_SCHEMA` = table1.`name` ) ) ORDER BY table2.`INDEX_NAME`, table1.`help_category_id` LIMIT 91 /* QNO 217 CON_ID 22 */  ) /* TRANSFORM_OUTCOME_DISTINCT */ /* QNO 224 CON_ID 22 */
		    17 Query	/* GenTest::Transform::ExecuteAsPreparedTwice */ PREPARE prep_stmt_3980 FROM ' SELECT * FROM mysql.`time_zone_name` AS table1 ORDER BY table1.`Time_zone_id` LIMIT 101 /* QNO 179 CON_ID 17 */ ' /* QNO 193 CON_ID 17 */
		    17 Prepare	SELECT * FROM mysql.`time_zone_name` AS table1 ORDER BY table1.`Time_zone_id` LIMIT 101 /* QNO 179 CON_ID 17 */
		    17 Query	EXECUTE prep_stmt_3980 /* TRANSFORM_OUTCOME_UNORDERED_MATCH */ /* QNO 194 CON_ID 17 */
		    17 Execute	SELECT * FROM mysql.`time_zone_name` AS table1 ORDER BY table1.`Time_zone_id` LIMIT 101 /* QNO 179 CON_ID 17 */
		    17 Query	EXECUTE prep_stmt_3980 /* TRANSFORM_OUTCOME_UNORDERED_MATCH */ /* QNO 195 CON_ID 17 */
		    17 Execute	SELECT * FROM mysql.`time_zone_name` AS table1 ORDER BY table1.`Time_zone_id` LIMIT 101 /* QNO 179 CON_ID 17 */
		    17 Query	DEALLOCATE PREPARE prep_stmt_3980 /* QNO 196 CON_ID 17 */
		    17 Query	/* GenTest::Transform::ExecuteAsSPTwice */ DROP PROCEDURE IF EXISTS stored_proc_3980 /* QNO 197 CON_ID 17 */
		    17 Query	INSERT INTO `help_relation` ( icol2 ) SELECT ecol10 FROM t10 /* QNO 198 CON_ID 17 */
		    17 Query	XA RECOVER /* QNO 199 CON_ID 17 */
		    17 Query	CREATE OR REPLACE VIEW transforms.view_3980_probe AS XA RECOVER /* QNO 199 CON_ID 17 */  /* QNO 200 CON_ID 17 */
		    18 Query	SELECT * FROM INFORMATION_SCHEMA.`TABLES` AS table1 HAVING table1.`TABLE_NAME` = '1987-04-17 10:36:06.063081' IS NOT NULL ORDER BY table1.`VERSION` LIMIT 122 /* QNO 267 CON_ID 18 */
		    22 Query	(  SELECT * FROM (mysql.`help_category` AS table1 STRAIGHT_JOIN INFORMATION_SCHEMA.`INDEX_STATISTICS` AS table2 ON ( table2.`TABLE_SCHEMA` = table1.`name` ) ) ORDER BY table2.`INDEX_NAME`, table1.`help_category_id` LIMIT 91 /* QNO 217 CON_ID 22 */  ) INTERSECT (  SELECT * FROM (mysql.`help_category` AS table1 STRAIGHT_JOIN INFORMATION_SCHEMA.`INDEX_STATISTICS` AS table2 ON ( table2.`TABLE_SCHEMA` = table1.`name` ) ) ORDER BY table2.`INDEX_NAME`, table1.`help_category_id` LIMIT 0 /* QNO 217 CON_ID 22 */  ) /* TRANSFORM_OUTCOME_EMPTY_RESULT */ /* QNO 225 CON_ID 22 */
		    17 Query	DELETE FROM `help_topic` WHERE `example` <> '1977-10-14 19:42:05.015138' LIMIT 6 /* QNO 201 CON_ID 17 */
		    16 Query	CREATE TABLE b LIKE `view_t8` /* QNO 220 CON_ID 16 */
		    16 Query	ALTER TABLE `view_t2` ADD KEY ( a ) /* QNO 221 CON_ID 16 */
		    16 Query	ALTER TABLE `view_t1` DROP KEY y /* QNO 222 CON_ID 16 */
		    20 Query	CALL stored_proc_1000 /* TRANSFORM_OUTCOME_UNORDERED_MATCH */ /* QNO 218 CON_ID 20 */
		    20 Query	CALL stored_proc_1000 /* TRANSFORM_OUTCOME_UNORDERED_MATCH */ /* QNO 219 CON_ID 20 */
		    20 Query	DROP PROCEDURE IF EXISTS stored_proc_1000 /* QNO 220 CON_ID 20 */
		    22 Query	/* GenTest::Transform::ExecuteAsUnion */ (  SELECT * FROM (mysql.`help_category` AS table1 STRAIGHT_JOIN INFORMATION_SCHEMA.`INDEX_STATISTICS` AS table2 ON ( table2.`TABLE_SCHEMA` = table1.`name` ) ) ORDER BY table2.`INDEX_NAME`, table1.`help_category_id` LIMIT 91 /* QNO 217 CON_ID 22 */  ) UNION ALL (  SELECT * FROM (mysql.`help_category` AS table1 STRAIGHT_JOIN INFORMATION_SCHEMA.`INDEX_STATISTICS` AS table2 ON ( table2.`TABLE_SCHEMA` = table1.`name` ) ) ORDER BY table2.`INDEX_NAME`, table1.`help_category_id` LIMIT 0 /* QNO 217 CON_ID 22 */  ) /* TRANSFORM_OUTCOME_UNORDERED_MATCH */ /* QNO 226 CON_ID 22 */
		    17 Query	SHOW ENGINE PERFORMANCE_SCHEMA STATUS /* QNO 202 CON_ID 17 */
		    16 Query	CREATE TRIGGER u BEFORE INSERT ON `view_t7` FOR EACH ROW BEGIN INSERT INTO `view_t5` SELECT * FROM `t7` LIMIT 0 ; END ; /* QNO 223 CON_ID 16 */
		    17 Query	CREATE OR REPLACE VIEW transforms.view_3980_probe AS SHOW ENGINE PERFORMANCE_SCHEMA STATUS /* QNO 202 CON_ID 17 */  /* QNO 203 CON_ID 17 */
		    17 Query	UNLOCK TABLES /* QNO 204 CON_ID 17 */
		    17 Query	CREATE OR REPLACE VIEW transforms.view_3980_probe AS UNLOCK TABLES /* QNO 204 CON_ID 17 */  /* QNO 205 CON_ID 17 */
		    16 Query	CREATE DATABASE IF NOT EXISTS s /* QNO 224 CON_ID 16 */
		    17 Query	XA END 'xid195'  /* QNO 206 CON_ID 17 */
		    17 Query	CREATE OR REPLACE VIEW transforms.view_3980_probe AS XA END 'xid195'  /* QNO 206 CON_ID 17 */  /* QNO 207 CON_ID 17 */
		    17 Query	DROP TABLE t8 /* QNO 208 CON_ID 17 */
		    22 Query	(  SELECT * FROM (mysql.`help_category` AS table1 STRAIGHT_JOIN INFORMATION_SCHEMA.`INDEX_STATISTICS` AS table2 ON ( table2.`TABLE_SCHEMA` = table1.`name` ) ) ORDER BY table2.`INDEX_NAME`, table1.`help_category_id` LIMIT 0 /* QNO 217 CON_ID 22 */  ) UNION ALL (  SELECT * FROM (mysql.`help_category` AS table1 STRAIGHT_JOIN INFORMATION_SCHEMA.`INDEX_STATISTICS` AS table2 ON ( table2.`TABLE_SCHEMA` = table1.`name` ) ) ORDER BY table2.`INDEX_NAME`, table1.`help_category_id` LIMIT 91 /* QNO 217 CON_ID 22 */  ) /* TRANSFORM_OUTCOME_UNORDERED_MATCH */ /* QNO 227 CON_ID 22 */
		    17 Query	SELECT * FROM (performance_schema.`session_account_connect_attrs` AS table1 STRAIGHT_JOIN mysql.`innodb_table_stats` AS table2 ON ( table2.`database_name` = table1.`ORDINAL_POSITION` ) ) HAVING NOT table2.`n_rows` = '2034-06-09 17:08:14.002966' ORDER BY table2.`table_name`, table1.`PROCESSLIST_ID`, table1.`ORDINAL_POSITION` LIMIT 188 /* QNO 209 CON_ID 17 */
		    17 Query	DELETE FROM `setup_consumers` WHERE `NAME` < '1983-12-11 03:55:56.016830' LIMIT 7 /* QNO 210 CON_ID 17 */
		    17 Query	ALTER TABLE `events_statements_summary_global_by_event_name` COMMENT 'speak' /* QNO 211 CON_ID 17 */
		    17 Query	SELECT * FROM INFORMATION_SCHEMA.`INNODB_TABLESPACES_SCRUBBING` AS table1 HAVING NOT ( ( table1.`CURRENT_SCRUB_ACTIVE_THREADS` != 'q' AND table1.`COMPRESSED` <= 'ug') OR table1.`CURRENT_SCRUB_MAX_PAGE_NUMBER` <> '2026-08-13 03:03:21.035854') LIMIT 22 /* QNO 212 CON_ID 17 */
		    16 Query	CREATE OR REPLACE VIEW transforms.view_900_probe AS CREATE DATABASE IF NOT EXISTS s /* QNO 224 CON_ID 16 */  /* QNO 225 CON_ID 16 */
		    17 Query	ALTER TABLE t9 DROP INDEX ind3, ADD COLUMN IF NOT EXISTS ( icol8 SMALLINT UNSIGNED NOT NULL /*!100201 CHECK (ecol8 > vcol2) */ ), LOCK=DEFAULT, DROP COLUMN IF EXISTS `CURRENT_SCRUB_MAX_PAGE_NUMBER`, LOCK=EXCLUSIVE /* QNO 213 CON_ID 17 */
		    17 Query	XA BEGIN 'xid60'  /* QNO 214 CON_ID 17 */
		    16 Query	ALTER TABLE `t7` DROP KEY c /* QNO 226 CON_ID 16 */
		    17 Query	SELECT * FROM mysql.`plugin` AS table1 WHERE table1.`name` LIKE '%myisam%' ORDER BY table1.`dl` LIMIT 197 /* QNO 215 CON_ID 17 */
		    16 Query	GRANT INSERT ( `vcol_varchar` ) ON `view_t7` TO 'someuser'@'somehost' /* QNO 227 CON_ID 16 */
		    16 Query	CREATE FUNCTION b ( k INTEGER, x INTEGER ) RETURNS INTEGER RETURN 1 /* QNO 228 CON_ID 16 */
		    22 Query	(  SELECT * FROM (mysql.`help_category` AS table1 STRAIGHT_JOIN INFORMATION_SCHEMA.`INDEX_STATISTICS` AS table2 ON ( table2.`TABLE_SCHEMA` = table1.`name` ) ) ORDER BY table2.`INDEX_NAME`, table1.`help_category_id` LIMIT 91 /* QNO 217 CON_ID 22 */  ) UNION DISTINCT (  SELECT * FROM (mysql.`help_category` AS table1 STRAIGHT_JOIN INFORMATION_SCHEMA.`INDEX_STATISTICS` AS table2 ON ( table2.`TABLE_SCHEMA` = table1.`name` ) ) ORDER BY table2.`INDEX_NAME`, table1.`help_category_id` LIMIT 91 /* QNO 217 CON_ID 22 */  ) /* TRANSFORM_OUTCOME_DISTINCT */ /* QNO 228 CON_ID 22 */
		    17 Query	SELECT * FROM test.`t2` AS table1 WHERE NOT ( ( (NOT ( table1.`vcol_dec` < 5 OR table1.`vcol_blob` IN ( 1, 8, 9 )) AND table1.`col_year` <> '2001-05-18 07:23:23.034606') OR table1.`col_blob` LIKE 'wait%') AND table1.`col_int` < 0) LIMIT 118 /* QNO 216 CON_ID 17 */
		    17 Query	INSERT INTO `view_t1` SELECT * FROM `view_t2` /* QNO 217 CON_ID 17 */
		    17 Query	SELECT * FROM mysql.`time_zone` AS table1 LIMIT 16 /* QNO 218 CON_ID 17 */
		    17 Query	INSERT INTO t6 () VALUES () /* QNO 219 CON_ID 17 */
		    17 Query	UPDATE `time_zone` SET `Time_zone_id` = 'g' WHERE `Time_zone_id` <= '2027-09-20 11:27:09.043632' /* QNO 220 CON_ID 17 */
		    22 Query	(  SELECT * FROM (mysql.`help_category` AS table1 STRAIGHT_JOIN INFORMATION_SCHEMA.`INDEX_STATISTICS` AS table2 ON ( table2.`TABLE_SCHEMA` = table1.`name` ) ) ORDER BY table2.`INDEX_NAME`, table1.`help_category_id` LIMIT 91 /* QNO 217 CON_ID 22 */  ) UNION ALL (  SELECT * FROM (mysql.`help_category` AS table1 STRAIGHT_JOIN INFORMATION_SCHEMA.`INDEX_STATISTICS` AS table2 ON ( table2.`TABLE_SCHEMA` = table1.`name` ) ) ORDER BY table2.`INDEX_NAME`, table1.`help_category_id` LIMIT 91 /* QNO 217 CON_ID 22 */  ) /* TRANSFORM_OUTCOME_SUPERSET */ /* QNO 229 CON_ID 22 */
		    17 Query	SHOW ENGINE PERFORMANCE_SCHEMA STATUS /* QNO 221 CON_ID 17 */
		    17 Query	CREATE OR REPLACE VIEW transforms.view_3980_probe AS SHOW ENGINE PERFORMANCE_SCHEMA STATUS /* QNO 221 CON_ID 17 */  /* QNO 222 CON_ID 17 */
		    22 Query	CREATE OR REPLACE VIEW transforms.view_4708_probe AS  SELECT * FROM (mysql.`help_category` AS table1 STRAIGHT_JOIN INFORMATION_SCHEMA.`INDEX_STATISTICS` AS table2 ON ( table2.`TABLE_SCHEMA` = table1.`name` ) ) ORDER BY table2.`INDEX_NAME`, table1.`help_category_id` LIMIT 91 /* QNO 217 CON_ID 22 */  /* QNO 230 CON_ID 22 */
		    17 Query	SELECT * from t2 WHERE row_end IN (SELECT row_start FROM `time_zone`) /* QNO 223 CON_ID 17 */
		    22 Query	/* GenTest::Transform::ExecuteAsPreparedTwice */ PREPARE prep_stmt_4708 FROM ' SELECT * FROM (mysql.`help_category` AS table1 STRAIGHT_JOIN INFORMATION_SCHEMA.`INDEX_STATISTICS` AS table2 ON ( table2.`TABLE_SCHEMA` = table1.`name` ) ) ORDER BY table2.`INDEX_NAME`, table1.`help_category_id` LIMIT 91 /* QNO 217 CON_ID 22 */ ' /* QNO 231 CON_ID 22 */
		    17 Query	SELECT * FROM `user` INTO OUTFILE 'load_user'  /* QNO 224 CON_ID 17 */
		    22 Prepare	SELECT * FROM (mysql.`help_category` AS table1 STRAIGHT_JOIN INFORMATION_SCHEMA.`INDEX_STATISTICS` AS table2 ON ( table2.`TABLE_SCHEMA` = table1.`name` ) ) ORDER BY table2.`INDEX_NAME`, table1.`help_category_id` LIMIT 91 /* QNO 217 CON_ID 22 */
		    22 Query	EXECUTE prep_stmt_4708 /* TRANSFORM_OUTCOME_UNORDERED_MATCH */ /* QNO 232 CON_ID 22 */
		    17 Query	LOAD DATA INFILE 'load_user' IGNORE INTO TABLE user /* QNO 225 CON_ID 17 */
		    17 Query	DELETE FROM `help_topic` WHERE `description` = '1997-05-17 13:51:41.002632' LIMIT 4 /* QNO 226 CON_ID 17 */
		    22 Execute	SELECT * FROM (mysql.`help_category` AS table1 STRAIGHT_JOIN INFORMATION_SCHEMA.`INDEX_STATISTICS` AS table2 ON ( table2.`TABLE_SCHEMA` = table1.`name` ) ) ORDER BY table2.`INDEX_NAME`, table1.`help_category_id` LIMIT 91 /* QNO 217 CON_ID 22 */
		    22 Query	EXECUTE prep_stmt_4708 /* TRANSFORM_OUTCOME_UNORDERED_MATCH */ /* QNO 233 CON_ID 22 */
		    22 Execute	SELECT * FROM (mysql.`help_category` AS table1 STRAIGHT_JOIN INFORMATION_SCHEMA.`INDEX_STATISTICS` AS table2 ON ( table2.`TABLE_SCHEMA` = table1.`name` ) ) ORDER BY table2.`INDEX_NAME`, table1.`help_category_id` LIMIT 91 /* QNO 217 CON_ID 22 */
		    22 Query	DEALLOCATE PREPARE prep_stmt_4708 /* QNO 234 CON_ID 22 */
		    22 Query	/* GenTest::Transform::ExecuteAsSPTwice */ DROP PROCEDURE IF EXISTS stored_proc_4708 /* QNO 235 CON_ID 22 */
		    16 Query	CREATE OR REPLACE VIEW transforms.view_900_probe AS CREATE FUNCTION b ( k INTEGER, x INTEGER ) RETURNS INTEGER RETURN 1 /* QNO 228 CON_ID 16 */  /* QNO 229 CON_ID 16 */
		    22 Query	XA RECOVER /* QNO 236 CON_ID 22 */
		    17 Query	ALTER TABLE t5 /*!100301 WAIT 5 */ ADD CONSTRAINT m CHECK (tcol8 > 7), MODIFY COLUMN IF EXISTS vcol2 DATE AS ( tcol8 ) VIRTUAL AFTER scol8, LOCK=EXCLUSIVE, ADD CONSTRAINT FOREIGN KEY (`help_category_id`) REFERENCES `plugin` (vcol7, tscol6, tcol10) ON DELETE SET NULL  /* QNO 227 CON_ID 17 */
		    22 Query	CREATE OR REPLACE VIEW transforms.view_4708_probe AS XA RECOVER /* QNO 236 CON_ID 22 */  /* QNO 237 CON_ID 22 */
		    16 Query	DROP TABLE x /* QNO 230 CON_ID 16 */
		    22 Query	SHOW ENGINE PERFORMANCE_SCHEMA STATUS /* QNO 238 CON_ID 22 */
		    17 Query	XA RECOVER /* QNO 228 CON_ID 17 */
		    20 Query	ALTER IGNORE TABLE t6 /*!100301 NOWAIT */ DROP CONSTRAINT IF EXISTS j, ADD FULLTEXT KEY(scol10), ALGORITHM=INPLACE, ADD FULLTEXT KEY(scol4)  /* QNO 221 CON_ID 20 */
		    22 Query	CREATE OR REPLACE VIEW transforms.view_4708_probe AS SHOW ENGINE PERFORMANCE_SCHEMA STATUS /* QNO 238 CON_ID 22 */  /* QNO 239 CON_ID 22 */
		    17 Query	CREATE OR REPLACE VIEW transforms.view_3980_probe AS XA RECOVER /* QNO 228 CON_ID 17 */  /* QNO 229 CON_ID 17 */
		    21 Query	/* GenTest::Transform::ExecuteAsIntersect */ (  SELECT * FROM performance_schema.`file_summary_by_instance` AS table1 ORDER BY table1.`AVG_TIMER_WRITE`, table1.`COUNT_STAR` LIMIT 4 /* QNO 184 CON_ID 21 */  ) INTERSECT (  SELECT * FROM performance_schema.`file_summary_by_instance` AS table1 ORDER BY table1.`AVG_TIMER_WRITE`, table1.`COUNT_STAR` LIMIT 4 /* QNO 184 CON_ID 21 */  ) /* TRANSFORM_OUTCOME_DISTINCT */ /* QNO 200 CON_ID 21 */
		    20 Query	UPDATE performance_schema.setup_timers SET timer_name = 'MILLISECOND' /* QNO 222 CON_ID 20 */
		    20 Query	CREATE OR REPLACE VIEW transforms.view_1000_probe AS UPDATE performance_schema.setup_timers SET timer_name = 'MILLISECOND' /* QNO 222 CON_ID 20 */  /* QNO 223 CON_ID 20 */
		    17 Query	INSERT INTO `slow_log` ( `pk` ) VALUES (NULL) /* QNO 230 CON_ID 17 */
		    21 Query	(  SELECT * FROM performance_schema.`file_summary_by_instance` AS table1 ORDER BY table1.`AVG_TIMER_WRITE`, table1.`COUNT_STAR` LIMIT 4 /* QNO 184 CON_ID 21 */  ) INTERSECT (  SELECT * FROM performance_schema.`file_summary_by_instance` AS table1 ORDER BY table1.`AVG_TIMER_WRITE`, table1.`COUNT_STAR` LIMIT 0 /* QNO 184 CON_ID 21 */  ) /* TRANSFORM_OUTCOME_EMPTY_RESULT */ /* QNO 201 CON_ID 21 */
		    17 Query	SHOW ENGINE PERFORMANCE_SCHEMA STATUS /* QNO 231 CON_ID 17 */
		    20 Query	XA COMMIT 'inactive_xid'  /* QNO 224 CON_ID 20 */
		    21 Query	/* GenTest::Transform::ExecuteAsUnion */ (  SELECT * FROM performance_schema.`file_summary_by_instance` AS table1 ORDER BY table1.`AVG_TIMER_WRITE`, table1.`COUNT_STAR` LIMIT 4 /* QNO 184 CON_ID 21 */  ) UNION ALL (  SELECT * FROM performance_schema.`file_summary_by_instance` AS table1 ORDER BY table1.`AVG_TIMER_WRITE`, table1.`COUNT_STAR` LIMIT 0 /* QNO 184 CON_ID 21 */  ) /* TRANSFORM_OUTCOME_UNORDERED_MATCH */ /* QNO 202 CON_ID 21 */
		    21 Query	(  SELECT * FROM performance_schema.`file_summary_by_instance` AS table1 ORDER BY table1.`AVG_TIMER_WRITE`, table1.`COUNT_STAR` LIMIT 0 /* QNO 184 CON_ID 21 */  ) UNION ALL (  SELECT * FROM performance_schema.`file_summary_by_instance` AS table1 ORDER BY table1.`AVG_TIMER_WRITE`, table1.`COUNT_STAR` LIMIT 4 /* QNO 184 CON_ID 21 */  ) /* TRANSFORM_OUTCOME_UNORDERED_MATCH */ /* QNO 203 CON_ID 21 */
		    22 Query	TRUNCATE TABLE performance_schema.file_summary_by_instance /* QNO 240 CON_ID 22 */
		    16 Query	DROP PROCEDURE IF EXISTS i /* QNO 231 CON_ID 16 */
		    21 Query	(  SELECT * FROM performance_schema.`file_summary_by_instance` AS table1 ORDER BY table1.`AVG_TIMER_WRITE`, table1.`COUNT_STAR` LIMIT 4 /* QNO 184 CON_ID 21 */  ) UNION DISTINCT (  SELECT * FROM performance_schema.`file_summary_by_instance` AS table1 ORDER BY table1.`AVG_TIMER_WRITE`, table1.`COUNT_STAR` LIMIT 4 /* QNO 184 CON_ID 21 */  ) /* TRANSFORM_OUTCOME_DISTINCT */ /* QNO 204 CON_ID 21 */
		    16 Query	SHOW WARNINGS
		    21 Query	(  SELECT * FROM performance_schema.`file_summary_by_instance` AS table1 ORDER BY table1.`AVG_TIMER_WRITE`, table1.`COUNT_STAR` LIMIT 4 /* QNO 184 CON_ID 21 */  ) UNION ALL (  SELECT * FROM performance_schema.`file_summary_by_instance` AS table1 ORDER BY table1.`AVG_TIMER_WRITE`, table1.`COUNT_STAR` LIMIT 4 /* QNO 184 CON_ID 21 */  ) /* TRANSFORM_OUTCOME_SUPERSET */ /* QNO 205 CON_ID 21 */
		    22 Query	ALTER TABLE t1 ADD FULLTEXT KEY(`name`), ALGORITHM=INPLACE, LOCK=NONE /* QNO 241 CON_ID 22 */
		    16 Query	ALTER TABLE `view_t2` DROP PRIMARY KEY /* QNO 232 CON_ID 16 */
		    16 Query	CREATE OR REPLACE VIEW n AS SELECT * FROM `t1` /* QNO 233 CON_ID 16 */
		    21 Query	CREATE OR REPLACE VIEW transforms.view_4888_probe AS  SELECT * FROM performance_schema.`file_summary_by_instance` AS table1 ORDER BY table1.`AVG_TIMER_WRITE`, table1.`COUNT_STAR` LIMIT 4 /* QNO 184 CON_ID 21 */  /* QNO 206 CON_ID 21 */
		    22 Query	UNLOCK TABLES /* QNO 242 CON_ID 22 */
		    17 Query	CREATE OR REPLACE VIEW transforms.view_3980_probe AS SHOW ENGINE PERFORMANCE_SCHEMA STATUS /* QNO 231 CON_ID 17 */  /* QNO 232 CON_ID 17 */
		    20 Query	SELECT * FROM (performance_schema.`hosts` AS table1 LEFT JOIN test.`view_t5` AS table2 ON ( table2.`col_varchar` = table1.`TOTAL_CONNECTIONS` ) ) WHERE ( (NOT (NOT table2.`vcol_blob` >= table1.`CURRENT_CONNECTIONS` OR table1.`CURRENT_CONNECTIONS` != 'c') AND table1.`HOST` != table2.`vcol_blob`) AND table1.`TOTAL_CONNECTIONS` >= table1.`HOST`) HAVING NOT (NOT table1.`HOST` = 'i' AND table2.`col_bit` <= 'c') LIMIT 254 /* QNO 225 CON_ID 20 */
		    22 Query	CREATE OR REPLACE VIEW transforms.view_4708_probe AS UNLOCK TABLES /* QNO 242 CON_ID 22 */  /* QNO 243 CON_ID 22 */
		    17 Query	TRUNCATE TABLE performance_schema.events_waits_history_long /* QNO 233 CON_ID 17 */
		    20 Query	XA ROLLBACK 'inactive_xid'  /* QNO 226 CON_ID 20 */
		    22 Query	UNLOCK TABLES /* QNO 244 CON_ID 22 */
		    20 Query	SELECT * FROM mysql.`column_stats` AS table1 LIMIT 129 /* QNO 227 CON_ID 20 */
		    20 Query	/* GenTest::Transform::ExecuteAsCTE */  WITH cte1 AS ( SELECT * FROM mysql.`column_stats` AS table1 LIMIT 129 /* QNO 227 CON_ID 20 */ ) SELECT * FROM cte1  /* TRANSFORM_OUTCOME_UNORDERED_MATCH */ /* QNO 228 CON_ID 20 */
		    22 Query	CREATE OR REPLACE VIEW transforms.view_4708_probe AS UNLOCK TABLES /* QNO 244 CON_ID 22 */  /* QNO 245 CON_ID 22 */
		    20 Query	/* GenTest::Transform::ExecuteAsExcept */ (  SELECT * FROM mysql.`column_stats` AS table1 LIMIT 129 /* QNO 227 CON_ID 20 */  ) EXCEPT (  SELECT * FROM mysql.`column_stats` AS table1 LIMIT 0 /* QNO 227 CON_ID 20 */  ) /* TRANSFORM_OUTCOME_DISTINCT */ /* QNO 229 CON_ID 20 */
		    20 Query	(  SELECT * FROM mysql.`column_stats` AS table1 LIMIT 129 /* QNO 227 CON_ID 20 */  ) EXCEPT (  SELECT * FROM mysql.`column_stats` AS table1 LIMIT 129 /* QNO 227 CON_ID 20 */  ) /* TRANSFORM_OUTCOME_EMPTY_RESULT */ /* QNO 230 CON_ID 20 */
		    17 Query	INSERT INTO `procs_priv` SELECT * FROM `slow_log` /* QNO 234 CON_ID 17 */
		    20 Query	/* GenTest::Transform::ExecuteAsExecuteImmediate */ EXECUTE IMMEDIATE ' SELECT * FROM mysql.`column_stats` AS table1 LIMIT 129 /* QNO 227 CON_ID 20 */ ' /* TRANSFORM_OUTCOME_UNORDERED_MATCH */ /* QNO 231 CON_ID 20 */
		    20 Prepare	SELECT * FROM mysql.`column_stats` AS table1 LIMIT 129 /* QNO 227 CON_ID 20 */
		    20 Execute	SELECT * FROM mysql.`column_stats` AS table1 LIMIT 129 /* QNO 227 CON_ID 20 */
		    17 Query	DELETE FROM `innodb_index_stats` WHERE `table_name` >= 2 LIMIT 9 /* QNO 235 CON_ID 17 */
		    20 Query	/* GenTest::Transform::ExecuteAsInsertSelect */ CREATE DATABASE IF NOT EXISTS transforms /* QNO 232 CON_ID 20 */
		    22 Query	SHOW ENGINE PERFORMANCE_SCHEMA STATUS /* QNO 246 CON_ID 22 */
		    17 Query	UPDATE performance_schema.setup_instruments SET ENABLED = 'NO' ORDER BY RAND() LIMIT 7 /* QNO 236 CON_ID 17 */
		    22 Query	CREATE OR REPLACE VIEW transforms.view_4708_probe AS SHOW ENGINE PERFORMANCE_SCHEMA STATUS /* QNO 246 CON_ID 22 */  /* QNO 247 CON_ID 22 */
		    17 Query	UPDATE performance_schema.setup_consumers SET enabled = 'YES' WHERE name LIKE 'file%' /* QNO 237 CON_ID 17 */
		    17 Query	XA RECOVER /* QNO 238 CON_ID 17 */
		    17 Query	CREATE OR REPLACE VIEW transforms.view_3980_probe AS XA RECOVER /* QNO 238 CON_ID 17 */  /* QNO 239 CON_ID 17 */
		    17 Query	XA COMMIT 'non_prepared_xid'  /* QNO 240 CON_ID 17 */
		    17 Query	INSERT INTO `host` ( `pk` ) VALUES (NULL) /* QNO 241 CON_ID 17 */
		    16 Query	/* GenTest::Transform::ExecuteAsCTE */  CREATE OR REPLACE VIEW n AS WITH cte1 AS ( SELECT * FROM `t1` /* QNO 233 CON_ID 16 */ ) SELECT * FROM cte1  /* TRANSFORM_OUTCOME_UNORDERED_MATCH */ /* QNO 234 CON_ID 16 */
		    16 Query	/* GenTest::Transform::ExecuteAsExecuteImmediate */ EXECUTE IMMEDIATE 'CREATE OR REPLACE VIEW n AS SELECT * FROM `t1` /* QNO 233 CON_ID 16 */ ' /* TRANSFORM_OUTCOME_UNORDERED_MATCH */ /* QNO 235 CON_ID 16 */
		    16 Prepare	CREATE OR REPLACE VIEW n AS SELECT * FROM `t1` /* QNO 233 CON_ID 16 */
		    17 Query	TRUNCATE TABLE performance_schema.events_waits_history_long /* QNO 242 CON_ID 17 */
		    17 Query	SELECT * FROM INFORMATION_SCHEMA.`INDEX_STATISTICS` AS table1 WHERE NOT ( table1.`TABLE_NAME` IN ( 8, 0, 5 ) AND table1.`ROWS_READ` < 'm') HAVING table1.`INDEX_NAME` < '1971-01-07 18:30:19.009493' IS NOT NULL ORDER BY table1.`TABLE_NAME` LIMIT 59 /* QNO 243 CON_ID 17 */
		    17 Query	XA BEGIN 'xid79'  /* QNO 244 CON_ID 17 */
		    22 Query	SHOW ENGINE PERFORMANCE_SCHEMA STATUS /* QNO 248 CON_ID 22 */
		    16 Execute	CREATE OR REPLACE VIEW n AS SELECT * FROM `t1` /* QNO 233 CON_ID 16 */
		    16 Query	CREATE OR REPLACE VIEW transforms.view_900_probe AS CREATE OR REPLACE VIEW n AS SELECT * FROM `t1` /* QNO 233 CON_ID 16 */  /* QNO 236 CON_ID 16 */
		    16 Query	/* GenTest::Transform::ExecuteAsPreparedTwice */ PREPARE prep_stmt_900 FROM 'CREATE OR REPLACE VIEW n AS SELECT * FROM `t1` /* QNO 233 CON_ID 16 */ ' /* QNO 237 CON_ID 16 */
		    16 Prepare	CREATE OR REPLACE VIEW n AS SELECT * FROM `t1` /* QNO 233 CON_ID 16 */
		    16 Query	EXECUTE prep_stmt_900 /* TRANSFORM_OUTCOME_UNORDERED_MATCH */ /* QNO 238 CON_ID 16 */
		    22 Query	CREATE OR REPLACE VIEW transforms.view_4708_probe AS SHOW ENGINE PERFORMANCE_SCHEMA STATUS /* QNO 248 CON_ID 22 */  /* QNO 249 CON_ID 22 */
		    16 Execute	CREATE OR REPLACE VIEW n AS SELECT * FROM `t1` /* QNO 233 CON_ID 16 */
		    16 Query	EXECUTE prep_stmt_900 /* TRANSFORM_OUTCOME_UNORDERED_MATCH */ /* QNO 239 CON_ID 16 */
		    22 Query	UPDATE performance_schema.setup_timers SET timer_name = 'MICROSECOND' /* QNO 250 CON_ID 22 */
		    17 Query	TRUNCATE TABLE performance_schema.events_waits_history_long /* QNO 245 CON_ID 17 */
		    22 Query	CREATE OR REPLACE VIEW transforms.view_4708_probe AS UPDATE performance_schema.setup_timers SET timer_name = 'MICROSECOND' /* QNO 250 CON_ID 22 */  /* QNO 251 CON_ID 22 */
		    21 Query	DROP VIEW transforms.view_4888_probe /* QNO 207 CON_ID 21 */
		    17 Query	TRUNCATE TABLE performance_schema.events_waits_current /* QNO 246 CON_ID 17 */
		    17 Query	INSERT INTO `INDEX_STATISTICS` SELECT * FROM `EVENTS` /* QNO 247 CON_ID 17 */
		    21 Query	/* GenTest::Transform::ExecuteAsView */ CREATE DATABASE IF NOT EXISTS transforms /* QNO 208 CON_ID 21 */
		    22 Query	SELECT * FROM `event` INTO OUTFILE 'load_event'  /* QNO 252 CON_ID 22 */
		    20 Query	SHOW WARNINGS
		    17 Query	UPDATE performance_schema.setup_instruments SET ENABLED = 'YES' ORDER BY RAND() LIMIT 2 /* QNO 248 CON_ID 17 */
		    20 Query	DROP TABLE IF EXISTS transforms.insert_select_1000 /* QNO 233 CON_ID 20 */
		    22 Query	LOAD DATA INFILE 'load_event' IGNORE INTO TABLE event /* QNO 253 CON_ID 22 */
		    22 Query	DELETE FROM `time_zone` WHERE `Time_zone_id` < 'v' LIMIT 8 /* QNO 254 CON_ID 22 */
		    17 Query	INSERT INTO `PARTITIONS` SELECT * FROM `INNODB_SYS_TABLES` /* QNO 249 CON_ID 17 */
		    20 Query	SHOW WARNINGS
		    20 Query	CREATE TABLE transforms.insert_select_1000  SELECT * FROM mysql.`column_stats` AS table1 LIMIT 129 /* QNO 227 CON_ID 20 */  /* QNO 234 CON_ID 20 */
		    22 Query	UPDATE performance_schema.setup_timers SET timer_name = 'MILLISECOND' /* QNO 255 CON_ID 22 */
		    17 Query	XA ROLLBACK 'non_prepared_xid'  /* QNO 250 CON_ID 17 */
		    22 Query	CREATE OR REPLACE VIEW transforms.view_4708_probe AS UPDATE performance_schema.setup_timers SET timer_name = 'MILLISECOND' /* QNO 255 CON_ID 22 */  /* QNO 256 CON_ID 22 */
		    21 Query	SHOW WARNINGS
		    17 Query	INSERT INTO `INNODB_BUFFER_PAGE` SELECT * FROM `GLOBAL_VARIABLES` /* QNO 251 CON_ID 17 */
		    22 Query	UNLOCK TABLES /* QNO 257 CON_ID 22 */
		    17 Query	DELETE FROM `INNODB_FT_BEING_DELETED` WHERE `DOC_ID` > 'c' LIMIT 4 /* QNO 252 CON_ID 17 */
		    21 Query	DROP VIEW IF EXISTS transforms.view_4888_merge , transforms.view_4888_temptable /* QNO 209 CON_ID 21 */
		    17 Query	SHOW TABLES /* QNO 253 CON_ID 17 */
		    22 Query	CREATE OR REPLACE VIEW transforms.view_4708_probe AS UNLOCK TABLES /* QNO 257 CON_ID 22 */  /* QNO 258 CON_ID 22 */
		    21 Query	SHOW WARNINGS
		    21 Query	CREATE OR REPLACE ALGORITHM=MERGE VIEW transforms.view_4888_merge AS  SELECT * FROM performance_schema.`file_summary_by_instance` AS table1 ORDER BY table1.`AVG_TIMER_WRITE`, table1.`COUNT_STAR` LIMIT 4 /* QNO 184 CON_ID 21 */  /* QNO 210 CON_ID 21 */
		    17 Query	INSERT INTO `SCHEMATA` ( `pk` ) VALUES (NULL) /* QNO 254 CON_ID 17 */
		    22 Query	DELETE FROM `help_relation` WHERE `help_topic_id` != 8 LIMIT 4 /* QNO 259 CON_ID 22 */
		    17 Query	SHOW ENGINE PERFORMANCE_SCHEMA STATUS /* QNO 255 CON_ID 17 */
		    22 Query	SET STATEMENT `sql_mode`=ORACLE FOR SELECT seq4.nextval /* QNO 260 CON_ID 22 */
		    17 Query	CREATE OR REPLACE VIEW transforms.view_3980_probe AS SHOW ENGINE PERFORMANCE_SCHEMA STATUS /* QNO 255 CON_ID 17 */  /* QNO 256 CON_ID 17 */
		    22 Query	TRUNCATE TABLE performance_schema.events_waits_history_long /* QNO 261 CON_ID 22 */
		    22 Query	UPDATE performance_schema.setup_instruments SET ENABLED = 'YES' ORDER BY RAND() LIMIT 4 /* QNO 262 CON_ID 22 */
		    17 Query	SELECT * from `INNODB_SYS_FIELDS` WHERE row_end IN (SELECT row_start FROM `INNODB_SYS_COLUMNS`) /* QNO 257 CON_ID 17 */
		    17 Query	SHOW ENGINE PERFORMANCE_SCHEMA STATUS /* QNO 258 CON_ID 17 */
		    17 Query	CREATE OR REPLACE VIEW transforms.view_3980_probe AS SHOW ENGINE PERFORMANCE_SCHEMA STATUS /* QNO 258 CON_ID 17 */  /* QNO 259 CON_ID 17 */
		    17 Query	UPDATE performance_schema.setup_timers SET timer_name = 'CYCLE' /* QNO 260 CON_ID 17 */
		    17 Query	ALTER IGNORE TABLE t8 DEFAULT CHARACTER SET = latin1 /* QNO 261 CON_ID 17 */
		    17 Query	INSERT INTO `PARAMETERS` ( `pk` ) VALUES (NULL) /* QNO 262 CON_ID 17 */
		    17 Query	SELECT * FROM (test.`t9` AS table1 RIGHT OUTER JOIN performance_schema.`events_waits_summary_by_instance` AS table2 ON ( table2.`EVENT_NAME` = table1.`vcol_date` ) ) LIMIT 196 /* QNO 263 CON_ID 17 */
		    17 Query	DELETE FROM `view_t3` WHERE `col_bit` >= 'bz' LIMIT 9 /* QNO 264 CON_ID 17 */
		    17 Query	INSERT INTO seq5 VALUES (-6871085656483823616, -6874181881227640832, 3649110016, -1916563116422856704, 2, 141, 1, 0) /* QNO 265 CON_ID 17 */
		    17 Query	TRUNCATE TABLE performance_schema.events_waits_history /* QNO 266 CON_ID 17 */
		    17 Query	UNLOCK TABLES /* QNO 267 CON_ID 17 */
		    17 Query	CREATE OR REPLACE VIEW transforms.view_3980_probe AS UNLOCK TABLES /* QNO 267 CON_ID 17 */  /* QNO 268 CON_ID 17 */
		    17 Query	UPDATE performance_schema.setup_timers SET timer_name = 'NANOSECOND' /* QNO 269 CON_ID 17 */
		    17 Query	INSERT INTO `t3` SELECT * FROM `t5` /* QNO 270 CON_ID 17 */
		    17 Query	INSERT INTO `view_t4` ( `pk` ) VALUES (NULL) /* QNO 271 CON_ID 17 */
		    17 Query	ALTER TABLE `t7` PARTITION BY KEY(ncol2) /* QNO 272 CON_ID 17 */
		    17 Query	SELECT * FROM INFORMATION_SCHEMA.TABLES WHERE TABLE_NAME = 't7' /* QNO 273 CON_ID 17 */
		    17 Query	SET STATEMENT `sql_mode`=ORACLE FOR SELECT seq7.currval /* QNO 274 CON_ID 17 */
		    17 Query	UPDATE performance_schema.setup_timers SET timer_name = 'TICK' /* QNO 275 CON_ID 17 */
		    17 Query	SHOW ENGINE PERFORMANCE_SCHEMA STATUS /* QNO 276 CON_ID 17 */
		    22 Query	CREATE OR REPLACE VIEW transforms.view_4708_probe AS UPDATE performance_schema.setup_instruments SET ENABLED = 'YES' ORDER BY RAND() LIMIT 4 /* QNO 262 CON_ID 22 */  /* QNO 263 CON_ID 22 */
		    17 Query	CREATE OR REPLACE VIEW transforms.view_3980_probe AS SHOW ENGINE PERFORMANCE_SCHEMA STATUS /* QNO 276 CON_ID 17 */  /* QNO 277 CON_ID 17 */
		    22 Query	SHOW ENGINE PERFORMANCE_SCHEMA STATUS /* QNO 264 CON_ID 22 */
		    17 Query	SHOW ENGINE PERFORMANCE_SCHEMA STATUS /* QNO 278 CON_ID 17 */
		    22 Query	CREATE OR REPLACE VIEW transforms.view_4708_probe AS SHOW ENGINE PERFORMANCE_SCHEMA STATUS /* QNO 264 CON_ID 22 */  /* QNO 265 CON_ID 22 */
		    17 Query	CREATE OR REPLACE VIEW transforms.view_3980_probe AS SHOW ENGINE PERFORMANCE_SCHEMA STATUS /* QNO 278 CON_ID 17 */  /* QNO 279 CON_ID 17 */
		    22 Query	SHOW ENGINE PERFORMANCE_SCHEMA STATUS /* QNO 266 CON_ID 22 */
		    22 Query	CREATE OR REPLACE VIEW transforms.view_4708_probe AS SHOW ENGINE PERFORMANCE_SCHEMA STATUS /* QNO 266 CON_ID 22 */  /* QNO 267 CON_ID 22 */
		    17 Query	INSERT INTO `view_t5` SELECT * FROM `t1` /* QNO 280 CON_ID 17 */
		    22 Query	SELECT * FROM seq8 /* QNO 268 CON_ID 22 */
		    16 Execute	CREATE OR REPLACE VIEW n AS SELECT * FROM `t1` /* QNO 233 CON_ID 16 */
		    17 Query	DELETE FROM `t3` WHERE `vcol_varchar` <= 'zk' LIMIT 2 /* QNO 281 CON_ID 17 */
		    22 Query	SHOW ENGINE PERFORMANCE_SCHEMA STATUS /* QNO 269 CON_ID 22 */
		    17 Query	XA RECOVER /* QNO 282 CON_ID 17 */
		    17 Query	CREATE OR REPLACE VIEW transforms.view_3980_probe AS XA RECOVER /* QNO 282 CON_ID 17 */  /* QNO 283 CON_ID 17 */
		    22 Query	CREATE OR REPLACE VIEW transforms.view_4708_probe AS SHOW ENGINE PERFORMANCE_SCHEMA STATUS /* QNO 269 CON_ID 22 */  /* QNO 270 CON_ID 22 */
		    17 Query	UNLOCK TABLES /* QNO 284 CON_ID 17 */
		    22 Query	SHOW ENGINE PERFORMANCE_SCHEMA STATUS /* QNO 271 CON_ID 22 */
		    17 Query	CREATE OR REPLACE VIEW transforms.view_3980_probe AS UNLOCK TABLES /* QNO 284 CON_ID 17 */  /* QNO 285 CON_ID 17 */
		    17 Query	UPDATE `view_t2` SET scol8 = DEFAULT LIMIT 1 /* QNO 286 CON_ID 17 */
		    22 Query	CREATE OR REPLACE VIEW transforms.view_4708_probe AS SHOW ENGINE PERFORMANCE_SCHEMA STATUS /* QNO 271 CON_ID 22 */  /* QNO 272 CON_ID 22 */
		    17 Query	DROP TABLE IF EXISTS tmp_rename_3980  /* QNO 287 CON_ID 17 */
		    17 Query	RENAME TABLE t3 TO tmp_rename_3980, tmp_rename_3980 TO t3 /* QNO 288 CON_ID 17 */
		    22 Query	UPDATE `gtid_slave_pos` SET `seq_no` = 9 WHERE `sub_id` >= 8 /* QNO 273 CON_ID 22 */
		    17 Query	SELECT * FROM (test.`t8` AS table1 INNER JOIN test.`t2` AS table2 ON ( table2.`col_year` = table1.`pk` ) ) WHERE ( ( (NOT (NOT ( table1.`vcol_dec` LIKE '%sql%' AND table1.`vcol_datetime` >= table1.`vcol_varchar`) OR table1.`col_varchar` != '1979-02-05 23:14:39.008886') OR table2.`col_date` > 'k') OR table1.`pk` <= 5) AND table2.`col_blob` IN ( 7, 5, 1 )) ORDER BY table2.`vcol_datetime` LIMIT 207 /* QNO 289 CON_ID 17 */
		    22 Query	SELECT row_start FROM `column_stats` ORDER BY RAND() LIMIT 1 INTO @trx /* QNO 274 CON_ID 22 */
		    17 Query	SHOW ENGINE PERFORMANCE_SCHEMA STATUS /* QNO 290 CON_ID 17 */
		    22 Query	SHOW ENGINE PERFORMANCE_SCHEMA STATUS /* QNO 275 CON_ID 22 */
		    17 Query	CREATE OR REPLACE VIEW transforms.view_3980_probe AS SHOW ENGINE PERFORMANCE_SCHEMA STATUS /* QNO 290 CON_ID 17 */  /* QNO 291 CON_ID 17 */
		    22 Query	CREATE OR REPLACE VIEW transforms.view_4708_probe AS SHOW ENGINE PERFORMANCE_SCHEMA STATUS /* QNO 275 CON_ID 22 */  /* QNO 276 CON_ID 22 */
		    17 Query	SELECT * FROM `view_t6` INTO OUTFILE 'load_view_t6'  /* QNO 292 CON_ID 17 */
		    17 Query	LOAD DATA INFILE 'load_view_t6' IGNORE INTO TABLE view_t6 /* QNO 293 CON_ID 17 */
		    17 Query	SELECT * FROM test.`t6` AS table1 HAVING NOT table1.`col_dec` <= 'c' ORDER BY table1.`vcol_date` LIMIT 95 /* QNO 294 CON_ID 17 */
		    22 Query	SELECT * FROM (mysql.`gtid_slave_pos` AS table1 RIGHT OUTER JOIN performance_schema.`socket_instances` AS table2 ON ( table2.`EVENT_NAME` = table1.`seq_no` ) ) ORDER BY table1.`domain_id`, table2.`EVENT_NAME` LIMIT 201 /* QNO 277 CON_ID 22 */
		    17 Query	UPDATE performance_schema.setup_consumers SET enabled = 'NO' WHERE name LIKE 'file%' /* QNO 295 CON_ID 17 */
		    22 Query	/* GenTest::Transform::ExecuteAsCTE */  WITH cte1 AS ( SELECT * FROM( mysql.`gtid_slave_pos` AS table1 RIGHT OUTER JOIN performance_schema.`socket_instances` AS table2 ON( table2.`EVENT_NAME` = table1.`seq_no`)) ORDER BY table1.`domain_id`, table2.`EVENT_NAME` LIMIT 201 /* QNO 277 CON_ID 22 */ ) SELECT * FROM cte1  /* TRANSFORM_OUTCOME_UNORDERED_MATCH */ /* QNO 278 CON_ID 22 */
		    17 Query	INSERT INTO `view_t3` ( `pk` ) VALUES (NULL) /* QNO 296 CON_ID 17 */
		    22 Query	/* GenTest::Transform::ExecuteAsDeleteReturning */ CREATE DATABASE IF NOT EXISTS transforms /* QNO 279 CON_ID 22 */
		    17 Query	UPDATE performance_schema.setup_consumers SET enabled = 'NO' WHERE name LIKE 'events%' /* QNO 297 CON_ID 17 */
		    22 Query	/* GenTest::Transform::ExecuteAsExcept */ (  SELECT * FROM (mysql.`gtid_slave_pos` AS table1 RIGHT OUTER JOIN performance_schema.`socket_instances` AS table2 ON ( table2.`EVENT_NAME` = table1.`seq_no` ) ) ORDER BY table1.`domain_id`, table2.`EVENT_NAME` LIMIT 201 /* QNO 277 CON_ID 22 */  ) EXCEPT (  SELECT * FROM (mysql.`gtid_slave_pos` AS table1 RIGHT OUTER JOIN performance_schema.`socket_instances` AS table2 ON ( table2.`EVENT_NAME` = table1.`seq_no` ) ) ORDER BY table1.`domain_id`, table2.`EVENT_NAME` LIMIT 0 /* QNO 277 CON_ID 22 */  ) /* TRANSFORM_OUTCOME_DISTINCT */ /* QNO 280 CON_ID 22 */
		    17 Query	UPDATE performance_schema.setup_consumers SET enabled = 'YES' WHERE name LIKE 'events%' /* QNO 298 CON_ID 17 */
		    17 Query	SELECT * FROM `view_t7` INTO OUTFILE 'load_view_t7'  /* QNO 299 CON_ID 17 */
		    17 Query	LOAD DATA INFILE 'load_view_t7' REPLACE INTO TABLE view_t7 /* QNO 300 CON_ID 17 */
		    17 Query	ALTER IGNORE TABLE t5 MODIFY COLUMN icol3 MEDIUMINT NOT NULL FIRST, LOCK=NONE, ADD CONSTRAINT CHECK (`col_timestamp` <= ecol3) /* QNO 301 CON_ID 17 */
		    17 Query	SHOW ENGINE PERFORMANCE_SCHEMA STATUS /* QNO 302 CON_ID 17 */
		    17 Query	CREATE OR REPLACE VIEW transforms.view_3980_probe AS SHOW ENGINE PERFORMANCE_SCHEMA STATUS /* QNO 302 CON_ID 17 */  /* QNO 303 CON_ID 17 */
		    17 Query	ALTER TABLE t1 DROP FOREIGN KEY q, DROP FOREIGN KEY IF EXISTS p /* QNO 304 CON_ID 17 */
		    17 Query	ALTER IGNORE TABLE `view_t9` DROP COLUMN IF EXISTS vcol1  /* QNO 305 CON_ID 17 */
		    17 Query	SET STATEMENT system_versioning_alter_history=KEEP FOR ALTER TABLE t5 ADD PARTITION IF NOT EXISTS (PARTITION ver_p2 HISTORY) /* QNO 306 CON_ID 17 */
		    17 Query	INSERT INTO seq7 VALUES (0, 7044192767160877056, 2340182956372393984, -43, 7, 12, 1, 1) /* QNO 307 CON_ID 17 */
		    17 Query	ALTER ONLINE TABLE t4 /*!100301 WAIT 5 */ ALTER COLUMN ecol6 DROP DEFAULT /* QNO 308 CON_ID 17 */
		    17 Query	SELECT * FROM `t1` INTO OUTFILE 'load_t1'  /* QNO 309 CON_ID 17 */
		    17 Query	LOAD DATA INFILE 'load_t1' REPLACE INTO TABLE t1 /* QNO 310 CON_ID 17 */
		    17 Query	TRUNCATE TABLE performance_schema.events_waits_history /* QNO 311 CON_ID 17 */
		    17 Query	UPDATE performance_schema.setup_instruments SET ENABLED = 'NO' ORDER BY RAND() LIMIT 2 /* QNO 312 CON_ID 17 */
		    17 Query	SHOW ENGINE PERFORMANCE_SCHEMA STATUS /* QNO 313 CON_ID 17 */
		    17 Query	CREATE OR REPLACE VIEW transforms.view_3980_probe AS SHOW ENGINE PERFORMANCE_SCHEMA STATUS /* QNO 313 CON_ID 17 */  /* QNO 314 CON_ID 17 */
		    17 Query	SELECT * FROM performance_schema.`file_summary_by_event_name` AS table1 WHERE NOT table1.`MIN_TIMER_WRITE` <> 'l' ORDER BY table1.`SUM_NUMBER_OF_BYTES_READ` LIMIT 37 /* QNO 315 CON_ID 17 */
		    17 Query	UPDATE `cond_instances` SET `NAME` = 'az' WHERE `NAME` != 3 /* QNO 316 CON_ID 17 */
		    17 Query	ALTER TABLE t7 DROP INDEX ind5 /* QNO 317 CON_ID 17 */
		    17 Query	ALTER TABLE t5 ADD FOREIGN KEY (`OBJECT_INSTANCE_BEGIN`) REFERENCES `events_waits_history_long` (tcol10) ON DELETE CASCADE, ADD IF NOT EXISTS scol4 VARBINARY(37770) NULL, ALGORITHM=DEFAULT, LOCK=DEFAULT, ADD INDEX(tcol1), ALGORITHM=DEFAULT  /* QNO 318 CON_ID 17 */
		    17 Query	SELECT * from t7 WHERE row_start IN (SELECT row_start FROM `rwlock_instances`) /* QNO 319 CON_ID 17 */
		    17 Query	ALTER SEQUENCE IF EXISTS seq3 NOMAXVALUE INCREMENT BY 88 /* QNO 320 CON_ID 17 */
		    17 Query	XA START 'xid96'  /* QNO 321 CON_ID 17 */
		    17 Query	SELECT * FROM INFORMATION_SCHEMA.`INNODB_MUTEXES` AS table1 WHERE table1.`NAME` LIKE '%mysys%' LIMIT 155 /* QNO 322 CON_ID 17 */
		    17 Query	INSERT INTO `FILES` ( `pk` ) VALUES (NULL) /* QNO 323 CON_ID 17 */
		    17 Query	UPDATE performance_schema.setup_timers SET timer_name = 'TICK' /* QNO 324 CON_ID 17 */
		    17 Query	SELECT * FROM `PROCESSLIST` INTO OUTFILE 'load_PROCESSLIST'  /* QNO 325 CON_ID 17 */
		    17 Query	LOAD DATA INFILE 'load_PROCESSLIST' REPLACE INTO TABLE PROCESSLIST /* QNO 326 CON_ID 17 */
		    17 Query	INSERT INTO `INNODB_SYS_INDEXES` SELECT * FROM `STATISTICS` /* QNO 327 CON_ID 17 */
		    17 Query	DELETE FROM `GLOBAL_STATUS` WHERE `VARIABLE_NAME` <= 7 LIMIT 0 /* QNO 328 CON_ID 17 */
		    17 Query	INSERT INTO `INNODB_SYS_VIRTUAL` SELECT * FROM `COLLATIONS` /* QNO 329 CON_ID 17 */
		    17 Query	SELECT * FROM `STATISTICS` INTO OUTFILE 'load_STATISTICS'  /* QNO 330 CON_ID 17 */
		    17 Query	LOAD DATA INFILE 'load_STATISTICS' REPLACE INTO TABLE STATISTICS /* QNO 331 CON_ID 17 */
		    17 Query	UPDATE performance_schema.setup_consumers SET enabled = 'NO' WHERE name LIKE 'file%' /* QNO 332 CON_ID 17 */
		    17 Query	ALTER TABLE t5 ADD CONSTRAINT y FOREIGN KEY y (ncol4) REFERENCES t7 (`TABLE_SCHEMA`, ncol10, tcol5) ON UPDATE CASCADE /* QNO 333 CON_ID 17 */
		    17 Query	ALTER TABLE t4 /*!100301 WAIT 3 */ ADD FOREIGN KEY w (scol3) REFERENCES `PARAMETERS` (ecol7) ON UPDATE SET NULL /* QNO 334 CON_ID 17 */
		    17 Query	SELECT * from t1 WHERE row_end IN (SELECT row_end FROM t2) /* QNO 335 CON_ID 17 */
		    17 Query	XA PREPARE 'xid195'  /* QNO 336 CON_ID 17 */
		    17 Query	CREATE OR REPLACE VIEW transforms.view_3980_probe AS XA PREPARE 'xid195'  /* QNO 336 CON_ID 17 */  /* QNO 337 CON_ID 17 */
		    17 Query	XA RECOVER /* QNO 338 CON_ID 17 */
		    17 Query	CREATE OR REPLACE VIEW transforms.view_3980_probe AS XA RECOVER /* QNO 338 CON_ID 17 */  /* QNO 339 CON_ID 17 */
		    17 Query	ALTER TABLE t3 ADD SYSTEM VERSIONING, ADD SYSTEM VERSIONING, DROP PRIMARY KEY, ROW_FORMAT=COMPRESSED, ADD UNIQUE(tcol6, tcol3), LOCK=NONE, CHANGE COLUMN vcol5 ecol7 SET('foo','bar') NOT NULL, ALGORITHM=COPY  /* QNO 340 CON_ID 17 */
		    17 Query	SELECT * FROM `INNODB_FT_BEING_DELETED` INTO OUTFILE 'load_INNODB_FT_BEING_DELETED'  /* QNO 341 CON_ID 17 */
		    17 Query	LOAD DATA INFILE 'load_INNODB_FT_BEING_DELETED' IGNORE INTO TABLE INNODB_FT_BEING_DELETED /* QNO 342 CON_ID 17 */
		    17 Query	SELECT * from t3 WHERE row_start IN (SELECT row_end FROM `FILES`) /* QNO 343 CON_ID 17 */
		    17 Query	SHOW ENGINE PERFORMANCE_SCHEMA STATUS /* QNO 344 CON_ID 17 */
		    17 Query	CREATE OR REPLACE VIEW transforms.view_3980_probe AS SHOW ENGINE PERFORMANCE_SCHEMA STATUS /* QNO 344 CON_ID 17 */  /* QNO 345 CON_ID 17 */
		    17 Query	UPDATE performance_schema.setup_consumers SET enabled = 'YES' WHERE name IN ( 'events_waits_history', 'events_waits_history', 'events_waits_history_long', 'file_summary_by_event_name' ) /* QNO 346 CON_ID 17 */
		    17 Query	SELECT * FROM mysql.`help_relation` AS table1 WHERE NOT table1.`help_keyword_id` LIKE 'wait/synch/rwlock%' LIMIT 105 /* QNO 347 CON_ID 17 */
		    17 Query	RENAME TABLE seq2 TO seq4 /* QNO 348 CON_ID 17 */
		    17 Query	SELECT * from `time_zone_leap_second` FOR system_time BETWEEN TRANSACTION @trx AND NOW(6) /* QNO 349 CON_ID 17 */
		    17 Query	UPDATE performance_schema.setup_instruments SET ENABLED = 'NO' WHERE NAME LIKE '%sql%' /* QNO 350 CON_ID 17 */
		    17 Query	ALTER TABLE t6 DROP INDEX ind8, ADD CONSTRAINT CHECK (tscol7 NOT LIKE icol8), ADD FULLTEXT KEY(scol5), ALGORITHM=INPLACE, LOCK=SHARED /* QNO 351 CON_ID 17 */
		    17 Query	SHOW ENGINE PERFORMANCE_SCHEMA STATUS /* QNO 352 CON_ID 17 */
		    17 Query	CREATE OR REPLACE VIEW transforms.view_3980_probe AS SHOW ENGINE PERFORMANCE_SCHEMA STATUS /* QNO 352 CON_ID 17 */  /* QNO 353 CON_ID 17 */
		    17 Query	SHOW ENGINE PERFORMANCE_SCHEMA STATUS /* QNO 354 CON_ID 17 */
		    17 Query	CREATE OR REPLACE VIEW transforms.view_3980_probe AS SHOW ENGINE PERFORMANCE_SCHEMA STATUS /* QNO 354 CON_ID 17 */  /* QNO 355 CON_ID 17 */
		    17 Query	INSERT INTO seq4 VALUES (25729, -5035024383400214528, 0, 0, 9, 191, 1, 1) /* QNO 356 CON_ID 17 */
		    17 Query	CREATE SEQUENCE IF NOT EXISTS seq4 NO MAXVALUE ENGINE=InnoDB /* QNO 357 CON_ID 17 */
		    17 Query	UPDATE `host` SET `Lock_tables_priv` = '1997-07-14 04:25:11.033821' WHERE `Trigger_priv` != '2031-03-03 13:32:51.056503' /* QNO 358 CON_ID 17 */
		    17 Query	ALTER ONLINE TABLE `columns_priv` ADD CONSTRAINT g CHECK (ecol4 LIKE `Timestamp`), ADD IF NOT EXISTS `non_existing_column` INT UNSIGNED NULL /*!100303 INVISIBLE */, ALGORITHM=COPY  /* QNO 359 CON_ID 17 */
		    17 Query	SELECT * from t9 WHERE row_end IN (SELECT row_start FROM `index_stats`) /* QNO 360 CON_ID 17 */
		    17 Query	TRUNCATE TABLE performance_schema.file_summary_by_event_name /* QNO 361 CON_ID 17 */
		    17 Query	SHOW ENGINE PERFORMANCE_SCHEMA STATUS /* QNO 362 CON_ID 17 */
		    17 Query	CREATE OR REPLACE VIEW transforms.view_3980_probe AS SHOW ENGINE PERFORMANCE_SCHEMA STATUS /* QNO 362 CON_ID 17 */  /* QNO 363 CON_ID 17 */
		    17 Query	UNLOCK TABLES /* QNO 364 CON_ID 17 */
		    17 Query	CREATE OR REPLACE VIEW transforms.view_3980_probe AS UNLOCK TABLES /* QNO 364 CON_ID 17 */  /* QNO 365 CON_ID 17 */
		    17 Query	ALTER TABLE t5 DROP PRIMARY KEY, ADD FULLTEXT KEY(`table_name`), RENAME TO `general_log`  /* QNO 366 CON_ID 17 */
		    17 Query	SELECT * FROM (performance_schema.`threads` AS table1 RIGHT OUTER JOIN performance_schema.`events_waits_history` AS table2 ON ( table2.`FLAGS` = table1.`TYPE` ) ) WHERE table2.`OBJECT_NAME` >= table1.`PROCESSLIST_INFO` LIMIT 242 /* QNO 367 CON_ID 17 */
		    17 Query	UPDATE performance_schema.setup_timers SET timer_name = 'MILLISECOND' /* QNO 368 CON_ID 17 */
		    17 Query	INSERT INTO `setup_timers` SELECT * FROM `events_stages_summary_by_user_by_event_name` /* QNO 369 CON_ID 17 */
		    17 Query	SHOW ENGINE PERFORMANCE_SCHEMA STATUS /* QNO 370 CON_ID 17 */
		    17 Query	CREATE OR REPLACE VIEW transforms.view_3980_probe AS SHOW ENGINE PERFORMANCE_SCHEMA STATUS /* QNO 370 CON_ID 17 */  /* QNO 371 CON_ID 17 */
		    17 Query	UPDATE performance_schema.setup_consumers SET enabled = 'NO' WHERE name LIKE 'file%' /* QNO 372 CON_ID 17 */
		    17 Query	DELETE FROM `events_waits_history` WHERE `INDEX_NAME` != 'zf' LIMIT 4 /* QNO 373 CON_ID 17 */
		    17 Query	TRUNCATE TABLE performance_schema.events_waits_history_long /* QNO 374 CON_ID 17 */
		    17 Query	INSERT INTO seq5 VALUES (8308, 0, 455707987294552064, 53204, 5, 81, 0, 1) /* QNO 375 CON_ID 17 */
		    17 Query	SELECT row_end FROM `events_waits_current` ORDER BY RAND() LIMIT 1 INTO @trx /* QNO 376 CON_ID 17 */
		    17 Query	INSERT INTO `host_cache` ( `pk` ) VALUES (NULL) /* QNO 377 CON_ID 17 */
		    17 Query	SELECT * FROM seq7 /* QNO 378 CON_ID 17 */
		    17 Query	FLUSH TABLES /* QNO 379 CON_ID 17 */
		    17 Query	UPDATE `hosts` SET `HOST` = 3 WHERE `HOST` <> 'fd' /* QNO 380 CON_ID 17 */
		    17 Query	SELECT * FROM INFORMATION_SCHEMA.`INNODB_CMP_PER_INDEX` AS table1 LIMIT 173 /* QNO 381 CON_ID 17 */
		    17 Query	ALTER ONLINE TABLE t7 /*!100301 WAIT 4 */ DROP INDEX ind3, FORCE, LOCK=NONE, ALGORITHM=DEFAULT, RENAME TO t3 /* QNO 382 CON_ID 17 */
		    17 Query	UPDATE performance_schema.setup_timers SET timer_name = 'NANOSECOND' /* QNO 383 CON_ID 17 */
		    17 Query	UPDATE `INNODB_TRX` SET `trx_weight` = 'd' WHERE `trx_rows_modified` < 2 /* QNO 384 CON_ID 17 */
		    17 Query	INSERT INTO `ENGINES` SELECT * FROM `KEY_COLUMN_USAGE` /* QNO 385 CON_ID 17 */
		    17 Query	ALTER TABLE t8 /*!100301 NOWAIT */ MODIFY COLUMN IF EXISTS tcol9 TIME NULL /*!100303 INVISIBLE */, LOCK=EXCLUSIVE, ADD KEY(tcol9, tcol5), ALGORITHM=INPLACE, LOCK=EXCLUSIVE, DROP CONSTRAINT IF EXISTS o, ADD CONSTRAINT g PRIMARY KEY(ncol9)  /* QNO 386 CON_ID 17 */
		    17 Query	SELECT * FROM test.`view_t4` AS table1 WHERE ( (NOT table1.`col_time` LIKE 'wait%' OR table1.`col_dec` < '2002-12-03 05:30:40.030772') AND table1.`pk` IN ( 8, 8, 5 )) LIMIT 179 /* QNO 387 CON_ID 17 */
		    17 Query	ALTER ONLINE TABLE t3 /*!100301 WAIT 2 */ DROP COLUMN IF EXISTS ecol2, LOCK=SHARED /* QNO 388 CON_ID 17 */
		    17 Query	XA COMMIT 'non_idle_xid' ONE PHASE  /* QNO 389 CON_ID 17 */
		    17 Query	UPDATE `view_t2` SET `vcol_timestamp` = 5 WHERE `vcol_char` > 'yv' /* QNO 390 CON_ID 17 */
		    17 Query	SELECT * FROM seq2 /* QNO 391 CON_ID 17 */
		    17 Query	TRUNCATE TABLE performance_schema.events_waits_current /* QNO 392 CON_ID 17 */
		    17 Query	SELECT * from `t4` WHERE row_end > @trx /* QNO 393 CON_ID 17 */
		    17 Query	UPDATE performance_schema.setup_instruments SET TIMED = 'YES' WHERE NAME LIKE '%sql%' /* QNO 394 CON_ID 17 */
		    17 Query	SELECT SETVAL(seq3, 45041) /* QNO 395 CON_ID 17 */
		    17 Query	SELECT * FROM (INFORMATION_SCHEMA.`INNODB_BUFFER_POOL_STATS` AS table1 LEFT JOIN INFORMATION_SCHEMA.`KEY_CACHES` AS table2 ON ( table2.`SEGMENT_NUMBER` = table1.`PAGES_MADE_NOT_YOUNG_RATE` ) ) WHERE ( ( table2.`WRITES` = '2028-07-12 19:39:09.002409' AND table2.`FULL_SIZE` LIKE 'wait/synch%') AND table2.`READS` = table1.`READ_AHEAD_EVICTED_RATE`) HAVING NOT ( table2.`USED_BLOCKS` >= 0 OR table2.`USED_BLOCKS` = '2006-03-12 19:21:32.002015') LIMIT 185 /* QNO 396 CON_ID 17 */
		    17 Query	XA START 'xid22'  /* QNO 397 CON_ID 17 */
		    17 Query	XA ROLLBACK 'xid195'  /* QNO 398 CON_ID 17 */
		    17 Query	SHOW WARNINGS
		    17 Query	ALTER TABLE `SCHEMATA` MODIFY COLUMN scol2 VARBINARY(54143) NULL DEFAULT NULL /*!100303 INVISIBLE */ /*!100201 CHECK (`non_existing_column` LIKE tscol10) */, LOCK=NONE /* QNO 399 CON_ID 17 */
		    17 Query	INSERT INTO `INNODB_CMP_PER_INDEX` ( `pk` ) VALUES (NULL) /* QNO 400 CON_ID 17 */
		    17 Query	TRUNCATE TABLE performance_schema.events_waits_current /* QNO 401 CON_ID 17 */
		    17 Query	CREATE OR REPLACE VIEW transforms.view_3980_probe AS TRUNCATE TABLE performance_schema.events_waits_current /* QNO 401 CON_ID 17 */  /* QNO 402 CON_ID 17 */
		    17 Query	TRUNCATE TABLE performance_schema.file_summary_by_event_name /* QNO 403 CON_ID 17 */
		    17 Query	CREATE OR REPLACE VIEW transforms.view_3980_probe AS TRUNCATE TABLE performance_schema.file_summary_by_event_name /* QNO 403 CON_ID 17 */  /* QNO 404 CON_ID 17 */
		    17 Query	UPDATE performance_schema.setup_instruments SET TIMED = 'YES' WHERE NAME LIKE '%myisam%' /* QNO 405 CON_ID 17 */
		    17 Query	CREATE OR REPLACE VIEW transforms.view_3980_probe AS UPDATE performance_schema.setup_instruments SET TIMED = 'YES' WHERE NAME LIKE '%myisam%' /* QNO 405 CON_ID 17 */  /* QNO 406 CON_ID 17 */
		    17 Query	TRUNCATE TABLE performance_schema.events_waits_history_long /* QNO 407 CON_ID 17 */
