		    21 Query	/* GenTest::Transform::ExecuteAsUnion */ ( SELECT * FROM mysql.transaction_registry /* QNO 440 CON_ID 21 */  ) UNION ALL ( SELECT * FROM mysql.transaction_registry /* QNO 440 CON_ID 21 */  LIMIT 0 ) /* TRANSFORM_OUTCOME_UNORDERED_MATCH */ /* QNO 449 CON_ID 21 */
		    18 Query	/* GenTest::Transform::ExecuteAsUnion */ (  SELECT * FROM mysql.`innodb_table_stats` AS table1 WHERE NOT table1.`n_rows` < 8 ORDER BY table1.`sum_of_other_index_sizes` LIMIT 77 /* QNO 367 CON_ID 18 */  ) UNION ALL (  SELECT * FROM mysql.`innodb_table_stats` AS table1 WHERE NOT table1.`n_rows` < 8 ORDER BY table1.`sum_of_other_index_sizes` LIMIT 0 /* QNO 367 CON_ID 18 */  ) /* TRANSFORM_OUTCOME_UNORDERED_MATCH */ /* QNO 385 CON_ID 18 */
		    21 Query	( SELECT * FROM mysql.transaction_registry /* QNO 440 CON_ID 21 */  LIMIT 0 ) UNION ALL ( SELECT * FROM mysql.transaction_registry /* QNO 440 CON_ID 21 */  ) /* TRANSFORM_OUTCOME_UNORDERED_MATCH */ /* QNO 450 CON_ID 21 */
		    21 Query	( SELECT * FROM mysql.transaction_registry /* QNO 440 CON_ID 21 */  ) UNION DISTINCT ( SELECT * FROM mysql.transaction_registry /* QNO 440 CON_ID 21 */  ) /* TRANSFORM_OUTCOME_DISTINCT */ /* QNO 451 CON_ID 21 */
		    21 Query	( SELECT * FROM mysql.transaction_registry /* QNO 440 CON_ID 21 */  ) UNION ALL ( SELECT * FROM mysql.transaction_registry /* QNO 440 CON_ID 21 */  ) /* TRANSFORM_OUTCOME_SUPERSET */ /* QNO 452 CON_ID 21 */
		    21 Query	CREATE OR REPLACE VIEW transforms.view_4888_probe AS SELECT * FROM mysql.transaction_registry /* QNO 440 CON_ID 21 */  /* QNO 453 CON_ID 21 */
		    17 Query	XA ROLLBACK 'non_prepared_xid'  /* QNO 669 CON_ID 17 */
		    18 Query	(  SELECT * FROM mysql.`innodb_table_stats` AS table1 WHERE NOT table1.`n_rows` < 8 ORDER BY table1.`sum_of_other_index_sizes` LIMIT 0 /* QNO 367 CON_ID 18 */  ) UNION ALL (  SELECT * FROM mysql.`innodb_table_stats` AS table1 WHERE NOT table1.`n_rows` < 8 ORDER BY table1.`sum_of_other_index_sizes` LIMIT 77 /* QNO 367 CON_ID 18 */  ) /* TRANSFORM_OUTCOME_UNORDERED_MATCH */ /* QNO 386 CON_ID 18 */
		    21 Query	/* GenTest::Transform::ExecuteAsPreparedTwice */ PREPARE prep_stmt_4888 FROM 'SELECT * FROM mysql.transaction_registry /* QNO 440 CON_ID 21 */ ' /* QNO 454 CON_ID 21 */
		    21 Prepare	SELECT * FROM mysql.transaction_registry /* QNO 440 CON_ID 21 */
		    21 Query	EXECUTE prep_stmt_4888 /* TRANSFORM_OUTCOME_UNORDERED_MATCH */ /* QNO 455 CON_ID 21 */
		    21 Execute	SELECT * FROM mysql.transaction_registry /* QNO 440 CON_ID 21 */
		    17 Query	TRUNCATE TABLE performance_schema.events_waits_summary_by_instance /* QNO 670 CON_ID 17 */
		    16 Execute	CREATE OR REPLACE VIEW z AS SELECT * FROM `t7` /* QNO 491 CON_ID 16 */
		    21 Query	EXECUTE prep_stmt_4888 /* TRANSFORM_OUTCOME_UNORDERED_MATCH */ /* QNO 456 CON_ID 21 */
		    21 Execute	SELECT * FROM mysql.transaction_registry /* QNO 440 CON_ID 21 */
		    16 Query	CREATE OR REPLACE VIEW transforms.view_900_probe AS CREATE OR REPLACE VIEW z AS SELECT * FROM `t7` /* QNO 491 CON_ID 16 */  /* QNO 494 CON_ID 16 */
		    21 Query	DEALLOCATE PREPARE prep_stmt_4888 /* QNO 457 CON_ID 21 */
		    17 Query	CREATE OR REPLACE VIEW transforms.view_3980_probe AS TRUNCATE TABLE performance_schema.events_waits_summary_by_instance /* QNO 670 CON_ID 17 */  /* QNO 671 CON_ID 17 */
		    16 Query	/* GenTest::Transform::ExecuteAsPreparedTwice */ PREPARE prep_stmt_900 FROM 'CREATE OR REPLACE VIEW z AS SELECT * FROM `t7` /* QNO 491 CON_ID 16 */ ' /* QNO 495 CON_ID 16 */
		    16 Prepare	CREATE OR REPLACE VIEW z AS SELECT * FROM `t7` /* QNO 491 CON_ID 16 */
		    16 Query	EXECUTE prep_stmt_900 /* TRANSFORM_OUTCOME_UNORDERED_MATCH */ /* QNO 496 CON_ID 16 */
		    21 Query	/* GenTest::Transform::ExecuteAsSPTwice */ DROP PROCEDURE IF EXISTS stored_proc_4888 /* QNO 458 CON_ID 21 */
		    17 Query	DELETE FROM `view_t2` WHERE `vcol_dec` = 9 LIMIT 5 /* QNO 672 CON_ID 17 */
		    17 Query	INSERT INTO `t3` SELECT * FROM `t9` /* QNO 673 CON_ID 17 */
		    21 Query	SELECT * FROM INFORMATION_SCHEMA.`COLUMNS` AS table1 ORDER BY table1.`COLUMN_KEY` LIMIT 172 /* QNO 459 CON_ID 21 */
		    17 Query	/* GenTest::Transform::ExecuteAsCTE */  INSERT `t3` WITH cte1 AS ( SELECT * FROM `t9` /* QNO 673 CON_ID 17 */ ) SELECT * FROM cte1  /* TRANSFORM_OUTCOME_UNORDERED_MATCH */ /* QNO 674 CON_ID 17 */
		    18 Query	(  SELECT * FROM mysql.`innodb_table_stats` AS table1 WHERE NOT table1.`n_rows` < 8 ORDER BY table1.`sum_of_other_index_sizes` LIMIT 77 /* QNO 367 CON_ID 18 */  ) UNION DISTINCT (  SELECT * FROM mysql.`innodb_table_stats` AS table1 WHERE NOT table1.`n_rows` < 8 ORDER BY table1.`sum_of_other_index_sizes` LIMIT 77 /* QNO 367 CON_ID 18 */  ) /* TRANSFORM_OUTCOME_DISTINCT */ /* QNO 387 CON_ID 18 */
		    17 Query	/* GenTest::Transform::ExecuteAsExecuteImmediate */ EXECUTE IMMEDIATE 'INSERT INTO `t3` SELECT * FROM `t9` /* QNO 673 CON_ID 17 */ ' /* TRANSFORM_OUTCOME_UNORDERED_MATCH */ /* QNO 675 CON_ID 17 */
		    17 Prepare	INSERT INTO `t3` SELECT * FROM `t9` /* QNO 673 CON_ID 17 */
		    17 Execute	INSERT INTO `t3` SELECT * FROM `t9` /* QNO 673 CON_ID 17 */
		    17 Query	CREATE OR REPLACE VIEW transforms.view_3980_probe AS INSERT INTO `t3` SELECT * FROM `t9` /* QNO 673 CON_ID 17 */  /* QNO 676 CON_ID 17 */
		    17 Query	/* GenTest::Transform::ExecuteAsSPTwice */ DROP PROCEDURE IF EXISTS stored_proc_3980 /* QNO 677 CON_ID 17 */
		    18 Query	(  SELECT * FROM mysql.`innodb_table_stats` AS table1 WHERE NOT table1.`n_rows` < 8 ORDER BY table1.`sum_of_other_index_sizes` LIMIT 77 /* QNO 367 CON_ID 18 */  ) UNION ALL (  SELECT * FROM mysql.`innodb_table_stats` AS table1 WHERE NOT table1.`n_rows` < 8 ORDER BY table1.`sum_of_other_index_sizes` LIMIT 77 /* QNO 367 CON_ID 18 */  ) /* TRANSFORM_OUTCOME_SUPERSET */ /* QNO 388 CON_ID 18 */
		    17 Query	SHOW WARNINGS
		    17 Query	CREATE PROCEDURE stored_proc_3980 () LANGUAGE SQL INSERT INTO `t3` SELECT * FROM `t9` /* QNO 673 CON_ID 17 */  /* QNO 678 CON_ID 17 */
		    18 Query	CREATE OR REPLACE VIEW transforms.view_4904_probe AS  SELECT * FROM mysql.`innodb_table_stats` AS table1 WHERE NOT table1.`n_rows` < 8 ORDER BY table1.`sum_of_other_index_sizes` LIMIT 77 /* QNO 367 CON_ID 18 */  /* QNO 389 CON_ID 18 */
		    16 Execute	CREATE OR REPLACE VIEW z AS SELECT * FROM `t7` /* QNO 491 CON_ID 16 */
		    16 Query	EXECUTE prep_stmt_900 /* TRANSFORM_OUTCOME_UNORDERED_MATCH */ /* QNO 497 CON_ID 16 */
		    18 Query	DROP VIEW transforms.view_4904_probe /* QNO 390 CON_ID 18 */
		    18 Query	/* GenTest::Transform::ExecuteAsView */ CREATE DATABASE IF NOT EXISTS transforms /* QNO 391 CON_ID 18 */
		    21 Query	SHOW WARNINGS
		    18 Query	SHOW WARNINGS
		    18 Query	DROP VIEW IF EXISTS transforms.view_4904_merge , transforms.view_4904_temptable /* QNO 392 CON_ID 18 */
		    18 Query	SHOW WARNINGS
		    18 Query	CREATE OR REPLACE ALGORITHM=MERGE VIEW transforms.view_4904_merge AS  SELECT * FROM mysql.`innodb_table_stats` AS table1 WHERE NOT table1.`n_rows` < 8 ORDER BY table1.`sum_of_other_index_sizes` LIMIT 77 /* QNO 367 CON_ID 18 */  /* QNO 393 CON_ID 18 */
		    21 Query	XA COMMIT 'non_idle_xid' ONE PHASE  /* QNO 460 CON_ID 21 */
		    21 Query	TRUNCATE TABLE performance_schema.events_waits_current /* QNO 461 CON_ID 21 */
		    21 Query	UPDATE `CHECK_CONSTRAINTS` SET `CONSTRAINT_CATALOG` = '2035-01-10 04:06:43.017608' WHERE `CONSTRAINT_CATALOG` = '2014-01-23 23:30:04.000081' /* QNO 462 CON_ID 21 */
		    21 Query	DELETE HISTORY FROM `EVENTS` BEFORE system_time @trx /* QNO 463 CON_ID 21 */
		    16 Execute	CREATE OR REPLACE VIEW z AS SELECT * FROM `t7` /* QNO 491 CON_ID 16 */
		    17 Query	CALL stored_proc_3980 /* TRANSFORM_OUTCOME_UNORDERED_MATCH */ /* QNO 679 CON_ID 17 */
		    16 Query	DEALLOCATE PREPARE prep_stmt_900 /* QNO 498 CON_ID 16 */
		    21 Query	INSERT INTO `INNODB_CMP_PER_INDEX_RESET` ( `pk` ) VALUES (NULL) /* QNO 464 CON_ID 21 */
		    17 Query	CALL stored_proc_3980 /* TRANSFORM_OUTCOME_UNORDERED_MATCH */ /* QNO 680 CON_ID 17 */
		    16 Query	/* GenTest::Transform::ExecuteAsSPTwice */ DROP PROCEDURE IF EXISTS stored_proc_900 /* QNO 499 CON_ID 16 */
		    16 Query	SHOW WARNINGS
		    17 Query	DROP PROCEDURE IF EXISTS stored_proc_3980 /* QNO 681 CON_ID 17 */
		    16 Query	CREATE PROCEDURE stored_proc_900 () LANGUAGE SQL CREATE OR REPLACE VIEW z AS SELECT * FROM `t7` /* QNO 491 CON_ID 16 */  /* QNO 500 CON_ID 16 */
		    21 Query	ALTER TABLE t5 ADD PARTITION (PARTITION ver_p4 HISTORY) /* QNO 465 CON_ID 21 */
		    21 Query	DROP TABLE IF EXISTS t2 /* QNO 466 CON_ID 21 */
		    21 Query	UPDATE performance_schema.setup_consumers SET enabled = 'YES' WHERE name LIKE 'file%' /* QNO 467 CON_ID 21 */
		    21 Query	CREATE OR REPLACE VIEW transforms.view_4888_probe AS UPDATE performance_schema.setup_consumers SET enabled = 'YES' WHERE name LIKE 'file%' /* QNO 467 CON_ID 21 */  /* QNO 468 CON_ID 21 */
		    21 Query	UPDATE performance_schema.setup_instruments SET TIMED = 'NO' WHERE NAME LIKE 'wait/synch%' /* QNO 469 CON_ID 21 */
		    21 Query	CREATE OR REPLACE VIEW transforms.view_4888_probe AS UPDATE performance_schema.setup_instruments SET TIMED = 'NO' WHERE NAME LIKE 'wait/synch%' /* QNO 469 CON_ID 21 */  /* QNO 470 CON_ID 21 */
		    21 Query	SHOW ENGINE PERFORMANCE_SCHEMA STATUS /* QNO 471 CON_ID 21 */
		    21 Query	CREATE OR REPLACE VIEW transforms.view_4888_probe AS SHOW ENGINE PERFORMANCE_SCHEMA STATUS /* QNO 471 CON_ID 21 */  /* QNO 472 CON_ID 21 */
		    18 Query	SHOW WARNINGS
		    18 Query	SELECT * FROM transforms.view_4904_merge /* TRANSFORM_OUTCOME_UNORDERED_MATCH */ /* QNO 394 CON_ID 18 */
		    18 Query	CREATE OR REPLACE ALGORITHM=TEMPTABLE VIEW transforms.view_4904_temptable AS  SELECT * FROM mysql.`innodb_table_stats` AS table1 WHERE NOT table1.`n_rows` < 8 ORDER BY table1.`sum_of_other_index_sizes` LIMIT 77 /* QNO 367 CON_ID 18 */  /* QNO 395 CON_ID 18 */
		    21 Query	SELECT * FROM test.`t2` AS table1 WHERE ( ( ( ( (NOT (NOT (NOT table1.`vcol_year` <> table1.`vcol_year` OR table1.`vcol_blob` LIKE 'wait/synch/cond%') OR table1.`col_enum` LIKE '%myisam%') AND table1.`col_year` >= 1) OR table1.`vcol_year` <> 2) OR table1.`vcol_int` > table1.`col_date`) AND table1.`vcol_time` > '2003-09-06 14:30:42.001586') OR table1.`col_dec` IN ( 7, 3, 7 )) LIMIT 125 /* QNO 473 CON_ID 21 */
		    21 Query	XA COMMIT 'non_idle_xid' ONE PHASE  /* QNO 474 CON_ID 21 */
		    21 Query	ALTER SEQUENCE IF EXISTS seq6 RESTART = -94 /* QNO 475 CON_ID 21 */
		    21 Query	XA BEGIN 'xid65'  /* QNO 476 CON_ID 21 */
		    21 Query	SHOW ENGINE PERFORMANCE_SCHEMA STATUS /* QNO 477 CON_ID 21 */
		    21 Query	CREATE OR REPLACE VIEW transforms.view_4888_probe AS SHOW ENGINE PERFORMANCE_SCHEMA STATUS /* QNO 477 CON_ID 21 */  /* QNO 478 CON_ID 21 */
		    21 Query	TRUNCATE TABLE performance_schema.events_waits_current /* QNO 479 CON_ID 21 */
		    21 Query	SELECT * FROM `view_t3` INTO OUTFILE 'load_view_t3'  /* QNO 480 CON_ID 21 */
		    21 Query	LOAD DATA INFILE 'load_view_t3' IGNORE INTO TABLE view_t3 /* QNO 481 CON_ID 21 */
		    21 Query	SELECT * FROM `view_t4` INTO OUTFILE 'load_view_t4'  /* QNO 482 CON_ID 21 */
		    21 Query	LOAD DATA INFILE 'load_view_t4' IGNORE INTO TABLE view_t4 /* QNO 483 CON_ID 21 */
		    21 Query	SHOW ENGINE PERFORMANCE_SCHEMA STATUS /* QNO 484 CON_ID 21 */
		    21 Query	CREATE OR REPLACE VIEW transforms.view_4888_probe AS SHOW ENGINE PERFORMANCE_SCHEMA STATUS /* QNO 484 CON_ID 21 */  /* QNO 485 CON_ID 21 */
		    18 Query	SELECT * FROM transforms.view_4904_temptable /* TRANSFORM_OUTCOME_UNORDERED_MATCH */ /* QNO 396 CON_ID 18 */
		    18 Query	DROP VIEW transforms.view_4904_merge , transforms.view_4904_temptable /* QNO 397 CON_ID 18 */
		    21 Query	UPDATE `view_t7` SET `vcol_datetime` = 3 WHERE `col_varchar` > '2008-04-23 00:30:12.060092' /* QNO 486 CON_ID 21 */
		    18 Query	/* GenTest::Transform::ExecuteAsPreparedTwice */ PREPARE prep_stmt_4904 FROM ' SELECT * FROM mysql.`innodb_table_stats` AS table1 WHERE NOT table1.`n_rows` < 8 ORDER BY table1.`sum_of_other_index_sizes` LIMIT 77 /* QNO 367 CON_ID 18 */ ' /* QNO 398 CON_ID 18 */
		    18 Prepare	SELECT * FROM mysql.`innodb_table_stats` AS table1 WHERE NOT table1.`n_rows` < 8 ORDER BY table1.`sum_of_other_index_sizes` LIMIT 77 /* QNO 367 CON_ID 18 */
		    18 Query	EXECUTE prep_stmt_4904 /* TRANSFORM_OUTCOME_UNORDERED_MATCH */ /* QNO 399 CON_ID 18 */
		    18 Execute	SELECT * FROM mysql.`innodb_table_stats` AS table1 WHERE NOT table1.`n_rows` < 8 ORDER BY table1.`sum_of_other_index_sizes` LIMIT 77 /* QNO 367 CON_ID 18 */
		    21 Query	INSERT INTO seq1 VALUES (29345, -42, 1731919872, 3574450729248620544, -59, 13, 0, 1) /* QNO 487 CON_ID 21 */
		    18 Query	EXECUTE prep_stmt_4904 /* TRANSFORM_OUTCOME_UNORDERED_MATCH */ /* QNO 400 CON_ID 18 */
		    18 Execute	SELECT * FROM mysql.`innodb_table_stats` AS table1 WHERE NOT table1.`n_rows` < 8 ORDER BY table1.`sum_of_other_index_sizes` LIMIT 77 /* QNO 367 CON_ID 18 */
		    18 Query	DEALLOCATE PREPARE prep_stmt_4904 /* QNO 401 CON_ID 18 */
		    21 Query	XA COMMIT 'inactive_xid'  /* QNO 488 CON_ID 21 */
		    18 Query	/* GenTest::Transform::ExecuteAsSPTwice */ DROP PROCEDURE IF EXISTS stored_proc_4904 /* QNO 402 CON_ID 18 */
		    21 Query	INSERT INTO `view_t8` SELECT * FROM `t8` /* QNO 489 CON_ID 21 */
		    21 Query	UPDATE performance_schema.setup_consumers SET enabled = 'YES' WHERE name IN ( 'events_waits_current' ) /* QNO 490 CON_ID 21 */
		    21 Query	CREATE OR REPLACE VIEW transforms.view_4888_probe AS UPDATE performance_schema.setup_consumers SET enabled = 'YES' WHERE name IN ( 'events_waits_current' ) /* QNO 490 CON_ID 21 */  /* QNO 491 CON_ID 21 */
		    16 Query	CALL stored_proc_900 /* TRANSFORM_OUTCOME_UNORDERED_MATCH */ /* QNO 501 CON_ID 16 */
		    18 Query	SHOW WARNINGS
		    17 Query	SELECT NEXTVAL( seq3 ) /* QNO 682 CON_ID 17 */
		    18 Query	CREATE PROCEDURE stored_proc_4904 () LANGUAGE SQL  SELECT * FROM mysql.`innodb_table_stats` AS table1 WHERE NOT table1.`n_rows` < 8 ORDER BY table1.`sum_of_other_index_sizes` LIMIT 77 /* QNO 367 CON_ID 18 */  /* QNO 403 CON_ID 18 */
		    17 Query	SELECT * FROM mysql.`help_relation` AS table1 WHERE ( ( ( table1.`help_topic_id` IN ( 7, 4, 1 ) AND table1.`help_keyword_id` > 'oq') AND table1.`help_topic_id` != table1.`help_topic_id`) AND table1.`help_topic_id` LIKE 'wait%') LIMIT 253 /* QNO 683 CON_ID 17 */
		    17 Query	/* GenTest::Transform::ExecuteAsCTE */  WITH cte1 AS ( SELECT * FROM mysql.`help_relation` AS table1 WHERE((( table1.`help_topic_id` IN( 7, 4, 1) AND table1.`help_keyword_id` > 'oq') AND table1.`help_topic_id` != table1.`help_topic_id`) AND table1.`help_topic_id` LIKE 'wait%') LIMIT 253 /* QNO 683 CON_ID 17 */ ) SELECT * FROM cte1  /* TRANSFORM_OUTCOME_UNORDERED_MATCH */ /* QNO 684 CON_ID 17 */
		    17 Query	/* GenTest::Transform::ExecuteAsDeleteReturning */ CREATE DATABASE IF NOT EXISTS transforms /* QNO 685 CON_ID 17 */
		    17 Query	SHOW WARNINGS
		    17 Query	DROP TABLE IF EXISTS transforms.delete_returning_3980 /* QNO 686 CON_ID 17 */
		    21 Query	INSERT INTO `view_t1` SELECT * FROM `t4` /* QNO 492 CON_ID 21 */
		    21 Query	TRUNCATE TABLE performance_schema.events_waits_history /* QNO 493 CON_ID 21 */
		    21 Query	TRUNCATE TABLE performance_schema.events_waits_history /* QNO 494 CON_ID 21 */
		    21 Query	SHOW ENGINE PERFORMANCE_SCHEMA STATUS /* QNO 495 CON_ID 21 */
		    21 Query	CREATE OR REPLACE VIEW transforms.view_4888_probe AS SHOW ENGINE PERFORMANCE_SCHEMA STATUS /* QNO 495 CON_ID 21 */  /* QNO 496 CON_ID 21 */
		    21 Query	UPDATE performance_schema.setup_instruments SET ENABLED = 'YES' WHERE NAME LIKE 'wait/synch%' /* QNO 497 CON_ID 21 */
		    16 Query	CALL stored_proc_900 /* TRANSFORM_OUTCOME_UNORDERED_MATCH */ /* QNO 502 CON_ID 16 */
		    21 Query	CREATE OR REPLACE VIEW transforms.view_4888_probe AS UPDATE performance_schema.setup_instruments SET ENABLED = 'YES' WHERE NAME LIKE 'wait/synch%' /* QNO 497 CON_ID 21 */  /* QNO 498 CON_ID 21 */
		    21 Query	XA PREPARE 'non_idle_xid'  /* QNO 499 CON_ID 21 */
		    21 Query	SELECT * FROM `view_t3` INTO OUTFILE 'load_view_t3'  /* QNO 500 CON_ID 21 */
		    21 Query	LOAD DATA INFILE 'load_view_t3' REPLACE INTO TABLE view_t3 /* QNO 501 CON_ID 21 */
		    21 Query	INSERT INTO t8 ( vcol9 ) SELECT `col_bit` FROM t7 /* QNO 502 CON_ID 21 */
		    21 Query	UPDATE `view_t4` SET `col_time` = 3 WHERE `vcol_year` <> '2031-04-02 15:56:42.026322' /* QNO 503 CON_ID 21 */
		    21 Query	SELECT * from t2 WHERE row_start < @trx /* QNO 504 CON_ID 21 */
		    21 Query	UPDATE performance_schema.setup_instruments SET ENABLED = 'YES' ORDER BY RAND() LIMIT 3 /* QNO 505 CON_ID 21 */
		    21 Query	CREATE OR REPLACE VIEW transforms.view_4888_probe AS UPDATE performance_schema.setup_instruments SET ENABLED = 'YES' ORDER BY RAND() LIMIT 3 /* QNO 505 CON_ID 21 */  /* QNO 506 CON_ID 21 */
		    21 Query	UPDATE `t4` SET `col_bit` = 5 WHERE `vcol_enum` > 0 /* QNO 507 CON_ID 21 */
		    21 Query	INSERT INTO t6 (tcol4) VALUES (NULL),('i'),('q') /* QNO 508 CON_ID 21 */
		    21 Query	SELECT * FROM test.`view_t7` AS table1 HAVING (table1.`vcol_time` >= '2034-06-28 06:47:59.009441' IS NULL AND table1.`vcol_year` > '1978-05-28 05:08:55.038943') ORDER BY table1.`vcol_blob`, table1.`vcol_dec`, table1.`vcol_datetime`, table1.`vcol_varchar` LIMIT 9 /* QNO 509 CON_ID 21 */
		    21 Query	DROP SEQUENCE IF EXISTS seq8 /* QNO 510 CON_ID 21 */
		    21 Query	XA COMMIT 'non_idle_xid' ONE PHASE  /* QNO 511 CON_ID 21 */
		    21 Query	ALTER TABLE `view_t3` DROP COLUMN IF EXISTS icol7, LOCK=NONE, ALTER COLUMN `col_date` SET DEFAULT NULL, ADD KEY(tcol8, tscol8, scol1(57)), ALGORITHM=COPY, LOCK=DEFAULT /* QNO 512 CON_ID 21 */
		    21 Query	SELECT * FROM `t6` INTO OUTFILE 'load_t6'  /* QNO 513 CON_ID 21 */
		    21 Query	LOAD DATA INFILE 'load_t6' REPLACE INTO TABLE t6 /* QNO 514 CON_ID 21 */
		    21 Query	INSERT INTO `t8` SELECT * FROM `t3` /* QNO 515 CON_ID 21 */
		    21 Query	/* GenTest::Transform::ExecuteAsCTE */  INSERT `t8` WITH cte1 AS ( SELECT * FROM `t3` /* QNO 515 CON_ID 21 */ ) SELECT * FROM cte1  /* TRANSFORM_OUTCOME_UNORDERED_MATCH */ /* QNO 516 CON_ID 21 */
		    21 Query	/* GenTest::Transform::ExecuteAsExecuteImmediate */ EXECUTE IMMEDIATE 'INSERT INTO `t8` SELECT * FROM `t3` /* QNO 515 CON_ID 21 */ ' /* TRANSFORM_OUTCOME_UNORDERED_MATCH */ /* QNO 517 CON_ID 21 */
		    21 Prepare	INSERT INTO `t8` SELECT * FROM `t3` /* QNO 515 CON_ID 21 */
		    21 Execute	INSERT INTO `t8` SELECT * FROM `t3` /* QNO 515 CON_ID 21 */
		    21 Query	CREATE OR REPLACE VIEW transforms.view_4888_probe AS INSERT INTO `t8` SELECT * FROM `t3` /* QNO 515 CON_ID 21 */  /* QNO 518 CON_ID 21 */
		    21 Query	/* GenTest::Transform::ExecuteAsSPTwice */ DROP PROCEDURE IF EXISTS stored_proc_4888 /* QNO 519 CON_ID 21 */
		    21 Query	CREATE TABLE t5 LIKE `t8` /* QNO 520 CON_ID 21 */
		    18 Query	CALL stored_proc_4904 /* TRANSFORM_OUTCOME_UNORDERED_MATCH */ /* QNO 404 CON_ID 18 */
		    18 Query	CALL stored_proc_4904 /* TRANSFORM_OUTCOME_UNORDERED_MATCH */ /* QNO 405 CON_ID 18 */
		    18 Query	DROP PROCEDURE IF EXISTS stored_proc_4904 /* QNO 406 CON_ID 18 */
		    21 Query	SELECT * FROM test.`view_t7` AS table1 WHERE ( (NOT ( ( table1.`col_datetime` = '2016-07-27 18:46:58.054651' OR table1.`col_datetime` LIKE '%mysys%') OR table1.`col_varchar` = table1.`col_int`) OR table1.`col_blob` IN ( 5, 7, 8 )) OR table1.`col_int` IN ( 9, 7, 3 )) HAVING (NOT table1.`vcol_varchar` <> 'c' AND table1.`col_int` != 'v') ORDER BY table1.`vcol_bit`, table1.`col_blob` LIMIT 106 /* QNO 521 CON_ID 21 */
		    22 Query	CREATE OR REPLACE VIEW transforms.view_4708_probe AS UPDATE performance_schema.setup_timers SET timer_name = 'NANOSECOND' /* QNO 687 CON_ID 22 */  /* QNO 688 CON_ID 22 */
		    16 Query	DROP PROCEDURE IF EXISTS stored_proc_900 /* QNO 503 CON_ID 16 */
		    18 Query	TRUNCATE TABLE performance_schema.events_waits_history_long /* QNO 407 CON_ID 18 */
		    16 Query	REVOKE REPLICATION SLAVE, SHOW DATABASES ON *.* FROM 'someuser'@'somehost' /* QNO 504 CON_ID 16 */
		    18 Query	CREATE OR REPLACE VIEW transforms.view_4904_probe AS TRUNCATE TABLE performance_schema.events_waits_history_long /* QNO 407 CON_ID 18 */  /* QNO 408 CON_ID 18 */
		    16 Query	CREATE OR REPLACE VIEW transforms.view_900_probe AS REVOKE REPLICATION SLAVE, SHOW DATABASES ON *.* FROM 'someuser'@'somehost' /* QNO 504 CON_ID 16 */  /* QNO 505 CON_ID 16 */
		    16 Query	CREATE TABLE y LIKE `t3` /* QNO 506 CON_ID 16 */
		    18 Query	SELECT * from t9 WHERE row_start < @trx /* QNO 409 CON_ID 18 */
		    16 Query	CREATE TABLE p LIKE `view_t1` /* QNO 507 CON_ID 16 */
		    18 Query	UNLOCK TABLES /* QNO 410 CON_ID 18 */
		    18 Query	CREATE OR REPLACE VIEW transforms.view_4904_probe AS UNLOCK TABLES /* QNO 410 CON_ID 18 */  /* QNO 411 CON_ID 18 */
		    16 Query	CREATE EVENT o ON SCHEDULE AT NOW() DO SET @a=@a /* QNO 508 CON_ID 16 */
		    16 Query	DROP TRIGGER IF EXISTS v /* QNO 509 CON_ID 16 */
		    16 Query	SHOW WARNINGS
		    16 Query	CREATE EVENT o ON SCHEDULE AT NOW() DO SET @a=@a /* QNO 510 CON_ID 16 */
		    16 Query	CREATE TABLE k LIKE `view_t2` /* QNO 511 CON_ID 16 */
		    18 Query	ALTER TABLE `innodb_table_stats` DROP CONSTRAINT u, DROP COLUMN IF EXISTS icol2, ALGORITHM=COPY, LOCK=DEFAULT, ADD FULLTEXT KEY(scol2), LOCK=NONE, ADD KEY(bcol5)  /* QNO 412 CON_ID 18 */
		    16 Query	DROP DATABASE IF EXISTS f /* QNO 512 CON_ID 16 */
		    18 Query	XA COMMIT 'inactive_xid'  /* QNO 413 CON_ID 18 */
		    18 Query	INSERT INTO `time_zone_transition_type` SELECT * FROM `column_stats` /* QNO 414 CON_ID 18 */
		    18 Query	SELECT * FROM performance_schema.`performance_timers` AS table1 LIMIT 255 /* QNO 415 CON_ID 18 */
		    18 Query	/* GenTest::Transform::ExecuteAsCTE */  WITH cte1 AS ( SELECT * FROM performance_schema.`performance_timers` AS table1 LIMIT 255 /* QNO 415 CON_ID 18 */ ) SELECT * FROM cte1  /* TRANSFORM_OUTCOME_UNORDERED_MATCH */ /* QNO 416 CON_ID 18 */
		    18 Query	/* GenTest::Transform::ExecuteAsDeleteReturning */ CREATE DATABASE IF NOT EXISTS transforms /* QNO 417 CON_ID 18 */
		    16 Query	SHOW WARNINGS
		    16 Query	CREATE DATABASE IF NOT EXISTS b /* QNO 513 CON_ID 16 */
		    20 Query	ALTER SEQUENCE IF EXISTS seq5 RESTART = 0 INCREMENT 7 /* QNO 631 CON_ID 20 */
		    16 Query	SHOW WARNINGS
		    16 Query	ALTER TABLE `view_t7` DROP KEY w /* QNO 514 CON_ID 16 */
		    16 Query	GRANT RELOAD ON *.* to 'someuser'@'somehost' /* QNO 515 CON_ID 16 */
		    16 Query	CREATE OR REPLACE VIEW transforms.view_900_probe AS GRANT RELOAD ON *.* to 'someuser'@'somehost' /* QNO 515 CON_ID 16 */  /* QNO 516 CON_ID 16 */
		    20 Query	SELECT * FROM test.`view_t7` AS table1 WHERE ( ( table1.`vcol_bit` = table1.`vcol_datetime` OR table1.`vcol_int` IN ( 6, 9, 4 )) AND table1.`vcol_int` >= 'qb') HAVING table1.`col_int` <= 'b' LIMIT 98 /* QNO 632 CON_ID 20 */
		    16 Query	REVOKE ALL PRIVILEGES ON r.* FROM 'someuser'@'somehost' /* QNO 517 CON_ID 16 */
		    20 Query	INSERT INTO `t4` ( `pk` ) VALUES (NULL) /* QNO 633 CON_ID 20 */
		    20 Query	DROP TABLE IF EXISTS t10 /* QNO 634 CON_ID 20 */
		    20 Query	UPDATE `view_t5` SET `vcol_datetime` = 'y' WHERE `col_dec` >= '1984-03-20 07:50:13.060366' /* QNO 635 CON_ID 20 */
		    20 Query	ALTER IGNORE TABLE `t6` RENAME TO t9 /* QNO 636 CON_ID 20 */
		    20 Query	INSERT INTO `t8` SELECT * FROM `view_t2` /* QNO 637 CON_ID 20 */
		    18 Query	SHOW WARNINGS
		    18 Query	DROP TABLE IF EXISTS transforms.delete_returning_4904 /* QNO 418 CON_ID 18 */
		    21 Query	ALTER TABLE t2 ADD CONSTRAINT CHECK (vcol9 < 4) /* QNO 522 CON_ID 21 */
		    20 Query	INSERT INTO `view_t3` ( `pk` ) VALUES (NULL) /* QNO 638 CON_ID 20 */
		    20 Query	ALTER SEQUENCE IF EXISTS seq6 MAXVALUE -6280551155344867328 /* QNO 639 CON_ID 20 */
		    21 Query	SHOW ENGINE PERFORMANCE_SCHEMA STATUS /* QNO 523 CON_ID 21 */
		    20 Query	SELECT SETVAL(seq6, 271623352525783040) /* QNO 640 CON_ID 20 */
		    21 Query	CREATE OR REPLACE VIEW transforms.view_4888_probe AS SHOW ENGINE PERFORMANCE_SCHEMA STATUS /* QNO 523 CON_ID 21 */  /* QNO 524 CON_ID 21 */
		    20 Query	UPDATE performance_schema.setup_timers SET timer_name = 'TICK' /* QNO 641 CON_ID 20 */
		    20 Query	CREATE OR REPLACE VIEW transforms.view_1000_probe AS UPDATE performance_schema.setup_timers SET timer_name = 'TICK' /* QNO 641 CON_ID 20 */  /* QNO 642 CON_ID 20 */
		    21 Query	ALTER TABLE t1 ADD PERIOD FOR SYSTEM_TIME(`vers_start`, `row_start`) /* QNO 525 CON_ID 21 */
		    21 Query	SHOW ENGINE PERFORMANCE_SCHEMA STATUS /* QNO 526 CON_ID 21 */
		    21 Query	CREATE OR REPLACE VIEW transforms.view_4888_probe AS SHOW ENGINE PERFORMANCE_SCHEMA STATUS /* QNO 526 CON_ID 21 */  /* QNO 527 CON_ID 21 */
		    20 Query	SELECT * FROM (test.`view_t5` AS table1 INNER JOIN test.`t3` AS table2 ON ( table2.`col_varchar` = table1.`col_blob` ) ) WHERE table2.`col_year` IN ( 3, 5, 6 ) HAVING table2.`vcol_year` > 'rl' LIMIT 47 /* QNO 643 CON_ID 20 */
		    21 Query	INSERT INTO t3 ( vcol4 ) SELECT vcol6 FROM t7 /* QNO 528 CON_ID 21 */
		    20 Query	SET STATEMENT system_versioning_alter_history=KEEP FOR ALTER TABLE `t6` DROP SYSTEM VERSIONING /* QNO 644 CON_ID 20 */
		    21 Query	UPDATE performance_schema.setup_timers SET timer_name = 'MICROSECOND' /* QNO 529 CON_ID 21 */
		    21 Query	CREATE OR REPLACE VIEW transforms.view_4888_probe AS UPDATE performance_schema.setup_timers SET timer_name = 'MICROSECOND' /* QNO 529 CON_ID 21 */  /* QNO 530 CON_ID 21 */
		    20 Query	DELETE FROM `t5` LIMIT 9 /* QNO 645 CON_ID 20 */
		    20 Query	UPDATE `t8` SET `col_enum` = 6 WHERE `col_blob` <= 'lm' /* QNO 646 CON_ID 20 */
		    21 Query	DROP SEQUENCE IF EXISTS seq4 /* QNO 531 CON_ID 21 */
		    20 Query	UPDATE `t4` SET `col_bit` = 'm' WHERE `col_varchar` <= '1982-11-10 14:16:19.017193' /* QNO 647 CON_ID 20 */
		    21 Query	SELECT * FROM `t8` INTO OUTFILE 'load_t8'  /* QNO 532 CON_ID 21 */
		    20 Query	UPDATE performance_schema.setup_instruments SET TIMED = 'NO' ORDER BY RAND() LIMIT 7 /* QNO 648 CON_ID 20 */
		    21 Query	LOAD DATA INFILE 'load_t8' IGNORE INTO TABLE t8 /* QNO 533 CON_ID 21 */
		    20 Query	CREATE OR REPLACE VIEW transforms.view_1000_probe AS UPDATE performance_schema.setup_instruments SET TIMED = 'NO' ORDER BY RAND() LIMIT 7 /* QNO 648 CON_ID 20 */  /* QNO 649 CON_ID 20 */
		    20 Query	ALTER SEQUENCE IF EXISTS seq7 INCREMENT = 6 /* QNO 650 CON_ID 20 */
		    20 Query	INSERT INTO `view_t9` SELECT * FROM `view_t3` /* QNO 651 CON_ID 20 */
		    21 Query	SELECT * FROM INFORMATION_SCHEMA.`GLOBAL_STATUS` AS table1 LIMIT 36 /* QNO 534 CON_ID 21 */
		    20 Query	INSERT INTO `t8` SELECT * FROM `view_t9` /* QNO 652 CON_ID 20 */
		    21 Query	/* GenTest::Transform::ExecuteAsCTE */  WITH cte1 AS ( SELECT * FROM INFORMATION_SCHEMA.`GLOBAL_STATUS` AS table1 LIMIT 36 /* QNO 534 CON_ID 21 */ ) SELECT * FROM cte1  /* TRANSFORM_OUTCOME_UNORDERED_MATCH */ /* QNO 535 CON_ID 21 */
		    16 Query	GRANT SELECT ( `vcol_int`, `vcol_varchar` ), SELECT ( `col_blob` ), INSERT ( `vcol_int` ) ON `view_t1` TO 'someuser'@'somehost' /* QNO 518 CON_ID 16 */
		    16 Query	ALTER TABLE `view_t4` PARTITION BY KEY() PARTITIONS 3 /* QNO 519 CON_ID 16 */
		    22 Query	XA PREPARE 'inactive_xid'  /* QNO 689 CON_ID 22 */
		    21 Query	/* GenTest::Transform::ExecuteAsDeleteReturning */ CREATE DATABASE IF NOT EXISTS transforms /* QNO 536 CON_ID 21 */
		    21 Query	/* GenTest::Transform::ExecuteAsExcept */ (  SELECT * FROM INFORMATION_SCHEMA.`GLOBAL_STATUS` AS table1 LIMIT 36 /* QNO 534 CON_ID 21 */  ) EXCEPT (  SELECT * FROM INFORMATION_SCHEMA.`GLOBAL_STATUS` AS table1 LIMIT 0 /* QNO 534 CON_ID 21 */  ) /* TRANSFORM_OUTCOME_DISTINCT */ /* QNO 537 CON_ID 21 */
		    22 Query	DROP TABLE IF EXISTS tmp_rename_4708  /* QNO 690 CON_ID 22 */
		    20 Query	TRUNCATE TABLE performance_schema.events_waits_history_long /* QNO 653 CON_ID 20 */
		    21 Query	(  SELECT * FROM INFORMATION_SCHEMA.`GLOBAL_STATUS` AS table1 LIMIT 36 /* QNO 534 CON_ID 21 */  ) EXCEPT (  SELECT * FROM INFORMATION_SCHEMA.`GLOBAL_STATUS` AS table1 LIMIT 36 /* QNO 534 CON_ID 21 */  ) /* TRANSFORM_OUTCOME_EMPTY_RESULT */ /* QNO 538 CON_ID 21 */
		    22 Query	SHOW WARNINGS
		    20 Query	INSERT INTO `t5` ( `pk` ) VALUES (NULL) /* QNO 654 CON_ID 20 */
		    22 Query	RENAME TABLE `view_t9` TO tmp_rename_4708, tmp_rename_4708 TO view_t9 /* QNO 691 CON_ID 22 */
		    20 Query	TRUNCATE TABLE performance_schema.events_waits_history /* QNO 655 CON_ID 20 */
		    21 Query	/* GenTest::Transform::ExecuteAsExecuteImmediate */ EXECUTE IMMEDIATE ' SELECT * FROM INFORMATION_SCHEMA.`GLOBAL_STATUS` AS table1 LIMIT 36 /* QNO 534 CON_ID 21 */ ' /* TRANSFORM_OUTCOME_UNORDERED_MATCH */ /* QNO 539 CON_ID 21 */
		    21 Prepare	SELECT * FROM INFORMATION_SCHEMA.`GLOBAL_STATUS` AS table1 LIMIT 36 /* QNO 534 CON_ID 21 */
		    21 Execute	SELECT * FROM INFORMATION_SCHEMA.`GLOBAL_STATUS` AS table1 LIMIT 36 /* QNO 534 CON_ID 21 */
		    20 Query	SHOW ENGINE PERFORMANCE_SCHEMA STATUS /* QNO 656 CON_ID 20 */
		    21 Query	/* GenTest::Transform::ExecuteAsInsertSelect */ CREATE DATABASE IF NOT EXISTS transforms /* QNO 540 CON_ID 21 */
		    21 Query	/* GenTest::Transform::ExecuteAsIntersect */ (  SELECT * FROM INFORMATION_SCHEMA.`GLOBAL_STATUS` AS table1 LIMIT 36 /* QNO 534 CON_ID 21 */  ) INTERSECT (  SELECT * FROM INFORMATION_SCHEMA.`GLOBAL_STATUS` AS table1 LIMIT 36 /* QNO 534 CON_ID 21 */  ) /* TRANSFORM_OUTCOME_DISTINCT */ /* QNO 541 CON_ID 21 */
		    21 Query	(  SELECT * FROM INFORMATION_SCHEMA.`GLOBAL_STATUS` AS table1 LIMIT 36 /* QNO 534 CON_ID 21 */  ) INTERSECT (  SELECT * FROM INFORMATION_SCHEMA.`GLOBAL_STATUS` AS table1 LIMIT 0 /* QNO 534 CON_ID 21 */  ) /* TRANSFORM_OUTCOME_EMPTY_RESULT */ /* QNO 542 CON_ID 21 */
		    21 Query	/* GenTest::Transform::ExecuteAsUnion */ (  SELECT * FROM INFORMATION_SCHEMA.`GLOBAL_STATUS` AS table1 LIMIT 36 /* QNO 534 CON_ID 21 */  ) UNION ALL (  SELECT * FROM INFORMATION_SCHEMA.`GLOBAL_STATUS` AS table1 LIMIT 0 /* QNO 534 CON_ID 21 */  ) /* TRANSFORM_OUTCOME_UNORDERED_MATCH */ /* QNO 543 CON_ID 21 */
		    21 Query	(  SELECT * FROM INFORMATION_SCHEMA.`GLOBAL_STATUS` AS table1 LIMIT 0 /* QNO 534 CON_ID 21 */  ) UNION ALL (  SELECT * FROM INFORMATION_SCHEMA.`GLOBAL_STATUS` AS table1 LIMIT 36 /* QNO 534 CON_ID 21 */  ) /* TRANSFORM_OUTCOME_UNORDERED_MATCH */ /* QNO 544 CON_ID 21 */
		    20 Query	CREATE OR REPLACE VIEW transforms.view_1000_probe AS SHOW ENGINE PERFORMANCE_SCHEMA STATUS /* QNO 656 CON_ID 20 */  /* QNO 657 CON_ID 20 */
		    16 Query	ALTER TABLE `t2` DROP COLUMN s /* QNO 520 CON_ID 16 */
		    16 Query	DROP DATABASE IF EXISTS d /* QNO 521 CON_ID 16 */
		    16 Query	SHOW WARNINGS
		    16 Query	GRANT ALL PRIVILEGES ON p.* TO 'someuser'@'somehost' /* QNO 522 CON_ID 16 */
		    16 Query	CREATE OR REPLACE VIEW transforms.view_900_probe AS GRANT ALL PRIVILEGES ON p.* TO 'someuser'@'somehost' /* QNO 522 CON_ID 16 */  /* QNO 523 CON_ID 16 */
		    16 Query	CREATE TRIGGER q BEFORE INSERT ON `view_t1` FOR EACH ROW BEGIN INSERT INTO `view_t3` SELECT * FROM `t9` LIMIT 0 ; END ; /* QNO 524 CON_ID 16 */
		    16 Query	CREATE EVENT j ON SCHEDULE AT NOW() DO SET @a=@a /* QNO 525 CON_ID 16 */
		    16 Query	CREATE OR REPLACE VIEW transforms.view_900_probe AS CREATE EVENT j ON SCHEDULE AT NOW() DO SET @a=@a /* QNO 525 CON_ID 16 */  /* QNO 526 CON_ID 16 */
		    16 Query	GRANT INSERT ( `vcol_date`, `vcol_bit`, `col_dec`, `vcol_date` ), SELECT ( `vcol_char` ), UPDATE ( `col_varchar`, `vcol_dec` ) ON `t7` TO 'someuser'@'somehost' /* QNO 527 CON_ID 16 */
		    16 Query	GRANT RELOAD ON *.* to 'someuser'@'somehost' /* QNO 528 CON_ID 16 */
		    16 Query	CREATE OR REPLACE VIEW transforms.view_900_probe AS GRANT RELOAD ON *.* to 'someuser'@'somehost' /* QNO 528 CON_ID 16 */  /* QNO 529 CON_ID 16 */
		    16 Query	CREATE TABLE u LIKE `view_t7` /* QNO 530 CON_ID 16 */
		    16 Query	REVOKE SHUTDOWN, REPLICATION SLAVE ON *.* FROM 'someuser'@'somehost' /* QNO 531 CON_ID 16 */
		    16 Query	CREATE OR REPLACE VIEW transforms.view_900_probe AS REVOKE SHUTDOWN, REPLICATION SLAVE ON *.* FROM 'someuser'@'somehost' /* QNO 531 CON_ID 16 */  /* QNO 532 CON_ID 16 */
		    16 Query	ALTER TABLE `view_t3` ADD KEY ( e ) /* QNO 533 CON_ID 16 */
		    16 Query	GRANT INSERT ( `vcol_char`, `col_dec`, `pk`, `col_time`, `col_dec` ), UPDATE ( `col_date`, `col_timestamp`, `vcol_timestamp`, `col_varchar`, `vcol_varchar`, `col_dec` ) ON `t5` TO 'someuser'@'somehost' /* QNO 534 CON_ID 16 */
		    16 Query	ALTER TABLE `view_t4` DROP PRIMARY KEY /* QNO 535 CON_ID 16 */
		    16 Query	DROP TRIGGER IF EXISTS b /* QNO 536 CON_ID 16 */
		    16 Query	SHOW WARNINGS
		    16 Query	REVOKE ALL PRIVILEGES ON test.e FROM 'someuser'@'somehost' /* QNO 537 CON_ID 16 */
		    16 Query	DROP VIEW IF EXISTS y /* QNO 538 CON_ID 16 */
		    16 Query	SHOW WARNINGS
		    16 Query	DROP VIEW IF EXISTS z /* QNO 539 CON_ID 16 */
		    16 Query	CREATE OR REPLACE VIEW transforms.view_900_probe AS DROP VIEW IF EXISTS z /* QNO 539 CON_ID 16 */  /* QNO 540 CON_ID 16 */
		    21 Query	(  SELECT * FROM INFORMATION_SCHEMA.`GLOBAL_STATUS` AS table1 LIMIT 36 /* QNO 534 CON_ID 21 */  ) UNION DISTINCT (  SELECT * FROM INFORMATION_SCHEMA.`GLOBAL_STATUS` AS table1 LIMIT 36 /* QNO 534 CON_ID 21 */  ) /* TRANSFORM_OUTCOME_DISTINCT */ /* QNO 545 CON_ID 21 */
		    16 Query	ALTER TABLE `t5` ADD COLUMN c INTEGER DEFAULT NULL /* QNO 541 CON_ID 16 */
		    16 Query	GRANT ALL PRIVILEGES ON test.s TO 'someuser'@'somehost' /* QNO 542 CON_ID 16 */
		    16 Query	CREATE OR REPLACE VIEW transforms.view_900_probe AS GRANT ALL PRIVILEGES ON test.s TO 'someuser'@'somehost' /* QNO 542 CON_ID 16 */  /* QNO 543 CON_ID 16 */
		    16 Query	GRANT ALL PRIVILEGES ON test.i TO 'someuser'@'somehost' /* QNO 544 CON_ID 16 */
		    16 Query	CREATE OR REPLACE VIEW transforms.view_900_probe AS GRANT ALL PRIVILEGES ON test.i TO 'someuser'@'somehost' /* QNO 544 CON_ID 16 */  /* QNO 545 CON_ID 16 */
		    16 Query	REVOKE ALL PRIVILEGES ON test.h FROM 'someuser'@'somehost' /* QNO 546 CON_ID 16 */
		    20 Query	SELECT * from t10 WHERE row_end != @trx /* QNO 658 CON_ID 20 */
		    21 Query	(  SELECT * FROM INFORMATION_SCHEMA.`GLOBAL_STATUS` AS table1 LIMIT 36 /* QNO 534 CON_ID 21 */  ) UNION ALL (  SELECT * FROM INFORMATION_SCHEMA.`GLOBAL_STATUS` AS table1 LIMIT 36 /* QNO 534 CON_ID 21 */  ) /* TRANSFORM_OUTCOME_SUPERSET */ /* QNO 546 CON_ID 21 */
		    20 Query	XA ROLLBACK 'inactive_xid'  /* QNO 659 CON_ID 20 */
		    20 Query	INSERT INTO seq9 VALUES (86, 0, 43025, -5995417003936972800, 3, 80, 1, 1) /* QNO 660 CON_ID 20 */
		    20 Query	SELECT SETVAL(seq1, 30083) /* QNO 661 CON_ID 20 */
		    16 Query	DROP EVENT y /* QNO 547 CON_ID 16 */
		    16 Query	DROP TRIGGER IF EXISTS c /* QNO 548 CON_ID 16 */
		    16 Query	SHOW WARNINGS
		    16 Query	REVOKE ALL PRIVILEGES ON x.* FROM 'someuser'@'somehost' /* QNO 549 CON_ID 16 */
		    21 Query	CREATE OR REPLACE VIEW transforms.view_4888_probe AS  SELECT * FROM INFORMATION_SCHEMA.`GLOBAL_STATUS` AS table1 LIMIT 36 /* QNO 534 CON_ID 21 */  /* QNO 547 CON_ID 21 */
		    20 Query	SELECT * FROM performance_schema.`events_statements_summary_by_account_by_event_name` AS table1 HAVING (NOT ( (table1.`AVG_TIMER_WAIT` != 'xs' IS NULL AND table1.`SUM_CREATED_TMP_TABLES` = '1998-12-22 17:34:52.048630') OR table1.`SUM_SELECT_RANGE` <> 's') AND table1.`SUM_ROWS_EXAMINED` >= 0) ORDER BY table1.`SUM_SORT_MERGE_PASSES` LIMIT 81 /* QNO 662 CON_ID 20 */
		    16 Query	ALTER TABLE `view_t8` DROP COLUMN i /* QNO 550 CON_ID 16 */
		    16 Query	REVOKE ALL PRIVILEGES ON f.* FROM 'someuser'@'somehost' /* QNO 551 CON_ID 16 */
		    21 Query	/* GenTest::Transform::ExecuteAsPreparedTwice */ PREPARE prep_stmt_4888 FROM ' SELECT * FROM INFORMATION_SCHEMA.`GLOBAL_STATUS` AS table1 LIMIT 36 /* QNO 534 CON_ID 21 */ ' /* QNO 548 CON_ID 21 */
		    21 Prepare	SELECT * FROM INFORMATION_SCHEMA.`GLOBAL_STATUS` AS table1 LIMIT 36 /* QNO 534 CON_ID 21 */
		    16 Query	ALTER TABLE `t4` ADD COLUMN p INTEGER DEFAULT NULL /* QNO 552 CON_ID 16 */
		    21 Query	EXECUTE prep_stmt_4888 /* TRANSFORM_OUTCOME_UNORDERED_MATCH */ /* QNO 549 CON_ID 21 */
		    16 Query	ALTER TABLE `t4` ADD COLUMN p INTEGER DEFAULT NULL /* QNO 553 CON_ID 16 */
		    22 Query	CREATE OR REPLACE VIEW transforms.view_4708_probe AS  RENAME TABLE `view_t9` TO tmp_rename_4708, tmp_rename_4708 TO view_t9 /* QNO 691 CON_ID 22 */  /* QNO 692 CON_ID 22 */
		    18 Query	CREATE TABLE transforms.delete_returning_4904  SELECT * FROM performance_schema.`performance_timers` AS table1 LIMIT 255 /* QNO 415 CON_ID 18 */  /* QNO 419 CON_ID 18 */
		    17 Query	CREATE TABLE transforms.delete_returning_3980  SELECT * FROM mysql.`help_relation` AS table1 WHERE ( ( ( table1.`help_topic_id` IN ( 7, 4, 1 ) AND table1.`help_keyword_id` > 'oq') AND table1.`help_topic_id` != table1.`help_topic_id`) AND table1.`help_topic_id` LIKE 'wait%') LIMIT 253 /* QNO 683 CON_ID 17 */  /* QNO 687 CON_ID 17 */
		    21 Execute	SELECT * FROM INFORMATION_SCHEMA.`GLOBAL_STATUS` AS table1 LIMIT 36 /* QNO 534 CON_ID 21 */
		    20 Query	SHOW WARNINGS
		    22 Query	INSERT INTO `t8` ( `pk` ) VALUES (NULL) /* QNO 693 CON_ID 22 */
		    21 Query	EXECUTE prep_stmt_4888 /* TRANSFORM_OUTCOME_UNORDERED_MATCH */ /* QNO 550 CON_ID 21 */
		    22 Query	INSERT INTO `t3` SELECT * FROM `view_t3` /* QNO 694 CON_ID 22 */
		    21 Execute	SELECT * FROM INFORMATION_SCHEMA.`GLOBAL_STATUS` AS table1 LIMIT 36 /* QNO 534 CON_ID 21 */
		    16 Query	ALTER TABLE `view_t7` DROP COLUMN v /* QNO 554 CON_ID 16 */
		    21 Query	DEALLOCATE PREPARE prep_stmt_4888 /* QNO 551 CON_ID 21 */
		    20 Query	SELECT * FROM `events_waits_summary_by_user_by_event_name` INTO OUTFILE 'load_events_waits_summary_by_user_by_event_name'  /* QNO 663 CON_ID 20 */
		    20 Query	LOAD DATA INFILE 'load_events_waits_summary_by_user_by_event_name' IGNORE INTO TABLE events_waits_summary_by_user_by_event_name /* QNO 664 CON_ID 20 */
		    21 Query	/* GenTest::Transform::ExecuteAsSPTwice */ DROP PROCEDURE IF EXISTS stored_proc_4888 /* QNO 552 CON_ID 21 */
		    16 Query	ALTER TABLE `t4` ADD PRIMARY KEY (`pk`) /* QNO 555 CON_ID 16 */
		    20 Query	ALTER ONLINE TABLE t3 ADD IF NOT EXISTS icol2 MEDIUMINT UNSIGNED, ALGORITHM=COPY, LOCK=DEFAULT /* QNO 665 CON_ID 20 */
		    16 Query	CREATE TRIGGER w BEFORE INSERT ON `t6` FOR EACH ROW BEGIN INSERT INTO `view_t4` SELECT * FROM `t7` LIMIT 0 ; END ; /* QNO 556 CON_ID 16 */
		    21 Query	SELECT * FROM INFORMATION_SCHEMA.`INNODB_FT_DELETED` AS table1 LIMIT 149 /* QNO 553 CON_ID 21 */
		    20 Query	UPDATE performance_schema.setup_instruments SET TIMED = 'NO' WHERE NAME LIKE 'wait/synch/cond%' /* QNO 666 CON_ID 20 */
		    20 Query	CREATE OR REPLACE VIEW transforms.view_1000_probe AS UPDATE performance_schema.setup_instruments SET TIMED = 'NO' WHERE NAME LIKE 'wait/synch/cond%' /* QNO 666 CON_ID 20 */  /* QNO 667 CON_ID 20 */
		    20 Query	SELECT * FROM (test.`t8` AS table1 STRAIGHT_JOIN mysql.`column_stats` AS table2 ON ( table2.`hist_type` = table1.`vcol_blob` ) ) LIMIT 21 /* QNO 668 CON_ID 20 */
		    20 Query	TRUNCATE TABLE performance_schema.events_waits_history /* QNO 669 CON_ID 20 */
		    20 Query	INSERT INTO `view_t8` SELECT * FROM `view_t3` /* QNO 670 CON_ID 20 */
		    20 Query	XA RECOVER /* QNO 671 CON_ID 20 */
		    20 Query	CREATE OR REPLACE VIEW transforms.view_1000_probe AS XA RECOVER /* QNO 671 CON_ID 20 */  /* QNO 672 CON_ID 20 */
		    20 Query	SELECT * FROM seq7 /* QNO 673 CON_ID 20 */
		    22 Query	SELECT * FROM (test.`t3` AS table1 RIGHT OUTER JOIN test.`view_t3` AS table2 ON ( table2.`col_datetime` = table1.`col_datetime` ) ) LIMIT 128 /* QNO 695 CON_ID 22 */
		    21 Query	/* GenTest::Transform::ExecuteAsCTE */  WITH cte1 AS ( SELECT * FROM INFORMATION_SCHEMA.`INNODB_FT_DELETED` AS table1 LIMIT 149 /* QNO 553 CON_ID 21 */ ) SELECT * FROM cte1  /* TRANSFORM_OUTCOME_UNORDERED_MATCH */ /* QNO 554 CON_ID 21 */
		    20 Query	DELETE FROM `t7` WHERE `vcol_blob` < 2 LIMIT 5 /* QNO 674 CON_ID 20 */
		    22 Query	XA COMMIT 'non_idle_xid' ONE PHASE  /* QNO 696 CON_ID 22 */
		    21 Query	/* GenTest::Transform::ExecuteAsDeleteReturning */ CREATE DATABASE IF NOT EXISTS transforms /* QNO 555 CON_ID 21 */
		    22 Query	SHOW ENGINE PERFORMANCE_SCHEMA STATUS /* QNO 697 CON_ID 22 */
		    21 Query	/* GenTest::Transform::ExecuteAsExcept */ (  SELECT * FROM INFORMATION_SCHEMA.`INNODB_FT_DELETED` AS table1 LIMIT 149 /* QNO 553 CON_ID 21 */  ) EXCEPT (  SELECT * FROM INFORMATION_SCHEMA.`INNODB_FT_DELETED` AS table1 LIMIT 0 /* QNO 553 CON_ID 21 */  ) /* TRANSFORM_OUTCOME_DISTINCT */ /* QNO 556 CON_ID 21 */
		    20 Query	TRUNCATE TABLE performance_schema.file_summary_by_event_name /* QNO 675 CON_ID 20 */
		    22 Query	CREATE OR REPLACE VIEW transforms.view_4708_probe AS SHOW ENGINE PERFORMANCE_SCHEMA STATUS /* QNO 697 CON_ID 22 */  /* QNO 698 CON_ID 22 */
		    21 Query	(  SELECT * FROM INFORMATION_SCHEMA.`INNODB_FT_DELETED` AS table1 LIMIT 149 /* QNO 553 CON_ID 21 */  ) EXCEPT (  SELECT * FROM INFORMATION_SCHEMA.`INNODB_FT_DELETED` AS table1 LIMIT 149 /* QNO 553 CON_ID 21 */  ) /* TRANSFORM_OUTCOME_EMPTY_RESULT */ /* QNO 557 CON_ID 21 */
		    21 Query	/* GenTest::Transform::ExecuteAsExecuteImmediate */ EXECUTE IMMEDIATE ' SELECT * FROM INFORMATION_SCHEMA.`INNODB_FT_DELETED` AS table1 LIMIT 149 /* QNO 553 CON_ID 21 */ ' /* TRANSFORM_OUTCOME_UNORDERED_MATCH */ /* QNO 558 CON_ID 21 */
		    21 Prepare	SELECT * FROM INFORMATION_SCHEMA.`INNODB_FT_DELETED` AS table1 LIMIT 149 /* QNO 553 CON_ID 21 */
		    21 Execute	SELECT * FROM INFORMATION_SCHEMA.`INNODB_FT_DELETED` AS table1 LIMIT 149 /* QNO 553 CON_ID 21 */
		    21 Query	/* GenTest::Transform::ExecuteAsInsertSelect */ CREATE DATABASE IF NOT EXISTS transforms /* QNO 559 CON_ID 21 */
		    21 Query	/* GenTest::Transform::ExecuteAsIntersect */ (  SELECT * FROM INFORMATION_SCHEMA.`INNODB_FT_DELETED` AS table1 LIMIT 149 /* QNO 553 CON_ID 21 */  ) INTERSECT (  SELECT * FROM INFORMATION_SCHEMA.`INNODB_FT_DELETED` AS table1 LIMIT 149 /* QNO 553 CON_ID 21 */  ) /* TRANSFORM_OUTCOME_DISTINCT */ /* QNO 560 CON_ID 21 */
		    20 Query	UPDATE performance_schema.setup_consumers SET enabled = 'YES' WHERE name LIKE 'file%' /* QNO 676 CON_ID 20 */
		    22 Query	INSERT INTO t7 (ecol3) VALUES ('k'),('b') /* QNO 699 CON_ID 22 */
		    21 Query	(  SELECT * FROM INFORMATION_SCHEMA.`INNODB_FT_DELETED` AS table1 LIMIT 149 /* QNO 553 CON_ID 21 */  ) INTERSECT (  SELECT * FROM INFORMATION_SCHEMA.`INNODB_FT_DELETED` AS table1 LIMIT 0 /* QNO 553 CON_ID 21 */  ) /* TRANSFORM_OUTCOME_EMPTY_RESULT */ /* QNO 561 CON_ID 21 */
		    20 Query	CREATE OR REPLACE VIEW transforms.view_1000_probe AS UPDATE performance_schema.setup_consumers SET enabled = 'YES' WHERE name LIKE 'file%' /* QNO 676 CON_ID 20 */  /* QNO 677 CON_ID 20 */
		    20 Query	INSERT INTO `view_t4` ( `pk` ) VALUES (NULL) /* QNO 678 CON_ID 20 */
		    21 Query	/* GenTest::Transform::ExecuteAsUnion */ (  SELECT * FROM INFORMATION_SCHEMA.`INNODB_FT_DELETED` AS table1 LIMIT 149 /* QNO 553 CON_ID 21 */  ) UNION ALL (  SELECT * FROM INFORMATION_SCHEMA.`INNODB_FT_DELETED` AS table1 LIMIT 0 /* QNO 553 CON_ID 21 */  ) /* TRANSFORM_OUTCOME_UNORDERED_MATCH */ /* QNO 562 CON_ID 21 */
		    21 Query	(  SELECT * FROM INFORMATION_SCHEMA.`INNODB_FT_DELETED` AS table1 LIMIT 0 /* QNO 553 CON_ID 21 */  ) UNION ALL (  SELECT * FROM INFORMATION_SCHEMA.`INNODB_FT_DELETED` AS table1 LIMIT 149 /* QNO 553 CON_ID 21 */  ) /* TRANSFORM_OUTCOME_UNORDERED_MATCH */ /* QNO 563 CON_ID 21 */
		    21 Query	(  SELECT * FROM INFORMATION_SCHEMA.`INNODB_FT_DELETED` AS table1 LIMIT 149 /* QNO 553 CON_ID 21 */  ) UNION DISTINCT (  SELECT * FROM INFORMATION_SCHEMA.`INNODB_FT_DELETED` AS table1 LIMIT 149 /* QNO 553 CON_ID 21 */  ) /* TRANSFORM_OUTCOME_DISTINCT */ /* QNO 564 CON_ID 21 */
		    21 Query	(  SELECT * FROM INFORMATION_SCHEMA.`INNODB_FT_DELETED` AS table1 LIMIT 149 /* QNO 553 CON_ID 21 */  ) UNION ALL (  SELECT * FROM INFORMATION_SCHEMA.`INNODB_FT_DELETED` AS table1 LIMIT 149 /* QNO 553 CON_ID 21 */  ) /* TRANSFORM_OUTCOME_SUPERSET */ /* QNO 565 CON_ID 21 */
		    21 Query	CREATE OR REPLACE VIEW transforms.view_4888_probe AS  SELECT * FROM INFORMATION_SCHEMA.`INNODB_FT_DELETED` AS table1 LIMIT 149 /* QNO 553 CON_ID 21 */  /* QNO 566 CON_ID 21 */
		    20 Query	SELECT * FROM test.`t3` AS table1 WHERE NOT ( (NOT table1.`vcol_datetime` IN ( 7, 2, 0 ) AND table1.`col_bit` > table1.`pk`) AND table1.`vcol_year` < '2014-02-18 15:17:03.000636') HAVING table1.`col_time` = '2025-11-03 09:08:57.031236' IS NULL ORDER BY table1.`col_dec`, table1.`vcol_timestamp`, table1.`vcol_int`, table1.`col_char`, table1.`col_blob` LIMIT 30 /* QNO 679 CON_ID 20 */
		    21 Query	/* GenTest::Transform::ExecuteAsPreparedTwice */ PREPARE prep_stmt_4888 FROM ' SELECT * FROM INFORMATION_SCHEMA.`INNODB_FT_DELETED` AS table1 LIMIT 149 /* QNO 553 CON_ID 21 */ ' /* QNO 567 CON_ID 21 */
		    21 Prepare	SELECT * FROM INFORMATION_SCHEMA.`INNODB_FT_DELETED` AS table1 LIMIT 149 /* QNO 553 CON_ID 21 */
		    21 Query	EXECUTE prep_stmt_4888 /* TRANSFORM_OUTCOME_UNORDERED_MATCH */ /* QNO 568 CON_ID 21 */
		    21 Execute	SELECT * FROM INFORMATION_SCHEMA.`INNODB_FT_DELETED` AS table1 LIMIT 149 /* QNO 553 CON_ID 21 */
		    21 Query	EXECUTE prep_stmt_4888 /* TRANSFORM_OUTCOME_UNORDERED_MATCH */ /* QNO 569 CON_ID 21 */
		    21 Execute	SELECT * FROM INFORMATION_SCHEMA.`INNODB_FT_DELETED` AS table1 LIMIT 149 /* QNO 553 CON_ID 21 */
		    20 Query	XA ROLLBACK 'non_prepared_xid'  /* QNO 680 CON_ID 20 */
		    21 Query	DEALLOCATE PREPARE prep_stmt_4888 /* QNO 570 CON_ID 21 */
		    21 Query	/* GenTest::Transform::ExecuteAsSPTwice */ DROP PROCEDURE IF EXISTS stored_proc_4888 /* QNO 571 CON_ID 21 */
		    21 Query	SET STATEMENT system_versioning_alter_history=KEEP FOR ALTER TABLE `INNODB_TRX` REMOVE PARTITIONING /* QNO 572 CON_ID 21 */
		    21 Query	SELECT SETVAL(seq6, -42) /* QNO 573 CON_ID 21 */
		    21 Query	XA END 'xid65'  /* QNO 574 CON_ID 21 */
		    22 Query	UPDATE performance_schema.setup_timers SET timer_name = 'CYCLE' /* QNO 700 CON_ID 22 */
		    22 Query	CREATE OR REPLACE VIEW transforms.view_4708_probe AS UPDATE performance_schema.setup_timers SET timer_name = 'CYCLE' /* QNO 700 CON_ID 22 */  /* QNO 701 CON_ID 22 */
		    21 Query	CREATE OR REPLACE SEQUENCE seq8  /* QNO 575 CON_ID 21 */
		    22 Query	SELECT * FROM (INFORMATION_SCHEMA.`GLOBAL_STATUS` AS table1 STRAIGHT_JOIN INFORMATION_SCHEMA.`TRIGGERS` AS table2 ON ( table2.`COLLATION_CONNECTION` = table1.`VARIABLE_VALUE` ) ) WHERE ( table2.`ACTION_CONDITION` LIKE 'wait/synch/cond%' OR table1.`VARIABLE_VALUE` IN ( 4, 6, 0 )) LIMIT 6 /* QNO 702 CON_ID 22 */
		    21 Query	SET STATEMENT `sql_mode`=ORACLE FOR SELECT seq8.currval /* QNO 576 CON_ID 21 */
		    21 Query	SHOW ENGINE PERFORMANCE_SCHEMA STATUS /* QNO 577 CON_ID 21 */
		    20 Query	SHOW ENGINE PERFORMANCE_SCHEMA STATUS /* QNO 681 CON_ID 20 */
		    21 Query	CREATE OR REPLACE VIEW transforms.view_4888_probe AS SHOW ENGINE PERFORMANCE_SCHEMA STATUS /* QNO 577 CON_ID 21 */  /* QNO 578 CON_ID 21 */
		    21 Query	SELECT * from `INNODB_BUFFER_PAGE` WHERE row_start IN (SELECT row_start FROM t5) /* QNO 579 CON_ID 21 */
		    20 Query	CREATE OR REPLACE VIEW transforms.view_1000_probe AS SHOW ENGINE PERFORMANCE_SCHEMA STATUS /* QNO 681 CON_ID 20 */  /* QNO 682 CON_ID 20 */
		    21 Query	SELECT * FROM test.`view_t7` AS table1 ORDER BY table1.`vcol_bit`, table1.`col_enum`, table1.`vcol_varchar` LIMIT 114 /* QNO 580 CON_ID 21 */
		    21 Query	XA RECOVER /* QNO 581 CON_ID 21 */
		    21 Query	CREATE OR REPLACE VIEW transforms.view_4888_probe AS XA RECOVER /* QNO 581 CON_ID 21 */  /* QNO 582 CON_ID 21 */
		    21 Query	XA COMMIT 'xid65' ONE PHASE  /* QNO 583 CON_ID 21 */
		    20 Query	XA ROLLBACK 'non_prepared_xid'  /* QNO 683 CON_ID 20 */
		    21 Query	ALTER IGNORE TABLE t10 /*!100301 NOWAIT */ DROP FOREIGN KEY IF EXISTS i /* QNO 584 CON_ID 21 */
		    21 Query	SELECT * from t2 FOR system_time BETWEEN @trx AND DATE_ADD('20080227160156.025313', INTERVAL 9 YEAR) /* QNO 585 CON_ID 21 */
		    20 Query	XA COMMIT 'non_prepared_xid'  /* QNO 684 CON_ID 20 */
		    21 Query	TRUNCATE TABLE performance_schema.events_waits_summary_by_event_name /* QNO 586 CON_ID 21 */
		    21 Query	ALTER IGNORE TABLE t9 ADD CONSTRAINT CHECK (tscol5 > tscol7), ADD FOREIGN KEY (ncol1) REFERENCES `t5` (scol2), FORCE, LOCK=EXCLUSIVE  /* QNO 587 CON_ID 21 */
		    20 Query	SET `system_versioning_alter_history`= ERROR /* QNO 685 CON_ID 20 */
		    21 Query	SHOW ENGINE PERFORMANCE_SCHEMA STATUS /* QNO 588 CON_ID 21 */
		    20 Query	CREATE OR REPLACE VIEW transforms.view_1000_probe AS SET `system_versioning_alter_history`= ERROR /* QNO 685 CON_ID 20 */  /* QNO 686 CON_ID 20 */
		    21 Query	CREATE OR REPLACE VIEW transforms.view_4888_probe AS SHOW ENGINE PERFORMANCE_SCHEMA STATUS /* QNO 588 CON_ID 21 */  /* QNO 589 CON_ID 21 */
		    20 Query	ALTER ONLINE TABLE `view_t1` DROP COLUMN IF EXISTS tscol3, ALGORITHM=INPLACE, LOCK=EXCLUSIVE /* QNO 687 CON_ID 20 */
		    21 Query	SELECT * FROM `t9` INTO OUTFILE 'load_t9'  /* QNO 590 CON_ID 21 */
		    20 Query	TRUNCATE TABLE performance_schema.events_waits_summary_by_thread_by_event_name /* QNO 688 CON_ID 20 */
		    21 Query	LOAD DATA INFILE 'load_t9' IGNORE INTO TABLE t9 /* QNO 591 CON_ID 21 */
		    20 Query	UPDATE `t9` SET `col_year` = 'gg' WHERE `col_time` <= '2016-12-24 16:51:52.040329' /* QNO 689 CON_ID 20 */
		    21 Query	XA COMMIT 'non_idle_xid'  /* QNO 592 CON_ID 21 */
		    21 Query	XA RECOVER /* QNO 593 CON_ID 21 */
		    21 Query	CREATE OR REPLACE VIEW transforms.view_4888_probe AS XA RECOVER /* QNO 593 CON_ID 21 */  /* QNO 594 CON_ID 21 */
		    20 Query	ALTER ONLINE TABLE `view_t5` DROP COLUMN IF EXISTS ncol7, ALGORITHM=COPY, LOCK=NONE, DROP FOREIGN KEY c, MODIFY COLUMN IF EXISTS tcol8 TIME, ALGORITHM=DEFAULT, LOCK=NONE /* QNO 690 CON_ID 20 */
		    21 Query	INSERT INTO `t1` ( `pk` ) VALUES (NULL) /* QNO 595 CON_ID 21 */
		    21 Query	UPDATE `view_t2` SET `col_timestamp` = 2 WHERE `pk` <= 'g' /* QNO 596 CON_ID 21 */
