		    21 Query	(  SELECT * FROM performance_schema.`events_waits_summary_global_by_event_name` AS table1 HAVING table1.`AVG_TIMER_WAIT` != 7 IS NULL ORDER BY table1.`EVENT_NAME`, table1.`COUNT_STAR`, table1.`AVG_TIMER_WAIT` LIMIT 149 /* QNO 1073 CON_ID 21 */  ) UNION ALL (  SELECT * FROM performance_schema.`events_waits_summary_global_by_event_name` AS table1 HAVING table1.`AVG_TIMER_WAIT` != 7 IS NULL ORDER BY table1.`EVENT_NAME`, table1.`COUNT_STAR`, table1.`AVG_TIMER_WAIT` LIMIT 149 /* QNO 1073 CON_ID 21 */  ) /* TRANSFORM_OUTCOME_SUPERSET */ /* QNO 1084 CON_ID 21 */
		    21 Query	CREATE OR REPLACE VIEW transforms.view_4888_probe AS  SELECT * FROM performance_schema.`events_waits_summary_global_by_event_name` AS table1 HAVING table1.`AVG_TIMER_WAIT` != 7 IS NULL ORDER BY table1.`EVENT_NAME`, table1.`COUNT_STAR`, table1.`AVG_TIMER_WAIT` LIMIT 149 /* QNO 1073 CON_ID 21 */  /* QNO 1085 CON_ID 21 */
		    21 Query	/* GenTest::Transform::ExecuteAsPreparedTwice */ PREPARE prep_stmt_4888 FROM ' SELECT * FROM performance_schema.`events_waits_summary_global_by_event_name` AS table1 HAVING table1.`AVG_TIMER_WAIT` != 7 IS NULL ORDER BY table1.`EVENT_NAME`, table1.`COUNT_STAR`, table1.`AVG_TIMER_WAIT` LIMIT 149 /* QNO 1073 CON_ID 21 */ ' /* QNO 1086 CON_ID 21 */
		    21 Prepare	SELECT * FROM performance_schema.`events_waits_summary_global_by_event_name` AS table1 HAVING table1.`AVG_TIMER_WAIT` != 7 IS NULL ORDER BY table1.`EVENT_NAME`, table1.`COUNT_STAR`, table1.`AVG_TIMER_WAIT` LIMIT 149 /* QNO 1073 CON_ID 21 */
		    21 Query	EXECUTE prep_stmt_4888 /* TRANSFORM_OUTCOME_UNORDERED_MATCH */ /* QNO 1087 CON_ID 21 */
		    21 Execute	SELECT * FROM performance_schema.`events_waits_summary_global_by_event_name` AS table1 HAVING table1.`AVG_TIMER_WAIT` != 7 IS NULL ORDER BY table1.`EVENT_NAME`, table1.`COUNT_STAR`, table1.`AVG_TIMER_WAIT` LIMIT 149 /* QNO 1073 CON_ID 21 */
		    21 Query	EXECUTE prep_stmt_4888 /* TRANSFORM_OUTCOME_UNORDERED_MATCH */ /* QNO 1088 CON_ID 21 */
		    21 Execute	SELECT * FROM performance_schema.`events_waits_summary_global_by_event_name` AS table1 HAVING table1.`AVG_TIMER_WAIT` != 7 IS NULL ORDER BY table1.`EVENT_NAME`, table1.`COUNT_STAR`, table1.`AVG_TIMER_WAIT` LIMIT 149 /* QNO 1073 CON_ID 21 */
		    21 Query	DEALLOCATE PREPARE prep_stmt_4888 /* QNO 1089 CON_ID 21 */
		    21 Query	/* GenTest::Transform::ExecuteAsSPTwice */ DROP PROCEDURE IF EXISTS stored_proc_4888 /* QNO 1090 CON_ID 21 */
		    21 Query	UPDATE performance_schema.setup_instruments SET TIMED = 'NO' WHERE NAME LIKE 'wait%' /* QNO 1091 CON_ID 21 */
		    21 Query	CREATE OR REPLACE VIEW transforms.view_4888_probe AS UPDATE performance_schema.setup_instruments SET TIMED = 'NO' WHERE NAME LIKE 'wait%' /* QNO 1091 CON_ID 21 */  /* QNO 1092 CON_ID 21 */
		    21 Query	XA COMMIT 'non_idle_xid' ONE PHASE  /* QNO 1093 CON_ID 21 */
		    21 Query	UNLOCK TABLES /* QNO 1094 CON_ID 21 */
		    21 Query	CREATE OR REPLACE VIEW transforms.view_4888_probe AS UNLOCK TABLES /* QNO 1094 CON_ID 21 */  /* QNO 1095 CON_ID 21 */
		    21 Query	SHOW ENGINE PERFORMANCE_SCHEMA STATUS /* QNO 1096 CON_ID 21 */
		    21 Query	CREATE OR REPLACE VIEW transforms.view_4888_probe AS SHOW ENGINE PERFORMANCE_SCHEMA STATUS /* QNO 1096 CON_ID 21 */  /* QNO 1097 CON_ID 21 */
		    21 Query	UPDATE performance_schema.setup_timers SET timer_name = 'CYCLE' /* QNO 1098 CON_ID 21 */
		    21 Query	CREATE OR REPLACE VIEW transforms.view_4888_probe AS UPDATE performance_schema.setup_timers SET timer_name = 'CYCLE' /* QNO 1098 CON_ID 21 */  /* QNO 1099 CON_ID 21 */
		    21 Query	TRUNCATE TABLE performance_schema.events_waits_history_long /* QNO 1100 CON_ID 21 */
		    21 Query	XA BEGIN 'xid77'  /* QNO 1101 CON_ID 21 */
		    21 Query	TRUNCATE TABLE performance_schema.events_waits_history_long /* QNO 1102 CON_ID 21 */
		    21 Query	UPDATE t4 SET `vers_start` = DEFAULT LIMIT 1 /* QNO 1103 CON_ID 21 */
		    21 Query	SELECT * from `events_stages_summary_by_host_by_event_name` FOR system_time FROM DATE_ADD('20080614083258.004435', INTERVAL 9 HOUR) TO @trx /* QNO 1104 CON_ID 21 */
		    21 Query	ALTER ONLINE IGNORE TABLE `events_statements_summary_by_digest` ADD KEY(scol3(21460)), ALGORITHM=INPLACE, LOCK=SHARED /* QNO 1105 CON_ID 21 */
		    21 Query	DELETE FROM `events_statements_history_long` WHERE `ROWS_AFFECTED` <> 8 LIMIT 6 /* QNO 1106 CON_ID 21 */
		    21 Query	SELECT row_end FROM `events_statements_history_long` ORDER BY RAND() LIMIT 1 INTO @trx /* QNO 1107 CON_ID 21 */
		    21 Query	SELECT * FROM seq4 /* QNO 1108 CON_ID 21 */
		    21 Query	TRUNCATE TABLE performance_schema.events_waits_current /* QNO 1109 CON_ID 21 */
		    21 Query	XA START 'xid194'  /* QNO 1110 CON_ID 21 */
		    21 Query	UPDATE t3 SET scol3 = DEFAULT LIMIT 1 /* QNO 1111 CON_ID 21 */
		    21 Query	RENAME TABLE seq4 TO seq1, seq1 TO seq1 /* QNO 1112 CON_ID 21 */
		    21 Query	UPDATE `mutex_instances` SET `NAME` = '1976-08-23 01:38:29.054308' WHERE `LOCKED_BY_THREAD_ID` != '2000-10-03 05:38:56.049713' /* QNO 1113 CON_ID 21 */
		    21 Query	RENAME TABLE seq3 TO seq10 /* QNO 1114 CON_ID 21 */
		    21 Query	SELECT * FROM mysql.`innodb_table_stats` AS table1 WHERE ( (NOT (NOT (NOT ( ( table1.`table_name` != '1988-12-04 23:08:55.034794' AND table1.`sum_of_other_index_sizes` LIKE 'wait/synch/rwlock%') AND table1.`database_name` LIKE 'wait/io%') OR table1.`n_rows` LIKE 'wait/synch%') OR table1.`database_name` > table1.`clustered_index_size`) OR table1.`n_rows` IN ( 6, 2, 8 )) OR table1.`clustered_index_size` <= 'ri') HAVING (NOT ( ( (table1.`table_name` <= 'if' IS NULL AND table1.`table_name` = '2003-10-16 18:37:50.056843') AND table1.`database_name` <= '1993-06-12 16:38:36.059948') OR table1.`clustered_index_size` >= 'f') OR table1.`n_rows` <> 'dr') LIMIT 88 /* QNO 1115 CON_ID 21 */
		    21 Query	SHOW WARNINGS
		    21 Query	SHOW ENGINE PERFORMANCE_SCHEMA STATUS /* QNO 1116 CON_ID 21 */
		    21 Query	CREATE OR REPLACE VIEW transforms.view_4888_probe AS SHOW ENGINE PERFORMANCE_SCHEMA STATUS /* QNO 1116 CON_ID 21 */  /* QNO 1117 CON_ID 21 */
		    21 Query	SELECT * FROM (test.`t7` AS table1 STRAIGHT_JOIN performance_schema.`file_instances` AS table2 ON ( table2.`EVENT_NAME` = table1.`col_blob` ) ) WHERE (NOT ( table2.`EVENT_NAME` > table2.`OPEN_COUNT` OR table2.`FILE_NAME` != table1.`col_dec`) OR table1.`vcol_year` <= table1.`col_enum`) HAVING ( (NOT (table2.`OPEN_COUNT` = 'rh' IS NULL AND table1.`vcol_char` <> 3) AND table2.`OPEN_COUNT` != '2021-01-13 03:50:47.050831') AND table1.`col_year` < 7) ORDER BY table2.`OPEN_COUNT`, table2.`EVENT_NAME` LIMIT 108 /* QNO 1118 CON_ID 21 */
		    21 Query	SELECT * FROM `table_io_waits_summary_by_index_usage` INTO OUTFILE 'load_table_io_waits_summary_by_index_usage'  /* QNO 1119 CON_ID 21 */
		    21 Query	LOAD DATA INFILE 'load_table_io_waits_summary_by_index_usage' REPLACE INTO TABLE table_io_waits_summary_by_index_usage /* QNO 1120 CON_ID 21 */
		    21 Query	SHOW ENGINE PERFORMANCE_SCHEMA STATUS /* QNO 1121 CON_ID 21 */
		    21 Query	CREATE OR REPLACE VIEW transforms.view_4888_probe AS SHOW ENGINE PERFORMANCE_SCHEMA STATUS /* QNO 1121 CON_ID 21 */  /* QNO 1122 CON_ID 21 */
		    21 Query	CREATE OR REPLACE TABLE t3 LIKE t2 /* QNO 1123 CON_ID 21 */
		    21 Query	TRUNCATE TABLE performance_schema.events_waits_summary_by_instance /* QNO 1124 CON_ID 21 */
		    21 Query	TRUNCATE TABLE performance_schema.events_waits_summary_by_thread_by_event_name /* QNO 1125 CON_ID 21 */
		    21 Query	ALTER TABLE t4 DROP INDEX ind8 /* QNO 1126 CON_ID 21 */
		    21 Query	UPDATE performance_schema.setup_consumers SET enabled = 'NO' WHERE name IN ( 'events_waits_history_long' ) /* QNO 1127 CON_ID 21 */
		    21 Query	CREATE OR REPLACE VIEW transforms.view_4888_probe AS UPDATE performance_schema.setup_consumers SET enabled = 'NO' WHERE name IN ( 'events_waits_history_long' ) /* QNO 1127 CON_ID 21 */  /* QNO 1128 CON_ID 21 */
		    21 Query	SELECT * FROM `events_waits_summary_by_user_by_event_name` INTO OUTFILE 'load_events_waits_summary_by_user_by_event_name'  /* QNO 1129 CON_ID 21 */
		    21 Query	LOAD DATA INFILE 'load_events_waits_summary_by_user_by_event_name' REPLACE INTO TABLE events_waits_summary_by_user_by_event_name /* QNO 1130 CON_ID 21 */
		    21 Query	XA COMMIT 'xid11'  /* QNO 1131 CON_ID 21 */
		    21 Query	TRUNCATE TABLE performance_schema.events_waits_current /* QNO 1132 CON_ID 21 */
		    21 Query	SELECT * FROM `setup_timers` INTO OUTFILE 'load_setup_timers'  /* QNO 1133 CON_ID 21 */
		    21 Query	LOAD DATA INFILE 'load_setup_timers' IGNORE INTO TABLE setup_timers /* QNO 1134 CON_ID 21 */
		    21 Query	XA END 'xid175'  /* QNO 1135 CON_ID 21 */
		    21 Query	SELECT * FROM INFORMATION_SCHEMA.`SPATIAL_REF_SYS` AS table1 HAVING NOT table1.`AUTH_NAME` >= 3 LIMIT 217 /* QNO 1136 CON_ID 21 */
		    21 Query	SHOW WARNINGS
		    21 Query	INSERT INTO `ENABLED_ROLES` ( `pk` ) VALUES (NULL) /* QNO 1137 CON_ID 21 */
		    21 Query	XA ROLLBACK 'non_idle_xid'  /* QNO 1138 CON_ID 21 */
		    21 Query	SHOW ENGINE PERFORMANCE_SCHEMA STATUS /* QNO 1139 CON_ID 21 */
		    21 Query	CREATE OR REPLACE VIEW transforms.view_4888_probe AS SHOW ENGINE PERFORMANCE_SCHEMA STATUS /* QNO 1139 CON_ID 21 */  /* QNO 1140 CON_ID 21 */
		    21 Query	TRUNCATE TABLE performance_schema.events_waits_summary_by_event_name /* QNO 1141 CON_ID 21 */
		    21 Query	SELECT * FROM `INNODB_CMP_RESET` INTO OUTFILE 'load_INNODB_CMP_RESET'  /* QNO 1142 CON_ID 21 */
		    21 Query	LOAD DATA INFILE 'load_INNODB_CMP_RESET' REPLACE INTO TABLE INNODB_CMP_RESET /* QNO 1143 CON_ID 21 */
		    21 Query	SET STATEMENT system_versioning_alter_history=KEEP FOR ALTER TABLE t9 PARTITION BY system_time LIMIT 59604 SUBPARTITION BY KEY(vcol9) SUBPARTITIONS 8 ( PARTITION ver_p1 HISTORY, PARTITION ver_pn CURRENT ) /* QNO 1144 CON_ID 21 */
		    21 Query	XA ROLLBACK 'xid11'  /* QNO 1145 CON_ID 21 */
		    21 Query	UNLOCK TABLES /* QNO 1146 CON_ID 21 */
		    21 Query	CREATE OR REPLACE VIEW transforms.view_4888_probe AS UNLOCK TABLES /* QNO 1146 CON_ID 21 */  /* QNO 1147 CON_ID 21 */
		    21 Query	SHOW ENGINE PERFORMANCE_SCHEMA STATUS /* QNO 1148 CON_ID 21 */
		    21 Query	CREATE OR REPLACE VIEW transforms.view_4888_probe AS SHOW ENGINE PERFORMANCE_SCHEMA STATUS /* QNO 1148 CON_ID 21 */  /* QNO 1149 CON_ID 21 */
		    21 Query	TRUNCATE TABLE performance_schema.file_summary_by_instance /* QNO 1150 CON_ID 21 */
		    21 Query	ALTER TABLE t4 PARTITION BY HASH(tscol10) /* QNO 1151 CON_ID 21 */
		    21 Query	TRUNCATE TABLE performance_schema.events_waits_summary_by_event_name /* QNO 1152 CON_ID 21 */
		    21 Query	INSERT INTO `FILES` SELECT * FROM `FILES` /* QNO 1153 CON_ID 21 */
		    21 Query	INSERT INTO `TABLESPACES` SELECT * FROM `CHARACTER_SETS` /* QNO 1154 CON_ID 21 */
		    21 Query	UPDATE performance_schema.setup_timers SET timer_name = 'TICK' /* QNO 1155 CON_ID 21 */
		    21 Query	CREATE OR REPLACE VIEW transforms.view_4888_probe AS UPDATE performance_schema.setup_timers SET timer_name = 'TICK' /* QNO 1155 CON_ID 21 */  /* QNO 1156 CON_ID 21 */
		    21 Query	XA PREPARE 'xid175'  /* QNO 1157 CON_ID 21 */
		    21 Query	SHOW ENGINE PERFORMANCE_SCHEMA STATUS /* QNO 1158 CON_ID 21 */
		    21 Query	CREATE OR REPLACE VIEW transforms.view_4888_probe AS SHOW ENGINE PERFORMANCE_SCHEMA STATUS /* QNO 1158 CON_ID 21 */  /* QNO 1159 CON_ID 21 */
		    21 Query	UNLOCK TABLES /* QNO 1160 CON_ID 21 */
		    21 Query	CREATE OR REPLACE VIEW transforms.view_4888_probe AS UNLOCK TABLES /* QNO 1160 CON_ID 21 */  /* QNO 1161 CON_ID 21 */
		    21 Query	UPDATE performance_schema.setup_instruments SET TIMED = 'YES' WHERE NAME LIKE '%sql%' /* QNO 1162 CON_ID 21 */
		    21 Query	CREATE OR REPLACE VIEW transforms.view_4888_probe AS UPDATE performance_schema.setup_instruments SET TIMED = 'YES' WHERE NAME LIKE '%sql%' /* QNO 1162 CON_ID 21 */  /* QNO 1163 CON_ID 21 */
		    21 Query	OPTIMIZE TABLE t2 /* QNO 1164 CON_ID 21 */
		    21 Query	INSERT INTO `COLUMN_PRIVILEGES` SELECT * FROM `INNODB_METRICS` /* QNO 1165 CON_ID 21 */
		    21 Query	XA START 'xid80'  /* QNO 1166 CON_ID 21 */
		    21 Query	SET STATEMENT system_versioning_alter_history=KEEP FOR ALTER TABLE `VIEWS` REMOVE PARTITIONING /* QNO 1167 CON_ID 21 */
		    21 Query	DELETE FROM `TABLES` WHERE `TABLE_ROWS` > 7 LIMIT 3 /* QNO 1168 CON_ID 21 */
		    21 Query	TRUNCATE TABLE performance_schema.events_waits_summary_by_instance /* QNO 1169 CON_ID 21 */
		    21 Query	TRUNCATE TABLE performance_schema.events_waits_summary_by_thread_by_event_name /* QNO 1170 CON_ID 21 */
		    21 Query	INSERT INTO `INNODB_FT_CONFIG` SELECT * FROM `COLUMN_PRIVILEGES` /* QNO 1171 CON_ID 21 */
		    21 Query	XA COMMIT 'non_idle_xid' ONE PHASE  /* QNO 1172 CON_ID 21 */
		    21 Query	SHOW ENGINE PERFORMANCE_SCHEMA STATUS /* QNO 1173 CON_ID 21 */
		    21 Query	CREATE OR REPLACE VIEW transforms.view_4888_probe AS SHOW ENGINE PERFORMANCE_SCHEMA STATUS /* QNO 1173 CON_ID 21 */  /* QNO 1174 CON_ID 21 */
		    21 Query	SELECT * FROM (INFORMATION_SCHEMA.`user_variables` AS table1 RIGHT JOIN INFORMATION_SCHEMA.`INNODB_SYS_VIRTUAL` AS table2 ON ( table2.`POS` = table1.`CHARACTER_SET_NAME` ) ) ORDER BY table2.`TABLE_ID` LIMIT 253 /* QNO 1175 CON_ID 21 */
		    21 Query	/* GenTest::Transform::ExecuteAsCTE */  WITH cte1 AS ( SELECT * FROM( INFORMATION_SCHEMA.`user_variables` AS table1 RIGHT JOIN INFORMATION_SCHEMA.`INNODB_SYS_VIRTUAL` AS table2 ON( table2.`POS` = table1.`CHARACTER_SET_NAME`)) ORDER BY table2.`TABLE_ID` LIMIT 253 /* QNO 1175 CON_ID 21 */ ) SELECT * FROM cte1  /* TRANSFORM_OUTCOME_UNORDERED_MATCH */ /* QNO 1176 CON_ID 21 */
		    21 Query	/* GenTest::Transform::ExecuteAsDeleteReturning */ CREATE DATABASE IF NOT EXISTS transforms /* QNO 1177 CON_ID 21 */
		    21 Query	/* GenTest::Transform::ExecuteAsExcept */ (  SELECT * FROM (INFORMATION_SCHEMA.`user_variables` AS table1 RIGHT JOIN INFORMATION_SCHEMA.`INNODB_SYS_VIRTUAL` AS table2 ON ( table2.`POS` = table1.`CHARACTER_SET_NAME` ) ) ORDER BY table2.`TABLE_ID` LIMIT 253 /* QNO 1175 CON_ID 21 */  ) EXCEPT (  SELECT * FROM (INFORMATION_SCHEMA.`user_variables` AS table1 RIGHT JOIN INFORMATION_SCHEMA.`INNODB_SYS_VIRTUAL` AS table2 ON ( table2.`POS` = table1.`CHARACTER_SET_NAME` ) ) ORDER BY table2.`TABLE_ID` LIMIT 0 /* QNO 1175 CON_ID 21 */  ) /* TRANSFORM_OUTCOME_DISTINCT */ /* QNO 1178 CON_ID 21 */
		    21 Query	(  SELECT * FROM (INFORMATION_SCHEMA.`user_variables` AS table1 RIGHT JOIN INFORMATION_SCHEMA.`INNODB_SYS_VIRTUAL` AS table2 ON ( table2.`POS` = table1.`CHARACTER_SET_NAME` ) ) ORDER BY table2.`TABLE_ID` LIMIT 253 /* QNO 1175 CON_ID 21 */  ) EXCEPT (  SELECT * FROM (INFORMATION_SCHEMA.`user_variables` AS table1 RIGHT JOIN INFORMATION_SCHEMA.`INNODB_SYS_VIRTUAL` AS table2 ON ( table2.`POS` = table1.`CHARACTER_SET_NAME` ) ) ORDER BY table2.`TABLE_ID` LIMIT 253 /* QNO 1175 CON_ID 21 */  ) /* TRANSFORM_OUTCOME_EMPTY_RESULT */ /* QNO 1179 CON_ID 21 */
		    21 Query	/* GenTest::Transform::ExecuteAsExecuteImmediate */ EXECUTE IMMEDIATE ' SELECT * FROM (INFORMATION_SCHEMA.`user_variables` AS table1 RIGHT JOIN INFORMATION_SCHEMA.`INNODB_SYS_VIRTUAL` AS table2 ON ( table2.`POS` = table1.`CHARACTER_SET_NAME` ) ) ORDER BY table2.`TABLE_ID` LIMIT 253 /* QNO 1175 CON_ID 21 */ ' /* TRANSFORM_OUTCOME_UNORDERED_MATCH */ /* QNO 1180 CON_ID 21 */
		    21 Prepare	SELECT * FROM (INFORMATION_SCHEMA.`user_variables` AS table1 RIGHT JOIN INFORMATION_SCHEMA.`INNODB_SYS_VIRTUAL` AS table2 ON ( table2.`POS` = table1.`CHARACTER_SET_NAME` ) ) ORDER BY table2.`TABLE_ID` LIMIT 253 /* QNO 1175 CON_ID 21 */
		    21 Execute	SELECT * FROM (INFORMATION_SCHEMA.`user_variables` AS table1 RIGHT JOIN INFORMATION_SCHEMA.`INNODB_SYS_VIRTUAL` AS table2 ON ( table2.`POS` = table1.`CHARACTER_SET_NAME` ) ) ORDER BY table2.`TABLE_ID` LIMIT 253 /* QNO 1175 CON_ID 21 */
		    21 Query	/* GenTest::Transform::ExecuteAsInsertSelect */ CREATE DATABASE IF NOT EXISTS transforms /* QNO 1181 CON_ID 21 */
		    21 Query	/* GenTest::Transform::ExecuteAsIntersect */ (  SELECT * FROM (INFORMATION_SCHEMA.`user_variables` AS table1 RIGHT JOIN INFORMATION_SCHEMA.`INNODB_SYS_VIRTUAL` AS table2 ON ( table2.`POS` = table1.`CHARACTER_SET_NAME` ) ) ORDER BY table2.`TABLE_ID` LIMIT 253 /* QNO 1175 CON_ID 21 */  ) INTERSECT (  SELECT * FROM (INFORMATION_SCHEMA.`user_variables` AS table1 RIGHT JOIN INFORMATION_SCHEMA.`INNODB_SYS_VIRTUAL` AS table2 ON ( table2.`POS` = table1.`CHARACTER_SET_NAME` ) ) ORDER BY table2.`TABLE_ID` LIMIT 253 /* QNO 1175 CON_ID 21 */  ) /* TRANSFORM_OUTCOME_DISTINCT */ /* QNO 1182 CON_ID 21 */
		    21 Query	(  SELECT * FROM (INFORMATION_SCHEMA.`user_variables` AS table1 RIGHT JOIN INFORMATION_SCHEMA.`INNODB_SYS_VIRTUAL` AS table2 ON ( table2.`POS` = table1.`CHARACTER_SET_NAME` ) ) ORDER BY table2.`TABLE_ID` LIMIT 253 /* QNO 1175 CON_ID 21 */  ) INTERSECT (  SELECT * FROM (INFORMATION_SCHEMA.`user_variables` AS table1 RIGHT JOIN INFORMATION_SCHEMA.`INNODB_SYS_VIRTUAL` AS table2 ON ( table2.`POS` = table1.`CHARACTER_SET_NAME` ) ) ORDER BY table2.`TABLE_ID` LIMIT 0 /* QNO 1175 CON_ID 21 */  ) /* TRANSFORM_OUTCOME_EMPTY_RESULT */ /* QNO 1183 CON_ID 21 */
		    21 Query	/* GenTest::Transform::ExecuteAsUnion */ (  SELECT * FROM (INFORMATION_SCHEMA.`user_variables` AS table1 RIGHT JOIN INFORMATION_SCHEMA.`INNODB_SYS_VIRTUAL` AS table2 ON ( table2.`POS` = table1.`CHARACTER_SET_NAME` ) ) ORDER BY table2.`TABLE_ID` LIMIT 253 /* QNO 1175 CON_ID 21 */  ) UNION ALL (  SELECT * FROM (INFORMATION_SCHEMA.`user_variables` AS table1 RIGHT JOIN INFORMATION_SCHEMA.`INNODB_SYS_VIRTUAL` AS table2 ON ( table2.`POS` = table1.`CHARACTER_SET_NAME` ) ) ORDER BY table2.`TABLE_ID` LIMIT 0 /* QNO 1175 CON_ID 21 */  ) /* TRANSFORM_OUTCOME_UNORDERED_MATCH */ /* QNO 1184 CON_ID 21 */
		    21 Query	(  SELECT * FROM (INFORMATION_SCHEMA.`user_variables` AS table1 RIGHT JOIN INFORMATION_SCHEMA.`INNODB_SYS_VIRTUAL` AS table2 ON ( table2.`POS` = table1.`CHARACTER_SET_NAME` ) ) ORDER BY table2.`TABLE_ID` LIMIT 0 /* QNO 1175 CON_ID 21 */  ) UNION ALL (  SELECT * FROM (INFORMATION_SCHEMA.`user_variables` AS table1 RIGHT JOIN INFORMATION_SCHEMA.`INNODB_SYS_VIRTUAL` AS table2 ON ( table2.`POS` = table1.`CHARACTER_SET_NAME` ) ) ORDER BY table2.`TABLE_ID` LIMIT 253 /* QNO 1175 CON_ID 21 */  ) /* TRANSFORM_OUTCOME_UNORDERED_MATCH */ /* QNO 1185 CON_ID 21 */
		    21 Query	(  SELECT * FROM (INFORMATION_SCHEMA.`user_variables` AS table1 RIGHT JOIN INFORMATION_SCHEMA.`INNODB_SYS_VIRTUAL` AS table2 ON ( table2.`POS` = table1.`CHARACTER_SET_NAME` ) ) ORDER BY table2.`TABLE_ID` LIMIT 253 /* QNO 1175 CON_ID 21 */  ) UNION DISTINCT (  SELECT * FROM (INFORMATION_SCHEMA.`user_variables` AS table1 RIGHT JOIN INFORMATION_SCHEMA.`INNODB_SYS_VIRTUAL` AS table2 ON ( table2.`POS` = table1.`CHARACTER_SET_NAME` ) ) ORDER BY table2.`TABLE_ID` LIMIT 253 /* QNO 1175 CON_ID 21 */  ) /* TRANSFORM_OUTCOME_DISTINCT */ /* QNO 1186 CON_ID 21 */
		    21 Query	(  SELECT * FROM (INFORMATION_SCHEMA.`user_variables` AS table1 RIGHT JOIN INFORMATION_SCHEMA.`INNODB_SYS_VIRTUAL` AS table2 ON ( table2.`POS` = table1.`CHARACTER_SET_NAME` ) ) ORDER BY table2.`TABLE_ID` LIMIT 253 /* QNO 1175 CON_ID 21 */  ) UNION ALL (  SELECT * FROM (INFORMATION_SCHEMA.`user_variables` AS table1 RIGHT JOIN INFORMATION_SCHEMA.`INNODB_SYS_VIRTUAL` AS table2 ON ( table2.`POS` = table1.`CHARACTER_SET_NAME` ) ) ORDER BY table2.`TABLE_ID` LIMIT 253 /* QNO 1175 CON_ID 21 */  ) /* TRANSFORM_OUTCOME_SUPERSET */ /* QNO 1187 CON_ID 21 */
		    21 Query	CREATE OR REPLACE VIEW transforms.view_4888_probe AS  SELECT * FROM (INFORMATION_SCHEMA.`user_variables` AS table1 RIGHT JOIN INFORMATION_SCHEMA.`INNODB_SYS_VIRTUAL` AS table2 ON ( table2.`POS` = table1.`CHARACTER_SET_NAME` ) ) ORDER BY table2.`TABLE_ID` LIMIT 253 /* QNO 1175 CON_ID 21 */  /* QNO 1188 CON_ID 21 */
		    21 Query	/* GenTest::Transform::ExecuteAsPreparedTwice */ PREPARE prep_stmt_4888 FROM ' SELECT * FROM (INFORMATION_SCHEMA.`user_variables` AS table1 RIGHT JOIN INFORMATION_SCHEMA.`INNODB_SYS_VIRTUAL` AS table2 ON ( table2.`POS` = table1.`CHARACTER_SET_NAME` ) ) ORDER BY table2.`TABLE_ID` LIMIT 253 /* QNO 1175 CON_ID 21 */ ' /* QNO 1189 CON_ID 21 */
		    21 Prepare	SELECT * FROM (INFORMATION_SCHEMA.`user_variables` AS table1 RIGHT JOIN INFORMATION_SCHEMA.`INNODB_SYS_VIRTUAL` AS table2 ON ( table2.`POS` = table1.`CHARACTER_SET_NAME` ) ) ORDER BY table2.`TABLE_ID` LIMIT 253 /* QNO 1175 CON_ID 21 */
		    21 Query	EXECUTE prep_stmt_4888 /* TRANSFORM_OUTCOME_UNORDERED_MATCH */ /* QNO 1190 CON_ID 21 */
		    21 Execute	SELECT * FROM (INFORMATION_SCHEMA.`user_variables` AS table1 RIGHT JOIN INFORMATION_SCHEMA.`INNODB_SYS_VIRTUAL` AS table2 ON ( table2.`POS` = table1.`CHARACTER_SET_NAME` ) ) ORDER BY table2.`TABLE_ID` LIMIT 253 /* QNO 1175 CON_ID 21 */
		    21 Query	EXECUTE prep_stmt_4888 /* TRANSFORM_OUTCOME_UNORDERED_MATCH */ /* QNO 1191 CON_ID 21 */
		    21 Execute	SELECT * FROM (INFORMATION_SCHEMA.`user_variables` AS table1 RIGHT JOIN INFORMATION_SCHEMA.`INNODB_SYS_VIRTUAL` AS table2 ON ( table2.`POS` = table1.`CHARACTER_SET_NAME` ) ) ORDER BY table2.`TABLE_ID` LIMIT 253 /* QNO 1175 CON_ID 21 */
		    21 Query	DEALLOCATE PREPARE prep_stmt_4888 /* QNO 1192 CON_ID 21 */
		    21 Query	/* GenTest::Transform::ExecuteAsSPTwice */ DROP PROCEDURE IF EXISTS stored_proc_4888 /* QNO 1193 CON_ID 21 */
		    21 Query	ALTER IGNORE TABLE t10 ADD FOREIGN KEY (vcol7) REFERENCES `INNODB_CMP_PER_INDEX` (icol8) ON DELETE NO ACTION  /* QNO 1194 CON_ID 21 */
		    21 Query	CREATE SEQUENCE IF NOT EXISTS seq2  /* QNO 1195 CON_ID 21 */
		    21 Query	XA RECOVER /* QNO 1196 CON_ID 21 */
		    21 Query	CREATE OR REPLACE VIEW transforms.view_4888_probe AS XA RECOVER /* QNO 1196 CON_ID 21 */  /* QNO 1197 CON_ID 21 */
		    21 Query	XA COMMIT 'non_idle_xid' ONE PHASE  /* QNO 1198 CON_ID 21 */
		    21 Query	TRUNCATE TABLE performance_schema.events_waits_summary_by_event_name /* QNO 1199 CON_ID 21 */
		    21 Query	DROP SEQUENCE IF EXISTS seq5, seq2, seq2, seq10 /* QNO 1200 CON_ID 21 */
		    21 Query	DROP SEQUENCE IF EXISTS seq1 /* QNO 1201 CON_ID 21 */
		    21 Query	CREATE SEQUENCE IF NOT EXISTS seq6 ENGINE=MyISAM /* QNO 1202 CON_ID 21 */
		    18 Query	SHOW ENGINE PERFORMANCE_SCHEMA STATUS /* QNO 880 CON_ID 18 */
		    21 Query	SELECT * FROM performance_schema.`table_io_waits_summary_by_table` AS table1 ORDER BY table1.`AVG_TIMER_READ` LIMIT 167 /* QNO 1203 CON_ID 21 */
		    18 Query	CREATE OR REPLACE VIEW transforms.view_4904_probe AS SHOW ENGINE PERFORMANCE_SCHEMA STATUS /* QNO 880 CON_ID 18 */  /* QNO 881 CON_ID 18 */
		    16 Query	CREATE OR REPLACE VIEW transforms.view_900_probe AS CREATE FUNCTION w ( l INTEGER, i INTEGER ) RETURNS INTEGER RETURN 1 /* QNO 1088 CON_ID 16 */  /* QNO 1089 CON_ID 16 */
		    16 Query	DROP PROCEDURE IF EXISTS r /* QNO 1090 CON_ID 16 */
		    18 Query	SELECT * FROM `KEY_CACHES` INTO OUTFILE 'load_KEY_CACHES'  /* QNO 882 CON_ID 18 */
		    16 Query	SHOW WARNINGS
		    16 Query	GRANT REPLICATION CLIENT ON *.* to 'someuser'@'somehost' /* QNO 1091 CON_ID 16 */
		    18 Query	LOAD DATA INFILE 'load_KEY_CACHES' IGNORE INTO TABLE KEY_CACHES /* QNO 883 CON_ID 18 */
		    16 Query	CREATE OR REPLACE VIEW transforms.view_900_probe AS GRANT REPLICATION CLIENT ON *.* to 'someuser'@'somehost' /* QNO 1091 CON_ID 16 */  /* QNO 1092 CON_ID 16 */
		    16 Query	GRANT ALL PRIVILEGES ON test.m TO 'someuser'@'somehost' /* QNO 1093 CON_ID 16 */
		    18 Query	SELECT PREVIOUS VALUE FOR seq10 /* QNO 884 CON_ID 18 */
		    16 Query	CREATE OR REPLACE VIEW transforms.view_900_probe AS GRANT ALL PRIVILEGES ON test.m TO 'someuser'@'somehost' /* QNO 1093 CON_ID 16 */  /* QNO 1094 CON_ID 16 */
		    16 Query	CREATE FUNCTION v ( c INTEGER, o INTEGER ) RETURNS INTEGER RETURN 1 /* QNO 1095 CON_ID 16 */
		    18 Query	INSERT INTO `INNODB_FT_DELETED` ( `pk` ) VALUES (NULL) /* QNO 885 CON_ID 18 */
		    16 Query	CREATE OR REPLACE VIEW transforms.view_900_probe AS CREATE FUNCTION v ( c INTEGER, o INTEGER ) RETURNS INTEGER RETURN 1 /* QNO 1095 CON_ID 16 */  /* QNO 1096 CON_ID 16 */
		    16 Query	GRANT INSERT ( `vcol_year`, `col_enum`, `col_blob`, `vcol_int` ) ON `view_t9` TO 'someuser'@'somehost' /* QNO 1097 CON_ID 16 */
		    18 Query	SHOW ENGINE PERFORMANCE_SCHEMA STATUS /* QNO 886 CON_ID 18 */
		    21 Query	/* GenTest::Transform::ExecuteAsCTE */  WITH cte1 AS ( SELECT * FROM performance_schema.`table_io_waits_summary_by_table` AS table1 ORDER BY table1.`AVG_TIMER_READ` LIMIT 167 /* QNO 1203 CON_ID 21 */ ) SELECT * FROM cte1  /* TRANSFORM_OUTCOME_UNORDERED_MATCH */ /* QNO 1204 CON_ID 21 */
		    18 Query	CREATE OR REPLACE VIEW transforms.view_4904_probe AS SHOW ENGINE PERFORMANCE_SCHEMA STATUS /* QNO 886 CON_ID 18 */  /* QNO 887 CON_ID 18 */
		    18 Query	DELETE HISTORY FROM `TABLE_CONSTRAINTS` BEFORE system_time NOW() /* QNO 888 CON_ID 18 */
		    18 Query	INSERT INTO t8 (scol9) VALUES (5),('z'),(''),(0) /* QNO 889 CON_ID 18 */
		    18 Query	SHOW ENGINE PERFORMANCE_SCHEMA STATUS /* QNO 890 CON_ID 18 */
		    21 Query	/* GenTest::Transform::ExecuteAsExcept */ (  SELECT * FROM performance_schema.`table_io_waits_summary_by_table` AS table1 ORDER BY table1.`AVG_TIMER_READ` LIMIT 167 /* QNO 1203 CON_ID 21 */  ) EXCEPT (  SELECT * FROM performance_schema.`table_io_waits_summary_by_table` AS table1 ORDER BY table1.`AVG_TIMER_READ` LIMIT 0 /* QNO 1203 CON_ID 21 */  ) /* TRANSFORM_OUTCOME_DISTINCT */ /* QNO 1205 CON_ID 21 */
		    18 Query	CREATE OR REPLACE VIEW transforms.view_4904_probe AS SHOW ENGINE PERFORMANCE_SCHEMA STATUS /* QNO 890 CON_ID 18 */  /* QNO 891 CON_ID 18 */
		    16 Query	REVOKE REPLICATION CLIENT ON *.* FROM 'someuser'@'somehost' /* QNO 1098 CON_ID 16 */
		    16 Query	CREATE OR REPLACE VIEW transforms.view_900_probe AS REVOKE REPLICATION CLIENT ON *.* FROM 'someuser'@'somehost' /* QNO 1098 CON_ID 16 */  /* QNO 1099 CON_ID 16 */
		    18 Query	SHOW TABLES /* QNO 892 CON_ID 18 */
		    18 Query	CREATE OR REPLACE VIEW transforms.view_4904_probe AS SHOW TABLES /* QNO 892 CON_ID 18 */  /* QNO 893 CON_ID 18 */
		    16 Query	ALTER TABLE `t4` DROP KEY q /* QNO 1100 CON_ID 16 */
		    18 Query	SELECT NEXT_NOT_CACHED_VALUE, INCREMENT, CACHE_SIZE FROM seq3 /* QNO 894 CON_ID 18 */
		    16 Query	ALTER TABLE `view_t6` DROP KEY b /* QNO 1101 CON_ID 16 */
		    18 Query	SELECT * FROM INFORMATION_SCHEMA.`USER_PRIVILEGES` AS table1 WHERE NOT ( ( ( ( table1.`TABLE_CATALOG` < 2 AND table1.`GRANTEE` > table1.`TABLE_CATALOG`) AND table1.`TABLE_CATALOG` IN ( 3, 1, 7 )) OR table1.`IS_GRANTABLE` LIKE 'wait/synch%') OR table1.`IS_GRANTABLE` = 'j') LIMIT 162 /* QNO 895 CON_ID 18 */
		    16 Query	GRANT UPDATE ( `vcol_blob`, `vcol_dec` ), SELECT ( `vcol_date` ), INSERT ( `vcol_year` ) ON `t3` TO 'someuser'@'somehost' /* QNO 1102 CON_ID 16 */
		    18 Query	SHOW WARNINGS
		    16 Query	DROP FUNCTION IF EXISTS c /* QNO 1103 CON_ID 16 */
		    18 Query	SHOW ENGINE PERFORMANCE_SCHEMA STATUS /* QNO 896 CON_ID 18 */
		    16 Query	SHOW WARNINGS
		    16 Query	GRANT INSERT ( `col_year`, `vcol_year`, `vcol_blob`, `vcol_date`, `col_blob`, `col_char`, `col_datetime` ) ON `t7` TO 'someuser'@'somehost' /* QNO 1104 CON_ID 16 */
		    16 Query	DROP DATABASE IF EXISTS x /* QNO 1105 CON_ID 16 */
		    16 Query	SHOW WARNINGS
		    18 Query	CREATE OR REPLACE VIEW transforms.view_4904_probe AS SHOW ENGINE PERFORMANCE_SCHEMA STATUS /* QNO 896 CON_ID 18 */  /* QNO 897 CON_ID 18 */
		    16 Query	DROP TRIGGER IF EXISTS t /* QNO 1106 CON_ID 16 */
		    16 Query	SHOW WARNINGS
		    16 Query	DROP DATABASE IF EXISTS b /* QNO 1107 CON_ID 16 */
		    18 Query	SELECT * from t2 WHERE row_start IN (SELECT row_end FROM `INNODB_FT_BEING_DELETED`) /* QNO 898 CON_ID 18 */
		    18 Query	SHOW ENGINE PERFORMANCE_SCHEMA STATUS /* QNO 899 CON_ID 18 */
		    18 Query	CREATE OR REPLACE VIEW transforms.view_4904_probe AS SHOW ENGINE PERFORMANCE_SCHEMA STATUS /* QNO 899 CON_ID 18 */  /* QNO 900 CON_ID 18 */
		    18 Query	SELECT CYCLE_COUNT, CYCLE_OPTION, MINIMUM_VALUE, NEXT_NOT_CACHED_VALUE FROM seq10 /* QNO 901 CON_ID 18 */
		    18 Query	INSERT INTO t5 ( scol10 ) SELECT ncol1 FROM t7 /* QNO 902 CON_ID 18 */
		    18 Query	SELECT * FROM mysql.`func` AS table1 WHERE table1.`name` < table1.`dl` ORDER BY table1.`ret` LIMIT 28 /* QNO 903 CON_ID 18 */
		    18 Query	/* GenTest::Transform::ExecuteAsCTE */  WITH cte1 AS ( SELECT * FROM mysql.`func` AS table1 WHERE table1.`name` < table1.`dl` ORDER BY table1.`ret` LIMIT 28 /* QNO 903 CON_ID 18 */ ) SELECT * FROM cte1  /* TRANSFORM_OUTCOME_UNORDERED_MATCH */ /* QNO 904 CON_ID 18 */
		    18 Query	/* GenTest::Transform::ExecuteAsDeleteReturning */ CREATE DATABASE IF NOT EXISTS transforms /* QNO 905 CON_ID 18 */
		    21 Query	(  SELECT * FROM performance_schema.`table_io_waits_summary_by_table` AS table1 ORDER BY table1.`AVG_TIMER_READ` LIMIT 167 /* QNO 1203 CON_ID 21 */  ) EXCEPT (  SELECT * FROM performance_schema.`table_io_waits_summary_by_table` AS table1 ORDER BY table1.`AVG_TIMER_READ` LIMIT 167 /* QNO 1203 CON_ID 21 */  ) /* TRANSFORM_OUTCOME_EMPTY_RESULT */ /* QNO 1206 CON_ID 21 */
		    16 Query	CREATE OR REPLACE VIEW transforms.view_900_probe AS DROP DATABASE IF EXISTS b /* QNO 1107 CON_ID 16 */  /* QNO 1108 CON_ID 16 */
		    20 Query	SELECT * FROM transforms.insert_select_1000 /* TRANSFORM_OUTCOME_UNORDERED_MATCH */ /* QNO 2002 CON_ID 20 */
		    17 Query	CREATE OR REPLACE VIEW transforms.view_3980_probe AS CREATE SEQUENCE IF NOT EXISTS seq6  /* QNO 1428 CON_ID 17 */  /* QNO 1429 CON_ID 17 */
		    18 Query	SHOW WARNINGS
		    20 Query	DELETE FROM transforms.insert_select_1000 /* QNO 2003 CON_ID 20 */
		    18 Query	DROP TABLE IF EXISTS transforms.delete_returning_4904 /* QNO 906 CON_ID 18 */
		    20 Query	INSERT INTO transforms.insert_select_1000 SELECT * FROM mysql.transaction_registry /* QNO 1990 CON_ID 20 */  /* QNO 2004 CON_ID 20 */
		    20 Query	SELECT * FROM transforms.insert_select_1000 /* TRANSFORM_OUTCOME_UNORDERED_MATCH */ /* QNO 2005 CON_ID 20 */
		    17 Query	XA COMMIT 'xid22'  /* QNO 1430 CON_ID 17 */
		    20 Query	DELETE FROM transforms.insert_select_1000 /* QNO 2006 CON_ID 20 */
		    20 Query	REPLACE INTO transforms.insert_select_1000 SELECT * FROM mysql.transaction_registry /* QNO 1990 CON_ID 20 */  /* QNO 2007 CON_ID 20 */
		    17 Query	INSERT INTO `view_t7` ( `pk` ) VALUES (NULL) /* QNO 1431 CON_ID 17 */
		    20 Query	SELECT * FROM transforms.insert_select_1000 /* TRANSFORM_OUTCOME_UNORDERED_MATCH */ /* QNO 2008 CON_ID 20 */
		    20 Query	DROP TABLE transforms.insert_select_1000 /* QNO 2009 CON_ID 20 */
		    17 Query	SELECT PREVIOUS VALUE FOR seq6 /* QNO 1432 CON_ID 17 */
190114 12:06:43	    20 Query	/* GenTest::Transform::ExecuteAsIntersect */ ( SELECT * FROM mysql.transaction_registry /* QNO 1990 CON_ID 20 */  ) INTERSECT ( SELECT * FROM mysql.transaction_registry /* QNO 1990 CON_ID 20 */  ) /* TRANSFORM_OUTCOME_DISTINCT */ /* QNO 2010 CON_ID 20 */
		    17 Query	/* GenTest::Transform::ExecuteAsCTE */  WITH cte1 AS ( SELECT PREVIOUS VALUE FOR seq6 /* QNO 1432 CON_ID 17 */ ) SELECT * FROM cte1  /* TRANSFORM_OUTCOME_UNORDERED_MATCH */ /* QNO 1433 CON_ID 17 */
		    20 Query	( SELECT * FROM mysql.transaction_registry /* QNO 1990 CON_ID 20 */  ) INTERSECT ( SELECT * FROM mysql.transaction_registry /* QNO 1990 CON_ID 20 */  ) /* TRANSFORM_OUTCOME_EMPTY_RESULT */ /* QNO 2011 CON_ID 20 */
		    17 Query	/* GenTest::Transform::ExecuteAsDeleteReturning */ CREATE DATABASE IF NOT EXISTS transforms /* QNO 1434 CON_ID 17 */
		    20 Query	/* GenTest::Transform::ExecuteAsUnion */ ( SELECT * FROM mysql.transaction_registry /* QNO 1990 CON_ID 20 */  ) UNION ALL ( SELECT * FROM mysql.transaction_registry /* QNO 1990 CON_ID 20 */  LIMIT 0 ) /* TRANSFORM_OUTCOME_UNORDERED_MATCH */ /* QNO 2012 CON_ID 20 */
		    20 Query	( SELECT * FROM mysql.transaction_registry /* QNO 1990 CON_ID 20 */  LIMIT 0 ) UNION ALL ( SELECT * FROM mysql.transaction_registry /* QNO 1990 CON_ID 20 */  ) /* TRANSFORM_OUTCOME_UNORDERED_MATCH */ /* QNO 2013 CON_ID 20 */
		    20 Query	( SELECT * FROM mysql.transaction_registry /* QNO 1990 CON_ID 20 */  ) UNION DISTINCT ( SELECT * FROM mysql.transaction_registry /* QNO 1990 CON_ID 20 */  ) /* TRANSFORM_OUTCOME_DISTINCT */ /* QNO 2014 CON_ID 20 */
		    20 Query	( SELECT * FROM mysql.transaction_registry /* QNO 1990 CON_ID 20 */  ) UNION ALL ( SELECT * FROM mysql.transaction_registry /* QNO 1990 CON_ID 20 */  ) /* TRANSFORM_OUTCOME_SUPERSET */ /* QNO 2015 CON_ID 20 */
		    20 Query	CREATE OR REPLACE VIEW transforms.view_1000_probe AS SELECT * FROM mysql.transaction_registry /* QNO 1990 CON_ID 20 */  /* QNO 2016 CON_ID 20 */
		    16 Query	GRANT USAGE, SHOW DATABASES ON *.* to 'someuser'@'somehost' /* QNO 1109 CON_ID 16 */
		    16 Query	CREATE OR REPLACE VIEW transforms.view_900_probe AS GRANT USAGE, SHOW DATABASES ON *.* to 'someuser'@'somehost' /* QNO 1109 CON_ID 16 */  /* QNO 1110 CON_ID 16 */
		    16 Query	ALTER TABLE `t8` REMOVE PARTITIONING /* QNO 1111 CON_ID 16 */
		    16 Query	DROP EVENT t /* QNO 1112 CON_ID 16 */
		    16 Query	CREATE OR REPLACE VIEW f AS SELECT * FROM `t7` /* QNO 1113 CON_ID 16 */
		    16 Query	DROP VIEW IF EXISTS p /* QNO 1114 CON_ID 16 */
		    16 Query	SHOW WARNINGS
		    16 Query	CREATE OR REPLACE VIEW z AS SELECT * FROM `t7` /* QNO 1115 CON_ID 16 */
		    16 Query	REVOKE ALL PRIVILEGES ON test.j FROM 'someuser'@'somehost' /* QNO 1116 CON_ID 16 */
		    16 Query	CREATE OR REPLACE VIEW transforms.view_900_probe AS REVOKE ALL PRIVILEGES ON test.j FROM 'someuser'@'somehost' /* QNO 1116 CON_ID 16 */  /* QNO 1117 CON_ID 16 */
		    16 Query	ALTER TABLE `view_t3` PARTITION BY KEY() PARTITIONS 2 /* QNO 1118 CON_ID 16 */
		    17 Query	SHOW WARNINGS
		    22 Query	(  SELECT * FROM INFORMATION_SCHEMA.`REFERENTIAL_CONSTRAINTS` AS table1 ORDER BY table1.`TABLE_NAME`, table1.`DELETE_RULE`, table1.`UPDATE_RULE` LIMIT 27 /* QNO 1071 CON_ID 22 */  ) EXCEPT (  SELECT * FROM INFORMATION_SCHEMA.`REFERENTIAL_CONSTRAINTS` AS table1 ORDER BY table1.`TABLE_NAME`, table1.`DELETE_RULE`, table1.`UPDATE_RULE` LIMIT 27 /* QNO 1071 CON_ID 22 */  ) /* TRANSFORM_OUTCOME_EMPTY_RESULT */ /* QNO 1075 CON_ID 22 */
		    18 Query	CREATE TABLE transforms.delete_returning_4904  SELECT * FROM mysql.`func` AS table1 WHERE table1.`name` < table1.`dl` ORDER BY table1.`ret` LIMIT 28 /* QNO 903 CON_ID 18 */  /* QNO 907 CON_ID 18 */
		    17 Query	DROP TABLE IF EXISTS transforms.delete_returning_3980 /* QNO 1435 CON_ID 17 */
		    20 Query	DROP VIEW transforms.view_1000_probe /* QNO 2017 CON_ID 20 */
		    20 Query	/* GenTest::Transform::ExecuteAsView */ CREATE DATABASE IF NOT EXISTS transforms /* QNO 2018 CON_ID 20 */
		    17 Query	CREATE TABLE transforms.delete_returning_3980 SELECT PREVIOUS VALUE FOR seq6 /* QNO 1432 CON_ID 17 */  /* QNO 1436 CON_ID 17 */
		    21 Query	/* GenTest::Transform::ExecuteAsExecuteImmediate */ EXECUTE IMMEDIATE ' SELECT * FROM performance_schema.`table_io_waits_summary_by_table` AS table1 ORDER BY table1.`AVG_TIMER_READ` LIMIT 167 /* QNO 1203 CON_ID 21 */ ' /* TRANSFORM_OUTCOME_UNORDERED_MATCH */ /* QNO 1207 CON_ID 21 */
		    21 Prepare	SELECT * FROM performance_schema.`table_io_waits_summary_by_table` AS table1 ORDER BY table1.`AVG_TIMER_READ` LIMIT 167 /* QNO 1203 CON_ID 21 */
		    21 Execute	SELECT * FROM performance_schema.`table_io_waits_summary_by_table` AS table1 ORDER BY table1.`AVG_TIMER_READ` LIMIT 167 /* QNO 1203 CON_ID 21 */
		    21 Query	/* GenTest::Transform::ExecuteAsInsertSelect */ CREATE DATABASE IF NOT EXISTS transforms /* QNO 1208 CON_ID 21 */
		    16 Query	ALTER TABLE `t3` ADD PRIMARY KEY (`pk`) /* QNO 1119 CON_ID 16 */
		    21 Query	/* GenTest::Transform::ExecuteAsIntersect */ (  SELECT * FROM performance_schema.`table_io_waits_summary_by_table` AS table1 ORDER BY table1.`AVG_TIMER_READ` LIMIT 167 /* QNO 1203 CON_ID 21 */  ) INTERSECT (  SELECT * FROM performance_schema.`table_io_waits_summary_by_table` AS table1 ORDER BY table1.`AVG_TIMER_READ` LIMIT 167 /* QNO 1203 CON_ID 21 */  ) /* TRANSFORM_OUTCOME_DISTINCT */ /* QNO 1209 CON_ID 21 */
		    16 Query	GRANT UPDATE ( `col_int`, `vcol_enum`, `col_date`, `col_blob`, `vcol_year` ), INSERT ( `vcol_dec` ), UPDATE ( `vcol_enum` ) ON `view_t8` TO 'someuser'@'somehost' /* QNO 1120 CON_ID 16 */
		    21 Query	(  SELECT * FROM performance_schema.`table_io_waits_summary_by_table` AS table1 ORDER BY table1.`AVG_TIMER_READ` LIMIT 167 /* QNO 1203 CON_ID 21 */  ) INTERSECT (  SELECT * FROM performance_schema.`table_io_waits_summary_by_table` AS table1 ORDER BY table1.`AVG_TIMER_READ` LIMIT 0 /* QNO 1203 CON_ID 21 */  ) /* TRANSFORM_OUTCOME_EMPTY_RESULT */ /* QNO 1210 CON_ID 21 */
		    16 Query	GRANT ALL PRIVILEGES ON i.* TO 'someuser'@'somehost' /* QNO 1121 CON_ID 16 */
		    21 Query	/* GenTest::Transform::ExecuteAsUnion */ (  SELECT * FROM performance_schema.`table_io_waits_summary_by_table` AS table1 ORDER BY table1.`AVG_TIMER_READ` LIMIT 167 /* QNO 1203 CON_ID 21 */  ) UNION ALL (  SELECT * FROM performance_schema.`table_io_waits_summary_by_table` AS table1 ORDER BY table1.`AVG_TIMER_READ` LIMIT 0 /* QNO 1203 CON_ID 21 */  ) /* TRANSFORM_OUTCOME_UNORDERED_MATCH */ /* QNO 1211 CON_ID 21 */
		    16 Query	CREATE OR REPLACE VIEW transforms.view_900_probe AS GRANT ALL PRIVILEGES ON i.* TO 'someuser'@'somehost' /* QNO 1121 CON_ID 16 */  /* QNO 1122 CON_ID 16 */
		    16 Query	ALTER TABLE `view_t3` PARTITION BY KEY() PARTITIONS 4 /* QNO 1123 CON_ID 16 */
		    16 Query	GRANT ALL PRIVILEGES ON test.m TO 'someuser'@'somehost' /* QNO 1124 CON_ID 16 */
		    16 Query	CREATE OR REPLACE VIEW transforms.view_900_probe AS GRANT ALL PRIVILEGES ON test.m TO 'someuser'@'somehost' /* QNO 1124 CON_ID 16 */  /* QNO 1125 CON_ID 16 */
		    16 Query	CREATE EVENT w ON SCHEDULE AT NOW() DO SET @a=@a /* QNO 1126 CON_ID 16 */
		    16 Query	CREATE OR REPLACE VIEW transforms.view_900_probe AS CREATE EVENT w ON SCHEDULE AT NOW() DO SET @a=@a /* QNO 1126 CON_ID 16 */  /* QNO 1127 CON_ID 16 */
		    16 Query	GRANT INSERT ( `col_bit`, `col_varchar`, `vcol_enum`, `col_time` ), INSERT ( `col_enum`, `col_dec`, `pk` ), INSERT ( `vcol_time`, `col_time`, `vcol_bit`, `col_timestamp` ) ON `t6` TO 'someuser'@'somehost' /* QNO 1128 CON_ID 16 */
		    16 Query	CREATE OR REPLACE VIEW f AS SELECT * FROM `view_t4` /* QNO 1129 CON_ID 16 */
		    16 Query	DROP DATABASE IF EXISTS v /* QNO 1130 CON_ID 16 */
		    21 Query	(  SELECT * FROM performance_schema.`table_io_waits_summary_by_table` AS table1 ORDER BY table1.`AVG_TIMER_READ` LIMIT 0 /* QNO 1203 CON_ID 21 */  ) UNION ALL (  SELECT * FROM performance_schema.`table_io_waits_summary_by_table` AS table1 ORDER BY table1.`AVG_TIMER_READ` LIMIT 167 /* QNO 1203 CON_ID 21 */  ) /* TRANSFORM_OUTCOME_UNORDERED_MATCH */ /* QNO 1212 CON_ID 21 */
		    21 Query	(  SELECT * FROM performance_schema.`table_io_waits_summary_by_table` AS table1 ORDER BY table1.`AVG_TIMER_READ` LIMIT 167 /* QNO 1203 CON_ID 21 */  ) UNION DISTINCT (  SELECT * FROM performance_schema.`table_io_waits_summary_by_table` AS table1 ORDER BY table1.`AVG_TIMER_READ` LIMIT 167 /* QNO 1203 CON_ID 21 */  ) /* TRANSFORM_OUTCOME_DISTINCT */ /* QNO 1213 CON_ID 21 */
		    16 Query	SHOW WARNINGS
		    16 Query	REVOKE REPLICATION CLIENT ON *.* FROM 'someuser'@'somehost' /* QNO 1131 CON_ID 16 */
		    16 Query	CREATE OR REPLACE VIEW transforms.view_900_probe AS REVOKE REPLICATION CLIENT ON *.* FROM 'someuser'@'somehost' /* QNO 1131 CON_ID 16 */  /* QNO 1132 CON_ID 16 */
		    16 Query	ALTER TABLE `view_t4` PARTITION BY KEY() PARTITIONS 9 /* QNO 1133 CON_ID 16 */
		    16 Query	ALTER TABLE `view_t9` DROP PRIMARY KEY /* QNO 1134 CON_ID 16 */
		    16 Query	GRANT INSERT ( `vcol_blob` ), INSERT ( `col_time` ), SELECT ( `vcol_int` ) ON `view_t1` TO 'someuser'@'somehost' /* QNO 1135 CON_ID 16 */
		    16 Query	REVOKE ALL PRIVILEGES ON i.* FROM 'someuser'@'somehost' /* QNO 1136 CON_ID 16 */
		    16 Query	CREATE OR REPLACE VIEW transforms.view_900_probe AS REVOKE ALL PRIVILEGES ON i.* FROM 'someuser'@'somehost' /* QNO 1136 CON_ID 16 */  /* QNO 1137 CON_ID 16 */
		    16 Query	DROP VIEW IF EXISTS u /* QNO 1138 CON_ID 16 */
		    16 Query	SHOW WARNINGS
		    16 Query	REVOKE ALL PRIVILEGES ON test.h FROM 'someuser'@'somehost' /* QNO 1139 CON_ID 16 */
		    16 Query	GRANT INSERT ( `col_blob` ), UPDATE ( `col_timestamp` ), SELECT ( `col_char`, `vcol_enum`, `col_blob`, `vcol_enum`, `col_time`, `col_enum` ) ON `view_t4` TO 'someuser'@'somehost' /* QNO 1140 CON_ID 16 */
		    16 Query	CREATE OR REPLACE VIEW n AS SELECT * FROM `t5` /* QNO 1141 CON_ID 16 */
		    16 Query	CREATE EVENT s ON SCHEDULE AT NOW() DO SET @a=@a /* QNO 1142 CON_ID 16 */
		    16 Query	CREATE OR REPLACE VIEW transforms.view_900_probe AS CREATE EVENT s ON SCHEDULE AT NOW() DO SET @a=@a /* QNO 1142 CON_ID 16 */  /* QNO 1143 CON_ID 16 */
		    16 Query	DROP TRIGGER IF EXISTS y /* QNO 1144 CON_ID 16 */
		    16 Query	SHOW WARNINGS
		    16 Query	CREATE FUNCTION b ( y INTEGER, i INTEGER ) RETURNS INTEGER RETURN 1 /* QNO 1145 CON_ID 16 */
		    16 Query	GRANT RELOAD ON *.* to 'someuser'@'somehost' /* QNO 1146 CON_ID 16 */
		    16 Query	CREATE OR REPLACE VIEW transforms.view_900_probe AS GRANT RELOAD ON *.* to 'someuser'@'somehost' /* QNO 1146 CON_ID 16 */  /* QNO 1147 CON_ID 16 */
		    16 Query	DROP TABLE c /* QNO 1148 CON_ID 16 */
		    21 Query	(  SELECT * FROM performance_schema.`table_io_waits_summary_by_table` AS table1 ORDER BY table1.`AVG_TIMER_READ` LIMIT 167 /* QNO 1203 CON_ID 21 */  ) UNION ALL (  SELECT * FROM performance_schema.`table_io_waits_summary_by_table` AS table1 ORDER BY table1.`AVG_TIMER_READ` LIMIT 167 /* QNO 1203 CON_ID 21 */  ) /* TRANSFORM_OUTCOME_SUPERSET */ /* QNO 1214 CON_ID 21 */
		    16 Query	CREATE TRIGGER o BEFORE INSERT ON `t2` FOR EACH ROW BEGIN INSERT INTO `t8` SELECT * FROM `t4` LIMIT 0 ; END ; /* QNO 1149 CON_ID 16 */
		    16 Query	CREATE DATABASE IF NOT EXISTS l /* QNO 1150 CON_ID 16 */
		    16 Query	CREATE OR REPLACE VIEW transforms.view_900_probe AS CREATE DATABASE IF NOT EXISTS l /* QNO 1150 CON_ID 16 */  /* QNO 1151 CON_ID 16 */
		    16 Query	DROP FUNCTION IF EXISTS l /* QNO 1152 CON_ID 16 */
		    16 Query	SHOW WARNINGS
		    16 Query	REVOKE ALL PRIVILEGES ON r.* FROM 'someuser'@'somehost' /* QNO 1153 CON_ID 16 */
		    16 Query	CREATE OR REPLACE VIEW s AS SELECT * FROM `t8` /* QNO 1154 CON_ID 16 */
		    21 Query	CREATE OR REPLACE VIEW transforms.view_4888_probe AS  SELECT * FROM performance_schema.`table_io_waits_summary_by_table` AS table1 ORDER BY table1.`AVG_TIMER_READ` LIMIT 167 /* QNO 1203 CON_ID 21 */  /* QNO 1215 CON_ID 21 */
		    21 Query	/* GenTest::Transform::ExecuteAsPreparedTwice */ PREPARE prep_stmt_4888 FROM ' SELECT * FROM performance_schema.`table_io_waits_summary_by_table` AS table1 ORDER BY table1.`AVG_TIMER_READ` LIMIT 167 /* QNO 1203 CON_ID 21 */ ' /* QNO 1216 CON_ID 21 */
		    21 Prepare	SELECT * FROM performance_schema.`table_io_waits_summary_by_table` AS table1 ORDER BY table1.`AVG_TIMER_READ` LIMIT 167 /* QNO 1203 CON_ID 21 */
		    16 Query	/* GenTest::Transform::ExecuteAsCTE */  CREATE OR REPLACE VIEW s AS WITH cte1 AS ( SELECT * FROM `t8` /* QNO 1154 CON_ID 16 */ ) SELECT * FROM cte1  /* TRANSFORM_OUTCOME_UNORDERED_MATCH */ /* QNO 1155 CON_ID 16 */
		    22 Query	/* GenTest::Transform::ExecuteAsExecuteImmediate */ EXECUTE IMMEDIATE ' SELECT * FROM INFORMATION_SCHEMA.`REFERENTIAL_CONSTRAINTS` AS table1 ORDER BY table1.`TABLE_NAME`, table1.`DELETE_RULE`, table1.`UPDATE_RULE` LIMIT 27 /* QNO 1071 CON_ID 22 */ ' /* TRANSFORM_OUTCOME_UNORDERED_MATCH */ /* QNO 1076 CON_ID 22 */
		    22 Prepare	SELECT * FROM INFORMATION_SCHEMA.`REFERENTIAL_CONSTRAINTS` AS table1 ORDER BY table1.`TABLE_NAME`, table1.`DELETE_RULE`, table1.`UPDATE_RULE` LIMIT 27 /* QNO 1071 CON_ID 22 */
		    18 Query	DELETE FROM transforms.delete_returning_4904 RETURNING `name`,`ret`,`dl`,`type` /* TRANSFORM_OUTCOME_UNORDERED_MATCH */ /* QNO 908 CON_ID 18 */
		    21 Query	EXECUTE prep_stmt_4888 /* TRANSFORM_OUTCOME_UNORDERED_MATCH */ /* QNO 1217 CON_ID 21 */
		    21 Execute	SELECT * FROM performance_schema.`table_io_waits_summary_by_table` AS table1 ORDER BY table1.`AVG_TIMER_READ` LIMIT 167 /* QNO 1203 CON_ID 21 */
		    21 Query	EXECUTE prep_stmt_4888 /* TRANSFORM_OUTCOME_UNORDERED_MATCH */ /* QNO 1218 CON_ID 21 */
		    21 Execute	SELECT * FROM performance_schema.`table_io_waits_summary_by_table` AS table1 ORDER BY table1.`AVG_TIMER_READ` LIMIT 167 /* QNO 1203 CON_ID 21 */
		    21 Query	DEALLOCATE PREPARE prep_stmt_4888 /* QNO 1219 CON_ID 21 */
		    21 Query	/* GenTest::Transform::ExecuteAsSPTwice */ DROP PROCEDURE IF EXISTS stored_proc_4888 /* QNO 1220 CON_ID 21 */
		    21 Query	TRUNCATE TABLE performance_schema.events_waits_history_long /* QNO 1221 CON_ID 21 */
		    21 Query	INSERT INTO `events_statements_history_long` SELECT * FROM `events_statements_summary_by_thread_by_event_name` /* QNO 1222 CON_ID 21 */
		    18 Query	/* GenTest::Transform::ExecuteAsExcept */ (  SELECT * FROM mysql.`func` AS table1 WHERE table1.`name` < table1.`dl` ORDER BY table1.`ret` LIMIT 28 /* QNO 903 CON_ID 18 */  ) EXCEPT (  SELECT * FROM mysql.`func` AS table1 WHERE table1.`name` < table1.`dl` ORDER BY table1.`ret` LIMIT 0 /* QNO 903 CON_ID 18 */  ) /* TRANSFORM_OUTCOME_DISTINCT */ /* QNO 909 CON_ID 18 */
		    18 Query	(  SELECT * FROM mysql.`func` AS table1 WHERE table1.`name` < table1.`dl` ORDER BY table1.`ret` LIMIT 28 /* QNO 903 CON_ID 18 */  ) EXCEPT (  SELECT * FROM mysql.`func` AS table1 WHERE table1.`name` < table1.`dl` ORDER BY table1.`ret` LIMIT 28 /* QNO 903 CON_ID 18 */  ) /* TRANSFORM_OUTCOME_EMPTY_RESULT */ /* QNO 910 CON_ID 18 */
		    18 Query	/* GenTest::Transform::ExecuteAsExecuteImmediate */ EXECUTE IMMEDIATE ' SELECT * FROM mysql.`func` AS table1 WHERE table1.`name` < table1.`dl` ORDER BY table1.`ret` LIMIT 28 /* QNO 903 CON_ID 18 */ ' /* TRANSFORM_OUTCOME_UNORDERED_MATCH */ /* QNO 911 CON_ID 18 */
		    18 Prepare	SELECT * FROM mysql.`func` AS table1 WHERE table1.`name` < table1.`dl` ORDER BY table1.`ret` LIMIT 28 /* QNO 903 CON_ID 18 */
		    18 Execute	SELECT * FROM mysql.`func` AS table1 WHERE table1.`name` < table1.`dl` ORDER BY table1.`ret` LIMIT 28 /* QNO 903 CON_ID 18 */
		    18 Query	/* GenTest::Transform::ExecuteAsInsertSelect */ CREATE DATABASE IF NOT EXISTS transforms /* QNO 912 CON_ID 18 */
		    20 Query	SHOW WARNINGS
		    20 Query	DROP VIEW IF EXISTS transforms.view_1000_merge , transforms.view_1000_temptable /* QNO 2019 CON_ID 20 */
		    16 Query	/* GenTest::Transform::ExecuteAsExecuteImmediate */ EXECUTE IMMEDIATE 'CREATE OR REPLACE VIEW s AS SELECT * FROM `t8` /* QNO 1154 CON_ID 16 */ ' /* TRANSFORM_OUTCOME_UNORDERED_MATCH */ /* QNO 1156 CON_ID 16 */
		    16 Prepare	CREATE OR REPLACE VIEW s AS SELECT * FROM `t8` /* QNO 1154 CON_ID 16 */
		    21 Query	SELECT * FROM performance_schema.`events_statements_summary_by_user_by_event_name` AS table1 WHERE ( ( table1.`SUM_ROWS_SENT` IN ( 3, 1, 4 ) OR table1.`SUM_NO_GOOD_INDEX_USED` > 'hf') AND table1.`SUM_CREATED_TMP_DISK_TABLES` IN ( 4, 7, 8 )) HAVING (table1.`EVENT_NAME` < '2013-08-07 00:00:35.000497' IS NULL OR table1.`AVG_TIMER_WAIT` < 3) ORDER BY table1.`SUM_SORT_RANGE` LIMIT 77 /* QNO 1223 CON_ID 21 */
		    21 Query	SHOW WARNINGS
		    21 Query	UPDATE performance_schema.setup_instruments SET TIMED = 'YES' WHERE NAME LIKE 'wait/io%' /* QNO 1224 CON_ID 21 */
		    21 Query	CREATE OR REPLACE VIEW transforms.view_4888_probe AS UPDATE performance_schema.setup_instruments SET TIMED = 'YES' WHERE NAME LIKE 'wait/io%' /* QNO 1224 CON_ID 21 */  /* QNO 1225 CON_ID 21 */
		    21 Query	XA RECOVER /* QNO 1226 CON_ID 21 */
		    21 Query	CREATE OR REPLACE VIEW transforms.view_4888_probe AS XA RECOVER /* QNO 1226 CON_ID 21 */  /* QNO 1227 CON_ID 21 */
		    21 Query	UPDATE performance_schema.setup_consumers SET enabled = 'NO' WHERE name IN ( 'file_summary_by_event_name', 'events_waits_summary_by_event_name', 'events_waits_history' ) /* QNO 1228 CON_ID 21 */
		    21 Query	CREATE OR REPLACE VIEW transforms.view_4888_probe AS UPDATE performance_schema.setup_consumers SET enabled = 'NO' WHERE name IN ( 'file_summary_by_event_name', 'events_waits_summary_by_event_name', 'events_waits_history' ) /* QNO 1228 CON_ID 21 */  /* QNO 1229 CON_ID 21 */
		    21 Query	SELECT * FROM `events_stages_summary_global_by_event_name` INTO OUTFILE 'load_events_stages_summary_global_by_event_name'  /* QNO 1230 CON_ID 21 */
		    21 Query	LOAD DATA INFILE 'load_events_stages_summary_global_by_event_name' IGNORE INTO TABLE events_stages_summary_global_by_event_name /* QNO 1231 CON_ID 21 */
		    21 Query	SELECT * FROM INFORMATION_SCHEMA.`GLOBAL_STATUS` AS table1 LIMIT 253 /* QNO 1232 CON_ID 21 */
		    21 Query	/* GenTest::Transform::ExecuteAsCTE */  WITH cte1 AS ( SELECT * FROM INFORMATION_SCHEMA.`GLOBAL_STATUS` AS table1 LIMIT 253 /* QNO 1232 CON_ID 21 */ ) SELECT * FROM cte1  /* TRANSFORM_OUTCOME_UNORDERED_MATCH */ /* QNO 1233 CON_ID 21 */
		    16 Execute	CREATE OR REPLACE VIEW s AS SELECT * FROM `t8` /* QNO 1154 CON_ID 16 */
		    16 Query	CREATE OR REPLACE VIEW transforms.view_900_probe AS CREATE OR REPLACE VIEW s AS SELECT * FROM `t8` /* QNO 1154 CON_ID 16 */  /* QNO 1157 CON_ID 16 */
		    16 Query	/* GenTest::Transform::ExecuteAsPreparedTwice */ PREPARE prep_stmt_900 FROM 'CREATE OR REPLACE VIEW s AS SELECT * FROM `t8` /* QNO 1154 CON_ID 16 */ ' /* QNO 1158 CON_ID 16 */
		    16 Prepare	CREATE OR REPLACE VIEW s AS SELECT * FROM `t8` /* QNO 1154 CON_ID 16 */
		    16 Query	EXECUTE prep_stmt_900 /* TRANSFORM_OUTCOME_UNORDERED_MATCH */ /* QNO 1159 CON_ID 16 */
		    21 Query	/* GenTest::Transform::ExecuteAsDeleteReturning */ CREATE DATABASE IF NOT EXISTS transforms /* QNO 1234 CON_ID 21 */
		    21 Query	/* GenTest::Transform::ExecuteAsExcept */ (  SELECT * FROM INFORMATION_SCHEMA.`GLOBAL_STATUS` AS table1 LIMIT 253 /* QNO 1232 CON_ID 21 */  ) EXCEPT (  SELECT * FROM INFORMATION_SCHEMA.`GLOBAL_STATUS` AS table1 LIMIT 0 /* QNO 1232 CON_ID 21 */  ) /* TRANSFORM_OUTCOME_DISTINCT */ /* QNO 1235 CON_ID 21 */
