		    17 Query	SHOW TABLES /* QNO 992 CON_ID 17 */
		    14 Query	CREATE TABLE y LIKE `D` /* QNO 2259 CON_ID 14 */
		    15 Query	SELECT * from t4 WHERE row_start >= @trx_user_var /* QNO 1390 CON_ID 15 */
		    14 Query	DROP TABLE j /* QNO 2260 CON_ID 14 */
		    15 Query	FLUSH LOGS, PRIVILEGES, DES_KEY_FILE, STATUS /* QNO 1391 CON_ID 15 */
		    17 Query	SELECT * FROM INFORMATION_SCHEMA.`KEY_CACHES` AS table1 ORDER BY table1.`READ_REQUESTS` LIMIT 39 /* QNO 993 CON_ID 17 */
		    17 Query	/* GenTest::Transform::ExecuteAsExecuteImmediate */ EXECUTE IMMEDIATE ' /* TRANSFORM_OUTCOME_UNORDERED_MATCH */ /* QNO 994 CON_ID 17 */
/home/travis/server/bin/mysqld, Version: 10.4.2-MariaDB-debug-log (Source distribution). started with:
Tcp port: 19300  Unix socket: /home/travis/logs/vardir/mysql.sock
Time		    Id Command	Argument
		    17 Query	/* GenTest::Transform::ExecuteAsInsertSelect */ CREATE DATABASE IF NOT EXISTS transforms /* QNO 995 CON_ID 17 */
		    15 Query	LOCK TABLES `B` READ  /* QNO 1392 CON_ID 15 */
190122 13:39:57	    15 Query	SELECT * FROM INFORMATION_SCHEMA.`ENGINES` AS table1 HAVING table1.`XA` > 9 IS NOT NULL LIMIT 228 /* QNO 1393 CON_ID 15 */
		    15 Query	/* GenTest::Transform::ExecuteAsExecuteImmediate */ EXECUTE IMMEDIATE ' SELECT * FROM INFORMATION_SCHEMA.`ENGINES` AS table1 HAVING table1.`XA` > 9 IS NOT NULL LIMIT 228 /* QNO 1393 CON_ID 15 */ ' /* TRANSFORM_OUTCOME_UNORDERED_MATCH */ /* QNO 1394 CON_ID 15 */
		    15 Prepare	SELECT * FROM INFORMATION_SCHEMA.`ENGINES` AS table1 HAVING table1.`XA` > 9 IS NOT NULL LIMIT 228 /* QNO 1393 CON_ID 15 */
		    15 Execute	SELECT * FROM INFORMATION_SCHEMA.`ENGINES` AS table1 HAVING table1.`XA` > 9 IS NOT NULL LIMIT 228 /* QNO 1393 CON_ID 15 */
		    15 Query	/* GenTest::Transform::ExecuteAsInsertSelect */ CREATE DATABASE IF NOT EXISTS transforms /* QNO 1395 CON_ID 15 */
		    17 Query	SHOW WARNINGS
		    18 Query	SELECT * FROM transforms.insert_select_22992 /* TRANSFORM_OUTCOME_UNORDERED_MATCH */ /* QNO 1278 CON_ID 18 */
		    17 Query	DROP TABLE IF EXISTS transforms.insert_select_22990 /* QNO 996 CON_ID 17 */
		    18 Query	DELETE FROM transforms.insert_select_22992 /* QNO 1279 CON_ID 18 */
		    17 Query	SHOW WARNINGS
		    17 Query	CREATE TABLE transforms.insert_select_22990  SELECT * FROM INFORMATION_SCHEMA.`KEY_CACHES` AS table1 ORDER BY table1.`READ_REQUESTS` LIMIT 39 /* QNO 993 CON_ID 17 */  /* QNO 997 CON_ID 17 */
		    18 Query	INSERT INTO transforms.insert_select_22992  SELECT * FROM INFORMATION_SCHEMA.`INDEX_STATISTICS` AS table1 WHERE (NOT ( table1.`TABLE_SCHEMA` LIKE 'wait%' AND table1.`ROWS_READ` LIKE 'wait/io%') OR table1.`INDEX_NAME` IN ( 9, 5, 3 )) ORDER BY table1.`INDEX_NAME`, table1.`INDEX_NAME`, table1.`TABLE_SCHEMA`, table1.`INDEX_NAME`, table1.`INDEX_NAME`, table1.`TABLE_SCHEMA` LIMIT 179 /* QNO 1273 CON_ID 18 */  /* QNO 1280 CON_ID 18 */
		    15 Query	SELECT * FROM INFORMATION_SCHEMA.`GEOMETRY_COLUMNS` AS table1 WHERE NOT ( ( table1.`SRID` = 2 OR table1.`F_GEOMETRY_COLUMN` LIKE 'wait/synch%') OR table1.`F_GEOMETRY_COLUMN` LIKE 'wait/io%') HAVING (table1.`F_TABLE_SCHEMA` >= '2003-03-07 17:41:14.017546' IS NOT NULL AND table1.`G_GEOMETRY_COLUMN` > '1992-07-15 04:15:13.018649') LIMIT 131 /* QNO 1396 CON_ID 15 */
		    18 Query	SELECT * FROM transforms.insert_select_22992 /* TRANSFORM_OUTCOME_UNORDERED_MATCH */ /* QNO 1281 CON_ID 18 */
		    18 Query	DELETE FROM transforms.insert_select_22992 /* QNO 1282 CON_ID 18 */
		    18 Query	REPLACE INTO transforms.insert_select_22992  SELECT * FROM INFORMATION_SCHEMA.`INDEX_STATISTICS` AS table1 WHERE (NOT ( table1.`TABLE_SCHEMA` LIKE 'wait%' AND table1.`ROWS_READ` LIKE 'wait/io%') OR table1.`INDEX_NAME` IN ( 9, 5, 3 )) ORDER BY table1.`INDEX_NAME`, table1.`INDEX_NAME`, table1.`TABLE_SCHEMA`, table1.`INDEX_NAME`, table1.`INDEX_NAME`, table1.`TABLE_SCHEMA` LIMIT 179 /* QNO 1273 CON_ID 18 */  /* QNO 1283 CON_ID 18 */
		    18 Query	SELECT * FROM transforms.insert_select_22992 /* TRANSFORM_OUTCOME_UNORDERED_MATCH */ /* QNO 1284 CON_ID 18 */
		    18 Query	DROP TABLE transforms.insert_select_22992 /* QNO 1285 CON_ID 18 */
		    16 Query	INSERT INTO t7 ( scol4 ) SELECT ncol6 FROM t7 /* QNO 1200 CON_ID 16 */
		    14 Query	ALTER TABLE `AA` REMOVE PARTITIONING /* QNO 2261 CON_ID 14 */
		    14 Query	DROP TRIGGER IF EXISTS f /* QNO 2262 CON_ID 14 */
		    16 Query	CREATE OR REPLACE TEMPORARY TABLE `tmp` LIKE BB  /* QNO 1201 CON_ID 16 */
		    14 Query	SHOW WARNINGS
		    14 Query	DROP TRIGGER IF EXISTS g /* QNO 2263 CON_ID 14 */
		    14 Query	SHOW WARNINGS
		    14 Query	ALTER TABLE `C` REMOVE PARTITIONING /* QNO 2264 CON_ID 14 */
		    14 Query	REVOKE ALL PRIVILEGES ON test.o FROM 'someuser'@'somehost' /* QNO 2265 CON_ID 14 */
		    14 Query	GRANT SELECT ( `col_datetime_key`, `col_varchar_nokey` ) ON `AA` TO 'someuser'@'somehost' /* QNO 2266 CON_ID 14 */
		    14 Query	DROP TRIGGER IF EXISTS n /* QNO 2267 CON_ID 14 */
		    14 Query	SHOW WARNINGS
		    14 Query	ALTER TABLE `A` DROP KEY f /* QNO 2268 CON_ID 14 */
		    14 Query	GRANT ALL PRIVILEGES ON test.l TO 'someuser'@'somehost' /* QNO 2269 CON_ID 14 */
		    14 Query	REVOKE ALL PRIVILEGES ON v.* FROM 'someuser'@'somehost' /* QNO 2270 CON_ID 14 */
		    14 Query	DROP TRIGGER IF EXISTS s /* QNO 2271 CON_ID 14 */
		    14 Query	SHOW WARNINGS
		    14 Query	DROP DATABASE IF EXISTS f /* QNO 2272 CON_ID 14 */
		    14 Query	CREATE DATABASE IF NOT EXISTS v /* QNO 2273 CON_ID 14 */
		    14 Query	GRANT ALL PRIVILEGES ON test.s TO 'someuser'@'somehost' /* QNO 2274 CON_ID 14 */
		    14 Query	GRANT ALL PRIVILEGES ON test.u TO 'someuser'@'somehost' /* QNO 2275 CON_ID 14 */
		    14 Query	GRANT ALL PRIVILEGES ON g.* TO 'someuser'@'somehost' /* QNO 2276 CON_ID 14 */
		    14 Query	CREATE PROCEDURE q ( OUT i INT, OUT h INT ) BEGIN SELECT COUNT(*) INTO @a FROM `DD`; END ; /* QNO 2277 CON_ID 14 */
		    14 Query	DROP TABLE j /* QNO 2278 CON_ID 14 */
		    14 Query	GRANT INSERT ( `col_int_key` ), SELECT ( `col_datetime_nokey` ), UPDATE ( `col_varchar_nokey` ) ON `CC` TO 'someuser'@'somehost' /* QNO 2279 CON_ID 14 */
		    14 Query	DROP VIEW IF EXISTS k /* QNO 2280 CON_ID 14 */
		    14 Query	SHOW WARNINGS
		    14 Query	GRANT ALL PRIVILEGES ON test.a TO 'someuser'@'somehost' /* QNO 2281 CON_ID 14 */
		    14 Query	ALTER TABLE `AA` PARTITION BY KEY() PARTITIONS 0 /* QNO 2282 CON_ID 14 */
		    14 Query	REVOKE ALL PRIVILEGES ON test.u FROM 'someuser'@'somehost' /* QNO 2283 CON_ID 14 */
		    18 Query	SELECT * FROM `COLUMNS` INTO OUTFILE 'load_COLUMNS'  /* QNO 1286 CON_ID 18 */
		    18 Query	LOAD DATA INFILE 'load_COLUMNS' REPLACE INTO TABLE COLUMNS /* QNO 1287 CON_ID 18 */
		    18 Query	SET SQL_MODE= 'ERROR_FOR_DIVISION_BY_ZERO,NO_KEY_OPTIONS,SIMULTANEOUS_ASSIGNMENT,MYSQL323,TIME_ROUND_FRACTIONAL,MYSQL40,NO_AUTO_CREATE_USER,NO_ZERO_IN_DATE,PAD_CHAR_TO_FULL_LENGTH,POSTGRESQL,HIGH_NOT_PRECEDENCE' /* QNO 1288 CON_ID 18 */
		    18 Query	SELECT * FROM INFORMATION_SCHEMA.`INNODB_SYS_FIELDS` AS table1 HAVING ( ( ( (NOT ( table1.`POS` >= 'm' OR table1.`INDEX_ID` <> 'zp') AND table1.`NAME` = 7) AND table1.`INDEX_ID` > 'p') AND table1.`POS` <= 5) AND table1.`POS` >= 'n') LIMIT 253 /* QNO 1289 CON_ID 18 */
		    14 Query	DROP EVENT a /* QNO 2284 CON_ID 14 */
		    18 Query	SHOW WARNINGS
		    18 Query	UPDATE performance_schema.setup_instruments SET ENABLED = 'YES' ORDER BY RAND() LIMIT 2 /* QNO 1290 CON_ID 18 */
		    14 Query	REVOKE ALL PRIVILEGES ON test.k FROM 'someuser'@'somehost' /* QNO 2285 CON_ID 14 */
		    14 Query	ALTER TABLE `BB` ADD KEY ( c ) /* QNO 2286 CON_ID 14 */
		    18 Query	ALTER ONLINE TABLE `CLIENT_STATISTICS` /*!100301 */ ADD INDEX IF NOT EXISTS ( `UPDATE_COMMANDS`(49) ), ALGORITHM=INPLACE  /* QNO 1291 CON_ID 18 */
		    18 Query	ALTER IGNORE TABLE `INNODB_SYS_TABLES` /*!100301 */ DROP INDEX IF EXISTS ind3 /*!100307, ALGORITHM=NOCOPY */, LOCK=NONE  /* QNO 1292 CON_ID 18 */
		    18 Query	INSERT INTO seq4 VALUES (0, 0, 16740, 7539870201148342272, 1, 33, 0, 0) /* QNO 1293 CON_ID 18 */
		    18 Query	ALTER ONLINE TABLE `SESSION_VARIABLES` /*!100301 */ ADD IF NOT EXISTS ( r GEOMETRYCOLLECTION, `VARIABLE_VALUE` TIMESTAMP NOT NULL ), LOCK=NONE  /* QNO 1294 CON_ID 18 */
		    18 Query	ALTER TABLE `INNODB_SYS_INDEXES` ADD FOREIGN KEY j ( `N_FIELDS` ) REFERENCES `INNODB_SYS_FOREIGN_COLS` (N_FIELDS) ON UPDATE RESTRICT, ALGORITHM=INPLACE, LOCK=SHARED /* QNO 1295 CON_ID 18 */
		    18 Query	CREATE OR REPLACE TEMPORARY TABLE `tmp` LIKE DD  /* QNO 1296 CON_ID 18 */
		    18 Query	INSERT INTO `tmp` SELECT * FROM DD  /* QNO 1297 CON_ID 18 */
		    18 Query	DROP TEMPORARY TABLE IF EXISTS DD  /* QNO 1298 CON_ID 18 */
		    18 Query	SHOW WARNINGS
		    18 Query	ALTER TABLE `tmp` RENAME TO DD /* QNO 1299 CON_ID 18 */
		    18 Query	SET SQL_MODE= 'ANSI,SIMULTANEOUS_ASSIGNMENT,IGNORE_SPACE,NO_AUTO_VALUE_ON_ZERO,HIGH_NOT_PRECEDENCE' /* QNO 1300 CON_ID 18 */
		    18 Query	ALTER ONLINE TABLE `GLOBAL_STATUS` /*!100301 */ ENABLE KEYS, ALGORITHM=DEFAULT, DROP CONSTRAINT IF EXISTS q  /* QNO 1301 CON_ID 18 */
		    18 Query	UNLOCK TABLES /* QNO 1302 CON_ID 18 */
		    18 Query	SET SQL_MODE= 'DB2,ORACLE,NO_ENGINE_SUBSTITUTION,NO_ZERO_IN_DATE,NO_UNSIGNED_SUBTRACTION,NO_AUTO_VALUE_ON_ZERO,SIMULTANEOUS_ASSIGNMENT,NO_AUTO_CREATE_USER,ANSI_QUOTES,NO_BACKSLASH_ESCAPES' /* QNO 1303 CON_ID 18 */
		    18 Query	CREATE OR REPLACE TEMPORARY TABLE `tmp` LIKE DD  /* QNO 1304 CON_ID 18 */
		    18 Query	INSERT INTO `tmp` SELECT * FROM DD  /* QNO 1305 CON_ID 18 */
		    18 Query	DROP TEMPORARY TABLE IF EXISTS DD  /* QNO 1306 CON_ID 18 */
		    18 Query	SHOW WARNINGS
		    18 Query	ALTER TABLE `tmp` RENAME TO DD /* QNO 1307 CON_ID 18 */
		    18 Query	ALTER TABLE `KEY_CACHES` /*!100301 WAIT 9 */ ADD INDEX IF NOT EXISTS ind3 ( `SEGMENTS`(203), x ) KEY_BLOCK_SIZE = 31686 COMMENT 'guide' COMMENT 'trunk', ALGORITHM=COPY, LOCK=EXCLUSIVE  /* QNO 1308 CON_ID 18 */
		    18 Query	SELECT * FROM seq4 /* QNO 1309 CON_ID 18 */
		    14 Query	ALTER TABLE `CC` REMOVE PARTITIONING /* QNO 2287 CON_ID 14 */
		    14 Query	GRANT USAGE, RELOAD ON *.* to 'someuser'@'somehost' /* QNO 2288 CON_ID 14 */
		    14 Query	ALTER TABLE `D` REMOVE PARTITIONING /* QNO 2289 CON_ID 14 */
		    14 Query	GRANT SELECT ( `col_int_nokey` ) ON `CC` TO 'someuser'@'somehost' /* QNO 2290 CON_ID 14 */
		    16 Query	INSERT INTO `tmp` SELECT * FROM BB  /* QNO 1202 CON_ID 16 */
		    14 Query	REVOKE ALL PRIVILEGES ON test.g FROM 'someuser'@'somehost' /* QNO 2291 CON_ID 14 */
		    16 Query	/* GenTest::Transform::ExecuteAsExecuteImmediate */ EXECUTE IMMEDIATE ' INSERT INTO `tmp` SELECT * FROM BB  /* QNO 1202 CON_ID 16 */ ' /* TRANSFORM_OUTCOME_UNORDERED_MATCH */ /* QNO 1203 CON_ID 16 */
		    16 Prepare	INSERT INTO `tmp` SELECT * FROM BB  /* QNO 1202 CON_ID 16 */
		    14 Query	GRANT INSERT ( `col_int_key` ) ON `A` TO 'someuser'@'somehost' /* QNO 2292 CON_ID 14 */
		    16 Execute	INSERT INTO `tmp` SELECT * FROM BB  /* QNO 1202 CON_ID 16 */
		    16 Query	DROP TEMPORARY TABLE IF EXISTS BB  /* QNO 1204 CON_ID 16 */
		    14 Query	ALTER TABLE `E` DROP KEY t /* QNO 2293 CON_ID 14 */
		    14 Query	CREATE OR REPLACE VIEW r AS SELECT * FROM `D` /* QNO 2294 CON_ID 14 */
		    18 Query	UPDATE performance_schema.setup_consumers SET enabled = 'NO' WHERE name IN ( 'events_waits_history_long' ) /* QNO 1310 CON_ID 18 */
		    14 Query	/* GenTest::Transform::ExecuteAsExecuteImmediate */ EXECUTE IMMEDIATE 'CREATE OR REPLACE VIEW r AS SELECT * FROM `D` /* QNO 2294 CON_ID 14 */ ' /* TRANSFORM_OUTCOME_UNORDERED_MATCH */ /* QNO 2295 CON_ID 14 */
		    14 Prepare	CREATE OR REPLACE VIEW r AS SELECT * FROM `D` /* QNO 2294 CON_ID 14 */
		    17 Query	SELECT * FROM transforms.insert_select_22990 /* TRANSFORM_OUTCOME_UNORDERED_MATCH */ /* QNO 998 CON_ID 17 */
		    16 Query	ALTER TABLE `tmp` RENAME TO BB /* QNO 1205 CON_ID 16 */
		    16 Query	UPDATE `E` SET `col_varchar_nokey` = '1999-12-07 03:24:16.053343' WHERE `col_int_key` = '1988-09-03 02:54:37.049522' /* QNO 1206 CON_ID 16 */
		    14 Execute	CREATE OR REPLACE VIEW r AS SELECT * FROM `D` /* QNO 2294 CON_ID 14 */
		    16 Query	INSERT INTO `B` SELECT * FROM `BB` /* QNO 1207 CON_ID 16 */
		    16 Query	SELECT * FROM `B` INTO OUTFILE 'load_B'  /* QNO 1208 CON_ID 16 */
		    18 Query	CREATE OR REPLACE TEMPORARY TABLE `tmp` LIKE E  /* QNO 1311 CON_ID 18 */
		    17 Query	DELETE FROM transforms.insert_select_22990 /* QNO 999 CON_ID 17 */
		    14 Query	ALTER TABLE `B` ADD COLUMN o INTEGER DEFAULT NULL /* QNO 2296 CON_ID 14 */
		    14 Query	CREATE OR REPLACE VIEW i AS SELECT * FROM `DD` /* QNO 2297 CON_ID 14 */
		    17 Query	INSERT INTO transforms.insert_select_22990  SELECT * FROM INFORMATION_SCHEMA.`KEY_CACHES` AS table1 ORDER BY table1.`READ_REQUESTS` LIMIT 39 /* QNO 993 CON_ID 17 */  /* QNO 1000 CON_ID 17 */
		    16 Query	LOAD DATA INFILE 'load_B' IGNORE INTO TABLE B /* QNO 1209 CON_ID 16 */
		    14 Query	ALTER TABLE `D` ADD PRIMARY KEY (`pk`) /* QNO 2298 CON_ID 14 */
		    16 Query	ALTER TABLE `E` /*!100301 */ ADD KEY IF NOT EXISTS s USING HASH ( `col_time_key`(46) ), DROP CONSTRAINT IF EXISTS `col_varchar_nokey`, ADD UNIQUE p ( c, `col_datetime_key`(202), `col_date_nokey`(40) ), ALGORITHM=COPY, DROP INDEX IF EXISTS ind2, LOCK=EXCLUSIVE  /* QNO 1210 CON_ID 16 */
		    16 Query	ALTER TABLE `B` /*!100301 WAIT 7 */ DROP INDEX z, LOCK=SHARED, ADD INDEX IF NOT EXISTS ind9 ( m(70) ), LOCK=SHARED  /* QNO 1211 CON_ID 16 */
		    14 Query	DROP EVENT t /* QNO 2299 CON_ID 14 */
		    14 Query	GRANT UPDATE ( `col_varchar_key` ), SELECT ( `col_date_nokey`, `col_datetime_nokey` ) ON `C` TO 'someuser'@'somehost' /* QNO 2300 CON_ID 14 */
		    16 Query	TRUNCATE TABLE performance_schema.events_waits_current /* QNO 1212 CON_ID 16 */
		    14 Query	ALTER TABLE `B` DROP COLUMN f /* QNO 2301 CON_ID 14 */
		    14 Query	CREATE DATABASE IF NOT EXISTS c /* QNO 2302 CON_ID 14 */
		    16 Query	ALTER IGNORE TABLE `CC` /*!100301 */ ADD CONSTRAINT PRIMARY KEY ( `col_datetime_key`(189) ), ALGORITHM=DEFAULT  /* QNO 1213 CON_ID 16 */
		    14 Query	SHOW WARNINGS
		    16 Query	OPTIMIZE TABLE t5 /* QNO 1214 CON_ID 16 */
		    14 Query	REVOKE ALL PRIVILEGES ON test.n FROM 'someuser'@'somehost' /* QNO 2303 CON_ID 14 */
		    16 Query	SHOW WARNINGS
		    16 Query	SET SQL_MODE= '' /* QNO 1215 CON_ID 16 */
		    14 Query	CREATE OR REPLACE VIEW f AS SELECT * FROM `CC` /* QNO 2304 CON_ID 14 */
		    16 Query	SHOW ENGINE PERFORMANCE_SCHEMA STATUS /* QNO 1216 CON_ID 16 */
		    14 Query	REVOKE USAGE, SUPER ON *.* FROM 'someuser'@'somehost' /* QNO 2305 CON_ID 14 */
		    17 Query	SELECT * FROM transforms.insert_select_22990 /* TRANSFORM_OUTCOME_UNORDERED_MATCH */ /* QNO 1001 CON_ID 17 */
		    14 Query	CREATE TRIGGER g BEFORE INSERT ON `DD` FOR EACH ROW BEGIN INSERT INTO `C` SELECT * FROM `DD` LIMIT 0 ; END ; /* QNO 2306 CON_ID 14 */
		    16 Query	UPDATE performance_schema.setup_instruments SET ENABLED = 'NO' ORDER BY RAND() LIMIT 0 /* QNO 1217 CON_ID 16 */
		    17 Query	DELETE FROM transforms.insert_select_22990 /* QNO 1002 CON_ID 17 */
		    14 Query	CREATE EVENT q ON SCHEDULE AT NOW() DO SET @a=@a /* QNO 2307 CON_ID 14 */
		    16 Query	ALTER IGNORE TABLE t9 ADD CONSTRAINT c FOREIGN KEY h (`col_datetime_key`, scol8) REFERENCES `DD` (scol4, vcol5, ecol10) ON DELETE NO ACTION  /* QNO 1218 CON_ID 16 */
		    14 Query	CREATE OR REPLACE VIEW o AS SELECT * FROM `A` /* QNO 2308 CON_ID 14 */
		    17 Query	REPLACE INTO transforms.insert_select_22990  SELECT * FROM INFORMATION_SCHEMA.`KEY_CACHES` AS table1 ORDER BY table1.`READ_REQUESTS` LIMIT 39 /* QNO 993 CON_ID 17 */  /* QNO 1003 CON_ID 17 */
		    16 Query	SET SQL_MODE= '' /* QNO 1219 CON_ID 16 */
		    14 Query	/* GenTest::Transform::ExecuteAsExecuteImmediate */ EXECUTE IMMEDIATE 'CREATE OR REPLACE VIEW o AS SELECT * FROM `A` /* QNO 2308 CON_ID 14 */ ' /* TRANSFORM_OUTCOME_UNORDERED_MATCH */ /* QNO 2309 CON_ID 14 */
		    14 Prepare	CREATE OR REPLACE VIEW o AS SELECT * FROM `A` /* QNO 2308 CON_ID 14 */
		    16 Query	SHOW BINARY LOGS /* QNO 1220 CON_ID 16 */
		    14 Execute	CREATE OR REPLACE VIEW o AS SELECT * FROM `A` /* QNO 2308 CON_ID 14 */
		    14 Query	CREATE TABLE z LIKE `E` /* QNO 2310 CON_ID 14 */
		    14 Query	ALTER TABLE `CC` DROP KEY n /* QNO 2311 CON_ID 14 */
		    14 Query	ALTER TABLE `E` REMOVE PARTITIONING /* QNO 2312 CON_ID 14 */
		    18 Query	INSERT INTO `tmp` SELECT * FROM E  /* QNO 1312 CON_ID 18 */
		    14 Query	ALTER TABLE `C` ADD PRIMARY KEY (`pk`) /* QNO 2313 CON_ID 14 */
		    16 Query	ALTER TABLE t17 ADD COLUMN IF NOT EXISTS scol1 VARCHAR(11077) NULL  /* QNO 1221 CON_ID 16 */
		    14 Query	GRANT CREATE USER, PROCESS ON *.* to 'someuser'@'somehost' /* QNO 2314 CON_ID 14 */
		    17 Query	SELECT * FROM transforms.insert_select_22990 /* TRANSFORM_OUTCOME_UNORDERED_MATCH */ /* QNO 1004 CON_ID 17 */
		    14 Query	GRANT ALL PRIVILEGES ON n.* TO 'someuser'@'somehost' /* QNO 2315 CON_ID 14 */
		    18 Query	/* GenTest::Transform::ExecuteAsExecuteImmediate */ EXECUTE IMMEDIATE ' /* TRANSFORM_OUTCOME_UNORDERED_MATCH */ /* QNO 1313 CON_ID 18 */
		    17 Query	DROP TABLE transforms.insert_select_22990 /* QNO 1005 CON_ID 17 */
		    14 Query	REVOKE SUPER ON *.* FROM 'someuser'@'somehost' /* QNO 2316 CON_ID 14 */
		    18 Query	DROP TEMPORARY TABLE IF EXISTS E  /* QNO 1314 CON_ID 18 */
		    14 Query	DROP EVENT k /* QNO 2317 CON_ID 14 */
		    18 Query	SHOW WARNINGS
		    18 Query	ALTER TABLE `tmp` RENAME TO E /* QNO 1315 CON_ID 18 */
		    14 Query	CREATE OR REPLACE VIEW c AS SELECT * FROM `AA` /* QNO 2318 CON_ID 14 */
		    18 Query	ALTER IGNORE TABLE `INNODB_SYS_SEMAPHORE_WAITS` DROP FOREIGN KEY e, LOCK=NONE /* QNO 1316 CON_ID 18 */
		    14 Query	GRANT ALL PRIVILEGES ON n.* TO 'someuser'@'somehost' /* QNO 2319 CON_ID 14 */
		    14 Query	GRANT CREATE USER ON *.* to 'someuser'@'somehost' /* QNO 2320 CON_ID 14 */
		    14 Query	ALTER TABLE `A` ADD PRIMARY KEY (`pk`) /* QNO 2321 CON_ID 14 */
		    18 Query	ALTER TABLE `PLUGINS` ADD CONSTRAINT w FOREIGN KEY o (`PLUGIN_AUTHOR`) REFERENCES PLUGINS (`PLUGIN_LICENSE`) /*!100307, ALGORITHM=NOCOPY */, LOCK=NONE /* QNO 1317 CON_ID 18 */
		    18 Query	SET GLOBAL SQL_MODE= '' /* QNO 1318 CON_ID 18 */
		    18 Query	ALTER TABLE t11 ADD COLUMN IF NOT EXISTS ( scol6 TEXT NOT NULL DEFAULT '', ecol9 ENUM('foo','bar') )  /* QNO 1319 CON_ID 18 */
		    14 Query	ALTER TABLE `CC` DROP KEY b /* QNO 2322 CON_ID 14 */
		    14 Query	CREATE PROCEDURE h ( IN a INT ) BEGIN SELECT COUNT(*) INTO @a FROM `CC`; END ; /* QNO 2323 CON_ID 14 */
		    17 Query	SELECT * FROM test.`E` AS table1 ORDER BY table1.`col_varchar_key`, table1.`col_varchar_key`, table1.`col_datetime_key`, table1.`col_int_key`, table1.`col_datetime_nokey` LIMIT 156 /* QNO 1006 CON_ID 17 */
		    17 Query	UPDATE performance_schema.setup_consumers SET enabled = 'YES' WHERE name LIKE 'events%' /* QNO 1007 CON_ID 17 */
		    14 Query	CREATE TRIGGER s BEFORE INSERT ON `CC` FOR EACH ROW BEGIN INSERT INTO `C` SELECT * FROM `E` LIMIT 0 ; END ; /* QNO 2324 CON_ID 14 */
		    14 Query	CREATE EVENT e ON SCHEDULE AT NOW() DO SET @a=@a /* QNO 2325 CON_ID 14 */
		    17 Query	ALTER TABLE `D` /*!100301 WAIT 5 */ ALTER COLUMN /*!100305 IF EXISTS */ `col_varchar_key` DROP DEFAULT, ALGORITHM=COPY, CHANGE IF EXISTS v `col_int_key` BLOB NULL DEFAULT '', ALGORITHM=DEFAULT, LOCK=SHARED  /* QNO 1008 CON_ID 17 */
		    14 Query	GRANT INSERT ( `col_time_nokey` ), UPDATE ( `col_datetime_nokey` ) ON `C` TO 'someuser'@'somehost' /* QNO 2326 CON_ID 14 */
		    14 Query	CREATE TRIGGER l BEFORE INSERT ON `CC` FOR EACH ROW BEGIN INSERT INTO `BB` SELECT * FROM `BB` LIMIT 0 ; END ; /* QNO 2327 CON_ID 14 */
		    14 Query	ALTER TABLE `CC` DROP KEY f /* QNO 2328 CON_ID 14 */
		    14 Query	CREATE TRIGGER p BEFORE INSERT ON `D` FOR EACH ROW BEGIN INSERT INTO `B` SELECT * FROM `D` LIMIT 0 ; END ; /* QNO 2329 CON_ID 14 */
		    19 Query	SELECT * FROM transforms.insert_select_22994 /* TRANSFORM_OUTCOME_UNORDERED_MATCH */ /* QNO 925 CON_ID 19 */
		    19 Query	DROP TABLE transforms.insert_select_22994 /* QNO 926 CON_ID 19 */
		    14 Query	CREATE PROCEDURE a ( IN c INT, OUT t INT ) BEGIN SELECT COUNT(*) INTO @a FROM `C`; END ; /* QNO 2330 CON_ID 14 */
		    14 Query	REVOKE ALL PRIVILEGES ON test.f FROM 'someuser'@'somehost' /* QNO 2331 CON_ID 14 */
		    14 Query	ALTER TABLE `C` ADD PRIMARY KEY (`pk`) /* QNO 2332 CON_ID 14 */
		    18 Query	SELECT * FROM performance_schema.`events_statements_current` AS table1 HAVING table1.`CREATED_TMP_TABLES` <> '1995-04-26 12:20:08.012004' IS NOT NULL LIMIT 144 /* QNO 1320 CON_ID 18 */
		    18 Query	SHOW WARNINGS
		    18 Query	SET SQL_MODE= DEFAULT /* QNO 1321 CON_ID 18 */
		    18 Query	TRUNCATE TABLE performance_schema.events_waits_history_long /* QNO 1322 CON_ID 18 */
		    18 Query	ALTER TABLE t2 RENAME TO t9, ADD CONSTRAINT x CHECK (vcol9 != tscol7), FORCE, ALGORITHM=COPY, AUTO_INCREMENT 2940600320, ALTER COLUMN `LOCK_TIME` DROP DEFAULT  /* QNO 1323 CON_ID 18 */
		    18 Query	SET STATEMENT `sql_mode`=ORACLE FOR SELECT seq10.nextval /* QNO 1324 CON_ID 18 */
		    18 Query	INSERT INTO seq7 VALUES (-6047208399651733504, 40666, 3463184384, -626281823181209600, 8, 90, 0, 0) /* QNO 1325 CON_ID 18 */
		    16 Query	SHOW TRIGGERS  /* QNO 1222 CON_ID 16 */
		    14 Query	GRANT SHOW DATABASES ON *.* to 'someuser'@'somehost' /* QNO 2333 CON_ID 14 */
		    18 Query	SET SQL_MODE= 'TIME_ROUND_FRACTIONAL,NO_BACKSLASH_ESCAPES,NO_AUTO_VALUE_ON_ZERO,SIMULTANEOUS_ASSIGNMENT,ORACLE,NO_DIR_IN_CREATE,DB2,POSTGRESQL,ALLOW_INVALID_DATES,NO_ENGINE_SUBSTITUTION,NO_ZERO_IN_DATE,NO_KEY_OPTIONS,HIGH_NOT_PRECEDENCE,NO_TABLE_OPTIONS,MAXDB,PAD_CHAR_TO_FULL_LENGTH,ANSI_QUOTES,MSSQL,ANSI,REAL_AS_FLOAT,ERROR_FOR_DIVISION_BY_ZERO,ONLY_FULL_GROUP_BY,NO_AUTO_CREATE_USER,EMPTY_STRING_IS_NULL,NO_UNSIGNED_SUBTRACTION,IGNORE_SPACE,MYSQL40,STRICT_TRANS_TABLES,MYSQL323,NO_FIELD_OPTIONS,STRICT_ALL_TABLES' /* QNO 1326 CON_ID 18 */
		    14 Query	CREATE PROCEDURE a ( OUT f INT ) BEGIN SELECT COUNT(*) INTO @a FROM `C`; END ; /* QNO 2334 CON_ID 14 */
		    19 Query	LOCK TABLES `slow_log` WRITE CONCURRENT /*!100300 WAIT 4 */ /* QNO 927 CON_ID 19 */
		    18 Query	SELECT * FROM `events_statements_summary_by_user_by_event_name` INTO OUTFILE 'load_events_statements_summary_by_user_by_event_name'  /* QNO 1327 CON_ID 18 */
		    14 Query	CREATE TRIGGER g BEFORE INSERT ON `B` FOR EACH ROW BEGIN INSERT INTO `BB` SELECT * FROM `DD` LIMIT 0 ; END ; /* QNO 2335 CON_ID 14 */
		    16 Query	TRUNCATE TABLE performance_schema.events_waits_history /* QNO 1223 CON_ID 16 */
		    18 Query	LOAD DATA INFILE 'load_events_statements_summary_by_user_by_event_name' REPLACE INTO TABLE events_statements_summary_by_user_by_event_name /* QNO 1328 CON_ID 18 */
		    19 Query	UPDATE t11 SET ecol3 = DEFAULT LIMIT 1 /* QNO 928 CON_ID 19 */
		    18 Query	TRUNCATE TABLE performance_schema.events_waits_history /* QNO 1329 CON_ID 18 */
		    18 Query	SHOW ENGINE PERFORMANCE_SCHEMA STATUS /* QNO 1330 CON_ID 18 */
		    19 Query	UPDATE performance_schema.setup_timers SET timer_name = 'TICK' /* QNO 929 CON_ID 19 */
		    14 Query	ALTER TABLE `AA` ADD COLUMN g INTEGER DEFAULT NULL /* QNO 2336 CON_ID 14 */
		    19 Query	SHOW TABLE STATUS  /* QNO 930 CON_ID 19 */
		    16 Query	/*!100305 SHOW PACKAGE BODY STATUS */ /* QNO 1224 CON_ID 16 */
		    14 Query	REVOKE RELOAD, CREATE USER ON *.* FROM 'someuser'@'somehost' /* QNO 2337 CON_ID 14 */
		    14 Query	REVOKE REPLICATION SLAVE, USAGE, REPLICATION CLIENT ON *.* FROM 'someuser'@'somehost' /* QNO 2338 CON_ID 14 */
		    18 Query	CREATE OR REPLACE TEMPORARY TABLE `tmp` LIKE C  /* QNO 1331 CON_ID 18 */
		    14 Query	GRANT ALL PRIVILEGES ON s.* TO 'someuser'@'somehost' /* QNO 2339 CON_ID 14 */
		    14 Query	ALTER TABLE `C` DROP KEY v /* QNO 2340 CON_ID 14 */
		    14 Query	GRANT UPDATE ( `col_datetime_key` ), UPDATE ( `col_int_key` ) ON `A` TO 'someuser'@'somehost' /* QNO 2341 CON_ID 14 */
		    14 Query	ALTER TABLE `DD` DROP PRIMARY KEY /* QNO 2342 CON_ID 14 */
		    14 Query	CREATE TRIGGER s BEFORE INSERT ON `A` FOR EACH ROW BEGIN INSERT INTO `B` SELECT * FROM `DD` LIMIT 0 ; END ; /* QNO 2343 CON_ID 14 */
		    16 Query	CREATE OR REPLACE TEMPORARY TABLE `tmp` LIKE C  /* QNO 1225 CON_ID 16 */
		    14 Query	ALTER TABLE `A` ADD PRIMARY KEY (`pk`) /* QNO 2344 CON_ID 14 */
		    15 Query	/* GenTest::Transform::ExecuteAsExecuteImmediate */ EXECUTE IMMEDIATE ' SELECT * FROM INFORMATION_SCHEMA.`GEOMETRY_COLUMNS` AS table1 WHERE NOT ( ( table1.`SRID` = 2 OR table1.`F_GEOMETRY_COLUMN` LIKE \'wait/synch%\') OR table1.`F_GEOMETRY_COLUMN` LIKE \'wait/io%\') HAVING (table1.`F_TABLE_SCHEMA` >= \'2003-03-07 17:41:14.017546\' IS NOT NULL AND table1.`G_GEOMETRY_COLUMN` > \'1992-07-15 04:15:13.018649\') LIMIT 131 /* QNO 1396 CON_ID 15 */ ' /* TRANSFORM_OUTCOME_UNORDERED_MATCH */ /* QNO 1397 CON_ID 15 */
		    15 Prepare	SELECT * FROM INFORMATION_SCHEMA.`GEOMETRY_COLUMNS` AS table1 WHERE NOT ( ( table1.`SRID` = 2 OR table1.`F_GEOMETRY_COLUMN` LIKE 'wait/synch%') OR table1.`F_GEOMETRY_COLUMN` LIKE 'wait/io%') HAVING (table1.`F_TABLE_SCHEMA` >= '2003-03-07 17:41:14.017546' IS NOT NULL AND table1.`G_GEOMETRY_COLUMN` > '1992-07-15 04:15:13.018649') LIMIT 131 /* QNO 1396 CON_ID 15 */
		    14 Query	DROP DATABASE IF EXISTS z /* QNO 2345 CON_ID 14 */
		    14 Query	SHOW WARNINGS
		    14 Query	ALTER TABLE `D` PARTITION BY KEY() PARTITIONS 4 /* QNO 2346 CON_ID 14 */
		    14 Query	ALTER TABLE `A` ADD COLUMN f INTEGER DEFAULT NULL /* QNO 2347 CON_ID 14 */
		    18 Query	INSERT INTO `tmp` SELECT * FROM C  /* QNO 1332 CON_ID 18 */
		    18 Query	/* GenTest::Transform::ExecuteAsExecuteImmediate */ EXECUTE IMMEDIATE ' /* TRANSFORM_OUTCOME_UNORDERED_MATCH */ /* QNO 1333 CON_ID 18 */
		    18 Query	DROP TEMPORARY TABLE IF EXISTS C  /* QNO 1334 CON_ID 18 */
		    14 Query	DROP EVENT g /* QNO 2348 CON_ID 14 */
		    16 Query	INSERT INTO `tmp` SELECT * FROM C  /* QNO 1226 CON_ID 16 */
		    18 Query	ALTER TABLE `tmp` RENAME TO C /* QNO 1335 CON_ID 18 */
		    18 Query	UNLOCK TABLES /* QNO 1336 CON_ID 18 */
		    18 Query	SELECT LASTVAL( seq2 ) /* QNO 1337 CON_ID 18 */
		    18 Query	DROP TEMPORARY TABLE IF EXISTS `session_account_connect_attrs` /* QNO 1338 CON_ID 18 */
		    18 Query	SHOW WARNINGS
		    18 Query	INSERT INTO `users` SELECT * FROM `setup_actors` /* QNO 1339 CON_ID 18 */
		    14 Query	CREATE TRIGGER x BEFORE INSERT ON `CC` FOR EACH ROW BEGIN INSERT INTO `B` SELECT * FROM `C` LIMIT 0 ; END ; /* QNO 2349 CON_ID 14 */
		    18 Query	UPDATE performance_schema.setup_instruments SET TIMED = 'NO' WHERE NAME LIKE 'wait%' /* QNO 1340 CON_ID 18 */
		    14 Query	DROP EVENT p /* QNO 2350 CON_ID 14 */
		    16 Query	/* GenTest::Transform::ExecuteAsExecuteImmediate */ EXECUTE IMMEDIATE ' INSERT INTO `tmp` SELECT * FROM C  /* QNO 1226 CON_ID 16 */ ' /* TRANSFORM_OUTCOME_UNORDERED_MATCH */ /* QNO 1227 CON_ID 16 */
		    16 Prepare	INSERT INTO `tmp` SELECT * FROM C  /* QNO 1226 CON_ID 16 */
		    16 Execute	INSERT INTO `tmp` SELECT * FROM C  /* QNO 1226 CON_ID 16 */
		    16 Query	DROP TEMPORARY TABLE IF EXISTS C  /* QNO 1228 CON_ID 16 */
		    14 Query	ALTER TABLE `DD` DROP PRIMARY KEY /* QNO 2351 CON_ID 14 */
		    14 Query	DROP TRIGGER IF EXISTS m /* QNO 2352 CON_ID 14 */
		    14 Query	SHOW WARNINGS
		    14 Query	CREATE OR REPLACE VIEW m AS SELECT * FROM `B` /* QNO 2353 CON_ID 14 */
		    14 Query	/* GenTest::Transform::ExecuteAsExecuteImmediate */ EXECUTE IMMEDIATE 'CREATE OR REPLACE VIEW m AS SELECT * FROM `B` /* QNO 2353 CON_ID 14 */ ' /* TRANSFORM_OUTCOME_UNORDERED_MATCH */ /* QNO 2354 CON_ID 14 */
		    16 Query	ALTER TABLE `tmp` RENAME TO C /* QNO 1229 CON_ID 16 */
		    14 Prepare	CREATE OR REPLACE VIEW m AS SELECT * FROM `B` /* QNO 2353 CON_ID 14 */
		    16 Query	SET SESSION SQL_MODE= '' /* QNO 1230 CON_ID 16 */
		    16 Query	SHOW ENGINE PERFORMANCE_SCHEMA STATUS /* QNO 1231 CON_ID 16 */
		    16 Query	ALTER ONLINE TABLE `E` /*!100301 */ ADD INDEX IF NOT EXISTS USING BTREE ( `col_int_nokey`, `pk` ), DROP INDEX IF EXISTS `col_time_nokey`  /* QNO 1232 CON_ID 16 */
		    16 Query	UPDATE performance_schema.setup_instruments SET ENABLED = 'YES' WHERE NAME LIKE 'wait/synch/cond%' /* QNO 1233 CON_ID 16 */
		    14 Execute	CREATE OR REPLACE VIEW m AS SELECT * FROM `B` /* QNO 2353 CON_ID 14 */
		    14 Query	CREATE EVENT m ON SCHEDULE AT NOW() DO SET @a=@a /* QNO 2355 CON_ID 14 */
		    14 Query	GRANT ALL PRIVILEGES ON test.p TO 'someuser'@'somehost' /* QNO 2356 CON_ID 14 */
		    14 Query	ALTER TABLE `D` REMOVE PARTITIONING /* QNO 2357 CON_ID 14 */
		    14 Query	CREATE TRIGGER l BEFORE INSERT ON `DD` FOR EACH ROW BEGIN INSERT INTO `A` SELECT * FROM `D` LIMIT 0 ; END ; /* QNO 2358 CON_ID 14 */
		    14 Query	GRANT SELECT ( `col_datetime_key`, `col_datetime_key`, `col_time_key`, `col_time_key`, `col_date_nokey` ), SELECT ( `col_int_nokey`, `col_int_nokey` ), INSERT ( `col_int_nokey` ), SELECT ( `col_varchar_key` ), SELECT ( `col_int_key` ), INSERT ( `col_date_key` ) ON `B` TO 'someuser'@'somehost' /* QNO 2359 CON_ID 14 */
		    14 Query	ALTER TABLE `D` REMOVE PARTITIONING /* QNO 2360 CON_ID 14 */
		    14 Query	ALTER TABLE `BB` DROP PRIMARY KEY /* QNO 2361 CON_ID 14 */
		    14 Query	ALTER TABLE `C` ADD PRIMARY KEY (`pk`) /* QNO 2362 CON_ID 14 */
		    14 Query	GRANT SELECT ( `col_time_nokey`, `col_time_key` ), SELECT ( `col_int_key`, `pk` ), INSERT ( `col_datetime_nokey`, `col_int_nokey` ) ON `B` TO 'someuser'@'somehost' /* QNO 2363 CON_ID 14 */
		    14 Query	REVOKE ALL PRIVILEGES ON test.z FROM 'someuser'@'somehost' /* QNO 2364 CON_ID 14 */
		    14 Query	CREATE DATABASE IF NOT EXISTS y /* QNO 2365 CON_ID 14 */
		    19 Query	SELECT * FROM test.`C` AS table1 HAVING (NOT (table1.`col_datetime_nokey` <= 'qw' IS NOT NULL OR table1.`col_int_key` >= 4) OR table1.`col_varchar_nokey` < 'ww') ORDER BY table1.`col_time_key`, table1.`col_varchar_key` LIMIT 181 /* QNO 931 CON_ID 19 */
		    14 Query	SHOW WARNINGS
		    14 Query	ALTER TABLE `AA` DROP PRIMARY KEY /* QNO 2366 CON_ID 14 */
		    19 Query	ALTER ONLINE TABLE `E` /*!100301 */ ADD COLUMN ( r TINYINT NOT NULL DEFAULT 0 /*!100201 CHECK (k LIKE 7) */, t DATE AS ( `col_varchar_nokey` ), n SET('foo','bar') ) /*!100307, ALGORITHM=NOCOPY */, LOCK=EXCLUSIVE, ADD IF NOT EXISTS w VARCHAR(25071) DEFAULT '' /*!100307, ALGORITHM=NOCOPY */  /* QNO 932 CON_ID 19 */
		    14 Query	ALTER TABLE `AA` PARTITION BY KEY() PARTITIONS 4 /* QNO 2367 CON_ID 14 */
		    19 Query	UPDATE performance_schema.setup_consumers SET enabled = 'YES' WHERE name IN ( 'events_waits_history' ) /* QNO 933 CON_ID 19 */
		    16 Query	RENAME TABLE seq6 TO seq9 /* QNO 1234 CON_ID 16 */
		    14 Query	REVOKE REPLICATION CLIENT ON *.* FROM 'someuser'@'somehost' /* QNO 2368 CON_ID 14 */
		    19 Query	SELECT * FROM `BB` INTO OUTFILE 'load_BB'  /* QNO 934 CON_ID 19 */
		    14 Query	ALTER TABLE `A` ADD COLUMN q INTEGER DEFAULT NULL /* QNO 2369 CON_ID 14 */
		    19 Query	LOAD DATA INFILE 'load_BB' IGNORE INTO TABLE BB /* QNO 935 CON_ID 19 */
		    19 Query	INSERT INTO `E` ( `pk` ) VALUES (NULL) /* QNO 936 CON_ID 19 */
		    18 Query	SELECT * FROM (test.`BB` AS table1 INNER JOIN performance_schema.`setup_timers` AS table2 ON ( table2.`NAME` = table1.`col_varchar_nokey` ) ) WHERE (NOT table2.`TIMER_NAME` LIKE '%sql%' AND table1.`col_int_key` != 'h') HAVING table1.`col_date_key` < '2001-10-10 07:26:18.045661' IS NULL ORDER BY table2.`NAME`, table2.`TIMER_NAME`, table2.`TIMER_NAME`, table1.`col_date_key` LIMIT 52 /* QNO 1341 CON_ID 18 */
		    19 Query	ALTER TABLE `CC` /*!100301 */ ADD UNIQUE KEY ind6 ( a ), ALGORITHM=COPY, ADD KEY IF NOT EXISTS ind4 USING BTREE ( v(99) DESC ) COMMENT 'desperately', LOCK=DEFAULT  /* QNO 937 CON_ID 19 */
		    18 Query	ALTER IGNORE TABLE `C` /*!100301 */ DROP IF EXISTS `col_int_nokey`, ALGORITHM=COPY, MODIFY IF EXISTS m MEDIUMINT NULL DEFAULT 0 /*!100307, ALGORITHM=NOCOPY */, LOCK=SHARED  /* QNO 1342 CON_ID 18 */
		    18 Query	SHOW WARNINGS
		    19 Query	DELETE FROM `A` WHERE `col_datetime_key` = 'wh' LIMIT 6 /* QNO 938 CON_ID 19 */
		    18 Query	INSERT INTO `DD` (tcol9) VALUES ('b') /* QNO 1343 CON_ID 18 */
		    18 Query	ALTER TABLE `A` /*!100301 NOWAIT */ ADD CONSTRAINT a PRIMARY KEY ( o ) KEY_BLOCK_SIZE = 10700, ALGORITHM=DEFAULT, DROP INDEX `col_datetime_key` /*!100307, ALGORITHM=INSTANT */, LOCK=SHARED  /* QNO 1344 CON_ID 18 */
		    18 Query	UPDATE performance_schema.setup_consumers SET enabled = 'NO' WHERE name LIKE 'events%' /* QNO 1345 CON_ID 18 */
		    14 Query	ALTER TABLE `AA` DROP COLUMN x /* QNO 2370 CON_ID 14 */
		    17 Query	SHOW WARNINGS
		    19 Query	SELECT * FROM (performance_schema.`events_waits_summary_global_by_event_name` AS table1 INNER JOIN test.`BB` AS table2 ON ( table2.`col_date_nokey` = table1.`COUNT_STAR` ) ) WHERE ( (NOT ( ( table2.`col_datetime_nokey` LIKE 'wait/synch%' OR table1.`MIN_TIMER_WAIT` IN ( 8, 0, 5 )) AND table1.`SUM_TIMER_WAIT` IN ( 3, 5, 3 )) OR table1.`EVENT_NAME` > table1.`EVENT_NAME`) AND table1.`EVENT_NAME` != table1.`COUNT_STAR`) LIMIT 150 /* QNO 939 CON_ID 19 */
		    17 Query	INSERT INTO `E` SELECT * FROM `CC` /* QNO 1009 CON_ID 17 */
		    17 Query	SET STATEMENT system_versioning_alter_history=KEEP FOR ALTER TABLE t5 DROP PARTITION IF EXISTS ver_p5 /* QNO 1010 CON_ID 17 */
		    14 Query	ALTER TABLE `A` PARTITION BY KEY() PARTITIONS 1 /* QNO 2371 CON_ID 14 */
		    19 Query	TRUNCATE TABLE performance_schema.file_summary_by_event_name /* QNO 940 CON_ID 19 */
		    19 Query	ALTER ONLINE IGNORE TABLE `events_statements_summary_global_by_event_name` /*!100301 WAIT 4 */ ADD FOREIGN KEY (`SUM_NO_GOOD_INDEX_USED`) REFERENCES events_statements_summary_global_by_event_name (`SUM_SELECT_RANGE`) ON DELETE NO ACTION /*!100307, ALGORITHM=NOCOPY */  /* QNO 941 CON_ID 19 */
		    17 Query	SELECT * FROM INFORMATION_SCHEMA.`SESSION_STATUS` AS table1 WHERE (NOT (NOT ( ( ( ( ( ( table1.`VARIABLE_NAME` IN ( 4, 5, 7 ) OR table1.`VARIABLE_NAME` IN ( 2, 1, 6 )) OR table1.`VARIABLE_NAME` LIKE 'wait/synch/mutex/%') AND table1.`VARIABLE_VALUE` > table1.`VARIABLE_NAME`) AND table1.`VARIABLE_NAME` LIKE 'wait/synch/cond%') AND table1.`VARIABLE_VALUE` > 'r') AND table1.`VARIABLE_NAME` LIKE 'wait/synch/rwlock%') OR table1.`VARIABLE_NAME` > table1.`VARIABLE_VALUE`) AND table1.`VARIABLE_VALUE` = 3) HAVING (NOT (table1.`VARIABLE_VALUE` = 6 IS NULL OR table1.`VARIABLE_VALUE` <= '1991-12-14 18:43:28.057075') AND table1.`VARIABLE_NAME` < '1996-02-04 17:55:28.052620') LIMIT 58 /* QNO 1011 CON_ID 17 */
		    18 Query	CREATE OR REPLACE TEMPORARY TABLE `tmp` LIKE A  /* QNO 1346 CON_ID 18 */
		    19 Query	SELECT * FROM performance_schema.`setup_consumers` AS table1 HAVING table1.`NAME` <> '1980-07-17 12:48:47.035182' IS NOT NULL ORDER BY table1.`NAME` LIMIT 242 /* QNO 942 CON_ID 19 */
		    19 Query	/* GenTest::Transform::ExecuteAsExecuteImmediate */ EXECUTE IMMEDIATE ' SELECT * FROM performance_schema.`setup_consumers` AS table1 HAVING table1.`NAME` <> \'1980-07-17 12:48:47.035182\' IS NOT NULL ORDER BY table1.`NAME` LIMIT 242 /* QNO 942 CON_ID 19 */ ' /* TRANSFORM_OUTCOME_UNORDERED_MATCH */ /* QNO 943 CON_ID 19 */
		    19 Prepare	SELECT * FROM performance_schema.`setup_consumers` AS table1 HAVING table1.`NAME` <> '1980-07-17 12:48:47.035182' IS NOT NULL ORDER BY table1.`NAME` LIMIT 242 /* QNO 942 CON_ID 19 */
		    19 Execute	SELECT * FROM performance_schema.`setup_consumers` AS table1 HAVING table1.`NAME` <> '1980-07-17 12:48:47.035182' IS NOT NULL ORDER BY table1.`NAME` LIMIT 242 /* QNO 942 CON_ID 19 */
		    19 Query	/* GenTest::Transform::ExecuteAsInsertSelect */ CREATE DATABASE IF NOT EXISTS transforms /* QNO 944 CON_ID 19 */
		    19 Query	SHOW WARNINGS
		    19 Query	DROP TABLE IF EXISTS transforms.insert_select_22994 /* QNO 945 CON_ID 19 */
		    14 Query	DROP TABLE p /* QNO 2372 CON_ID 14 */
		    14 Query	GRANT ALL PRIVILEGES ON e.* TO 'someuser'@'somehost' /* QNO 2373 CON_ID 14 */
		    14 Query	ALTER TABLE `D` DROP KEY f /* QNO 2374 CON_ID 14 */
		    14 Query	GRANT SELECT ( `pk` ) ON `E` TO 'someuser'@'somehost' /* QNO 2375 CON_ID 14 */
		    14 Query	ALTER TABLE `CC` DROP COLUMN q /* QNO 2376 CON_ID 14 */
		    19 Query	SHOW WARNINGS
		    14 Query	GRANT ALL PRIVILEGES ON test.c TO 'someuser'@'somehost' /* QNO 2377 CON_ID 14 */
		    19 Query	CREATE TABLE transforms.insert_select_22994  SELECT * FROM performance_schema.`setup_consumers` AS table1 HAVING table1.`NAME` <> '1980-07-17 12:48:47.035182' IS NOT NULL ORDER BY table1.`NAME` LIMIT 242 /* QNO 942 CON_ID 19 */  /* QNO 946 CON_ID 19 */
		    14 Query	GRANT ALL PRIVILEGES ON d.* TO 'someuser'@'somehost' /* QNO 2378 CON_ID 14 */
		    14 Query	CREATE EVENT f ON SCHEDULE AT NOW() DO SET @a=@a /* QNO 2379 CON_ID 14 */
		    14 Query	GRANT ALL PRIVILEGES ON test.i TO 'someuser'@'somehost' /* QNO 2380 CON_ID 14 */
		    17 Query	DELETE FROM `CLIENT_STATISTICS` WHERE `SELECT_COMMANDS` < 5 LIMIT 0 /* QNO 1012 CON_ID 17 */
		    14 Query	DROP EVENT m /* QNO 2381 CON_ID 14 */
		    14 Query	ALTER TABLE `A` DROP KEY a /* QNO 2382 CON_ID 14 */
		    17 Query	SHOW ENGINE PERFORMANCE_SCHEMA STATUS /* QNO 1013 CON_ID 17 */
		    14 Query	CREATE TABLE d LIKE `D` /* QNO 2383 CON_ID 14 */
		    17 Query	ALTER TABLE t20 ENGINE=InnoDB /* QNO 1014 CON_ID 17 */
		    14 Query	ALTER TABLE `D` REMOVE PARTITIONING /* QNO 2384 CON_ID 14 */
		    14 Query	CREATE OR REPLACE VIEW x AS SELECT * FROM `DD` /* QNO 2385 CON_ID 14 */
		    14 Query	ALTER TABLE `BB` REMOVE PARTITIONING /* QNO 2386 CON_ID 14 */
		    14 Query	ALTER TABLE `D` ADD COLUMN g INTEGER DEFAULT NULL /* QNO 2387 CON_ID 14 */
		    15 Execute	SELECT * FROM INFORMATION_SCHEMA.`GEOMETRY_COLUMNS` AS table1 WHERE NOT ( ( table1.`SRID` = 2 OR table1.`F_GEOMETRY_COLUMN` LIKE 'wait/synch%') OR table1.`F_GEOMETRY_COLUMN` LIKE 'wait/io%') HAVING (table1.`F_TABLE_SCHEMA` >= '2003-03-07 17:41:14.017546' IS NOT NULL AND table1.`G_GEOMETRY_COLUMN` > '1992-07-15 04:15:13.018649') LIMIT 131 /* QNO 1396 CON_ID 15 */
		    15 Query	/* GenTest::Transform::ExecuteAsInsertSelect */ CREATE DATABASE IF NOT EXISTS transforms /* QNO 1398 CON_ID 15 */
		    15 Query	UNLOCK TABLES /* QNO 1399 CON_ID 15 */
		    15 Query	ALTER ONLINE TABLE `INNODB_SYS_TABLESPACES` /*!100301 */ ADD INDEX IF NOT EXISTS USING RTREE ( g ), LOCK=SHARED  /* QNO 1400 CON_ID 15 */
		    15 Query	FLUSH STATUS /* QNO 1401 CON_ID 15 */
		    15 Query	TRUNCATE TABLE t16 /* QNO 1402 CON_ID 15 */
		    18 Query	INSERT INTO `tmp` SELECT * FROM A  /* QNO 1347 CON_ID 18 */
		    18 Query	/* GenTest::Transform::ExecuteAsExecuteImmediate */ EXECUTE IMMEDIATE ' /* TRANSFORM_OUTCOME_UNORDERED_MATCH */ /* QNO 1348 CON_ID 18 */
		    18 Query	DROP TEMPORARY TABLE IF EXISTS A  /* QNO 1349 CON_ID 18 */
		    18 Query	ALTER TABLE `tmp` RENAME TO A /* QNO 1350 CON_ID 18 */
		    18 Query	UPDATE performance_schema.setup_instruments SET ENABLED = 'YES' ORDER BY RAND() LIMIT 8 /* QNO 1351 CON_ID 18 */
		    18 Query	LOCK TABLE seq1 READ, seq9 WRITE /* QNO 1352 CON_ID 18 */
		    14 Query	REVOKE ALL PRIVILEGES ON test.i FROM 'someuser'@'somehost' /* QNO 2388 CON_ID 14 */
		    14 Query	ALTER TABLE `D` DROP PRIMARY KEY /* QNO 2389 CON_ID 14 */
		    14 Query	ALTER TABLE `C` REMOVE PARTITIONING /* QNO 2390 CON_ID 14 */
		    14 Query	DROP EVENT d /* QNO 2391 CON_ID 14 */
		    19 Query	SELECT * FROM transforms.insert_select_22994 /* TRANSFORM_OUTCOME_UNORDERED_MATCH */ /* QNO 947 CON_ID 19 */
		    19 Query	DELETE FROM transforms.insert_select_22994 /* QNO 948 CON_ID 19 */
		    14 Query	GRANT INSERT ( `col_int_key`, `col_varchar_nokey`, `col_datetime_nokey` ) ON `DD` TO 'someuser'@'somehost' /* QNO 2392 CON_ID 14 */
		    14 Query	ALTER TABLE `BB` ADD COLUMN f INTEGER DEFAULT NULL /* QNO 2393 CON_ID 14 */
		    14 Query	ALTER TABLE `BB` PARTITION BY KEY() PARTITIONS 7 /* QNO 2394 CON_ID 14 */
		    19 Query	INSERT INTO transforms.insert_select_22994  SELECT * FROM performance_schema.`setup_consumers` AS table1 HAVING table1.`NAME` <> '1980-07-17 12:48:47.035182' IS NOT NULL ORDER BY table1.`NAME` LIMIT 242 /* QNO 942 CON_ID 19 */  /* QNO 949 CON_ID 19 */
		    14 Query	CREATE TABLE h LIKE `C` /* QNO 2395 CON_ID 14 */
		    14 Query	CREATE TABLE j LIKE `AA` /* QNO 2396 CON_ID 14 */
		    14 Query	GRANT INSERT ( `col_int_key` ), INSERT ( `col_date_key`, `col_date_key`, `col_datetime_nokey` ) ON `B` TO 'someuser'@'somehost' /* QNO 2397 CON_ID 14 */
		    14 Query	CREATE OR REPLACE VIEW n AS SELECT * FROM `C` /* QNO 2398 CON_ID 14 */
		    14 Query	/* GenTest::Transform::ExecuteAsExecuteImmediate */ EXECUTE IMMEDIATE 'CREATE OR REPLACE VIEW n AS SELECT * FROM `C` /* QNO 2398 CON_ID 14 */ ' /* TRANSFORM_OUTCOME_UNORDERED_MATCH */ /* QNO 2399 CON_ID 14 */
		    14 Prepare	CREATE OR REPLACE VIEW n AS SELECT * FROM `C` /* QNO 2398 CON_ID 14 */
		    14 Execute	CREATE OR REPLACE VIEW n AS SELECT * FROM `C` /* QNO 2398 CON_ID 14 */
		    14 Query	CREATE DATABASE IF NOT EXISTS r /* QNO 2400 CON_ID 14 */
		    14 Query	SHOW WARNINGS
		    14 Query	GRANT ALL PRIVILEGES ON test.i TO 'someuser'@'somehost' /* QNO 2401 CON_ID 14 */
		    14 Query	DROP DATABASE IF EXISTS y /* QNO 2402 CON_ID 14 */
		    19 Query	SELECT * FROM transforms.insert_select_22994 /* TRANSFORM_OUTCOME_UNORDERED_MATCH */ /* QNO 950 CON_ID 19 */
		    19 Query	DELETE FROM transforms.insert_select_22994 /* QNO 951 CON_ID 19 */
		    14 Query	ALTER TABLE `C` DROP PRIMARY KEY /* QNO 2403 CON_ID 14 */
		    19 Query	REPLACE INTO transforms.insert_select_22994  SELECT * FROM performance_schema.`setup_consumers` AS table1 HAVING table1.`NAME` <> '1980-07-17 12:48:47.035182' IS NOT NULL ORDER BY table1.`NAME` LIMIT 242 /* QNO 942 CON_ID 19 */  /* QNO 952 CON_ID 19 */
		    14 Query	ALTER TABLE `CC` DROP COLUMN p /* QNO 2404 CON_ID 14 */
		    14 Query	REVOKE ALL PRIVILEGES ON k.* FROM 'someuser'@'somehost' /* QNO 2405 CON_ID 14 */
		    14 Query	DROP EVENT g /* QNO 2406 CON_ID 14 */
		    14 Query	REVOKE ALL PRIVILEGES ON test.l FROM 'someuser'@'somehost' /* QNO 2407 CON_ID 14 */
		    14 Query	DROP PROCEDURE IF EXISTS i /* QNO 2408 CON_ID 14 */
		    14 Query	SHOW WARNINGS
		    14 Query	GRANT UPDATE ( `pk` ) ON `C` TO 'someuser'@'somehost' /* QNO 2409 CON_ID 14 */
		    14 Query	CREATE TRIGGER p BEFORE INSERT ON `A` FOR EACH ROW BEGIN INSERT INTO `C` SELECT * FROM `DD` LIMIT 0 ; END ; /* QNO 2410 CON_ID 14 */
		    14 Query	DROP DATABASE IF EXISTS x /* QNO 2411 CON_ID 14 */
		    14 Query	SHOW WARNINGS
		    14 Query	DROP VIEW IF EXISTS t /* QNO 2412 CON_ID 14 */
		    14 Query	SHOW WARNINGS
		    14 Query	CREATE TABLE s LIKE `C` /* QNO 2413 CON_ID 14 */
		    15 Query	INSERT INTO `INNODB_MUTEXES` ( `pk` ) VALUES (NULL) /* QNO 1403 CON_ID 15 */
		    15 Query	SELECT * from `INNODB_TRX` WHERE row_end IN (SELECT row_end FROM `SESSION_STATUS`) /* QNO 1404 CON_ID 15 */
		    19 Query	SELECT * FROM transforms.insert_select_22994 /* TRANSFORM_OUTCOME_UNORDERED_MATCH */ /* QNO 953 CON_ID 19 */
		    15 Query	ALTER TABLE `INNODB_SYS_TABLESTATS` /*!100301 */ MODIFY IF EXISTS q SET('foo','bar') AS ( t ) VIRTUAL /*!100201 CHECK (f < 9) */ AFTER q, ALGORITHM=COPY  /* QNO 1405 CON_ID 15 */
		    19 Query	DROP TABLE transforms.insert_select_22994 /* QNO 954 CON_ID 19 */
		    15 Query	SHOW ENGINE PERFORMANCE_SCHEMA STATUS /* QNO 1406 CON_ID 15 */
		    15 Query	UPDATE performance_schema.setup_timers SET timer_name = 'TICK' /* QNO 1407 CON_ID 15 */
		    15 Query	ALTER IGNORE TABLE `CHARACTER_SETS` /*!100301 WAIT 8 */ MODIFY COLUMN o INT NOT NULL  /* QNO 1408 CON_ID 15 */
		    15 Query	CREATE OR REPLACE TEMPORARY TABLE `tmp` LIKE BB  /* QNO 1409 CON_ID 15 */
		    17 Query	SET STATEMENT `sql_mode`=ORACLE FOR SELECT seq8.currval /* QNO 1015 CON_ID 17 */
		    17 Query	TRUNCATE TABLE performance_schema.file_summary_by_event_name /* QNO 1016 CON_ID 17 */
		    17 Query	INSERT INTO `INNODB_TABLESPACES_SCRUBBING` SELECT * FROM `TABLESPACES` /* QNO 1017 CON_ID 17 */
		    17 Query	SHOW EXPLAIN FOR 197 /* QNO 1018 CON_ID 17 */
		    17 Query	ALTER TABLE t13 PARTITION BY HASH(`LOGFILE_GROUP_NAME`) /* QNO 1019 CON_ID 17 */
		    19 Query	SELECT * FROM `setup_objects` INTO OUTFILE 'load_setup_objects'  /* QNO 955 CON_ID 19 */
		    19 Query	LOAD DATA INFILE 'load_setup_objects' IGNORE INTO TABLE setup_objects /* QNO 956 CON_ID 19 */
		    19 Query	UNLOCK TABLES /* QNO 957 CON_ID 19 */
		    19 Query	DELETE FROM `events_waits_history_long` WHERE `OBJECT_TYPE` = 9 LIMIT 7 /* QNO 958 CON_ID 19 */
		    19 Query	SELECT * FROM test.`DD` AS table1 WHERE table1.`col_date_nokey` < 6 HAVING table1.`col_varchar_key` = '2014-05-13 22:36:27.004980' IS NOT NULL LIMIT 109 /* QNO 959 CON_ID 19 */
		    19 Query	INSERT INTO t15 ( `col_time_key` ) SELECT icol10 FROM t10 /* QNO 960 CON_ID 19 */
		    19 Query	SHOW ENGINE PERFORMANCE_SCHEMA STATUS /* QNO 961 CON_ID 19 */
		    19 Query	DROP SEQUENCE IF EXISTS seq7, seq4 /* QNO 962 CON_ID 19 */
		    17 Query	SHOW ERRORS LIMIT 7065 /* QNO 1020 CON_ID 17 */
		    17 Query	ALTER TABLE t4 DROP PRIMARY KEY /* QNO 1021 CON_ID 17 */
		    17 Query	DELETE FROM `SPATIAL_REF_SYS` WHERE `AUTH_SRID` <> 6 LIMIT 1 /* QNO 1022 CON_ID 17 */
		    17 Query	TRUNCATE TABLE performance_schema.events_waits_history_long /* QNO 1023 CON_ID 17 */
		    15 Query	INSERT INTO `tmp` SELECT * FROM BB  /* QNO 1410 CON_ID 15 */
		    17 Query	ALTER IGNORE TABLE `COLLATIONS` /*!100301 NOWAIT */ ADD INDEX IF NOT EXISTS ind9 ( `SORTLEN`(204), x ), ALGORITHM=INPLACE, LOCK=NONE  /* QNO 1024 CON_ID 17 */
		    15 Query	/* GenTest::Transform::ExecuteAsExecuteImmediate */ EXECUTE IMMEDIATE ' INSERT INTO `tmp` SELECT * FROM BB  /* QNO 1410 CON_ID 15 */ ' /* TRANSFORM_OUTCOME_UNORDERED_MATCH */ /* QNO 1411 CON_ID 15 */
		    15 Prepare	INSERT INTO `tmp` SELECT * FROM BB  /* QNO 1410 CON_ID 15 */
		    15 Execute	INSERT INTO `tmp` SELECT * FROM BB  /* QNO 1410 CON_ID 15 */
		    17 Query	CREATE TABLE t10 LIKE `INNODB_CMP_RESET` /* QNO 1025 CON_ID 17 */
		    15 Query	DROP TEMPORARY TABLE IF EXISTS BB  /* QNO 1412 CON_ID 15 */
		    17 Query	SET SQL_MODE= 'NO_AUTO_CREATE_USER,PAD_CHAR_TO_FULL_LENGTH,NO_BACKSLASH_ESCAPES,SIMULTANEOUS_ASSIGNMENT,NO_AUTO_VALUE_ON_ZERO,MYSQL40,ANSI_QUOTES,MSSQL,NO_FIELD_OPTIONS,DB2,ORACLE' /* QNO 1026 CON_ID 17 */
		    17 Query	ALTER TABLE t7 PARTITION BY HASH(ecol6) /* QNO 1027 CON_ID 17 */
		    17 Query	/*!100305 SHOW PACKAGE STATUS */ /* QNO 1028 CON_ID 17 */
		    15 Query	ALTER TABLE `tmp` RENAME TO BB /* QNO 1413 CON_ID 15 */
		    17 Query	SELECT row_end FROM `REFERENTIAL_CONSTRAINTS` ORDER BY RAND() LIMIT 1 INTO @trx_user_var /* QNO 1029 CON_ID 17 */
		    15 Query	SELECT * from t1 FOR system_time ALL /* QNO 1414 CON_ID 15 */
		    15 Query	INSERT INTO `ALL_PLUGINS` SELECT * FROM `INNODB_SYS_FOREIGN_COLS` /* QNO 1415 CON_ID 15 */
		    17 Query	ALTER TABLE t6 ENGINE = InnoDB, DROP FOREIGN KEY h  /* QNO 1030 CON_ID 17 */
		    15 Query	SELECT * FROM `TABLES` INTO OUTFILE 'load_TABLES'  /* QNO 1416 CON_ID 15 */
		    15 Query	LOAD DATA INFILE 'load_TABLES' IGNORE INTO TABLE TABLES /* QNO 1417 CON_ID 15 */
		    15 Query	DROP TEMPORARY TABLE IF EXISTS `INNODB_SYS_TABLES` /* QNO 1418 CON_ID 15 */
		    15 Query	SHOW WARNINGS
		    15 Query	ALTER TABLE t4 /*!100301 NOWAIT */ DROP COLUMN `FLAG`, ALGORITHM=DEFAULT, LOCK=DEFAULT, ADD CONSTRAINT CHECK (`ROW_FORMAT` > `ROW_FORMAT`), DROP PRIMARY KEY, FORCE, LOCK=NONE /*!100307, ALGORITHM=INSTANT */  /* QNO 1419 CON_ID 15 */
		    19 Query	SHOW WARNINGS
		    19 Query	UPDATE performance_schema.setup_consumers SET enabled = 'YES' WHERE name IN ( 'events_waits_summary_by_event_name' ) /* QNO 963 CON_ID 19 */
		    15 Query	INSERT INTO `INNODB_LOCK_WAITS` ( `pk` ) VALUES (NULL) /* QNO 1420 CON_ID 15 */
		    17 Query	SET STATEMENT system_versioning_alter_history=KEEP FOR ALTER TABLE `PROCESSLIST` DROP PARTITION ver_p3 /* QNO 1031 CON_ID 17 */
		    15 Query	LOCK TABLES `TABLE_PRIVILEGES` WRITE CONCURRENT /*!100300 NOWAIT */ /* QNO 1421 CON_ID 15 */
		    19 Query	UNLOCK TABLES /* QNO 964 CON_ID 19 */
		    19 Query	SELECT * FROM test.`AA` AS table1 WHERE table1.`col_time_nokey` LIKE '%sql%' HAVING table1.`col_datetime_key` != 'h' IS NULL LIMIT 184 /* QNO 965 CON_ID 19 */
		    19 Query	ALTER ONLINE TABLE `DD` /*!100301 */ ADD INDEX IF NOT EXISTS ( v ASC ), ALGORITHM=DEFAULT  /* QNO 966 CON_ID 19 */
		    15 Query	INSERT INTO `INNODB_FT_DEFAULT_STOPWORD` SELECT * FROM `APPLICABLE_ROLES` /* QNO 1422 CON_ID 15 */
		    19 Query	SET GLOBAL SQL_MODE= 'REAL_AS_FLOAT,ANSI_QUOTES,NO_AUTO_CREATE_USER,TIME_ROUND_FRACTIONAL,STRICT_TRANS_TABLES,HIGH_NOT_PRECEDENCE,MYSQL40' /* QNO 967 CON_ID 19 */
		    17 Query	SELECT * FROM INFORMATION_SCHEMA.`STATISTICS` AS table1 LIMIT 20 /* QNO 1032 CON_ID 17 */
		    19 Query	CREATE SEQUENCE IF NOT EXISTS seq9 NOMAXVALUE  /* QNO 968 CON_ID 19 */
		    15 Query	INSERT INTO `COLUMNS` ( `pk` ) VALUES (NULL) /* QNO 1423 CON_ID 15 */
		    15 Query	SELECT * from t10 WHERE row_start IN (SELECT row_start FROM t6) /* QNO 1424 CON_ID 15 */
		    14 Query	ALTER TABLE `C` ADD COLUMN f INTEGER DEFAULT NULL /* QNO 2414 CON_ID 14 */
		    15 Query	ALTER ONLINE TABLE `INNODB_BUFFER_PAGE` /*!100301 */ CHANGE COLUMN IF EXISTS h `NUMBER_RECORDS` MEDIUMINT AUTO_INCREMENT /*!100201 CHECK (q <= 6) */, ALGORITHM=COPY, CHANGE COLUMN IF EXISTS o w BINARY AS ( SUBSTR(g, 1, 6 ) ) VIRTUAL AFTER `COMPRESSED_SIZE`, ALGORITHM=COPY, LOCK=NONE, CHANGE IF EXISTS `IO_FIX` o MEDIUMINT UNSIGNED ZEROFILL NOT NULL DEFAULT 0 AFTER m /*!100307, ALGORITHM=NOCOPY */, LOCK=DEFAULT  /* QNO 1425 CON_ID 15 */
		    15 Query	UNLOCK TABLES /* QNO 1426 CON_ID 15 */
		    15 Query	ALTER IGNORE TABLE `INNODB_LOCK_WAITS` /*!100301 */ ADD IF NOT EXISTS l TINYINT, LOCK=EXCLUSIVE  /* QNO 1427 CON_ID 15 */
		    15 Query	ALTER TABLE `INNODB_SYS_DATAFILES` /*!100301 */ ADD INDEX IF NOT EXISTS ( `PATH` DESC ) COMMENT 'jaw', ALGORITHM=COPY, ADD INDEX IF NOT EXISTS ind2 ( h(208), a, g(232) )  /* QNO 1428 CON_ID 15 */
		    14 Query	ALTER TABLE `B` DROP COLUMN t /* QNO 2415 CON_ID 14 */
		    15 Query	UPDATE performance_schema.setup_instruments SET ENABLED = 'YES' WHERE NAME LIKE 'wait%' /* QNO 1429 CON_ID 15 */
