		    18 Prepare	INSERT INTO `tmp` SELECT * FROM D  /* QNO 1375 CON_ID 18 */
		    17 Query	DELETE FROM `INNODB_CMP_PER_INDEX_RESET` WHERE `table_name` <= 0 LIMIT 7 /* QNO 1048 CON_ID 17 */
		    14 Query	DROP VIEW IF EXISTS x /* QNO 2651 CON_ID 14 */
		    17 Query	DROP TEMPORARY TABLE IF EXISTS `KEY_CACHES` /* QNO 1049 CON_ID 17 */
		    17 Query	SHOW WARNINGS
		    17 Query	SELECT NEXTVAL( seq9 ) /* QNO 1050 CON_ID 17 */
		    14 Query	SHOW WARNINGS
		    17 Query	/* GenTest::Transform::ExecuteAsExecuteImmediate */ EXECUTE IMMEDIATE ' /* TRANSFORM_OUTCOME_UNORDERED_MATCH */ /* QNO 1051 CON_ID 17 */
		    17 Query	/* GenTest::Transform::ExecuteAsInsertSelect */ CREATE DATABASE IF NOT EXISTS transforms /* QNO 1052 CON_ID 17 */
		    14 Query	CREATE DATABASE IF NOT EXISTS x /* QNO 2652 CON_ID 14 */
		    14 Query	ALTER TABLE `E` REMOVE PARTITIONING /* QNO 2653 CON_ID 14 */
		    14 Query	DROP TRIGGER IF EXISTS p /* QNO 2654 CON_ID 14 */
		    14 Query	GRANT SHUTDOWN ON *.* to 'someuser'@'somehost' /* QNO 2655 CON_ID 14 */
		    14 Query	ALTER TABLE `DD` ADD COLUMN j INTEGER DEFAULT NULL /* QNO 2656 CON_ID 14 */
		    17 Query	SHOW WARNINGS
		    15 Query	/* GenTest::Transform::ExecuteAsUpdateDelete */ CREATE DATABASE IF NOT EXISTS transforms /* QNO 1489 CON_ID 15 */
		    14 Query	REVOKE ALL PRIVILEGES ON x.* FROM 'someuser'@'somehost' /* QNO 2657 CON_ID 14 */
		    17 Query	DROP TABLE IF EXISTS transforms.insert_select_22990 /* QNO 1053 CON_ID 17 */
		    15 Query	SHOW WARNINGS
		    15 Query	DROP TABLE IF EXISTS transforms.where_updatedelete_22986 /* QNO 1490 CON_ID 15 */
		    17 Query	SHOW WARNINGS
		    17 Query	CREATE TABLE transforms.insert_select_22990 SELECT NEXTVAL( seq9 ) /* QNO 1050 CON_ID 17 */  /* QNO 1054 CON_ID 17 */
		    14 Query	CREATE EVENT l ON SCHEDULE AT NOW() DO SET @a=@a /* QNO 2658 CON_ID 14 */
		    14 Query	ALTER TABLE `D` ADD COLUMN q INTEGER DEFAULT NULL /* QNO 2659 CON_ID 14 */
		    15 Query	SHOW WARNINGS
		    15 Query	CREATE TABLE transforms.where_updatedelete_22986 SELECT INCREMENT FROM seq5 /* QNO 1476 CON_ID 15 */  /* QNO 1491 CON_ID 15 */
		    14 Query	ALTER TABLE `C` DROP PRIMARY KEY /* QNO 2660 CON_ID 14 */
		    14 Query	DROP VIEW IF EXISTS q /* QNO 2661 CON_ID 14 */
		    14 Query	SHOW WARNINGS
		    14 Query	CREATE TABLE l LIKE `C` /* QNO 2662 CON_ID 14 */
		    17 Query	SELECT * FROM transforms.insert_select_22990 /* TRANSFORM_OUTCOME_UNORDERED_MATCH */ /* QNO 1055 CON_ID 17 */
		    17 Query	DELETE FROM transforms.insert_select_22990 /* QNO 1056 CON_ID 17 */
		    17 Query	INSERT INTO transforms.insert_select_22990 SELECT NEXTVAL( seq9 ) /* QNO 1050 CON_ID 17 */  /* QNO 1057 CON_ID 17 */
		    17 Query	SELECT * FROM transforms.insert_select_22990 /* TRANSFORM_OUTCOME_UNORDERED_MATCH */ /* QNO 1058 CON_ID 17 */
		    17 Query	DELETE FROM transforms.insert_select_22990 /* QNO 1059 CON_ID 17 */
		    17 Query	REPLACE INTO transforms.insert_select_22990 SELECT NEXTVAL( seq9 ) /* QNO 1050 CON_ID 17 */  /* QNO 1060 CON_ID 17 */
		    17 Query	SELECT * FROM transforms.insert_select_22990 /* TRANSFORM_OUTCOME_UNORDERED_MATCH */ /* QNO 1061 CON_ID 17 */
		    17 Query	DROP TABLE transforms.insert_select_22990 /* QNO 1062 CON_ID 17 */
		    15 Query	UPDATE transforms.where_updatedelete_22986 SET `INCREMENT` = ( SELECT INCREMENT FROM seq5 /* QNO 1476 CON_ID 15 */  ) + 9999 WHERE `INCREMENT` NOT IN ( SELECT INCREMENT FROM seq5 /* QNO 1476 CON_ID 15 */  )  /* QNO 1492 CON_ID 15 */
		    15 Query	SELECT IF((ROW_COUNT() = 0 OR ROW_COUNT() = -1), 1, 0) /* TRANSFORM_OUTCOME_SINGLE_INTEGER_ONE */ /* QNO 1493 CON_ID 15 */
		    15 Query	SELECT * FROM transforms.where_updatedelete_22986 /* TRANSFORM_OUTCOME_UNORDERED_MATCH */ /* QNO 1494 CON_ID 15 */
		    15 Query	UPDATE transforms.where_updatedelete_22986 SET `INCREMENT` = ( SELECT INCREMENT FROM seq5 /* QNO 1476 CON_ID 15 */  ) WHERE `INCREMENT` IN ( SELECT INCREMENT FROM seq5 /* QNO 1476 CON_ID 15 */  )  /* QNO 1495 CON_ID 15 */
		    15 Query	SELECT IF((ROW_COUNT() = 1 OR ROW_COUNT() = -1), 1, 0) /* TRANSFORM_OUTCOME_SINGLE_INTEGER_ONE */ /* QNO 1496 CON_ID 15 */
		    15 Query	SELECT * FROM transforms.where_updatedelete_22986 /* TRANSFORM_OUTCOME_UNORDERED_MATCH */ /* QNO 1497 CON_ID 15 */
		    15 Query	DELETE FROM transforms.where_updatedelete_22986 WHERE `INCREMENT` IN ( SELECT INCREMENT FROM seq5 /* QNO 1476 CON_ID 15 */  )  /* QNO 1498 CON_ID 15 */
		    14 Query	CREATE EVENT f ON SCHEDULE AT NOW() DO SET @a=@a /* QNO 2663 CON_ID 14 */
		    15 Query	SELECT IF((ROW_COUNT() = 1 OR ROW_COUNT() = -1), 1, 0) /* TRANSFORM_OUTCOME_SINGLE_INTEGER_ONE */ /* QNO 1499 CON_ID 15 */
		    15 Query	SELECT * FROM transforms.where_updatedelete_22986 /* TRANSFORM_OUTCOME_EMPTY_RESULT */ /* QNO 1500 CON_ID 15 */
		    15 Query	DROP TABLE IF EXISTS transforms.where_updatedelete_22986 /* QNO 1501 CON_ID 15 */
		    14 Query	GRANT SHUTDOWN, REPLICATION SLAVE ON *.* to 'someuser'@'somehost' /* QNO 2664 CON_ID 14 */
		    14 Query	ALTER TABLE `BB` ADD COLUMN y INTEGER DEFAULT NULL /* QNO 2665 CON_ID 14 */
		    14 Query	ALTER TABLE `D` ADD COLUMN c INTEGER DEFAULT NULL /* QNO 2666 CON_ID 14 */
		    17 Query	/* GenTest::Transform::ExecuteAsUpdateDelete */ CREATE DATABASE IF NOT EXISTS transforms /* QNO 1063 CON_ID 17 */
		    17 Query	SHOW WARNINGS
		    17 Query	DROP TABLE IF EXISTS transforms.where_updatedelete_22990 /* QNO 1064 CON_ID 17 */
		    15 Query	INSERT INTO `SYSTEM_VARIABLES` ( `pk` ) VALUES (NULL) /* QNO 1502 CON_ID 15 */
		    15 Query	INSERT INTO `INNODB_SYS_FOREIGN` SELECT * FROM `APPLICABLE_ROLES` /* QNO 1503 CON_ID 15 */
		    14 Query	DROP EVENT z /* QNO 2667 CON_ID 14 */
		    15 Query	ALTER ONLINE IGNORE TABLE `INNODB_LOCKS` /*!100301 */ CHANGE IF EXISTS `lock_id` c SERIAL /*!100307, ALGORITHM=INSTANT */, LOCK=NONE  /* QNO 1504 CON_ID 15 */
		    15 Query	UPDATE performance_schema.setup_timers SET timer_name = 'NANOSECOND' /* QNO 1505 CON_ID 15 */
		    15 Query	UPDATE performance_schema.setup_instruments SET ENABLED = 'YES' WHERE NAME LIKE 'wait/io%' /* QNO 1506 CON_ID 15 */
		    14 Query	DROP TABLE t /* QNO 2668 CON_ID 14 */
		    15 Query	UPDATE performance_schema.setup_timers SET timer_name = 'NANOSECOND' /* QNO 1507 CON_ID 15 */
		    15 Query	INSERT INTO t3 ( icol8 ) SELECT tcol8 FROM t8 /* QNO 1508 CON_ID 15 */
		    15 Query	FLUSH SLAVE, HOSTS /* QNO 1509 CON_ID 15 */
		    15 Query	ALTER TABLE t1 PARTITION BY HASH(icol3) /* QNO 1510 CON_ID 15 */
		    15 Query	INSERT INTO `INNODB_SYS_DATAFILES` SELECT * FROM `SCHEMA_PRIVILEGES` /* QNO 1511 CON_ID 15 */
		    17 Query	SHOW WARNINGS
		    17 Query	CREATE TABLE transforms.where_updatedelete_22990 SELECT NEXTVAL( seq9 ) /* QNO 1050 CON_ID 17 */  /* QNO 1065 CON_ID 17 */
		    14 Query	GRANT INSERT ( `col_varchar_nokey`, `col_int_key`, `col_time_nokey`, `col_date_nokey`, `col_time_nokey` ) ON `E` TO 'someuser'@'somehost' /* QNO 2669 CON_ID 14 */
		    14 Query	DROP TABLE v /* QNO 2670 CON_ID 14 */
		    15 Query	FLUSH QUERY CACHE /* QNO 1512 CON_ID 15 */
		    15 Query	ALTER TABLE t19 ADD PRIMARY KEY(icol4), ALGORITHM=INPLACE, DROP PRIMARY KEY, ENGINE=InnoDB, ADD UNIQUE(tcol1), ALGORITHM=COPY, LOCK=NONE /* QNO 1513 CON_ID 15 */
		    14 Query	CREATE FUNCTION a ( e INTEGER, n INTEGER ) RETURNS INTEGER RETURN 1 /* QNO 2671 CON_ID 14 */
		    15 Query	ALTER TABLE `INNODB_SYS_COLUMNS` /*!100301 WAIT 2 */ ADD COLUMN IF NOT EXISTS ( c SERIAL /*!100201 CHECK (`POS` = 0) */ ) /*!100307, ALGORITHM=NOCOPY */  /* QNO 1514 CON_ID 15 */
		    15 Query	TRUNCATE TABLE performance_schema.file_summary_by_event_name /* QNO 1515 CON_ID 15 */
		    15 Query	UNLOCK TABLES /* QNO 1516 CON_ID 15 */
		    15 Query	DELETE FROM `TABLE_CONSTRAINTS` WHERE `CONSTRAINT_TYPE` <> '1997-02-04 16:28:32.039288' LIMIT 4 /* QNO 1517 CON_ID 15 */
		    15 Query	ALTER ONLINE TABLE t9 MODIFY COLUMN IF EXISTS ncol7 FLOAT UNSIGNED NOT NULL DEFAULT NULL AFTER tscol1 /*!100307, ALGORITHM=INSTANT */, LOCK=EXCLUSIVE  /* QNO 1518 CON_ID 15 */
		    14 Query	GRANT ALL PRIVILEGES ON test.m TO 'someuser'@'somehost' /* QNO 2672 CON_ID 14 */
		    14 Query	DROP TRIGGER IF EXISTS t /* QNO 2673 CON_ID 14 */
		    14 Query	SHOW WARNINGS
		    14 Query	CREATE TABLE j LIKE `AA` /* QNO 2674 CON_ID 14 */
		    14 Query	ALTER TABLE `D` ADD PRIMARY KEY (`pk`) /* QNO 2675 CON_ID 14 */
		    14 Query	ALTER TABLE `DD` DROP KEY a /* QNO 2676 CON_ID 14 */
		    14 Query	ALTER TABLE `BB` DROP PRIMARY KEY /* QNO 2677 CON_ID 14 */
		    14 Query	GRANT SUPER ON *.* to 'someuser'@'somehost' /* QNO 2678 CON_ID 14 */
		    14 Query	ALTER TABLE `E` ADD COLUMN n INTEGER DEFAULT NULL /* QNO 2679 CON_ID 14 */
		    15 Query	UPDATE performance_schema.setup_timers SET timer_name = 'CYCLE' /* QNO 1519 CON_ID 15 */
		    18 Execute	INSERT INTO `tmp` SELECT * FROM D  /* QNO 1375 CON_ID 18 */
		    15 Query	SELECT * FROM mysql.`servers` AS table1 WHERE NOT ( (NOT ( table1.`Host` LIKE '%sql%' OR table1.`Username` <= 0) OR table1.`Owner` = '2025-02-28 04:53:10.057712') AND table1.`Wrapper` LIKE 'wait/synch%') HAVING ( ( table1.`Server_name` != 6 AND table1.`Wrapper` < 'hg') AND table1.`Username` < 'g') ORDER BY table1.`Password` LIMIT 75 /* QNO 1520 CON_ID 15 */
		    15 Query	/* GenTest::Transform::ExecuteAsExecuteImmediate */ EXECUTE IMMEDIATE ' SELECT * FROM mysql.`servers` AS table1 WHERE NOT ( (NOT ( table1.`Host` LIKE \'%sql%\' OR table1.`Username` <= 0) OR table1.`Owner` = \'2025-02-28 04:53:10.057712\') AND table1.`Wrapper` LIKE \'wait/synch%\') HAVING ( ( table1.`Server_name` != 6 AND table1.`Wrapper` < \'hg\') AND table1.`Username` < \'g\') ORDER BY table1.`Password` LIMIT 75 /* QNO 1520 CON_ID 15 */ ' /* TRANSFORM_OUTCOME_UNORDERED_MATCH */ /* QNO 1521 CON_ID 15 */
		    15 Prepare	SELECT * FROM mysql.`servers` AS table1 WHERE NOT ( (NOT ( table1.`Host` LIKE '%sql%' OR table1.`Username` <= 0) OR table1.`Owner` = '2025-02-28 04:53:10.057712') AND table1.`Wrapper` LIKE 'wait/synch%') HAVING ( ( table1.`Server_name` != 6 AND table1.`Wrapper` < 'hg') AND table1.`Username` < 'g') ORDER BY table1.`Password` LIMIT 75 /* QNO 1520 CON_ID 15 */
		    18 Query	DROP TEMPORARY TABLE IF EXISTS D  /* QNO 1377 CON_ID 18 */
		    15 Execute	SELECT * FROM mysql.`servers` AS table1 WHERE NOT ( (NOT ( table1.`Host` LIKE '%sql%' OR table1.`Username` <= 0) OR table1.`Owner` = '2025-02-28 04:53:10.057712') AND table1.`Wrapper` LIKE 'wait/synch%') HAVING ( ( table1.`Server_name` != 6 AND table1.`Wrapper` < 'hg') AND table1.`Username` < 'g') ORDER BY table1.`Password` LIMIT 75 /* QNO 1520 CON_ID 15 */
		    15 Query	/* GenTest::Transform::ExecuteAsInsertSelect */ CREATE DATABASE IF NOT EXISTS transforms /* QNO 1522 CON_ID 15 */
		    18 Query	ALTER TABLE `tmp` RENAME TO D /* QNO 1378 CON_ID 18 */
		    14 Query	DROP TRIGGER IF EXISTS x /* QNO 2680 CON_ID 14 */
		    18 Query	SELECT SETVAL(seq6, 1934) /* QNO 1379 CON_ID 18 */
		    17 Query	UPDATE transforms.where_updatedelete_22990 SET `NEXTVAL( seq9 )` = ( SELECT NEXTVAL( seq9 ) /* QNO 1050 CON_ID 17 */  ) + 9999 WHERE `NEXTVAL( seq9 )` NOT IN ( SELECT NEXTVAL( seq9 ) /* QNO 1050 CON_ID 17 */  )  /* QNO 1066 CON_ID 17 */
		    15 Query	SHOW WARNINGS
		    15 Query	DROP TABLE IF EXISTS transforms.insert_select_22986 /* QNO 1523 CON_ID 15 */
		    18 Query	SELECT * from `BB` FOR system_time ALL /* QNO 1380 CON_ID 18 */
		    17 Query	SELECT IF((ROW_COUNT() = 0 OR ROW_COUNT() = -1), 1, 0) /* TRANSFORM_OUTCOME_SINGLE_INTEGER_ONE */ /* QNO 1067 CON_ID 17 */
		    17 Query	SELECT * FROM transforms.where_updatedelete_22990 /* TRANSFORM_OUTCOME_UNORDERED_MATCH */ /* QNO 1068 CON_ID 17 */
		    14 Query	SHOW WARNINGS
		    18 Query	ALTER TABLE `D` /*!100301 */ ADD COLUMN IF NOT EXISTS q SET('foo','bar') NOT NULL DEFAULT 'w' /*!100307, ALGORITHM=NOCOPY */, MODIFY IF EXISTS `col_time_nokey` BIGINT SERIAL DEFAULT VALUE AFTER p  /* QNO 1381 CON_ID 18 */
		    14 Query	CREATE TRIGGER e BEFORE INSERT ON `B` FOR EACH ROW BEGIN INSERT INTO `DD` SELECT * FROM `A` LIMIT 0 ; END ; /* QNO 2681 CON_ID 14 */
		    18 Query	ALTER IGNORE TABLE t1 RENAME TO `CC`, ADD CONSTRAINT FOREIGN KEY (`col_varchar_key`) REFERENCES `A` (`col_varchar_key`) ON UPDATE SET NULL  /* QNO 1382 CON_ID 18 */
		    15 Query	SHOW WARNINGS
		    15 Query	CREATE TABLE transforms.insert_select_22986  SELECT * FROM mysql.`servers` AS table1 WHERE NOT ( (NOT ( table1.`Host` LIKE '%sql%' OR table1.`Username` <= 0) OR table1.`Owner` = '2025-02-28 04:53:10.057712') AND table1.`Wrapper` LIKE 'wait/synch%') HAVING ( ( table1.`Server_name` != 6 AND table1.`Wrapper` < 'hg') AND table1.`Username` < 'g') ORDER BY table1.`Password` LIMIT 75 /* QNO 1520 CON_ID 15 */  /* QNO 1524 CON_ID 15 */
		    17 Query	UPDATE transforms.where_updatedelete_22990 SET `NEXTVAL( seq9 )` = ( SELECT NEXTVAL( seq9 ) /* QNO 1050 CON_ID 17 */  ) WHERE `NEXTVAL( seq9 )` IN ( SELECT NEXTVAL( seq9 ) /* QNO 1050 CON_ID 17 */  )  /* QNO 1069 CON_ID 17 */
		    18 Query	INSERT INTO `E` SELECT * FROM `C` /* QNO 1383 CON_ID 18 */
		    17 Query	SELECT IF((ROW_COUNT() = 1 OR ROW_COUNT() = -1), 1, 0) /* TRANSFORM_OUTCOME_SINGLE_INTEGER_ONE */ /* QNO 1070 CON_ID 17 */
		    18 Query	ALTER TABLE `E` ADD PARTITION IF NOT EXISTS (PARTITION ver_p4 HISTORY) /* QNO 1384 CON_ID 18 */
		    17 Query	SELECT * FROM transforms.where_updatedelete_22990 /* TRANSFORM_OUTCOME_UNORDERED_MATCH */ /* QNO 1071 CON_ID 17 */
		    17 Query	DELETE FROM transforms.where_updatedelete_22990 WHERE `NEXTVAL( seq9 )` IN ( SELECT NEXTVAL( seq9 ) /* QNO 1050 CON_ID 17 */  )  /* QNO 1072 CON_ID 17 */
		    18 Query	RESET QUERY CACHE /* QNO 1385 CON_ID 18 */
		    17 Query	SELECT IF((ROW_COUNT() = 1 OR ROW_COUNT() = -1), 1, 0) /* TRANSFORM_OUTCOME_SINGLE_INTEGER_ONE */ /* QNO 1073 CON_ID 17 */
		    18 Query	ALTER TABLE `DD` /*!100301 WAIT 9 */ DROP FOREIGN KEY f, ALGORITHM=COPY, LOCK=NONE /* QNO 1386 CON_ID 18 */
		    17 Query	SELECT * FROM transforms.where_updatedelete_22990 /* TRANSFORM_OUTCOME_EMPTY_RESULT */ /* QNO 1074 CON_ID 17 */
		    18 Query	DROP TEMPORARY TABLE IF EXISTS `DD` /* QNO 1387 CON_ID 18 */
		    17 Query	DROP TABLE IF EXISTS transforms.where_updatedelete_22990 /* QNO 1075 CON_ID 17 */
		    18 Query	SHOW WARNINGS
		    18 Query	SET SQL_MODE= DEFAULT /* QNO 1388 CON_ID 18 */
		    18 Query	RENAME TABLE seq10 TO seq2 /* QNO 1389 CON_ID 18 */
		    14 Query	DROP TABLE x /* QNO 2682 CON_ID 14 */
		    17 Query	SET SQL_MODE= '' /* QNO 1076 CON_ID 17 */
		    17 Query	TRUNCATE TABLE t1 /* QNO 1077 CON_ID 17 */
		    17 Query	SELECT SETVAL(seq10, -10) /* QNO 1078 CON_ID 17 */
		    14 Query	ALTER TABLE `BB` ADD PRIMARY KEY (`pk`) /* QNO 2683 CON_ID 14 */
		    14 Query	ALTER TABLE `A` DROP COLUMN s /* QNO 2684 CON_ID 14 */
		    17 Query	INSERT INTO `PROCESSLIST` ( `pk` ) VALUES (NULL) /* QNO 1079 CON_ID 17 */
		    18 Query	ALTER IGNORE TABLE `BB` /*!100301 */ ADD KEY IF NOT EXISTS ind3 ( x ) KEY_BLOCK_SIZE = 53256, ALGORITHM=INPLACE  /* QNO 1390 CON_ID 18 */
		    17 Query	UNLOCK TABLES /* QNO 1080 CON_ID 17 */
		    17 Query	UNLOCK TABLES /* QNO 1081 CON_ID 17 */
		    17 Query	SET GLOBAL SQL_MODE= 'MSSQL,SIMULTANEOUS_ASSIGNMENT,HIGH_NOT_PRECEDENCE,NO_UNSIGNED_SUBTRACTION,NO_AUTO_CREATE_USER,NO_BACKSLASH_ESCAPES,ORACLE,REAL_AS_FLOAT,DB2,NO_ZERO_IN_DATE' /* QNO 1082 CON_ID 17 */
		    18 Query	SELECT * FROM mysql.`time_zone_transition_type` AS table1 ORDER BY table1.`Time_zone_id` LIMIT 39 /* QNO 1391 CON_ID 18 */
		    17 Query	SHOW FIELDS IN t1 /* QNO 1083 CON_ID 17 */
		    18 Query	/* GenTest::Transform::ExecuteAsExecuteImmediate */ EXECUTE IMMEDIATE ' SELECT * FROM mysql.`time_zone_transition_type` AS table1 ORDER BY table1.`Time_zone_id` LIMIT 39 /* QNO 1391 CON_ID 18 */ ' /* TRANSFORM_OUTCOME_UNORDERED_MATCH */ /* QNO 1392 CON_ID 18 */
		    18 Prepare	SELECT * FROM mysql.`time_zone_transition_type` AS table1 ORDER BY table1.`Time_zone_id` LIMIT 39 /* QNO 1391 CON_ID 18 */
		    18 Execute	SELECT * FROM mysql.`time_zone_transition_type` AS table1 ORDER BY table1.`Time_zone_id` LIMIT 39 /* QNO 1391 CON_ID 18 */
		    18 Query	/* GenTest::Transform::ExecuteAsInsertSelect */ CREATE DATABASE IF NOT EXISTS transforms /* QNO 1393 CON_ID 18 */
		    17 Query	UPDATE performance_schema.setup_instruments SET TIMED = 'NO' ORDER BY RAND() LIMIT 6 /* QNO 1084 CON_ID 17 */
		    17 Query	SET SESSION SQL_MODE= DEFAULT /* QNO 1085 CON_ID 17 */
		    17 Query	CREATE OR REPLACE TEMPORARY TABLE `tmp` LIKE D  /* QNO 1086 CON_ID 17 */
		    14 Query	ALTER TABLE `C` ADD KEY ( t ) /* QNO 2685 CON_ID 14 */
		    14 Query	GRANT ALL PRIVILEGES ON test.z TO 'someuser'@'somehost' /* QNO 2686 CON_ID 14 */
		    14 Query	DROP PROCEDURE IF EXISTS a /* QNO 2687 CON_ID 14 */
		    14 Query	REVOKE ALL PRIVILEGES ON test.r FROM 'someuser'@'somehost' /* QNO 2688 CON_ID 14 */
		    14 Query	ALTER TABLE `DD` ADD KEY ( d ) /* QNO 2689 CON_ID 14 */
		    14 Query	DROP DATABASE IF EXISTS a /* QNO 2690 CON_ID 14 */
		    18 Query	SHOW WARNINGS
		    15 Query	SELECT * FROM transforms.insert_select_22986 /* TRANSFORM_OUTCOME_UNORDERED_MATCH */ /* QNO 1525 CON_ID 15 */
		    18 Query	DROP TABLE IF EXISTS transforms.insert_select_22992 /* QNO 1394 CON_ID 18 */
		    18 Query	SHOW WARNINGS
		    18 Query	CREATE TABLE transforms.insert_select_22992  SELECT * FROM mysql.`time_zone_transition_type` AS table1 ORDER BY table1.`Time_zone_id` LIMIT 39 /* QNO 1391 CON_ID 18 */  /* QNO 1395 CON_ID 18 */
		    17 Query	INSERT INTO `tmp` SELECT * FROM D  /* QNO 1087 CON_ID 17 */
		    14 Query	ALTER TABLE `DD` REMOVE PARTITIONING /* QNO 2691 CON_ID 14 */
		    14 Query	GRANT ALL PRIVILEGES ON test.f TO 'someuser'@'somehost' /* QNO 2692 CON_ID 14 */
		    15 Query	DELETE FROM transforms.insert_select_22986 /* QNO 1526 CON_ID 15 */
		    14 Query	REVOKE RELOAD, SHOW DATABASES, REPLICATION SLAVE ON *.* FROM 'someuser'@'somehost' /* QNO 2693 CON_ID 14 */
		    14 Query	GRANT SELECT ( `pk` ), SELECT ( `col_int_key` ), INSERT ( `pk`, `col_time_nokey` ) ON `DD` TO 'someuser'@'somehost' /* QNO 2694 CON_ID 14 */
		    14 Query	CREATE FUNCTION j ( f INTEGER, f INTEGER ) RETURNS INTEGER RETURN 1 /* QNO 2695 CON_ID 14 */
		    14 Query	ALTER TABLE `CC` DROP KEY z /* QNO 2696 CON_ID 14 */
		    14 Query	GRANT ALL PRIVILEGES ON test.n TO 'someuser'@'somehost' /* QNO 2697 CON_ID 14 */
		    14 Query	GRANT ALL PRIVILEGES ON test.y TO 'someuser'@'somehost' /* QNO 2698 CON_ID 14 */
		    14 Query	ALTER TABLE `E` DROP KEY e /* QNO 2699 CON_ID 14 */
		    14 Query	GRANT ALL PRIVILEGES ON test.q TO 'someuser'@'somehost' /* QNO 2700 CON_ID 14 */
		    15 Query	INSERT INTO transforms.insert_select_22986  SELECT * FROM mysql.`servers` AS table1 WHERE NOT ( (NOT ( table1.`Host` LIKE '%sql%' OR table1.`Username` <= 0) OR table1.`Owner` = '2025-02-28 04:53:10.057712') AND table1.`Wrapper` LIKE 'wait/synch%') HAVING ( ( table1.`Server_name` != 6 AND table1.`Wrapper` < 'hg') AND table1.`Username` < 'g') ORDER BY table1.`Password` LIMIT 75 /* QNO 1520 CON_ID 15 */  /* QNO 1527 CON_ID 15 */
		    14 Query	ALTER TABLE `B` ADD PRIMARY KEY (`pk`) /* QNO 2701 CON_ID 14 */
		    15 Query	SELECT * FROM transforms.insert_select_22986 /* TRANSFORM_OUTCOME_UNORDERED_MATCH */ /* QNO 1528 CON_ID 15 */
		    15 Query	DELETE FROM transforms.insert_select_22986 /* QNO 1529 CON_ID 15 */
		    15 Query	REPLACE INTO transforms.insert_select_22986  SELECT * FROM mysql.`servers` AS table1 WHERE NOT ( (NOT ( table1.`Host` LIKE '%sql%' OR table1.`Username` <= 0) OR table1.`Owner` = '2025-02-28 04:53:10.057712') AND table1.`Wrapper` LIKE 'wait/synch%') HAVING ( ( table1.`Server_name` != 6 AND table1.`Wrapper` < 'hg') AND table1.`Username` < 'g') ORDER BY table1.`Password` LIMIT 75 /* QNO 1520 CON_ID 15 */  /* QNO 1530 CON_ID 15 */
		    15 Query	SELECT * FROM transforms.insert_select_22986 /* TRANSFORM_OUTCOME_UNORDERED_MATCH */ /* QNO 1531 CON_ID 15 */
		    15 Query	DROP TABLE transforms.insert_select_22986 /* QNO 1532 CON_ID 15 */
		    15 Query	CREATE OR REPLACE TEMPORARY TABLE `tmp` LIKE C  /* QNO 1533 CON_ID 15 */
		    14 Query	CREATE DATABASE IF NOT EXISTS o /* QNO 2702 CON_ID 14 */
		    14 Query	SHOW WARNINGS
		    14 Query	CREATE DATABASE IF NOT EXISTS m /* QNO 2703 CON_ID 14 */
		    14 Query	SHOW WARNINGS
		    14 Query	ALTER TABLE `CC` DROP PRIMARY KEY /* QNO 2704 CON_ID 14 */
		    14 Query	DROP EVENT u /* QNO 2705 CON_ID 14 */
		    14 Query	REVOKE SHUTDOWN, REPLICATION SLAVE ON *.* FROM 'someuser'@'somehost' /* QNO 2706 CON_ID 14 */
		    14 Query	REVOKE ALL PRIVILEGES ON test.g FROM 'someuser'@'somehost' /* QNO 2707 CON_ID 14 */
		    14 Query	GRANT ALL PRIVILEGES ON test.x TO 'someuser'@'somehost' /* QNO 2708 CON_ID 14 */
		    14 Query	ALTER TABLE `A` ADD PRIMARY KEY (`pk`) /* QNO 2709 CON_ID 14 */
		    14 Query	ALTER TABLE `BB` ADD COLUMN b INTEGER DEFAULT NULL /* QNO 2710 CON_ID 14 */
		    14 Query	CREATE DATABASE IF NOT EXISTS x /* QNO 2711 CON_ID 14 */
		    15 Query	INSERT INTO `tmp` SELECT * FROM C  /* QNO 1534 CON_ID 15 */
		    14 Query	SHOW WARNINGS
		    14 Query	CREATE OR REPLACE VIEW k AS SELECT * FROM `A` /* QNO 2712 CON_ID 14 */
		    15 Query	/* GenTest::Transform::ExecuteAsExecuteImmediate */ EXECUTE IMMEDIATE ' INSERT INTO `tmp` SELECT * FROM C  /* QNO 1534 CON_ID 15 */ ' /* TRANSFORM_OUTCOME_UNORDERED_MATCH */ /* QNO 1535 CON_ID 15 */
		    15 Prepare	INSERT INTO `tmp` SELECT * FROM C  /* QNO 1534 CON_ID 15 */
		    15 Execute	INSERT INTO `tmp` SELECT * FROM C  /* QNO 1534 CON_ID 15 */
		    14 Query	/* GenTest::Transform::ExecuteAsExecuteImmediate */ EXECUTE IMMEDIATE 'CREATE OR REPLACE VIEW k AS SELECT * FROM `A` /* QNO 2712 CON_ID 14 */ ' /* TRANSFORM_OUTCOME_UNORDERED_MATCH */ /* QNO 2713 CON_ID 14 */
		    14 Prepare	CREATE OR REPLACE VIEW k AS SELECT * FROM `A` /* QNO 2712 CON_ID 14 */
		    15 Query	DROP TEMPORARY TABLE IF EXISTS C  /* QNO 1536 CON_ID 15 */
		    14 Execute	CREATE OR REPLACE VIEW k AS SELECT * FROM `A` /* QNO 2712 CON_ID 14 */
		    14 Query	DROP DATABASE IF EXISTS c /* QNO 2714 CON_ID 14 */
		    18 Query	SELECT * FROM transforms.insert_select_22992 /* TRANSFORM_OUTCOME_UNORDERED_MATCH */ /* QNO 1396 CON_ID 18 */
		    18 Query	DELETE FROM transforms.insert_select_22992 /* QNO 1397 CON_ID 18 */
		    15 Query	ALTER TABLE `tmp` RENAME TO C /* QNO 1537 CON_ID 15 */
		    14 Query	ALTER TABLE `D` REMOVE PARTITIONING /* QNO 2715 CON_ID 14 */
		    15 Query	UNLOCK TABLES /* QNO 1538 CON_ID 15 */
		    14 Query	ALTER TABLE `D` PARTITION BY KEY() PARTITIONS 4 /* QNO 2716 CON_ID 14 */
		    15 Query	TRUNCATE TABLE performance_schema.events_waits_summary_by_thread_by_event_name /* QNO 1539 CON_ID 15 */
		    14 Query	CREATE DATABASE IF NOT EXISTS i /* QNO 2717 CON_ID 14 */
		    15 Query	ALTER TABLE t14 ADD COLUMN ( geocol3 GEOMETRY NOT NULL, geocol3 MULTIPOLYGON NOT NULL ), DROP COLUMN IF EXISTS vcol5, LOCK=NONE, ALTER COLUMN /*!100305 IF EXISTS */ icol1 DROP DEFAULT, ADD COLUMN IF NOT EXISTS ( bcol2 BIT ), LOCK=SHARED /* QNO 1540 CON_ID 15 */
		    14 Query	SHOW WARNINGS
		    15 Query	BEGIN /* QNO 1541 CON_ID 15 */
		    14 Query	GRANT INSERT ( `col_date_nokey` ) ON `BB` TO 'someuser'@'somehost' /* QNO 2718 CON_ID 14 */
		    15 Query	ALTER TABLE t1 ADD SYSTEM VERSIONING /* QNO 1542 CON_ID 15 */
		    14 Query	GRANT SELECT ( `col_datetime_key`, `col_datetime_nokey` ) ON `D` TO 'someuser'@'somehost' /* QNO 2719 CON_ID 14 */
		    15 Query	ALTER TABLE `gtid_slave_pos` DROP INDEX ind6 /* QNO 1543 CON_ID 15 */
		    14 Query	REVOKE ALL PRIVILEGES ON d.* FROM 'someuser'@'somehost' /* QNO 2720 CON_ID 14 */
		    15 Query	SET SQL_MODE= DEFAULT /* QNO 1544 CON_ID 15 */
		    14 Query	GRANT RELOAD, SUPER, USAGE ON *.* to 'someuser'@'somehost' /* QNO 2721 CON_ID 14 */
		    15 Query	ALTER ONLINE IGNORE TABLE `general_log` /*!100301 */ DROP PRIMARY KEY, ALGORITHM=INPLACE, LOCK=SHARED, DROP INDEX IF EXISTS ind6, ALGORITHM=COPY  /* QNO 1545 CON_ID 15 */
		    14 Query	CREATE EVENT f ON SCHEDULE AT NOW() DO SET @a=@a /* QNO 2722 CON_ID 14 */
		    15 Query	SELECT * FROM mysql.`roles_mapping` AS table1 WHERE NOT ( ( (NOT (NOT ( table1.`Admin_option` IN ( 5, 7, 0 ) AND table1.`User` LIKE 'wait/synch/mutex/%') AND table1.`Role` = table1.`User`) OR table1.`Admin_option` LIKE '%myisam%') AND table1.`Admin_option` IN ( 4, 3, 7 )) AND table1.`Admin_option` != 'vr') ORDER BY table1.`User` LIMIT 168 /* QNO 1546 CON_ID 15 */
		    14 Query	REVOKE ALL PRIVILEGES ON test.m FROM 'someuser'@'somehost' /* QNO 2723 CON_ID 14 */
		    14 Query	CREATE EVENT s ON SCHEDULE AT NOW() DO SET @a=@a /* QNO 2724 CON_ID 14 */
		    18 Query	INSERT INTO transforms.insert_select_22992  SELECT * FROM mysql.`time_zone_transition_type` AS table1 ORDER BY table1.`Time_zone_id` LIMIT 39 /* QNO 1391 CON_ID 18 */  /* QNO 1398 CON_ID 18 */
		    14 Query	ALTER TABLE `BB` DROP PRIMARY KEY /* QNO 2725 CON_ID 14 */
		    14 Query	CREATE TRIGGER t BEFORE INSERT ON `AA` FOR EACH ROW BEGIN INSERT INTO `DD` SELECT * FROM `C` LIMIT 0 ; END ; /* QNO 2726 CON_ID 14 */
		    14 Query	CREATE TABLE m LIKE `E` /* QNO 2727 CON_ID 14 */
		    15 Query	/* GenTest::Transform::ExecuteAsExecuteImmediate */ EXECUTE IMMEDIATE ' /* TRANSFORM_OUTCOME_UNORDERED_MATCH */ /* QNO 1547 CON_ID 15 */
		    14 Query	DROP EVENT y /* QNO 2728 CON_ID 14 */
		    14 Query	GRANT UPDATE ( `col_int_nokey` ), UPDATE ( `col_date_nokey` ), INSERT ( `col_varchar_nokey` ) ON `BB` TO 'someuser'@'somehost' /* QNO 2729 CON_ID 14 */
190122 13:40:00	    15 Query	/* GenTest::Transform::ExecuteAsInsertSelect */ CREATE DATABASE IF NOT EXISTS transforms /* QNO 1548 CON_ID 15 */
		    15 Query	SHOW WARNINGS
		    14 Query	ALTER TABLE `A` REMOVE PARTITIONING /* QNO 2730 CON_ID 14 */
		    15 Query	DROP TABLE IF EXISTS transforms.insert_select_22986 /* QNO 1549 CON_ID 15 */
		    14 Query	DROP VIEW IF EXISTS a /* QNO 2731 CON_ID 14 */
		    14 Query	SHOW WARNINGS
		    14 Query	REVOKE REPLICATION SLAVE ON *.* FROM 'someuser'@'somehost' /* QNO 2732 CON_ID 14 */
		    15 Query	SHOW WARNINGS
		    15 Query	CREATE TABLE transforms.insert_select_22986  SELECT * FROM mysql.`roles_mapping` AS table1 WHERE NOT ( ( (NOT (NOT ( table1.`Admin_option` IN ( 5, 7, 0 ) AND table1.`User` LIKE 'wait/synch/mutex/%') AND table1.`Role` = table1.`User`) OR table1.`Admin_option` LIKE '%myisam%') AND table1.`Admin_option` IN ( 4, 3, 7 )) AND table1.`Admin_option` != 'vr') ORDER BY table1.`User` LIMIT 168 /* QNO 1546 CON_ID 15 */  /* QNO 1550 CON_ID 15 */
		    18 Query	SELECT * FROM transforms.insert_select_22992 /* TRANSFORM_OUTCOME_UNORDERED_MATCH */ /* QNO 1399 CON_ID 18 */
		    14 Query	ALTER TABLE `C` ADD COLUMN m INTEGER DEFAULT NULL /* QNO 2733 CON_ID 14 */
		    18 Query	DELETE FROM transforms.insert_select_22992 /* QNO 1400 CON_ID 18 */
		    18 Query	REPLACE INTO transforms.insert_select_22992  SELECT * FROM mysql.`time_zone_transition_type` AS table1 ORDER BY table1.`Time_zone_id` LIMIT 39 /* QNO 1391 CON_ID 18 */  /* QNO 1401 CON_ID 18 */
		    14 Query	DROP PROCEDURE IF EXISTS z /* QNO 2734 CON_ID 14 */
		    14 Query	SHOW WARNINGS
		    14 Query	ALTER TABLE `AA` ADD KEY ( j ) /* QNO 2735 CON_ID 14 */
		    14 Query	CREATE TRIGGER s BEFORE INSERT ON `BB` FOR EACH ROW BEGIN INSERT INTO `DD` SELECT * FROM `A` LIMIT 0 ; END ; /* QNO 2736 CON_ID 14 */
		    18 Query	SELECT * FROM transforms.insert_select_22992 /* TRANSFORM_OUTCOME_UNORDERED_MATCH */ /* QNO 1402 CON_ID 18 */
		    14 Query	ALTER TABLE `A` ADD COLUMN z INTEGER DEFAULT NULL /* QNO 2737 CON_ID 14 */
		    18 Query	DROP TABLE transforms.insert_select_22992 /* QNO 1403 CON_ID 18 */
		    14 Query	CREATE FUNCTION e ( r INTEGER, m INTEGER ) RETURNS INTEGER RETURN 1 /* QNO 2738 CON_ID 14 */
		    14 Query	REVOKE SHUTDOWN, PROCESS ON *.* FROM 'someuser'@'somehost' /* QNO 2739 CON_ID 14 */
		    14 Query	ALTER TABLE `D` DROP KEY l /* QNO 2740 CON_ID 14 */
		    14 Query	GRANT ALL PRIVILEGES ON test.w TO 'someuser'@'somehost' /* QNO 2741 CON_ID 14 */
		    14 Query	CREATE TABLE r LIKE `AA` /* QNO 2742 CON_ID 14 */
		    14 Query	ALTER TABLE `A` DROP KEY f /* QNO 2743 CON_ID 14 */
		    14 Query	GRANT SUPER, REPLICATION SLAVE ON *.* to 'someuser'@'somehost' /* QNO 2744 CON_ID 14 */
		    14 Query	GRANT UPDATE ( `col_datetime_key`, `col_int_nokey`, `col_varchar_key`, `pk`, `col_time_key`, `col_date_key` ) ON `B` TO 'someuser'@'somehost' /* QNO 2745 CON_ID 14 */
		    14 Query	ALTER TABLE `BB` ADD COLUMN u INTEGER DEFAULT NULL /* QNO 2746 CON_ID 14 */
		    15 Query	SELECT * FROM transforms.insert_select_22986 /* TRANSFORM_OUTCOME_UNORDERED_MATCH */ /* QNO 1551 CON_ID 15 */
		    15 Query	DELETE FROM transforms.insert_select_22986 /* QNO 1552 CON_ID 15 */
		    18 Query	LOCK TABLES `transaction_registry` WRITE CONCURRENT, `servers` WRITE CONCURRENT /*!100300 WAIT 5 */ /* QNO 1404 CON_ID 18 */
		    15 Query	INSERT INTO transforms.insert_select_22986  SELECT * FROM mysql.`roles_mapping` AS table1 WHERE NOT ( ( (NOT (NOT ( table1.`Admin_option` IN ( 5, 7, 0 ) AND table1.`User` LIKE 'wait/synch/mutex/%') AND table1.`Role` = table1.`User`) OR table1.`Admin_option` LIKE '%myisam%') AND table1.`Admin_option` IN ( 4, 3, 7 )) AND table1.`Admin_option` != 'vr') ORDER BY table1.`User` LIMIT 168 /* QNO 1546 CON_ID 15 */  /* QNO 1553 CON_ID 15 */
		    14 Query	CREATE OR REPLACE VIEW v AS SELECT * FROM `CC` /* QNO 2747 CON_ID 14 */
		    14 Query	DROP TRIGGER IF EXISTS x /* QNO 2748 CON_ID 14 */
		    14 Query	SHOW WARNINGS
		    18 Query	SET STATEMENT system_versioning_alter_history=KEEP FOR ALTER TABLE t2 ADD SYSTEM VERSIONING /* QNO 1405 CON_ID 18 */
		    14 Query	ALTER TABLE `D` ADD PRIMARY KEY (`pk`) /* QNO 2749 CON_ID 14 */
		    18 Query	UNLOCK TABLES /* QNO 1406 CON_ID 18 */
		    15 Query	SELECT * FROM transforms.insert_select_22986 /* TRANSFORM_OUTCOME_UNORDERED_MATCH */ /* QNO 1554 CON_ID 15 */
		    15 Query	DELETE FROM transforms.insert_select_22986 /* QNO 1555 CON_ID 15 */
		    18 Query	INSERT INTO `gtid_slave_pos` ( `pk` ) VALUES (NULL) /* QNO 1407 CON_ID 18 */
		    15 Query	REPLACE INTO transforms.insert_select_22986  SELECT * FROM mysql.`roles_mapping` AS table1 WHERE NOT ( ( (NOT (NOT ( table1.`Admin_option` IN ( 5, 7, 0 ) AND table1.`User` LIKE 'wait/synch/mutex/%') AND table1.`Role` = table1.`User`) OR table1.`Admin_option` LIKE '%myisam%') AND table1.`Admin_option` IN ( 4, 3, 7 )) AND table1.`Admin_option` != 'vr') ORDER BY table1.`User` LIMIT 168 /* QNO 1546 CON_ID 15 */  /* QNO 1556 CON_ID 15 */
		    14 Query	DROP EVENT e /* QNO 2750 CON_ID 14 */
		    18 Query	ALTER IGNORE TABLE `help_category` /*!100301 WAIT 3 */ DROP COLUMN IF EXISTS `url`, ALGORITHM=COPY, LOCK=EXCLUSIVE  /* QNO 1408 CON_ID 18 */
		    14 Query	ALTER TABLE `AA` ADD PRIMARY KEY (`pk`) /* QNO 2751 CON_ID 14 */
		    15 Query	SELECT * FROM transforms.insert_select_22986 /* TRANSFORM_OUTCOME_UNORDERED_MATCH */ /* QNO 1557 CON_ID 15 */
		    18 Query	SHOW CREATE DATABASE test /* QNO 1409 CON_ID 18 */
		    15 Query	DROP TABLE transforms.insert_select_22986 /* QNO 1558 CON_ID 15 */
		    18 Query	SELECT * FROM performance_schema.`users` AS table1 HAVING table1.`CURRENT_CONNECTIONS` = 1 ORDER BY table1.`CURRENT_CONNECTIONS` LIMIT 101 /* QNO 1410 CON_ID 18 */
		    14 Query	DROP EVENT n /* QNO 2752 CON_ID 14 */
		    18 Query	/* GenTest::Transform::ExecuteAsExecuteImmediate */ EXECUTE IMMEDIATE ' SELECT * FROM performance_schema.`users` AS table1 HAVING table1.`CURRENT_CONNECTIONS` = 1 ORDER BY table1.`CURRENT_CONNECTIONS` LIMIT 101 /* QNO 1410 CON_ID 18 */ ' /* TRANSFORM_OUTCOME_UNORDERED_MATCH */ /* QNO 1411 CON_ID 18 */
		    18 Prepare	SELECT * FROM performance_schema.`users` AS table1 HAVING table1.`CURRENT_CONNECTIONS` = 1 ORDER BY table1.`CURRENT_CONNECTIONS` LIMIT 101 /* QNO 1410 CON_ID 18 */
		    18 Execute	SELECT * FROM performance_schema.`users` AS table1 HAVING table1.`CURRENT_CONNECTIONS` = 1 ORDER BY table1.`CURRENT_CONNECTIONS` LIMIT 101 /* QNO 1410 CON_ID 18 */
		    18 Query	/* GenTest::Transform::ExecuteAsInsertSelect */ CREATE DATABASE IF NOT EXISTS transforms /* QNO 1412 CON_ID 18 */
		    14 Query	GRANT ALL PRIVILEGES ON u.* TO 'someuser'@'somehost' /* QNO 2753 CON_ID 14 */
		    14 Query	ALTER TABLE `A` ADD COLUMN k INTEGER DEFAULT NULL /* QNO 2754 CON_ID 14 */
		    15 Query	CREATE OR REPLACE TEMPORARY TABLE `tmp` LIKE BB  /* QNO 1559 CON_ID 15 */
		    18 Query	SHOW WARNINGS
		    18 Query	DROP TABLE IF EXISTS transforms.insert_select_22992 /* QNO 1413 CON_ID 18 */
		    18 Query	SHOW WARNINGS
		    18 Query	CREATE TABLE transforms.insert_select_22992  SELECT * FROM performance_schema.`users` AS table1 HAVING table1.`CURRENT_CONNECTIONS` = 1 ORDER BY table1.`CURRENT_CONNECTIONS` LIMIT 101 /* QNO 1410 CON_ID 18 */  /* QNO 1414 CON_ID 18 */
		    14 Query	ALTER TABLE `DD` REMOVE PARTITIONING /* QNO 2755 CON_ID 14 */
		    14 Query	ALTER TABLE `A` ADD COLUMN t INTEGER DEFAULT NULL /* QNO 2756 CON_ID 14 */
		    17 Query	/* GenTest::Transform::ExecuteAsExecuteImmediate */ EXECUTE IMMEDIATE ' /* TRANSFORM_OUTCOME_UNORDERED_MATCH */ /* QNO 1088 CON_ID 17 */
		    17 Query	DROP TEMPORARY TABLE IF EXISTS D  /* QNO 1089 CON_ID 17 */
		    15 Query	INSERT INTO `tmp` SELECT * FROM BB  /* QNO 1560 CON_ID 15 */
		    14 Query	CREATE DATABASE IF NOT EXISTS d /* QNO 2757 CON_ID 14 */
		    14 Query	GRANT SUPER ON *.* to 'someuser'@'somehost' /* QNO 2758 CON_ID 14 */
		    15 Query	/* GenTest::Transform::ExecuteAsExecuteImmediate */ EXECUTE IMMEDIATE ' /* TRANSFORM_OUTCOME_UNORDERED_MATCH */ /* QNO 1561 CON_ID 15 */
		    15 Query	DROP TEMPORARY TABLE IF EXISTS BB  /* QNO 1562 CON_ID 15 */
		    15 Query	ALTER TABLE `tmp` RENAME TO BB /* QNO 1563 CON_ID 15 */
		    14 Query	REVOKE ALL PRIVILEGES ON test.s FROM 'someuser'@'somehost' /* QNO 2759 CON_ID 14 */
		    17 Query	ALTER TABLE `tmp` RENAME TO D /* QNO 1090 CON_ID 17 */
		    15 Query	UNLOCK TABLES /* QNO 1564 CON_ID 15 */
		    15 Query	ALTER ONLINE IGNORE TABLE `slow_log` ADD FOREIGN KEY (`rows_affected`) REFERENCES slow_log (`db`) ON DELETE SET DEFAULT ON UPDATE SET NULL  /* QNO 1565 CON_ID 15 */
		    17 Query	TRUNCATE TABLE performance_schema.events_waits_history /* QNO 1091 CON_ID 17 */
		    14 Query	CREATE OR REPLACE VIEW i AS SELECT * FROM `DD` /* QNO 2760 CON_ID 14 */
		    14 Query	ALTER TABLE `D` DROP PRIMARY KEY /* QNO 2761 CON_ID 14 */
		    17 Query	ALTER TABLE t2 DROP INDEX ind2  /* QNO 1092 CON_ID 17 */
		    14 Query	REVOKE REPLICATION CLIENT ON *.* FROM 'someuser'@'somehost' /* QNO 2762 CON_ID 14 */
		    17 Query	SET GLOBAL SQL_MODE= 'TIME_ROUND_FRACTIONAL,SIMULTANEOUS_ASSIGNMENT,DB2,NO_KEY_OPTIONS,IGNORE_BAD_TABLE_OPTIONS,NO_FIELD_OPTIONS,EMPTY_STRING_IS_NULL,ALLOW_INVALID_DATES,ERROR_FOR_DIVISION_BY_ZERO,MSSQL,NO_UNSIGNED_SUBTRACTION,NO_AUTO_CREATE_USER,PIPES_AS_CONCAT,ONLY_FULL_GROUP_BY,NO_TABLE_OPTIONS,NO_BACKSLASH_ESCAPES,MYSQL40,ORACLE,NO_ENGINE_SUBSTITUTION,ANSI,ANSI_QUOTES,REAL_AS_FLOAT,NO_DIR_IN_CREATE,NO_ZERO_IN_DATE,POSTGRESQL,IGNORE_SPACE,MYSQL323,MAXDB,NO_AUTO_VALUE_ON_ZERO,PAD_CHAR_TO_FULL_LENGTH,STRICT_ALL_TABLES,HIGH_NOT_PRECEDENCE,STRICT_TRANS_TABLES' /* QNO 1093 CON_ID 17 */
		    15 Query	ALTER TABLE `proc` /*!100301 NOWAIT */ ADD INDEX j USING BTREE ( `aggregate` ASC ), ALGORITHM=COPY, LOCK=NONE  /* QNO 1566 CON_ID 15 */
		    17 Query	ALTER TABLE `USER_STATISTICS` ADD CONSTRAINT a FOREIGN KEY a (`EMPTY_QUERIES`) REFERENCES USER_STATISTICS (`SELECT_COMMANDS`), ALGORITHM=INPLACE  /* QNO 1094 CON_ID 17 */
		    14 Query	DROP TRIGGER IF EXISTS h /* QNO 2763 CON_ID 14 */
		    14 Query	SHOW WARNINGS
		    14 Query	ALTER TABLE `A` REMOVE PARTITIONING /* QNO 2764 CON_ID 14 */
		    17 Query	UNLOCK TABLES /* QNO 1095 CON_ID 17 */
		    14 Query	GRANT ALL PRIVILEGES ON test.r TO 'someuser'@'somehost' /* QNO 2765 CON_ID 14 */
		    15 Query	SHOW ENGINE PERFORMANCE_SCHEMA STATUS /* QNO 1567 CON_ID 15 */
		    17 Query	CREATE OR REPLACE TEMPORARY TABLE `tmp` LIKE A  /* QNO 1096 CON_ID 17 */
		    14 Query	DROP FUNCTION IF EXISTS g /* QNO 2766 CON_ID 14 */
		    15 Query	ALTER IGNORE TABLE `proxies_priv` /*!100301 WAIT 8 */ ADD IF NOT EXISTS ( e BIT NOT NULL ) /*!100307, ALGORITHM=INSTANT */, LOCK=EXCLUSIVE  /* QNO 1568 CON_ID 15 */
		    14 Query	ALTER TABLE `C` DROP KEY g /* QNO 2767 CON_ID 14 */
		    14 Query	DROP PROCEDURE IF EXISTS f /* QNO 2768 CON_ID 14 */
		    15 Query	INSERT INTO `func` ( `pk` ) VALUES (NULL) /* QNO 1569 CON_ID 15 */
		    14 Query	ALTER TABLE `C` ADD COLUMN p INTEGER DEFAULT NULL /* QNO 2769 CON_ID 14 */
		    15 Query	SELECT * FROM INFORMATION_SCHEMA.`COLUMN_PRIVILEGES` AS table1 WHERE ( table1.`COLUMN_NAME` LIKE '%myisam%' AND table1.`TABLE_SCHEMA` IN ( 9, 1, 4 )) HAVING ( ( ( table1.`TABLE_CATALOG` <> 'r' OR table1.`PRIVILEGE_TYPE` = 'vw') OR table1.`TABLE_CATALOG` >= 0) OR table1.`GRANTEE` >= '2026-02-14 00:40:05.018770') ORDER BY table1.`PRIVILEGE_TYPE` LIMIT 179 /* QNO 1570 CON_ID 15 */
		    15 Query	/* GenTest::Transform::ExecuteAsExecuteImmediate */ EXECUTE IMMEDIATE ' /* TRANSFORM_OUTCOME_UNORDERED_MATCH */ /* QNO 1571 CON_ID 15 */
		    15 Query	/* GenTest::Transform::ExecuteAsInsertSelect */ CREATE DATABASE IF NOT EXISTS transforms /* QNO 1572 CON_ID 15 */
		    15 Query	SHOW WARNINGS
		    15 Query	DROP TABLE IF EXISTS transforms.insert_select_22986 /* QNO 1573 CON_ID 15 */
		    14 Query	GRANT INSERT ( `col_time_key` ) ON `AA` TO 'someuser'@'somehost' /* QNO 2770 CON_ID 14 */
		    15 Query	SHOW WARNINGS
		    15 Query	CREATE TABLE transforms.insert_select_22986  SELECT * FROM INFORMATION_SCHEMA.`COLUMN_PRIVILEGES` AS table1 WHERE ( table1.`COLUMN_NAME` LIKE '%myisam%' AND table1.`TABLE_SCHEMA` IN ( 9, 1, 4 )) HAVING ( ( ( table1.`TABLE_CATALOG` <> 'r' OR table1.`PRIVILEGE_TYPE` = 'vw') OR table1.`TABLE_CATALOG` >= 0) OR table1.`GRANTEE` >= '2026-02-14 00:40:05.018770') ORDER BY table1.`PRIVILEGE_TYPE` LIMIT 179 /* QNO 1570 CON_ID 15 */  /* QNO 1574 CON_ID 15 */
		    14 Query	ALTER TABLE `CC` DROP KEY p /* QNO 2771 CON_ID 14 */
		    14 Query	ALTER TABLE `AA` DROP COLUMN m /* QNO 2772 CON_ID 14 */
		    18 Query	SELECT * FROM transforms.insert_select_22992 /* TRANSFORM_OUTCOME_UNORDERED_MATCH */ /* QNO 1415 CON_ID 18 */
		    14 Query	DROP TABLE w /* QNO 2773 CON_ID 14 */
		    18 Query	DELETE FROM transforms.insert_select_22992 /* QNO 1416 CON_ID 18 */
		    14 Query	DROP PROCEDURE IF EXISTS g /* QNO 2774 CON_ID 14 */
		    18 Query	INSERT INTO transforms.insert_select_22992  SELECT * FROM performance_schema.`users` AS table1 HAVING table1.`CURRENT_CONNECTIONS` = 1 ORDER BY table1.`CURRENT_CONNECTIONS` LIMIT 101 /* QNO 1410 CON_ID 18 */  /* QNO 1417 CON_ID 18 */
		    18 Query	SELECT * FROM transforms.insert_select_22992 /* TRANSFORM_OUTCOME_UNORDERED_MATCH */ /* QNO 1418 CON_ID 18 */
		    17 Query	INSERT INTO `tmp` SELECT * FROM A  /* QNO 1097 CON_ID 17 */
		    14 Query	CREATE EVENT j ON SCHEDULE AT NOW() DO SET @a=@a /* QNO 2775 CON_ID 14 */
		    17 Query	/* GenTest::Transform::ExecuteAsExecuteImmediate */ EXECUTE IMMEDIATE ' /* TRANSFORM_OUTCOME_UNORDERED_MATCH */ /* QNO 1098 CON_ID 17 */
		    18 Query	DELETE FROM transforms.insert_select_22992 /* QNO 1419 CON_ID 18 */
		    14 Query	DROP TABLE w /* QNO 2776 CON_ID 14 */
		    14 Query	ALTER TABLE `E` REMOVE PARTITIONING /* QNO 2777 CON_ID 14 */
		    17 Query	DROP TEMPORARY TABLE IF EXISTS A  /* QNO 1099 CON_ID 17 */
		    14 Query	ALTER TABLE `BB` ADD KEY ( c ) /* QNO 2778 CON_ID 14 */
		    18 Query	REPLACE INTO transforms.insert_select_22992  SELECT * FROM performance_schema.`users` AS table1 HAVING table1.`CURRENT_CONNECTIONS` = 1 ORDER BY table1.`CURRENT_CONNECTIONS` LIMIT 101 /* QNO 1410 CON_ID 18 */  /* QNO 1420 CON_ID 18 */
		    18 Query	SELECT * FROM transforms.insert_select_22992 /* TRANSFORM_OUTCOME_UNORDERED_MATCH */ /* QNO 1421 CON_ID 18 */
		    18 Query	DROP TABLE transforms.insert_select_22992 /* QNO 1422 CON_ID 18 */
		    17 Query	ALTER TABLE `tmp` RENAME TO A /* QNO 1100 CON_ID 17 */
		    17 Query	SHOW COUNT(*) WARNINGS /* QNO 1101 CON_ID 17 */
		    14 Query	REVOKE USAGE, RELOAD, REPLICATION SLAVE ON *.* FROM 'someuser'@'somehost' /* QNO 2779 CON_ID 14 */
		    17 Query	TRUNCATE TABLE performance_schema.events_waits_history /* QNO 1102 CON_ID 17 */
		    14 Query	DROP VIEW IF EXISTS r /* QNO 2780 CON_ID 14 */
		    14 Query	DROP EVENT l /* QNO 2781 CON_ID 14 */
		    17 Query	CREATE OR REPLACE TEMPORARY TABLE `tmp` LIKE DD  /* QNO 1103 CON_ID 17 */
		    14 Query	ALTER TABLE `A` DROP KEY f /* QNO 2782 CON_ID 14 */
		    18 Query	SELECT * FROM performance_schema.`table_io_waits_summary_by_table` AS table1 WHERE ( ( table1.`MAX_TIMER_DELETE` LIKE 'wait%' OR table1.`MIN_TIMER_FETCH` <> table1.`OBJECT_NAME`) OR table1.`AVG_TIMER_FETCH` != table1.`SUM_TIMER_DELETE`) ORDER BY table1.`COUNT_DELETE`, table1.`OBJECT_SCHEMA` LIMIT 225 /* QNO 1423 CON_ID 18 */
		    17 Query	INSERT INTO `tmp` SELECT * FROM DD  /* QNO 1104 CON_ID 17 */
		    14 Query	ALTER TABLE `BB` ADD COLUMN l INTEGER DEFAULT NULL /* QNO 2783 CON_ID 14 */
		    17 Query	DROP TEMPORARY TABLE IF EXISTS DD  /* QNO 1105 CON_ID 17 */
		    17 Query	SHOW WARNINGS
		    17 Query	ALTER TABLE `tmp` RENAME TO DD /* QNO 1106 CON_ID 17 */
		    17 Query	ALTER TABLE t5 /*!100301 WAIT 2 */ DROP INDEX ind3  /* QNO 1107 CON_ID 17 */
		    17 Query	UNLOCK TABLES /* QNO 1108 CON_ID 17 */
		    17 Query	UNLOCK TABLES /* QNO 1109 CON_ID 17 */
		    17 Query	SHOW ENGINE PERFORMANCE_SCHEMA STATUS /* QNO 1110 CON_ID 17 */
		    17 Query	SET SQL_MODE= DEFAULT /* QNO 1111 CON_ID 17 */
		    17 Query	ALTER TABLE t5 /*!100301 WAIT 0 */ ADD CONSTRAINT CHECK (vcol4 > `CONNECTED_TIME`)  /* QNO 1112 CON_ID 17 */
		    14 Query	CREATE TABLE g LIKE `B` /* QNO 2784 CON_ID 14 */
		    17 Query	UNLOCK TABLES /* QNO 1113 CON_ID 17 */
		    14 Query	ALTER TABLE `A` ADD PRIMARY KEY (`pk`) /* QNO 2785 CON_ID 14 */
		    17 Query	DROP SEQUENCE seq1, seq10 /* QNO 1114 CON_ID 17 */
		    14 Query	DROP VIEW IF EXISTS f /* QNO 2786 CON_ID 14 */
		    14 Query	REVOKE ALL PRIVILEGES ON s.* FROM 'someuser'@'somehost' /* QNO 2787 CON_ID 14 */
		    14 Query	GRANT UPDATE ( `col_date_nokey` ) ON `C` TO 'someuser'@'somehost' /* QNO 2788 CON_ID 14 */
		    14 Query	DROP TRIGGER IF EXISTS r /* QNO 2789 CON_ID 14 */
		    14 Query	SHOW WARNINGS
		    14 Query	REVOKE CREATE USER, USAGE, SHUTDOWN, SHOW DATABASES ON *.* FROM 'someuser'@'somehost' /* QNO 2790 CON_ID 14 */
		    14 Query	DROP DATABASE IF EXISTS y /* QNO 2791 CON_ID 14 */
		    14 Query	SHOW WARNINGS
		    14 Query	REVOKE ALL PRIVILEGES ON p.* FROM 'someuser'@'somehost' /* QNO 2792 CON_ID 14 */
		    14 Query	CREATE TRIGGER g BEFORE INSERT ON `DD` FOR EACH ROW BEGIN INSERT INTO `E` SELECT * FROM `CC` LIMIT 0 ; END ; /* QNO 2793 CON_ID 14 */
		    15 Query	SELECT * FROM transforms.insert_select_22986 /* TRANSFORM_OUTCOME_UNORDERED_MATCH */ /* QNO 1575 CON_ID 15 */
		    14 Query	REVOKE ALL PRIVILEGES ON m.* FROM 'someuser'@'somehost' /* QNO 2794 CON_ID 14 */
		    14 Query	CREATE TABLE m LIKE `E` /* QNO 2795 CON_ID 14 */
		    15 Query	DELETE FROM transforms.insert_select_22986 /* QNO 1576 CON_ID 15 */
		    15 Query	INSERT INTO transforms.insert_select_22986  SELECT * FROM INFORMATION_SCHEMA.`COLUMN_PRIVILEGES` AS table1 WHERE ( table1.`COLUMN_NAME` LIKE '%myisam%' AND table1.`TABLE_SCHEMA` IN ( 9, 1, 4 )) HAVING ( ( ( table1.`TABLE_CATALOG` <> 'r' OR table1.`PRIVILEGE_TYPE` = 'vw') OR table1.`TABLE_CATALOG` >= 0) OR table1.`GRANTEE` >= '2026-02-14 00:40:05.018770') ORDER BY table1.`PRIVILEGE_TYPE` LIMIT 179 /* QNO 1570 CON_ID 15 */  /* QNO 1577 CON_ID 15 */
		    14 Query	CREATE TABLE z LIKE `E` /* QNO 2796 CON_ID 14 */
		    15 Query	SELECT * FROM transforms.insert_select_22986 /* TRANSFORM_OUTCOME_UNORDERED_MATCH */ /* QNO 1578 CON_ID 15 */
		    17 Query	SET GLOBAL SQL_MODE= 'POSTGRESQL,PAD_CHAR_TO_FULL_LENGTH,NO_AUTO_VALUE_ON_ZERO,NO_DIR_IN_CREATE,ONLY_FULL_GROUP_BY,NO_ENGINE_SUBSTITUTION,PIPES_AS_CONCAT,NO_FIELD_OPTIONS,TIME_ROUND_FRACTIONAL,STRICT_ALL_TABLES,MAXDB,ANSI,MYSQL40,NO_KEY_OPTIONS,STRICT_TRANS_TABLES,IGNORE_SPACE,ANSI_QUOTES,NO_ZERO_IN_DATE,SIMULTANEOUS_ASSIGNMENT,NO_UNSIGNED_SUBTRACTION,NO_BACKSLASH_ESCAPES,ALLOW_INVALID_DATES,ERROR_FOR_DIVISION_BY_ZERO,REAL_AS_FLOAT,NO_AUTO_CREATE_USER,NO_TABLE_OPTIONS,EMPTY_STRING_IS_NULL,HIGH_NOT_PRECEDENCE,IGNORE_BAD_TABLE_OPTIONS' /* QNO 1115 CON_ID 17 */
		    15 Query	DELETE FROM transforms.insert_select_22986 /* QNO 1579 CON_ID 15 */
		    17 Query	INSERT INTO `TABLES` ( `pk` ) VALUES (NULL) /* QNO 1116 CON_ID 17 */
		    15 Query	REPLACE INTO transforms.insert_select_22986  SELECT * FROM INFORMATION_SCHEMA.`COLUMN_PRIVILEGES` AS table1 WHERE ( table1.`COLUMN_NAME` LIKE '%myisam%' AND table1.`TABLE_SCHEMA` IN ( 9, 1, 4 )) HAVING ( ( ( table1.`TABLE_CATALOG` <> 'r' OR table1.`PRIVILEGE_TYPE` = 'vw') OR table1.`TABLE_CATALOG` >= 0) OR table1.`GRANTEE` >= '2026-02-14 00:40:05.018770') ORDER BY table1.`PRIVILEGE_TYPE` LIMIT 179 /* QNO 1570 CON_ID 15 */  /* QNO 1580 CON_ID 15 */
		    18 Query	SHOW WARNINGS
		    17 Query	INSERT INTO t16 ( icol9 ) SELECT vcol5 FROM `EVENTS` /* QNO 1117 CON_ID 17 */
		    15 Query	SELECT * FROM transforms.insert_select_22986 /* TRANSFORM_OUTCOME_UNORDERED_MATCH */ /* QNO 1581 CON_ID 15 */
		    18 Query	TRUNCATE TABLE performance_schema.events_waits_summary_by_instance /* QNO 1424 CON_ID 18 */
		    17 Query	SELECT * from `INNODB_FT_BEING_DELETED` WHERE row_end <= @trx_user_var /* QNO 1118 CON_ID 17 */
		    17 Query	SELECT * from `VIEWS` WHERE row_start IN (SELECT row_start FROM t1) /* QNO 1119 CON_ID 17 */
		    18 Query	SHOW FULL FIELDS IN t6 /* QNO 1425 CON_ID 18 */
		    17 Query	SET SESSION SQL_MODE= '' /* QNO 1120 CON_ID 17 */
		    15 Query	DROP TABLE transforms.insert_select_22986 /* QNO 1582 CON_ID 15 */
		    17 Query	ALTER TABLE `INNODB_CMP_RESET` /*!100301 */ ADD IF NOT EXISTS `compress_time` SET('foo','bar') NOT NULL, ALGORITHM=DEFAULT, LOCK=NONE  /* QNO 1121 CON_ID 17 */
		    17 Query	CREATE OR REPLACE TEMPORARY TABLE `tmp` LIKE DD  /* QNO 1122 CON_ID 17 */
		    18 Query	ALTER TABLE `table_io_waits_summary_by_index_usage` /*!100301 WAIT 7 */ ADD UNIQUE d USING BTREE ( `SUM_TIMER_READ` ) KEY_BLOCK_SIZE = 45051, ALGORITHM=COPY, LOCK=EXCLUSIVE  /* QNO 1426 CON_ID 18 */
		    17 Query	INSERT INTO `tmp` SELECT * FROM DD  /* QNO 1123 CON_ID 17 */
		    18 Query	UPDATE performance_schema.setup_timers SET timer_name = 'MICROSECOND' /* QNO 1427 CON_ID 18 */
		    17 Query	DROP TEMPORARY TABLE IF EXISTS DD  /* QNO 1124 CON_ID 17 */
		    18 Query	UNLOCK TABLES /* QNO 1428 CON_ID 18 */
		    17 Query	SHOW WARNINGS
		    17 Query	ALTER TABLE `tmp` RENAME TO DD /* QNO 1125 CON_ID 17 */
		    18 Query	ALTER TABLE `events_stages_summary_by_host_by_event_name` ADD CONSTRAINT FOREIGN KEY ( `EVENT_NAME`, `AVG_TIMER_WAIT` ) REFERENCES `events_waits_summary_by_user_by_event_name` (EVENT_NAME,AVG_TIMER_WAIT) ON UPDATE SET NULL, ALGORITHM=DEFAULT  /* QNO 1429 CON_ID 18 */
		    18 Query	SHOW EXPLAIN FOR 236 /* QNO 1430 CON_ID 18 */
		    17 Query	SELECT * FROM `CLIENT_STATISTICS` INTO OUTFILE 'load_CLIENT_STATISTICS'  /* QNO 1126 CON_ID 17 */
		    17 Query	LOAD DATA INFILE 'load_CLIENT_STATISTICS' REPLACE INTO TABLE CLIENT_STATISTICS /* QNO 1127 CON_ID 17 */
		    17 Query	INSERT INTO `INNODB_TRX` SELECT * FROM `KEY_COLUMN_USAGE` /* QNO 1128 CON_ID 17 */
		    17 Query	SELECT * FROM mysql.`roles_mapping` AS table1 WHERE ( ( table1.`Admin_option` = table1.`Host` AND table1.`Role` LIKE 'wait%') AND table1.`User` = 1) LIMIT 9 /* QNO 1129 CON_ID 17 */
		    18 Query	ALTER IGNORE TABLE `users` /*!100301 WAIT 0 */ ALTER /*!100305 IF EXISTS */ y SET DEFAULT NULL  /* QNO 1431 CON_ID 18 */
		    18 Query	SELECT * FROM INFORMATION_SCHEMA.`SESSION_VARIABLES` AS table1 LIMIT 49 /* QNO 1432 CON_ID 18 */
		    17 Query	/* GenTest::Transform::ExecuteAsExecuteImmediate */ EXECUTE IMMEDIATE ' SELECT * FROM mysql.`roles_mapping` AS table1 WHERE ( ( table1.`Admin_option` = table1.`Host` AND table1.`Role` LIKE \'wait%\') AND table1.`User` = 1) LIMIT 9 /* QNO 1129 CON_ID 17 */ ' /* TRANSFORM_OUTCOME_UNORDERED_MATCH */ /* QNO 1130 CON_ID 17 */
		    17 Prepare	SELECT * FROM mysql.`roles_mapping` AS table1 WHERE ( ( table1.`Admin_option` = table1.`Host` AND table1.`Role` LIKE 'wait%') AND table1.`User` = 1) LIMIT 9 /* QNO 1129 CON_ID 17 */
		    17 Execute	SELECT * FROM mysql.`roles_mapping` AS table1 WHERE ( ( table1.`Admin_option` = table1.`Host` AND table1.`Role` LIKE 'wait%') AND table1.`User` = 1) LIMIT 9 /* QNO 1129 CON_ID 17 */
		    17 Query	/* GenTest::Transform::ExecuteAsInsertSelect */ CREATE DATABASE IF NOT EXISTS transforms /* QNO 1131 CON_ID 17 */
		    18 Query	/* GenTest::Transform::ExecuteAsExecuteImmediate */ EXECUTE IMMEDIATE ' SELECT * FROM INFORMATION_SCHEMA.`SESSION_VARIABLES` AS table1 LIMIT 49 /* QNO 1432 CON_ID 18 */ ' /* TRANSFORM_OUTCOME_UNORDERED_MATCH */ /* QNO 1433 CON_ID 18 */
		    18 Prepare	SELECT * FROM INFORMATION_SCHEMA.`SESSION_VARIABLES` AS table1 LIMIT 49 /* QNO 1432 CON_ID 18 */
		    18 Execute	SELECT * FROM INFORMATION_SCHEMA.`SESSION_VARIABLES` AS table1 LIMIT 49 /* QNO 1432 CON_ID 18 */
		    18 Query	/* GenTest::Transform::ExecuteAsInsertSelect */ CREATE DATABASE IF NOT EXISTS transforms /* QNO 1434 CON_ID 18 */
		    18 Query	SHOW WARNINGS
		    17 Query	SHOW WARNINGS
		    18 Query	DROP TABLE IF EXISTS transforms.insert_select_22992 /* QNO 1435 CON_ID 18 */
		    17 Query	DROP TABLE IF EXISTS transforms.insert_select_22990 /* QNO 1132 CON_ID 17 */
		    15 Query	INSERT INTO seq5 VALUES (1060, 57893, 3152936960, 179018085187977216, 1, 129, 1, 0) /* QNO 1583 CON_ID 15 */
		    14 Query	ALTER TABLE `E` DROP KEY z /* QNO 2797 CON_ID 14 */
		    15 Query	INSERT INTO `INNODB_SYS_TABLESTATS` SELECT * FROM `EVENTS` /* QNO 1584 CON_ID 15 */
		    14 Query	ALTER TABLE `A` DROP KEY s /* QNO 2798 CON_ID 14 */
		    14 Query	REVOKE CREATE USER, CREATE USER, RELOAD ON *.* FROM 'someuser'@'somehost' /* QNO 2799 CON_ID 14 */
		    15 Query	INSERT INTO t12 (ncol10) VALUES (5) /* QNO 1585 CON_ID 15 */
		    17 Query	SHOW WARNINGS
