		    19 Execute	SELECT * FROM (mysql.`time_zone` AS table1 STRAIGHT_JOIN INFORMATION_SCHEMA.`COLLATION_CHARACTER_SET_APPLICABILITY` AS table2 ON ( table2.`COLLATION_NAME` = table1.`Use_leap_seconds` ) ) WHERE NOT ( (NOT (NOT ( ( ( ( table2.`COLLATION_NAME` > table2.`COLLATION_NAME` AND table1.`Time_zone_id` = '1988-09-06 13:55:45.056472') AND table1.`Time_zone_id` LIKE 'wait/synch/rwlock%') OR table1.`Time_zone_id` LIKE '%sql%') OR table2.`COLLATION_NAME` LIKE 'wait%') OR table1.`Use_leap_seconds` >= table1.`Time_zone_id`) AND table1.`Use_leap_seconds` IN ( 5, 4, 5 )) AND table2.`CHARACTER_SET_NAME` LIKE 'wait/io%') HAVING table2.`COLLATION_NAME` <> 9 LIMIT 32 /* QNO 758 CON_ID 19 */
		    19 Query	/* GenTest::Transform::ExecuteAsInsertSelect */ CREATE DATABASE IF NOT EXISTS transforms /* QNO 760 CON_ID 19 */
		    16 Query	SET SQL_MODE= 'STRICT_ALL_TABLES,PAD_CHAR_TO_FULL_LENGTH,NO_ENGINE_SUBSTITUTION,NO_AUTO_VALUE_ON_ZERO,REAL_AS_FLOAT,TIME_ROUND_FRACTIONAL' /* QNO 898 CON_ID 16 */
		    15 Query	SELECT * FROM transforms.insert_select_22986 /* TRANSFORM_OUTCOME_UNORDERED_MATCH */ /* QNO 1019 CON_ID 15 */
		    15 Query	DELETE FROM transforms.insert_select_22986 /* QNO 1020 CON_ID 15 */
		    15 Query	INSERT INTO transforms.insert_select_22986  SELECT * FROM performance_schema.`cond_instances` AS table1 WHERE ( table1.`OBJECT_INSTANCE_BEGIN` LIKE '%myisam%' AND table1.`OBJECT_INSTANCE_BEGIN` > table1.`OBJECT_INSTANCE_BEGIN`) ORDER BY table1.`OBJECT_INSTANCE_BEGIN`, table1.`OBJECT_INSTANCE_BEGIN` LIMIT 44 /* QNO 1014 CON_ID 15 */  /* QNO 1021 CON_ID 15 */
		    15 Query	SELECT * FROM transforms.insert_select_22986 /* TRANSFORM_OUTCOME_UNORDERED_MATCH */ /* QNO 1022 CON_ID 15 */
		    15 Query	DELETE FROM transforms.insert_select_22986 /* QNO 1023 CON_ID 15 */
		    15 Query	REPLACE INTO transforms.insert_select_22986  SELECT * FROM performance_schema.`cond_instances` AS table1 WHERE ( table1.`OBJECT_INSTANCE_BEGIN` LIKE '%myisam%' AND table1.`OBJECT_INSTANCE_BEGIN` > table1.`OBJECT_INSTANCE_BEGIN`) ORDER BY table1.`OBJECT_INSTANCE_BEGIN`, table1.`OBJECT_INSTANCE_BEGIN` LIMIT 44 /* QNO 1014 CON_ID 15 */  /* QNO 1024 CON_ID 15 */
		    15 Query	SELECT * FROM transforms.insert_select_22986 /* TRANSFORM_OUTCOME_UNORDERED_MATCH */ /* QNO 1025 CON_ID 15 */
		    15 Query	DROP TABLE transforms.insert_select_22986 /* QNO 1026 CON_ID 15 */
		    19 Query	SHOW WARNINGS
		    19 Query	DROP TABLE IF EXISTS transforms.insert_select_22994 /* QNO 761 CON_ID 19 */
		    16 Query	ALTER TABLE `user` /*!100301 WAIT 9 */ ADD FOREIGN KEY x (`Update_priv`) REFERENCES user (`plugin`) ON DELETE CASCADE  /* QNO 899 CON_ID 16 */
		    17 Query	SELECT * FROM transforms.insert_select_22990 /* TRANSFORM_OUTCOME_UNORDERED_MATCH */ /* QNO 826 CON_ID 17 */
		    19 Query	SHOW WARNINGS
		    16 Query	CREATE TABLE t4 LIKE `time_zone_leap_second` /* QNO 900 CON_ID 16 */
		    19 Query	CREATE TABLE transforms.insert_select_22994  SELECT * FROM (mysql.`time_zone` AS table1 STRAIGHT_JOIN INFORMATION_SCHEMA.`COLLATION_CHARACTER_SET_APPLICABILITY` AS table2 ON ( table2.`COLLATION_NAME` = table1.`Use_leap_seconds` ) ) WHERE NOT ( (NOT (NOT ( ( ( ( table2.`COLLATION_NAME` > table2.`COLLATION_NAME` AND table1.`Time_zone_id` = '1988-09-06 13:55:45.056472') AND table1.`Time_zone_id` LIKE 'wait/synch/rwlock%') OR table1.`Time_zone_id` LIKE '%sql%') OR table2.`COLLATION_NAME` LIKE 'wait%') OR table1.`Use_leap_seconds` >= table1.`Time_zone_id`) AND table1.`Use_leap_seconds` IN ( 5, 4, 5 )) AND table2.`CHARACTER_SET_NAME` LIKE 'wait/io%') HAVING table2.`COLLATION_NAME` <> 9 LIMIT 32 /* QNO 758 CON_ID 19 */  /* QNO 762 CON_ID 19 */
		    16 Query	TRUNCATE TABLE performance_schema.file_summary_by_event_name /* QNO 901 CON_ID 16 */
		    17 Query	DROP TABLE transforms.insert_select_22990 /* QNO 827 CON_ID 17 */
		    16 Query	SELECT * from t3 FOR system_time BETWEEN DATE_SUB(NOW(), INTERVAL 3 DAY) AND TIMESTAMP '20160703110031.001190' /* QNO 902 CON_ID 16 */
		    16 Query	UPDATE `roles_mapping` SET `User` = 7 WHERE `Role` >= '2002-07-12 23:20:00.040610' /* QNO 903 CON_ID 16 */
		    16 Query	ALTER TABLE `procs_priv` /*!100301 NOWAIT */ ADD IF NOT EXISTS ( a MULTIPOLYGON ), ALGORITHM=COPY  /* QNO 904 CON_ID 16 */
		    16 Query	DROP TEMPORARY TABLE IF EXISTS `roles_mapping` /* QNO 905 CON_ID 16 */
		    16 Query	SHOW WARNINGS
		    16 Query	ALTER TABLE t4 ALTER COLUMN /*!100305 IF EXISTS */ `non_existing_column` SET DEFAULT NULL, ADD UNIQUE(ecol9), ALGORITHM=INPLACE, LOCK=NONE, CHANGE COLUMN tcol10 tcol10 TIME  /* QNO 906 CON_ID 16 */
		    15 Query	SELECT * FROM `events_stages_summary_by_account_by_event_name` INTO OUTFILE 'load_events_stages_summary_by_account_by_event_name'  /* QNO 1027 CON_ID 15 */
		    15 Query	LOAD DATA INFILE 'load_events_stages_summary_by_account_by_event_name' REPLACE INTO TABLE events_stages_summary_by_account_by_event_name /* QNO 1028 CON_ID 15 */
		    14 Query	DROP VIEW IF EXISTS y /* QNO 1579 CON_ID 14 */
		    14 Query	SHOW WARNINGS
		    14 Query	DROP DATABASE IF EXISTS s /* QNO 1580 CON_ID 14 */
		    15 Query	ALTER TABLE `events_stages_summary_by_account_by_event_name` DROP PARTITION ver_p2 /* QNO 1029 CON_ID 15 */
		    18 Query	/* GenTest::Transform::ExecuteAsExecuteImmediate */ EXECUTE IMMEDIATE ' SELECT * FROM (mysql.`user` AS table1 RIGHT JOIN INFORMATION_SCHEMA.`SESSION_STATUS` AS table2 ON ( table2.`VARIABLE_VALUE` = table1.`Delete_history_priv` ) ) HAVING table1.`Insert_priv` > \'2031-05-23 16:01:19.014703\' LIMIT 17 /* QNO 1046 CON_ID 18 */ ' /* TRANSFORM_OUTCOME_UNORDERED_MATCH */ /* QNO 1047 CON_ID 18 */
		    15 Query	LOCK TABLE `events_statements_summary_by_thread_by_event_name` q READ  /* QNO 1030 CON_ID 15 */
		    16 Query	SET SESSION SQL_MODE= DEFAULT /* QNO 907 CON_ID 16 */
		    15 Query	ALTER IGNORE TABLE `setup_timers` DROP FOREIGN KEY n /*!100307, ALGORITHM=INSTANT */  /* QNO 1031 CON_ID 15 */
		    16 Query	SELECT * FROM `roles_mapping` INTO OUTFILE 'load_roles_mapping'  /* QNO 908 CON_ID 16 */
		    17 Query	ALTER TABLE `SYSTEM_VARIABLES` /*!100301 NOWAIT */ RENAME TO t10, AVG_ROW_LENGTH = 225  /* QNO 828 CON_ID 17 */
		    15 Query	INSERT INTO `setup_objects` ( `pk` ) VALUES (NULL) /* QNO 1032 CON_ID 15 */
		    18 Prepare	SELECT * FROM (mysql.`user` AS table1 RIGHT JOIN INFORMATION_SCHEMA.`SESSION_STATUS` AS table2 ON ( table2.`VARIABLE_VALUE` = table1.`Delete_history_priv` ) ) HAVING table1.`Insert_priv` > '2031-05-23 16:01:19.014703' LIMIT 17 /* QNO 1046 CON_ID 18 */
		    17 Query	TRUNCATE TABLE performance_schema.events_waits_summary_by_instance /* QNO 829 CON_ID 17 */
		    15 Query	TRUNCATE TABLE performance_schema.events_waits_history_long /* QNO 1033 CON_ID 15 */
		    17 Query	SELECT * from `INNODB_LOCK_WAITS` WHERE row_start IN (SELECT row_end FROM t9) /* QNO 830 CON_ID 17 */
		    16 Query	LOAD DATA INFILE 'load_roles_mapping' IGNORE INTO TABLE roles_mapping /* QNO 909 CON_ID 16 */
		    15 Query	SELECT * FROM INFORMATION_SCHEMA.`SESSION_STATUS` AS table1 WHERE table1.`VARIABLE_NAME` < '1997-09-02 04:13:32.013848' LIMIT 195 /* QNO 1034 CON_ID 15 */
		    16 Query	TRUNCATE TABLE performance_schema.file_summary_by_instance /* QNO 910 CON_ID 16 */
		    17 Query	SHOW FULL FIELDS IN t1 /* QNO 831 CON_ID 17 */
		    16 Query	UNLOCK TABLES /* QNO 911 CON_ID 16 */
		    16 Query	UNLOCK TABLES /* QNO 912 CON_ID 16 */
		    17 Query	UPDATE performance_schema.setup_instruments SET ENABLED = 'NO' WHERE NAME LIKE 'wait/io%' /* QNO 832 CON_ID 17 */
		    16 Query	LOCK TABLES `func` READ  /* QNO 913 CON_ID 16 */
		    17 Query	SELECT * FROM test.`D` AS table1 HAVING table1.`col_int_key` <> '1996-03-26 16:11:10.060617' IS NULL ORDER BY table1.`col_time_nokey` LIMIT 217 /* QNO 833 CON_ID 17 */
		    16 Query	ALTER TABLE `db` /*!100301 */ CHANGE IF EXISTS `Delete_priv` `Create_priv` TEXT NOT NULL, LOCK=SHARED, MODIFY IF EXISTS `Db` VARCHAR(16353) NOT NULL DEFAULT 'a', DROP IF EXISTS e  /* QNO 914 CON_ID 16 */
		    17 Query	SET SESSION SQL_MODE= '' /* QNO 834 CON_ID 17 */
		    16 Query	LOCK TABLE t1 READ /* QNO 915 CON_ID 16 */
		    16 Query	SHOW ENGINE PERFORMANCE_SCHEMA STATUS /* QNO 916 CON_ID 16 */
		    17 Query	ALTER TABLE `D` ADD COLUMN IF NOT EXISTS `col_int_nokey` SMALLINT ZEROFILL NULL DEFAULT 9 FIRST, ALGORITHM=INPLACE, ADD SPATIAL INDEX(geocol2), LOCK=SHARED /* QNO 835 CON_ID 17 */
		    17 Query	SELECT * from `E` WHERE row_end IN (SELECT row_end FROM `D`) /* QNO 836 CON_ID 17 */
		    16 Query	UPDATE performance_schema.setup_timers SET timer_name = 'NANOSECOND' /* QNO 917 CON_ID 16 */
		    17 Query	CREATE SEQUENCE IF NOT EXISTS seq6 INCREMENT = 1  /* QNO 837 CON_ID 17 */
		    16 Query	TRUNCATE TABLE performance_schema.events_waits_summary_by_thread_by_event_name /* QNO 918 CON_ID 16 */
		    16 Query	CREATE SEQUENCE seq8 MINVALUE = 100 NOCYCLE  /* QNO 919 CON_ID 16 */
		    14 Query	ALTER TABLE `AA` ADD PRIMARY KEY (`pk`) /* QNO 1581 CON_ID 14 */
		    14 Query	GRANT ALL PRIVILEGES ON test.q TO 'someuser'@'somehost' /* QNO 1582 CON_ID 14 */
		    15 Query	/* GenTest::Transform::ExecuteAsExecuteImmediate */ EXECUTE IMMEDIATE ' SELECT * FROM INFORMATION_SCHEMA.`SESSION_STATUS` AS table1 WHERE table1.`VARIABLE_NAME` < \'1997-09-02 04:13:32.013848\' LIMIT 195 /* QNO 1034 CON_ID 15 */ ' /* TRANSFORM_OUTCOME_UNORDERED_MATCH */ /* QNO 1035 CON_ID 15 */
		    15 Prepare	SELECT * FROM INFORMATION_SCHEMA.`SESSION_STATUS` AS table1 WHERE table1.`VARIABLE_NAME` < '1997-09-02 04:13:32.013848' LIMIT 195 /* QNO 1034 CON_ID 15 */
		    15 Execute	SELECT * FROM INFORMATION_SCHEMA.`SESSION_STATUS` AS table1 WHERE table1.`VARIABLE_NAME` < '1997-09-02 04:13:32.013848' LIMIT 195 /* QNO 1034 CON_ID 15 */
		    15 Query	/* GenTest::Transform::ExecuteAsInsertSelect */ CREATE DATABASE IF NOT EXISTS transforms /* QNO 1036 CON_ID 15 */
		    14 Query	GRANT USAGE, REPLICATION SLAVE ON *.* to 'someuser'@'somehost' /* QNO 1583 CON_ID 14 */
		    18 Execute	SELECT * FROM (mysql.`user` AS table1 RIGHT JOIN INFORMATION_SCHEMA.`SESSION_STATUS` AS table2 ON ( table2.`VARIABLE_VALUE` = table1.`Delete_history_priv` ) ) HAVING table1.`Insert_priv` > '2031-05-23 16:01:19.014703' LIMIT 17 /* QNO 1046 CON_ID 18 */
		    18 Query	/* GenTest::Transform::ExecuteAsInsertSelect */ CREATE DATABASE IF NOT EXISTS transforms /* QNO 1048 CON_ID 18 */
		    14 Query	REVOKE ALL PRIVILEGES ON t.* FROM 'someuser'@'somehost' /* QNO 1584 CON_ID 14 */
		    14 Query	GRANT INSERT ( `col_varchar_key` ) ON `D` TO 'someuser'@'somehost' /* QNO 1585 CON_ID 14 */
		    17 Query	ALTER TABLE t1 /*!100301 NOWAIT */ ALTER COLUMN scol10 DROP DEFAULT  /* QNO 838 CON_ID 17 */
		    14 Query	DROP EVENT r /* QNO 1586 CON_ID 14 */
		    17 Query	FLUSH TABLES /* QNO 839 CON_ID 17 */
		    14 Query	GRANT INSERT ( `col_date_nokey` ) ON `D` TO 'someuser'@'somehost' /* QNO 1587 CON_ID 14 */
		    15 Query	SHOW WARNINGS
		    15 Query	DROP TABLE IF EXISTS transforms.insert_select_22986 /* QNO 1037 CON_ID 15 */
		    19 Query	SELECT * FROM transforms.insert_select_22994 /* TRANSFORM_OUTCOME_UNORDERED_MATCH */ /* QNO 763 CON_ID 19 */
		    19 Query	DELETE FROM transforms.insert_select_22994 /* QNO 764 CON_ID 19 */
		    19 Query	INSERT INTO transforms.insert_select_22994  SELECT * FROM (mysql.`time_zone` AS table1 STRAIGHT_JOIN INFORMATION_SCHEMA.`COLLATION_CHARACTER_SET_APPLICABILITY` AS table2 ON ( table2.`COLLATION_NAME` = table1.`Use_leap_seconds` ) ) WHERE NOT ( (NOT (NOT ( ( ( ( table2.`COLLATION_NAME` > table2.`COLLATION_NAME` AND table1.`Time_zone_id` = '1988-09-06 13:55:45.056472') AND table1.`Time_zone_id` LIKE 'wait/synch/rwlock%') OR table1.`Time_zone_id` LIKE '%sql%') OR table2.`COLLATION_NAME` LIKE 'wait%') OR table1.`Use_leap_seconds` >= table1.`Time_zone_id`) AND table1.`Use_leap_seconds` IN ( 5, 4, 5 )) AND table2.`CHARACTER_SET_NAME` LIKE 'wait/io%') HAVING table2.`COLLATION_NAME` <> 9 LIMIT 32 /* QNO 758 CON_ID 19 */  /* QNO 765 CON_ID 19 */
		    15 Query	SHOW WARNINGS
		    15 Query	CREATE TABLE transforms.insert_select_22986  SELECT * FROM INFORMATION_SCHEMA.`SESSION_STATUS` AS table1 WHERE table1.`VARIABLE_NAME` < '1997-09-02 04:13:32.013848' LIMIT 195 /* QNO 1034 CON_ID 15 */  /* QNO 1038 CON_ID 15 */
		    18 Query	SHOW WARNINGS
		    18 Query	DROP TABLE IF EXISTS transforms.insert_select_22992 /* QNO 1049 CON_ID 18 */
		    18 Query	SHOW WARNINGS
		    18 Query	CREATE TABLE transforms.insert_select_22992  SELECT * FROM (mysql.`user` AS table1 RIGHT JOIN INFORMATION_SCHEMA.`SESSION_STATUS` AS table2 ON ( table2.`VARIABLE_VALUE` = table1.`Delete_history_priv` ) ) HAVING table1.`Insert_priv` > '2031-05-23 16:01:19.014703' LIMIT 17 /* QNO 1046 CON_ID 18 */  /* QNO 1050 CON_ID 18 */
		    19 Query	SELECT * FROM transforms.insert_select_22994 /* TRANSFORM_OUTCOME_UNORDERED_MATCH */ /* QNO 766 CON_ID 19 */
		    19 Query	DELETE FROM transforms.insert_select_22994 /* QNO 767 CON_ID 19 */
		    19 Query	REPLACE INTO transforms.insert_select_22994  SELECT * FROM (mysql.`time_zone` AS table1 STRAIGHT_JOIN INFORMATION_SCHEMA.`COLLATION_CHARACTER_SET_APPLICABILITY` AS table2 ON ( table2.`COLLATION_NAME` = table1.`Use_leap_seconds` ) ) WHERE NOT ( (NOT (NOT ( ( ( ( table2.`COLLATION_NAME` > table2.`COLLATION_NAME` AND table1.`Time_zone_id` = '1988-09-06 13:55:45.056472') AND table1.`Time_zone_id` LIKE 'wait/synch/rwlock%') OR table1.`Time_zone_id` LIKE '%sql%') OR table2.`COLLATION_NAME` LIKE 'wait%') OR table1.`Use_leap_seconds` >= table1.`Time_zone_id`) AND table1.`Use_leap_seconds` IN ( 5, 4, 5 )) AND table2.`CHARACTER_SET_NAME` LIKE 'wait/io%') HAVING table2.`COLLATION_NAME` <> 9 LIMIT 32 /* QNO 758 CON_ID 19 */  /* QNO 768 CON_ID 19 */
		    19 Query	SELECT * FROM transforms.insert_select_22994 /* TRANSFORM_OUTCOME_UNORDERED_MATCH */ /* QNO 769 CON_ID 19 */
		    19 Query	DROP TABLE transforms.insert_select_22994 /* QNO 770 CON_ID 19 */
		    14 Query	CREATE DATABASE IF NOT EXISTS t /* QNO 1588 CON_ID 14 */
		    14 Query	SHOW WARNINGS
		    14 Query	ALTER TABLE `A` PARTITION BY KEY() PARTITIONS 7 /* QNO 1589 CON_ID 14 */
		    16 Query	INSERT INTO t18 ( ecol4 ) SELECT tscol8 FROM t2 /* QNO 920 CON_ID 16 */
		    14 Query	REVOKE ALL PRIVILEGES ON k.* FROM 'someuser'@'somehost' /* QNO 1590 CON_ID 14 */
		    16 Query	ALTER TABLE t1 ADD COLUMN IF NOT EXISTS ( icol3 TINYINT DEFAULT 0 ), ADD COLUMN IF NOT EXISTS geocol9 MULTIPOINT, ADD PRIMARY KEY(tcol1), LOCK=NONE /* QNO 921 CON_ID 16 */
		    16 Query	SET SQL_MODE= 'STRICT_TRANS_TABLES,NO_FIELD_OPTIONS,NO_KEY_OPTIONS' /* QNO 922 CON_ID 16 */
		    16 Query	SHOW ENGINE PERFORMANCE_SCHEMA STATUS /* QNO 923 CON_ID 16 */
		    16 Query	UPDATE performance_schema.setup_instruments SET TIMED = 'YES' WHERE NAME LIKE 'wait/synch/cond%' /* QNO 924 CON_ID 16 */
		    19 Query	SELECT * FROM (test.`A` AS table1 INNER JOIN INFORMATION_SCHEMA.`INNODB_FT_BEING_DELETED` AS table2 ON ( table2.`DOC_ID` = table1.`col_datetime_key` ) ) WHERE ( (NOT ( ( table2.`DOC_ID` = '1976-11-09 17:39:10.060719' OR table2.`DOC_ID` = 7) AND table1.`col_varchar_key` LIKE '%sql%') AND table2.`DOC_ID` LIKE 'wait/synch%') OR table1.`col_varchar_nokey` LIKE '%sql%') HAVING table1.`col_varchar_key` = 6 IS NOT NULL ORDER BY table2.`DOC_ID`, table1.`pk`, table1.`pk` LIMIT 101 /* QNO 771 CON_ID 19 */
		    19 Query	LOCK TABLE `E` WRITE /*!100300 WAIT 2 */ /* QNO 772 CON_ID 19 */
		    16 Query	FLUSH LOCAL STATUS /* QNO 925 CON_ID 16 */
		    19 Query	SET STATEMENT system_versioning_alter_history=KEEP FOR ALTER TABLE t8 ADD SYSTEM VERSIONING /* QNO 773 CON_ID 19 */
		    16 Query	UNLOCK TABLES /* QNO 926 CON_ID 16 */
		    16 Query	ALTER TABLE `help_keyword` ADD FOREIGN KEY (`name`) REFERENCES help_keyword (`name`) ON UPDATE SET NULL, ALGORITHM=DEFAULT, LOCK=NONE /* QNO 927 CON_ID 16 */
		    19 Query	INSERT INTO `D` ( `pk` ) VALUES (NULL) /* QNO 774 CON_ID 19 */
		    19 Query	DELETE FROM `A` WHERE `col_time_key` < 5 LIMIT 8 /* QNO 775 CON_ID 19 */
		    16 Query	ALTER TABLE `db` /*!100301 NOWAIT */ DROP FOREIGN KEY k  /* QNO 928 CON_ID 16 */
		    19 Query	UPDATE performance_schema.setup_timers SET timer_name = 'NANOSECOND' /* QNO 776 CON_ID 19 */
		    16 Query	UNLOCK TABLES /* QNO 929 CON_ID 16 */
		    19 Query	SELECT * FROM mysql.`time_zone_leap_second` AS table1 WHERE NOT ( table1.`Transition_time` LIKE 'wait/synch/mutex/%' OR table1.`Transition_time` IN ( 6, 9, 4 )) ORDER BY table1.`Transition_time`, table1.`Transition_time` LIMIT 240 /* QNO 777 CON_ID 19 */
		    16 Query	ALTER TABLE `db` /*!100301 NOWAIT */ ADD IF NOT EXISTS v TIME NULL FIRST  /* QNO 930 CON_ID 16 */
		    16 Query	DROP TABLE IF EXISTS t4 /* QNO 931 CON_ID 16 */
		    19 Query	CREATE OR REPLACE TEMPORARY TABLE `tmp` LIKE CC  /* QNO 778 CON_ID 19 */
		    19 Query	INSERT INTO `tmp` SELECT * FROM CC  /* QNO 779 CON_ID 19 */
		    19 Query	DROP TEMPORARY TABLE IF EXISTS CC  /* QNO 780 CON_ID 19 */
		    19 Query	SHOW WARNINGS
		    19 Query	ALTER TABLE `tmp` RENAME TO CC /* QNO 781 CON_ID 19 */
		    19 Query	SHOW EXPLAIN FOR 122 /* QNO 782 CON_ID 19 */
		    19 Query	SHOW ENGINE PERFORMANCE_SCHEMA STATUS /* QNO 783 CON_ID 19 */
		    19 Query	ALTER IGNORE TABLE `roles_mapping` /*!100301 */ DROP KEY IF EXISTS `Role` /*!100307, ALGORITHM=INSTANT */, LOCK=SHARED  /* QNO 784 CON_ID 19 */
		    19 Query	ALTER TABLE `table_stats` ADD CONSTRAINT FOREIGN KEY h ( `db_name` ) REFERENCES `db` (db_name), ALGORITHM=COPY, LOCK=DEFAULT /* QNO 785 CON_ID 19 */
		    19 Query	ALTER ONLINE IGNORE TABLE `func` /*!100301 */ ALTER COLUMN /*!100305 IF EXISTS */ f DROP DEFAULT /*!100307, ALGORITHM=INSTANT */, LOCK=EXCLUSIVE, CHANGE IF EXISTS `type` `dl` DATE NULL FIRST, ALGORITHM=INPLACE, LOCK=NONE  /* QNO 786 CON_ID 19 */
		    19 Query	INSERT INTO `user` ( icol9 ) SELECT icol10 FROM t14 /* QNO 787 CON_ID 19 */
		    19 Query	LOCK TABLE `time_zone_leap_second` READ  /* QNO 788 CON_ID 19 */
		    19 Query	TRUNCATE TABLE performance_schema.events_waits_summary_by_thread_by_event_name /* QNO 789 CON_ID 19 */
		    16 Query	CREATE TEMPORARY TABLE t9 LIKE `proc` /* QNO 932 CON_ID 16 */
		    19 Query	SHOW EXPLAIN FOR 148 /* QNO 790 CON_ID 19 */
		    16 Query	ALTER ONLINE IGNORE TABLE t6 /*!100301 WAIT 8 */ RENAME TO t4  /* QNO 933 CON_ID 16 */
		    19 Query	ALTER TABLE `innodb_table_stats` /*!100301 NOWAIT */ ADD COLUMN IF NOT EXISTS ( e BLOB NULL DEFAULT NULL ), ALGORITHM=DEFAULT, LOCK=DEFAULT  /* QNO 791 CON_ID 19 */
		    19 Query	SHOW ENGINE PERFORMANCE_SCHEMA STATUS /* QNO 792 CON_ID 19 */
		    19 Query	UNLOCK TABLES /* QNO 793 CON_ID 19 */
		    19 Query	SHOW PROFILE LIMIT 4614 /* QNO 794 CON_ID 19 */
		    19 Query	SET SQL_MODE= DEFAULT /* QNO 795 CON_ID 19 */
		    19 Query	ALTER ONLINE TABLE `user` /*!100301 WAIT 0 */ ADD COLUMN IF NOT EXISTS ( d VARBINARY(16400) NOT NULL ), LOCK=EXCLUSIVE  /* QNO 796 CON_ID 19 */
		    19 Query	UNLOCK TABLES /* QNO 797 CON_ID 19 */
		    19 Query	ALTER TABLE `proxies_priv` /*!100301 NOWAIT */ MODIFY COLUMN IF EXISTS `Grantor` FLOAT NOT NULL DEFAULT 't' /*!100201 CHECK (o >= o) */, LOCK=SHARED  /* QNO 798 CON_ID 19 */
		    19 Query	UPDATE performance_schema.setup_consumers SET enabled = 'NO' WHERE name LIKE 'file%' /* QNO 799 CON_ID 19 */
		    19 Query	SHOW ENGINE PERFORMANCE_SCHEMA STATUS /* QNO 800 CON_ID 19 */
		    19 Query	ALTER TABLE `proxies_priv` MODIFY COLUMN `Grantor` TEXT NULL DEFAULT NULL, LOCK=NONE, RENAME TO `proxies_priv`  /* QNO 801 CON_ID 19 */
		    19 Query	DELETE FROM t17 LIMIT 1 /* QNO 802 CON_ID 19 */
		    19 Query	DELETE FROM `procs_priv` WHERE `Routine_name` = 1 LIMIT 8 /* QNO 803 CON_ID 19 */
		    19 Query	SET SESSION FOREIGN_KEY_CHECKS = ON /* QNO 804 CON_ID 19 */
		    19 Query	INSERT INTO t17 () VALUES () /* QNO 805 CON_ID 19 */
		    19 Query	UNLOCK TABLES /* QNO 806 CON_ID 19 */
		    19 Query	ALTER IGNORE TABLE `table_stats` /*!100301 NOWAIT */ ADD CONSTRAINT UNIQUE (scol4(48168)) /*!100307, ALGORITHM=INSTANT */, LOCK=EXCLUSIVE  /* QNO 807 CON_ID 19 */
		    19 Query	SELECT CYCLE_COUNT, START_VALUE, CACHE_SIZE, MINIMUM_VALUE, CACHE_SIZE FROM seq2 /* QNO 808 CON_ID 19 */
		    19 Query	DROP TEMPORARY TABLE IF EXISTS `transaction_registry` /* QNO 809 CON_ID 19 */
		    19 Query	SHOW WARNINGS
		    19 Query	ALTER TABLE t2 ROW_FORMAT = DYNAMIC  /* QNO 810 CON_ID 19 */
		    19 Query	INSERT INTO `time_zone_transition` ( `pk` ) VALUES (NULL) /* QNO 811 CON_ID 19 */
		    19 Query	ALTER TABLE t1 ADD COLUMN ( scol5 VARCHAR(56757) NOT NULL DEFAULT NULL, icol7 BIGINT NOT NULL AUTO_INCREMENT, `non_existing_column` BINARY NOT NULL ), ALGORITHM=COPY  /* QNO 812 CON_ID 19 */
		    19 Query	SET SESSION SQL_MODE= 'EMPTY_STRING_IS_NULL,HIGH_NOT_PRECEDENCE,STRICT_TRANS_TABLES,ERROR_FOR_DIVISION_BY_ZERO,PIPES_AS_CONCAT,NO_ZERO_IN_DATE,NO_UNSIGNED_SUBTRACTION,DB2,ALLOW_INVALID_DATES,ONLY_FULL_GROUP_BY,ORACLE,POSTGRESQL,IGNORE_BAD_TABLE_OPTIONS,STRICT_ALL_TABLES,NO_AUTO_VALUE_ON_ZERO,MYSQL323,IGNORE_SPACE,TIME_ROUND_FRACTIONAL,NO_AUTO_CREATE_USER,ANSI_QUOTES,SIMULTANEOUS_ASSIGNMENT,PAD_CHAR_TO_FULL_LENGTH,NO_ENGINE_SUBSTITUTION,MAXDB,MYSQL40,NO_KEY_OPTIONS,NO_BACKSLASH_ESCAPES,NO_FIELD_OPTIONS,REAL_AS_FLOAT,ANSI,NO_DIR_IN_CREATE,NO_TABLE_OPTIONS,MSSQL,' /* QNO 813 CON_ID 19 */
		    16 Query	ALTER IGNORE TABLE `plugin` ADD CONSTRAINT FOREIGN KEY y (`dl`) REFERENCES plugin (`name`), ALGORITHM=DEFAULT  /* QNO 934 CON_ID 16 */
		    16 Query	ALTER IGNORE TABLE `global_priv` ADD CONSTRAINT y FOREIGN KEY ( `Host` ) REFERENCES `innodb_index_stats` (Host) ON DELETE RESTRICT, ADD CONSTRAINT FOREIGN KEY r ( `stat_value` ) REFERENCES `procs_priv` (stat_value) ON UPDATE RESTRICT, LOCK=DEFAULT /* QNO 935 CON_ID 16 */
		    16 Query	TRUNCATE TABLE performance_schema.file_summary_by_instance /* QNO 936 CON_ID 16 */
		    19 Query	ALTER TABLE `tables_priv` /*!100301 */ ADD INDEX IF NOT EXISTS USING BTREE ( u(33) ) COMMENT 'red', ALGORITHM=COPY, DROP PRIMARY KEY  /* QNO 814 CON_ID 19 */
		    16 Query	INSERT INTO `general_log` SELECT * FROM `proxies_priv` /* QNO 937 CON_ID 16 */
		    19 Query	SET STATEMENT `sql_mode`=ORACLE FOR SELECT seq6.currval /* QNO 815 CON_ID 19 */
		    16 Query	ALTER TABLE `time_zone_name` /*!100301 NOWAIT */ DROP PRIMARY KEY /*!100307, ALGORITHM=INSTANT */, ADD UNIQUE INDEX b USING HASH ( `Time_zone_id`(59) DESC, `Time_zone_id` ) KEY_BLOCK_SIZE = 38540, LOCK=NONE  /* QNO 938 CON_ID 16 */
		    16 Query	ALTER TABLE `time_zone` DROP FOREIGN KEY m, ALGORITHM=COPY, LOCK=SHARED /* QNO 939 CON_ID 16 */
		    16 Query	SET SESSION SQL_MODE= 'NO_AUTO_VALUE_ON_ZERO,REAL_AS_FLOAT,ONLY_FULL_GROUP_BY,IGNORE_SPACE,MYSQL40,NO_KEY_OPTIONS,IGNORE_BAD_TABLE_OPTIONS,TIME_ROUND_FRACTIONAL,ALLOW_INVALID_DATES,MAXDB,NO_FIELD_OPTIONS,NO_BACKSLASH_ESCAPES,ERROR_FOR_DIVISION_BY_ZERO,EMPTY_STRING_IS_NULL,STRICT_ALL_TABLES,ANSI,NO_ZERO_IN_DATE,HIGH_NOT_PRECEDENCE,ORACLE,POSTGRESQL,MSSQL,ANSI_QUOTES,MYSQL323,NO_TABLE_OPTIONS,NO_DIR_IN_CREATE,STRICT_TRANS_TABLES,NO_AUTO_CREATE_USER,DB2,NO_UNSIGNED_SUBTRACTION' /* QNO 940 CON_ID 16 */
		    19 Query	/* GenTest::Transform::ExecuteAsExecuteImmediate */ EXECUTE IMMEDIATE 'SET STATEMENT `sql_mode`=ORACLE FOR SELECT seq6.currval /* QNO 815 CON_ID 19 */ ' /* TRANSFORM_OUTCOME_UNORDERED_MATCH */ /* QNO 816 CON_ID 19 */
		    19 Prepare	SET STATEMENT `sql_mode`=ORACLE FOR SELECT seq6.currval /* QNO 815 CON_ID 19 */
		    19 Execute	SET STATEMENT `sql_mode`=ORACLE FOR SELECT seq6.currval /* QNO 815 CON_ID 19 */
		    17 Query	INSERT INTO t9 ( vcol5 ) SELECT ncol3 FROM t3 /* QNO 840 CON_ID 17 */
		    19 Query	ALTER TABLE `roles_mapping` DROP FOREIGN KEY IF EXISTS k, ALGORITHM=COPY, LOCK=SHARED /* QNO 817 CON_ID 19 */
		    19 Query	SHOW EXPLAIN FOR 230 /* QNO 818 CON_ID 19 */
		    17 Query	DELETE FROM `E` WHERE `col_time_nokey` < 'j' LIMIT 1 /* QNO 841 CON_ID 17 */
		    15 Query	SELECT * FROM transforms.insert_select_22986 /* TRANSFORM_OUTCOME_UNORDERED_MATCH */ /* QNO 1039 CON_ID 15 */
		    17 Query	UNLOCK TABLES /* QNO 842 CON_ID 17 */
		    17 Query	SHOW ENGINE PERFORMANCE_SCHEMA STATUS /* QNO 843 CON_ID 17 */
		    15 Query	DELETE FROM transforms.insert_select_22986 /* QNO 1040 CON_ID 15 */
		    17 Query	ALTER TABLE `A` /*!100301 */ ADD INDEX IF NOT EXISTS ( o ) COMMENT 'happen', ALGORITHM=INPLACE, LOCK=EXCLUSIVE  /* QNO 844 CON_ID 17 */
		    15 Query	INSERT INTO transforms.insert_select_22986  SELECT * FROM INFORMATION_SCHEMA.`SESSION_STATUS` AS table1 WHERE table1.`VARIABLE_NAME` < '1997-09-02 04:13:32.013848' LIMIT 195 /* QNO 1034 CON_ID 15 */  /* QNO 1041 CON_ID 15 */
		    17 Query	SHOW ENGINE PERFORMANCE_SCHEMA STATUS /* QNO 845 CON_ID 17 */
		    17 Query	SELECT * FROM INFORMATION_SCHEMA.`PROCESSLIST` AS table1 WHERE NOT table1.`COMMAND` = 'nh' LIMIT 54 /* QNO 846 CON_ID 17 */
		    19 Query	SET SQL_MODE= '' /* QNO 819 CON_ID 19 */
		    19 Query	SET GLOBAL FOREIGN_KEY_CHECKS = OFF /* QNO 820 CON_ID 19 */
		    17 Query	/* GenTest::Transform::ExecuteAsExecuteImmediate */ EXECUTE IMMEDIATE ' SELECT * FROM INFORMATION_SCHEMA.`PROCESSLIST` AS table1 WHERE NOT table1.`COMMAND` = \'nh\' LIMIT 54 /* QNO 846 CON_ID 17 */ ' /* TRANSFORM_OUTCOME_UNORDERED_MATCH */ /* QNO 847 CON_ID 17 */
		    19 Query	ALTER TABLE `func` /*!100301 NOWAIT */ ADD COLUMN IF NOT EXISTS ( `type` SMALLINT NULL DEFAULT 5 /*!100201 CHECK (g <= 7) */, m VARBINARY(25906) NOT NULL DEFAULT NULL /*!100201 CHECK (g >= `dl`) */ )  /* QNO 821 CON_ID 19 */
		    17 Prepare	SELECT * FROM INFORMATION_SCHEMA.`PROCESSLIST` AS table1 WHERE NOT table1.`COMMAND` = 'nh' LIMIT 54 /* QNO 846 CON_ID 17 */
		    19 Query	DROP TABLE IF EXISTS tmp_rename_22994  /* QNO 822 CON_ID 19 */
		    17 Execute	SELECT * FROM INFORMATION_SCHEMA.`PROCESSLIST` AS table1 WHERE NOT table1.`COMMAND` = 'nh' LIMIT 54 /* QNO 846 CON_ID 17 */
		    17 Query	ALTER IGNORE TABLE `ENGINES` ALTER COLUMN ecol1 DROP DEFAULT, FORCE, LOCK=EXCLUSIVE /*!100307, ALGORITHM=INSTANT */  /* QNO 848 CON_ID 17 */
		    16 Query	SELECT * FROM performance_schema.`events_stages_summary_by_account_by_event_name` AS table1 WHERE (NOT ( ( ( ( ( table1.`USER` != '1981-11-17 02:10:44.029136' OR table1.`COUNT_STAR` LIKE 'wait/synch/rwlock%') OR table1.`EVENT_NAME` IN ( 3, 9, 0 )) AND table1.`USER` != table1.`COUNT_STAR`) OR table1.`HOST` >= '2034-12-24 20:13:56.065116') OR table1.`EVENT_NAME` LIKE '%mysys%') AND table1.`SUM_TIMER_WAIT` IN ( 8, 3, 7 )) HAVING table1.`COUNT_STAR` <= 'uq' IS NULL ORDER BY table1.`AVG_TIMER_WAIT` LIMIT 26 /* QNO 941 CON_ID 16 */
		    17 Query	UPDATE performance_schema.setup_consumers SET enabled = 'YES' WHERE name IN ( 'events_waits_history_long' ) /* QNO 849 CON_ID 17 */
		    17 Query	SET SQL_MODE= '' /* QNO 850 CON_ID 17 */
		    17 Query	ALTER ONLINE TABLE `USER_PRIVILEGES` /*!100301 NOWAIT */ ADD CONSTRAINT o FOREIGN KEY (`PRIVILEGE_TYPE`) REFERENCES USER_PRIVILEGES (`TABLE_CATALOG`), LOCK=DEFAULT /* QNO 851 CON_ID 17 */
		    19 Query	SHOW WARNINGS
		    17 Query	ALTER TABLE t6 /*!100301 NOWAIT */ ADD CONSTRAINT CHECK (tscol7 LIKE tscol10)  /* QNO 852 CON_ID 17 */
		    19 Query	RENAME TABLE t1 TO tmp_rename_22994, tmp_rename_22994 TO t1 /* QNO 823 CON_ID 19 */
		    19 Query	SET SQL_MODE= '' /* QNO 824 CON_ID 19 */
		    19 Query	ALTER TABLE `time_zone` /*!100301 */ CHANGE IF EXISTS `Time_zone_id` `Time_zone_id` TINYINT DEFAULT 86 /*!100303 INVISIBLE */, LOCK=SHARED, ADD IF NOT EXISTS ( `Time_zone_id` MEDIUMINT AUTO_INCREMENT PRIMARY KEY, `Use_leap_seconds` YEAR DEFAULT NULL, v SERIAL, l DATE NOT NULL, `Use_leap_seconds` TINYINT SERIAL DEFAULT VALUE, `Use_leap_seconds` MULTIPOINT ) /*!100307, ALGORITHM=NOCOPY */, LOCK=SHARED  /* QNO 825 CON_ID 19 */
		    17 Query	CREATE OR REPLACE TEMPORARY TABLE `tmp` LIKE B  /* QNO 853 CON_ID 17 */
		    19 Query	ALTER TABLE `time_zone_name` ADD COLUMN IF NOT EXISTS tcol5 TIME AFTER `Name`, DROP PRIMARY KEY /* QNO 826 CON_ID 19 */
		    16 Query	UNLOCK TABLES /* QNO 942 CON_ID 16 */
		    19 Query	CREATE OR REPLACE TEMPORARY TABLE `tmp` LIKE D  /* QNO 827 CON_ID 19 */
		    16 Query	SET SQL_MODE= DEFAULT /* QNO 943 CON_ID 16 */
		    16 Query	ALTER TABLE t13 ADD COLUMN IF NOT EXISTS geocol6 POLYGON DEFAULT ST_GEOMFROMTEXT('Point(1 1)'), ALGORITHM=INPLACE, ENGINE=InnoDB, ENGINE=InnoDB /* QNO 944 CON_ID 16 */
		    16 Query	ALTER TABLE `events_statements_summary_by_host_by_event_name` /*!100301 NOWAIT */ ADD PRIMARY KEY USING HASH ( `MAX_TIMER_WAIT`(179) ), LOCK=DEFAULT  /* QNO 945 CON_ID 16 */
		    16 Query	ALTER TABLE `events_stages_summary_by_user_by_event_name` /*!100301 */ MODIFY COLUMN IF EXISTS n BIT NOT NULL FIRST  /* QNO 946 CON_ID 16 */
		    16 Query	UPDATE `socket_summary_by_event_name` SET `SUM_TIMER_READ` = '2028-09-08 03:32:32.030006' WHERE `SUM_NUMBER_OF_BYTES_READ` = 'qm' /* QNO 947 CON_ID 16 */
		    16 Query	UNLOCK TABLES /* QNO 948 CON_ID 16 */
		    16 Query	UPDATE performance_schema.setup_timers SET timer_name = 'CYCLE' /* QNO 949 CON_ID 16 */
		    15 Query	SELECT * FROM transforms.insert_select_22986 /* TRANSFORM_OUTCOME_UNORDERED_MATCH */ /* QNO 1042 CON_ID 15 */
		    16 Query	ALTER TABLE t9 MODIFY COLUMN icol3 MEDIUMINT UNSIGNED NOT NULL DEFAULT 0, DROP COLUMN tcol10, LOCK=NONE, ROW_FORMAT=COMPACT /* QNO 950 CON_ID 16 */
		    15 Query	DELETE FROM transforms.insert_select_22986 /* QNO 1043 CON_ID 15 */
		    15 Query	REPLACE INTO transforms.insert_select_22986  SELECT * FROM INFORMATION_SCHEMA.`SESSION_STATUS` AS table1 WHERE table1.`VARIABLE_NAME` < '1997-09-02 04:13:32.013848' LIMIT 195 /* QNO 1034 CON_ID 15 */  /* QNO 1044 CON_ID 15 */
190122 13:39:52	    17 Query	INSERT INTO `tmp` SELECT * FROM B  /* QNO 854 CON_ID 17 */
		    17 Query	/* GenTest::Transform::ExecuteAsExecuteImmediate */ EXECUTE IMMEDIATE ' INSERT INTO `tmp` SELECT * FROM B  /* QNO 854 CON_ID 17 */ ' /* TRANSFORM_OUTCOME_UNORDERED_MATCH */ /* QNO 855 CON_ID 17 */
		    17 Prepare	INSERT INTO `tmp` SELECT * FROM B  /* QNO 854 CON_ID 17 */
		    17 Execute	INSERT INTO `tmp` SELECT * FROM B  /* QNO 854 CON_ID 17 */
		    17 Query	DROP TEMPORARY TABLE IF EXISTS B  /* QNO 856 CON_ID 17 */
		    16 Query	CREATE OR REPLACE TEMPORARY TABLE `tmp` LIKE DD  /* QNO 951 CON_ID 16 */
		    16 Query	INSERT INTO `tmp` SELECT * FROM DD  /* QNO 952 CON_ID 16 */
		    16 Query	DROP TEMPORARY TABLE IF EXISTS DD  /* QNO 953 CON_ID 16 */
		    16 Query	SHOW WARNINGS
		    17 Query	ALTER TABLE `tmp` RENAME TO B /* QNO 857 CON_ID 17 */
		    16 Query	ALTER TABLE `tmp` RENAME TO DD /* QNO 954 CON_ID 16 */
		    16 Query	INSERT INTO `events_stages_current` SELECT * FROM `events_statements_summary_by_user_by_event_name` /* QNO 955 CON_ID 16 */
		    17 Query	SELECT * from t4 WHERE row_end IN (SELECT row_end FROM `INNODB_CMP`) /* QNO 858 CON_ID 17 */
		    19 Query	INSERT INTO `tmp` SELECT * FROM D  /* QNO 828 CON_ID 19 */
		    16 Query	CREATE OR REPLACE TEMPORARY TABLE `tmp` LIKE DD  /* QNO 956 CON_ID 16 */
		    16 Query	INSERT INTO `tmp` SELECT * FROM DD  /* QNO 957 CON_ID 16 */
		    16 Query	DROP TEMPORARY TABLE IF EXISTS DD  /* QNO 958 CON_ID 16 */
		    16 Query	SHOW WARNINGS
		    16 Query	ALTER TABLE `tmp` RENAME TO DD /* QNO 959 CON_ID 16 */
		    17 Query	ALTER TABLE t4 DROP PRIMARY KEY, ADD CONSTRAINT FOREIGN KEY m (tcol2) REFERENCES `INNODB_SYS_TABLESPACES` (ncol10)  /* QNO 859 CON_ID 17 */
		    16 Query	ALTER SEQUENCE IF EXISTS seq4 MAXVALUE = 17177 /* QNO 960 CON_ID 16 */
		    16 Query	SHOW WARNINGS
		    16 Query	INSERT INTO t14 ( icol8 ) SELECT vcol2 FROM t20 /* QNO 961 CON_ID 16 */
		    17 Query	TRUNCATE TABLE performance_schema.events_waits_summary_by_instance /* QNO 860 CON_ID 17 */
		    19 Query	/* GenTest::Transform::ExecuteAsExecuteImmediate */ EXECUTE IMMEDIATE ' INSERT INTO `tmp` SELECT * FROM D  /* QNO 828 CON_ID 19 */ ' /* TRANSFORM_OUTCOME_UNORDERED_MATCH */ /* QNO 829 CON_ID 19 */
		    17 Query	ALTER IGNORE TABLE `APPLICABLE_ROLES` /*!100301 */ ALTER COLUMN /*!100305 IF EXISTS */ `IS_DEFAULT` DROP DEFAULT, ALGORITHM=COPY, LOCK=EXCLUSIVE  /* QNO 861 CON_ID 17 */
		    16 Query	ALTER TABLE `host_cache` ADD PARTITION (PARTITION ver_p6 HISTORY) /* QNO 962 CON_ID 16 */
		    19 Prepare	INSERT INTO `tmp` SELECT * FROM D  /* QNO 828 CON_ID 19 */
		    16 Query	SHOW ENGINE PERFORMANCE_SCHEMA STATUS /* QNO 963 CON_ID 16 */
		    17 Query	CREATE OR REPLACE SEQUENCE seq6 INCREMENT BY -111  /* QNO 862 CON_ID 17 */
		    16 Query	ALTER TABLE `setup_instruments` /*!100301 WAIT 8 */ ADD FOREIGN KEY ( `TIMED` ) REFERENCES `setup_instruments` (TIMED), LOCK=NONE /* QNO 964 CON_ID 16 */
		    15 Query	SELECT * FROM transforms.insert_select_22986 /* TRANSFORM_OUTCOME_UNORDERED_MATCH */ /* QNO 1045 CON_ID 15 */
		    16 Query	TRUNCATE TABLE performance_schema.events_waits_current /* QNO 965 CON_ID 16 */
		    15 Query	DROP TABLE transforms.insert_select_22986 /* QNO 1046 CON_ID 15 */
		    14 Query	DROP TRIGGER IF EXISTS k /* QNO 1591 CON_ID 14 */
		    18 Query	SELECT * FROM transforms.insert_select_22992 /* TRANSFORM_OUTCOME_UNORDERED_MATCH */ /* QNO 1051 CON_ID 18 */
		    14 Query	SHOW WARNINGS
		    14 Query	GRANT INSERT ( `col_int_nokey` ), UPDATE ( `col_date_nokey` ) ON `DD` TO 'someuser'@'somehost' /* QNO 1592 CON_ID 14 */
		    18 Query	DELETE FROM transforms.insert_select_22992 /* QNO 1052 CON_ID 18 */
		    14 Query	DROP TRIGGER IF EXISTS l /* QNO 1593 CON_ID 14 */
		    14 Query	SHOW WARNINGS
		    14 Query	GRANT INSERT ( `col_varchar_key`, `col_date_nokey` ), SELECT ( `col_int_nokey` ) ON `AA` TO 'someuser'@'somehost' /* QNO 1594 CON_ID 14 */
		    14 Query	CREATE OR REPLACE VIEW y AS SELECT * FROM `CC` /* QNO 1595 CON_ID 14 */
		    19 Execute	INSERT INTO `tmp` SELECT * FROM D  /* QNO 828 CON_ID 19 */
		    19 Query	DROP TEMPORARY TABLE IF EXISTS D  /* QNO 830 CON_ID 19 */
		    14 Query	CREATE EVENT m ON SCHEDULE AT NOW() DO SET @a=@a /* QNO 1596 CON_ID 14 */
		    19 Query	ALTER TABLE `tmp` RENAME TO D /* QNO 831 CON_ID 19 */
		    19 Query	ALTER IGNORE TABLE `db` /*!100301 WAIT 7 */ ADD CONSTRAINT CHECK (`Insert_priv` = 8)  /* QNO 832 CON_ID 19 */
		    14 Query	ALTER TABLE `C` DROP COLUMN o /* QNO 1597 CON_ID 14 */
		    19 Query	DROP TEMPORARY TABLE IF EXISTS `time_zone` /* QNO 833 CON_ID 19 */
		    19 Query	SHOW WARNINGS
		    19 Query	UNLOCK TABLES /* QNO 834 CON_ID 19 */
		    19 Query	INSERT INTO t10 ( scol7 ) SELECT icol7 FROM t6 /* QNO 835 CON_ID 19 */
		    19 Query	UPDATE performance_schema.setup_consumers SET enabled = 'YES' WHERE name LIKE 'events%' /* QNO 836 CON_ID 19 */
		    16 Query	SELECT * FROM `events_waits_summary_by_user_by_event_name` INTO OUTFILE 'load_events_waits_summary_by_user_by_event_name'  /* QNO 966 CON_ID 16 */
		    16 Query	LOAD DATA INFILE 'load_events_waits_summary_by_user_by_event_name' IGNORE INTO TABLE events_waits_summary_by_user_by_event_name /* QNO 967 CON_ID 16 */
		    16 Query	UNLOCK TABLES /* QNO 968 CON_ID 16 */
		    19 Query	ALTER ONLINE TABLE `general_log` /*!100301 */ DROP CONSTRAINT IF EXISTS e /*!100307, ALGORITHM=INSTANT */, ADD UNIQUE KEY ( s ASC, `user_host`(232) DESC, `server_id`(122) ASC ) KEY_BLOCK_SIZE = 32221 /*!100307, ALGORITHM=NOCOPY */  /* QNO 837 CON_ID 19 */
		    16 Query	ALTER TABLE `setup_consumers` /*!100301 WAIT 1 */ ADD COLUMN IF NOT EXISTS `ENABLED` INT NOT NULL DEFAULT 1 /*!100307, ALGORITHM=INSTANT */, LOCK=DEFAULT  /* QNO 969 CON_ID 16 */
		    19 Query	SET SESSION SQL_MODE= DEFAULT /* QNO 838 CON_ID 19 */
		    19 Query	TRUNCATE TABLE performance_schema.events_waits_history_long /* QNO 839 CON_ID 19 */
		    19 Query	SHOW CREATE TABLE seq2 /* QNO 840 CON_ID 19 */
		    19 Query	FLUSH LOCAL DES_KEY_FILE /* QNO 841 CON_ID 19 */
		    18 Query	INSERT INTO transforms.insert_select_22992  SELECT * FROM (mysql.`user` AS table1 RIGHT JOIN INFORMATION_SCHEMA.`SESSION_STATUS` AS table2 ON ( table2.`VARIABLE_VALUE` = table1.`Delete_history_priv` ) ) HAVING table1.`Insert_priv` > '2031-05-23 16:01:19.014703' LIMIT 17 /* QNO 1046 CON_ID 18 */  /* QNO 1053 CON_ID 18 */
		    19 Query	ALTER TABLE `procs_priv` ADD CONSTRAINT d FOREIGN KEY ( `Db`, `Db` ) REFERENCES `help_category` (Db,Db) ON DELETE NO ACTION, LOCK=NONE /* QNO 842 CON_ID 19 */
		    19 Query	DROP TEMPORARY TABLE IF EXISTS `tables_priv` /* QNO 843 CON_ID 19 */
		    19 Query	SHOW WARNINGS
		    19 Query	FLUSH TABLES /* QNO 844 CON_ID 19 */
		    16 Query	SET STATEMENT system_versioning_alter_history=KEEP FOR ALTER TABLE t5 ADD PARTITION IF NOT EXISTS (PARTITION ver_p7 HISTORY) /* QNO 970 CON_ID 16 */
		    17 Query	UNLOCK TABLES /* QNO 863 CON_ID 17 */
		    16 Query	SHOW EXPLAIN FOR 32 /* QNO 971 CON_ID 16 */
		    17 Query	SHOW CREATE FUNCTION c /* QNO 864 CON_ID 17 */
		    16 Query	SELECT * FROM `events_statements_summary_by_user_by_event_name` INTO OUTFILE 'load_events_statements_summary_by_user_by_event_name'  /* QNO 972 CON_ID 16 */
		    17 Query	ALTER ONLINE TABLE `user_variables` /*!100301 WAIT 3 */ ADD COLUMN a TIME NULL /*!100307, ALGORITHM=INSTANT */, MODIFY IF EXISTS h CHAR NOT NULL  /* QNO 865 CON_ID 17 */
		    16 Query	LOAD DATA INFILE 'load_events_statements_summary_by_user_by_event_name' IGNORE INTO TABLE events_statements_summary_by_user_by_event_name /* QNO 973 CON_ID 16 */
		    17 Query	SELECT * FROM `ENABLED_ROLES` INTO OUTFILE 'load_ENABLED_ROLES'  /* QNO 866 CON_ID 17 */
		    16 Query	SET SQL_MODE= 'EMPTY_STRING_IS_NULL,MAXDB,MYSQL323,POSTGRESQL,NO_AUTO_VALUE_ON_ZERO,IGNORE_BAD_TABLE_OPTIONS,SIMULTANEOUS_ASSIGNMENT,ORACLE,PIPES_AS_CONCAT,NO_ENGINE_SUBSTITUTION,MSSQL,STRICT_TRANS_TABLES,TIME_ROUND_FRACTIONAL' /* QNO 974 CON_ID 16 */
		    17 Query	LOAD DATA INFILE 'load_ENABLED_ROLES' IGNORE INTO TABLE ENABLED_ROLES /* QNO 867 CON_ID 17 */
		    17 Query	SHOW ENGINE PERFORMANCE_SCHEMA STATUS /* QNO 868 CON_ID 17 */
		    17 Query	ALTER ONLINE TABLE `TRIGGERS` /*!100301 */ DROP INDEX IF EXISTS ind3, LOCK=DEFAULT  /* QNO 869 CON_ID 17 */
		    16 Query	SET SESSION SQL_MODE= '' /* QNO 975 CON_ID 16 */
		    16 Query	INSERT INTO `setup_objects` ( `pk` ) VALUES (NULL) /* QNO 976 CON_ID 16 */
		    16 Query	UNLOCK TABLES /* QNO 977 CON_ID 16 */
		    17 Query	SELECT * FROM (test.`E` AS table1 STRAIGHT_JOIN mysql.`index_stats` AS table2 ON ( table2.`table_name` = table1.`col_int_nokey` ) ) WHERE ( (NOT table2.`db_name` IN ( 6, 7, 3 ) OR table2.`db_name` > table2.`db_name`) AND table2.`avg_frequency` < '1985-12-27 10:58:50.054288') HAVING table1.`pk` != '2032-10-04 05:57:49.013836' IS NULL ORDER BY table1.`col_varchar_key`, table1.`col_int_nokey` LIMIT 42 /* QNO 870 CON_ID 17 */
		    17 Query	ALTER IGNORE TABLE `D` /*!100301 */ ADD ( `pk` INT NOT NULL, g INT UNSIGNED ZEROFILL NOT NULL DEFAULT -46, `col_time_nokey` BIT ), ALGORITHM=INPLACE, LOCK=NONE, ADD ( `col_time_nokey` ENUM('foo','bar') NOT NULL ), LOCK=SHARED  /* QNO 871 CON_ID 17 */
		    17 Query	UPDATE `A` SET `col_datetime_nokey` = 4 WHERE `col_datetime_nokey` != 7 /* QNO 872 CON_ID 17 */
		    17 Query	SHOW ENGINE PERFORMANCE_SCHEMA STATUS /* QNO 873 CON_ID 17 */
		    14 Query	ALTER TABLE `C` ADD COLUMN e INTEGER DEFAULT NULL /* QNO 1598 CON_ID 14 */
		    15 Query	ALTER IGNORE TABLE `TABLES` ADD FOREIGN KEY n (`MAX_DATA_LENGTH`) REFERENCES TABLES (`MAX_INDEX_LENGTH`), ADD FOREIGN KEY z (`AVG_ROW_LENGTH`) REFERENCES TABLES (`INDEX_LENGTH`)  /* QNO 1047 CON_ID 15 */
		    15 Query	UNLOCK TABLES /* QNO 1048 CON_ID 15 */
		    16 Query	SELECT * FROM performance_schema.`events_waits_history` AS table1 WHERE ( ( ( ( ( ( ( ( ( ( table1.`EVENT_ID` <> 'm' OR table1.`END_EVENT_ID` IN ( 6, 1, 5 )) OR table1.`THREAD_ID` IN ( 4, 2, 6 )) OR table1.`OBJECT_TYPE` <= table1.`OBJECT_INSTANCE_BEGIN`) AND table1.`NESTING_EVENT_ID` <= table1.`OBJECT_NAME`) OR table1.`OBJECT_TYPE` LIKE 'wait/synch/cond%') AND table1.`OBJECT_INSTANCE_BEGIN` LIKE 'wait/io%') OR table1.`OBJECT_INSTANCE_BEGIN` >= table1.`OBJECT_INSTANCE_BEGIN`) OR table1.`SOURCE` > table1.`SPINS`) AND table1.`THREAD_ID` >= table1.`SPINS`) AND table1.`SPINS` IN ( 0, 9, 6 )) HAVING NOT ( table1.`THREAD_ID` <= 'a' AND table1.`OPERATION` > 'p') ORDER BY table1.`OBJECT_SCHEMA` LIMIT 112 /* QNO 978 CON_ID 16 */
		    15 Query	TRUNCATE TABLE performance_schema.events_waits_summary_by_event_name /* QNO 1049 CON_ID 15 */
		    15 Query	SELECT SETVAL(seq7, -104) /* QNO 1050 CON_ID 15 */
		    15 Query	UPDATE performance_schema.setup_timers SET timer_name = 'CYCLE' /* QNO 1051 CON_ID 15 */
		    15 Query	INSERT INTO `TRIGGERS` SELECT * FROM `TABLE_STATISTICS` /* QNO 1052 CON_ID 15 */
		    17 Query	ALTER IGNORE TABLE `DD` ADD CONSTRAINT e FOREIGN KEY (`col_datetime_key`) REFERENCES DD (`pk`), ALGORITHM=COPY, LOCK=NONE /* QNO 874 CON_ID 17 */
		    16 Query	SHOW WARNINGS
		    17 Query	SELECT * FROM INFORMATION_SCHEMA.`COLLATION_CHARACTER_SET_APPLICABILITY` AS table1 WHERE table1.`CHARACTER_SET_NAME` LIKE 'wait%' LIMIT 172 /* QNO 875 CON_ID 17 */
		    16 Query	SET STATEMENT `sql_mode`=ORACLE FOR SELECT seq10.nextval /* QNO 979 CON_ID 16 */
		    16 Query	INSERT INTO seq4 VALUES (59604, 1457477429407776768, -8213158345440231424, 0, -16, 138, 0, 1) /* QNO 980 CON_ID 16 */
		    15 Query	ALTER IGNORE TABLE `GEOMETRY_COLUMNS` ADD CONSTRAINT v UNIQUE KEY(ecol6, icol9) /*!100307, ALGORITHM=INSTANT */, LOCK=SHARED  /* QNO 1053 CON_ID 15 */
		    17 Query	/* GenTest::Transform::ExecuteAsExecuteImmediate */ EXECUTE IMMEDIATE ' SELECT * FROM INFORMATION_SCHEMA.`COLLATION_CHARACTER_SET_APPLICABILITY` AS table1 WHERE table1.`CHARACTER_SET_NAME` LIKE \'wait%\' LIMIT 172 /* QNO 875 CON_ID 17 */ ' /* TRANSFORM_OUTCOME_UNORDERED_MATCH */ /* QNO 876 CON_ID 17 */
		    17 Prepare	SELECT * FROM INFORMATION_SCHEMA.`COLLATION_CHARACTER_SET_APPLICABILITY` AS table1 WHERE table1.`CHARACTER_SET_NAME` LIKE 'wait%' LIMIT 172 /* QNO 875 CON_ID 17 */
		    16 Query	ALTER IGNORE TABLE `events_statements_history` /*!100301 */ DROP KEY ind1, ALGORITHM=COPY  /* QNO 981 CON_ID 16 */
		    16 Query	SHOW PRIVILEGES /* QNO 982 CON_ID 16 */
		    17 Execute	SELECT * FROM INFORMATION_SCHEMA.`COLLATION_CHARACTER_SET_APPLICABILITY` AS table1 WHERE table1.`CHARACTER_SET_NAME` LIKE 'wait%' LIMIT 172 /* QNO 875 CON_ID 17 */
		    16 Query	TRUNCATE TABLE performance_schema.events_waits_history_long /* QNO 983 CON_ID 16 */
		    15 Query	ALTER TABLE `TABLE_PRIVILEGES` /*!100301 */ DROP PRIMARY KEY, ADD KEY IF NOT EXISTS ( `TABLE_CATALOG` ASC ), LOCK=EXCLUSIVE, ADD CONSTRAINT PRIMARY KEY ( h, n DESC ), ALGORITHM=INPLACE  /* QNO 1054 CON_ID 15 */
		    17 Query	/* GenTest::Transform::ExecuteAsInsertSelect */ CREATE DATABASE IF NOT EXISTS transforms /* QNO 877 CON_ID 17 */
		    16 Query	SELECT * FROM `hosts` INTO OUTFILE 'load_hosts'  /* QNO 984 CON_ID 16 */
		    15 Query	ALTER TABLE `APPLICABLE_ROLES` /*!100301 */ ADD INDEX ( `IS_GRANTABLE` DESC ), DISABLE KEYS, ALGORITHM=DEFAULT, LOCK=EXCLUSIVE  /* QNO 1055 CON_ID 15 */
		    17 Query	SHOW WARNINGS
		    15 Query	UPDATE performance_schema.setup_instruments SET ENABLED = 'YES' WHERE NAME LIKE 'wait/synch/cond%' /* QNO 1056 CON_ID 15 */
		    16 Query	LOAD DATA INFILE 'load_hosts' IGNORE INTO TABLE hosts /* QNO 985 CON_ID 16 */
		    17 Query	DROP TABLE IF EXISTS transforms.insert_select_22990 /* QNO 878 CON_ID 17 */
		    16 Query	UPDATE `table_io_waits_summary_by_index_usage` SET `AVG_TIMER_WRITE` = 3 WHERE `AVG_TIMER_DELETE` = 'o' /* QNO 986 CON_ID 16 */
		    15 Query	ALTER ONLINE IGNORE TABLE `CLIENT_STATISTICS` /*!100301 */ MODIFY COLUMN IF EXISTS `OTHER_COMMANDS` VARBINARY(45348) NOT NULL DEFAULT 'c'  /* QNO 1057 CON_ID 15 */
		    19 Query	TRUNCATE TABLE performance_schema.events_waits_history_long /* QNO 845 CON_ID 19 */
		    14 Query	REVOKE ALL PRIVILEGES ON test.b FROM 'someuser'@'somehost' /* QNO 1599 CON_ID 14 */
		    16 Query	UPDATE performance_schema.setup_instruments SET ENABLED = 'NO' WHERE NAME LIKE 'wait/synch/mutex/%' /* QNO 987 CON_ID 16 */
		    19 Query	CREATE OR REPLACE TEMPORARY TABLE `tmp` LIKE B  /* QNO 846 CON_ID 19 */
		    16 Query	SELECT * FROM test.`A` AS table1 ORDER BY table1.`col_int_nokey` LIMIT 239 /* QNO 988 CON_ID 16 */
		    17 Query	SHOW WARNINGS
		    17 Query	CREATE TABLE transforms.insert_select_22990  SELECT * FROM INFORMATION_SCHEMA.`COLLATION_CHARACTER_SET_APPLICABILITY` AS table1 WHERE table1.`CHARACTER_SET_NAME` LIKE 'wait%' LIMIT 172 /* QNO 875 CON_ID 17 */  /* QNO 879 CON_ID 17 */
		    16 Query	SELECT * FROM INFORMATION_SCHEMA.`CHECK_CONSTRAINTS` AS table1 WHERE table1.`CHECK_CLAUSE` < table1.`CHECK_CLAUSE` HAVING NOT (NOT ( ( table1.`TABLE_NAME` > 'vp' OR table1.`CONSTRAINT_SCHEMA` = 2) AND table1.`CONSTRAINT_SCHEMA` > 2) OR table1.`CONSTRAINT_CATALOG` >= '2012-08-16 09:29:57.017416') ORDER BY table1.`CONSTRAINT_SCHEMA`, table1.`CONSTRAINT_SCHEMA` LIMIT 91 /* QNO 989 CON_ID 16 */
		    16 Query	/* GenTest::Transform::ExecuteAsExecuteImmediate */ EXECUTE IMMEDIATE ' SELECT * FROM INFORMATION_SCHEMA.`CHECK_CONSTRAINTS` AS table1 WHERE table1.`CHECK_CLAUSE` < table1.`CHECK_CLAUSE` HAVING NOT (NOT ( ( table1.`TABLE_NAME` > \'vp\' OR table1.`CONSTRAINT_SCHEMA` = 2) AND table1.`CONSTRAINT_SCHEMA` > 2) OR table1.`CONSTRAINT_CATALOG` >= \'2012-08-16 09:29:57.017416\') ORDER BY table1.`CONSTRAINT_SCHEMA`, table1.`CONSTRAINT_SCHEMA` LIMIT 91 /* QNO 989 CON_ID 16 */ ' /* TRANSFORM_OUTCOME_UNORDERED_MATCH */ /* QNO 990 CON_ID 16 */
		    16 Prepare	SELECT * FROM INFORMATION_SCHEMA.`CHECK_CONSTRAINTS` AS table1 WHERE table1.`CHECK_CLAUSE` < table1.`CHECK_CLAUSE` HAVING NOT (NOT ( ( table1.`TABLE_NAME` > 'vp' OR table1.`CONSTRAINT_SCHEMA` = 2) AND table1.`CONSTRAINT_SCHEMA` > 2) OR table1.`CONSTRAINT_CATALOG` >= '2012-08-16 09:29:57.017416') ORDER BY table1.`CONSTRAINT_SCHEMA`, table1.`CONSTRAINT_SCHEMA` LIMIT 91 /* QNO 989 CON_ID 16 */
		    16 Execute	SELECT * FROM INFORMATION_SCHEMA.`CHECK_CONSTRAINTS` AS table1 WHERE table1.`CHECK_CLAUSE` < table1.`CHECK_CLAUSE` HAVING NOT (NOT ( ( table1.`TABLE_NAME` > 'vp' OR table1.`CONSTRAINT_SCHEMA` = 2) AND table1.`CONSTRAINT_SCHEMA` > 2) OR table1.`CONSTRAINT_CATALOG` >= '2012-08-16 09:29:57.017416') ORDER BY table1.`CONSTRAINT_SCHEMA`, table1.`CONSTRAINT_SCHEMA` LIMIT 91 /* QNO 989 CON_ID 16 */
		    16 Query	/* GenTest::Transform::ExecuteAsInsertSelect */ CREATE DATABASE IF NOT EXISTS transforms /* QNO 991 CON_ID 16 */
		    15 Query	ALTER TABLE t10 ADD COLUMN IF NOT EXISTS scol4 BLOB NOT NULL DEFAULT NULL AFTER tscol9, ADD COLUMN IF NOT EXISTS ( scol7 VARCHAR(14569) DEFAULT NULL, geocol7 MULTILINESTRING NOT NULL DEFAULT ST_GEOMFROMTEXT('Point(1 1)'), icol8 INT UNSIGNED NOT NULL DEFAULT 0, scol8 CHAR NULL, geocol9 POINT DEFAULT ST_GEOMFROMTEXT('Point(1 1)') ), ALGORITHM=INPLACE  /* QNO 1058 CON_ID 15 */
		    15 Query	SELECT * FROM mysql.`proc` AS table1 ORDER BY table1.`returns` LIMIT 154 /* QNO 1059 CON_ID 15 */
		    15 Query	/* GenTest::Transform::ExecuteAsExecuteImmediate */ EXECUTE IMMEDIATE ' SELECT * FROM mysql.`proc` AS table1 ORDER BY table1.`returns` LIMIT 154 /* QNO 1059 CON_ID 15 */ ' /* TRANSFORM_OUTCOME_UNORDERED_MATCH */ /* QNO 1060 CON_ID 15 */
		    15 Prepare	SELECT * FROM mysql.`proc` AS table1 ORDER BY table1.`returns` LIMIT 154 /* QNO 1059 CON_ID 15 */
		    15 Execute	SELECT * FROM mysql.`proc` AS table1 ORDER BY table1.`returns` LIMIT 154 /* QNO 1059 CON_ID 15 */
		    15 Query	/* GenTest::Transform::ExecuteAsInsertSelect */ CREATE DATABASE IF NOT EXISTS transforms /* QNO 1061 CON_ID 15 */
		    14 Query	ALTER TABLE `C` ADD PRIMARY KEY (`pk`) /* QNO 1600 CON_ID 14 */
		    18 Query	SELECT * FROM transforms.insert_select_22992 /* TRANSFORM_OUTCOME_UNORDERED_MATCH */ /* QNO 1054 CON_ID 18 */
		    18 Query	DELETE FROM transforms.insert_select_22992 /* QNO 1055 CON_ID 18 */
		    18 Query	REPLACE INTO transforms.insert_select_22992  SELECT * FROM (mysql.`user` AS table1 RIGHT JOIN INFORMATION_SCHEMA.`SESSION_STATUS` AS table2 ON ( table2.`VARIABLE_VALUE` = table1.`Delete_history_priv` ) ) HAVING table1.`Insert_priv` > '2031-05-23 16:01:19.014703' LIMIT 17 /* QNO 1046 CON_ID 18 */  /* QNO 1056 CON_ID 18 */
		    19 Query	INSERT INTO `tmp` SELECT * FROM B  /* QNO 847 CON_ID 19 */
		    14 Query	GRANT INSERT ( `pk`, `col_int_key` ) ON `A` TO 'someuser'@'somehost' /* QNO 1601 CON_ID 14 */
		    19 Query	/* GenTest::Transform::ExecuteAsExecuteImmediate */ EXECUTE IMMEDIATE ' INSERT INTO `tmp` SELECT * FROM B  /* QNO 847 CON_ID 19 */ ' /* TRANSFORM_OUTCOME_UNORDERED_MATCH */ /* QNO 848 CON_ID 19 */
		    19 Prepare	INSERT INTO `tmp` SELECT * FROM B  /* QNO 847 CON_ID 19 */
		    19 Execute	INSERT INTO `tmp` SELECT * FROM B  /* QNO 847 CON_ID 19 */
		    19 Query	DROP TEMPORARY TABLE IF EXISTS B  /* QNO 849 CON_ID 19 */
		    16 Query	SHOW WARNINGS
		    16 Query	DROP TABLE IF EXISTS transforms.insert_select_22988 /* QNO 992 CON_ID 16 */
		    15 Query	SHOW WARNINGS
		    16 Query	SHOW WARNINGS
		    15 Query	DROP TABLE IF EXISTS transforms.insert_select_22986 /* QNO 1062 CON_ID 15 */
		    16 Query	CREATE TABLE transforms.insert_select_22988  SELECT * FROM INFORMATION_SCHEMA.`CHECK_CONSTRAINTS` AS table1 WHERE table1.`CHECK_CLAUSE` < table1.`CHECK_CLAUSE` HAVING NOT (NOT ( ( table1.`TABLE_NAME` > 'vp' OR table1.`CONSTRAINT_SCHEMA` = 2) AND table1.`CONSTRAINT_SCHEMA` > 2) OR table1.`CONSTRAINT_CATALOG` >= '2012-08-16 09:29:57.017416') ORDER BY table1.`CONSTRAINT_SCHEMA`, table1.`CONSTRAINT_SCHEMA` LIMIT 91 /* QNO 989 CON_ID 16 */  /* QNO 993 CON_ID 16 */
		    14 Query	CREATE OR REPLACE VIEW w AS SELECT * FROM `BB` /* QNO 1602 CON_ID 14 */
		    19 Query	ALTER TABLE `tmp` RENAME TO B /* QNO 850 CON_ID 19 */
		    19 Query	ALTER TABLE `time_zone_name` ROW_FORMAT=DYNAMIC /* QNO 851 CON_ID 19 */
		    15 Query	SHOW WARNINGS
		    15 Query	CREATE TABLE transforms.insert_select_22986  SELECT * FROM mysql.`proc` AS table1 ORDER BY table1.`returns` LIMIT 154 /* QNO 1059 CON_ID 15 */  /* QNO 1063 CON_ID 15 */
		    17 Query	SELECT * FROM transforms.insert_select_22990 /* TRANSFORM_OUTCOME_UNORDERED_MATCH */ /* QNO 880 CON_ID 17 */
