		    15 Query	ALTER TABLE `func` /*!100301 */ ADD PRIMARY KEY ( `type`(161) )  /* QNO 861 CON_ID 15 */
		    18 Query	SET SESSION SQL_MODE= 'SIMULTANEOUS_ASSIGNMENT,STRICT_ALL_TABLES,NO_BACKSLASH_ESCAPES,DB2,ERROR_FOR_DIVISION_BY_ZERO,IGNORE_BAD_TABLE_OPTIONS,MYSQL323,ORACLE,REAL_AS_FLOAT,EMPTY_STRING_IS_NULL,ANSI,NO_ENGINE_SUBSTITUTION,ANSI_QUOTES,NO_TABLE_OPTIONS,NO_UNSIGNED_SUBTRACTION,NO_DIR_IN_CREATE,NO_AUTO_VALUE_ON_ZERO,MYSQL40,IGNORE_SPACE,POSTGRESQL,ONLY_FULL_GROUP_BY,PIPES_AS_CONCAT,NO_KEY_OPTIONS,NO_AUTO_CREATE_USER,PAD_CHAR_TO_FULL_LENGTH' /* QNO 874 CON_ID 18 */
		    15 Query	ALTER ONLINE TABLE `help_category` /*!100301 */ ADD UNIQUE ind3 ( `name` ) COMMENT 'thing', ALGORITHM=COPY  /* QNO 862 CON_ID 15 */
		    15 Query	SHOW PROCESSLIST /* QNO 863 CON_ID 15 */
		    15 Query	CREATE TABLE t7 LIKE `help_relation` /* QNO 864 CON_ID 15 */
		    15 Query	SELECT * FROM mysql.`columns_priv` AS table1 HAVING NOT ( (table1.`Column_name` <> 'f' IS NOT NULL OR table1.`Db` <> 'tk') OR table1.`Timestamp` <> 'km') LIMIT 142 /* QNO 865 CON_ID 15 */
		    19 Query	ALTER IGNORE TABLE t8 ADD CONSTRAINT UNIQUE INDEX(tscol1), ALGORITHM=COPY  /* QNO 665 CON_ID 19 */
		    15 Query	/* GenTest::Transform::ExecuteAsExecuteImmediate */ EXECUTE IMMEDIATE ' SELECT * FROM mysql.`columns_priv` AS table1 HAVING NOT ( (table1.`Column_name` <> \'f\' IS NOT NULL OR table1.`Db` <> \'tk\') OR table1.`Timestamp` <> \'km\') LIMIT 142 /* QNO 865 CON_ID 15 */ ' /* TRANSFORM_OUTCOME_UNORDERED_MATCH */ /* QNO 866 CON_ID 15 */
		    15 Prepare	SELECT * FROM mysql.`columns_priv` AS table1 HAVING NOT ( (table1.`Column_name` <> 'f' IS NOT NULL OR table1.`Db` <> 'tk') OR table1.`Timestamp` <> 'km') LIMIT 142 /* QNO 865 CON_ID 15 */
		    15 Execute	SELECT * FROM mysql.`columns_priv` AS table1 HAVING NOT ( (table1.`Column_name` <> 'f' IS NOT NULL OR table1.`Db` <> 'tk') OR table1.`Timestamp` <> 'km') LIMIT 142 /* QNO 865 CON_ID 15 */
		    15 Query	/* GenTest::Transform::ExecuteAsInsertSelect */ CREATE DATABASE IF NOT EXISTS transforms /* QNO 867 CON_ID 15 */
		    18 Query	UPDATE performance_schema.setup_timers SET timer_name = 'TICK' /* QNO 875 CON_ID 18 */
		    18 Query	SET SESSION SQL_MODE= DEFAULT /* QNO 876 CON_ID 18 */
		    18 Query	FLUSH LOGS, PRIVILEGES, STATUS /* QNO 877 CON_ID 18 */
/home/travis/server/bin/mysqld, Version: 10.4.2-MariaDB-debug-log (Source distribution). started with:
Tcp port: 19300  Unix socket: /home/travis/logs/vardir/mysql.sock
Time		    Id Command	Argument
		    18 Query	ALTER IGNORE TABLE t7 KEY_BLOCK_SIZE = 0, FORCE /*!100307, ALGORITHM=INSTANT */  /* QNO 878 CON_ID 18 */
		    18 Query	SHOW TABLE STATUS FROM performance_schema  /* QNO 879 CON_ID 18 */
		    14 Query	DROP TABLE f /* QNO 1254 CON_ID 14 */
		    14 Query	REVOKE ALL PRIVILEGES ON b.* FROM 'someuser'@'somehost' /* QNO 1255 CON_ID 14 */
		    14 Query	CREATE DATABASE IF NOT EXISTS x /* QNO 1256 CON_ID 14 */
		    14 Query	REVOKE ALL PRIVILEGES ON test.l FROM 'someuser'@'somehost' /* QNO 1257 CON_ID 14 */
		    14 Query	ALTER TABLE `E` DROP COLUMN s /* QNO 1258 CON_ID 14 */
		    14 Query	REVOKE ALL PRIVILEGES ON x.* FROM 'someuser'@'somehost' /* QNO 1259 CON_ID 14 */
		    14 Query	CREATE TRIGGER a BEFORE INSERT ON `B` FOR EACH ROW BEGIN INSERT INTO `C` SELECT * FROM `A` LIMIT 0 ; END ; /* QNO 1260 CON_ID 14 */
		    15 Query	SHOW WARNINGS
		    15 Query	DROP TABLE IF EXISTS transforms.insert_select_22986 /* QNO 868 CON_ID 15 */
		    16 Query	INSERT INTO `tmp` SELECT * FROM A  /* QNO 682 CON_ID 16 */
		    15 Query	SHOW WARNINGS
		    15 Query	CREATE TABLE transforms.insert_select_22986  SELECT * FROM mysql.`columns_priv` AS table1 HAVING NOT ( (table1.`Column_name` <> 'f' IS NOT NULL OR table1.`Db` <> 'tk') OR table1.`Timestamp` <> 'km') LIMIT 142 /* QNO 865 CON_ID 15 */  /* QNO 869 CON_ID 15 */
		    16 Query	/* GenTest::Transform::ExecuteAsExecuteImmediate */ EXECUTE IMMEDIATE ' INSERT INTO `tmp` SELECT * FROM A  /* QNO 682 CON_ID 16 */ ' /* TRANSFORM_OUTCOME_UNORDERED_MATCH */ /* QNO 683 CON_ID 16 */
		    16 Prepare	INSERT INTO `tmp` SELECT * FROM A  /* QNO 682 CON_ID 16 */
		    16 Execute	INSERT INTO `tmp` SELECT * FROM A  /* QNO 682 CON_ID 16 */
		    17 Query	SELECT * FROM transforms.insert_select_22990 /* TRANSFORM_OUTCOME_UNORDERED_MATCH */ /* QNO 710 CON_ID 17 */
		    16 Query	DROP TEMPORARY TABLE IF EXISTS A  /* QNO 684 CON_ID 16 */
		    17 Query	DELETE FROM transforms.insert_select_22990 /* QNO 711 CON_ID 17 */
		    17 Query	INSERT INTO transforms.insert_select_22990  SELECT * FROM mysql.`roles_mapping` AS table1 WHERE (NOT ( table1.`Admin_option` >= table1.`Admin_option` OR table1.`Admin_option` IN ( 3, 2, 7 )) AND table1.`Admin_option` <> table1.`Admin_option`) LIMIT 242 /* QNO 705 CON_ID 17 */  /* QNO 712 CON_ID 17 */
		    17 Query	SELECT * FROM transforms.insert_select_22990 /* TRANSFORM_OUTCOME_UNORDERED_MATCH */ /* QNO 713 CON_ID 17 */
		    14 Query	ALTER TABLE `A` DROP COLUMN y /* QNO 1261 CON_ID 14 */
		    14 Query	DROP VIEW IF EXISTS f /* QNO 1262 CON_ID 14 */
		    14 Query	SHOW WARNINGS
		    17 Query	DELETE FROM transforms.insert_select_22990 /* QNO 714 CON_ID 17 */
		    14 Query	CREATE DATABASE IF NOT EXISTS h /* QNO 1263 CON_ID 14 */
		    17 Query	REPLACE INTO transforms.insert_select_22990  SELECT * FROM mysql.`roles_mapping` AS table1 WHERE (NOT ( table1.`Admin_option` >= table1.`Admin_option` OR table1.`Admin_option` IN ( 3, 2, 7 )) AND table1.`Admin_option` <> table1.`Admin_option`) LIMIT 242 /* QNO 705 CON_ID 17 */  /* QNO 715 CON_ID 17 */
		    17 Query	SELECT * FROM transforms.insert_select_22990 /* TRANSFORM_OUTCOME_UNORDERED_MATCH */ /* QNO 716 CON_ID 17 */
		    14 Query	REVOKE ALL PRIVILEGES ON test.j FROM 'someuser'@'somehost' /* QNO 1264 CON_ID 14 */
		    16 Query	ALTER TABLE `tmp` RENAME TO A /* QNO 685 CON_ID 16 */
		    16 Query	TRUNCATE TABLE performance_schema.events_waits_summary_by_event_name /* QNO 686 CON_ID 16 */
		    16 Query	SELECT CYCLE_OPTION, CYCLE_COUNT, INCREMENT, CACHE_SIZE FROM seq8 /* QNO 687 CON_ID 16 */
		    16 Query	SHOW EXPLAIN FOR 250 /* QNO 688 CON_ID 16 */
		    16 Query	FLUSH SLAVE, SLAVE, STATUS, PRIVILEGES /* QNO 689 CON_ID 16 */
		    17 Query	DROP TABLE transforms.insert_select_22990 /* QNO 717 CON_ID 17 */
		    16 Query	SHOW EXPLAIN FOR 107 /* QNO 690 CON_ID 16 */
		    16 Query	TRUNCATE TABLE performance_schema.file_summary_by_event_name /* QNO 691 CON_ID 16 */
		    16 Query	SHOW ENGINE PERFORMANCE_SCHEMA STATUS /* QNO 692 CON_ID 16 */
		    16 Query	ALTER TABLE `gtid_slave_pos` ADD FOREIGN KEY i ( `sub_id` ) REFERENCES `tables_priv` (sub_id) /*!100307, ALGORITHM=NOCOPY */, LOCK=DEFAULT /* QNO 693 CON_ID 16 */
		    16 Query	ALTER TABLE t7 ADD CONSTRAINT CHECK (tcol6 NOT LIKE ncol5)  /* QNO 694 CON_ID 16 */
		    18 Query	TRUNCATE TABLE performance_schema.events_waits_history_long /* QNO 880 CON_ID 18 */
		    16 Query	ALTER TABLE t13 MODIFY COLUMN IF EXISTS scol5 VARCHAR(51490) NOT NULL DEFAULT '', ALGORITHM=INPLACE, LOCK=SHARED /* QNO 695 CON_ID 16 */
		    18 Query	ALTER ONLINE TABLE `EVENTS` ADD FOREIGN KEY ( `STATUS` ) REFERENCES `INNODB_LOCKS` (STATUS) /*!100307, ALGORITHM=NOCOPY */, LOCK=DEFAULT /* QNO 881 CON_ID 18 */
		    18 Query	SELECT * FROM `INDEX_STATISTICS` INTO OUTFILE 'load_INDEX_STATISTICS'  /* QNO 882 CON_ID 18 */
		    18 Query	LOAD DATA INFILE 'load_INDEX_STATISTICS' IGNORE INTO TABLE INDEX_STATISTICS /* QNO 883 CON_ID 18 */
		    18 Query	SHOW PLUGINS /* QNO 884 CON_ID 18 */
		    16 Query	SET STATEMENT system_versioning_alter_history=KEEP FOR ALTER TABLE t10 ADD PERIOD FOR SYSTEM_TIME(`row_start`, `row_start`) /* QNO 696 CON_ID 16 */
		    16 Query	SET SQL_MODE= 'HIGH_NOT_PRECEDENCE,NO_UNSIGNED_SUBTRACTION,ALLOW_INVALID_DATES,STRICT_ALL_TABLES,NO_AUTO_CREATE_USER,DB2' /* QNO 697 CON_ID 16 */
		    16 Query	UPDATE performance_schema.setup_consumers SET enabled = 'NO' WHERE name LIKE 'events%' /* QNO 698 CON_ID 16 */
		    18 Query	UPDATE performance_schema.setup_timers SET timer_name = 'NANOSECOND' /* QNO 885 CON_ID 18 */
		    16 Query	SHOW ENGINE PERFORMANCE_SCHEMA STATUS /* QNO 699 CON_ID 16 */
		    18 Query	SELECT * FROM `COLUMNS` INTO OUTFILE 'load_COLUMNS'  /* QNO 886 CON_ID 18 */
		    18 Query	LOAD DATA INFILE 'load_COLUMNS' REPLACE INTO TABLE COLUMNS /* QNO 887 CON_ID 18 */
		    18 Query	INSERT INTO t14 (scol3) VALUES ('y') /* QNO 888 CON_ID 18 */
		    16 Query	SELECT * FROM performance_schema.`accounts` AS table1 WHERE NOT table1.`USER` = table1.`USER` HAVING (table1.`USER` <> 5 IS NOT NULL AND table1.`CURRENT_CONNECTIONS` != 'im') LIMIT 106 /* QNO 700 CON_ID 16 */
		    16 Query	SHOW WARNINGS
		    16 Query	ALTER IGNORE TABLE `session_connect_attrs` /*!100301 NOWAIT */ ADD INDEX IF NOT EXISTS c USING BTREE ( j(145), d ) /*!100307, ALGORITHM=NOCOPY */, LOCK=NONE  /* QNO 701 CON_ID 16 */
		    16 Query	TRUNCATE TABLE performance_schema.events_waits_summary_by_thread_by_event_name /* QNO 702 CON_ID 16 */
		    16 Query	ALTER TABLE `socket_summary_by_instance` ADD CONSTRAINT a FOREIGN KEY b (icol8) REFERENCES t8 (`SUM_TIMER_WAIT`) ON DELETE CASCADE ON UPDATE CASCADE  /* QNO 703 CON_ID 16 */
		    16 Query	SHOW ENGINE PERFORMANCE_SCHEMA STATUS /* QNO 704 CON_ID 16 */
		    16 Query	DELETE FROM `events_stages_history_long` WHERE `SOURCE` != 'mp' LIMIT 4 /* QNO 705 CON_ID 16 */
		    16 Query	SHOW SESSION STATUS  /* QNO 706 CON_ID 16 */
		    18 Query	SHOW COUNT(*) WARNINGS /* QNO 889 CON_ID 18 */
		    18 Query	ALTER TABLE `INNODB_CMP_PER_INDEX_RESET` /*!100301 NOWAIT */ DROP FOREIGN KEY IF EXISTS w, ALGORITHM=COPY  /* QNO 890 CON_ID 18 */
		    18 Query	TRUNCATE TABLE performance_schema.file_summary_by_event_name /* QNO 891 CON_ID 18 */
		    18 Query	SELECT * from t6 WHERE row_end IN (SELECT row_start FROM `INNODB_LOCKS`) /* QNO 892 CON_ID 18 */
		    18 Query	RENAME TABLE seq3 TO seq2, seq10 TO seq4, seq9 TO seq2 /* QNO 893 CON_ID 18 */
		    18 Query	SHOW ENGINE PERFORMANCE_SCHEMA STATUS /* QNO 894 CON_ID 18 */
		    18 Query	SHOW ENGINE PERFORMANCE_SCHEMA STATUS /* QNO 895 CON_ID 18 */
		    18 Query	INSERT INTO t11 () VALUES () /* QNO 896 CON_ID 18 */
		    18 Query	ALTER IGNORE TABLE `INNODB_FT_BEING_DELETED` /*!100301 */ CHANGE IF EXISTS w `DOC_ID` DATETIME DEFAULT 0, LOCK=SHARED, CHANGE IF EXISTS `DOC_ID` n GEOMETRY GENERATED ALWAYS AS ( q ) /*!100201 STORED */ /* PERSISTENT */ FIRST  /* QNO 897 CON_ID 18 */
		    18 Query	SELECT * from `CHECK_CONSTRAINTS` WHERE row_end IN (SELECT row_end FROM `INNODB_CMP_PER_INDEX`) /* QNO 898 CON_ID 18 */
		    18 Query	DELETE FROM `INNODB_SYS_TABLESPACES` WHERE `FLAG` <= 9 LIMIT 8 /* QNO 899 CON_ID 18 */
		    17 Query	SHOW TABLES /* QNO 718 CON_ID 17 */
		    16 Query	SELECT row_end FROM t2 ORDER BY RAND() LIMIT 1 INTO @trx_user_var /* QNO 707 CON_ID 16 */
		    16 Query	SHOW TABLES /* QNO 708 CON_ID 16 */
		    18 Query	ALTER TABLE `EVENTS` /*!100301 NOWAIT */ ADD COLUMN `SQL_MODE` INT ZEROFILL NOT NULL AFTER g, ALGORITHM=INPLACE, LOCK=DEFAULT  /* QNO 900 CON_ID 18 */
		    18 Query	CREATE SEQUENCE seq5  /* QNO 901 CON_ID 18 */
		    17 Query	SELECT CYCLE_COUNT, NEXT_NOT_CACHED_VALUE, CYCLE_OPTION, START_VALUE, MAXIMUM_VALUE, CACHE_SIZE, NEXT_NOT_CACHED_VALUE, INCREMENT, MAXIMUM_VALUE FROM seq5 /* QNO 719 CON_ID 17 */
		    18 Query	UPDATE performance_schema.setup_timers SET timer_name = 'NANOSECOND' /* QNO 902 CON_ID 18 */
		    18 Query	SELECT * FROM test.`CC` AS table1 LIMIT 169 /* QNO 903 CON_ID 18 */
		    16 Query	ALTER ONLINE IGNORE TABLE `setup_consumers` /*!100301 */ ADD KEY IF NOT EXISTS ind4 USING HASH ( `ENABLED` )  /* QNO 709 CON_ID 16 */
		    16 Query	TRUNCATE TABLE performance_schema.file_summary_by_event_name /* QNO 710 CON_ID 16 */
		    17 Query	/* GenTest::Transform::ExecuteAsExecuteImmediate */ EXECUTE IMMEDIATE 'SELECT CYCLE_COUNT, NEXT_NOT_CACHED_VALUE, CYCLE_OPTION, START_VALUE, MAXIMUM_VALUE, CACHE_SIZE, NEXT_NOT_CACHED_VALUE, INCREMENT, MAXIMUM_VALUE FROM seq5 /* QNO 719 CON_ID 17 */ ' /* TRANSFORM_OUTCOME_UNORDERED_MATCH */ /* QNO 720 CON_ID 17 */
		    17 Prepare	SELECT CYCLE_COUNT, NEXT_NOT_CACHED_VALUE, CYCLE_OPTION, START_VALUE, MAXIMUM_VALUE, CACHE_SIZE, NEXT_NOT_CACHED_VALUE, INCREMENT, MAXIMUM_VALUE FROM seq5 /* QNO 719 CON_ID 17 */
		    17 Execute	SELECT CYCLE_COUNT, NEXT_NOT_CACHED_VALUE, CYCLE_OPTION, START_VALUE, MAXIMUM_VALUE, CACHE_SIZE, NEXT_NOT_CACHED_VALUE, INCREMENT, MAXIMUM_VALUE FROM seq5 /* QNO 719 CON_ID 17 */
		    18 Query	SHOW CREATE TRIGGER s /* QNO 904 CON_ID 18 */
		    19 Query	DROP TABLE IF EXISTS t7 /* QNO 666 CON_ID 19 */
		    18 Query	UNLOCK TABLES /* QNO 905 CON_ID 18 */
		    16 Query	SET SQL_MODE= 'STRICT_ALL_TABLES,ALLOW_INVALID_DATES,PIPES_AS_CONCAT,NO_ZERO_IN_DATE,NO_AUTO_CREATE_USER,NO_DIR_IN_CREATE,EMPTY_STRING_IS_NULL,REAL_AS_FLOAT,NO_UNSIGNED_SUBTRACTION,IGNORE_BAD_TABLE_OPTIONS' /* QNO 711 CON_ID 16 */
		    19 Query	SHOW WARNINGS
		    19 Query	SELECT * FROM `events_stages_summary_by_thread_by_event_name` INTO OUTFILE 'load_events_stages_summary_by_thread_by_event_name'  /* QNO 667 CON_ID 19 */
		    18 Query	ALTER ONLINE IGNORE TABLE `D` /*!100301 */ ADD COLUMN IF NOT EXISTS ( `pk` BINARY NOT NULL DEFAULT 'z' /*!100303 INVISIBLE */ ), ALGORITHM=COPY  /* QNO 906 CON_ID 18 */
		    19 Query	LOAD DATA INFILE 'load_events_stages_summary_by_thread_by_event_name' IGNORE INTO TABLE events_stages_summary_by_thread_by_event_name /* QNO 668 CON_ID 19 */
		    16 Query	DROP TEMPORARY TABLE IF EXISTS `threads` /* QNO 712 CON_ID 16 */
		    16 Query	SHOW WARNINGS
		    17 Query	/* GenTest::Transform::ExecuteAsInsertSelect */ CREATE DATABASE IF NOT EXISTS transforms /* QNO 721 CON_ID 17 */
		    19 Query	UPDATE performance_schema.setup_instruments SET TIMED = 'NO' WHERE NAME LIKE 'wait/synch/cond%' /* QNO 669 CON_ID 19 */
		    16 Query	INSERT INTO seq3 VALUES (0, 8790463522673786880, 3759210496, 0, 6, 248, 1, 1) /* QNO 713 CON_ID 16 */
		    16 Query	ALTER TABLE `host_cache` DROP FOREIGN KEY IF EXISTS p  /* QNO 714 CON_ID 16 */
		    16 Query	INSERT INTO `hosts` ( `pk` ) VALUES (NULL) /* QNO 715 CON_ID 16 */
		    16 Query	DROP TABLE IF EXISTS tmp_rename_22988  /* QNO 716 CON_ID 16 */
		    19 Query	UPDATE performance_schema.setup_consumers SET enabled = 'NO' WHERE name LIKE 'events%' /* QNO 670 CON_ID 19 */
		    19 Query	UPDATE `setup_consumers` SET `NAME` = 8 WHERE `ENABLED` != '1980-08-23 14:09:51.037847' /* QNO 671 CON_ID 19 */
		    19 Query	SET SQL_MODE= 'PIPES_AS_CONCAT,NO_AUTO_CREATE_USER,NO_DIR_IN_CREATE,ONLY_FULL_GROUP_BY,NO_KEY_OPTIONS,ERROR_FOR_DIVISION_BY_ZERO,STRICT_TRANS_TABLES,DB2,REAL_AS_FLOAT,ANSI_QUOTES,NO_AUTO_VALUE_ON_ZERO,MAXDB,ALLOW_INVALID_DATES,NO_ZERO_IN_DATE,MYSQL40,NO_ENGINE_SUBSTITUTION,NO_FIELD_OPTIONS,PAD_CHAR_TO_FULL_LENGTH,NO_UNSIGNED_SUBTRACTION,TIME_ROUND_FRACTIONAL,IGNORE_SPACE' /* QNO 672 CON_ID 19 */
		    19 Query	ALTER ONLINE TABLE `events_statements_summary_by_user_by_event_name` /*!100301 */ ADD COLUMN IF NOT EXISTS t BLOB DEFAULT '' /*!100303 INVISIBLE */ /*!100307, ALGORITHM=INSTANT */  /* QNO 673 CON_ID 19 */
		    16 Query	SHOW WARNINGS
		    16 Query	RENAME TABLE `events_stages_summary_by_host_by_event_name` TO tmp_rename_22988, tmp_rename_22988 TO events_stages_summary_by_host_by_event_name /* QNO 717 CON_ID 16 */
		    16 Query	SHOW ENGINE PERFORMANCE_SCHEMA STATUS /* QNO 718 CON_ID 16 */
		    19 Query	CREATE OR REPLACE TABLE t2 (vcol7 MULTIPOLYGON AS ( geocol6 ) VIRTUAL )  /* QNO 674 CON_ID 19 */
		    16 Query	SELECT MAXIMUM_VALUE, NEXT_NOT_CACHED_VALUE, CYCLE_COUNT, CYCLE_COUNT, CACHE_SIZE FROM seq1 /* QNO 719 CON_ID 16 */
		    16 Query	/* GenTest::Transform::ExecuteAsExecuteImmediate */ EXECUTE IMMEDIATE 'SELECT MAXIMUM_VALUE, NEXT_NOT_CACHED_VALUE, CYCLE_COUNT, CYCLE_COUNT, CACHE_SIZE FROM seq1 /* QNO 719 CON_ID 16 */ ' /* TRANSFORM_OUTCOME_UNORDERED_MATCH */ /* QNO 720 CON_ID 16 */
		    16 Prepare	SELECT MAXIMUM_VALUE, NEXT_NOT_CACHED_VALUE, CYCLE_COUNT, CYCLE_COUNT, CACHE_SIZE FROM seq1 /* QNO 719 CON_ID 16 */
		    16 Execute	SELECT MAXIMUM_VALUE, NEXT_NOT_CACHED_VALUE, CYCLE_COUNT, CYCLE_COUNT, CACHE_SIZE FROM seq1 /* QNO 719 CON_ID 16 */
		    16 Query	/* GenTest::Transform::ExecuteAsInsertSelect */ CREATE DATABASE IF NOT EXISTS transforms /* QNO 721 CON_ID 16 */
		    19 Query	ALTER TABLE `setup_objects` ADD CONSTRAINT z FOREIGN KEY k (`OBJECT_SCHEMA`) REFERENCES setup_objects (`OBJECT_TYPE`) ON DELETE SET DEFAULT ON UPDATE NO ACTION /*!100307, ALGORITHM=INSTANT */  /* QNO 675 CON_ID 19 */
		    19 Query	ALTER TABLE `events_waits_history` ADD FULLTEXT KEY(scol7), ALGORITHM=COPY, LOCK=NONE /* QNO 676 CON_ID 19 */
		    15 Query	SELECT * FROM transforms.insert_select_22986 /* TRANSFORM_OUTCOME_UNORDERED_MATCH */ /* QNO 870 CON_ID 15 */
		    17 Query	SHOW WARNINGS
		    15 Query	DELETE FROM transforms.insert_select_22986 /* QNO 871 CON_ID 15 */
		    15 Query	INSERT INTO transforms.insert_select_22986  SELECT * FROM mysql.`columns_priv` AS table1 HAVING NOT ( (table1.`Column_name` <> 'f' IS NOT NULL OR table1.`Db` <> 'tk') OR table1.`Timestamp` <> 'km') LIMIT 142 /* QNO 865 CON_ID 15 */  /* QNO 872 CON_ID 15 */
		    15 Query	SELECT * FROM transforms.insert_select_22986 /* TRANSFORM_OUTCOME_UNORDERED_MATCH */ /* QNO 873 CON_ID 15 */
		    17 Query	DROP TABLE IF EXISTS transforms.insert_select_22990 /* QNO 722 CON_ID 17 */
		    14 Query	CREATE TRIGGER o BEFORE INSERT ON `B` FOR EACH ROW BEGIN INSERT INTO `DD` SELECT * FROM `BB` LIMIT 0 ; END ; /* QNO 1265 CON_ID 14 */
		    15 Query	DELETE FROM transforms.insert_select_22986 /* QNO 874 CON_ID 15 */
		    16 Query	SHOW WARNINGS
		    16 Query	DROP TABLE IF EXISTS transforms.insert_select_22988 /* QNO 722 CON_ID 16 */
		    15 Query	REPLACE INTO transforms.insert_select_22986  SELECT * FROM mysql.`columns_priv` AS table1 HAVING NOT ( (table1.`Column_name` <> 'f' IS NOT NULL OR table1.`Db` <> 'tk') OR table1.`Timestamp` <> 'km') LIMIT 142 /* QNO 865 CON_ID 15 */  /* QNO 875 CON_ID 15 */
		    17 Query	SHOW WARNINGS
		    16 Query	SHOW WARNINGS
		    16 Query	CREATE TABLE transforms.insert_select_22988 SELECT MAXIMUM_VALUE, NEXT_NOT_CACHED_VALUE, CYCLE_COUNT, CYCLE_COUNT, CACHE_SIZE FROM seq1 /* QNO 719 CON_ID 16 */  /* QNO 723 CON_ID 16 */
		    17 Query	CREATE TABLE transforms.insert_select_22990 SELECT CYCLE_COUNT, NEXT_NOT_CACHED_VALUE, CYCLE_OPTION, START_VALUE, MAXIMUM_VALUE, CACHE_SIZE, NEXT_NOT_CACHED_VALUE, INCREMENT, MAXIMUM_VALUE FROM seq5 /* QNO 719 CON_ID 17 */  /* QNO 723 CON_ID 17 */
		    17 Query	ALTER TABLE `columns_priv` ADD CONSTRAINT u FOREIGN KEY ( `Db`, `Host`, `Db` ) REFERENCES `help_keyword` (Db,Host,Db) /*!100307, ALGORITHM=NOCOPY */, LOCK=NONE /* QNO 724 CON_ID 17 */
		    15 Query	SELECT * FROM transforms.insert_select_22986 /* TRANSFORM_OUTCOME_UNORDERED_MATCH */ /* QNO 876 CON_ID 15 */
		    17 Query	ALTER TABLE t5 /*!100301 NOWAIT */ ADD FOREIGN KEY (scol4) REFERENCES t2 (tscol9) ON DELETE CASCADE, ADD CONSTRAINT FOREIGN KEY g (vcol1) REFERENCES t10 (`name`) ON DELETE SET DEFAULT, ADD CONSTRAINT CHECK (`help_keyword_id` < vcol4)  /* QNO 725 CON_ID 17 */
		    15 Query	DROP TABLE transforms.insert_select_22986 /* QNO 877 CON_ID 15 */
		    16 Query	UPDATE performance_schema.setup_consumers SET enabled = 'NO' WHERE name LIKE 'file%' /* QNO 724 CON_ID 16 */
		    16 Query	ALTER TABLE `setup_consumers` /*!100301 */ ADD UNIQUE INDEX ind9 ( `ENABLED` )  /* QNO 725 CON_ID 16 */
		    19 Query	ALTER ONLINE TABLE `events_statements_summary_by_digest` /*!100301 */ ADD KEY IF NOT EXISTS USING BTREE ( d ) KEY_BLOCK_SIZE = 13325, ALGORITHM=COPY, LOCK=EXCLUSIVE, DROP KEY IF EXISTS e  /* QNO 677 CON_ID 19 */
		    14 Query	ALTER TABLE `C` ADD KEY ( p ) /* QNO 1266 CON_ID 14 */
		    16 Query	SET STATEMENT system_versioning_alter_history=KEEP FOR ALTER TABLE `setup_instruments` ADD PARTITION IF NOT EXISTS (PARTITION ver_p5 HISTORY) /* QNO 726 CON_ID 16 */
		    16 Query	UPDATE performance_schema.setup_instruments SET ENABLED = 'NO' ORDER BY RAND() LIMIT 5 /* QNO 727 CON_ID 16 */
		    19 Query	SELECT * FROM mysql.`gtid_slave_pos` AS table1 WHERE table1.`seq_no` LIKE 'wait/synch/cond%' ORDER BY table1.`domain_id` LIMIT 187 /* QNO 678 CON_ID 19 */
		    17 Query	CREATE OR REPLACE TEMPORARY TABLE `tmp` LIKE CC  /* QNO 726 CON_ID 17 */
		    16 Query	TRUNCATE TABLE performance_schema.events_waits_summary_by_event_name /* QNO 728 CON_ID 16 */
		    17 Query	INSERT INTO `tmp` SELECT * FROM CC  /* QNO 727 CON_ID 17 */
		    16 Query	TRUNCATE TABLE performance_schema.events_waits_summary_by_instance /* QNO 729 CON_ID 16 */
		    17 Query	DROP TEMPORARY TABLE IF EXISTS CC  /* QNO 728 CON_ID 17 */
		    16 Query	DELETE FROM `mutex_instances` WHERE `OBJECT_INSTANCE_BEGIN` < 'pe' LIMIT 4 /* QNO 730 CON_ID 16 */
		    17 Query	SHOW WARNINGS
		    17 Query	ALTER TABLE `tmp` RENAME TO CC /* QNO 729 CON_ID 17 */
		    17 Query	UPDATE performance_schema.setup_consumers SET enabled = 'YES' WHERE name IN ( 'events_waits_history_long' ) /* QNO 730 CON_ID 17 */
		    16 Query	CREATE OR REPLACE TEMPORARY TABLE `tmp` LIKE BB  /* QNO 731 CON_ID 16 */
		    17 Query	ALTER TABLE t3 /*!100301 NOWAIT */ DROP INDEX ind3  /* QNO 731 CON_ID 17 */
		    14 Query	DROP VIEW IF EXISTS e /* QNO 1267 CON_ID 14 */
		    14 Query	REVOKE REPLICATION SLAVE, REPLICATION SLAVE, PROCESS ON *.* FROM 'someuser'@'somehost' /* QNO 1268 CON_ID 14 */
		    14 Query	CREATE FUNCTION v ( v INTEGER, v INTEGER ) RETURNS INTEGER RETURN 1 /* QNO 1269 CON_ID 14 */
		    14 Query	REVOKE ALL PRIVILEGES ON test.l FROM 'someuser'@'somehost' /* QNO 1270 CON_ID 14 */
		    14 Query	ALTER TABLE `D` PARTITION BY KEY() PARTITIONS 5 /* QNO 1271 CON_ID 14 */
		    19 Query	/* GenTest::Transform::ExecuteAsExecuteImmediate */ EXECUTE IMMEDIATE ' SELECT * FROM mysql.`gtid_slave_pos` AS table1 WHERE table1.`seq_no` LIKE \'wait/synch/cond%\' ORDER BY table1.`domain_id` LIMIT 187 /* QNO 678 CON_ID 19 */ ' /* TRANSFORM_OUTCOME_UNORDERED_MATCH */ /* QNO 679 CON_ID 19 */
		    19 Prepare	SELECT * FROM mysql.`gtid_slave_pos` AS table1 WHERE table1.`seq_no` LIKE 'wait/synch/cond%' ORDER BY table1.`domain_id` LIMIT 187 /* QNO 678 CON_ID 19 */
		    14 Query	GRANT PROCESS, REPLICATION SLAVE ON *.* to 'someuser'@'somehost' /* QNO 1272 CON_ID 14 */
		    19 Execute	SELECT * FROM mysql.`gtid_slave_pos` AS table1 WHERE table1.`seq_no` LIKE 'wait/synch/cond%' ORDER BY table1.`domain_id` LIMIT 187 /* QNO 678 CON_ID 19 */
		    15 Query	SHOW ENGINE PERFORMANCE_SCHEMA STATUS /* QNO 878 CON_ID 15 */
		    19 Query	/* GenTest::Transform::ExecuteAsInsertSelect */ CREATE DATABASE IF NOT EXISTS transforms /* QNO 680 CON_ID 19 */
		    14 Query	CREATE FUNCTION e ( x INTEGER, x INTEGER ) RETURNS INTEGER RETURN 1 /* QNO 1273 CON_ID 14 */
		    15 Query	INSERT INTO `event` ( `pk` ) VALUES (NULL) /* QNO 879 CON_ID 15 */
		    14 Query	DROP EVENT m /* QNO 1274 CON_ID 14 */
		    15 Query	/*!100305 SHOW PACKAGE STATUS */ /* QNO 880 CON_ID 15 */
		    19 Query	SHOW WARNINGS
		    19 Query	DROP TABLE IF EXISTS transforms.insert_select_22994 /* QNO 681 CON_ID 19 */
		    19 Query	SHOW WARNINGS
		    19 Query	CREATE TABLE transforms.insert_select_22994  SELECT * FROM mysql.`gtid_slave_pos` AS table1 WHERE table1.`seq_no` LIKE 'wait/synch/cond%' ORDER BY table1.`domain_id` LIMIT 187 /* QNO 678 CON_ID 19 */  /* QNO 682 CON_ID 19 */
		    14 Query	ALTER TABLE `DD` DROP KEY m /* QNO 1275 CON_ID 14 */
		    14 Query	CREATE TRIGGER w BEFORE INSERT ON `DD` FOR EACH ROW BEGIN INSERT INTO `A` SELECT * FROM `DD` LIMIT 0 ; END ; /* QNO 1276 CON_ID 14 */
		    15 Query	RENAME TABLE seq6 TO seq7 /* QNO 881 CON_ID 15 */
		    18 Query	ALTER TABLE `E` /*!100301 */ CHANGE COLUMN IF EXISTS c `col_int_nokey` DATETIME, ALGORITHM=INPLACE, LOCK=SHARED, ADD u SERIAL /*!100303 INVISIBLE */ /*!100201 CHECK (`col_date_nokey` LIKE 0) */, LOCK=NONE  /* QNO 907 CON_ID 18 */
		    15 Query	SELECT * FROM `event` FOR UPDATE /* QNO 882 CON_ID 15 */
		    15 Query	SET SESSION SQL_MODE= '' /* QNO 883 CON_ID 15 */
		    15 Query	CREATE OR REPLACE TEMPORARY TABLE `tmp` LIKE BB  /* QNO 884 CON_ID 15 */
		    14 Query	REVOKE ALL PRIVILEGES ON e.* FROM 'someuser'@'somehost' /* QNO 1277 CON_ID 14 */
		    17 Query	INSERT INTO t15 ( vcol8 ) SELECT scol7 FROM t19 /* QNO 732 CON_ID 17 */
		    14 Query	CREATE TRIGGER m BEFORE INSERT ON `CC` FOR EACH ROW BEGIN INSERT INTO `AA` SELECT * FROM `CC` LIMIT 0 ; END ; /* QNO 1278 CON_ID 14 */
		    14 Query	GRANT ALL PRIVILEGES ON test.y TO 'someuser'@'somehost' /* QNO 1279 CON_ID 14 */
		    14 Query	DROP TRIGGER IF EXISTS r /* QNO 1280 CON_ID 14 */
		    14 Query	SHOW WARNINGS
		    14 Query	GRANT UPDATE ( `col_varchar_nokey` ) ON `E` TO 'someuser'@'somehost' /* QNO 1281 CON_ID 14 */
		    17 Query	UPDATE performance_schema.setup_consumers SET enabled = 'NO' WHERE name LIKE 'file%' /* QNO 733 CON_ID 17 */
		    17 Query	UNLOCK TABLES /* QNO 734 CON_ID 17 */
		    17 Query	SHOW STATUS  /* QNO 735 CON_ID 17 */
		    19 Query	SELECT * FROM transforms.insert_select_22994 /* TRANSFORM_OUTCOME_UNORDERED_MATCH */ /* QNO 683 CON_ID 19 */
		    18 Query	ALTER TABLE `E` /*!100301 */ ADD IF NOT EXISTS ( a ENUM('foo','bar') NOT NULL /*!100303 INVISIBLE */ /*!100201 CHECK (a >= w) */ ), ALGORITHM=INPLACE, LOCK=EXCLUSIVE  /* QNO 908 CON_ID 18 */
		    19 Query	DELETE FROM transforms.insert_select_22994 /* QNO 684 CON_ID 19 */
		    19 Query	INSERT INTO transforms.insert_select_22994  SELECT * FROM mysql.`gtid_slave_pos` AS table1 WHERE table1.`seq_no` LIKE 'wait/synch/cond%' ORDER BY table1.`domain_id` LIMIT 187 /* QNO 678 CON_ID 19 */  /* QNO 685 CON_ID 19 */
		    14 Query	ALTER TABLE `AA` DROP PRIMARY KEY /* QNO 1282 CON_ID 14 */
		    19 Query	SELECT * FROM transforms.insert_select_22994 /* TRANSFORM_OUTCOME_UNORDERED_MATCH */ /* QNO 686 CON_ID 19 */
		    19 Query	DELETE FROM transforms.insert_select_22994 /* QNO 687 CON_ID 19 */
		    14 Query	GRANT ALL PRIVILEGES ON h.* TO 'someuser'@'somehost' /* QNO 1283 CON_ID 14 */
		    18 Query	INSERT INTO t17 () VALUES () /* QNO 909 CON_ID 18 */
		    19 Query	REPLACE INTO transforms.insert_select_22994  SELECT * FROM mysql.`gtid_slave_pos` AS table1 WHERE table1.`seq_no` LIKE 'wait/synch/cond%' ORDER BY table1.`domain_id` LIMIT 187 /* QNO 678 CON_ID 19 */  /* QNO 688 CON_ID 19 */
		    18 Query	CREATE OR REPLACE TEMPORARY TABLE `tmp` LIKE C  /* QNO 910 CON_ID 18 */
		    19 Query	SELECT * FROM transforms.insert_select_22994 /* TRANSFORM_OUTCOME_UNORDERED_MATCH */ /* QNO 689 CON_ID 19 */
		    17 Query	SELECT * FROM performance_schema.`events_statements_summary_by_thread_by_event_name` AS table1 WHERE table1.`SUM_SORT_SCAN` IN ( 8, 7, 0 ) HAVING ( ( table1.`SUM_CREATED_TMP_TABLES` != 'u' AND table1.`SUM_ERRORS` = '2016-06-11 12:03:18.061377') OR table1.`SUM_SELECT_FULL_RANGE_JOIN` <> 9) LIMIT 185 /* QNO 736 CON_ID 17 */
		    19 Query	DROP TABLE transforms.insert_select_22994 /* QNO 690 CON_ID 19 */
		    14 Query	DROP DATABASE IF EXISTS f /* QNO 1284 CON_ID 14 */
		    17 Query	CREATE OR REPLACE TEMPORARY TABLE `tmp` LIKE D  /* QNO 737 CON_ID 17 */
		    14 Query	GRANT SELECT ( `col_varchar_nokey` ) ON `BB` TO 'someuser'@'somehost' /* QNO 1285 CON_ID 14 */
		    14 Query	DROP TABLE t /* QNO 1286 CON_ID 14 */
		    14 Query	CREATE OR REPLACE VIEW f AS SELECT * FROM `C` /* QNO 1287 CON_ID 14 */
		    14 Query	/* GenTest::Transform::ExecuteAsExecuteImmediate */ EXECUTE IMMEDIATE 'CREATE OR REPLACE VIEW f AS SELECT * FROM `C` /* QNO 1287 CON_ID 14 */ ' /* TRANSFORM_OUTCOME_UNORDERED_MATCH */ /* QNO 1288 CON_ID 14 */
		    19 Query	ALTER ONLINE IGNORE TABLE `time_zone_leap_second` ADD CONSTRAINT FOREIGN KEY (`Correction`) REFERENCES time_zone_leap_second (`Transition_time`) ON DELETE RESTRICT /*!100307, ALGORITHM=INSTANT */, LOCK=DEFAULT /* QNO 691 CON_ID 19 */
		    14 Prepare	CREATE OR REPLACE VIEW f AS SELECT * FROM `C` /* QNO 1287 CON_ID 14 */
		    19 Query	ALTER TABLE `func` /*!100301 WAIT 1 */ DROP FOREIGN KEY t, ALGORITHM=COPY, LOCK=SHARED /* QNO 692 CON_ID 19 */
		    19 Query	SHOW ENGINE PERFORMANCE_SCHEMA STATUS /* QNO 693 CON_ID 19 */
		    14 Execute	CREATE OR REPLACE VIEW f AS SELECT * FROM `C` /* QNO 1287 CON_ID 14 */
		    14 Query	GRANT ALL PRIVILEGES ON test.p TO 'someuser'@'somehost' /* QNO 1289 CON_ID 14 */
		    19 Query	ALTER ONLINE TABLE `help_relation` /*!100301 WAIT 2 */ DROP FOREIGN KEY z, ALGORITHM=INPLACE, LOCK=SHARED /* QNO 694 CON_ID 19 */
		    18 Query	INSERT INTO `tmp` SELECT * FROM C  /* QNO 911 CON_ID 18 */
		    14 Query	REVOKE ALL PRIVILEGES ON test.o FROM 'someuser'@'somehost' /* QNO 1290 CON_ID 14 */
		    19 Query	SELECT * FROM (mysql.`user` AS table1 STRAIGHT_JOIN mysql.`gtid_slave_pos` AS table2 ON ( table2.`server_id` = table1.`Reload_priv` ) ) HAVING table1.`Super_priv` <= 7 LIMIT 93 /* QNO 695 CON_ID 19 */
		    14 Query	CREATE PROCEDURE m ( OUT u INT ) BEGIN SELECT COUNT(*) INTO @a FROM `C`; END ; /* QNO 1291 CON_ID 14 */
		    18 Query	/* GenTest::Transform::ExecuteAsExecuteImmediate */ EXECUTE IMMEDIATE ' INSERT INTO `tmp` SELECT * FROM C  /* QNO 911 CON_ID 18 */ ' /* TRANSFORM_OUTCOME_UNORDERED_MATCH */ /* QNO 912 CON_ID 18 */
		    18 Prepare	INSERT INTO `tmp` SELECT * FROM C  /* QNO 911 CON_ID 18 */
		    18 Execute	INSERT INTO `tmp` SELECT * FROM C  /* QNO 911 CON_ID 18 */
		    14 Query	CREATE TRIGGER f BEFORE INSERT ON `C` FOR EACH ROW BEGIN INSERT INTO `D` SELECT * FROM `AA` LIMIT 0 ; END ; /* QNO 1292 CON_ID 14 */
		    19 Query	SET SESSION SQL_MODE= 'HIGH_NOT_PRECEDENCE,ANSI,ERROR_FOR_DIVISION_BY_ZERO,MAXDB,ANSI_QUOTES,IGNORE_BAD_TABLE_OPTIONS,NO_AUTO_VALUE_ON_ZERO' /* QNO 696 CON_ID 19 */
		    18 Query	DROP TEMPORARY TABLE IF EXISTS C  /* QNO 913 CON_ID 18 */
		    19 Query	ALTER TABLE t10 CHANGE COLUMN IF EXISTS ncol5 ncol6 FLOAT, ALGORITHM=INPLACE, ADD KEY(tscol8)  /* QNO 697 CON_ID 19 */
		    19 Query	SHOW EXPLAIN FOR 149 /* QNO 698 CON_ID 19 */
		    19 Query	INSERT INTO t18 (tcol10) VALUES (''),('a') /* QNO 699 CON_ID 19 */
		    19 Query	SELECT * from `innodb_table_stats` WHERE row_start IN (SELECT row_end FROM `plugin`) /* QNO 700 CON_ID 19 */
		    19 Query	UNLOCK TABLES /* QNO 701 CON_ID 19 */
		    19 Query	SHOW EXPLAIN FOR 129 /* QNO 702 CON_ID 19 */
		    19 Query	ALTER IGNORE TABLE `help_topic` /*!100301 */ ENABLE KEYS, LOCK=NONE  /* QNO 703 CON_ID 19 */
		    19 Query	SELECT * FROM test.`C` AS table1 ORDER BY table1.`col_time_nokey`, table1.`col_int_key`, table1.`col_date_nokey`, table1.`col_datetime_key` LIMIT 200 /* QNO 704 CON_ID 19 */
		    19 Query	UPDATE performance_schema.setup_timers SET timer_name = 'MICROSECOND' /* QNO 705 CON_ID 19 */
		    19 Query	ALTER TABLE t13 DROP PRIMARY KEY /* QNO 706 CON_ID 19 */
		    15 Query	INSERT INTO `tmp` SELECT * FROM BB  /* QNO 885 CON_ID 15 */
		    14 Query	DROP FUNCTION IF EXISTS b /* QNO 1293 CON_ID 14 */
		    15 Query	/* GenTest::Transform::ExecuteAsExecuteImmediate */ EXECUTE IMMEDIATE ' INSERT INTO `tmp` SELECT * FROM BB  /* QNO 885 CON_ID 15 */ ' /* TRANSFORM_OUTCOME_UNORDERED_MATCH */ /* QNO 886 CON_ID 15 */
		    16 Query	INSERT INTO `tmp` SELECT * FROM BB  /* QNO 732 CON_ID 16 */
		    15 Prepare	INSERT INTO `tmp` SELECT * FROM BB  /* QNO 885 CON_ID 15 */
		    15 Execute	INSERT INTO `tmp` SELECT * FROM BB  /* QNO 885 CON_ID 15 */
		    15 Query	DROP TEMPORARY TABLE IF EXISTS BB  /* QNO 887 CON_ID 15 */
		    16 Query	/* GenTest::Transform::ExecuteAsExecuteImmediate */ EXECUTE IMMEDIATE ' INSERT INTO `tmp` SELECT * FROM BB  /* QNO 732 CON_ID 16 */ ' /* TRANSFORM_OUTCOME_UNORDERED_MATCH */ /* QNO 733 CON_ID 16 */
		    16 Prepare	INSERT INTO `tmp` SELECT * FROM BB  /* QNO 732 CON_ID 16 */
		    16 Execute	INSERT INTO `tmp` SELECT * FROM BB  /* QNO 732 CON_ID 16 */
		    16 Query	DROP TEMPORARY TABLE IF EXISTS BB  /* QNO 734 CON_ID 16 */
		    19 Query	ALTER TABLE `AA` /*!100301 WAIT 3 */ ADD IF NOT EXISTS ( `col_date_key` BINARY NOT NULL DEFAULT NULL ), LOCK=NONE, ADD COLUMN IF NOT EXISTS ( q DECIMAL UNSIGNED DEFAULT '', g DATETIME AS ( v ) /*!100201 STORED */ /* PERSISTENT */, `col_varchar_nokey` MEDIUMINT NOT NULL /*!100201 CHECK (h >= 4) */, y BIGINT, `pk` CHAR DEFAULT NULL, `col_date_key` BIT NOT NULL /*!100201 CHECK (d >= `pk`) */ ) /*!100307, ALGORITHM=NOCOPY */  /* QNO 707 CON_ID 19 */
		    19 Query	UPDATE performance_schema.setup_instruments SET ENABLED = 'NO' WHERE NAME LIKE '%myisam%' /* QNO 708 CON_ID 19 */
		    14 Query	CREATE FUNCTION t ( k INTEGER, d INTEGER ) RETURNS INTEGER RETURN 1 /* QNO 1294 CON_ID 14 */
		    19 Query	UNLOCK TABLES /* QNO 709 CON_ID 19 */
		    14 Query	DROP VIEW IF EXISTS y /* QNO 1295 CON_ID 14 */
		    17 Query	INSERT INTO `tmp` SELECT * FROM D  /* QNO 738 CON_ID 17 */
		    14 Query	CREATE PROCEDURE p ( IN y INT ) BEGIN SELECT COUNT(*) INTO @a FROM `C`; END ; /* QNO 1296 CON_ID 14 */
		    18 Query	ALTER TABLE `tmp` RENAME TO C /* QNO 914 CON_ID 18 */
		    15 Query	ALTER TABLE `tmp` RENAME TO BB /* QNO 888 CON_ID 15 */
		    15 Query	ALTER IGNORE TABLE `index_stats` /*!100301 WAIT 9 */ ADD IF NOT EXISTS ( `db_name` BIT, `prefix_arity` DATE NULL DEFAULT NULL, `table_name` INT NOT NULL ), ALGORITHM=INPLACE  /* QNO 889 CON_ID 15 */
		    18 Query	INSERT INTO `E` ( scol3 ) SELECT ecol5 FROM t20 /* QNO 915 CON_ID 18 */
		    19 Query	SELECT * FROM INFORMATION_SCHEMA.`REFERENTIAL_CONSTRAINTS` AS table1 HAVING ( ( table1.`REFERENCED_TABLE_NAME` >= 5 OR table1.`UNIQUE_CONSTRAINT_NAME` != 'x') OR table1.`CONSTRAINT_SCHEMA` != 2) LIMIT 57 /* QNO 710 CON_ID 19 */
		    16 Query	ALTER TABLE `tmp` RENAME TO BB /* QNO 735 CON_ID 16 */
		    16 Query	ALTER TABLE t1 REMOVE PARTITIONING /* QNO 736 CON_ID 16 */
		    16 Query	ALTER IGNORE TABLE `events_waits_summary_by_host_by_event_name` /*!100301 WAIT 7 */ DROP FOREIGN KEY k, LOCK=DEFAULT /* QNO 737 CON_ID 16 */
		    16 Query	ALTER IGNORE TABLE `file_summary_by_instance` /*!100301 NOWAIT */ DROP KEY `AVG_TIMER_WAIT`, ALGORITHM=INPLACE  /* QNO 738 CON_ID 16 */
		    18 Query	ALTER TABLE `B` /*!100301 */ ADD COLUMN IF NOT EXISTS ( v BIGINT NOT NULL DEFAULT 9 ), ADD IF NOT EXISTS `col_varchar_key` POLYGON NULL /*!100303 INVISIBLE */ /*!100307, ALGORITHM=NOCOPY */, LOCK=EXCLUSIVE, CHANGE COLUMN `pk` c CHAR NULL /*!100303 INVISIBLE */ AFTER i /*!100307, ALGORITHM=INSTANT */  /* QNO 916 CON_ID 18 */
		    15 Query	INSERT INTO `time_zone_name` SELECT * FROM `innodb_index_stats` /* QNO 890 CON_ID 15 */
		    16 Query	SHOW ENGINE PERFORMANCE_SCHEMA STATUS /* QNO 739 CON_ID 16 */
		    15 Query	UPDATE performance_schema.setup_timers SET timer_name = 'TICK' /* QNO 891 CON_ID 15 */
		    18 Query	SELECT * from `DD` WHERE row_end IN (SELECT row_end FROM `C`) /* QNO 917 CON_ID 18 */
		    15 Query	SHOW CREATE DATABASE test /* QNO 892 CON_ID 15 */
		    16 Query	DROP SEQUENCE IF EXISTS seq4, seq3 /* QNO 740 CON_ID 16 */
		    15 Query	TRUNCATE TABLE performance_schema.events_waits_history_long /* QNO 893 CON_ID 15 */
		    16 Query	SHOW WARNINGS
		    14 Query	CREATE DATABASE IF NOT EXISTS r /* QNO 1297 CON_ID 14 */
		    16 Query	SHOW EXPLAIN FOR 55 /* QNO 741 CON_ID 16 */
		    14 Query	DROP EVENT x /* QNO 1298 CON_ID 14 */
		    15 Query	SELECT SETVAL(seq1, -126) /* QNO 894 CON_ID 15 */
		    14 Query	DROP TRIGGER IF EXISTS i /* QNO 1299 CON_ID 14 */
		    14 Query	SHOW WARNINGS
		    14 Query	REVOKE ALL PRIVILEGES ON test.o FROM 'someuser'@'somehost' /* QNO 1300 CON_ID 14 */
		    14 Query	ALTER TABLE `A` DROP PRIMARY KEY /* QNO 1301 CON_ID 14 */
		    14 Query	ALTER TABLE `AA` ADD COLUMN i INTEGER DEFAULT NULL /* QNO 1302 CON_ID 14 */
		    14 Query	GRANT SELECT ( `col_date_key`, `col_datetime_key` ), INSERT ( `col_datetime_key` ) ON `BB` TO 'someuser'@'somehost' /* QNO 1303 CON_ID 14 */
		    18 Query	SET STATEMENT system_versioning_alter_history=KEEP FOR ALTER TABLE `DD` ADD PARTITION IF NOT EXISTS (PARTITION ver_p3 HISTORY) /* QNO 918 CON_ID 18 */
		    15 Query	/* GenTest::Transform::ExecuteAsExecuteImmediate */ EXECUTE IMMEDIATE 'SELECT SETVAL(seq1, -126) /* QNO 894 CON_ID 15 */ ' /* TRANSFORM_OUTCOME_UNORDERED_MATCH */ /* QNO 895 CON_ID 15 */
		    15 Prepare	SELECT SETVAL(seq1, -126) /* QNO 894 CON_ID 15 */
		    15 Execute	SELECT SETVAL(seq1, -126) /* QNO 894 CON_ID 15 */
		    15 Query	/* GenTest::Transform::ExecuteAsInsertSelect */ CREATE DATABASE IF NOT EXISTS transforms /* QNO 896 CON_ID 15 */
		    18 Query	UPDATE performance_schema.setup_instruments SET ENABLED = 'YES' ORDER BY RAND() LIMIT 2 /* QNO 919 CON_ID 18 */
		    14 Query	ALTER TABLE `CC` DROP KEY n /* QNO 1304 CON_ID 14 */
		    14 Query	ALTER TABLE `A` DROP COLUMN s /* QNO 1305 CON_ID 14 */
		    15 Query	SHOW WARNINGS
		    16 Query	SELECT * FROM test.`E` AS table1 HAVING ( (NOT ( (NOT table1.`col_int_key` <> 'e' OR table1.`col_datetime_nokey` < '1988-06-06 12:39:25.049155') AND table1.`col_varchar_key` != 5) OR table1.`col_datetime_nokey` <= 'y') OR table1.`col_datetime_key` != '2013-04-01 16:25:02.055789') ORDER BY table1.`col_varchar_key`, table1.`col_date_nokey`, table1.`col_varchar_nokey` LIMIT 138 /* QNO 742 CON_ID 16 */
		    15 Query	DROP TABLE IF EXISTS transforms.insert_select_22986 /* QNO 897 CON_ID 15 */
		    15 Query	SHOW WARNINGS
		    15 Query	CREATE TABLE transforms.insert_select_22986 SELECT SETVAL(seq1, -126) /* QNO 894 CON_ID 15 */  /* QNO 898 CON_ID 15 */
		    14 Query	ALTER TABLE `AA` PARTITION BY KEY() PARTITIONS 6 /* QNO 1306 CON_ID 14 */
		    16 Query	UNLOCK TABLES /* QNO 743 CON_ID 16 */
		    14 Query	REVOKE ALL PRIVILEGES ON test.r FROM 'someuser'@'somehost' /* QNO 1307 CON_ID 14 */
		    18 Query	CREATE OR REPLACE TEMPORARY TABLE `tmp` LIKE B  /* QNO 920 CON_ID 18 */
		    16 Query	UPDATE performance_schema.setup_instruments SET TIMED = 'NO' WHERE NAME LIKE 'wait/synch/mutex/%' /* QNO 744 CON_ID 16 */
		    16 Query	DELETE FROM `D` WHERE `col_datetime_nokey` <> 6 LIMIT 9 /* QNO 745 CON_ID 16 */
		    14 Query	GRANT ALL PRIVILEGES ON e.* TO 'someuser'@'somehost' /* QNO 1308 CON_ID 14 */
		    16 Query	SELECT * FROM (performance_schema.`table_io_waits_summary_by_index_usage` AS table1 STRAIGHT_JOIN test.`D` AS table2 ON ( table2.`pk` = table1.`SUM_TIMER_WAIT` ) ) HAVING table1.`COUNT_INSERT` >= 8 ORDER BY table2.`col_time_key`, table2.`col_varchar_key` LIMIT 146 /* QNO 746 CON_ID 16 */
		    16 Query	SET SQL_MODE= DEFAULT /* QNO 747 CON_ID 16 */
		    14 Query	ALTER TABLE `CC` DROP PRIMARY KEY /* QNO 1309 CON_ID 14 */
		    16 Query	UNLOCK TABLES /* QNO 748 CON_ID 16 */
		    14 Query	ALTER TABLE `C` PARTITION BY KEY() PARTITIONS 0 /* QNO 1310 CON_ID 14 */
		    16 Query	SHOW ENGINE PERFORMANCE_SCHEMA STATUS /* QNO 749 CON_ID 16 */
		    14 Query	REVOKE ALL PRIVILEGES ON test.t FROM 'someuser'@'somehost' /* QNO 1311 CON_ID 14 */
		    16 Query	ALTER TABLE t9 MODIFY COLUMN ecol3 ENUM('foo','bar'), ALGORITHM=INPLACE, MODIFY COLUMN IF EXISTS tscol6 DATETIME /*!100303 INVISIBLE */ FIRST, LOCK=SHARED  /* QNO 750 CON_ID 16 */
		    14 Query	DROP EVENT n /* QNO 1312 CON_ID 14 */
		    16 Query	SELECT * FROM INFORMATION_SCHEMA.`INNODB_SYS_TABLESPACES` AS table1 WHERE NOT (NOT ( table1.`FS_BLOCK_SIZE` >= table1.`ROW_FORMAT` AND table1.`ZIP_PAGE_SIZE` <> '1989-02-15 21:10:21.049271') OR table1.`ALLOCATED_SIZE` < 'zp') HAVING table1.`SPACE` >= 'pe' IS NOT NULL ORDER BY table1.`ROW_FORMAT`, table1.`FLAG`, table1.`SPACE` LIMIT 59 /* QNO 751 CON_ID 16 */
		    14 Query	GRANT SELECT ( `col_int_key` ) ON `BB` TO 'someuser'@'somehost' /* QNO 1313 CON_ID 14 */
		    14 Query	CREATE TRIGGER d BEFORE INSERT ON `D` FOR EACH ROW BEGIN INSERT INTO `AA` SELECT * FROM `A` LIMIT 0 ; END ; /* QNO 1314 CON_ID 14 */
		    16 Query	SELECT * from t5 WHERE row_start > @trx_user_var /* QNO 752 CON_ID 16 */
		    17 Query	/* GenTest::Transform::ExecuteAsExecuteImmediate */ EXECUTE IMMEDIATE ' INSERT INTO `tmp` SELECT * FROM D  /* QNO 738 CON_ID 17 */ ' /* TRANSFORM_OUTCOME_UNORDERED_MATCH */ /* QNO 739 CON_ID 17 */
		    17 Prepare	INSERT INTO `tmp` SELECT * FROM D  /* QNO 738 CON_ID 17 */
		    16 Query	/* GenTest::Transform::ExecuteAsExecuteImmediate */ EXECUTE IMMEDIATE 'SELECT * from t5 WHERE row_start > @trx_user_var /* QNO 752 CON_ID 16 */ ' /* TRANSFORM_OUTCOME_UNORDERED_MATCH */ /* QNO 753 CON_ID 16 */
		    16 Prepare	SELECT * from t5 WHERE row_start > @trx_user_var /* QNO 752 CON_ID 16 */
		    16 Execute	SELECT * from t5 WHERE row_start > @trx_user_var /* QNO 752 CON_ID 16 */
		    16 Query	/* GenTest::Transform::ExecuteAsInsertSelect */ CREATE DATABASE IF NOT EXISTS transforms /* QNO 754 CON_ID 16 */
		    14 Query	ALTER TABLE `AA` REMOVE PARTITIONING /* QNO 1315 CON_ID 14 */
		    14 Query	CREATE EVENT n ON SCHEDULE AT NOW() DO SET @a=@a /* QNO 1316 CON_ID 14 */
		    14 Query	DROP FUNCTION IF EXISTS w /* QNO 1317 CON_ID 14 */
		    14 Query	CREATE OR REPLACE VIEW p AS SELECT * FROM `BB` /* QNO 1318 CON_ID 14 */
		    18 Query	INSERT INTO `tmp` SELECT * FROM B  /* QNO 921 CON_ID 18 */
		    14 Query	/* GenTest::Transform::ExecuteAsExecuteImmediate */ EXECUTE IMMEDIATE 'CREATE OR REPLACE VIEW p AS SELECT * FROM `BB` /* QNO 1318 CON_ID 14 */ ' /* TRANSFORM_OUTCOME_UNORDERED_MATCH */ /* QNO 1319 CON_ID 14 */
		    14 Prepare	CREATE OR REPLACE VIEW p AS SELECT * FROM `BB` /* QNO 1318 CON_ID 14 */
		    18 Query	/* GenTest::Transform::ExecuteAsExecuteImmediate */ EXECUTE IMMEDIATE ' INSERT INTO `tmp` SELECT * FROM B  /* QNO 921 CON_ID 18 */ ' /* TRANSFORM_OUTCOME_UNORDERED_MATCH */ /* QNO 922 CON_ID 18 */
		    18 Prepare	INSERT INTO `tmp` SELECT * FROM B  /* QNO 921 CON_ID 18 */
		    18 Execute	INSERT INTO `tmp` SELECT * FROM B  /* QNO 921 CON_ID 18 */
		    18 Query	DROP TEMPORARY TABLE IF EXISTS B  /* QNO 923 CON_ID 18 */
		    14 Execute	CREATE OR REPLACE VIEW p AS SELECT * FROM `BB` /* QNO 1318 CON_ID 14 */
		    14 Query	REVOKE REPLICATION SLAVE, USAGE ON *.* FROM 'someuser'@'somehost' /* QNO 1320 CON_ID 14 */
		    16 Query	SHOW WARNINGS
		    16 Query	DROP TABLE IF EXISTS transforms.insert_select_22988 /* QNO 755 CON_ID 16 */
		    16 Query	SHOW WARNINGS
		    14 Query	CREATE DATABASE IF NOT EXISTS i /* QNO 1321 CON_ID 14 */
		    16 Query	CREATE TABLE transforms.insert_select_22988 SELECT * from t5 WHERE row_start > @trx_user_var /* QNO 752 CON_ID 16 */  /* QNO 756 CON_ID 16 */
		    14 Query	DROP TABLE g /* QNO 1322 CON_ID 14 */
		    18 Query	ALTER TABLE `tmp` RENAME TO B /* QNO 924 CON_ID 18 */
		    15 Query	SELECT * FROM transforms.insert_select_22986 /* TRANSFORM_OUTCOME_UNORDERED_MATCH */ /* QNO 899 CON_ID 15 */
		    18 Query	SELECT * FROM t19 FOR UPDATE /* QNO 925 CON_ID 18 */
		    15 Query	DELETE FROM transforms.insert_select_22986 /* QNO 900 CON_ID 15 */
		    18 Query	/* GenTest::Transform::ExecuteAsExecuteImmediate */ EXECUTE IMMEDIATE 'SELECT * FROM t19 FOR UPDATE /* QNO 925 CON_ID 18 */ ' /* TRANSFORM_OUTCOME_UNORDERED_MATCH */ /* QNO 926 CON_ID 18 */
		    18 Prepare	SELECT * FROM t19 FOR UPDATE /* QNO 925 CON_ID 18 */
		    18 Execute	SELECT * FROM t19 FOR UPDATE /* QNO 925 CON_ID 18 */
		    18 Query	/* GenTest::Transform::ExecuteAsInsertSelect */ CREATE DATABASE IF NOT EXISTS transforms /* QNO 927 CON_ID 18 */
		    15 Query	INSERT INTO transforms.insert_select_22986 SELECT SETVAL(seq1, -126) /* QNO 894 CON_ID 15 */  /* QNO 901 CON_ID 15 */
		    14 Query	ALTER TABLE `DD` DROP KEY i /* QNO 1323 CON_ID 14 */
		    14 Query	CREATE EVENT z ON SCHEDULE AT NOW() DO SET @a=@a /* QNO 1324 CON_ID 14 */
		    14 Query	CREATE TABLE l LIKE `A` /* QNO 1325 CON_ID 14 */
		    14 Query	ALTER TABLE `DD` ADD COLUMN o INTEGER DEFAULT NULL /* QNO 1326 CON_ID 14 */
		    14 Query	DROP VIEW IF EXISTS b /* QNO 1327 CON_ID 14 */
		    14 Query	SHOW WARNINGS
		    14 Query	GRANT SELECT ( `pk` ), UPDATE ( `col_date_nokey`, `col_int_key` ), INSERT ( `col_varchar_nokey`, `col_varchar_nokey` ) ON `DD` TO 'someuser'@'somehost' /* QNO 1328 CON_ID 14 */
		    14 Query	GRANT ALL PRIVILEGES ON test.v TO 'someuser'@'somehost' /* QNO 1329 CON_ID 14 */
		    14 Query	CREATE TABLE t LIKE `A` /* QNO 1330 CON_ID 14 */
		    15 Query	SELECT * FROM transforms.insert_select_22986 /* TRANSFORM_OUTCOME_UNORDERED_MATCH */ /* QNO 902 CON_ID 15 */
		    15 Query	DELETE FROM transforms.insert_select_22986 /* QNO 903 CON_ID 15 */
		    15 Query	REPLACE INTO transforms.insert_select_22986 SELECT SETVAL(seq1, -126) /* QNO 894 CON_ID 15 */  /* QNO 904 CON_ID 15 */
		    15 Query	SELECT * FROM transforms.insert_select_22986 /* TRANSFORM_OUTCOME_UNORDERED_MATCH */ /* QNO 905 CON_ID 15 */
		    17 Execute	INSERT INTO `tmp` SELECT * FROM D  /* QNO 738 CON_ID 17 */
		    17 Query	DROP TEMPORARY TABLE IF EXISTS D  /* QNO 740 CON_ID 17 */
		    15 Query	DROP TABLE transforms.insert_select_22986 /* QNO 906 CON_ID 15 */
		    17 Query	ALTER TABLE `tmp` RENAME TO D /* QNO 741 CON_ID 17 */
		    17 Query	INSERT INTO `events_statements_summary_by_host_by_event_name` ( `pk` ) VALUES (NULL) /* QNO 742 CON_ID 17 */
		    17 Query	FLUSH HOSTS /* QNO 743 CON_ID 17 */
		    18 Query	SHOW WARNINGS
		    18 Query	DROP TABLE IF EXISTS transforms.insert_select_22992 /* QNO 928 CON_ID 18 */
		    17 Query	UPDATE performance_schema.setup_instruments SET TIMED = 'YES' WHERE NAME LIKE '%myisam%' /* QNO 744 CON_ID 17 */
		    18 Query	SHOW WARNINGS
		    18 Query	CREATE TABLE transforms.insert_select_22992 SELECT * FROM t19 FOR UPDATE /* QNO 925 CON_ID 18 */  /* QNO 929 CON_ID 18 */
		    16 Query	SELECT * FROM transforms.insert_select_22988 /* TRANSFORM_OUTCOME_UNORDERED_MATCH */ /* QNO 757 CON_ID 16 */
		    16 Query	DELETE FROM transforms.insert_select_22988 /* QNO 758 CON_ID 16 */
		    16 Query	INSERT INTO transforms.insert_select_22988 SELECT * from t5 WHERE row_start > @trx_user_var /* QNO 752 CON_ID 16 */  /* QNO 759 CON_ID 16 */
		    16 Query	SELECT * FROM transforms.insert_select_22988 /* TRANSFORM_OUTCOME_UNORDERED_MATCH */ /* QNO 760 CON_ID 16 */
		    16 Query	DELETE FROM transforms.insert_select_22988 /* QNO 761 CON_ID 16 */
		    16 Query	REPLACE INTO transforms.insert_select_22988 SELECT * from t5 WHERE row_start > @trx_user_var /* QNO 752 CON_ID 16 */  /* QNO 762 CON_ID 16 */
		    16 Query	SELECT * FROM transforms.insert_select_22988 /* TRANSFORM_OUTCOME_UNORDERED_MATCH */ /* QNO 763 CON_ID 16 */
		    16 Query	DROP TABLE transforms.insert_select_22988 /* QNO 764 CON_ID 16 */
		    17 Query	ALTER TABLE t5 ADD FULLTEXT KEY(`EVENT_NAME`), ADD UNIQUE(tcol7), LOCK=SHARED /* QNO 745 CON_ID 17 */
		    15 Query	SET SQL_MODE= 'ANSI_QUOTES,TIME_ROUND_FRACTIONAL,POSTGRESQL,PIPES_AS_CONCAT,REAL_AS_FLOAT,NO_ENGINE_SUBSTITUTION,PAD_CHAR_TO_FULL_LENGTH,NO_AUTO_VALUE_ON_ZERO,HIGH_NOT_PRECEDENCE,ONLY_FULL_GROUP_BY,ERROR_FOR_DIVISION_BY_ZERO,DB2,STRICT_ALL_TABLES,MAXDB,ANSI,NO_BACKSLASH_ESCAPES,NO_UNSIGNED_SUBTRACTION,EMPTY_STRING_IS_NULL,ORACLE,MYSQL40,MSSQL' /* QNO 907 CON_ID 15 */
		    15 Query	ALTER TABLE `help_category` ADD CONSTRAINT g FOREIGN KEY ( `name` ) REFERENCES `transaction_registry` (name) ON DELETE SET NULL ON UPDATE CASCADE /*!100307, ALGORITHM=INSTANT */  /* QNO 908 CON_ID 15 */
		    17 Query	UPDATE `events_waits_summary_by_thread_by_event_name` SET `SUM_TIMER_WAIT` = '1993-01-10 16:42:10.017745' WHERE `EVENT_NAME` != 'je' /* QNO 746 CON_ID 17 */
		    15 Query	DROP SEQUENCE IF EXISTS seq1 /* QNO 909 CON_ID 15 */
		    17 Query	LOCK TABLES `cond_instances` WRITE, `rwlock_instances` LOW_PRIORITY WRITE  /* QNO 747 CON_ID 17 */
		    17 Query	SET GLOBAL SQL_MODE= DEFAULT /* QNO 748 CON_ID 17 */
		    17 Query	UPDATE performance_schema.setup_consumers SET enabled = 'NO' WHERE name IN ( 'events_waits_history_long', 'events_waits_summary_by_event_name', 'events_waits_history', 'file_summary_by_instance' ) /* QNO 749 CON_ID 17 */
		    17 Query	UPDATE `setup_instruments` SET `ENABLED` = 'e' WHERE `NAME` = 'e' /* QNO 750 CON_ID 17 */
		    17 Query	UNLOCK TABLES /* QNO 751 CON_ID 17 */
		    17 Query	SET SESSION SQL_MODE= DEFAULT /* QNO 752 CON_ID 17 */
		    17 Query	ALTER SEQUENCE IF EXISTS seq3 INCREMENT = 6 /* QNO 753 CON_ID 17 */
		    17 Query	SHOW WARNINGS
		    17 Query	UPDATE performance_schema.setup_instruments SET ENABLED = 'YES' ORDER BY RAND() LIMIT 5 /* QNO 754 CON_ID 17 */
		    17 Query	FLUSH NO_WRITE_TO_BINLOG QUERY CACHE /* QNO 755 CON_ID 17 */
		    17 Query	INSERT INTO `events_stages_history` SELECT * FROM `events_statements_summary_by_host_by_event_name` /* QNO 756 CON_ID 17 */
		    17 Query	SELECT * FROM (performance_schema.`accounts` AS table1 LEFT OUTER JOIN test.`B` AS table2 ON ( table2.`col_int_nokey` = table1.`CURRENT_CONNECTIONS` ) ) HAVING NOT ( ( table2.`col_datetime_nokey` <= 'b' OR table1.`HOST` < '2029-09-07 19:32:31.021485') OR table2.`col_date_key` <> 'kj') LIMIT 146 /* QNO 757 CON_ID 17 */
		    17 Query	INSERT INTO t9 ( ecol3 ) SELECT vcol10 FROM t14 /* QNO 758 CON_ID 17 */
		    17 Query	TRUNCATE TABLE performance_schema.file_summary_by_instance /* QNO 759 CON_ID 17 */
		    17 Query	SET SESSION SQL_MODE= '' /* QNO 760 CON_ID 17 */
		    17 Query	SELECT MINIMUM_VALUE, MAXIMUM_VALUE, MAXIMUM_VALUE, INCREMENT, START_VALUE, NEXT_NOT_CACHED_VALUE, MINIMUM_VALUE, MAXIMUM_VALUE, CYCLE_OPTION FROM seq5 /* QNO 761 CON_ID 17 */
		    17 Query	/* GenTest::Transform::ExecuteAsExecuteImmediate */ EXECUTE IMMEDIATE 'SELECT MINIMUM_VALUE, MAXIMUM_VALUE, MAXIMUM_VALUE, INCREMENT, START_VALUE, NEXT_NOT_CACHED_VALUE, MINIMUM_VALUE, MAXIMUM_VALUE, CYCLE_OPTION FROM seq5 /* QNO 761 CON_ID 17 */ ' /* TRANSFORM_OUTCOME_UNORDERED_MATCH */ /* QNO 762 CON_ID 17 */
		    17 Prepare	SELECT MINIMUM_VALUE, MAXIMUM_VALUE, MAXIMUM_VALUE, INCREMENT, START_VALUE, NEXT_NOT_CACHED_VALUE, MINIMUM_VALUE, MAXIMUM_VALUE, CYCLE_OPTION FROM seq5 /* QNO 761 CON_ID 17 */
		    17 Execute	SELECT MINIMUM_VALUE, MAXIMUM_VALUE, MAXIMUM_VALUE, INCREMENT, START_VALUE, NEXT_NOT_CACHED_VALUE, MINIMUM_VALUE, MAXIMUM_VALUE, CYCLE_OPTION FROM seq5 /* QNO 761 CON_ID 17 */
		    17 Query	/* GenTest::Transform::ExecuteAsInsertSelect */ CREATE DATABASE IF NOT EXISTS transforms /* QNO 763 CON_ID 17 */
190122 13:39:50	    16 Query	ALTER TABLE `KEY_COLUMN_USAGE` /*!100301 */ DROP COLUMN IF EXISTS y /*!100307, ALGORITHM=NOCOPY */  /* QNO 765 CON_ID 16 */
