		    14 Query	CREATE DATABASE IF NOT EXISTS a /* QNO 281 CON_ID 14 */
		    14 Query	SHOW WARNINGS
		    15 Query	CREATE OR REPLACE TEMPORARY TABLE `tmp` LIKE E  /* QNO 261 CON_ID 15 */
		    14 Query	GRANT ALL PRIVILEGES ON test.s TO 'someuser'@'somehost' /* QNO 282 CON_ID 14 */
		    14 Query	DROP VIEW IF EXISTS z /* QNO 283 CON_ID 14 */
		    14 Query	SHOW WARNINGS
		    14 Query	REVOKE ALL PRIVILEGES ON test.o FROM 'someuser'@'somehost' /* QNO 284 CON_ID 14 */
		    14 Query	CREATE TABLE i LIKE `BB` /* QNO 285 CON_ID 14 */
		    16 Query	INSERT INTO `KEY_CACHES` ( ecol10 ) SELECT ncol1 FROM t20 /* QNO 251 CON_ID 16 */
		    16 Query	SET GLOBAL SQL_MODE= 'SIMULTANEOUS_ASSIGNMENT,ANSI,NO_BACKSLASH_ESCAPES,ANSI_QUOTES,MYSQL323,MSSQL,NO_AUTO_CREATE_USER,TIME_ROUND_FRACTIONAL,ALLOW_INVALID_DATES,NO_AUTO_VALUE_ON_ZERO,EMPTY_STRING_IS_NULL,POSTGRESQL,MYSQL40,HIGH_NOT_PRECEDENCE,MAXDB,DB2,PIPES_AS_CONCAT,NO_DIR_IN_CREATE,STRICT_ALL_TABLES,NO_UNSIGNED_SUBTRACTION,NO_ZERO_IN_DATE,PAD_CHAR_TO_FULL_LENGTH,IGNORE_SPACE,NO_KEY_OPTIONS,ORACLE,NO_FIELD_OPTIONS,IGNORE_BAD_TABLE_OPTIONS,REAL_AS_FLOAT,NO_ENGINE_SUBSTITUTION,ERROR_FOR_DIVISION_BY_ZERO' /* QNO 252 CON_ID 16 */
		    16 Query	CREATE OR REPLACE TEMPORARY TABLE `tmp` LIKE C  /* QNO 253 CON_ID 16 */
		    15 Query	INSERT INTO `tmp` SELECT * FROM E  /* QNO 262 CON_ID 15 */
		    19 Query	SELECT * FROM transforms.insert_select_22994 /* TRANSFORM_OUTCOME_UNORDERED_MATCH */ /* QNO 207 CON_ID 19 */
		    19 Query	DELETE FROM transforms.insert_select_22994 /* QNO 208 CON_ID 19 */
		    17 Query	SHOW WARNINGS
		    15 Query	/* GenTest::Transform::ExecuteAsExecuteImmediate */ EXECUTE IMMEDIATE ' /* TRANSFORM_OUTCOME_UNORDERED_MATCH */ /* QNO 263 CON_ID 15 */
		    15 Query	DROP TEMPORARY TABLE IF EXISTS E  /* QNO 264 CON_ID 15 */
		    15 Query	SHOW WARNINGS
		    15 Query	ALTER TABLE `tmp` RENAME TO E /* QNO 265 CON_ID 15 */
		    15 Query	SELECT * FROM seq5 /* QNO 266 CON_ID 15 */
		    17 Query	DROP TABLE IF EXISTS transforms.insert_select_22990 /* QNO 143 CON_ID 17 */
		    19 Query	INSERT INTO transforms.insert_select_22994  SELECT * FROM performance_schema.`socket_instances` AS table1 WHERE ( ( table1.`PORT` != '1988-11-03 17:34:29.024937' OR table1.`EVENT_NAME` IN ( 2, 4, 9 )) OR table1.`IP` LIKE 'wait%') HAVING table1.`EVENT_NAME` < 'rh' IS NULL LIMIT 227 /* QNO 202 CON_ID 19 */  /* QNO 209 CON_ID 19 */
		    17 Query	SHOW WARNINGS
		    17 Query	CREATE TABLE transforms.insert_select_22990  SELECT * FROM performance_schema.`events_waits_summary_by_account_by_event_name` AS table1 HAVING table1.`AVG_TIMER_WAIT` >= 8 LIMIT 133 /* QNO 140 CON_ID 17 */  /* QNO 144 CON_ID 17 */
		    15 Query	ALTER IGNORE TABLE t9 /*!100301 NOWAIT */ ADD CONSTRAINT FOREIGN KEY (ncol7) REFERENCES t3 (`col_int_key`)  /* QNO 267 CON_ID 15 */
		    15 Query	SELECT row_end FROM t8 ORDER BY RAND() LIMIT 1 INTO @trx_user_var /* QNO 268 CON_ID 15 */
		    15 Query	ALTER TABLE `B` /*!100301 WAIT 4 */ ADD CONSTRAINT q FOREIGN KEY i (`col_datetime_nokey`) REFERENCES B (`col_varchar_key`) ON DELETE CASCADE /*!100307, ALGORITHM=NOCOPY */  /* QNO 269 CON_ID 15 */
		    19 Query	SELECT * FROM transforms.insert_select_22994 /* TRANSFORM_OUTCOME_UNORDERED_MATCH */ /* QNO 210 CON_ID 19 */
		    19 Query	DELETE FROM transforms.insert_select_22994 /* QNO 211 CON_ID 19 */
		    15 Query	TRUNCATE TABLE performance_schema.events_waits_summary_by_event_name /* QNO 270 CON_ID 15 */
		    15 Query	UNLOCK TABLES /* QNO 271 CON_ID 15 */
		    14 Query	ALTER TABLE `E` REMOVE PARTITIONING /* QNO 286 CON_ID 14 */
		    19 Query	REPLACE INTO transforms.insert_select_22994  SELECT * FROM performance_schema.`socket_instances` AS table1 WHERE ( ( table1.`PORT` != '1988-11-03 17:34:29.024937' OR table1.`EVENT_NAME` IN ( 2, 4, 9 )) OR table1.`IP` LIKE 'wait%') HAVING table1.`EVENT_NAME` < 'rh' IS NULL LIMIT 227 /* QNO 202 CON_ID 19 */  /* QNO 212 CON_ID 19 */
		    15 Query	SELECT * FROM INFORMATION_SCHEMA.`COLUMN_PRIVILEGES` AS table1 LIMIT 121 /* QNO 272 CON_ID 15 */
		    19 Query	SELECT * FROM transforms.insert_select_22994 /* TRANSFORM_OUTCOME_UNORDERED_MATCH */ /* QNO 213 CON_ID 19 */
		    14 Query	CREATE TRIGGER i BEFORE INSERT ON `DD` FOR EACH ROW BEGIN INSERT INTO `AA` SELECT * FROM `DD` LIMIT 0 ; END ; /* QNO 287 CON_ID 14 */
190122 13:39:39	    14 Query	DROP EVENT b /* QNO 288 CON_ID 14 */
		    14 Query	GRANT SELECT ( `col_int_key`, `col_time_key`, `col_date_nokey` ), SELECT ( `col_int_nokey`, `col_int_nokey` ), INSERT ( `col_int_key`, `col_datetime_nokey` ), UPDATE ( `col_time_nokey`, `pk` ) ON `E` TO 'someuser'@'somehost' /* QNO 289 CON_ID 14 */
		    14 Query	DROP TABLE x /* QNO 290 CON_ID 14 */
		    19 Query	DROP TABLE transforms.insert_select_22994 /* QNO 214 CON_ID 19 */
		    14 Query	ALTER TABLE `CC` ADD KEY ( j ) /* QNO 291 CON_ID 14 */
		    15 Query	/* GenTest::Transform::ExecuteAsExecuteImmediate */ EXECUTE IMMEDIATE ' /* TRANSFORM_OUTCOME_UNORDERED_MATCH */ /* QNO 273 CON_ID 15 */
		    14 Query	CREATE FUNCTION z ( g INTEGER, c INTEGER ) RETURNS INTEGER RETURN 1 /* QNO 292 CON_ID 14 */
		    15 Query	/* GenTest::Transform::ExecuteAsInsertSelect */ CREATE DATABASE IF NOT EXISTS transforms /* QNO 274 CON_ID 15 */
		    14 Query	ALTER TABLE `AA` DROP KEY n /* QNO 293 CON_ID 14 */
		    14 Query	REVOKE ALL PRIVILEGES ON d.* FROM 'someuser'@'somehost' /* QNO 294 CON_ID 14 */
		    14 Query	DROP TRIGGER IF EXISTS c /* QNO 295 CON_ID 14 */
		    14 Query	SHOW WARNINGS
		    14 Query	ALTER TABLE `CC` ADD COLUMN o INTEGER DEFAULT NULL /* QNO 296 CON_ID 14 */
		    14 Query	DROP TRIGGER IF EXISTS v /* QNO 297 CON_ID 14 */
		    14 Query	SHOW WARNINGS
		    14 Query	DROP PROCEDURE IF EXISTS w /* QNO 298 CON_ID 14 */
		    14 Query	SHOW WARNINGS
		    14 Query	ALTER TABLE `A` ADD COLUMN m INTEGER DEFAULT NULL /* QNO 299 CON_ID 14 */
		    19 Query	UNLOCK TABLES /* QNO 215 CON_ID 19 */
		    19 Query	ALTER TABLE `events_stages_summary_global_by_event_name` /*!100301 WAIT 2 */ ADD FOREIGN KEY w (`COUNT_STAR`) REFERENCES events_stages_summary_global_by_event_name (`COUNT_STAR`)  /* QNO 216 CON_ID 19 */
		    19 Query	SET SQL_MODE= DEFAULT /* QNO 217 CON_ID 19 */
		    19 Query	RENAME TABLE seq3 TO seq8, seq9 TO seq5 /* QNO 218 CON_ID 19 */
		    19 Query	SET SESSION SQL_MODE= 'ANSI,NO_UNSIGNED_SUBTRACTION,POSTGRESQL,ANSI_QUOTES,DB2,REAL_AS_FLOAT,NO_ZERO_IN_DATE,NO_BACKSLASH_ESCAPES,IGNORE_BAD_TABLE_OPTIONS,NO_DIR_IN_CREATE,HIGH_NOT_PRECEDENCE,NO_KEY_OPTIONS,MSSQL,IGNORE_SPACE,MYSQL323,NO_AUTO_CREATE_USER,EMPTY_STRING_IS_NULL,MAXDB,SIMULTANEOUS_ASSIGNMENT,STRICT_ALL_TABLES,PAD_CHAR_TO_FULL_LENGTH,ONLY_FULL_GROUP_BY,NO_TABLE_OPTIONS,TIME_ROUND_FRACTIONAL,ERROR_FOR_DIVISION_BY_ZERO,ALLOW_INVALID_DATES' /* QNO 219 CON_ID 19 */
		    19 Query	UPDATE performance_schema.setup_timers SET timer_name = 'NANOSECOND' /* QNO 220 CON_ID 19 */
		    19 Query	SET STATEMENT system_versioning_alter_history=KEEP FOR ALTER TABLE t10 ADD SYSTEM VERSIONING /* QNO 221 CON_ID 19 */
		    19 Query	SELECT * from `events_waits_summary_by_host_by_event_name` WHERE row_start > @trx_user_var /* QNO 222 CON_ID 19 */
		    14 Query	ALTER TABLE `B` PARTITION BY KEY() PARTITIONS 2 /* QNO 300 CON_ID 14 */
		    19 Query	TRUNCATE TABLE `users` /* QNO 223 CON_ID 19 */
		    19 Query	SET SESSION FOREIGN_KEY_CHECKS = OFF /* QNO 224 CON_ID 19 */
		    19 Query	INSERT INTO `threads` SELECT * FROM `events_waits_summary_by_host_by_event_name` /* QNO 225 CON_ID 19 */
		    19 Query	UNLOCK TABLES /* QNO 226 CON_ID 19 */
		    19 Query	DROP TEMPORARY TABLE IF EXISTS `objects_summary_global_by_type` /* QNO 227 CON_ID 19 */
		    18 Query	SELECT * FROM transforms.insert_select_22992 /* TRANSFORM_OUTCOME_UNORDERED_MATCH */ /* QNO 153 CON_ID 18 */
		    19 Query	SHOW WARNINGS
		    18 Query	DROP TABLE transforms.insert_select_22992 /* QNO 154 CON_ID 18 */
		    19 Query	ALTER TABLE `host_cache` /*!100301 NOWAIT */ ADD `HOST` BIT /*!100303 INVISIBLE */ /*!100201 CHECK (`LAST_SEEN` NOT LIKE 0) */ FIRST, ALGORITHM=INPLACE, LOCK=EXCLUSIVE, ADD IF NOT EXISTS ( x SMALLINT NOT NULL DEFAULT 0, e BIT NOT NULL /*!100201 CHECK (g > t) */, `COUNT_HANDSHAKE_ERRORS` SERIAL, j TINYINT DEFAULT 15, w INT ZEROFILL NOT NULL DEFAULT 38 ), LOCK=EXCLUSIVE  /* QNO 228 CON_ID 19 */
		    14 Query	ALTER TABLE `DD` ADD COLUMN u INTEGER DEFAULT NULL /* QNO 301 CON_ID 14 */
		    14 Query	GRANT ALL PRIVILEGES ON test.j TO 'someuser'@'somehost' /* QNO 302 CON_ID 14 */
		    14 Query	ALTER TABLE `AA` DROP PRIMARY KEY /* QNO 303 CON_ID 14 */
		    14 Query	DROP TRIGGER IF EXISTS l /* QNO 304 CON_ID 14 */
		    14 Query	SHOW WARNINGS
		    14 Query	DROP TABLE g /* QNO 305 CON_ID 14 */
		    19 Query	INSERT INTO `events_stages_summary_by_host_by_event_name` SELECT * FROM `events_statements_current` /* QNO 229 CON_ID 19 */
		    19 Query	CREATE OR REPLACE TEMPORARY TABLE `tmp` LIKE C  /* QNO 230 CON_ID 19 */
		    16 Query	INSERT INTO `tmp` SELECT * FROM C  /* QNO 254 CON_ID 16 */
		    16 Query	/* GenTest::Transform::ExecuteAsExecuteImmediate */ EXECUTE IMMEDIATE ' INSERT INTO `tmp` SELECT * FROM C  /* QNO 254 CON_ID 16 */ ' /* TRANSFORM_OUTCOME_UNORDERED_MATCH */ /* QNO 255 CON_ID 16 */
		    16 Prepare	INSERT INTO `tmp` SELECT * FROM C  /* QNO 254 CON_ID 16 */
		    16 Execute	INSERT INTO `tmp` SELECT * FROM C  /* QNO 254 CON_ID 16 */
		    16 Query	DROP TEMPORARY TABLE IF EXISTS C  /* QNO 256 CON_ID 16 */
		    14 Query	ALTER TABLE `A` ADD KEY ( h ) /* QNO 306 CON_ID 14 */
		    14 Query	CREATE TRIGGER h BEFORE INSERT ON `CC` FOR EACH ROW BEGIN INSERT INTO `AA` SELECT * FROM `E` LIMIT 0 ; END ; /* QNO 307 CON_ID 14 */
		    16 Query	ALTER TABLE `tmp` RENAME TO C /* QNO 257 CON_ID 16 */
		    14 Query	GRANT SELECT ( `col_datetime_nokey` ) ON `BB` TO 'someuser'@'somehost' /* QNO 308 CON_ID 14 */
		    14 Query	ALTER TABLE `A` ADD KEY ( p ) /* QNO 309 CON_ID 14 */
		    16 Query	ALTER IGNORE TABLE `INNODB_SYS_COLUMNS` /*!100301 */ DROP CONSTRAINT IF EXISTS g, ADD UNIQUE l ( p(227) ), ALGORITHM=DEFAULT, LOCK=SHARED, ADD CONSTRAINT j PRIMARY KEY ( `MTYPE`, `MTYPE` )  /* QNO 258 CON_ID 16 */
		    14 Query	GRANT ALL PRIVILEGES ON r.* TO 'someuser'@'somehost' /* QNO 310 CON_ID 14 */
		    16 Query	ALTER TABLE `INNODB_FT_BEING_DELETED` ADD COLUMN ( `DOC_ID` BIGINT UNSIGNED NULL ), ALGORITHM=INPLACE, ADD COLUMN bcol8 BIT DEFAULT 0  /* QNO 259 CON_ID 16 */
		    16 Query	UNLOCK TABLES /* QNO 260 CON_ID 16 */
		    14 Query	ALTER TABLE `CC` REMOVE PARTITIONING /* QNO 311 CON_ID 14 */
		    16 Query	ALTER TABLE `APPLICABLE_ROLES` /*!100301 NOWAIT */ CHANGE COLUMN IF EXISTS `GRANTEE` p DATETIME NULL /*!100307, ALGORITHM=NOCOPY */, LOCK=EXCLUSIVE  /* QNO 261 CON_ID 16 */
		    14 Query	ALTER TABLE `B` DROP COLUMN l /* QNO 312 CON_ID 14 */
		    16 Query	SHOW EXPLAIN FOR 104 /* QNO 262 CON_ID 16 */
		    14 Query	REVOKE ALL PRIVILEGES ON k.* FROM 'someuser'@'somehost' /* QNO 313 CON_ID 14 */
		    16 Query	CREATE OR REPLACE TEMPORARY TABLE `tmp` LIKE CC  /* QNO 263 CON_ID 16 */
		    14 Query	DROP PROCEDURE IF EXISTS d /* QNO 314 CON_ID 14 */
		    14 Query	SHOW WARNINGS
		    19 Query	INSERT INTO `tmp` SELECT * FROM C  /* QNO 231 CON_ID 19 */
		    14 Query	REVOKE ALL PRIVILEGES ON w.* FROM 'someuser'@'somehost' /* QNO 315 CON_ID 14 */
		    19 Query	/* GenTest::Transform::ExecuteAsExecuteImmediate */ EXECUTE IMMEDIATE ' /* TRANSFORM_OUTCOME_UNORDERED_MATCH */ /* QNO 232 CON_ID 19 */
		    16 Query	INSERT INTO `tmp` SELECT * FROM CC  /* QNO 264 CON_ID 16 */
		    16 Query	DROP TEMPORARY TABLE IF EXISTS CC  /* QNO 265 CON_ID 16 */
		    19 Query	DROP TEMPORARY TABLE IF EXISTS C  /* QNO 233 CON_ID 19 */
		    16 Query	SHOW WARNINGS
		    16 Query	ALTER TABLE `tmp` RENAME TO CC /* QNO 266 CON_ID 16 */
		    14 Query	DROP DATABASE IF EXISTS g /* QNO 316 CON_ID 14 */
		    14 Query	SHOW WARNINGS
		    14 Query	ALTER TABLE `C` REMOVE PARTITIONING /* QNO 317 CON_ID 14 */
		    16 Query	ALTER TABLE t9 FORCE, LOCK=SHARED  /* QNO 267 CON_ID 16 */
		    14 Query	ALTER TABLE `B` PARTITION BY KEY() PARTITIONS 1 /* QNO 318 CON_ID 14 */
		    15 Query	SHOW WARNINGS
		    15 Query	DROP TABLE IF EXISTS transforms.insert_select_22986 /* QNO 275 CON_ID 15 */
		    15 Query	SHOW WARNINGS
		    19 Query	ALTER TABLE `tmp` RENAME TO C /* QNO 234 CON_ID 19 */
		    19 Query	ALTER TABLE `setup_objects` /*!100301 WAIT 9 */ ADD PRIMARY KEY USING RTREE ( n ) KEY_BLOCK_SIZE = 45374, ALGORITHM=INPLACE, LOCK=SHARED  /* QNO 235 CON_ID 19 */
		    19 Query	DELETE FROM `file_instances` WHERE `FILE_NAME` > 'hm' LIMIT 4 /* QNO 236 CON_ID 19 */
		    19 Query	SELECT * FROM performance_schema.`events_statements_history` AS table1 HAVING (table1.`RETURNED_SQLSTATE` >= 5 IS NULL OR table1.`SELECT_SCAN` != '2000-05-23 10:37:10.025675') LIMIT 163 /* QNO 237 CON_ID 19 */
		    15 Query	CREATE TABLE transforms.insert_select_22986  SELECT * FROM INFORMATION_SCHEMA.`COLUMN_PRIVILEGES` AS table1 LIMIT 121 /* QNO 272 CON_ID 15 */  /* QNO 276 CON_ID 15 */
		    17 Query	SELECT * FROM transforms.insert_select_22990 /* TRANSFORM_OUTCOME_UNORDERED_MATCH */ /* QNO 145 CON_ID 17 */
		    17 Query	DELETE FROM transforms.insert_select_22990 /* QNO 146 CON_ID 17 */
		    19 Query	SELECT * FROM `events_statements_history_long` INTO OUTFILE 'load_events_statements_history_long'  /* QNO 238 CON_ID 19 */
		    19 Query	LOAD DATA INFILE 'load_events_statements_history_long' REPLACE INTO TABLE events_statements_history_long /* QNO 239 CON_ID 19 */
		    19 Query	ALTER ONLINE TABLE `table_lock_waits_summary_by_table` /*!100301 WAIT 1 */ ADD CONSTRAINT h UNIQUE INDEX ( `COUNT_WRITE_ALLOW_WRITE`(203) ), ALGORITHM=COPY, LOCK=DEFAULT  /* QNO 240 CON_ID 19 */
		    19 Query	SHOW ENGINE PERFORMANCE_SCHEMA STATUS /* QNO 241 CON_ID 19 */
		    19 Query	ALTER IGNORE TABLE `events_stages_summary_by_user_by_event_name` /*!100301 */ ADD INDEX IF NOT EXISTS k ( `MIN_TIMER_WAIT`(193) DESC ) /*!100307, ALGORITHM=NOCOPY */, LOCK=EXCLUSIVE  /* QNO 242 CON_ID 19 */
		    19 Query	INSERT INTO `threads` ( `pk` ) VALUES (NULL) /* QNO 243 CON_ID 19 */
		    19 Query	UNLOCK TABLES /* QNO 244 CON_ID 19 */
		    19 Query	SET SESSION SQL_MODE= '' /* QNO 245 CON_ID 19 */
		    19 Query	SHOW ENGINE PERFORMANCE_SCHEMA STATUS /* QNO 246 CON_ID 19 */
		    19 Query	UPDATE performance_schema.setup_consumers SET enabled = 'YES' WHERE name IN ( 'file_summary_by_instance', 'events_waits_history', 'events_waits_summary_by_thread_by_event_name', 'file_summary_by_event_name' ) /* QNO 247 CON_ID 19 */
		    19 Query	TRUNCATE TABLE t18 /* QNO 248 CON_ID 19 */
		    19 Query	SELECT * FROM mysql.`user` AS table1 WHERE table1.`Index_priv` < table1.`ssl_cipher` HAVING (table1.`Event_priv` = 'm' IS NULL OR table1.`default_role` <= '2026-06-17 14:10:44.034712') ORDER BY table1.`Super_priv` LIMIT 122 /* QNO 249 CON_ID 19 */
		    19 Query	/* GenTest::Transform::ExecuteAsExecuteImmediate */ EXECUTE IMMEDIATE ' SELECT * FROM mysql.`user` AS table1 WHERE table1.`Index_priv` < table1.`ssl_cipher` HAVING (table1.`Event_priv` = \'m\' IS NULL OR table1.`default_role` <= \'2026-06-17 14:10:44.034712\') ORDER BY table1.`Super_priv` LIMIT 122 /* QNO 249 CON_ID 19 */ ' /* TRANSFORM_OUTCOME_UNORDERED_MATCH */ /* QNO 250 CON_ID 19 */
		    17 Query	INSERT INTO transforms.insert_select_22990  SELECT * FROM performance_schema.`events_waits_summary_by_account_by_event_name` AS table1 HAVING table1.`AVG_TIMER_WAIT` >= 8 LIMIT 133 /* QNO 140 CON_ID 17 */  /* QNO 147 CON_ID 17 */
		    14 Query	DROP PROCEDURE IF EXISTS p /* QNO 319 CON_ID 14 */
		    14 Query	SHOW WARNINGS
		    14 Query	CREATE TABLE x LIKE `C` /* QNO 320 CON_ID 14 */
		    19 Prepare	SELECT * FROM mysql.`user` AS table1 WHERE table1.`Index_priv` < table1.`ssl_cipher` HAVING (table1.`Event_priv` = 'm' IS NULL OR table1.`default_role` <= '2026-06-17 14:10:44.034712') ORDER BY table1.`Super_priv` LIMIT 122 /* QNO 249 CON_ID 19 */
		    19 Execute	SELECT * FROM mysql.`user` AS table1 WHERE table1.`Index_priv` < table1.`ssl_cipher` HAVING (table1.`Event_priv` = 'm' IS NULL OR table1.`default_role` <= '2026-06-17 14:10:44.034712') ORDER BY table1.`Super_priv` LIMIT 122 /* QNO 249 CON_ID 19 */
		    19 Query	/* GenTest::Transform::ExecuteAsInsertSelect */ CREATE DATABASE IF NOT EXISTS transforms /* QNO 251 CON_ID 19 */
		    14 Query	ALTER TABLE `CC` DROP PRIMARY KEY /* QNO 321 CON_ID 14 */
		    14 Query	GRANT UPDATE ( `col_int_nokey`, `col_varchar_nokey`, `col_date_key` ) ON `D` TO 'someuser'@'somehost' /* QNO 322 CON_ID 14 */
		    14 Query	ALTER TABLE `AA` PARTITION BY KEY() PARTITIONS 7 /* QNO 323 CON_ID 14 */
		    14 Query	GRANT SELECT ( `col_varchar_nokey`, `col_time_key` ), UPDATE ( `col_datetime_nokey`, `pk` ) ON `BB` TO 'someuser'@'somehost' /* QNO 324 CON_ID 14 */
		    14 Query	CREATE FUNCTION m ( y INTEGER, o INTEGER ) RETURNS INTEGER RETURN 1 /* QNO 325 CON_ID 14 */
		    14 Query	GRANT ALL PRIVILEGES ON test.x TO 'someuser'@'somehost' /* QNO 326 CON_ID 14 */
		    14 Query	DROP TABLE i /* QNO 327 CON_ID 14 */
		    18 Query	SET GLOBAL SQL_MODE= 'NO_UNSIGNED_SUBTRACTION,NO_DIR_IN_CREATE,IGNORE_SPACE,NO_ENGINE_SUBSTITUTION,EMPTY_STRING_IS_NULL,MYSQL40,HIGH_NOT_PRECEDENCE,STRICT_ALL_TABLES,ERROR_FOR_DIVISION_BY_ZERO,IGNORE_BAD_TABLE_OPTIONS,REAL_AS_FLOAT,POSTGRESQL' /* QNO 155 CON_ID 18 */
		    18 Query	CREATE OR REPLACE TEMPORARY TABLE `tmp` LIKE B  /* QNO 156 CON_ID 18 */
		    16 Query	ALTER TABLE `KEY_CACHES` ADD CONSTRAINT q FOREIGN KEY ( `SEGMENTS` ) REFERENCES `TABLE_PRIVILEGES` (SEGMENTS) ON DELETE CASCADE ON UPDATE SET DEFAULT, ALGORITHM=COPY  /* QNO 268 CON_ID 16 */
		    16 Query	ALTER ONLINE TABLE `INNODB_LOCK_WAITS` /*!100301 */ ADD INDEX IF NOT EXISTS o USING BTREE ( v ), ADD INDEX ind1 USING BTREE ( `blocking_trx_id`(88), z(148) ASC ), LOCK=SHARED  /* QNO 269 CON_ID 16 */
		    16 Query	CREATE OR REPLACE TEMPORARY TABLE `tmp` LIKE D  /* QNO 270 CON_ID 16 */
		    18 Query	INSERT INTO `tmp` SELECT * FROM B  /* QNO 157 CON_ID 18 */
		    18 Query	/* GenTest::Transform::ExecuteAsExecuteImmediate */ EXECUTE IMMEDIATE ' INSERT INTO `tmp` SELECT * FROM B  /* QNO 157 CON_ID 18 */ ' /* TRANSFORM_OUTCOME_UNORDERED_MATCH */ /* QNO 158 CON_ID 18 */
		    18 Prepare	INSERT INTO `tmp` SELECT * FROM B  /* QNO 157 CON_ID 18 */
		    18 Execute	INSERT INTO `tmp` SELECT * FROM B  /* QNO 157 CON_ID 18 */
		    18 Query	DROP TEMPORARY TABLE IF EXISTS B  /* QNO 159 CON_ID 18 */
		    14 Query	REVOKE ALL PRIVILEGES ON test.r FROM 'someuser'@'somehost' /* QNO 328 CON_ID 14 */
		    18 Query	SHOW WARNINGS
		    18 Query	ALTER TABLE `tmp` RENAME TO B /* QNO 160 CON_ID 18 */
		    14 Query	ALTER TABLE `AA` DROP KEY g /* QNO 329 CON_ID 14 */
		    14 Query	ALTER TABLE `A` REMOVE PARTITIONING /* QNO 330 CON_ID 14 */
		    18 Query	ALTER TABLE t10 ADD COLUMN IF NOT EXISTS ( bcol2 BIT NOT NULL, scol9 VARBINARY(52735) NOT NULL ), LOCK=NONE /* QNO 161 CON_ID 18 */
		    14 Query	CREATE DATABASE IF NOT EXISTS y /* QNO 331 CON_ID 14 */
		    14 Query	SHOW WARNINGS
		    14 Query	ALTER TABLE `DD` ADD KEY ( m ) /* QNO 332 CON_ID 14 */
		    18 Query	ALTER ONLINE IGNORE TABLE `events_statements_history_long` /*!100301 */ DROP INDEX IF EXISTS `SELECT_RANGE_CHECK`, LOCK=EXCLUSIVE  /* QNO 162 CON_ID 18 */
		    14 Query	DROP TRIGGER IF EXISTS p /* QNO 333 CON_ID 14 */
		    14 Query	SHOW WARNINGS
		    18 Query	UPDATE performance_schema.setup_consumers SET enabled = 'YES' WHERE name LIKE 'file%' /* QNO 163 CON_ID 18 */
		    14 Query	GRANT ALL PRIVILEGES ON v.* TO 'someuser'@'somehost' /* QNO 334 CON_ID 14 */
		    14 Query	ALTER TABLE `A` DROP COLUMN n /* QNO 335 CON_ID 14 */
		    18 Query	SELECT * FROM INFORMATION_SCHEMA.`INNODB_SYS_COLUMNS` AS table1 HAVING NOT table1.`PRTYPE` = 'n' LIMIT 243 /* QNO 164 CON_ID 18 */
		    14 Query	DROP TABLE n /* QNO 336 CON_ID 14 */
		    14 Query	CREATE PROCEDURE w ( OUT v INT ) BEGIN SELECT COUNT(*) INTO @a FROM `DD`; END ; /* QNO 337 CON_ID 14 */
		    14 Query	DROP TABLE p /* QNO 338 CON_ID 14 */
		    14 Query	DROP TABLE o /* QNO 339 CON_ID 14 */
		    14 Query	GRANT INSERT ( `pk`, `col_varchar_nokey`, `col_time_nokey`, `col_time_nokey` ) ON `AA` TO 'someuser'@'somehost' /* QNO 340 CON_ID 14 */
		    14 Query	CREATE TRIGGER j BEFORE INSERT ON `E` FOR EACH ROW BEGIN INSERT INTO `A` SELECT * FROM `B` LIMIT 0 ; END ; /* QNO 341 CON_ID 14 */
		    19 Query	SHOW WARNINGS
		    19 Query	DROP TABLE IF EXISTS transforms.insert_select_22994 /* QNO 252 CON_ID 19 */
		    15 Query	SELECT * FROM transforms.insert_select_22986 /* TRANSFORM_OUTCOME_UNORDERED_MATCH */ /* QNO 277 CON_ID 15 */
		    19 Query	SHOW WARNINGS
		    19 Query	CREATE TABLE transforms.insert_select_22994  SELECT * FROM mysql.`user` AS table1 WHERE table1.`Index_priv` < table1.`ssl_cipher` HAVING (table1.`Event_priv` = 'm' IS NULL OR table1.`default_role` <= '2026-06-17 14:10:44.034712') ORDER BY table1.`Super_priv` LIMIT 122 /* QNO 249 CON_ID 19 */  /* QNO 253 CON_ID 19 */
		    18 Query	SHOW WARNINGS
		    15 Query	DELETE FROM transforms.insert_select_22986 /* QNO 278 CON_ID 15 */
		    15 Query	INSERT INTO transforms.insert_select_22986  SELECT * FROM INFORMATION_SCHEMA.`COLUMN_PRIVILEGES` AS table1 LIMIT 121 /* QNO 272 CON_ID 15 */  /* QNO 279 CON_ID 15 */
		    15 Query	SELECT * FROM transforms.insert_select_22986 /* TRANSFORM_OUTCOME_UNORDERED_MATCH */ /* QNO 280 CON_ID 15 */
		    15 Query	DELETE FROM transforms.insert_select_22986 /* QNO 281 CON_ID 15 */
		    15 Query	REPLACE INTO transforms.insert_select_22986  SELECT * FROM INFORMATION_SCHEMA.`COLUMN_PRIVILEGES` AS table1 LIMIT 121 /* QNO 272 CON_ID 15 */  /* QNO 282 CON_ID 15 */
		    17 Query	SELECT * FROM transforms.insert_select_22990 /* TRANSFORM_OUTCOME_UNORDERED_MATCH */ /* QNO 148 CON_ID 17 */
		    18 Query	SELECT * FROM `INNODB_FT_INDEX_TABLE` INTO OUTFILE 'load_INNODB_FT_INDEX_TABLE'  /* QNO 165 CON_ID 18 */
		    15 Query	SELECT * FROM transforms.insert_select_22986 /* TRANSFORM_OUTCOME_UNORDERED_MATCH */ /* QNO 283 CON_ID 15 */
		    15 Query	DROP TABLE transforms.insert_select_22986 /* QNO 284 CON_ID 15 */
		    18 Query	LOAD DATA INFILE 'load_INNODB_FT_INDEX_TABLE' IGNORE INTO TABLE INNODB_FT_INDEX_TABLE /* QNO 166 CON_ID 18 */
		    18 Query	SELECT * FROM test.`E` AS table1 WHERE NOT ( ( table1.`col_int_key` != 'dv' OR table1.`col_int_key` > 6) AND table1.`pk` != '1973-09-26 19:45:27.016665') HAVING ( table1.`pk` > 'v' OR table1.`col_datetime_nokey` < 'z') LIMIT 74 /* QNO 167 CON_ID 18 */
		    17 Query	DELETE FROM transforms.insert_select_22990 /* QNO 149 CON_ID 17 */
		    14 Query	CREATE OR REPLACE VIEW u AS SELECT * FROM `C` /* QNO 342 CON_ID 14 */
		    16 Query	INSERT INTO `tmp` SELECT * FROM D  /* QNO 271 CON_ID 16 */
		    14 Query	/* GenTest::Transform::ExecuteAsExecuteImmediate */ EXECUTE IMMEDIATE 'CREATE OR REPLACE VIEW u AS SELECT * FROM `C` /* QNO 342 CON_ID 14 */ ' /* TRANSFORM_OUTCOME_UNORDERED_MATCH */ /* QNO 343 CON_ID 14 */
		    14 Prepare	CREATE OR REPLACE VIEW u AS SELECT * FROM `C` /* QNO 342 CON_ID 14 */
		    14 Execute	CREATE OR REPLACE VIEW u AS SELECT * FROM `C` /* QNO 342 CON_ID 14 */
		    14 Query	REVOKE ALL PRIVILEGES ON z.* FROM 'someuser'@'somehost' /* QNO 344 CON_ID 14 */
		    15 Query	ALTER IGNORE TABLE `INNODB_SYS_FOREIGN` /*!100301 NOWAIT */ ADD IF NOT EXISTS `ID` DECIMAL UNSIGNED NOT NULL FIRST, LOCK=NONE, ADD COLUMN ( b DATE DEFAULT 0 /*!100303 INVISIBLE */ ), ALGORITHM=INPLACE, LOCK=EXCLUSIVE, CHANGE COLUMN `TYPE` `FOR_NAME` BLOB DEFAULT NULL /*!100303 INVISIBLE */ /*!100201 CHECK (`REF_NAME` NOT LIKE `TYPE`) */, ALGORITHM=DEFAULT  /* QNO 285 CON_ID 15 */
		    15 Query	SELECT * FROM (performance_schema.`events_statements_summary_by_host_by_event_name` AS table1 INNER JOIN mysql.`innodb_table_stats` AS table2 ON ( table2.`clustered_index_size` = table1.`SUM_SORT_MERGE_PASSES` ) ) WHERE ( ( ( table1.`SUM_TIMER_WAIT` <= 'y' OR table2.`table_name` >= 4) AND table2.`sum_of_other_index_sizes` IN ( 7, 3, 8 )) OR table2.`database_name` > '1988-07-19 01:42:20.040280') HAVING table2.`table_name` <> 4 LIMIT 84 /* QNO 286 CON_ID 15 */
		    15 Query	INSERT INTO seq4 VALUES (-117, 3120150116837621760, 64591, 67, 6, 164, 1, 1) /* QNO 287 CON_ID 15 */
		    15 Query	ALTER TABLE t10 /*!100301 NOWAIT */ FORCE, LOCK=NONE /*!100307, ALGORITHM=INSTANT */, DROP COLUMN `sum_of_other_index_sizes` /*!100307, ALGORITHM=INSTANT */, LOCK=DEFAULT, DROP COLUMN vcol4, LOCK=NONE  /* QNO 288 CON_ID 15 */
		    15 Query	ALTER IGNORE TABLE `db` /*!100301 */ CHANGE COLUMN IF EXISTS `Delete_history_priv` `Execute_priv` INT NOT NULL /*!100303 INVISIBLE */ AFTER b, MODIFY COLUMN IF EXISTS `Alter_priv` MULTIPOLYGON NOT NULL /*!100201 DEFAULT ST_GEOMFROMTEXT('Point(1 1)') */ /*!100303 INVISIBLE */, ALGORITHM=INPLACE, LOCK=DEFAULT, ADD IF NOT EXISTS ( i INT /*!100303 INVISIBLE */ ) /*!100307, ALGORITHM=NOCOPY */, LOCK=NONE  /* QNO 289 CON_ID 15 */
		    15 Query	ALTER ONLINE TABLE `db` /*!100301 */ CHANGE x d SERIAL /*!100303 INVISIBLE */  /* QNO 290 CON_ID 15 */
		    15 Query	UPDATE `general_log` SET `server_id` = 1 WHERE `server_id` < '2025-01-20 14:47:15.027227' /* QNO 291 CON_ID 15 */
		    15 Query	ALTER TABLE `time_zone_name` /*!100301 */ ADD KEY IF NOT EXISTS s USING BTREE ( `Time_zone_id` ) COMMENT 'person', ALGORITHM=COPY  /* QNO 292 CON_ID 15 */
		    15 Query	INSERT INTO `event` SELECT * FROM `event` /* QNO 293 CON_ID 15 */
		    15 Query	SHOW CREATE TABLE `help_keyword` /* QNO 294 CON_ID 15 */
		    15 Query	SHOW ENGINE PERFORMANCE_SCHEMA STATUS /* QNO 295 CON_ID 15 */
		    15 Query	CREATE OR REPLACE TEMPORARY TABLE `tmp` LIKE A  /* QNO 296 CON_ID 15 */
		    16 Query	/* GenTest::Transform::ExecuteAsExecuteImmediate */ EXECUTE IMMEDIATE ' INSERT INTO `tmp` SELECT * FROM D  /* QNO 271 CON_ID 16 */ ' /* TRANSFORM_OUTCOME_UNORDERED_MATCH */ /* QNO 272 CON_ID 16 */
		    16 Prepare	INSERT INTO `tmp` SELECT * FROM D  /* QNO 271 CON_ID 16 */
		    18 Query	ALTER IGNORE TABLE `AA` /*!100301 WAIT 2 */ ADD INDEX ind7 USING RTREE ( `col_time_key` ) KEY_BLOCK_SIZE = 9380, DROP CONSTRAINT IF EXISTS ind2, ADD INDEX IF NOT EXISTS ind2 ( `col_time_nokey` ) KEY_BLOCK_SIZE = 18970, ALGORITHM=INPLACE, LOCK=SHARED, ADD KEY ind7 ( `col_datetime_key`(217) ) KEY_BLOCK_SIZE = 47542 /*!100307, ALGORITHM=NOCOPY */  /* QNO 168 CON_ID 18 */
		    16 Execute	INSERT INTO `tmp` SELECT * FROM D  /* QNO 271 CON_ID 16 */
		    16 Query	DROP TEMPORARY TABLE IF EXISTS D  /* QNO 273 CON_ID 16 */
		    18 Query	SELECT * FROM `DD` INTO OUTFILE 'load_DD'  /* QNO 169 CON_ID 18 */
		    16 Query	SHOW WARNINGS
		    16 Query	ALTER TABLE `tmp` RENAME TO D /* QNO 274 CON_ID 16 */
		    16 Query	ALTER TABLE `PROCESSLIST` ADD CONSTRAINT q FOREIGN KEY m (`QUERY_ID`) REFERENCES PROCESSLIST (`TIME`) ON DELETE SET NULL /*!100307, ALGORITHM=NOCOPY */  /* QNO 275 CON_ID 16 */
		    16 Query	ALTER TABLE `INNODB_SYS_TABLESPACES` ADD SYSTEM VERSIONING /* QNO 276 CON_ID 16 */
		    18 Query	LOAD DATA INFILE 'load_DD' REPLACE INTO TABLE DD /* QNO 170 CON_ID 18 */
		    16 Query	ALTER ONLINE TABLE `INNODB_FT_INDEX_CACHE` /*!100301 WAIT 8 */ MODIFY COLUMN IF EXISTS `FIRST_DOC_ID` SMALLINT NOT NULL DEFAULT 0 /*!100303 INVISIBLE */, ALGORITHM=DEFAULT, LOCK=EXCLUSIVE, ADD IF NOT EXISTS ( k MULTIPOINT )  /* QNO 277 CON_ID 16 */
		    18 Query	TRUNCATE TABLE performance_schema.events_waits_current /* QNO 171 CON_ID 18 */
		    16 Query	TRUNCATE TABLE performance_schema.file_summary_by_instance /* QNO 278 CON_ID 16 */
		    18 Query	INSERT INTO t1 ( tcol3 ) SELECT tcol9 FROM t20 /* QNO 172 CON_ID 18 */
		    18 Query	LOCK TABLE t3 READ /* QNO 173 CON_ID 18 */
		    16 Query	SELECT * FROM mysql.`innodb_index_stats` AS table1 WHERE ( table1.`stat_name` <= 'ix' AND table1.`table_name` LIKE '%mysys%') LIMIT 189 /* QNO 279 CON_ID 16 */
		    18 Query	UNLOCK TABLES /* QNO 174 CON_ID 18 */
		    16 Query	/* GenTest::Transform::ExecuteAsExecuteImmediate */ EXECUTE IMMEDIATE ' SELECT * FROM mysql.`innodb_index_stats` AS table1 WHERE ( table1.`stat_name` <= \'ix\' AND table1.`table_name` LIKE \'%mysys%\') LIMIT 189 /* QNO 279 CON_ID 16 */ ' /* TRANSFORM_OUTCOME_UNORDERED_MATCH */ /* QNO 280 CON_ID 16 */
		    16 Prepare	SELECT * FROM mysql.`innodb_index_stats` AS table1 WHERE ( table1.`stat_name` <= 'ix' AND table1.`table_name` LIKE '%mysys%') LIMIT 189 /* QNO 279 CON_ID 16 */
		    16 Execute	SELECT * FROM mysql.`innodb_index_stats` AS table1 WHERE ( table1.`stat_name` <= 'ix' AND table1.`table_name` LIKE '%mysys%') LIMIT 189 /* QNO 279 CON_ID 16 */
		    18 Query	SELECT * from t4 WHERE row_end = @trx_user_var /* QNO 175 CON_ID 18 */
		    16 Query	/* GenTest::Transform::ExecuteAsInsertSelect */ CREATE DATABASE IF NOT EXISTS transforms /* QNO 281 CON_ID 16 */
		    18 Query	FLUSH DES_KEY_FILE /* QNO 176 CON_ID 18 */
		    18 Query	ALTER TABLE `B` /*!100301 NOWAIT */ ADD COLUMN IF NOT EXISTS q DATE DEFAULT ''  /* QNO 177 CON_ID 18 */
		    17 Query	REPLACE INTO transforms.insert_select_22990  SELECT * FROM performance_schema.`events_waits_summary_by_account_by_event_name` AS table1 HAVING table1.`AVG_TIMER_WAIT` >= 8 LIMIT 133 /* QNO 140 CON_ID 17 */  /* QNO 150 CON_ID 17 */
		    15 Query	INSERT INTO `tmp` SELECT * FROM A  /* QNO 297 CON_ID 15 */
		    15 Query	/* GenTest::Transform::ExecuteAsExecuteImmediate */ EXECUTE IMMEDIATE ' /* TRANSFORM_OUTCOME_UNORDERED_MATCH */ /* QNO 298 CON_ID 15 */
		    15 Query	DROP TEMPORARY TABLE IF EXISTS A  /* QNO 299 CON_ID 15 */
		    15 Query	SHOW WARNINGS
		    15 Query	ALTER TABLE `tmp` RENAME TO A /* QNO 300 CON_ID 15 */
		    15 Query	DELETE HISTORY FROM `time_zone_name` BEFORE SYSTEM_TIME CURRENT_TIMESTAMP /* QNO 301 CON_ID 15 */
		    15 Query	ALTER TABLE t4 /*!100301 WAIT 7 */ FORCE, LOCK=DEFAULT, ALGORITHM=INPLACE, ALTER COLUMN ncol3 DROP DEFAULT, ADD CONSTRAINT j PRIMARY KEY(bcol6), LOCK=SHARED  /* QNO 302 CON_ID 15 */
		    15 Query	ALTER TABLE t18 ADD COLUMN IF NOT EXISTS ( geocol10 MULTILINESTRING NOT NULL DEFAULT ST_GEOMFROMTEXT('Point(1 1)') ), ALGORITHM=INPLACE, LOCK=NONE /* QNO 303 CON_ID 15 */
		    15 Query	DELETE FROM `innodb_table_stats` WHERE `sum_of_other_index_sizes` = 'pr' LIMIT 6 /* QNO 304 CON_ID 15 */
		    14 Query	GRANT ALL PRIVILEGES ON test.p TO 'someuser'@'somehost' /* QNO 345 CON_ID 14 */
		    15 Query	ALTER TABLE `tables_priv` /*!100301 WAIT 4 */ MODIFY COLUMN d DATETIME NOT NULL DEFAULT CURRENT_TIMESTAMP FIRST /*!100307, ALGORITHM=NOCOPY */, CHANGE IF EXISTS `Grantor` x MEDIUMINT /*!100303 INVISIBLE */ /*!100201 CHECK (f <= `Db`) */, ALGORITHM=INPLACE, LOCK=EXCLUSIVE  /* QNO 305 CON_ID 15 */
		    14 Query	CREATE TABLE o LIKE `B` /* QNO 346 CON_ID 14 */
		    16 Query	SHOW WARNINGS
		    16 Query	DROP TABLE IF EXISTS transforms.insert_select_22988 /* QNO 282 CON_ID 16 */
		    19 Query	SELECT * FROM transforms.insert_select_22994 /* TRANSFORM_OUTCOME_UNORDERED_MATCH */ /* QNO 254 CON_ID 19 */
		    16 Query	SHOW WARNINGS
		    16 Query	CREATE TABLE transforms.insert_select_22988  SELECT * FROM mysql.`innodb_index_stats` AS table1 WHERE ( table1.`stat_name` <= 'ix' AND table1.`table_name` LIKE '%mysys%') LIMIT 189 /* QNO 279 CON_ID 16 */  /* QNO 283 CON_ID 16 */
		    19 Query	DELETE FROM transforms.insert_select_22994 /* QNO 255 CON_ID 19 */
		    19 Query	INSERT INTO transforms.insert_select_22994  SELECT * FROM mysql.`user` AS table1 WHERE table1.`Index_priv` < table1.`ssl_cipher` HAVING (table1.`Event_priv` = 'm' IS NULL OR table1.`default_role` <= '2026-06-17 14:10:44.034712') ORDER BY table1.`Super_priv` LIMIT 122 /* QNO 249 CON_ID 19 */  /* QNO 256 CON_ID 19 */
		    15 Query	ALTER TABLE t3 DROP PRIMARY KEY, ADD KEY(icol1, scol7(39122)), ALGORITHM=COPY  /* QNO 306 CON_ID 15 */
		    15 Query	INSERT INTO `time_zone` ( `pk` ) VALUES (NULL) /* QNO 307 CON_ID 15 */
		    19 Query	SELECT * FROM transforms.insert_select_22994 /* TRANSFORM_OUTCOME_UNORDERED_MATCH */ /* QNO 257 CON_ID 19 */
		    15 Query	SELECT SETVAL(seq3, -7307371870385340416) /* QNO 308 CON_ID 15 */
		    15 Query	UNLOCK TABLES /* QNO 309 CON_ID 15 */
		    15 Query	ALTER TABLE `help_relation` ADD FOREIGN KEY (`help_topic_id`) REFERENCES help_relation (`help_topic_id`) ON DELETE CASCADE, ALGORITHM=COPY  /* QNO 310 CON_ID 15 */
		    15 Query	LOCK TABLES `slow_log` AS e WRITE /*!100300 WAIT 0 */ /* QNO 311 CON_ID 15 */
		    15 Query	SET STATEMENT system_versioning_alter_history=KEEP FOR ALTER TABLE t4 ADD PARTITION (PARTITION ver_p1 HISTORY) /* QNO 312 CON_ID 15 */
		    15 Query	SELECT * FROM `db` INTO OUTFILE 'load_db'  /* QNO 313 CON_ID 15 */
		    19 Query	DELETE FROM transforms.insert_select_22994 /* QNO 258 CON_ID 19 */
		    15 Query	LOAD DATA INFILE 'load_db' REPLACE INTO TABLE db /* QNO 314 CON_ID 15 */
		    19 Query	REPLACE INTO transforms.insert_select_22994  SELECT * FROM mysql.`user` AS table1 WHERE table1.`Index_priv` < table1.`ssl_cipher` HAVING (table1.`Event_priv` = 'm' IS NULL OR table1.`default_role` <= '2026-06-17 14:10:44.034712') ORDER BY table1.`Super_priv` LIMIT 122 /* QNO 249 CON_ID 19 */  /* QNO 259 CON_ID 19 */
		    15 Query	SELECT SETVAL(seq6, 0) /* QNO 315 CON_ID 15 */
		    15 Query	TRUNCATE TABLE performance_schema.events_waits_summary_by_thread_by_event_name /* QNO 316 CON_ID 15 */
		    15 Query	ALTER IGNORE TABLE `help_keyword` /*!100301 WAIT 4 */ ADD COLUMN v VARBINARY(30736) NOT NULL, LOCK=SHARED, ADD COLUMN IF NOT EXISTS q VARBINARY(2686) NOT NULL, ALGORITHM=INPLACE  /* QNO 317 CON_ID 15 */
		    15 Query	UNLOCK TABLES /* QNO 318 CON_ID 15 */
		    15 Query	SET STATEMENT system_versioning_alter_history=KEEP FOR ALTER TABLE `column_stats` ADD SYSTEM VERSIONING, ADD SYSTEM VERSIONING /* QNO 319 CON_ID 15 */
		    19 Query	SELECT * FROM transforms.insert_select_22994 /* TRANSFORM_OUTCOME_UNORDERED_MATCH */ /* QNO 260 CON_ID 19 */
		    15 Query	ALTER TABLE `time_zone_leap_second` /*!100301 */ CHANGE COLUMN IF EXISTS `Correction` `Transition_time` SET('foo','bar') NULL DEFAULT NULL AFTER `Correction`, LOCK=SHARED, CHANGE IF EXISTS `Transition_time` `Correction` DATETIME NOT NULL DEFAULT CURRENT_TIMESTAMP FIRST, LOCK=SHARED  /* QNO 320 CON_ID 15 */
		    19 Query	DROP TABLE transforms.insert_select_22994 /* QNO 261 CON_ID 19 */
		    15 Query	ALTER ONLINE TABLE `table_stats` ADD CONSTRAINT FOREIGN KEY ( `db_name`, `cardinality` ) REFERENCES `tables_priv` (db_name,cardinality), LOCK=NONE /* QNO 321 CON_ID 15 */
		    15 Query	ALTER ONLINE TABLE `db` /*!100301 */ ADD KEY IF NOT EXISTS ind4 ( k(161) ) KEY_BLOCK_SIZE = 1905, ALGORITHM=DEFAULT, LOCK=NONE  /* QNO 322 CON_ID 15 */
		    15 Query	CREATE TABLE t7 LIKE `help_relation` /* QNO 323 CON_ID 15 */
		    15 Query	ALTER TABLE `index_stats` /*!100301 */ ADD INDEX IF NOT EXISTS f ( f(33) ), ALGORITHM=COPY  /* QNO 324 CON_ID 15 */
		    15 Query	SHOW EXPLAIN FOR 75 /* QNO 325 CON_ID 15 */
		    15 Query	FLUSH DES_KEY_FILE /* QNO 326 CON_ID 15 */
		    15 Query	INSERT INTO `global_priv` ( tcol1 ) SELECT icol2 FROM `gtid_slave_pos` /* QNO 327 CON_ID 15 */
		    15 Query	DELETE FROM `index_stats` LIMIT 8 /* QNO 328 CON_ID 15 */
		    15 Query	UPDATE performance_schema.setup_timers SET timer_name = 'MILLISECOND' /* QNO 329 CON_ID 15 */
		    15 Query	SELECT * from `transaction_registry` FOR system_time BETWEEN CURRENT_TIMESTAMP AND TIMESTAMP @trx_user_var /* QNO 330 CON_ID 15 */
		    15 Query	SHOW EXPLAIN FOR 204 /* QNO 331 CON_ID 15 */
		    15 Query	ALTER ONLINE TABLE `time_zone` /*!100301 */ DROP KEY IF EXISTS `Time_zone_id` /*!100307, ALGORITHM=INSTANT */  /* QNO 332 CON_ID 15 */
		    15 Query	SHOW CREATE TABLE seq3 /* QNO 333 CON_ID 15 */
		    15 Query	UPDATE performance_schema.setup_instruments SET ENABLED = 'NO' ORDER BY RAND() LIMIT 6 /* QNO 334 CON_ID 15 */
		    15 Query	INSERT INTO `time_zone_transition_type` ( `pk` ) VALUES (NULL) /* QNO 335 CON_ID 15 */
		    15 Query	ALTER TABLE `global_priv` /*!100301 */ CHANGE COLUMN IF EXISTS `User` `Priv` VARBINARY(30081), LOCK=NONE  /* QNO 336 CON_ID 15 */
		    15 Query	TRUNCATE TABLE performance_schema.file_summary_by_event_name /* QNO 337 CON_ID 15 */
		    15 Query	SHOW ENGINE PERFORMANCE_SCHEMA STATUS /* QNO 338 CON_ID 15 */
		    15 Query	TRUNCATE TABLE performance_schema.file_summary_by_event_name /* QNO 339 CON_ID 15 */
		    15 Query	INSERT INTO `procs_priv` SELECT * FROM `time_zone_leap_second` /* QNO 340 CON_ID 15 */
		    17 Query	SELECT * FROM transforms.insert_select_22990 /* TRANSFORM_OUTCOME_UNORDERED_MATCH */ /* QNO 151 CON_ID 17 */
		    15 Query	SELECT * FROM `help_category` INTO OUTFILE 'load_help_category'  /* QNO 341 CON_ID 15 */
		    15 Query	LOAD DATA INFILE 'load_help_category' REPLACE INTO TABLE help_category /* QNO 342 CON_ID 15 */
		    17 Query	DROP TABLE transforms.insert_select_22990 /* QNO 152 CON_ID 17 */
		    15 Query	ALTER TABLE `help_keyword` /*!100301 NOWAIT */ ADD UNIQUE f USING HASH ( u(169) DESC ) COMMENT 'presentation' /*!100307, ALGORITHM=NOCOPY */  /* QNO 343 CON_ID 15 */
		    15 Query	SELECT * FROM `transaction_registry` INTO OUTFILE 'load_transaction_registry'  /* QNO 344 CON_ID 15 */
		    15 Query	LOAD DATA INFILE 'load_transaction_registry' IGNORE INTO TABLE transaction_registry /* QNO 345 CON_ID 15 */
		    15 Query	INSERT INTO `proxies_priv` SELECT * FROM `servers` /* QNO 346 CON_ID 15 */
		    15 Query	SELECT * FROM mysql.`db` AS table1 HAVING ( ( (table1.`Grant_priv` <= '1997-01-06 12:48:19.018364' IS NULL AND table1.`Index_priv` = 'rc') OR table1.`Insert_priv` >= 'cs') OR table1.`Select_priv` <= '2002-04-25 03:11:36.055285') ORDER BY table1.`Drop_priv`, table1.`Event_priv`, table1.`Alter_routine_priv`, table1.`Delete_history_priv` LIMIT 105 /* QNO 347 CON_ID 15 */
		    15 Query	ALTER TABLE `roles_mapping` /*!100301 WAIT 3 */ ALTER /*!100305 IF EXISTS */ r DROP DEFAULT, ALGORITHM=COPY, LOCK=NONE  /* QNO 348 CON_ID 15 */
		    15 Query	SELECT * FROM test.`CC` AS table1 LIMIT 51 /* QNO 349 CON_ID 15 */
		    15 Query	SET STATEMENT system_versioning_alter_history=KEEP FOR ALTER TABLE `DD` CHANGE COLUMN IF EXISTS `vers_end` `row_end` BIGINT UNSIGNED GENERATED ALWAYS AS ROW END, ADD SYSTEM VERSIONING /* QNO 350 CON_ID 15 */
		    15 Query	INSERT INTO `D` (`col_int_key`) VALUES ('a'),(6),('') /* QNO 351 CON_ID 15 */
		    18 Query	UNLOCK TABLES /* QNO 178 CON_ID 18 */
		    18 Query	DROP TEMPORARY TABLE IF EXISTS `E` /* QNO 179 CON_ID 18 */
		    18 Query	SHOW WARNINGS
		    15 Query	INSERT INTO seq4 VALUES (13159, 1086211935126421504, 50719, 22140, 0, 47, 0, 1) /* QNO 352 CON_ID 15 */
		    19 Query	UPDATE `slow_log` SET `rows_examined` = 7 WHERE `sql_text` > 'v' /* QNO 262 CON_ID 19 */
		    18 Query	ALTER TABLE t5 /*!100301 NOWAIT */ DROP PRIMARY KEY  /* QNO 180 CON_ID 18 */
		    19 Query	UNLOCK TABLES /* QNO 263 CON_ID 19 */
		    18 Query	OPTIMIZE TABLE t7 /* QNO 181 CON_ID 18 */
		    15 Query	INSERT INTO `D` ( `pk` ) VALUES (NULL) /* QNO 353 CON_ID 15 */
		    18 Query	SELECT * from `BB` WHERE row_start IN (SELECT row_end FROM t4) /* QNO 182 CON_ID 18 */
		    15 Query	SHOW ENGINE PERFORMANCE_SCHEMA STATUS /* QNO 354 CON_ID 15 */
		    18 Query	TRUNCATE TABLE performance_schema.events_waits_history /* QNO 183 CON_ID 18 */
		    18 Query	SELECT NEXTVAL( seq1 ) /* QNO 184 CON_ID 18 */
		    15 Query	SELECT * FROM `E` INTO OUTFILE 'load_E'  /* QNO 355 CON_ID 15 */
		    18 Query	SET STATEMENT `sql_mode`=ORACLE FOR SELECT seq1.nextval /* QNO 185 CON_ID 18 */
		    15 Query	LOAD DATA INFILE 'load_E' REPLACE INTO TABLE E /* QNO 356 CON_ID 15 */
		    15 Query	UNLOCK TABLES /* QNO 357 CON_ID 15 */
		    18 Query	INSERT INTO t9 () VALUES () /* QNO 186 CON_ID 18 */
		    15 Query	FLUSH NO_WRITE_TO_BINLOG ENGINE LOGS /* QNO 358 CON_ID 15 */
		    17 Query	FLUSH PRIVILEGES /* QNO 153 CON_ID 17 */
		    17 Query	SHOW EXPLAIN FOR 30 /* QNO 154 CON_ID 17 */
		    19 Query	SHOW ENGINE PERFORMANCE_SCHEMA STATUS /* QNO 264 CON_ID 19 */
		    15 Query	TRUNCATE TABLE performance_schema.events_waits_summary_by_event_name /* QNO 359 CON_ID 15 */
		    17 Query	ALTER TABLE t16 ADD COLUMN IF NOT EXISTS ( geocol9 GEOMETRY NOT NULL ), LOCK=NONE, ADD COLUMN IF NOT EXISTS icol2 INT UNSIGNED NOT NULL, ALGORITHM=INPLACE, DROP INDEX ind4 /* QNO 155 CON_ID 17 */
		    19 Query	UPDATE performance_schema.setup_timers SET timer_name = 'MICROSECOND' /* QNO 265 CON_ID 19 */
		    15 Query	UPDATE performance_schema.setup_instruments SET TIMED = 'NO' WHERE NAME LIKE '%myisam%' /* QNO 360 CON_ID 15 */
		    17 Query	SHOW ENGINE PERFORMANCE_SCHEMA STATUS /* QNO 156 CON_ID 17 */
		    19 Query	SELECT * FROM (performance_schema.`events_statements_history` AS table1 INNER JOIN test.`CC` AS table2 ON ( table2.`col_time_key` = table1.`SORT_MERGE_PASSES` ) ) LIMIT 167 /* QNO 266 CON_ID 19 */
		    14 Query	DROP VIEW IF EXISTS a /* QNO 347 CON_ID 14 */
		    14 Query	ALTER TABLE `CC` PARTITION BY KEY() PARTITIONS 8 /* QNO 348 CON_ID 14 */
		    17 Query	ALTER ONLINE TABLE t6 /*!100301 NOWAIT */ ADD FOREIGN KEY (`MIN_TIMER_WAIT`) REFERENCES `file_instances` (tcol6) ON DELETE CASCADE ON UPDATE RESTRICT, FORCE, LOCK=NONE, ALGORITHM=COPY  /* QNO 157 CON_ID 17 */
		    19 Query	UNLOCK TABLES /* QNO 267 CON_ID 19 */
		    17 Query	TRUNCATE TABLE performance_schema.events_waits_history_long /* QNO 158 CON_ID 17 */
		    15 Query	ALTER ONLINE TABLE `D` /*!100301 */ MODIFY IF EXISTS `col_datetime_key` BINARY NOT NULL DEFAULT NULL FIRST /*!100307, ALGORITHM=NOCOPY */  /* QNO 361 CON_ID 15 */
		    14 Query	ALTER TABLE `E` ADD COLUMN x INTEGER DEFAULT NULL /* QNO 349 CON_ID 14 */
		    18 Query	TRUNCATE TABLE performance_schema.events_waits_summary_by_event_name /* QNO 187 CON_ID 18 */
		    17 Query	TRUNCATE TABLE performance_schema.events_waits_summary_by_instance /* QNO 159 CON_ID 17 */
		    15 Query	DROP SEQUENCE IF EXISTS seq6, seq7, seq7 /* QNO 362 CON_ID 15 */
		    14 Query	GRANT ALL PRIVILEGES ON t.* TO 'someuser'@'somehost' /* QNO 350 CON_ID 14 */
		    17 Query	SHOW ENGINE PERFORMANCE_SCHEMA STATUS /* QNO 160 CON_ID 17 */
		    14 Query	DROP TABLE p /* QNO 351 CON_ID 14 */
		    18 Query	SELECT * FROM `C` INTO OUTFILE 'load_C'  /* QNO 188 CON_ID 18 */
		    19 Query	UNLOCK TABLES /* QNO 268 CON_ID 19 */
		    15 Query	TRUNCATE TABLE t15 /* QNO 363 CON_ID 15 */
		    19 Query	SELECT * FROM `events_statements_summary_by_thread_by_event_name` INTO OUTFILE 'load_events_statements_summary_by_thread_by_event_name'  /* QNO 269 CON_ID 19 */
		    19 Query	LOAD DATA INFILE 'load_events_statements_summary_by_thread_by_event_name' IGNORE INTO TABLE events_statements_summary_by_thread_by_event_name /* QNO 270 CON_ID 19 */
		    18 Query	SHOW WARNINGS
		    18 Query	LOAD DATA INFILE 'load_C' IGNORE INTO TABLE C /* QNO 189 CON_ID 18 */
		    17 Query	ALTER TABLE `session_account_connect_attrs` DROP COLUMN tcol10, ALGORITHM=DEFAULT, ADD IF NOT EXISTS scol10 VARBINARY(34869) NOT NULL /*!100307, ALGORITHM=NOCOPY */, LOCK=NONE  /* QNO 161 CON_ID 17 */
		    14 Query	DROP DATABASE IF EXISTS x /* QNO 352 CON_ID 14 */
		    17 Query	SHOW CREATE SEQUENCE seq6 /* QNO 162 CON_ID 17 */
		    14 Query	SHOW WARNINGS
		    18 Query	SHOW EXPLAIN FOR 247 /* QNO 190 CON_ID 18 */
		    14 Query	ALTER TABLE `D` ADD KEY ( o ) /* QNO 353 CON_ID 14 */
		    17 Query	RENAME TABLE seq3 TO seq4, seq7 TO seq3, seq8 TO seq1 /* QNO 163 CON_ID 17 */
		    18 Query	SHOW ENGINE PERFORMANCE_SCHEMA STATUS /* QNO 191 CON_ID 18 */
		    19 Query	CREATE OR REPLACE TEMPORARY TABLE `tmp` LIKE C  /* QNO 271 CON_ID 19 */
		    16 Query	SELECT * FROM transforms.insert_select_22988 /* TRANSFORM_OUTCOME_UNORDERED_MATCH */ /* QNO 284 CON_ID 16 */
		    17 Query	SET STATEMENT `sql_mode`=ORACLE FOR SELECT seq10.currval /* QNO 164 CON_ID 17 */
		    18 Query	SHOW ENGINE PERFORMANCE_SCHEMA STATUS /* QNO 192 CON_ID 18 */
		    16 Query	DELETE FROM transforms.insert_select_22988 /* QNO 285 CON_ID 16 */
		    16 Query	INSERT INTO transforms.insert_select_22988  SELECT * FROM mysql.`innodb_index_stats` AS table1 WHERE ( table1.`stat_name` <= 'ix' AND table1.`table_name` LIKE '%mysys%') LIMIT 189 /* QNO 279 CON_ID 16 */  /* QNO 286 CON_ID 16 */
		    18 Query	SET SQL_MODE= DEFAULT /* QNO 193 CON_ID 18 */
		    18 Query	SELECT * from `D` WHERE row_end IN (SELECT row_start FROM t9) /* QNO 194 CON_ID 18 */
		    17 Query	SELECT * FROM `objects_summary_global_by_type` INTO OUTFILE 'load_objects_summary_global_by_type'  /* QNO 165 CON_ID 17 */
		    17 Query	LOAD DATA INFILE 'load_objects_summary_global_by_type' REPLACE INTO TABLE objects_summary_global_by_type /* QNO 166 CON_ID 17 */
		    16 Query	SELECT * FROM transforms.insert_select_22988 /* TRANSFORM_OUTCOME_UNORDERED_MATCH */ /* QNO 287 CON_ID 16 */
		    17 Query	SELECT * FROM INFORMATION_SCHEMA.`COLUMN_PRIVILEGES` AS table1 WHERE ( (NOT ( table1.`TABLE_NAME` > 0 OR table1.`PRIVILEGE_TYPE` LIKE '%mysys%') AND table1.`TABLE_SCHEMA` IN ( 6, 9, 0 )) AND table1.`TABLE_CATALOG` IN ( 8, 2, 6 )) HAVING ( table1.`IS_GRANTABLE` > 'zz' OR table1.`COLUMN_NAME` != '2010-09-04 10:44:00.063356') ORDER BY table1.`TABLE_CATALOG`, table1.`GRANTEE` LIMIT 117 /* QNO 167 CON_ID 17 */
		    16 Query	DELETE FROM transforms.insert_select_22988 /* QNO 288 CON_ID 16 */
		    16 Query	REPLACE INTO transforms.insert_select_22988  SELECT * FROM mysql.`innodb_index_stats` AS table1 WHERE ( table1.`stat_name` <= 'ix' AND table1.`table_name` LIKE '%mysys%') LIMIT 189 /* QNO 279 CON_ID 16 */  /* QNO 289 CON_ID 16 */
		    17 Query	/* GenTest::Transform::ExecuteAsExecuteImmediate */ EXECUTE IMMEDIATE ' SELECT * FROM INFORMATION_SCHEMA.`COLUMN_PRIVILEGES` AS table1 WHERE ( (NOT ( table1.`TABLE_NAME` > 0 OR table1.`PRIVILEGE_TYPE` LIKE \'%mysys%\') AND table1.`TABLE_SCHEMA` IN ( 6, 9, 0 )) AND table1.`TABLE_CATALOG` IN ( 8, 2, 6 )) HAVING ( table1.`IS_GRANTABLE` > \'zz\' OR table1.`COLUMN_NAME` != \'2010-09-04 10:44:00.063356\') ORDER BY table1.`TABLE_CATALOG`, table1.`GRANTEE` LIMIT 117 /* QNO 167 CON_ID 17 */ ' /* TRANSFORM_OUTCOME_UNORDERED_MATCH */ /* QNO 168 CON_ID 17 */
		    17 Prepare	SELECT * FROM INFORMATION_SCHEMA.`COLUMN_PRIVILEGES` AS table1 WHERE ( (NOT ( table1.`TABLE_NAME` > 0 OR table1.`PRIVILEGE_TYPE` LIKE '%mysys%') AND table1.`TABLE_SCHEMA` IN ( 6, 9, 0 )) AND table1.`TABLE_CATALOG` IN ( 8, 2, 6 )) HAVING ( table1.`IS_GRANTABLE` > 'zz' OR table1.`COLUMN_NAME` != '2010-09-04 10:44:00.063356') ORDER BY table1.`TABLE_CATALOG`, table1.`GRANTEE` LIMIT 117 /* QNO 167 CON_ID 17 */
		    17 Execute	SELECT * FROM INFORMATION_SCHEMA.`COLUMN_PRIVILEGES` AS table1 WHERE ( (NOT ( table1.`TABLE_NAME` > 0 OR table1.`PRIVILEGE_TYPE` LIKE '%mysys%') AND table1.`TABLE_SCHEMA` IN ( 6, 9, 0 )) AND table1.`TABLE_CATALOG` IN ( 8, 2, 6 )) HAVING ( table1.`IS_GRANTABLE` > 'zz' OR table1.`COLUMN_NAME` != '2010-09-04 10:44:00.063356') ORDER BY table1.`TABLE_CATALOG`, table1.`GRANTEE` LIMIT 117 /* QNO 167 CON_ID 17 */
		    17 Query	/* GenTest::Transform::ExecuteAsInsertSelect */ CREATE DATABASE IF NOT EXISTS transforms /* QNO 169 CON_ID 17 */
		    17 Query	SHOW WARNINGS
		    17 Query	DROP TABLE IF EXISTS transforms.insert_select_22990 /* QNO 170 CON_ID 17 */
		    17 Query	SHOW WARNINGS
		    17 Query	CREATE TABLE transforms.insert_select_22990  SELECT * FROM INFORMATION_SCHEMA.`COLUMN_PRIVILEGES` AS table1 WHERE ( (NOT ( table1.`TABLE_NAME` > 0 OR table1.`PRIVILEGE_TYPE` LIKE '%mysys%') AND table1.`TABLE_SCHEMA` IN ( 6, 9, 0 )) AND table1.`TABLE_CATALOG` IN ( 8, 2, 6 )) HAVING ( table1.`IS_GRANTABLE` > 'zz' OR table1.`COLUMN_NAME` != '2010-09-04 10:44:00.063356') ORDER BY table1.`TABLE_CATALOG`, table1.`GRANTEE` LIMIT 117 /* QNO 167 CON_ID 17 */  /* QNO 171 CON_ID 17 */
		    16 Query	SELECT * FROM transforms.insert_select_22988 /* TRANSFORM_OUTCOME_UNORDERED_MATCH */ /* QNO 290 CON_ID 16 */
		    16 Query	DROP TABLE transforms.insert_select_22988 /* QNO 291 CON_ID 16 */
		    14 Query	GRANT ALL PRIVILEGES ON d.* TO 'someuser'@'somehost' /* QNO 354 CON_ID 14 */
		    14 Query	CREATE PROCEDURE j ( IN q INT ) BEGIN SELECT COUNT(*) INTO @a FROM `D`; END ; /* QNO 355 CON_ID 14 */
		    18 Query	TRUNCATE TABLE performance_schema.events_waits_summary_by_thread_by_event_name /* QNO 195 CON_ID 18 */
		    14 Query	ALTER TABLE `A` DROP PRIMARY KEY /* QNO 356 CON_ID 14 */
		    18 Query	CREATE OR REPLACE TEMPORARY TABLE `tmp` LIKE C  /* QNO 196 CON_ID 18 */
		    14 Query	CREATE EVENT q ON SCHEDULE AT NOW() DO SET @a=@a /* QNO 357 CON_ID 14 */
		    14 Query	DROP EVENT d /* QNO 358 CON_ID 14 */
		    14 Query	DROP VIEW IF EXISTS m /* QNO 359 CON_ID 14 */
		    14 Query	SHOW WARNINGS
		    14 Query	DROP FUNCTION IF EXISTS r /* QNO 360 CON_ID 14 */
		    14 Query	SHOW WARNINGS
		    14 Query	GRANT ALL PRIVILEGES ON s.* TO 'someuser'@'somehost' /* QNO 361 CON_ID 14 */
		    14 Query	GRANT UPDATE ( `col_datetime_nokey` ), UPDATE ( `pk` ), INSERT ( `col_int_key` ), SELECT ( `col_datetime_key` ) ON `CC` TO 'someuser'@'somehost' /* QNO 362 CON_ID 14 */
		    14 Query	REVOKE SUPER ON *.* FROM 'someuser'@'somehost' /* QNO 363 CON_ID 14 */
		    14 Query	GRANT SHUTDOWN ON *.* to 'someuser'@'somehost' /* QNO 364 CON_ID 14 */
		    14 Query	GRANT ALL PRIVILEGES ON test.a TO 'someuser'@'somehost' /* QNO 365 CON_ID 14 */
		    14 Query	DROP FUNCTION IF EXISTS j /* QNO 366 CON_ID 14 */
		    14 Query	SHOW WARNINGS
		    14 Query	REVOKE ALL PRIVILEGES ON test.n FROM 'someuser'@'somehost' /* QNO 367 CON_ID 14 */
		    14 Query	GRANT ALL PRIVILEGES ON k.* TO 'someuser'@'somehost' /* QNO 368 CON_ID 14 */
		    14 Query	ALTER TABLE `D` DROP KEY h /* QNO 369 CON_ID 14 */
		    14 Query	ALTER TABLE `DD` REMOVE PARTITIONING /* QNO 370 CON_ID 14 */
		    14 Query	ALTER TABLE `C` ADD KEY ( a ) /* QNO 371 CON_ID 14 */
		    14 Query	CREATE DATABASE IF NOT EXISTS n /* QNO 372 CON_ID 14 */
		    14 Query	REVOKE SHOW DATABASES ON *.* FROM 'someuser'@'somehost' /* QNO 373 CON_ID 14 */
		    14 Query	REVOKE ALL PRIVILEGES ON test.z FROM 'someuser'@'somehost' /* QNO 374 CON_ID 14 */
		    17 Query	SELECT * FROM transforms.insert_select_22990 /* TRANSFORM_OUTCOME_UNORDERED_MATCH */ /* QNO 172 CON_ID 17 */
		    14 Query	DROP DATABASE IF EXISTS q /* QNO 375 CON_ID 14 */
