		    17 Query	DELETE FROM transforms.insert_select_22990 /* QNO 173 CON_ID 17 */
		    17 Query	INSERT INTO transforms.insert_select_22990  SELECT * FROM INFORMATION_SCHEMA.`COLUMN_PRIVILEGES` AS table1 WHERE ( (NOT ( table1.`TABLE_NAME` > 0 OR table1.`PRIVILEGE_TYPE` LIKE '%mysys%') AND table1.`TABLE_SCHEMA` IN ( 6, 9, 0 )) AND table1.`TABLE_CATALOG` IN ( 8, 2, 6 )) HAVING ( table1.`IS_GRANTABLE` > 'zz' OR table1.`COLUMN_NAME` != '2010-09-04 10:44:00.063356') ORDER BY table1.`TABLE_CATALOG`, table1.`GRANTEE` LIMIT 117 /* QNO 167 CON_ID 17 */  /* QNO 174 CON_ID 17 */
		    14 Query	SHOW WARNINGS
		    14 Query	GRANT ALL PRIVILEGES ON e.* TO 'someuser'@'somehost' /* QNO 376 CON_ID 14 */
		    14 Query	CREATE TABLE t LIKE `C` /* QNO 377 CON_ID 14 */
		    17 Query	SELECT * FROM transforms.insert_select_22990 /* TRANSFORM_OUTCOME_UNORDERED_MATCH */ /* QNO 175 CON_ID 17 */
		    17 Query	DELETE FROM transforms.insert_select_22990 /* QNO 176 CON_ID 17 */
		    17 Query	REPLACE INTO transforms.insert_select_22990  SELECT * FROM INFORMATION_SCHEMA.`COLUMN_PRIVILEGES` AS table1 WHERE ( (NOT ( table1.`TABLE_NAME` > 0 OR table1.`PRIVILEGE_TYPE` LIKE '%mysys%') AND table1.`TABLE_SCHEMA` IN ( 6, 9, 0 )) AND table1.`TABLE_CATALOG` IN ( 8, 2, 6 )) HAVING ( table1.`IS_GRANTABLE` > 'zz' OR table1.`COLUMN_NAME` != '2010-09-04 10:44:00.063356') ORDER BY table1.`TABLE_CATALOG`, table1.`GRANTEE` LIMIT 117 /* QNO 167 CON_ID 17 */  /* QNO 177 CON_ID 17 */
		    17 Query	SELECT * FROM transforms.insert_select_22990 /* TRANSFORM_OUTCOME_UNORDERED_MATCH */ /* QNO 178 CON_ID 17 */
		    17 Query	DROP TABLE transforms.insert_select_22990 /* QNO 179 CON_ID 17 */
		    16 Query	SELECT * FROM (test.`CC` AS table1 INNER JOIN INFORMATION_SCHEMA.`INNODB_FT_INDEX_CACHE` AS table2 ON ( table2.`DOC_ID` = table1.`col_varchar_key` ) ) WHERE ( ( ( ( ( table2.`FIRST_DOC_ID` <> 2 OR table2.`LAST_DOC_ID` <> table2.`LAST_DOC_ID`) AND table1.`col_datetime_key` LIKE 'wait/synch%') OR table1.`col_varchar_nokey` LIKE 'wait/synch/mutex/%') AND table1.`col_time_nokey` <= table2.`POSITION`) AND table2.`DOC_COUNT` IN ( 3, 1, 5 )) HAVING ( ( (table1.`col_int_nokey` <> 5 IS NULL OR table1.`col_varchar_key` <> '2022-11-28 03:53:43.051992') OR table1.`col_time_nokey` <= '2001-06-16 20:56:18.007114') OR table1.`col_datetime_key` = 9) LIMIT 207 /* QNO 292 CON_ID 16 */
		    16 Query	UPDATE performance_schema.setup_timers SET timer_name = 'TICK' /* QNO 293 CON_ID 16 */
		    16 Query	FLUSH USER_RESOURCES /* QNO 294 CON_ID 16 */
		    16 Query	UNLOCK TABLES /* QNO 295 CON_ID 16 */
		    16 Query	DELETE FROM `B` WHERE `col_varchar_nokey` <= 5 LIMIT 0 /* QNO 296 CON_ID 16 */
		    16 Query	UPDATE `E` SET `col_time_nokey` = '1997-11-02 21:01:37.010464' WHERE `col_time_nokey` < 2 /* QNO 297 CON_ID 16 */
		    16 Query	ALTER ONLINE TABLE `E` FORCE, LOCK=NONE /*!100307, ALGORITHM=INSTANT */  /* QNO 298 CON_ID 16 */
		    19 Query	INSERT INTO `tmp` SELECT * FROM C  /* QNO 272 CON_ID 19 */
		    19 Query	/* GenTest::Transform::ExecuteAsExecuteImmediate */ EXECUTE IMMEDIATE ' INSERT INTO `tmp` SELECT * FROM C  /* QNO 272 CON_ID 19 */ ' /* TRANSFORM_OUTCOME_UNORDERED_MATCH */ /* QNO 273 CON_ID 19 */
		    19 Prepare	INSERT INTO `tmp` SELECT * FROM C  /* QNO 272 CON_ID 19 */
		    19 Execute	INSERT INTO `tmp` SELECT * FROM C  /* QNO 272 CON_ID 19 */
		    19 Query	DROP TEMPORARY TABLE IF EXISTS C  /* QNO 274 CON_ID 19 */
		    16 Query	SELECT * FROM performance_schema.`objects_summary_global_by_type` AS table1 ORDER BY table1.`SUM_TIMER_WAIT` LIMIT 20 /* QNO 299 CON_ID 16 */
		    16 Query	/* GenTest::Transform::ExecuteAsExecuteImmediate */ EXECUTE IMMEDIATE ' SELECT * FROM performance_schema.`objects_summary_global_by_type` AS table1 ORDER BY table1.`SUM_TIMER_WAIT` LIMIT 20 /* QNO 299 CON_ID 16 */ ' /* TRANSFORM_OUTCOME_UNORDERED_MATCH */ /* QNO 300 CON_ID 16 */
		    16 Prepare	SELECT * FROM performance_schema.`objects_summary_global_by_type` AS table1 ORDER BY table1.`SUM_TIMER_WAIT` LIMIT 20 /* QNO 299 CON_ID 16 */
		    19 Query	ALTER TABLE `tmp` RENAME TO C /* QNO 275 CON_ID 19 */
		    19 Query	ALTER TABLE `events_statements_summary_by_account_by_event_name` /*!100301 */ ALTER COLUMN /*!100305 IF EXISTS */ `SUM_SORT_SCAN` DROP DEFAULT, ALGORITHM=DEFAULT  /* QNO 276 CON_ID 19 */
		    15 Query	SELECT * FROM `D` INTO OUTFILE 'load_D'  /* QNO 364 CON_ID 15 */
		    15 Query	LOAD DATA INFILE 'load_D' REPLACE INTO TABLE D /* QNO 365 CON_ID 15 */
		    15 Query	SET STATEMENT `sql_mode`=ORACLE FOR SELECT seq1.currval /* QNO 366 CON_ID 15 */
		    15 Query	SELECT * FROM INFORMATION_SCHEMA.`ALL_PLUGINS` AS table1 LIMIT 186 /* QNO 367 CON_ID 15 */
		    16 Execute	SELECT * FROM performance_schema.`objects_summary_global_by_type` AS table1 ORDER BY table1.`SUM_TIMER_WAIT` LIMIT 20 /* QNO 299 CON_ID 16 */
		    16 Query	/* GenTest::Transform::ExecuteAsInsertSelect */ CREATE DATABASE IF NOT EXISTS transforms /* QNO 301 CON_ID 16 */
		    16 Query	SHOW WARNINGS
		    16 Query	DROP TABLE IF EXISTS transforms.insert_select_22988 /* QNO 302 CON_ID 16 */
		    19 Query	SELECT * FROM mysql.`time_zone_transition_type` AS table1 WHERE NOT ( ( (NOT (NOT ( ( (NOT (NOT ( table1.`Transition_type_id` LIKE 'wait/synch/rwlock%' OR table1.`Offset` IN ( 5, 7, 0 )) AND table1.`Is_DST` IN ( 4, 2, 2 )) OR table1.`Is_DST` = 'z') OR table1.`Transition_type_id` != table1.`Time_zone_id`) AND table1.`Abbreviation` = 0) AND table1.`Abbreviation` = table1.`Abbreviation`) OR table1.`Is_DST` <= 5) AND table1.`Offset` <= 'a') AND table1.`Offset` LIKE 'wait/synch/cond%') HAVING table1.`Is_DST` <> '1992-12-18 03:29:38.057189' ORDER BY table1.`Offset`, table1.`Offset`, table1.`Offset`, table1.`Time_zone_id` LIMIT 123 /* QNO 277 CON_ID 19 */
		    16 Query	SHOW WARNINGS
		    16 Query	CREATE TABLE transforms.insert_select_22988  SELECT * FROM performance_schema.`objects_summary_global_by_type` AS table1 ORDER BY table1.`SUM_TIMER_WAIT` LIMIT 20 /* QNO 299 CON_ID 16 */  /* QNO 303 CON_ID 16 */
		    17 Query	INSERT INTO `PROCESSLIST` SELECT * FROM `CHARACTER_SETS` /* QNO 180 CON_ID 17 */
		    17 Query	CREATE OR REPLACE TEMPORARY TABLE `tmp` LIKE B  /* QNO 181 CON_ID 17 */
		    19 Query	SHOW WARNINGS
		    19 Query	ALTER TABLE `time_zone_transition` /*!100301 NOWAIT */ ADD PRIMARY KEY ( o(135) ) COMMENT 'translate' KEY_BLOCK_SIZE = 2216  /* QNO 278 CON_ID 19 */
		    19 Query	TRUNCATE TABLE performance_schema.events_waits_summary_by_event_name /* QNO 279 CON_ID 19 */
		    19 Query	UPDATE performance_schema.setup_instruments SET ENABLED = 'NO' ORDER BY RAND() LIMIT 8 /* QNO 280 CON_ID 19 */
		    15 Query	/* GenTest::Transform::ExecuteAsExecuteImmediate */ EXECUTE IMMEDIATE ' /* TRANSFORM_OUTCOME_UNORDERED_MATCH */ /* QNO 368 CON_ID 15 */
		    15 Query	/* GenTest::Transform::ExecuteAsInsertSelect */ CREATE DATABASE IF NOT EXISTS transforms /* QNO 369 CON_ID 15 */
		    19 Query	ALTER TABLE `time_zone_transition_type` /*!100301 NOWAIT */ ADD FOREIGN KEY i (`Offset`) REFERENCES time_zone_transition_type (`Is_DST`) /*!100307, ALGORITHM=NOCOPY */  /* QNO 281 CON_ID 19 */
		    19 Query	DELETE FROM `help_relation` WHERE `help_topic_id` = 2 LIMIT 8 /* QNO 282 CON_ID 19 */
		    19 Query	SHOW ENGINE PERFORMANCE_SCHEMA STATUS /* QNO 283 CON_ID 19 */
		    19 Query	TRUNCATE TABLE performance_schema.file_summary_by_instance /* QNO 284 CON_ID 19 */
		    19 Query	SELECT * FROM test.`BB` AS table1 ORDER BY table1.`col_date_nokey`, table1.`col_datetime_key` LIMIT 68 /* QNO 285 CON_ID 19 */
		    19 Query	INSERT INTO t10 () VALUES () /* QNO 286 CON_ID 19 */
		    19 Query	SHOW ENGINE PERFORMANCE_SCHEMA STATUS /* QNO 287 CON_ID 19 */
		    19 Query	INSERT INTO seq9 VALUES (11576, 29192, 16071, -14, 9, 129, 0, 0) /* QNO 288 CON_ID 19 */
		    19 Query	UPDATE performance_schema.setup_instruments SET ENABLED = 'YES' WHERE NAME LIKE 'wait/synch/cond%' /* QNO 289 CON_ID 19 */
		    19 Query	UNLOCK TABLES /* QNO 290 CON_ID 19 */
		    19 Query	ALTER ONLINE IGNORE TABLE `C` /*!100301 */ ADD IF NOT EXISTS `col_time_nokey` TEXT NOT NULL DEFAULT NULL, LOCK=SHARED  /* QNO 291 CON_ID 19 */
		    19 Query	ALTER ONLINE IGNORE TABLE `CC` /*!100301 NOWAIT */ ADD KEY IF NOT EXISTS m ( `pk` ) KEY_BLOCK_SIZE = 20984 /*!100307, ALGORITHM=INSTANT */, ADD INDEX IF NOT EXISTS ind2 USING BTREE ( i, n ASC ), LOCK=SHARED  /* QNO 292 CON_ID 19 */
		    18 Query	INSERT INTO `tmp` SELECT * FROM C  /* QNO 197 CON_ID 18 */
		    18 Query	/* GenTest::Transform::ExecuteAsExecuteImmediate */ EXECUTE IMMEDIATE ' INSERT INTO `tmp` SELECT * FROM C  /* QNO 197 CON_ID 18 */ ' /* TRANSFORM_OUTCOME_UNORDERED_MATCH */ /* QNO 198 CON_ID 18 */
		    18 Prepare	INSERT INTO `tmp` SELECT * FROM C  /* QNO 197 CON_ID 18 */
		    18 Execute	INSERT INTO `tmp` SELECT * FROM C  /* QNO 197 CON_ID 18 */
		    18 Query	DROP TEMPORARY TABLE IF EXISTS C  /* QNO 199 CON_ID 18 */
		    19 Query	SET SESSION SQL_MODE= 'STRICT_TRANS_TABLES,NO_AUTO_VALUE_ON_ZERO,NO_KEY_OPTIONS,NO_ENGINE_SUBSTITUTION' /* QNO 293 CON_ID 19 */
		    19 Query	SELECT NEXT VALUE FOR seq2 /* QNO 294 CON_ID 19 */
		    19 Query	UNLOCK TABLES /* QNO 295 CON_ID 19 */
		    19 Query	SHOW CREATE SEQUENCE seq5 /* QNO 296 CON_ID 19 */
		    19 Query	SELECT * FROM `BB` INTO OUTFILE 'load_BB'  /* QNO 297 CON_ID 19 */
		    19 Query	SHOW WARNINGS
		    19 Query	LOAD DATA INFILE 'load_BB' IGNORE INTO TABLE BB /* QNO 298 CON_ID 19 */
		    19 Query	INSERT INTO `A` SELECT * FROM `DD` LIMIT 0
		    19 Query	SELECT * from `D` FOR system_time FROM TIMESTAMP NOW() TO @trx_user_var /* QNO 299 CON_ID 19 */
		    19 Query	TRUNCATE TABLE performance_schema.events_waits_summary_by_instance /* QNO 300 CON_ID 19 */
		    19 Query	UPDATE performance_schema.setup_instruments SET TIMED = 'YES' WHERE NAME LIKE 'wait/synch%' /* QNO 301 CON_ID 19 */
		    14 Query	CREATE PROCEDURE z ( OUT x INT, IN g INT ) BEGIN SELECT COUNT(*) INTO @a FROM `AA`; END ; /* QNO 378 CON_ID 14 */
		    18 Query	ALTER TABLE `tmp` RENAME TO C /* QNO 200 CON_ID 18 */
		    18 Query	ALTER TABLE t4 ADD COLUMN ( bcol8 BIT )  /* QNO 201 CON_ID 18 */
		    14 Query	GRANT INSERT ( `pk` ), SELECT ( `col_varchar_nokey`, `col_time_nokey`, `col_varchar_key` ) ON `CC` TO 'someuser'@'somehost' /* QNO 379 CON_ID 14 */
		    14 Query	GRANT ALL PRIVILEGES ON r.* TO 'someuser'@'somehost' /* QNO 380 CON_ID 14 */
		    14 Query	ALTER TABLE `BB` DROP KEY y /* QNO 381 CON_ID 14 */
		    17 Query	INSERT INTO `tmp` SELECT * FROM B  /* QNO 182 CON_ID 17 */
		    14 Query	ALTER TABLE `A` DROP PRIMARY KEY /* QNO 382 CON_ID 14 */
		    17 Query	/* GenTest::Transform::ExecuteAsExecuteImmediate */ EXECUTE IMMEDIATE ' INSERT INTO `tmp` SELECT * FROM B  /* QNO 182 CON_ID 17 */ ' /* TRANSFORM_OUTCOME_UNORDERED_MATCH */ /* QNO 183 CON_ID 17 */
		    17 Prepare	INSERT INTO `tmp` SELECT * FROM B  /* QNO 182 CON_ID 17 */
		    17 Execute	INSERT INTO `tmp` SELECT * FROM B  /* QNO 182 CON_ID 17 */
		    14 Query	ALTER TABLE `DD` DROP KEY t /* QNO 383 CON_ID 14 */
		    17 Query	DROP TEMPORARY TABLE IF EXISTS B  /* QNO 184 CON_ID 17 */
		    17 Query	SHOW WARNINGS
		    14 Query	REVOKE ALL PRIVILEGES ON test.b FROM 'someuser'@'somehost' /* QNO 384 CON_ID 14 */
		    17 Query	ALTER TABLE `tmp` RENAME TO B /* QNO 185 CON_ID 17 */
		    14 Query	CREATE EVENT v ON SCHEDULE AT NOW() DO SET @a=@a /* QNO 385 CON_ID 14 */
		    17 Query	SHOW EXPLAIN FOR 247 /* QNO 186 CON_ID 17 */
		    14 Query	ALTER TABLE `CC` PARTITION BY KEY() PARTITIONS 8 /* QNO 386 CON_ID 14 */
		    19 Query	DELETE FROM `BB` WHERE `col_date_key` = 5 LIMIT 3 /* QNO 302 CON_ID 19 */
		    17 Query	SELECT * FROM `INNODB_FT_DELETED` INTO OUTFILE 'load_INNODB_FT_DELETED'  /* QNO 187 CON_ID 17 */
		    14 Query	DROP EVENT i /* QNO 387 CON_ID 14 */
		    19 Query	ALTER ONLINE TABLE `D` /*!100301 NOWAIT */ DROP IF EXISTS v, LOCK=NONE  /* QNO 303 CON_ID 19 */
		    14 Query	DROP TABLE r /* QNO 388 CON_ID 14 */
		    19 Query	SHOW WARNINGS
		    17 Query	LOAD DATA INFILE 'load_INNODB_FT_DELETED' REPLACE INTO TABLE INNODB_FT_DELETED /* QNO 188 CON_ID 17 */
		    14 Query	CREATE TRIGGER k BEFORE INSERT ON `A` FOR EACH ROW BEGIN INSERT INTO `AA` SELECT * FROM `D` LIMIT 0 ; END ; /* QNO 389 CON_ID 14 */
		    19 Query	TRUNCATE TABLE performance_schema.file_summary_by_event_name /* QNO 304 CON_ID 19 */
		    17 Query	UPDATE performance_schema.setup_consumers SET enabled = 'NO' WHERE name LIKE 'file%' /* QNO 189 CON_ID 17 */
		    17 Query	INSERT INTO t4 () VALUES (),() /* QNO 190 CON_ID 17 */
		    19 Query	CREATE OR REPLACE TEMPORARY TABLE `tmp` LIKE CC  /* QNO 305 CON_ID 19 */
		    19 Query	INSERT INTO `tmp` SELECT * FROM CC  /* QNO 306 CON_ID 19 */
		    19 Query	DROP TEMPORARY TABLE IF EXISTS CC  /* QNO 307 CON_ID 19 */
		    19 Query	SHOW WARNINGS
		    19 Query	ALTER TABLE `tmp` RENAME TO CC /* QNO 308 CON_ID 19 */
		    19 Query	ALTER TABLE `DD` /*!100301 NOWAIT */ CHANGE COLUMN IF EXISTS e `col_date_key` BIGINT NOT NULL DEFAULT 0 FIRST, LOCK=SHARED  /* QNO 309 CON_ID 19 */
		    14 Query	GRANT SELECT ( `col_date_nokey` ), SELECT ( `col_date_key` ), INSERT ( `col_varchar_nokey`, `col_time_key`, `col_date_key` ) ON `C` TO 'someuser'@'somehost' /* QNO 390 CON_ID 14 */
		    14 Query	DROP DATABASE IF EXISTS j /* QNO 391 CON_ID 14 */
		    14 Query	SHOW WARNINGS
		    15 Query	SHOW WARNINGS
		    15 Query	DROP TABLE IF EXISTS transforms.insert_select_22986 /* QNO 370 CON_ID 15 */
		    15 Query	SHOW WARNINGS
		    15 Query	CREATE TABLE transforms.insert_select_22986  SELECT * FROM INFORMATION_SCHEMA.`ALL_PLUGINS` AS table1 LIMIT 186 /* QNO 367 CON_ID 15 */  /* QNO 371 CON_ID 15 */
		    16 Query	SELECT * FROM transforms.insert_select_22988 /* TRANSFORM_OUTCOME_UNORDERED_MATCH */ /* QNO 304 CON_ID 16 */
		    14 Query	DROP PROCEDURE IF EXISTS e /* QNO 392 CON_ID 14 */
		    14 Query	SHOW WARNINGS
		    17 Query	SELECT * FROM (INFORMATION_SCHEMA.`GLOBAL_VARIABLES` AS table1 INNER JOIN performance_schema.`events_waits_history` AS table2 ON ( table2.`OBJECT_NAME` = table1.`VARIABLE_VALUE` ) ) HAVING NOT ( ( ( ( (NOT table1.`VARIABLE_NAME` != 1 OR table1.`VARIABLE_NAME` = '2011-09-12 13:00:11.039398') AND table1.`VARIABLE_VALUE` >= 'zu') AND table1.`VARIABLE_VALUE` <= 'u') AND table1.`VARIABLE_VALUE` < 4) AND table1.`VARIABLE_NAME` > '1985-08-27 12:03:30.027905') ORDER BY table2.`OPERATION`, table2.`SOURCE`, table1.`VARIABLE_NAME` LIMIT 105 /* QNO 191 CON_ID 17 */
		    16 Query	DELETE FROM transforms.insert_select_22988 /* QNO 305 CON_ID 16 */
		    14 Query	ALTER TABLE `C` PARTITION BY KEY() PARTITIONS 1 /* QNO 393 CON_ID 14 */
		    19 Query	INSERT INTO `DD` ( tcol7 ) SELECT icol3 FROM t8 /* QNO 310 CON_ID 19 */
		    19 Query	OPTIMIZE TABLE `CC`  /* QNO 311 CON_ID 19 */
		    19 Query	INSERT INTO `E` SELECT * FROM `C` /* QNO 312 CON_ID 19 */
		    16 Query	INSERT INTO transforms.insert_select_22988  SELECT * FROM performance_schema.`objects_summary_global_by_type` AS table1 ORDER BY table1.`SUM_TIMER_WAIT` LIMIT 20 /* QNO 299 CON_ID 16 */  /* QNO 306 CON_ID 16 */
		    14 Query	ALTER TABLE `C` ADD KEY ( q ) /* QNO 394 CON_ID 14 */
		    16 Query	SELECT * FROM transforms.insert_select_22988 /* TRANSFORM_OUTCOME_UNORDERED_MATCH */ /* QNO 307 CON_ID 16 */
190122 13:39:40	    16 Query	DELETE FROM transforms.insert_select_22988 /* QNO 308 CON_ID 16 */
		    14 Query	DROP TRIGGER IF EXISTS e /* QNO 395 CON_ID 14 */
		    19 Query	UPDATE performance_schema.setup_timers SET timer_name = 'TICK' /* QNO 313 CON_ID 19 */
		    14 Query	SHOW WARNINGS
		    19 Query	SHOW ENGINES /* QNO 314 CON_ID 19 */
		    14 Query	REVOKE SHOW DATABASES ON *.* FROM 'someuser'@'somehost' /* QNO 396 CON_ID 14 */
		    19 Query	DELETE FROM `BB` LIMIT 2 /* QNO 315 CON_ID 19 */
		    18 Query	SELECT * FROM test.`DD` AS table1 HAVING NOT ( (NOT table1.`col_time_key` >= '2025-10-10 23:13:17.038315' AND table1.`col_varchar_nokey` <> '1997-09-21 22:15:22.061573') OR table1.`col_datetime_key` < '2020-04-16 01:25:41.038106') LIMIT 9 /* QNO 202 CON_ID 18 */
		    14 Query	CREATE TABLE a LIKE `D` /* QNO 397 CON_ID 14 */
		    19 Query	ALTER TABLE `A` /*!100301 */ ADD IF NOT EXISTS l BIT NOT NULL AFTER t, ALGORITHM=COPY, LOCK=EXCLUSIVE  /* QNO 316 CON_ID 19 */
		    18 Query	RENAME TABLE seq2 TO seq5, seq9 TO seq7, seq6 TO seq8, seq1 TO seq4 /* QNO 203 CON_ID 18 */
		    19 Query	DROP TABLE IF EXISTS tmp_rename_22994  /* QNO 317 CON_ID 19 */
		    18 Query	ALTER IGNORE TABLE `BB` /*!100301 NOWAIT */ DROP KEY ind4, LOCK=DEFAULT  /* QNO 204 CON_ID 18 */
		    19 Query	SHOW WARNINGS
		    18 Query	UNLOCK TABLES /* QNO 205 CON_ID 18 */
		    19 Query	RENAME TABLE t8 TO tmp_rename_22994, tmp_rename_22994 TO t8 /* QNO 318 CON_ID 19 */
		    16 Query	REPLACE INTO transforms.insert_select_22988  SELECT * FROM performance_schema.`objects_summary_global_by_type` AS table1 ORDER BY table1.`SUM_TIMER_WAIT` LIMIT 20 /* QNO 299 CON_ID 16 */  /* QNO 309 CON_ID 16 */
		    19 Query	DROP SEQUENCE IF EXISTS seq5 /* QNO 319 CON_ID 19 */
		    19 Query	SHOW WARNINGS
		    19 Query	ALTER TABLE t6 /*!100301 WAIT 2 */ DROP FOREIGN KEY IF EXISTS g  /* QNO 320 CON_ID 19 */
		    18 Query	SELECT PREVIOUS VALUE FOR seq9 /* QNO 206 CON_ID 18 */
		    18 Query	/* GenTest::Transform::ExecuteAsExecuteImmediate */ EXECUTE IMMEDIATE 'SELECT PREVIOUS VALUE FOR seq9 /* QNO 206 CON_ID 18 */ ' /* TRANSFORM_OUTCOME_UNORDERED_MATCH */ /* QNO 207 CON_ID 18 */
		    18 Prepare	SELECT PREVIOUS VALUE FOR seq9 /* QNO 206 CON_ID 18 */
		    18 Execute	SELECT PREVIOUS VALUE FOR seq9 /* QNO 206 CON_ID 18 */
		    18 Query	/* GenTest::Transform::ExecuteAsInsertSelect */ CREATE DATABASE IF NOT EXISTS transforms /* QNO 208 CON_ID 18 */
		    19 Query	SHOW WARNINGS
		    19 Query	ALTER TABLE t1 RENAME TO t9, ADD CONSTRAINT y UNIQUE (scol8(20), `col_int_key`, bcol3, `pk`, icol5), LOCK=EXCLUSIVE  /* QNO 321 CON_ID 19 */
		    19 Query	UNLOCK TABLES /* QNO 322 CON_ID 19 */
		    19 Query	SHOW ENGINE PERFORMANCE_SCHEMA STATUS /* QNO 323 CON_ID 19 */
		    19 Query	ALTER TABLE t1 DROP COLUMN IF EXISTS vcol2, LOCK=NONE /* QNO 324 CON_ID 19 */
		    19 Query	SHOW WARNINGS
		    19 Query	ALTER TABLE `CC` /*!100301 NOWAIT */ MODIFY COLUMN IF EXISTS `col_time_nokey` POINT GENERATED ALWAYS AS ( w ) VIRTUAL  /* QNO 325 CON_ID 19 */
		    19 Query	ALTER TABLE `A` /*!100301 */ ADD COLUMN IF NOT EXISTS `col_datetime_nokey` BINARY NOT NULL /*!100201 CHECK (`col_varchar_nokey` NOT LIKE 8) */, ALGORITHM=DEFAULT, LOCK=DEFAULT  /* QNO 326 CON_ID 19 */
		    19 Query	SHOW EXPLAIN FOR 244 /* QNO 327 CON_ID 19 */
		    19 Query	ALTER IGNORE TABLE `AA` /*!100301 */ DROP PRIMARY KEY, ALGORITHM=INPLACE  /* QNO 328 CON_ID 19 */
		    16 Query	SELECT * FROM transforms.insert_select_22988 /* TRANSFORM_OUTCOME_UNORDERED_MATCH */ /* QNO 310 CON_ID 16 */
		    19 Query	INSERT INTO t4 ( `col_varchar_nokey` ) SELECT `col_varchar_key` FROM t9 /* QNO 329 CON_ID 19 */
		    16 Query	DROP TABLE transforms.insert_select_22988 /* QNO 311 CON_ID 16 */
		    19 Query	TRUNCATE TABLE performance_schema.events_waits_current /* QNO 330 CON_ID 19 */
		    19 Query	SET GLOBAL SQL_MODE= 'PIPES_AS_CONCAT,SIMULTANEOUS_ASSIGNMENT,ALLOW_INVALID_DATES,REAL_AS_FLOAT,STRICT_TRANS_TABLES,STRICT_ALL_TABLES,IGNORE_BAD_TABLE_OPTIONS,PAD_CHAR_TO_FULL_LENGTH,MSSQL,MAXDB,TIME_ROUND_FRACTIONAL,HIGH_NOT_PRECEDENCE,ERROR_FOR_DIVISION_BY_ZERO,NO_ENGINE_SUBSTITUTION,MYSQL40,ANSI,IGNORE_SPACE,NO_DIR_IN_CREATE,ORACLE,NO_AUTO_VALUE_ON_ZERO,EMPTY_STRING_IS_NULL,ANSI_QUOTES,ONLY_FULL_GROUP_BY,NO_ZERO_IN_DATE,MYSQL323,NO_BACKSLASH_ESCAPES,NO_AUTO_CREATE_USER' /* QNO 331 CON_ID 19 */
		    19 Query	INSERT INTO `DD` ( `pk` ) VALUES (NULL) /* QNO 332 CON_ID 19 */
		    19 Query	SET STATEMENT system_versioning_alter_history=KEEP FOR ALTER TABLE `DD` PARTITION BY system_time INTERVAL 9 DAY ( PARTITION ver_p1 HISTORY, PARTITION ver_pn CURRENT ) /* QNO 333 CON_ID 19 */
		    14 Query	ALTER TABLE `BB` DROP PRIMARY KEY /* QNO 398 CON_ID 14 */
		    19 Query	UPDATE performance_schema.setup_consumers SET enabled = 'NO' WHERE name IN ( 'events_waits_current' ) /* QNO 334 CON_ID 19 */
		    19 Query	SHOW EXPLAIN FOR 159 /* QNO 335 CON_ID 19 */
		    14 Query	GRANT UPDATE ( `col_datetime_key` ), SELECT ( `col_date_key` ), SELECT ( `col_time_key` ) ON `D` TO 'someuser'@'somehost' /* QNO 399 CON_ID 14 */
		    19 Query	TRUNCATE TABLE performance_schema.file_summary_by_event_name /* QNO 336 CON_ID 19 */
		    14 Query	CREATE TABLE h LIKE `CC` /* QNO 400 CON_ID 14 */
		    14 Query	ALTER TABLE `DD` DROP PRIMARY KEY /* QNO 401 CON_ID 14 */
		    19 Query	CREATE OR REPLACE TEMPORARY TABLE `tmp` LIKE D  /* QNO 337 CON_ID 19 */
		    14 Query	DROP DATABASE IF EXISTS e /* QNO 402 CON_ID 14 */
		    14 Query	SHOW WARNINGS
		    14 Query	ALTER TABLE `A` ADD COLUMN t INTEGER DEFAULT NULL /* QNO 403 CON_ID 14 */
		    17 Query	SHOW WARNINGS
		    17 Query	CREATE OR REPLACE TEMPORARY TABLE `tmp` LIKE C  /* QNO 192 CON_ID 17 */
		    14 Query	GRANT INSERT ( `col_date_key` ), UPDATE ( `col_date_key` ) ON `AA` TO 'someuser'@'somehost' /* QNO 404 CON_ID 14 */
		    14 Query	DROP EVENT p /* QNO 405 CON_ID 14 */
		    19 Query	INSERT INTO `tmp` SELECT * FROM D  /* QNO 338 CON_ID 19 */
		    14 Query	DROP EVENT r /* QNO 406 CON_ID 14 */
		    17 Query	INSERT INTO `tmp` SELECT * FROM C  /* QNO 193 CON_ID 17 */
		    14 Query	REVOKE ALL PRIVILEGES ON h.* FROM 'someuser'@'somehost' /* QNO 407 CON_ID 14 */
		    14 Query	ALTER TABLE `CC` PARTITION BY KEY() PARTITIONS 3 /* QNO 408 CON_ID 14 */
		    14 Query	CREATE PROCEDURE f ( OUT x INT, OUT h INT, OUT a INT ) BEGIN SELECT COUNT(*) INTO @a FROM `CC`; END ; /* QNO 409 CON_ID 14 */
		    19 Query	/* GenTest::Transform::ExecuteAsExecuteImmediate */ EXECUTE IMMEDIATE ' INSERT INTO `tmp` SELECT * FROM D  /* QNO 338 CON_ID 19 */ ' /* TRANSFORM_OUTCOME_UNORDERED_MATCH */ /* QNO 339 CON_ID 19 */
		    17 Query	/* GenTest::Transform::ExecuteAsExecuteImmediate */ EXECUTE IMMEDIATE ' INSERT INTO `tmp` SELECT * FROM C  /* QNO 193 CON_ID 17 */ ' /* TRANSFORM_OUTCOME_UNORDERED_MATCH */ /* QNO 194 CON_ID 17 */
		    17 Prepare	INSERT INTO `tmp` SELECT * FROM C  /* QNO 193 CON_ID 17 */
		    19 Prepare	INSERT INTO `tmp` SELECT * FROM D  /* QNO 338 CON_ID 19 */
		    17 Execute	INSERT INTO `tmp` SELECT * FROM C  /* QNO 193 CON_ID 17 */
		    17 Query	DROP TEMPORARY TABLE IF EXISTS C  /* QNO 195 CON_ID 17 */
		    14 Query	GRANT REPLICATION SLAVE ON *.* to 'someuser'@'somehost' /* QNO 410 CON_ID 14 */
		    19 Execute	INSERT INTO `tmp` SELECT * FROM D  /* QNO 338 CON_ID 19 */
		    19 Query	DROP TEMPORARY TABLE IF EXISTS D  /* QNO 340 CON_ID 19 */
		    19 Query	SHOW WARNINGS
		    14 Query	DROP VIEW IF EXISTS q /* QNO 411 CON_ID 14 */
		    19 Query	ALTER TABLE `tmp` RENAME TO D /* QNO 341 CON_ID 19 */
		    14 Query	SHOW WARNINGS
		    14 Query	DROP DATABASE IF EXISTS r /* QNO 412 CON_ID 14 */
		    19 Query	SELECT * from t9 WHERE row_start < @trx_user_var /* QNO 342 CON_ID 19 */
		    14 Query	SHOW WARNINGS
		    14 Query	REVOKE REPLICATION CLIENT ON *.* FROM 'someuser'@'somehost' /* QNO 413 CON_ID 14 */
		    19 Query	SET STATEMENT system_versioning_alter_history=KEEP FOR ALTER TABLE t6 REMOVE PARTITIONING /* QNO 343 CON_ID 19 */
		    14 Query	CREATE DATABASE IF NOT EXISTS q /* QNO 414 CON_ID 14 */
		    17 Query	ALTER TABLE `tmp` RENAME TO C /* QNO 196 CON_ID 17 */
		    19 Query	ALTER SEQUENCE IF EXISTS seq3 NO MINVALUE /* QNO 344 CON_ID 19 */
		    14 Query	DROP TABLE k /* QNO 415 CON_ID 14 */
		    19 Query	SHOW WARNINGS
		    17 Query	TRUNCATE TABLE performance_schema.events_waits_current /* QNO 197 CON_ID 17 */
		    19 Query	ALTER TABLE `C` DROP FOREIGN KEY k, ALGORITHM=DEFAULT, LOCK=NONE /* QNO 345 CON_ID 19 */
		    14 Query	GRANT SELECT ( `col_time_nokey` ), UPDATE ( `col_int_key` ) ON `D` TO 'someuser'@'somehost' /* QNO 416 CON_ID 14 */
		    14 Query	CREATE DATABASE IF NOT EXISTS v /* QNO 417 CON_ID 14 */
		    14 Query	ALTER TABLE `E` DROP KEY c /* QNO 418 CON_ID 14 */
		    17 Query	INSERT INTO `INNODB_CMPMEM` ( `pk` ) VALUES (NULL) /* QNO 198 CON_ID 17 */
		    17 Query	TRUNCATE TABLE `TABLE_STATISTICS` /* QNO 199 CON_ID 17 */
		    14 Query	ALTER TABLE `AA` ADD KEY ( x ) /* QNO 419 CON_ID 14 */
		    17 Query	INSERT INTO `KEY_COLUMN_USAGE` SELECT * FROM `INNODB_SYS_FOREIGN` /* QNO 200 CON_ID 17 */
		    14 Query	DROP TRIGGER IF EXISTS s /* QNO 420 CON_ID 14 */
		    17 Query	CREATE OR REPLACE TEMPORARY TABLE `tmp` LIKE C  /* QNO 201 CON_ID 17 */
		    17 Query	INSERT INTO `tmp` SELECT * FROM C  /* QNO 202 CON_ID 17 */
		    17 Query	/* GenTest::Transform::ExecuteAsExecuteImmediate */ EXECUTE IMMEDIATE ' INSERT INTO `tmp` SELECT * FROM C  /* QNO 202 CON_ID 17 */ ' /* TRANSFORM_OUTCOME_UNORDERED_MATCH */ /* QNO 203 CON_ID 17 */
		    17 Prepare	INSERT INTO `tmp` SELECT * FROM C  /* QNO 202 CON_ID 17 */
		    14 Query	GRANT SELECT ( `col_time_nokey`, `col_time_key` ), UPDATE ( `col_varchar_key` ), SELECT ( `col_varchar_nokey` ), UPDATE ( `col_date_key`, `col_varchar_key`, `col_datetime_key`, `col_date_nokey`, `col_datetime_key` ) ON `A` TO 'someuser'@'somehost' /* QNO 421 CON_ID 14 */
		    14 Query	REVOKE ALL PRIVILEGES ON test.o FROM 'someuser'@'somehost' /* QNO 422 CON_ID 14 */
		    14 Query	GRANT PROCESS ON *.* to 'someuser'@'somehost' /* QNO 423 CON_ID 14 */
		    15 Query	SELECT * FROM transforms.insert_select_22986 /* TRANSFORM_OUTCOME_UNORDERED_MATCH */ /* QNO 372 CON_ID 15 */
		    18 Query	SHOW WARNINGS
		    14 Query	CREATE EVENT u ON SCHEDULE AT NOW() DO SET @a=@a /* QNO 424 CON_ID 14 */
		    18 Query	DROP TABLE IF EXISTS transforms.insert_select_22992 /* QNO 209 CON_ID 18 */
		    18 Query	SHOW WARNINGS
		    18 Query	CREATE TABLE transforms.insert_select_22992 SELECT PREVIOUS VALUE FOR seq9 /* QNO 206 CON_ID 18 */  /* QNO 210 CON_ID 18 */
		    17 Execute	INSERT INTO `tmp` SELECT * FROM C  /* QNO 202 CON_ID 17 */
		    17 Query	DROP TEMPORARY TABLE IF EXISTS C  /* QNO 204 CON_ID 17 */
		    14 Query	ALTER TABLE `DD` REMOVE PARTITIONING /* QNO 425 CON_ID 14 */
		    15 Query	DELETE FROM transforms.insert_select_22986 /* QNO 373 CON_ID 15 */
		    14 Query	REVOKE ALL PRIVILEGES ON test.u FROM 'someuser'@'somehost' /* QNO 426 CON_ID 14 */
		    14 Query	ALTER TABLE `C` PARTITION BY KEY() PARTITIONS 2 /* QNO 427 CON_ID 14 */
		    19 Query	SELECT * FROM `D` INTO OUTFILE 'load_D'  /* QNO 346 CON_ID 19 */
		    17 Query	ALTER TABLE `tmp` RENAME TO C /* QNO 205 CON_ID 17 */
		    16 Query	TRUNCATE TABLE performance_schema.events_waits_history /* QNO 312 CON_ID 16 */
		    17 Query	SET SQL_MODE= '' /* QNO 206 CON_ID 17 */
		    19 Query	LOAD DATA INFILE 'load_D' IGNORE INTO TABLE D /* QNO 347 CON_ID 19 */
		    17 Query	ALTER ONLINE IGNORE TABLE `GLOBAL_VARIABLES` /*!100301 */ ALTER /*!100305 IF EXISTS */ `VARIABLE_VALUE` DROP DEFAULT, ALGORITHM=COPY, CHANGE IF EXISTS `VARIABLE_VALUE` z FLOAT DEFAULT 0 /*!100201 CHECK (p <= 6) */ AFTER `VARIABLE_VALUE`, ADD IF NOT EXISTS k FLOAT, LOCK=EXCLUSIVE  /* QNO 207 CON_ID 17 */
		    17 Query	SELECT CYCLE_COUNT, CYCLE_COUNT, CYCLE_COUNT, CYCLE_COUNT, MINIMUM_VALUE FROM seq2 /* QNO 208 CON_ID 17 */
		    17 Query	ALTER TABLE t9 ENGINE=InnoDB, DROP PRIMARY KEY, ROW_FORMAT=COMPACT /* QNO 209 CON_ID 17 */
		    17 Query	TRUNCATE TABLE performance_schema.events_waits_summary_by_instance /* QNO 210 CON_ID 17 */
		    16 Query	SELECT * FROM `socket_summary_by_instance` INTO OUTFILE 'load_socket_summary_by_instance'  /* QNO 313 CON_ID 16 */
		    17 Query	UPDATE performance_schema.setup_timers SET timer_name = 'MILLISECOND' /* QNO 211 CON_ID 17 */
		    15 Query	INSERT INTO transforms.insert_select_22986  SELECT * FROM INFORMATION_SCHEMA.`ALL_PLUGINS` AS table1 LIMIT 186 /* QNO 367 CON_ID 15 */  /* QNO 374 CON_ID 15 */
		    17 Query	UNLOCK TABLES /* QNO 212 CON_ID 17 */
		    16 Query	LOAD DATA INFILE 'load_socket_summary_by_instance' REPLACE INTO TABLE socket_summary_by_instance /* QNO 314 CON_ID 16 */
		    17 Query	SELECT * FROM `ENGINES` INTO OUTFILE 'load_ENGINES'  /* QNO 213 CON_ID 17 */
		    16 Query	INSERT INTO t11 ( vcol10 ) SELECT ecol5 FROM t5 /* QNO 315 CON_ID 16 */
		    17 Query	LOAD DATA INFILE 'load_ENGINES' REPLACE INTO TABLE ENGINES /* QNO 214 CON_ID 17 */
		    16 Query	CREATE OR REPLACE TEMPORARY TABLE `tmp` LIKE E  /* QNO 316 CON_ID 16 */
		    17 Query	SELECT * from `INNODB_BUFFER_PAGE_LRU` WHERE row_end IN (SELECT row_start FROM `CLIENT_STATISTICS`) /* QNO 215 CON_ID 17 */
		    17 Query	INSERT INTO t3 (ecol4) VALUES ('t') /* QNO 216 CON_ID 17 */
		    17 Query	TRUNCATE TABLE performance_schema.file_summary_by_instance /* QNO 217 CON_ID 17 */
		    17 Query	INSERT INTO `COLUMNS` ( `pk` ) VALUES (NULL) /* QNO 218 CON_ID 17 */
		    17 Query	SHOW CREATE SEQUENCE seq4 /* QNO 219 CON_ID 17 */
		    17 Query	CREATE OR REPLACE TEMPORARY TABLE `tmp` LIKE CC  /* QNO 220 CON_ID 17 */
		    17 Query	INSERT INTO `tmp` SELECT * FROM CC  /* QNO 221 CON_ID 17 */
		    17 Query	DROP TEMPORARY TABLE IF EXISTS CC  /* QNO 222 CON_ID 17 */
		    17 Query	SHOW WARNINGS
		    17 Query	ALTER TABLE `tmp` RENAME TO CC /* QNO 223 CON_ID 17 */
		    17 Query	SET SQL_MODE= 'NO_KEY_OPTIONS,MYSQL323,ORACLE' /* QNO 224 CON_ID 17 */
		    17 Query	ALTER TABLE `SYSTEM_VARIABLES` /*!100301 */ CHANGE IF EXISTS `COMMAND_LINE_ARGUMENT` `NUMERIC_MAX_VALUE` INT SERIAL DEFAULT VALUE, LOCK=SHARED, MODIFY COLUMN IF EXISTS `VARIABLE_COMMENT` INT, LOCK=SHARED, ALTER /*!100305 IF EXISTS */ q DROP DEFAULT, LOCK=SHARED, ADD COLUMN `COMMAND_LINE_ARGUMENT` DOUBLE DEFAULT NULL, ALGORITHM=INPLACE  /* QNO 225 CON_ID 17 */
		    17 Query	SELECT row_start FROM `INNODB_SYS_SEMAPHORE_WAITS` ORDER BY RAND() LIMIT 1 INTO @trx_user_var /* QNO 226 CON_ID 17 */
		    17 Query	SELECT * FROM (test.`AA` AS table1 RIGHT OUTER JOIN mysql.`transaction_registry` AS table2 ON ( table2.`isolation_level` = table1.`col_int_nokey` ) ) WHERE ( ( ( ( ( table1.`col_time_key` < 5 OR table1.`col_int_nokey` LIKE '%myisam%') AND table1.`col_datetime_key` <> table1.`col_datetime_nokey`) AND table2.`commit_timestamp` IN ( 8, 9, 3 )) AND table1.`pk` < 'is') OR table1.`pk` > table1.`col_datetime_key`) ORDER BY table1.`col_datetime_key` LIMIT 45 /* QNO 227 CON_ID 17 */
		    14 Query	REVOKE ALL PRIVILEGES ON test.t FROM 'someuser'@'somehost' /* QNO 428 CON_ID 14 */
		    14 Query	CREATE FUNCTION u ( z INTEGER, s INTEGER ) RETURNS INTEGER RETURN 1 /* QNO 429 CON_ID 14 */
		    17 Query	SELECT * FROM INFORMATION_SCHEMA.`SPATIAL_REF_SYS` AS table1 ORDER BY table1.`AUTH_SRID` LIMIT 2 /* QNO 228 CON_ID 17 */
		    17 Query	/* GenTest::Transform::ExecuteAsExecuteImmediate */ EXECUTE IMMEDIATE ' SELECT * FROM INFORMATION_SCHEMA.`SPATIAL_REF_SYS` AS table1 ORDER BY table1.`AUTH_SRID` LIMIT 2 /* QNO 228 CON_ID 17 */ ' /* TRANSFORM_OUTCOME_UNORDERED_MATCH */ /* QNO 229 CON_ID 17 */
		    17 Prepare	SELECT * FROM INFORMATION_SCHEMA.`SPATIAL_REF_SYS` AS table1 ORDER BY table1.`AUTH_SRID` LIMIT 2 /* QNO 228 CON_ID 17 */
		    14 Query	DROP TRIGGER IF EXISTS a /* QNO 430 CON_ID 14 */
		    17 Execute	SELECT * FROM INFORMATION_SCHEMA.`SPATIAL_REF_SYS` AS table1 ORDER BY table1.`AUTH_SRID` LIMIT 2 /* QNO 228 CON_ID 17 */
		    14 Query	SHOW WARNINGS
		    14 Query	GRANT UPDATE ( `col_time_nokey`, `col_date_nokey` ) ON `A` TO 'someuser'@'somehost' /* QNO 431 CON_ID 14 */
		    14 Query	DROP TABLE x /* QNO 432 CON_ID 14 */
		    14 Query	ALTER TABLE `E` ADD COLUMN b INTEGER DEFAULT NULL /* QNO 433 CON_ID 14 */
		    17 Query	/* GenTest::Transform::ExecuteAsInsertSelect */ CREATE DATABASE IF NOT EXISTS transforms /* QNO 230 CON_ID 17 */
		    19 Query	SHOW WARNINGS
		    19 Query	ALTER TABLE `DD` DROP SYSTEM VERSIONING /* QNO 348 CON_ID 19 */
		    19 Query	DROP TEMPORARY TABLE IF EXISTS `B` /* QNO 349 CON_ID 19 */
		    16 Query	INSERT INTO `tmp` SELECT * FROM E  /* QNO 317 CON_ID 16 */
		    17 Query	SHOW WARNINGS
		    18 Query	SELECT * FROM transforms.insert_select_22992 /* TRANSFORM_OUTCOME_UNORDERED_MATCH */ /* QNO 211 CON_ID 18 */
		    18 Query	DELETE FROM transforms.insert_select_22992 /* QNO 212 CON_ID 18 */
		    17 Query	DROP TABLE IF EXISTS transforms.insert_select_22990 /* QNO 231 CON_ID 17 */
		    17 Query	SHOW WARNINGS
		    17 Query	CREATE TABLE transforms.insert_select_22990  SELECT * FROM INFORMATION_SCHEMA.`SPATIAL_REF_SYS` AS table1 ORDER BY table1.`AUTH_SRID` LIMIT 2 /* QNO 228 CON_ID 17 */  /* QNO 232 CON_ID 17 */
		    19 Query	SET SESSION SQL_MODE= DEFAULT /* QNO 350 CON_ID 19 */
		    19 Query	SHOW EXPLAIN FOR 159 /* QNO 351 CON_ID 19 */
		    19 Query	INSERT INTO `E` SELECT * FROM `E` /* QNO 352 CON_ID 19 */
		    18 Query	INSERT INTO transforms.insert_select_22992 SELECT PREVIOUS VALUE FOR seq9 /* QNO 206 CON_ID 18 */  /* QNO 213 CON_ID 18 */
		    18 Query	SELECT * FROM transforms.insert_select_22992 /* TRANSFORM_OUTCOME_UNORDERED_MATCH */ /* QNO 214 CON_ID 18 */
		    18 Query	DELETE FROM transforms.insert_select_22992 /* QNO 215 CON_ID 18 */
		    18 Query	REPLACE INTO transforms.insert_select_22992 SELECT PREVIOUS VALUE FOR seq9 /* QNO 206 CON_ID 18 */  /* QNO 216 CON_ID 18 */
		    16 Query	DROP TEMPORARY TABLE IF EXISTS E  /* QNO 318 CON_ID 16 */
		    16 Query	SHOW WARNINGS
		    16 Query	ALTER TABLE `tmp` RENAME TO E /* QNO 319 CON_ID 16 */
		    19 Query	/* GenTest::Transform::ExecuteAsExecuteImmediate */ EXECUTE IMMEDIATE ' /* TRANSFORM_OUTCOME_UNORDERED_MATCH */ /* QNO 353 CON_ID 19 */
		    19 Query	CREATE OR REPLACE TEMPORARY TABLE `tmp` LIKE E  /* QNO 354 CON_ID 19 */
		    16 Query	ALTER TABLE `file_summary_by_event_name` /*!100301 WAIT 4 */ ADD COLUMN ( `MAX_TIMER_MISC` ENUM('foo','bar') NULL ), CHANGE COLUMN IF EXISTS `COUNT_WRITE` t SET('foo','bar') NULL DEFAULT -63, LOCK=EXCLUSIVE, CHANGE IF EXISTS q m BIT NULL, LOCK=DEFAULT, ADD COLUMN IF NOT EXISTS ( z TIME NULL ), LOCK=EXCLUSIVE  /* QNO 320 CON_ID 16 */
		    14 Query	ALTER TABLE `C` ADD PRIMARY KEY (`pk`) /* QNO 434 CON_ID 14 */
		    18 Query	SELECT * FROM transforms.insert_select_22992 /* TRANSFORM_OUTCOME_UNORDERED_MATCH */ /* QNO 217 CON_ID 18 */
		    16 Query	INSERT INTO `events_waits_summary_by_host_by_event_name` ( `pk` ) VALUES (NULL) /* QNO 321 CON_ID 16 */
		    14 Query	ALTER TABLE `B` DROP PRIMARY KEY /* QNO 435 CON_ID 14 */
		    14 Query	REVOKE ALL PRIVILEGES ON test.q FROM 'someuser'@'somehost' /* QNO 436 CON_ID 14 */
		    14 Query	CREATE TABLE s LIKE `DD` /* QNO 437 CON_ID 14 */
		    14 Query	ALTER TABLE `D` PARTITION BY KEY() PARTITIONS 2 /* QNO 438 CON_ID 14 */
		    16 Query	ALTER TABLE `setup_actors` DROP COLUMN IF EXISTS `ROLE`, ALGORITHM=INPLACE, LOCK=DEFAULT, ADD FULLTEXT KEY(scol1)  /* QNO 322 CON_ID 16 */
		    16 Query	UPDATE `setup_instruments` SET `ENABLED` = 5 WHERE `ENABLED` <> '2014-06-19 23:15:49.045271' /* QNO 323 CON_ID 16 */
		    18 Query	DROP TABLE transforms.insert_select_22992 /* QNO 218 CON_ID 18 */
		    16 Query	LOCK TABLES `events_waits_summary_by_thread_by_event_name` WRITE, `setup_consumers` LOW_PRIORITY WRITE /*!100300 WAIT 2 */ /* QNO 324 CON_ID 16 */
		    16 Query	ALTER IGNORE TABLE `users` /*!100301 WAIT 6 */ ADD INDEX IF NOT EXISTS v ( v DESC )  /* QNO 325 CON_ID 16 */
		    16 Query	UNLOCK TABLES /* QNO 326 CON_ID 16 */
		    16 Query	SELECT * FROM INFORMATION_SCHEMA.`INNODB_CMP` AS table1 WHERE ( table1.`compress_time` >= '1989-01-12 19:23:53.002767' AND table1.`compress_time` <= table1.`page_size`) LIMIT 120 /* QNO 327 CON_ID 16 */
		    16 Query	SHOW WARNINGS
		    16 Query	SHOW EXPLAIN FOR 81 /* QNO 328 CON_ID 16 */
		    16 Query	INSERT INTO `COLUMN_PRIVILEGES` ( `pk` ) VALUES (NULL) /* QNO 329 CON_ID 16 */
		    16 Query	SELECT * FROM `KEY_CACHES` INTO OUTFILE 'load_KEY_CACHES'  /* QNO 330 CON_ID 16 */
		    16 Query	LOAD DATA INFILE 'load_KEY_CACHES' REPLACE INTO TABLE KEY_CACHES /* QNO 331 CON_ID 16 */
		    16 Query	DROP TEMPORARY TABLE IF EXISTS `INNODB_SYS_FOREIGN` /* QNO 332 CON_ID 16 */
		    16 Query	SHOW WARNINGS
		    16 Query	SELECT * FROM (performance_schema.`table_lock_waits_summary_by_table` AS table1 INNER JOIN INFORMATION_SCHEMA.`TABLES` AS table2 ON ( table2.`CREATE_OPTIONS` = table1.`AVG_TIMER_WRITE` ) ) HAVING NOT ( table2.`UPDATE_TIME` != '2028-02-14 13:35:58.002391' OR table1.`SUM_TIMER_WRITE_LOW_PRIORITY` = 7) ORDER BY table1.`MAX_TIMER_WRITE_LOW_PRIORITY`, table2.`TABLE_ROWS` LIMIT 252 /* QNO 333 CON_ID 16 */
		    18 Query	SELECT * FROM `AA` INTO OUTFILE 'load_AA'  /* QNO 219 CON_ID 18 */
		    18 Query	LOAD DATA INFILE 'load_AA' REPLACE INTO TABLE AA /* QNO 220 CON_ID 18 */
		    18 Query	LOCK TABLE `E` j WRITE CONCURRENT /*!100300 WAIT 0 */ /* QNO 221 CON_ID 18 */
		    18 Query	SHOW CREATE SEQUENCE seq1 /* QNO 222 CON_ID 18 */
		    18 Query	SHOW EXPLAIN FOR 175 /* QNO 223 CON_ID 18 */
		    18 Query	SHOW ENGINE PERFORMANCE_SCHEMA STATUS /* QNO 224 CON_ID 18 */
		    18 Query	SELECT * from `DD` WHERE row_start <= @trx_user_var /* QNO 225 CON_ID 18 */
		    18 Query	SHOW ENGINE PERFORMANCE_SCHEMA STATUS /* QNO 226 CON_ID 18 */
		    18 Query	SHOW ENGINE PERFORMANCE_SCHEMA STATUS /* QNO 227 CON_ID 18 */
		    18 Query	ALTER ONLINE TABLE t2 /*!100301 NOWAIT */ STATS_SAMPLE_PAGES DEFAULT  /* QNO 228 CON_ID 18 */
		    18 Query	ALTER IGNORE TABLE t10 /*!100301 NOWAIT */ DROP INDEX ind10, ADD IF NOT EXISTS scol2 VARCHAR(51176) DEFAULT NULL /*!100307, ALGORITHM=INSTANT */, ADD FOREIGN KEY x (scol6, scol9) REFERENCES `BB` (ncol8)  /* QNO 229 CON_ID 18 */
		    14 Query	ALTER TABLE `E` DROP KEY i /* QNO 439 CON_ID 14 */
		    14 Query	REVOKE ALL PRIVILEGES ON o.* FROM 'someuser'@'somehost' /* QNO 440 CON_ID 14 */
		    14 Query	CREATE OR REPLACE VIEW b AS SELECT * FROM `B` /* QNO 441 CON_ID 14 */
		    18 Query	SELECT * FROM INFORMATION_SCHEMA.`INNODB_CMPMEM_RESET` AS table1 LIMIT 253 /* QNO 230 CON_ID 18 */
		    18 Query	/* GenTest::Transform::ExecuteAsExecuteImmediate */ EXECUTE IMMEDIATE ' SELECT * FROM INFORMATION_SCHEMA.`INNODB_CMPMEM_RESET` AS table1 LIMIT 253 /* QNO 230 CON_ID 18 */ ' /* TRANSFORM_OUTCOME_UNORDERED_MATCH */ /* QNO 231 CON_ID 18 */
		    14 Query	/* GenTest::Transform::ExecuteAsExecuteImmediate */ EXECUTE IMMEDIATE 'CREATE OR REPLACE VIEW b AS SELECT * FROM `B` /* QNO 441 CON_ID 14 */ ' /* TRANSFORM_OUTCOME_UNORDERED_MATCH */ /* QNO 442 CON_ID 14 */
		    14 Prepare	CREATE OR REPLACE VIEW b AS SELECT * FROM `B` /* QNO 441 CON_ID 14 */
		    15 Query	SELECT * FROM transforms.insert_select_22986 /* TRANSFORM_OUTCOME_UNORDERED_MATCH */ /* QNO 375 CON_ID 15 */
		    17 Query	SELECT * FROM transforms.insert_select_22990 /* TRANSFORM_OUTCOME_UNORDERED_MATCH */ /* QNO 233 CON_ID 17 */
		    18 Prepare	SELECT * FROM INFORMATION_SCHEMA.`INNODB_CMPMEM_RESET` AS table1 LIMIT 253 /* QNO 230 CON_ID 18 */
		    18 Execute	SELECT * FROM INFORMATION_SCHEMA.`INNODB_CMPMEM_RESET` AS table1 LIMIT 253 /* QNO 230 CON_ID 18 */
		    17 Query	DELETE FROM transforms.insert_select_22990 /* QNO 234 CON_ID 17 */
		    18 Query	/* GenTest::Transform::ExecuteAsInsertSelect */ CREATE DATABASE IF NOT EXISTS transforms /* QNO 232 CON_ID 18 */
		    17 Query	INSERT INTO transforms.insert_select_22990  SELECT * FROM INFORMATION_SCHEMA.`SPATIAL_REF_SYS` AS table1 ORDER BY table1.`AUTH_SRID` LIMIT 2 /* QNO 228 CON_ID 17 */  /* QNO 235 CON_ID 17 */
		    14 Execute	CREATE OR REPLACE VIEW b AS SELECT * FROM `B` /* QNO 441 CON_ID 14 */
		    14 Query	DROP TABLE f /* QNO 443 CON_ID 14 */
		    18 Query	SET SESSION SQL_MODE= 'NO_ZERO_IN_DATE,MYSQL40,ANSI_QUOTES,ORACLE,IGNORE_BAD_TABLE_OPTIONS,NO_AUTO_VALUE_ON_ZERO,PAD_CHAR_TO_FULL_LENGTH,STRICT_ALL_TABLES,REAL_AS_FLOAT,PIPES_AS_CONCAT,STRICT_TRANS_TABLES,ALLOW_INVALID_DATES,POSTGRESQL,HIGH_NOT_PRECEDENCE,NO_KEY_OPTIONS,NO_ENGINE_SUBSTITUTION' /* QNO 233 CON_ID 18 */
		    14 Query	CREATE PROCEDURE o ( OUT e INT ) BEGIN SELECT COUNT(*) INTO @a FROM `B`; END ; /* QNO 444 CON_ID 14 */
		    18 Query	DROP TEMPORARY TABLE IF EXISTS `SYSTEM_VARIABLES` /* QNO 234 CON_ID 18 */
		    18 Query	SHOW WARNINGS
		    15 Query	DELETE FROM transforms.insert_select_22986 /* QNO 376 CON_ID 15 */
		    18 Query	SHOW ENGINE PERFORMANCE_SCHEMA STATUS /* QNO 235 CON_ID 18 */
		    19 Query	INSERT INTO `tmp` SELECT * FROM E  /* QNO 355 CON_ID 19 */
		    19 Query	/* GenTest::Transform::ExecuteAsExecuteImmediate */ EXECUTE IMMEDIATE ' /* TRANSFORM_OUTCOME_UNORDERED_MATCH */ /* QNO 356 CON_ID 19 */
		    19 Query	DROP TEMPORARY TABLE IF EXISTS E  /* QNO 357 CON_ID 19 */
		    19 Query	SHOW WARNINGS
		    19 Query	ALTER TABLE `tmp` RENAME TO E /* QNO 358 CON_ID 19 */
		    19 Query	SET SQL_MODE= '' /* QNO 359 CON_ID 19 */
		    18 Query	LOCK TABLE `INNODB_TABLESPACES_ENCRYPTION` READ LOCAL, `SESSION_VARIABLES` WRITE CONCURRENT  /* QNO 236 CON_ID 18 */
		    17 Query	SELECT * FROM transforms.insert_select_22990 /* TRANSFORM_OUTCOME_UNORDERED_MATCH */ /* QNO 236 CON_ID 17 */
		    17 Query	DELETE FROM transforms.insert_select_22990 /* QNO 237 CON_ID 17 */
		    18 Query	SHOW ENGINE PERFORMANCE_SCHEMA STATUS /* QNO 237 CON_ID 18 */
		    19 Query	ALTER TABLE `E` /*!100301 */ ADD INDEX IF NOT EXISTS USING BTREE ( `col_varchar_key` ) KEY_BLOCK_SIZE = 52491 /*!100307, ALGORITHM=NOCOPY */, ADD INDEX IF NOT EXISTS u USING RTREE ( i ASC ) /*!100307, ALGORITHM=INSTANT */, ADD INDEX IF NOT EXISTS ( v ), DROP CONSTRAINT q, ALGORITHM=DEFAULT  /* QNO 360 CON_ID 19 */
		    17 Query	REPLACE INTO transforms.insert_select_22990  SELECT * FROM INFORMATION_SCHEMA.`SPATIAL_REF_SYS` AS table1 ORDER BY table1.`AUTH_SRID` LIMIT 2 /* QNO 228 CON_ID 17 */  /* QNO 238 CON_ID 17 */
		    18 Query	SHOW ENGINE PERFORMANCE_SCHEMA STATUS /* QNO 238 CON_ID 18 */
		    19 Query	ALTER TABLE t3 /*!100301 NOWAIT */ ADD INDEX(tcol4) /*!100307, ALGORITHM=INSTANT */  /* QNO 361 CON_ID 19 */
		    19 Query	ALTER ONLINE TABLE t6 /*!100301 NOWAIT */ DROP COLUMN ecol6 /*!100307, ALGORITHM=NOCOPY */, LOCK=DEFAULT, ADD CONSTRAINT i PRIMARY KEY(icol7), LOCK=DEFAULT  /* QNO 362 CON_ID 19 */
		    18 Query	ALTER TABLE `TABLE_PRIVILEGES` /*!100301 */ DROP IF EXISTS p, ALGORITHM=DEFAULT  /* QNO 239 CON_ID 18 */
		    17 Query	SELECT * FROM transforms.insert_select_22990 /* TRANSFORM_OUTCOME_UNORDERED_MATCH */ /* QNO 239 CON_ID 17 */
		    17 Query	DROP TABLE transforms.insert_select_22990 /* QNO 240 CON_ID 17 */
		    14 Query	CREATE DATABASE IF NOT EXISTS l /* QNO 445 CON_ID 14 */
		    14 Query	SHOW WARNINGS
		    14 Query	ALTER TABLE `B` ADD KEY ( c ) /* QNO 446 CON_ID 14 */
		    14 Query	ALTER TABLE `E` ADD PRIMARY KEY (`pk`) /* QNO 447 CON_ID 14 */
		    14 Query	GRANT PROCESS, SHOW DATABASES, REPLICATION SLAVE, REPLICATION CLIENT, REPLICATION SLAVE ON *.* to 'someuser'@'somehost' /* QNO 448 CON_ID 14 */
		    18 Query	UNLOCK TABLES /* QNO 240 CON_ID 18 */
		    18 Query	TRUNCATE TABLE performance_schema.file_summary_by_instance /* QNO 241 CON_ID 18 */
		    19 Query	ALTER TABLE t12 ALTER COLUMN /*!100305 */ tcol7 DROP DEFAULT, ALTER COLUMN /*!100305 IF EXISTS */ vcol3 DROP DEFAULT, ADD COLUMN IF NOT EXISTS scol3 BINARY NOT NULL DEFAULT NULL, ALGORITHM=INPLACE, LOCK=NONE, ADD FULLTEXT KEY(`col_varchar_key`), LOCK=NONE /* QNO 363 CON_ID 19 */
		    18 Query	SET SQL_MODE= DEFAULT /* QNO 242 CON_ID 18 */
		    14 Query	ALTER TABLE `D` ADD KEY ( u ) /* QNO 449 CON_ID 14 */
		    18 Query	INSERT INTO `SESSION_VARIABLES` SELECT * FROM `ALL_PLUGINS` /* QNO 243 CON_ID 18 */
		    18 Query	ALTER IGNORE TABLE `INNODB_CMP_RESET` /*!100301 NOWAIT */ ADD COLUMN IF NOT EXISTS `compress_time` DATETIME DEFAULT 0, ALGORITHM=INPLACE, LOCK=EXCLUSIVE  /* QNO 244 CON_ID 18 */
		    19 Query	CREATE TABLE t16 LIKE `CC` /* QNO 364 CON_ID 19 */
		    18 Query	UPDATE performance_schema.setup_consumers SET enabled = 'YES' WHERE name IN ( 'events_waits_summary_by_thread_by_event_name', 'file_summary_by_event_name' ) /* QNO 245 CON_ID 18 */
		    18 Query	SELECT * FROM `INNODB_SYS_COLUMNS` INTO OUTFILE 'load_INNODB_SYS_COLUMNS'  /* QNO 246 CON_ID 18 */
		    19 Query	CREATE OR REPLACE TEMPORARY TABLE `tmp` LIKE A  /* QNO 365 CON_ID 19 */
		    18 Query	LOAD DATA INFILE 'load_INNODB_SYS_COLUMNS' REPLACE INTO TABLE INNODB_SYS_COLUMNS /* QNO 247 CON_ID 18 */
		    15 Query	REPLACE INTO transforms.insert_select_22986  SELECT * FROM INFORMATION_SCHEMA.`ALL_PLUGINS` AS table1 LIMIT 186 /* QNO 367 CON_ID 15 */  /* QNO 377 CON_ID 15 */
		    14 Query	GRANT ALL PRIVILEGES ON test.p TO 'someuser'@'somehost' /* QNO 450 CON_ID 14 */
		    14 Query	CREATE DATABASE IF NOT EXISTS q /* QNO 451 CON_ID 14 */
		    14 Query	SHOW WARNINGS
		    14 Query	CREATE FUNCTION m ( i INTEGER, s INTEGER ) RETURNS INTEGER RETURN 1 /* QNO 452 CON_ID 14 */
		    14 Query	CREATE FUNCTION d ( j INTEGER, u INTEGER ) RETURNS INTEGER RETURN 1 /* QNO 453 CON_ID 14 */
		    18 Query	ALTER TABLE `INNODB_SYS_INDEXES` DROP COLUMN IF EXISTS `MERGE_THRESHOLD`, ALGORITHM=DEFAULT, DROP COLUMN icol2, ALGORITHM=INPLACE, LOCK=NONE  /* QNO 248 CON_ID 18 */
		    14 Query	DROP TRIGGER IF EXISTS o /* QNO 454 CON_ID 14 */
		    17 Query	ALTER IGNORE TABLE `INNODB_FT_BEING_DELETED` ADD FOREIGN KEY ( `DOC_ID` ) REFERENCES `SESSION_STATUS` (DOC_ID), ALGORITHM=COPY  /* QNO 241 CON_ID 17 */
		    18 Query	ALTER TABLE t5 DROP COLUMN ecol6, ALGORITHM=COPY, LOCK=NONE  /* QNO 249 CON_ID 18 */
		    18 Query	DROP TEMPORARY TABLE IF EXISTS `KEY_COLUMN_USAGE` /* QNO 250 CON_ID 18 */
		    17 Query	INSERT INTO `SCHEMA_PRIVILEGES` SELECT * FROM `TABLES` /* QNO 242 CON_ID 17 */
		    18 Query	SHOW WARNINGS
		    18 Query	ALTER TABLE `GLOBAL_STATUS` /*!100301 */ CHANGE COLUMN a d DATETIME FIRST, LOCK=EXCLUSIVE, DROP COLUMN IF EXISTS a, LOCK=DEFAULT  /* QNO 251 CON_ID 18 */
		    18 Query	DELETE FROM `INNODB_CMPMEM` WHERE `page_size` >= '2001-01-21 13:37:59.013232' LIMIT 2 /* QNO 252 CON_ID 18 */
		    17 Query	ALTER TABLE t5 DROP COLUMN IF EXISTS tcol4, ALGORITHM=COPY, LOCK=SHARED, ADD CONSTRAINT UNIQUE INDEX(`ROW_FORMAT`(164)) /*!100307, ALGORITHM=NOCOPY */, LOCK=EXCLUSIVE, ADD CONSTRAINT CHECK (tcol5 LIKE tscol7)  /* QNO 243 CON_ID 17 */
		    18 Query	SET SESSION SQL_MODE= 'MSSQL,ANSI_QUOTES,IGNORE_BAD_TABLE_OPTIONS,STRICT_TRANS_TABLES,SIMULTANEOUS_ASSIGNMENT,HIGH_NOT_PRECEDENCE,NO_AUTO_CREATE_USER,MYSQL323,ANSI,ONLY_FULL_GROUP_BY,ERROR_FOR_DIVISION_BY_ZERO,ALLOW_INVALID_DATES,TIME_ROUND_FRACTIONAL' /* QNO 253 CON_ID 18 */
		    17 Query	INSERT INTO t10 ( `TABLE_TYPE` ) SELECT ecol6 FROM t13 /* QNO 244 CON_ID 17 */
		    18 Query	INSERT INTO `INNODB_FT_INDEX_CACHE` SELECT * FROM `INDEX_STATISTICS` /* QNO 254 CON_ID 18 */
		    18 Query	INSERT INTO `SESSION_STATUS` SELECT * FROM `INNODB_TRX` /* QNO 255 CON_ID 18 */
		    18 Query	CREATE OR REPLACE SEQUENCE seq8 MINVALUE = -6438458617279545344 MAXVALUE 13667 CACHE 143 NOCYCLE  /* QNO 256 CON_ID 18 */
		    17 Query	SELECT * FROM (INFORMATION_SCHEMA.`INNODB_SYS_FOREIGN_COLS` AS table1 LEFT JOIN INFORMATION_SCHEMA.`CLIENT_STATISTICS` AS table2 ON ( table2.`BUSY_TIME` = table1.`REF_COL_NAME` ) ) WHERE table1.`POS` IN ( 6, 3, 0 ) HAVING table2.`OTHER_COMMANDS` >= 'sk' IS NULL LIMIT 191 /* QNO 245 CON_ID 17 */
		    14 Query	CREATE DATABASE IF NOT EXISTS k /* QNO 455 CON_ID 14 */
		    14 Query	GRANT ALL PRIVILEGES ON test.h TO 'someuser'@'somehost' /* QNO 456 CON_ID 14 */
		    14 Query	GRANT UPDATE ( `col_date_nokey` ) ON `D` TO 'someuser'@'somehost' /* QNO 457 CON_ID 14 */
		    14 Query	GRANT SELECT ( `col_date_key`, `col_int_nokey` ), SELECT ( `col_date_key`, `col_varchar_nokey` ) ON `A` TO 'someuser'@'somehost' /* QNO 458 CON_ID 14 */
		    14 Query	ALTER TABLE `DD` ADD KEY ( i ) /* QNO 459 CON_ID 14 */
		    14 Query	REVOKE ALL PRIVILEGES ON w.* FROM 'someuser'@'somehost' /* QNO 460 CON_ID 14 */
		    14 Query	GRANT REPLICATION SLAVE, SHOW DATABASES ON *.* to 'someuser'@'somehost' /* QNO 461 CON_ID 14 */
		    14 Query	DROP PROCEDURE IF EXISTS r /* QNO 462 CON_ID 14 */
		    14 Query	GRANT ALL PRIVILEGES ON test.f TO 'someuser'@'somehost' /* QNO 463 CON_ID 14 */
		    14 Query	DROP TRIGGER IF EXISTS z /* QNO 464 CON_ID 14 */
		    14 Query	SHOW WARNINGS
		    14 Query	REVOKE REPLICATION CLIENT ON *.* FROM 'someuser'@'somehost' /* QNO 465 CON_ID 14 */
		    14 Query	ALTER TABLE `E` DROP KEY b /* QNO 466 CON_ID 14 */
		    14 Query	CREATE TRIGGER n BEFORE INSERT ON `DD` FOR EACH ROW BEGIN INSERT INTO `D` SELECT * FROM `BB` LIMIT 0 ; END ; /* QNO 467 CON_ID 14 */
		    17 Query	SHOW WARNINGS
		    17 Query	SHOW ENGINE PERFORMANCE_SCHEMA STATUS /* QNO 246 CON_ID 17 */
		    14 Query	DROP DATABASE IF EXISTS u /* QNO 468 CON_ID 14 */
		    17 Query	LOCK TABLES `INNODB_SYS_VIRTUAL` AS b LOW_PRIORITY WRITE, `ROUTINES` WRITE /*!100300 NOWAIT */ /* QNO 247 CON_ID 17 */
		    14 Query	SHOW WARNINGS
		    14 Query	CREATE PROCEDURE g ( OUT x INT ) BEGIN SELECT COUNT(*) INTO @a FROM `DD`; END ; /* QNO 469 CON_ID 14 */
		    19 Query	INSERT INTO `tmp` SELECT * FROM A  /* QNO 366 CON_ID 19 */
		    17 Query	ALTER ONLINE TABLE `INNODB_SYS_INDEXES` /*!100301 */ ADD COLUMN `TYPE` SERIAL /*!100201 CHECK (`INDEX_ID` > g) */, ALGORITHM=COPY, LOCK=EXCLUSIVE  /* QNO 248 CON_ID 17 */
		    17 Query	SET SESSION SQL_MODE= '' /* QNO 249 CON_ID 17 */
		    19 Query	/* GenTest::Transform::ExecuteAsExecuteImmediate */ EXECUTE IMMEDIATE ' INSERT INTO `tmp` SELECT * FROM A  /* QNO 366 CON_ID 19 */ ' /* TRANSFORM_OUTCOME_UNORDERED_MATCH */ /* QNO 367 CON_ID 19 */
		    17 Query	TRUNCATE TABLE performance_schema.events_waits_history /* QNO 250 CON_ID 17 */
		    19 Prepare	INSERT INTO `tmp` SELECT * FROM A  /* QNO 366 CON_ID 19 */
		    14 Query	DROP PROCEDURE IF EXISTS m /* QNO 470 CON_ID 14 */
		    19 Execute	INSERT INTO `tmp` SELECT * FROM A  /* QNO 366 CON_ID 19 */
		    19 Query	DROP TEMPORARY TABLE IF EXISTS A  /* QNO 368 CON_ID 19 */
		    14 Query	ALTER TABLE `A` ADD PRIMARY KEY (`pk`) /* QNO 471 CON_ID 14 */
		    14 Query	CREATE TRIGGER x BEFORE INSERT ON `D` FOR EACH ROW BEGIN INSERT INTO `DD` SELECT * FROM `A` LIMIT 0 ; END ; /* QNO 472 CON_ID 14 */
		    19 Query	SHOW WARNINGS
		    19 Query	ALTER TABLE `tmp` RENAME TO A /* QNO 369 CON_ID 19 */
		    19 Query	UNLOCK TABLES /* QNO 370 CON_ID 19 */
