		    18 Execute	SELECT * FROM seq3 /* QNO 796 CON_ID 18 */
		    18 Query	/* GenTest::Transform::ExecuteAsInsertSelect */ CREATE DATABASE IF NOT EXISTS transforms /* QNO 798 CON_ID 18 */
		    15 Query	SELECT * FROM transforms.insert_select_22986 /* TRANSFORM_OUTCOME_UNORDERED_MATCH */ /* QNO 822 CON_ID 15 */
		    18 Query	SHOW WARNINGS
		    17 Query	SHOW EXPLAIN FOR 37 /* QNO 638 CON_ID 17 */
		    17 Query	ALTER ONLINE IGNORE TABLE `CC` /*!100301 */ CHANGE IF EXISTS `col_varchar_key` `col_date_nokey` BIGINT AS ( `col_time_key` + 9 ) VIRTUAL FIRST, ALGORITHM=DEFAULT, LOCK=EXCLUSIVE  /* QNO 639 CON_ID 17 */
		    17 Query	SELECT * from t7 WHERE row_end IN (SELECT row_start FROM t6) /* QNO 640 CON_ID 17 */
		    15 Query	DELETE FROM transforms.insert_select_22986 /* QNO 823 CON_ID 15 */
		    17 Query	TRUNCATE TABLE performance_schema.events_waits_summary_by_instance /* QNO 641 CON_ID 17 */
		    18 Query	DROP TABLE IF EXISTS transforms.insert_select_22992 /* QNO 799 CON_ID 18 */
		    18 Query	SHOW WARNINGS
		    18 Query	CREATE TABLE transforms.insert_select_22992 SELECT * FROM seq3 /* QNO 796 CON_ID 18 */  /* QNO 800 CON_ID 18 */
		    17 Query	TRUNCATE TABLE performance_schema.events_waits_current /* QNO 642 CON_ID 17 */
		    17 Query	ALTER TABLE `DD` /*!100301 NOWAIT */ ADD COLUMN IF NOT EXISTS v INT /*!100201 CHECK (`col_int_nokey` < 8) */, ALGORITHM=INPLACE  /* QNO 643 CON_ID 17 */
		    17 Query	INSERT INTO seq5 VALUES (-73, 14636698788954112, 4125578733648084992, 8145885826006384640, 6, 69, 1, 1) /* QNO 644 CON_ID 17 */
		    15 Query	INSERT INTO transforms.insert_select_22986  SELECT * FROM mysql.`event` AS table1 LIMIT 175 /* QNO 817 CON_ID 15 */  /* QNO 824 CON_ID 15 */
		    17 Query	UNLOCK TABLES /* QNO 645 CON_ID 17 */
		    17 Query	UPDATE performance_schema.setup_instruments SET ENABLED = 'NO' WHERE NAME LIKE 'wait/io%' /* QNO 646 CON_ID 17 */
		    17 Query	SHOW ENGINE PERFORMANCE_SCHEMA STATUS /* QNO 647 CON_ID 17 */
		    17 Query	FLUSH DES_KEY_FILE, QUERY CACHE, PRIVILEGES, LOGS /* QNO 648 CON_ID 17 */
/home/travis/server/bin/mysqld, Version: 10.4.2-MariaDB-debug-log (Source distribution). started with:
Tcp port: 19300  Unix socket: /home/travis/logs/vardir/mysql.sock
Time		    Id Command	Argument
		    17 Query	SET SQL_MODE= DEFAULT /* QNO 649 CON_ID 17 */
		    17 Query	UPDATE `AA` SET `col_varchar_key` = 7 WHERE `col_date_key` = '2023-11-04 19:20:15.028006' /* QNO 650 CON_ID 17 */
		    17 Query	SHOW ENGINE PERFORMANCE_SCHEMA STATUS /* QNO 651 CON_ID 17 */
		    17 Query	SET SQL_MODE= '' /* QNO 652 CON_ID 17 */
		    17 Query	TRUNCATE TABLE performance_schema.file_summary_by_event_name /* QNO 653 CON_ID 17 */
		    17 Query	ALTER TABLE `AA` /*!100301 NOWAIT */ ALTER /*!100305 IF EXISTS */ `col_int_key` DROP DEFAULT, ALGORITHM=DEFAULT, LOCK=DEFAULT  /* QNO 654 CON_ID 17 */
		    17 Query	SET SQL_MODE= DEFAULT /* QNO 655 CON_ID 17 */
		    17 Query	INSERT INTO `B` ( tcol6 ) SELECT ncol3 FROM t19 /* QNO 656 CON_ID 17 */
		    17 Query	TRUNCATE TABLE performance_schema.events_waits_summary_by_event_name /* QNO 657 CON_ID 17 */
		    17 Query	SHOW ENGINE PERFORMANCE_SCHEMA STATUS /* QNO 658 CON_ID 17 */
		    17 Query	ALTER ONLINE TABLE `D` /*!100301 NOWAIT */ DROP FOREIGN KEY x, ADD FOREIGN KEY ( `col_date_nokey` ) REFERENCES `E` (col_date_nokey), ADD CONSTRAINT r FOREIGN KEY o ( `col_int_key`, `pk`, `col_date_nokey` ) REFERENCES `BB` (col_int_key,pk,col_date_nokey) ON DELETE SET NULL ON UPDATE NO ACTION /*!100307, ALGORITHM=INSTANT */, LOCK=NONE /* QNO 659 CON_ID 17 */
		    15 Query	SELECT * FROM transforms.insert_select_22986 /* TRANSFORM_OUTCOME_UNORDERED_MATCH */ /* QNO 825 CON_ID 15 */
		    17 Query	DELETE HISTORY FROM `D` BEFORE SYSTEM_TIME @trx_user_var /* QNO 660 CON_ID 17 */
		    17 Query	ALTER TABLE `A` /*!100301 NOWAIT */ ADD INDEX IF NOT EXISTS ( `col_datetime_key`(251) ), ALGORITHM=INPLACE  /* QNO 661 CON_ID 17 */
		    17 Query	CREATE OR REPLACE TEMPORARY TABLE `tmp` LIKE D  /* QNO 662 CON_ID 17 */
		    15 Query	DELETE FROM transforms.insert_select_22986 /* QNO 826 CON_ID 15 */
		    15 Query	REPLACE INTO transforms.insert_select_22986  SELECT * FROM mysql.`event` AS table1 LIMIT 175 /* QNO 817 CON_ID 15 */  /* QNO 827 CON_ID 15 */
		    17 Query	INSERT INTO `tmp` SELECT * FROM D  /* QNO 663 CON_ID 17 */
		    18 Query	SELECT * FROM transforms.insert_select_22992 /* TRANSFORM_OUTCOME_UNORDERED_MATCH */ /* QNO 801 CON_ID 18 */
		    18 Query	DELETE FROM transforms.insert_select_22992 /* QNO 802 CON_ID 18 */
		    15 Query	SELECT * FROM transforms.insert_select_22986 /* TRANSFORM_OUTCOME_UNORDERED_MATCH */ /* QNO 828 CON_ID 15 */
		    18 Query	INSERT INTO transforms.insert_select_22992 SELECT * FROM seq3 /* QNO 796 CON_ID 18 */  /* QNO 803 CON_ID 18 */
		    15 Query	DROP TABLE transforms.insert_select_22986 /* QNO 829 CON_ID 15 */
		    18 Query	SELECT * FROM transforms.insert_select_22992 /* TRANSFORM_OUTCOME_UNORDERED_MATCH */ /* QNO 804 CON_ID 18 */
		    18 Query	DELETE FROM transforms.insert_select_22992 /* QNO 805 CON_ID 18 */
		    17 Query	/* GenTest::Transform::ExecuteAsExecuteImmediate */ EXECUTE IMMEDIATE ' INSERT INTO `tmp` SELECT * FROM D  /* QNO 663 CON_ID 17 */ ' /* TRANSFORM_OUTCOME_UNORDERED_MATCH */ /* QNO 664 CON_ID 17 */
		    17 Prepare	INSERT INTO `tmp` SELECT * FROM D  /* QNO 663 CON_ID 17 */
		    18 Query	REPLACE INTO transforms.insert_select_22992 SELECT * FROM seq3 /* QNO 796 CON_ID 18 */  /* QNO 806 CON_ID 18 */
		    18 Query	SELECT * FROM transforms.insert_select_22992 /* TRANSFORM_OUTCOME_UNORDERED_MATCH */ /* QNO 807 CON_ID 18 */
		    18 Query	DROP TABLE transforms.insert_select_22992 /* QNO 808 CON_ID 18 */
		    14 Query	ALTER TABLE `DD` DROP COLUMN r /* QNO 1136 CON_ID 14 */
		    14 Query	ALTER TABLE `CC` DROP PRIMARY KEY /* QNO 1137 CON_ID 14 */
		    14 Query	DROP EVENT z /* QNO 1138 CON_ID 14 */
		    14 Query	ALTER TABLE `C` DROP COLUMN w /* QNO 1139 CON_ID 14 */
		    14 Query	DROP EVENT t /* QNO 1140 CON_ID 14 */
		    14 Query	ALTER TABLE `D` DROP PRIMARY KEY /* QNO 1141 CON_ID 14 */
		    14 Query	DROP TABLE v /* QNO 1142 CON_ID 14 */
		    17 Execute	INSERT INTO `tmp` SELECT * FROM D  /* QNO 663 CON_ID 17 */
		    17 Query	DROP TEMPORARY TABLE IF EXISTS D  /* QNO 665 CON_ID 17 */
		    18 Query	ALTER IGNORE TABLE t2 /*!100301 NOWAIT */ ALTER COLUMN /*!100305 IF EXISTS */ ncol2 SET DEFAULT NULL, ADD IF NOT EXISTS ( icol2 BIGINT ZEROFILL AUTO_INCREMENT ), LOCK=SHARED  /* QNO 809 CON_ID 18 */
		    18 Query	ALTER TABLE `C` /*!100301 */ MODIFY COLUMN IF EXISTS `col_int_key` TIME NOT NULL, ALGORITHM=INPLACE  /* QNO 810 CON_ID 18 */
		    18 Query	SHOW WARNINGS
		    18 Query	UPDATE performance_schema.setup_instruments SET ENABLED = 'YES' ORDER BY RAND() LIMIT 3 /* QNO 811 CON_ID 18 */
		    18 Query	SELECT * FROM INFORMATION_SCHEMA.`APPLICABLE_ROLES` AS table1 LIMIT 76 /* QNO 812 CON_ID 18 */
		    18 Query	/* GenTest::Transform::ExecuteAsExecuteImmediate */ EXECUTE IMMEDIATE ' SELECT * FROM INFORMATION_SCHEMA.`APPLICABLE_ROLES` AS table1 LIMIT 76 /* QNO 812 CON_ID 18 */ ' /* TRANSFORM_OUTCOME_UNORDERED_MATCH */ /* QNO 813 CON_ID 18 */
		    18 Prepare	SELECT * FROM INFORMATION_SCHEMA.`APPLICABLE_ROLES` AS table1 LIMIT 76 /* QNO 812 CON_ID 18 */
		    18 Execute	SELECT * FROM INFORMATION_SCHEMA.`APPLICABLE_ROLES` AS table1 LIMIT 76 /* QNO 812 CON_ID 18 */
		    18 Query	/* GenTest::Transform::ExecuteAsInsertSelect */ CREATE DATABASE IF NOT EXISTS transforms /* QNO 814 CON_ID 18 */
		    14 Query	CREATE TRIGGER z BEFORE INSERT ON `A` FOR EACH ROW BEGIN INSERT INTO `AA` SELECT * FROM `E` LIMIT 0 ; END ; /* QNO 1143 CON_ID 14 */
		    17 Query	ALTER TABLE `tmp` RENAME TO D /* QNO 666 CON_ID 17 */
		    17 Query	ALTER TABLE `CC` DROP FOREIGN KEY x, ADD CONSTRAINT FOREIGN KEY ( `col_datetime_key`, `pk` ) REFERENCES `B` (col_datetime_key,pk), ALGORITHM=COPY  /* QNO 667 CON_ID 17 */
		    17 Query	INSERT INTO `DD` SELECT * FROM `BB` /* QNO 668 CON_ID 17 */
		    14 Query	DROP DATABASE IF EXISTS y /* QNO 1144 CON_ID 14 */
		    14 Query	SHOW WARNINGS
		    17 Query	INSERT INTO t2 ( `col_datetime_nokey` ) SELECT scol7 FROM `AA`  /* QNO 669 CON_ID 17 */
		    14 Query	REVOKE ALL PRIVILEGES ON test.h FROM 'someuser'@'somehost' /* QNO 1145 CON_ID 14 */
		    17 Query	INSERT INTO `D` SELECT * FROM `D` /* QNO 670 CON_ID 17 */
		    14 Query	DROP TRIGGER IF EXISTS n /* QNO 1146 CON_ID 14 */
		    14 Query	SHOW WARNINGS
		    14 Query	DROP VIEW IF EXISTS q /* QNO 1147 CON_ID 14 */
		    14 Query	SHOW WARNINGS
		    17 Query	/* GenTest::Transform::ExecuteAsExecuteImmediate */ EXECUTE IMMEDIATE 'INSERT INTO `D` SELECT * FROM `D` /* QNO 670 CON_ID 17 */ ' /* TRANSFORM_OUTCOME_UNORDERED_MATCH */ /* QNO 671 CON_ID 17 */
		    14 Query	ALTER TABLE `D` PARTITION BY KEY() PARTITIONS 4 /* QNO 1148 CON_ID 14 */
		    17 Prepare	INSERT INTO `D` SELECT * FROM `D` /* QNO 670 CON_ID 17 */
		    14 Query	GRANT ALL PRIVILEGES ON test.g TO 'someuser'@'somehost' /* QNO 1149 CON_ID 14 */
		    14 Query	ALTER TABLE `CC` DROP COLUMN u /* QNO 1150 CON_ID 14 */
		    14 Query	DROP DATABASE IF EXISTS a /* QNO 1151 CON_ID 14 */
		    14 Query	GRANT PROCESS, SUPER, CREATE USER, PROCESS ON *.* to 'someuser'@'somehost' /* QNO 1152 CON_ID 14 */
		    14 Query	CREATE OR REPLACE VIEW q AS SELECT * FROM `BB` /* QNO 1153 CON_ID 14 */
		    17 Execute	INSERT INTO `D` SELECT * FROM `D` /* QNO 670 CON_ID 17 */
		    14 Query	/* GenTest::Transform::ExecuteAsExecuteImmediate */ EXECUTE IMMEDIATE 'CREATE OR REPLACE VIEW q AS SELECT * FROM `BB` /* QNO 1153 CON_ID 14 */ ' /* TRANSFORM_OUTCOME_UNORDERED_MATCH */ /* QNO 1154 CON_ID 14 */
		    14 Prepare	CREATE OR REPLACE VIEW q AS SELECT * FROM `BB` /* QNO 1153 CON_ID 14 */
		    17 Query	CREATE OR REPLACE TEMPORARY TABLE `tmp` LIKE C  /* QNO 672 CON_ID 17 */
		    14 Execute	CREATE OR REPLACE VIEW q AS SELECT * FROM `BB` /* QNO 1153 CON_ID 14 */
		    14 Query	ALTER TABLE `A` REMOVE PARTITIONING /* QNO 1155 CON_ID 14 */
		    14 Query	DROP PROCEDURE IF EXISTS s /* QNO 1156 CON_ID 14 */
		    14 Query	SHOW WARNINGS
		    14 Query	CREATE TABLE k LIKE `D` /* QNO 1157 CON_ID 14 */
		    14 Query	ALTER TABLE `CC` PARTITION BY KEY() PARTITIONS 4 /* QNO 1158 CON_ID 14 */
		    14 Query	DROP VIEW IF EXISTS n /* QNO 1159 CON_ID 14 */
		    14 Query	CREATE TABLE i LIKE `AA` /* QNO 1160 CON_ID 14 */
		    14 Query	GRANT ALL PRIVILEGES ON a.* TO 'someuser'@'somehost' /* QNO 1161 CON_ID 14 */
		    14 Query	GRANT ALL PRIVILEGES ON test.j TO 'someuser'@'somehost' /* QNO 1162 CON_ID 14 */
		    14 Query	ALTER TABLE `C` DROP COLUMN i /* QNO 1163 CON_ID 14 */
		    14 Query	CREATE OR REPLACE VIEW u AS SELECT * FROM `B` /* QNO 1164 CON_ID 14 */
		    17 Query	INSERT INTO `tmp` SELECT * FROM C  /* QNO 673 CON_ID 17 */
		    17 Query	/* GenTest::Transform::ExecuteAsExecuteImmediate */ EXECUTE IMMEDIATE ' INSERT INTO `tmp` SELECT * FROM C  /* QNO 673 CON_ID 17 */ ' /* TRANSFORM_OUTCOME_UNORDERED_MATCH */ /* QNO 674 CON_ID 17 */
		    17 Prepare	INSERT INTO `tmp` SELECT * FROM C  /* QNO 673 CON_ID 17 */
		    17 Execute	INSERT INTO `tmp` SELECT * FROM C  /* QNO 673 CON_ID 17 */
		    17 Query	DROP TEMPORARY TABLE IF EXISTS C  /* QNO 675 CON_ID 17 */
		    16 Query	SHOW WARNINGS
		    16 Query	SET SQL_MODE= 'NO_UNSIGNED_SUBTRACTION,ONLY_FULL_GROUP_BY,STRICT_ALL_TABLES' /* QNO 616 CON_ID 16 */
		    16 Query	SELECT * FROM mysql.`servers` AS table1 ORDER BY table1.`Host` LIMIT 53 /* QNO 617 CON_ID 16 */
		    16 Query	/* GenTest::Transform::ExecuteAsExecuteImmediate */ EXECUTE IMMEDIATE ' SELECT * FROM mysql.`servers` AS table1 ORDER BY table1.`Host` LIMIT 53 /* QNO 617 CON_ID 16 */ ' /* TRANSFORM_OUTCOME_UNORDERED_MATCH */ /* QNO 618 CON_ID 16 */
		    16 Prepare	SELECT * FROM mysql.`servers` AS table1 ORDER BY table1.`Host` LIMIT 53 /* QNO 617 CON_ID 16 */
		    16 Execute	SELECT * FROM mysql.`servers` AS table1 ORDER BY table1.`Host` LIMIT 53 /* QNO 617 CON_ID 16 */
		    16 Query	/* GenTest::Transform::ExecuteAsInsertSelect */ CREATE DATABASE IF NOT EXISTS transforms /* QNO 619 CON_ID 16 */
		    14 Query	/* GenTest::Transform::ExecuteAsExecuteImmediate */ EXECUTE IMMEDIATE 'CREATE OR REPLACE VIEW u AS SELECT * FROM `B` /* QNO 1164 CON_ID 14 */ ' /* TRANSFORM_OUTCOME_UNORDERED_MATCH */ /* QNO 1165 CON_ID 14 */
		    14 Prepare	CREATE OR REPLACE VIEW u AS SELECT * FROM `B` /* QNO 1164 CON_ID 14 */
		    17 Query	ALTER TABLE `tmp` RENAME TO C /* QNO 676 CON_ID 17 */
		    17 Query	UPDATE performance_schema.setup_timers SET timer_name = 'MICROSECOND' /* QNO 677 CON_ID 17 */
		    17 Query	SET SESSION FOREIGN_KEY_CHECKS = ON /* QNO 678 CON_ID 17 */
		    17 Query	FLUSH TABLES /* QNO 679 CON_ID 17 */
		    14 Execute	CREATE OR REPLACE VIEW u AS SELECT * FROM `B` /* QNO 1164 CON_ID 14 */
		    14 Query	ALTER TABLE `CC` ADD COLUMN d INTEGER DEFAULT NULL /* QNO 1166 CON_ID 14 */
		    14 Query	ALTER TABLE `D` DROP KEY i /* QNO 1167 CON_ID 14 */
		    14 Query	REVOKE ALL PRIVILEGES ON u.* FROM 'someuser'@'somehost' /* QNO 1168 CON_ID 14 */
		    14 Query	GRANT ALL PRIVILEGES ON test.o TO 'someuser'@'somehost' /* QNO 1169 CON_ID 14 */
		    14 Query	REVOKE SUPER ON *.* FROM 'someuser'@'somehost' /* QNO 1170 CON_ID 14 */
		    14 Query	DROP TRIGGER IF EXISTS q /* QNO 1171 CON_ID 14 */
		    14 Query	SHOW WARNINGS
		    14 Query	CREATE FUNCTION u ( r INTEGER, t INTEGER ) RETURNS INTEGER RETURN 1 /* QNO 1172 CON_ID 14 */
		    14 Query	GRANT RELOAD ON *.* to 'someuser'@'somehost' /* QNO 1173 CON_ID 14 */
		    14 Query	GRANT ALL PRIVILEGES ON test.p TO 'someuser'@'somehost' /* QNO 1174 CON_ID 14 */
		    14 Query	GRANT INSERT ( `col_datetime_key`, `col_date_nokey`, `col_datetime_nokey`, `col_date_key` ), UPDATE ( `col_time_nokey`, `col_datetime_key` ), SELECT ( `col_datetime_nokey`, `col_varchar_key` ) ON `B` TO 'someuser'@'somehost' /* QNO 1175 CON_ID 14 */
		    14 Query	CREATE PROCEDURE c ( OUT i INT ) BEGIN SELECT COUNT(*) INTO @a FROM `BB`; END ; /* QNO 1176 CON_ID 14 */
190122 13:39:48	    15 Query	ALTER TABLE t1 /*!100301 WAIT 2 */ ADD CONSTRAINT g FOREIGN KEY (`definer`, tcol5, tscol5, vcol3) REFERENCES t8 (ncol6) ON UPDATE NO ACTION  /* QNO 830 CON_ID 15 */
		    16 Query	SHOW WARNINGS
		    18 Query	SHOW WARNINGS
		    16 Query	DROP TABLE IF EXISTS transforms.insert_select_22988 /* QNO 620 CON_ID 16 */
		    15 Query	SET STATEMENT system_versioning_alter_history=KEEP FOR ALTER TABLE `proxies_priv` CHANGE COLUMN IF EXISTS `vers_end` `vers_end` TINYINT GENERATED ALWAYS AS ROW END, ADD SYSTEM VERSIONING /* QNO 831 CON_ID 15 */
		    18 Query	DROP TABLE IF EXISTS transforms.insert_select_22992 /* QNO 815 CON_ID 18 */
		    15 Query	SELECT * from t10 WHERE row_start IN (SELECT row_start FROM `plugin`) /* QNO 832 CON_ID 15 */
		    15 Query	CREATE OR REPLACE TEMPORARY TABLE `tmp` LIKE AA  /* QNO 833 CON_ID 15 */
		    15 Query	INSERT INTO `tmp` SELECT * FROM AA  /* QNO 834 CON_ID 15 */
		    15 Query	DROP TEMPORARY TABLE IF EXISTS AA  /* QNO 835 CON_ID 15 */
		    15 Query	SHOW WARNINGS
		    15 Query	ALTER TABLE `tmp` RENAME TO AA /* QNO 836 CON_ID 15 */
		    15 Query	SELECT * FROM `procs_priv` INTO OUTFILE 'load_procs_priv'  /* QNO 837 CON_ID 15 */
		    15 Query	LOAD DATA INFILE 'load_procs_priv' REPLACE INTO TABLE procs_priv /* QNO 838 CON_ID 15 */
		    15 Query	ALTER IGNORE TABLE t4 DROP INDEX ind1, /*!100200 DROP CONSTRAINT IF EXISTS q */ /* COMMENT 'Skipped DROP CONSTRAINT' */, RENAME TO `proxies_priv`  /* QNO 839 CON_ID 15 */
		    15 Query	SELECT * FROM (mysql.`help_keyword` AS table1 STRAIGHT_JOIN INFORMATION_SCHEMA.`SESSION_VARIABLES` AS table2 ON ( table2.`VARIABLE_VALUE` = table1.`name` ) ) WHERE NOT ( ( table1.`name` <= table2.`VARIABLE_NAME` OR table1.`name` IN ( 5, 5, 7 )) OR table1.`name` = '2013-08-12 10:14:12.047884') HAVING table1.`name` >= 'yf' IS NULL ORDER BY table2.`VARIABLE_VALUE`, table1.`name`, table1.`name` LIMIT 188 /* QNO 840 CON_ID 15 */
		    14 Query	GRANT SELECT ( `col_int_key` ), UPDATE ( `col_date_nokey` ), INSERT ( `col_time_nokey` ) ON `AA` TO 'someuser'@'somehost' /* QNO 1177 CON_ID 14 */
		    14 Query	REVOKE REPLICATION SLAVE ON *.* FROM 'someuser'@'somehost' /* QNO 1178 CON_ID 14 */
		    19 Query	SELECT * FROM transforms.insert_select_22994 /* TRANSFORM_OUTCOME_UNORDERED_MATCH */ /* QNO 652 CON_ID 19 */
		    18 Query	SHOW WARNINGS
		    18 Query	CREATE TABLE transforms.insert_select_22992  SELECT * FROM INFORMATION_SCHEMA.`APPLICABLE_ROLES` AS table1 LIMIT 76 /* QNO 812 CON_ID 18 */  /* QNO 816 CON_ID 18 */
		    14 Query	DROP VIEW IF EXISTS p /* QNO 1179 CON_ID 14 */
		    14 Query	GRANT ALL PRIVILEGES ON u.* TO 'someuser'@'somehost' /* QNO 1180 CON_ID 14 */
		    14 Query	REVOKE SHUTDOWN ON *.* FROM 'someuser'@'somehost' /* QNO 1181 CON_ID 14 */
		    14 Query	ALTER TABLE `A` REMOVE PARTITIONING /* QNO 1182 CON_ID 14 */
		    14 Query	GRANT ALL PRIVILEGES ON v.* TO 'someuser'@'somehost' /* QNO 1183 CON_ID 14 */
		    14 Query	DROP DATABASE IF EXISTS j /* QNO 1184 CON_ID 14 */
		    14 Query	SHOW WARNINGS
		    14 Query	ALTER TABLE `BB` DROP COLUMN s /* QNO 1185 CON_ID 14 */
		    14 Query	ALTER TABLE `D` PARTITION BY KEY() PARTITIONS 4 /* QNO 1186 CON_ID 14 */
		    14 Query	CREATE OR REPLACE VIEW w AS SELECT * FROM `BB` /* QNO 1187 CON_ID 14 */
		    16 Query	SHOW WARNINGS
		    16 Query	CREATE TABLE transforms.insert_select_22988  SELECT * FROM mysql.`servers` AS table1 ORDER BY table1.`Host` LIMIT 53 /* QNO 617 CON_ID 16 */  /* QNO 621 CON_ID 16 */
		    15 Query	/* GenTest::Transform::ExecuteAsExecuteImmediate */ EXECUTE IMMEDIATE ' SELECT * FROM (mysql.`help_keyword` AS table1 STRAIGHT_JOIN INFORMATION_SCHEMA.`SESSION_VARIABLES` AS table2 ON ( table2.`VARIABLE_VALUE` = table1.`name` ) ) WHERE NOT ( ( table1.`name` <= table2.`VARIABLE_NAME` OR table1.`name` IN ( 5, 5, 7 )) OR table1.`name` = \'2013-08-12 10:14:12.047884\') HAVING table1.`name` >= \'yf\' IS NULL ORDER BY table2.`VARIABLE_VALUE`, table1.`name`, table1.`name` LIMIT 188 /* QNO 840 CON_ID 15 */ ' /* TRANSFORM_OUTCOME_UNORDERED_MATCH */ /* QNO 841 CON_ID 15 */
		    15 Prepare	SELECT * FROM (mysql.`help_keyword` AS table1 STRAIGHT_JOIN INFORMATION_SCHEMA.`SESSION_VARIABLES` AS table2 ON ( table2.`VARIABLE_VALUE` = table1.`name` ) ) WHERE NOT ( ( table1.`name` <= table2.`VARIABLE_NAME` OR table1.`name` IN ( 5, 5, 7 )) OR table1.`name` = '2013-08-12 10:14:12.047884') HAVING table1.`name` >= 'yf' IS NULL ORDER BY table2.`VARIABLE_VALUE`, table1.`name`, table1.`name` LIMIT 188 /* QNO 840 CON_ID 15 */
		    15 Execute	SELECT * FROM (mysql.`help_keyword` AS table1 STRAIGHT_JOIN INFORMATION_SCHEMA.`SESSION_VARIABLES` AS table2 ON ( table2.`VARIABLE_VALUE` = table1.`name` ) ) WHERE NOT ( ( table1.`name` <= table2.`VARIABLE_NAME` OR table1.`name` IN ( 5, 5, 7 )) OR table1.`name` = '2013-08-12 10:14:12.047884') HAVING table1.`name` >= 'yf' IS NULL ORDER BY table2.`VARIABLE_VALUE`, table1.`name`, table1.`name` LIMIT 188 /* QNO 840 CON_ID 15 */
		    19 Query	DELETE FROM transforms.insert_select_22994 /* QNO 653 CON_ID 19 */
		    15 Query	/* GenTest::Transform::ExecuteAsInsertSelect */ CREATE DATABASE IF NOT EXISTS transforms /* QNO 842 CON_ID 15 */
		    14 Query	/* GenTest::Transform::ExecuteAsExecuteImmediate */ EXECUTE IMMEDIATE 'CREATE OR REPLACE VIEW w AS SELECT * FROM `BB` /* QNO 1187 CON_ID 14 */ ' /* TRANSFORM_OUTCOME_UNORDERED_MATCH */ /* QNO 1188 CON_ID 14 */
		    14 Prepare	CREATE OR REPLACE VIEW w AS SELECT * FROM `BB` /* QNO 1187 CON_ID 14 */
		    19 Query	REPLACE INTO transforms.insert_select_22994  SELECT * FROM performance_schema.`events_statements_summary_by_host_by_event_name` AS table1 ORDER BY table1.`SUM_ROWS_AFFECTED`, table1.`SUM_ROWS_EXAMINED`, table1.`SUM_SELECT_RANGE_CHECK`, table1.`SUM_ROWS_EXAMINED` LIMIT 211 /* QNO 644 CON_ID 19 */  /* QNO 654 CON_ID 19 */
		    14 Execute	CREATE OR REPLACE VIEW w AS SELECT * FROM `BB` /* QNO 1187 CON_ID 14 */
		    14 Query	REVOKE PROCESS, PROCESS ON *.* FROM 'someuser'@'somehost' /* QNO 1189 CON_ID 14 */
		    14 Query	GRANT ALL PRIVILEGES ON test.u TO 'someuser'@'somehost' /* QNO 1190 CON_ID 14 */
		    14 Query	GRANT SELECT ( `col_int_nokey` ), SELECT ( `col_int_nokey` ), UPDATE ( `col_varchar_nokey`, `col_int_nokey` ) ON `AA` TO 'someuser'@'somehost' /* QNO 1191 CON_ID 14 */
		    14 Query	DROP VIEW IF EXISTS f /* QNO 1192 CON_ID 14 */
		    14 Query	SHOW WARNINGS
		    14 Query	GRANT INSERT ( `col_int_nokey` ) ON `BB` TO 'someuser'@'somehost' /* QNO 1193 CON_ID 14 */
		    14 Query	ALTER TABLE `BB` ADD KEY ( r ) /* QNO 1194 CON_ID 14 */
		    14 Query	CREATE TRIGGER p BEFORE INSERT ON `B` FOR EACH ROW BEGIN INSERT INTO `AA` SELECT * FROM `C` LIMIT 0 ; END ; /* QNO 1195 CON_ID 14 */
		    18 Query	SELECT * FROM transforms.insert_select_22992 /* TRANSFORM_OUTCOME_UNORDERED_MATCH */ /* QNO 817 CON_ID 18 */
		    18 Query	DELETE FROM transforms.insert_select_22992 /* QNO 818 CON_ID 18 */
		    18 Query	INSERT INTO transforms.insert_select_22992  SELECT * FROM INFORMATION_SCHEMA.`APPLICABLE_ROLES` AS table1 LIMIT 76 /* QNO 812 CON_ID 18 */  /* QNO 819 CON_ID 18 */
		    18 Query	SELECT * FROM transforms.insert_select_22992 /* TRANSFORM_OUTCOME_UNORDERED_MATCH */ /* QNO 820 CON_ID 18 */
		    18 Query	DELETE FROM transforms.insert_select_22992 /* QNO 821 CON_ID 18 */
		    18 Query	REPLACE INTO transforms.insert_select_22992  SELECT * FROM INFORMATION_SCHEMA.`APPLICABLE_ROLES` AS table1 LIMIT 76 /* QNO 812 CON_ID 18 */  /* QNO 822 CON_ID 18 */
		    18 Query	SELECT * FROM transforms.insert_select_22992 /* TRANSFORM_OUTCOME_UNORDERED_MATCH */ /* QNO 823 CON_ID 18 */
		    18 Query	DROP TABLE transforms.insert_select_22992 /* QNO 824 CON_ID 18 */
		    14 Query	ALTER TABLE `C` DROP COLUMN n /* QNO 1196 CON_ID 14 */
		    17 Query	ALTER TABLE t19 ROW_FORMAT=COMPRESSED /* QNO 680 CON_ID 17 */
		    14 Query	ALTER TABLE `C` PARTITION BY KEY() PARTITIONS 4 /* QNO 1197 CON_ID 14 */
190122 13:39:49	    16 Query	SELECT * FROM transforms.insert_select_22988 /* TRANSFORM_OUTCOME_UNORDERED_MATCH */ /* QNO 622 CON_ID 16 */
		    16 Query	DELETE FROM transforms.insert_select_22988 /* QNO 623 CON_ID 16 */
		    16 Query	INSERT INTO transforms.insert_select_22988  SELECT * FROM mysql.`servers` AS table1 ORDER BY table1.`Host` LIMIT 53 /* QNO 617 CON_ID 16 */  /* QNO 624 CON_ID 16 */
		    16 Query	SELECT * FROM transforms.insert_select_22988 /* TRANSFORM_OUTCOME_UNORDERED_MATCH */ /* QNO 625 CON_ID 16 */
		    16 Query	DELETE FROM transforms.insert_select_22988 /* QNO 626 CON_ID 16 */
		    15 Query	SHOW WARNINGS
		    14 Query	ALTER TABLE `E` DROP COLUMN t /* QNO 1198 CON_ID 14 */
		    16 Query	REPLACE INTO transforms.insert_select_22988  SELECT * FROM mysql.`servers` AS table1 ORDER BY table1.`Host` LIMIT 53 /* QNO 617 CON_ID 16 */  /* QNO 627 CON_ID 16 */
		    15 Query	DROP TABLE IF EXISTS transforms.insert_select_22986 /* QNO 843 CON_ID 15 */
		    16 Query	SELECT * FROM transforms.insert_select_22988 /* TRANSFORM_OUTCOME_UNORDERED_MATCH */ /* QNO 628 CON_ID 16 */
		    15 Query	SHOW WARNINGS
		    15 Query	CREATE TABLE transforms.insert_select_22986  SELECT * FROM (mysql.`help_keyword` AS table1 STRAIGHT_JOIN INFORMATION_SCHEMA.`SESSION_VARIABLES` AS table2 ON ( table2.`VARIABLE_VALUE` = table1.`name` ) ) WHERE NOT ( ( table1.`name` <= table2.`VARIABLE_NAME` OR table1.`name` IN ( 5, 5, 7 )) OR table1.`name` = '2013-08-12 10:14:12.047884') HAVING table1.`name` >= 'yf' IS NULL ORDER BY table2.`VARIABLE_VALUE`, table1.`name`, table1.`name` LIMIT 188 /* QNO 840 CON_ID 15 */  /* QNO 844 CON_ID 15 */
		    14 Query	ALTER TABLE `B` ADD COLUMN c INTEGER DEFAULT NULL /* QNO 1199 CON_ID 14 */
		    16 Query	DROP TABLE transforms.insert_select_22988 /* QNO 629 CON_ID 16 */
		    18 Query	DROP TEMPORARY TABLE IF EXISTS `user_variables` /* QNO 825 CON_ID 18 */
		    18 Query	SHOW WARNINGS
		    18 Query	UNLOCK TABLES /* QNO 826 CON_ID 18 */
		    18 Query	UPDATE performance_schema.setup_consumers SET enabled = 'NO' WHERE name LIKE 'file%' /* QNO 827 CON_ID 18 */
		    18 Query	SET SQL_MODE= '' /* QNO 828 CON_ID 18 */
		    18 Query	SHOW ENGINE PERFORMANCE_SCHEMA STATUS /* QNO 829 CON_ID 18 */
		    18 Query	SHOW ENGINE PERFORMANCE_SCHEMA STATUS /* QNO 830 CON_ID 18 */
		    18 Query	ALTER TABLE `GLOBAL_STATUS` /*!100301 */ CHANGE IF EXISTS t `VARIABLE_VALUE` SET('foo','bar') NULL FIRST /*!100307, ALGORITHM=NOCOPY */, ADD IF NOT EXISTS k DATETIME AS ( q ) VIRTUAL /*!100303 INVISIBLE */, ALGORITHM=COPY  /* QNO 831 CON_ID 18 */
		    18 Query	ALTER ONLINE TABLE `INNODB_LOCK_WAITS` /*!100301 WAIT 5 */ ADD CONSTRAINT r FOREIGN KEY ( `requesting_trx_id` ) REFERENCES `INNODB_CMP` (requesting_trx_id), ALGORITHM=DEFAULT  /* QNO 832 CON_ID 18 */
		    18 Query	SHOW CREATE TABLE seq2 /* QNO 833 CON_ID 18 */
		    18 Query	UNLOCK TABLES /* QNO 834 CON_ID 18 */
		    18 Query	SELECT PREVIOUS VALUE FOR seq7 /* QNO 835 CON_ID 18 */
		    18 Query	ALTER TABLE `TABLES` /*!100301 NOWAIT */ CHANGE IF EXISTS `DATA_LENGTH` `DATA_LENGTH` DECIMAL ZEROFILL, ALGORITHM=COPY  /* QNO 836 CON_ID 18 */
		    18 Query	ALTER TABLE t6 ADD PRIMARY KEY(icol7), CHANGE COLUMN IF EXISTS `row_end` `vers_end` TIMESTAMP(6) GENERATED ALWAYS AS ROW END, MODIFY COLUMN IF EXISTS icol2 MEDIUMINT, FORCE, LOCK=SHARED, ALGORITHM=INPLACE /* QNO 837 CON_ID 18 */
		    16 Query	UPDATE performance_schema.setup_timers SET timer_name = 'TICK' /* QNO 630 CON_ID 16 */
		    16 Query	INSERT INTO `help_topic` SELECT * FROM `global_priv` /* QNO 631 CON_ID 16 */
		    16 Query	ALTER TABLE `func` ADD COLUMN scol7 BINARY NOT NULL, DROP COLUMN IF EXISTS `name`, ADD UNIQUE(icol8, bcol4, bcol2), DROP COLUMN IF EXISTS ecol10, ALGORITHM=COPY  /* QNO 632 CON_ID 16 */
		    16 Query	SHOW CREATE SEQUENCE seq8 /* QNO 633 CON_ID 16 */
		    16 Query	ALTER TABLE `procs_priv` CHANGE COLUMN IF EXISTS ecol2 tscol10 DATETIME  /* QNO 634 CON_ID 16 */
		    16 Query	ALTER IGNORE TABLE t9 DROP COLUMN IF EXISTS `Routine_name`, ALGORITHM=INPLACE, LOCK=NONE, ADD CONSTRAINT CHECK (vcol9 < ecol4), ADD FOREIGN KEY f (tscol6, vcol7) REFERENCES t3 (ncol9) ON UPDATE CASCADE  /* QNO 635 CON_ID 16 */
		    18 Query	CREATE OR REPLACE TEMPORARY TABLE `tmp` LIKE BB  /* QNO 838 CON_ID 18 */
		    16 Query	SET SESSION SQL_MODE= '' /* QNO 636 CON_ID 16 */
		    16 Query	TRUNCATE TABLE performance_schema.events_waits_summary_by_thread_by_event_name /* QNO 637 CON_ID 16 */
		    14 Query	DROP VIEW IF EXISTS r /* QNO 1200 CON_ID 14 */
		    16 Query	SELECT * FROM `user` INTO OUTFILE 'load_user'  /* QNO 638 CON_ID 16 */
		    14 Query	SHOW WARNINGS
		    18 Query	INSERT INTO `tmp` SELECT * FROM BB  /* QNO 839 CON_ID 18 */
		    14 Query	REVOKE ALL PRIVILEGES ON p.* FROM 'someuser'@'somehost' /* QNO 1201 CON_ID 14 */
		    14 Query	DROP PROCEDURE IF EXISTS q /* QNO 1202 CON_ID 14 */
		    18 Query	/* GenTest::Transform::ExecuteAsExecuteImmediate */ EXECUTE IMMEDIATE ' INSERT INTO `tmp` SELECT * FROM BB  /* QNO 839 CON_ID 18 */ ' /* TRANSFORM_OUTCOME_UNORDERED_MATCH */ /* QNO 840 CON_ID 18 */
		    18 Prepare	INSERT INTO `tmp` SELECT * FROM BB  /* QNO 839 CON_ID 18 */
		    18 Execute	INSERT INTO `tmp` SELECT * FROM BB  /* QNO 839 CON_ID 18 */
		    16 Query	LOAD DATA INFILE 'load_user' IGNORE INTO TABLE user /* QNO 639 CON_ID 16 */
		    18 Query	DROP TEMPORARY TABLE IF EXISTS BB  /* QNO 841 CON_ID 18 */
		    18 Query	SHOW WARNINGS
		    18 Query	ALTER TABLE `tmp` RENAME TO BB /* QNO 842 CON_ID 18 */
		    16 Query	INSERT INTO t13 ( tcol8 ) SELECT vcol4 FROM t8 /* QNO 640 CON_ID 16 */
		    14 Query	DROP EVENT h /* QNO 1203 CON_ID 14 */
		    18 Query	SELECT * FROM INFORMATION_SCHEMA.`INNODB_FT_DELETED` AS table1 WHERE NOT (NOT ( table1.`DOC_ID` = 2 OR table1.`DOC_ID` > '1983-07-21 12:09:59.055164') AND table1.`DOC_ID` != 3) HAVING (NOT table1.`DOC_ID` > 'cb' AND table1.`DOC_ID` < '1985-06-27 05:04:39.038643') ORDER BY table1.`DOC_ID` LIMIT 106 /* QNO 843 CON_ID 18 */
		    14 Query	ALTER TABLE `BB` REMOVE PARTITIONING /* QNO 1204 CON_ID 14 */
		    18 Query	SHOW WARNINGS
		    14 Query	ALTER TABLE `E` ADD KEY ( k ) /* QNO 1205 CON_ID 14 */
		    18 Query	TRUNCATE TABLE performance_schema.events_waits_summary_by_instance /* QNO 844 CON_ID 18 */
		    18 Query	ALTER ONLINE TABLE `INNODB_SYS_FOREIGN_COLS` DROP FOREIGN KEY IF EXISTS k  /* QNO 845 CON_ID 18 */
		    18 Query	CREATE OR REPLACE TEMPORARY TABLE `tmp` LIKE D  /* QNO 846 CON_ID 18 */
		    16 Query	SHOW ENGINE PERFORMANCE_SCHEMA STATUS /* QNO 641 CON_ID 16 */
		    17 Query	CREATE OR REPLACE TEMPORARY TABLE `tmp` LIKE B  /* QNO 681 CON_ID 17 */
		    14 Query	GRANT ALL PRIVILEGES ON x.* TO 'someuser'@'somehost' /* QNO 1206 CON_ID 14 */
		    16 Query	SET SQL_MODE= 'NO_ENGINE_SUBSTITUTION,ALLOW_INVALID_DATES,HIGH_NOT_PRECEDENCE,SIMULTANEOUS_ASSIGNMENT,ANSI_QUOTES,POSTGRESQL,ONLY_FULL_GROUP_BY,PAD_CHAR_TO_FULL_LENGTH,NO_ZERO_IN_DATE' /* QNO 642 CON_ID 16 */
		    16 Query	UNLOCK TABLES /* QNO 643 CON_ID 16 */
		    14 Query	CREATE TRIGGER t BEFORE INSERT ON `B` FOR EACH ROW BEGIN INSERT INTO `DD` SELECT * FROM `BB` LIMIT 0 ; END ; /* QNO 1207 CON_ID 14 */
		    16 Query	SHOW ENGINE PERFORMANCE_SCHEMA STATUS /* QNO 644 CON_ID 16 */
		    16 Query	ALTER SEQUENCE IF EXISTS seq6 MAXVALUE 3405447168 MINVALUE 15483 /* QNO 645 CON_ID 16 */
		    16 Query	SHOW WARNINGS
		    16 Query	INSERT INTO t9 ( tcol2 ) SELECT vcol1 FROM t18 /* QNO 646 CON_ID 16 */
		    16 Query	INSERT INTO `general_log` SELECT * FROM `time_zone_name` /* QNO 647 CON_ID 16 */
		    16 Query	FLUSH NO_WRITE_TO_BINLOG PRIVILEGES /* QNO 648 CON_ID 16 */
		    16 Query	ALTER ONLINE IGNORE TABLE `event` /*!100301 NOWAIT */ DROP c /*!100307, ALGORITHM=NOCOPY */, LOCK=DEFAULT  /* QNO 649 CON_ID 16 */
		    16 Query	DROP SEQUENCE IF EXISTS seq4 /* QNO 650 CON_ID 16 */
		    16 Query	SHOW WARNINGS
		    16 Query	UPDATE performance_schema.setup_instruments SET TIMED = 'NO' ORDER BY RAND() LIMIT 2 /* QNO 651 CON_ID 16 */
		    14 Query	DROP TRIGGER IF EXISTS k /* QNO 1208 CON_ID 14 */
		    14 Query	SHOW WARNINGS
		    14 Query	DROP TRIGGER IF EXISTS i /* QNO 1209 CON_ID 14 */
		    16 Query	SHOW CREATE TABLE seq10 /* QNO 652 CON_ID 16 */
		    16 Query	UPDATE performance_schema.setup_timers SET timer_name = 'MILLISECOND' /* QNO 653 CON_ID 16 */
		    16 Query	SELECT * from `time_zone` WHERE row_start IN (SELECT row_start FROM `global_priv`) /* QNO 654 CON_ID 16 */
		    16 Query	INSERT INTO `time_zone_transition` SELECT * FROM `time_zone_leap_second` /* QNO 655 CON_ID 16 */
		    16 Query	INSERT INTO `time_zone_transition_type` ( `pk` ) VALUES (NULL) /* QNO 656 CON_ID 16 */
		    16 Query	CREATE OR REPLACE TEMPORARY TABLE `tmp` LIKE AA  /* QNO 657 CON_ID 16 */
		    16 Query	INSERT INTO `tmp` SELECT * FROM AA  /* QNO 658 CON_ID 16 */
		    16 Query	DROP TEMPORARY TABLE IF EXISTS AA  /* QNO 659 CON_ID 16 */
		    16 Query	SHOW WARNINGS
		    17 Query	INSERT INTO `tmp` SELECT * FROM B  /* QNO 682 CON_ID 17 */
		    17 Query	/* GenTest::Transform::ExecuteAsExecuteImmediate */ EXECUTE IMMEDIATE ' INSERT INTO `tmp` SELECT * FROM B  /* QNO 682 CON_ID 17 */ ' /* TRANSFORM_OUTCOME_UNORDERED_MATCH */ /* QNO 683 CON_ID 17 */
		    17 Prepare	INSERT INTO `tmp` SELECT * FROM B  /* QNO 682 CON_ID 17 */
		    17 Execute	INSERT INTO `tmp` SELECT * FROM B  /* QNO 682 CON_ID 17 */
		    16 Query	ALTER TABLE `tmp` RENAME TO AA /* QNO 660 CON_ID 16 */
		    17 Query	DROP TEMPORARY TABLE IF EXISTS B  /* QNO 684 CON_ID 17 */
		    16 Query	ALTER TABLE `roles_mapping` /*!100301 WAIT 9 */ ADD COLUMN IF NOT EXISTS ( l YEAR NOT NULL ), ALGORITHM=INPLACE  /* QNO 661 CON_ID 16 */
		    16 Query	UNLOCK TABLES /* QNO 662 CON_ID 16 */
		    16 Query	TRUNCATE TABLE performance_schema.events_waits_history /* QNO 663 CON_ID 16 */
		    16 Query	UNLOCK TABLES /* QNO 664 CON_ID 16 */
		    16 Query	LOCK TABLE seq8 WRITE, seq10 WRITE, seq5 READ, seq4 WRITE /* QNO 665 CON_ID 16 */
		    16 Query	UNLOCK TABLES /* QNO 666 CON_ID 16 */
		    16 Query	INSERT INTO t16 ( ncol2 ) SELECT vcol9 FROM `global_priv` /* QNO 667 CON_ID 16 */
		    18 Query	INSERT INTO `tmp` SELECT * FROM D  /* QNO 847 CON_ID 18 */
		    15 Query	SELECT * FROM transforms.insert_select_22986 /* TRANSFORM_OUTCOME_UNORDERED_MATCH */ /* QNO 845 CON_ID 15 */
		    15 Query	DELETE FROM transforms.insert_select_22986 /* QNO 846 CON_ID 15 */
		    14 Query	REVOKE ALL PRIVILEGES ON l.* FROM 'someuser'@'somehost' /* QNO 1210 CON_ID 14 */
		    14 Query	REVOKE ALL PRIVILEGES ON r.* FROM 'someuser'@'somehost' /* QNO 1211 CON_ID 14 */
		    15 Query	INSERT INTO transforms.insert_select_22986  SELECT * FROM (mysql.`help_keyword` AS table1 STRAIGHT_JOIN INFORMATION_SCHEMA.`SESSION_VARIABLES` AS table2 ON ( table2.`VARIABLE_VALUE` = table1.`name` ) ) WHERE NOT ( ( table1.`name` <= table2.`VARIABLE_NAME` OR table1.`name` IN ( 5, 5, 7 )) OR table1.`name` = '2013-08-12 10:14:12.047884') HAVING table1.`name` >= 'yf' IS NULL ORDER BY table2.`VARIABLE_VALUE`, table1.`name`, table1.`name` LIMIT 188 /* QNO 840 CON_ID 15 */  /* QNO 847 CON_ID 15 */
		    16 Query	SET SQL_MODE= '' /* QNO 668 CON_ID 16 */
		    17 Query	ALTER TABLE `tmp` RENAME TO B /* QNO 685 CON_ID 17 */
		    14 Query	REVOKE ALL PRIVILEGES ON test.j FROM 'someuser'@'somehost' /* QNO 1212 CON_ID 14 */
		    17 Query	SELECT CACHE_SIZE, START_VALUE, INCREMENT, MINIMUM_VALUE, START_VALUE, START_VALUE, INCREMENT, INCREMENT, START_VALUE, NEXT_NOT_CACHED_VALUE, CYCLE_COUNT, START_VALUE FROM seq3 /* QNO 686 CON_ID 17 */
		    15 Query	SELECT * FROM transforms.insert_select_22986 /* TRANSFORM_OUTCOME_UNORDERED_MATCH */ /* QNO 848 CON_ID 15 */
		    14 Query	GRANT SHOW DATABASES, SHUTDOWN ON *.* to 'someuser'@'somehost' /* QNO 1213 CON_ID 14 */
		    15 Query	DELETE FROM transforms.insert_select_22986 /* QNO 849 CON_ID 15 */
		    17 Query	/* GenTest::Transform::ExecuteAsExecuteImmediate */ EXECUTE IMMEDIATE 'SELECT CACHE_SIZE, START_VALUE, INCREMENT, MINIMUM_VALUE, START_VALUE, START_VALUE, INCREMENT, INCREMENT, START_VALUE, NEXT_NOT_CACHED_VALUE, CYCLE_COUNT, START_VALUE FROM seq3 /* QNO 686 CON_ID 17 */ ' /* TRANSFORM_OUTCOME_UNORDERED_MATCH */ /* QNO 687 CON_ID 17 */
		    17 Prepare	SELECT CACHE_SIZE, START_VALUE, INCREMENT, MINIMUM_VALUE, START_VALUE, START_VALUE, INCREMENT, INCREMENT, START_VALUE, NEXT_NOT_CACHED_VALUE, CYCLE_COUNT, START_VALUE FROM seq3 /* QNO 686 CON_ID 17 */
		    17 Execute	SELECT CACHE_SIZE, START_VALUE, INCREMENT, MINIMUM_VALUE, START_VALUE, START_VALUE, INCREMENT, INCREMENT, START_VALUE, NEXT_NOT_CACHED_VALUE, CYCLE_COUNT, START_VALUE FROM seq3 /* QNO 686 CON_ID 17 */
		    14 Query	CREATE DATABASE IF NOT EXISTS a /* QNO 1214 CON_ID 14 */
		    18 Query	/* GenTest::Transform::ExecuteAsExecuteImmediate */ EXECUTE IMMEDIATE ' INSERT INTO `tmp` SELECT * FROM D  /* QNO 847 CON_ID 18 */ ' /* TRANSFORM_OUTCOME_UNORDERED_MATCH */ /* QNO 848 CON_ID 18 */
		    18 Prepare	INSERT INTO `tmp` SELECT * FROM D  /* QNO 847 CON_ID 18 */
		    17 Query	/* GenTest::Transform::ExecuteAsInsertSelect */ CREATE DATABASE IF NOT EXISTS transforms /* QNO 688 CON_ID 17 */
		    14 Query	CREATE PROCEDURE u ( IN f INT ) BEGIN SELECT COUNT(*) INTO @a FROM `D`; END ; /* QNO 1215 CON_ID 14 */
		    15 Query	REPLACE INTO transforms.insert_select_22986  SELECT * FROM (mysql.`help_keyword` AS table1 STRAIGHT_JOIN INFORMATION_SCHEMA.`SESSION_VARIABLES` AS table2 ON ( table2.`VARIABLE_VALUE` = table1.`name` ) ) WHERE NOT ( ( table1.`name` <= table2.`VARIABLE_NAME` OR table1.`name` IN ( 5, 5, 7 )) OR table1.`name` = '2013-08-12 10:14:12.047884') HAVING table1.`name` >= 'yf' IS NULL ORDER BY table2.`VARIABLE_VALUE`, table1.`name`, table1.`name` LIMIT 188 /* QNO 840 CON_ID 15 */  /* QNO 850 CON_ID 15 */
		    15 Query	SELECT * FROM transforms.insert_select_22986 /* TRANSFORM_OUTCOME_UNORDERED_MATCH */ /* QNO 851 CON_ID 15 */
		    15 Query	DROP TABLE transforms.insert_select_22986 /* QNO 852 CON_ID 15 */
		    17 Query	SHOW WARNINGS
		    17 Query	DROP TABLE IF EXISTS transforms.insert_select_22990 /* QNO 689 CON_ID 17 */
		    17 Query	SHOW WARNINGS
		    17 Query	CREATE TABLE transforms.insert_select_22990 SELECT CACHE_SIZE, START_VALUE, INCREMENT, MINIMUM_VALUE, START_VALUE, START_VALUE, INCREMENT, INCREMENT, START_VALUE, NEXT_NOT_CACHED_VALUE, CYCLE_COUNT, START_VALUE FROM seq3 /* QNO 686 CON_ID 17 */  /* QNO 690 CON_ID 17 */
		    17 Query	SHOW ENGINE PERFORMANCE_SCHEMA STATUS /* QNO 691 CON_ID 17 */
		    14 Query	ALTER TABLE `DD` DROP COLUMN i /* QNO 1216 CON_ID 14 */
		    17 Query	ALTER IGNORE TABLE `E` ADD CONSTRAINT FOREIGN KEY (`col_varchar_nokey`) REFERENCES E (`col_datetime_nokey`) ON UPDATE SET NULL /*!100307, ALGORITHM=NOCOPY */, LOCK=DEFAULT /* QNO 692 CON_ID 17 */
		    14 Query	DROP TRIGGER IF EXISTS z /* QNO 1217 CON_ID 14 */
		    17 Query	TRUNCATE TABLE performance_schema.events_waits_summary_by_instance /* QNO 693 CON_ID 17 */
		    16 Query	ALTER TABLE `general_log` /*!100301 WAIT 7 */ ADD FOREIGN KEY n (ncol8) REFERENCES `plugin` (tscol9) ON UPDATE RESTRICT, ADD CONSTRAINT p CHECK (vcol10 LIKE `dl`), ADD UNIQUE (`non_existing_column`) /*!100307, ALGORITHM=NOCOPY */, LOCK=NONE, DROP COLUMN tscol1 /*!100307, ALGORITHM=NOCOPY */, LOCK=DEFAULT  /* QNO 669 CON_ID 16 */
		    16 Query	SELECT * from t6 WHERE row_start IN (SELECT row_start FROM `innodb_index_stats`) /* QNO 670 CON_ID 16 */
		    17 Query	ALTER TABLE `DD` /*!100301 WAIT 9 */ ADD CONSTRAINT x FOREIGN KEY a (`col_int_key`) REFERENCES DD (`pk`) /*!100307, ALGORITHM=INSTANT */, LOCK=SHARED /* QNO 694 CON_ID 17 */
		    16 Query	SHOW EXPLAIN FOR 119 /* QNO 671 CON_ID 16 */
		    16 Query	ALTER IGNORE TABLE `time_zone_name` /*!100301 */ DROP IF EXISTS `Name` /*!100307, ALGORITHM=INSTANT */, LOCK=SHARED, ALTER COLUMN /*!100305 IF EXISTS */ `Time_zone_id` DROP DEFAULT, MODIFY y TIME NULL DEFAULT NULL, LOCK=NONE  /* QNO 672 CON_ID 16 */
		    16 Query	SHOW ENGINE PERFORMANCE_SCHEMA STATUS /* QNO 673 CON_ID 16 */
		    17 Query	DELETE FROM `E` WHERE `col_time_nokey` >= '1983-03-26 08:55:06.048090' LIMIT 3 /* QNO 695 CON_ID 17 */
		    16 Query	DROP TEMPORARY TABLE IF EXISTS `columns_priv` /* QNO 674 CON_ID 16 */
		    17 Query	DELETE FROM `E` WHERE `col_varchar_nokey` = 'zu' LIMIT 2 /* QNO 696 CON_ID 17 */
		    16 Query	SHOW WARNINGS
		    16 Query	UPDATE performance_schema.setup_instruments SET ENABLED = 'NO' WHERE NAME LIKE 'wait%' /* QNO 675 CON_ID 16 */
		    17 Query	SET STATEMENT system_versioning_alter_history=KEEP FOR ALTER TABLE t6 PARTITION BY system_time LIMIT 2 ( PARTITION ver_p1 HISTORY, PARTITION ver_p2 HISTORY, PARTITION ver_p3 HISTORY, PARTITION ver_pn CURRENT ) /* QNO 697 CON_ID 17 */
		    18 Execute	INSERT INTO `tmp` SELECT * FROM D  /* QNO 847 CON_ID 18 */
		    18 Query	DROP TEMPORARY TABLE IF EXISTS D  /* QNO 849 CON_ID 18 */
		    18 Query	SHOW WARNINGS
		    14 Query	DROP TABLE d /* QNO 1218 CON_ID 14 */
		    18 Query	ALTER TABLE `tmp` RENAME TO D /* QNO 850 CON_ID 18 */
		    18 Query	UPDATE `INNODB_MUTEXES` SET `CREATE_FILE` = 'bb' WHERE `NAME` != 'b' /* QNO 851 CON_ID 18 */
		    18 Query	SET SESSION SQL_MODE= DEFAULT /* QNO 852 CON_ID 18 */
		    14 Query	ALTER TABLE `AA` DROP KEY r /* QNO 1219 CON_ID 14 */
		    18 Query	CREATE OR REPLACE TEMPORARY TABLE `INNODB_SYS_INDEXES` (bcol1 BIT NULL ) ROW_FORMAT=DYNAMIC  /* QNO 853 CON_ID 18 */
		    15 Query	SHOW ENGINE PERFORMANCE_SCHEMA STATUS /* QNO 853 CON_ID 15 */
		    17 Query	ALTER TABLE `AA` /*!100301 */ ADD KEY IF NOT EXISTS t ( `col_date_nokey` ) COMMENT 'conventional' /*!100307, ALGORITHM=INSTANT */, LOCK=NONE  /* QNO 698 CON_ID 17 */
		    14 Query	ALTER TABLE `AA` DROP KEY g /* QNO 1220 CON_ID 14 */
		    15 Query	UPDATE performance_schema.setup_instruments SET TIMED = 'YES' ORDER BY RAND() LIMIT 2 /* QNO 854 CON_ID 15 */
		    14 Query	CREATE OR REPLACE VIEW m AS SELECT * FROM `AA` /* QNO 1221 CON_ID 14 */
		    17 Query	ALTER IGNORE TABLE `C` /*!100301 */ ENABLE KEYS, DROP CONSTRAINT IF EXISTS w, LOCK=EXCLUSIVE  /* QNO 699 CON_ID 17 */
		    14 Query	ALTER TABLE `AA` PARTITION BY KEY() PARTITIONS 5 /* QNO 1222 CON_ID 14 */
		    14 Query	ALTER TABLE `BB` ADD PRIMARY KEY (`pk`) /* QNO 1223 CON_ID 14 */
		    14 Query	ALTER TABLE `B` ADD PRIMARY KEY (`pk`) /* QNO 1224 CON_ID 14 */
		    15 Query	SHOW ENGINE PERFORMANCE_SCHEMA STATUS /* QNO 855 CON_ID 15 */
		    16 Query	UPDATE performance_schema.setup_timers SET timer_name = 'MICROSECOND' /* QNO 676 CON_ID 16 */
		    16 Query	ALTER ONLINE TABLE t8 /*!100301 WAIT 2 */ DROP COLUMN IF EXISTS scol2, LOCK=DEFAULT  /* QNO 677 CON_ID 16 */
		    14 Query	ALTER TABLE `D` DROP PRIMARY KEY /* QNO 1225 CON_ID 14 */
		    15 Query	CREATE OR REPLACE TEMPORARY TABLE `tmp` LIKE A  /* QNO 856 CON_ID 15 */
		    14 Query	CREATE TABLE s LIKE `E` /* QNO 1226 CON_ID 14 */
		    16 Query	SHOW WARNINGS
		    14 Query	ALTER TABLE `B` DROP COLUMN s /* QNO 1227 CON_ID 14 */
		    14 Query	CREATE OR REPLACE VIEW b AS SELECT * FROM `AA` /* QNO 1228 CON_ID 14 */
		    16 Query	SET STATEMENT `sql_mode`=ORACLE FOR SELECT seq2.currval /* QNO 678 CON_ID 16 */
		    19 Query	SELECT * FROM transforms.insert_select_22994 /* TRANSFORM_OUTCOME_UNORDERED_MATCH */ /* QNO 655 CON_ID 19 */
		    16 Query	INSERT INTO `func` ( `pk` ) VALUES (NULL) /* QNO 679 CON_ID 16 */
		    14 Query	ALTER TABLE `DD` PARTITION BY KEY() PARTITIONS 1 /* QNO 1229 CON_ID 14 */
		    14 Query	DROP DATABASE IF EXISTS o /* QNO 1230 CON_ID 14 */
		    16 Query	SET SQL_MODE= DEFAULT /* QNO 680 CON_ID 16 */
		    16 Query	CREATE OR REPLACE TEMPORARY TABLE `tmp` LIKE A  /* QNO 681 CON_ID 16 */
		    14 Query	SHOW WARNINGS
		    14 Query	CREATE DATABASE IF NOT EXISTS a /* QNO 1231 CON_ID 14 */
		    14 Query	SHOW WARNINGS
		    14 Query	DROP DATABASE IF EXISTS x /* QNO 1232 CON_ID 14 */
		    14 Query	SHOW WARNINGS
		    14 Query	ALTER TABLE `B` REMOVE PARTITIONING /* QNO 1233 CON_ID 14 */
		    14 Query	CREATE EVENT a ON SCHEDULE AT NOW() DO SET @a=@a /* QNO 1234 CON_ID 14 */
		    14 Query	ALTER TABLE `A` ADD KEY ( z ) /* QNO 1235 CON_ID 14 */
		    14 Query	ALTER TABLE `C` ADD KEY ( s ) /* QNO 1236 CON_ID 14 */
		    14 Query	DROP FUNCTION IF EXISTS f /* QNO 1237 CON_ID 14 */
		    14 Query	SHOW WARNINGS
		    14 Query	DROP DATABASE IF EXISTS g /* QNO 1238 CON_ID 14 */
		    14 Query	SHOW WARNINGS
		    14 Query	ALTER TABLE `BB` ADD PRIMARY KEY (`pk`) /* QNO 1239 CON_ID 14 */
		    14 Query	ALTER TABLE `E` REMOVE PARTITIONING /* QNO 1240 CON_ID 14 */
		    14 Query	REVOKE ALL PRIVILEGES ON test.c FROM 'someuser'@'somehost' /* QNO 1241 CON_ID 14 */
		    14 Query	CREATE PROCEDURE o ( IN c INT, OUT o INT ) BEGIN SELECT COUNT(*) INTO @a FROM `DD`; END ; /* QNO 1242 CON_ID 14 */
		    14 Query	ALTER TABLE `B` ADD COLUMN n INTEGER DEFAULT NULL /* QNO 1243 CON_ID 14 */
		    18 Query	DROP TABLE IF EXISTS tmp_rename_22992  /* QNO 854 CON_ID 18 */
		    18 Query	SHOW WARNINGS
		    18 Query	RENAME TABLE `INNODB_FT_DEFAULT_STOPWORD` TO tmp_rename_22992, tmp_rename_22992 TO INNODB_FT_DEFAULT_STOPWORD /* QNO 855 CON_ID 18 */
		    18 Query	ALTER TABLE t6 /*!100301 NOWAIT */ ALTER COLUMN `value` DROP DEFAULT  /* QNO 856 CON_ID 18 */
		    18 Query	UNLOCK TABLES /* QNO 857 CON_ID 18 */
		    18 Query	INSERT INTO seq1 VALUES (-38, 0, 2025493932409880576, 126, 6, 202, 0, 0) /* QNO 858 CON_ID 18 */
		    19 Query	DROP TABLE transforms.insert_select_22994 /* QNO 656 CON_ID 19 */
		    18 Query	/*!100305 SHOW CREATE PACKAGE o */ /* QNO 859 CON_ID 18 */
		    18 Query	ALTER IGNORE TABLE `REFERENTIAL_CONSTRAINTS` /*!100301 */ DROP CONSTRAINT IF EXISTS `DELETE_RULE`, ALGORITHM=COPY, LOCK=DEFAULT  /* QNO 860 CON_ID 18 */
		    18 Query	DROP TEMPORARY TABLE IF EXISTS `INNODB_SYS_TABLESPACES` /* QNO 861 CON_ID 18 */
		    18 Query	SHOW WARNINGS
		    17 Query	SHOW WARNINGS
		    18 Query	SHOW EXPLAIN FOR 189 /* QNO 862 CON_ID 18 */
		    17 Query	TRUNCATE TABLE performance_schema.events_waits_current /* QNO 700 CON_ID 17 */
		    18 Query	SELECT * FROM INFORMATION_SCHEMA.`PROCESSLIST` AS table1 HAVING table1.`TID` = 'n' IS NOT NULL ORDER BY table1.`STAGE` LIMIT 234 /* QNO 863 CON_ID 18 */
		    17 Query	UPDATE performance_schema.setup_consumers SET enabled = 'NO' WHERE name LIKE 'events%' /* QNO 701 CON_ID 17 */
		    18 Query	TRUNCATE TABLE performance_schema.events_waits_history /* QNO 864 CON_ID 18 */
		    17 Query	SHOW ENGINE PERFORMANCE_SCHEMA STATUS /* QNO 702 CON_ID 17 */
		    17 Query	TRUNCATE TABLE performance_schema.events_waits_summary_by_event_name /* QNO 703 CON_ID 17 */
		    17 Query	ALTER TABLE `CC` ADD COLUMN ( vcol6 ENUM('foo','bar') AS ( ecol7 ) VIRTUAL ), LOCK=SHARED, ENGINE=InnoDB, DROP COLUMN IF EXISTS ecol7, ALGORITHM=INPLACE, LOCK=SHARED /* QNO 704 CON_ID 17 */
		    18 Query	UPDATE `APPLICABLE_ROLES` SET `ROLE_NAME` = '2005-08-10 09:08:35.013864' WHERE `GRANTEE` < '1985-08-11 18:48:01.002231' /* QNO 865 CON_ID 18 */
		    17 Query	SELECT * FROM mysql.`roles_mapping` AS table1 WHERE (NOT ( table1.`Admin_option` >= table1.`Admin_option` OR table1.`Admin_option` IN ( 3, 2, 7 )) AND table1.`Admin_option` <> table1.`Admin_option`) LIMIT 242 /* QNO 705 CON_ID 17 */
		    17 Query	/* GenTest::Transform::ExecuteAsExecuteImmediate */ EXECUTE IMMEDIATE ' SELECT * FROM mysql.`roles_mapping` AS table1 WHERE (NOT ( table1.`Admin_option` >= table1.`Admin_option` OR table1.`Admin_option` IN ( 3, 2, 7 )) AND table1.`Admin_option` <> table1.`Admin_option`) LIMIT 242 /* QNO 705 CON_ID 17 */ ' /* TRANSFORM_OUTCOME_UNORDERED_MATCH */ /* QNO 706 CON_ID 17 */
		    17 Prepare	SELECT * FROM mysql.`roles_mapping` AS table1 WHERE (NOT ( table1.`Admin_option` >= table1.`Admin_option` OR table1.`Admin_option` IN ( 3, 2, 7 )) AND table1.`Admin_option` <> table1.`Admin_option`) LIMIT 242 /* QNO 705 CON_ID 17 */
		    17 Execute	SELECT * FROM mysql.`roles_mapping` AS table1 WHERE (NOT ( table1.`Admin_option` >= table1.`Admin_option` OR table1.`Admin_option` IN ( 3, 2, 7 )) AND table1.`Admin_option` <> table1.`Admin_option`) LIMIT 242 /* QNO 705 CON_ID 17 */
		    17 Query	/* GenTest::Transform::ExecuteAsInsertSelect */ CREATE DATABASE IF NOT EXISTS transforms /* QNO 707 CON_ID 17 */
		    17 Query	SHOW WARNINGS
		    17 Query	DROP TABLE IF EXISTS transforms.insert_select_22990 /* QNO 708 CON_ID 17 */
		    14 Query	ALTER TABLE `B` ADD KEY ( s ) /* QNO 1244 CON_ID 14 */
		    19 Query	UNLOCK TABLES /* QNO 657 CON_ID 19 */
		    18 Query	SHOW EXPLAIN FOR 195 /* QNO 866 CON_ID 18 */
		    19 Query	INSERT INTO t6 ( icol5 ) SELECT `SUM_ROWS_AFFECTED` FROM `events_stages_summary_by_host_by_event_name` /* QNO 658 CON_ID 19 */
		    18 Query	SET SESSION SQL_MODE= '' /* QNO 867 CON_ID 18 */
		    19 Query	DELETE FROM t2 LIMIT 7 /* QNO 659 CON_ID 19 */
		    19 Query	ALTER IGNORE TABLE t8 ADD CONSTRAINT f CHECK (tscol10 LIKE ncol1)  /* QNO 660 CON_ID 19 */
		    17 Query	SHOW WARNINGS
		    17 Query	CREATE TABLE transforms.insert_select_22990  SELECT * FROM mysql.`roles_mapping` AS table1 WHERE (NOT ( table1.`Admin_option` >= table1.`Admin_option` OR table1.`Admin_option` IN ( 3, 2, 7 )) AND table1.`Admin_option` <> table1.`Admin_option`) LIMIT 242 /* QNO 705 CON_ID 17 */  /* QNO 709 CON_ID 17 */
		    18 Query	LOCK TABLES `SPATIAL_REF_SYS` AS v READ  /* QNO 868 CON_ID 18 */
		    18 Query	UNLOCK TABLES /* QNO 869 CON_ID 18 */
		    18 Query	UPDATE performance_schema.setup_instruments SET TIMED = 'YES' ORDER BY RAND() LIMIT 7 /* QNO 870 CON_ID 18 */
		    18 Query	SHOW CREATE SCHEMA d /* QNO 871 CON_ID 18 */
		    18 Query	SET SESSION SQL_MODE= '' /* QNO 872 CON_ID 18 */
		    18 Query	ALTER TABLE `INNODB_CMP_RESET` /*!100301 */ ADD PRIMARY KEY ( x ), LOCK=DEFAULT, ADD INDEX ind1 ( t(249) ASC, `uncompress_time` DESC ), ALGORITHM=DEFAULT, LOCK=SHARED  /* QNO 873 CON_ID 18 */
		    14 Query	REVOKE ALL PRIVILEGES ON test.z FROM 'someuser'@'somehost' /* QNO 1245 CON_ID 14 */
		    19 Query	UPDATE `accounts` SET `USER` = '2026-08-09 14:04:18.036454' WHERE `USER` < 'vx' /* QNO 661 CON_ID 19 */
		    14 Query	GRANT INSERT ( `col_int_nokey`, `col_datetime_nokey` ) ON `E` TO 'someuser'@'somehost' /* QNO 1246 CON_ID 14 */
		    15 Query	INSERT INTO `tmp` SELECT * FROM A  /* QNO 857 CON_ID 15 */
		    15 Query	/* GenTest::Transform::ExecuteAsExecuteImmediate */ EXECUTE IMMEDIATE ' INSERT INTO `tmp` SELECT * FROM A  /* QNO 857 CON_ID 15 */ ' /* TRANSFORM_OUTCOME_UNORDERED_MATCH */ /* QNO 858 CON_ID 15 */
		    14 Query	ALTER TABLE `D` ADD PRIMARY KEY (`pk`) /* QNO 1247 CON_ID 14 */
		    15 Prepare	INSERT INTO `tmp` SELECT * FROM A  /* QNO 857 CON_ID 15 */
		    15 Execute	INSERT INTO `tmp` SELECT * FROM A  /* QNO 857 CON_ID 15 */
		    14 Query	DROP TRIGGER IF EXISTS v /* QNO 1248 CON_ID 14 */
		    14 Query	SHOW WARNINGS
		    14 Query	ALTER TABLE `AA` DROP PRIMARY KEY /* QNO 1249 CON_ID 14 */
		    19 Query	ALTER ONLINE IGNORE TABLE `events_waits_current` /*!100301 NOWAIT */ ADD FOREIGN KEY (`SOURCE`) REFERENCES events_waits_current (`TIMER_START`), ADD FOREIGN KEY (`NESTING_EVENT_ID`) REFERENCES events_waits_current (`SOURCE`) /*!100307, ALGORITHM=INSTANT */  /* QNO 662 CON_ID 19 */
		    14 Query	GRANT SELECT ( `col_datetime_key`, `col_datetime_nokey`, `col_date_nokey` ), INSERT ( `col_date_key`, `col_date_nokey` ), SELECT ( `col_varchar_nokey` ) ON `D` TO 'someuser'@'somehost' /* QNO 1250 CON_ID 14 */
		    15 Query	DROP TEMPORARY TABLE IF EXISTS A  /* QNO 859 CON_ID 15 */
		    14 Query	ALTER TABLE `B` PARTITION BY KEY() PARTITIONS 9 /* QNO 1251 CON_ID 14 */
		    19 Query	ALTER ONLINE TABLE t7 ADD FULLTEXT KEY(scol9), ALGORITHM=INPLACE, LOCK=EXCLUSIVE  /* QNO 663 CON_ID 19 */
		    14 Query	REVOKE ALL PRIVILEGES ON f.* FROM 'someuser'@'somehost' /* QNO 1252 CON_ID 14 */
		    19 Query	ALTER IGNORE TABLE `threads` ADD FOREIGN KEY a (`INSTRUMENTED`) REFERENCES threads (`PROCESSLIST_USER`) ON UPDATE SET DEFAULT  /* QNO 664 CON_ID 19 */
		    15 Query	ALTER TABLE `tmp` RENAME TO A /* QNO 860 CON_ID 15 */
		    14 Query	CREATE TRIGGER a BEFORE INSERT ON `B` FOR EACH ROW BEGIN INSERT INTO `A` SELECT * FROM `E` LIMIT 0 ; END ; /* QNO 1253 CON_ID 14 */
