		    19 Execute	SELECT * FROM mysql.`columns_priv` AS table1 WHERE ( ( ( ( ( table1.`Column_name` < table1.`Table_name` OR table1.`Host` >= table1.`Column_name`) OR table1.`Column_priv` IN ( 3, 4, 2 )) AND table1.`Table_name` LIKE 'wait/synch%') AND table1.`Column_priv` <= table1.`Column_priv`) OR table1.`Column_priv` <= 4) ORDER BY table1.`Column_name`, table1.`Column_name` LIMIT 231 /* QNO 897 CON_ID 19 */
		    19 Query	/* GenTest::Transform::ExecuteAsInsertSelect */ CREATE DATABASE IF NOT EXISTS transforms /* QNO 899 CON_ID 19 */
		    14 Query	ALTER TABLE `AA` DROP KEY y /* QNO 2134 CON_ID 14 */
		    14 Query	GRANT ALL PRIVILEGES ON h.* TO 'someuser'@'somehost' /* QNO 2135 CON_ID 14 */
		    16 Query	SHOW WARNINGS
		    19 Query	SHOW WARNINGS
		    16 Query	DROP TABLE IF EXISTS transforms.where_updatedelete_22988 /* QNO 1130 CON_ID 16 */
		    14 Query	GRANT UPDATE ( `col_varchar_nokey` ), SELECT ( `col_date_key` ), UPDATE ( `col_date_nokey`, `col_date_key`, `col_datetime_nokey` ), UPDATE ( `col_int_key` ) ON `A` TO 'someuser'@'somehost' /* QNO 2136 CON_ID 14 */
		    19 Query	DROP TABLE IF EXISTS transforms.insert_select_22994 /* QNO 900 CON_ID 19 */
		    14 Query	ALTER TABLE `B` DROP KEY v /* QNO 2137 CON_ID 14 */
		    16 Query	SHOW WARNINGS
		    19 Query	SHOW WARNINGS
		    16 Query	CREATE TABLE transforms.where_updatedelete_22988 SELECT SETVAL(seq10, 0) /* QNO 1116 CON_ID 16 */  /* QNO 1131 CON_ID 16 */
		    19 Query	CREATE TABLE transforms.insert_select_22994  SELECT * FROM mysql.`columns_priv` AS table1 WHERE ( ( ( ( ( table1.`Column_name` < table1.`Table_name` OR table1.`Host` >= table1.`Column_name`) OR table1.`Column_priv` IN ( 3, 4, 2 )) AND table1.`Table_name` LIKE 'wait/synch%') AND table1.`Column_priv` <= table1.`Column_priv`) OR table1.`Column_priv` <= 4) ORDER BY table1.`Column_name`, table1.`Column_name` LIMIT 231 /* QNO 897 CON_ID 19 */  /* QNO 901 CON_ID 19 */
		    18 Query	SELECT * FROM transforms.insert_select_22992 /* TRANSFORM_OUTCOME_UNORDERED_MATCH */ /* QNO 1223 CON_ID 18 */
		    14 Query	ALTER TABLE `D` REMOVE PARTITIONING /* QNO 2138 CON_ID 14 */
		    18 Query	DELETE FROM transforms.insert_select_22992 /* QNO 1224 CON_ID 18 */
		    14 Query	ALTER TABLE `B` DROP PRIMARY KEY /* QNO 2139 CON_ID 14 */
		    14 Query	ALTER TABLE `DD` ADD COLUMN u INTEGER DEFAULT NULL /* QNO 2140 CON_ID 14 */
		    14 Query	DROP DATABASE IF EXISTS z /* QNO 2141 CON_ID 14 */
		    14 Query	SHOW WARNINGS
		    14 Query	CREATE PROCEDURE s ( OUT u INT ) BEGIN SELECT COUNT(*) INTO @a FROM `AA`; END ; /* QNO 2142 CON_ID 14 */
		    14 Query	ALTER TABLE `DD` ADD PRIMARY KEY (`pk`) /* QNO 2143 CON_ID 14 */
		    14 Query	DROP VIEW IF EXISTS t /* QNO 2144 CON_ID 14 */
		    14 Query	SHOW WARNINGS
		    14 Query	ALTER TABLE `BB` PARTITION BY KEY() PARTITIONS 8 /* QNO 2145 CON_ID 14 */
		    14 Query	ALTER TABLE `A` PARTITION BY KEY() PARTITIONS 4 /* QNO 2146 CON_ID 14 */
		    18 Query	INSERT INTO transforms.insert_select_22992  SELECT * FROM performance_schema.`performance_timers` AS table1 ORDER BY table1.`TIMER_OVERHEAD`, table1.`TIMER_NAME`, table1.`TIMER_NAME` LIMIT 67 /* QNO 1218 CON_ID 18 */  /* QNO 1225 CON_ID 18 */
		    15 Query	SELECT * FROM `event` INTO OUTFILE 'load_event'  /* QNO 1314 CON_ID 15 */
		    15 Query	LOAD DATA INFILE 'load_event' REPLACE INTO TABLE event /* QNO 1315 CON_ID 15 */
		    15 Query	SHOW ENGINE PERFORMANCE_SCHEMA STATUS /* QNO 1316 CON_ID 15 */
		    15 Query	UPDATE performance_schema.setup_instruments SET TIMED = 'NO' ORDER BY RAND() LIMIT 4 /* QNO 1317 CON_ID 15 */
		    15 Query	TRUNCATE TABLE performance_schema.events_waits_history_long /* QNO 1318 CON_ID 15 */
		    15 Query	ALTER TABLE t13 DROP PRIMARY KEY /* QNO 1319 CON_ID 15 */
		    18 Query	SELECT * FROM transforms.insert_select_22992 /* TRANSFORM_OUTCOME_UNORDERED_MATCH */ /* QNO 1226 CON_ID 18 */
		    18 Query	DELETE FROM transforms.insert_select_22992 /* QNO 1227 CON_ID 18 */
		    18 Query	REPLACE INTO transforms.insert_select_22992  SELECT * FROM performance_schema.`performance_timers` AS table1 ORDER BY table1.`TIMER_OVERHEAD`, table1.`TIMER_NAME`, table1.`TIMER_NAME` LIMIT 67 /* QNO 1218 CON_ID 18 */  /* QNO 1228 CON_ID 18 */
		    15 Query	INSERT INTO `func` ( `pk` ) VALUES (NULL) /* QNO 1320 CON_ID 15 */
		    15 Query	TRUNCATE TABLE performance_schema.events_waits_history_long /* QNO 1321 CON_ID 15 */
		    18 Query	SELECT * FROM transforms.insert_select_22992 /* TRANSFORM_OUTCOME_UNORDERED_MATCH */ /* QNO 1229 CON_ID 18 */
		    18 Query	DROP TABLE transforms.insert_select_22992 /* QNO 1230 CON_ID 18 */
		    15 Query	ALTER TABLE `time_zone_transition` DROP COLUMN ncol4 /*!100307, ALGORITHM=INSTANT */, LOCK=EXCLUSIVE  /* QNO 1322 CON_ID 15 */
		    15 Query	CREATE TABLE t5 LIKE `index_stats` /* QNO 1323 CON_ID 15 */
		    15 Query	RENAME TABLE seq2 TO seq9, seq6 TO seq1, seq10 TO seq8 /* QNO 1324 CON_ID 15 */
		    14 Query	REVOKE ALL PRIVILEGES ON h.* FROM 'someuser'@'somehost' /* QNO 2147 CON_ID 14 */
		    14 Query	ALTER TABLE `D` DROP KEY v /* QNO 2148 CON_ID 14 */
		    14 Query	ALTER TABLE `AA` PARTITION BY KEY() PARTITIONS 8 /* QNO 2149 CON_ID 14 */
		    14 Query	CREATE OR REPLACE VIEW f AS SELECT * FROM `CC` /* QNO 2150 CON_ID 14 */
		    14 Query	REVOKE ALL PRIVILEGES ON test.a FROM 'someuser'@'somehost' /* QNO 2151 CON_ID 14 */
		    18 Query	TRUNCATE TABLE performance_schema.events_waits_summary_by_thread_by_event_name /* QNO 1231 CON_ID 18 */
		    18 Query	ALTER TABLE `file_summary_by_event_name` /*!100301 NOWAIT */ ADD ( tcol10 TIME NOT NULL ), ALGORITHM=INPLACE, LOCK=DEFAULT  /* QNO 1232 CON_ID 18 */
		    16 Query	UPDATE transforms.where_updatedelete_22988 SET `SETVAL(seq10, 0)` = ( SELECT SETVAL(seq10, 0) /* QNO 1116 CON_ID 16 */  ) + 9999 WHERE `SETVAL(seq10, 0)` NOT IN ( SELECT SETVAL(seq10, 0) /* QNO 1116 CON_ID 16 */  )  /* QNO 1132 CON_ID 16 */
		    16 Query	SELECT IF((ROW_COUNT() = 0 OR ROW_COUNT() = -1), 1, 0) /* TRANSFORM_OUTCOME_SINGLE_INTEGER_ONE */ /* QNO 1133 CON_ID 16 */
		    15 Query	SELECT * FROM mysql.`column_stats` AS table1 HAVING ( table1.`db_name` > 4 AND table1.`nulls_ratio` <> '1979-01-15 06:59:39.001633') ORDER BY table1.`table_name` LIMIT 253 /* QNO 1325 CON_ID 15 */
		    16 Query	SELECT * FROM transforms.where_updatedelete_22988 /* TRANSFORM_OUTCOME_UNORDERED_MATCH */ /* QNO 1134 CON_ID 16 */
		    16 Query	UPDATE transforms.where_updatedelete_22988 SET `SETVAL(seq10, 0)` = ( SELECT SETVAL(seq10, 0) /* QNO 1116 CON_ID 16 */  ) WHERE `SETVAL(seq10, 0)` IN ( SELECT SETVAL(seq10, 0) /* QNO 1116 CON_ID 16 */  )  /* QNO 1135 CON_ID 16 */
		    16 Query	SELECT IF((ROW_COUNT() = 1 OR ROW_COUNT() = -1), 1, 0) /* TRANSFORM_OUTCOME_SINGLE_INTEGER_ONE */ /* QNO 1136 CON_ID 16 */
		    16 Query	SELECT * FROM transforms.where_updatedelete_22988 /* TRANSFORM_OUTCOME_UNORDERED_MATCH */ /* QNO 1137 CON_ID 16 */
		    16 Query	DELETE FROM transforms.where_updatedelete_22988 WHERE `SETVAL(seq10, 0)` IN ( SELECT SETVAL(seq10, 0) /* QNO 1116 CON_ID 16 */  )  /* QNO 1138 CON_ID 16 */
		    15 Query	/* GenTest::Transform::ExecuteAsExecuteImmediate */ EXECUTE IMMEDIATE ' SELECT * FROM mysql.`column_stats` AS table1 HAVING ( table1.`db_name` > 4 AND table1.`nulls_ratio` <> \'1979-01-15 06:59:39.001633\') ORDER BY table1.`table_name` LIMIT 253 /* QNO 1325 CON_ID 15 */ ' /* TRANSFORM_OUTCOME_UNORDERED_MATCH */ /* QNO 1326 CON_ID 15 */
		    15 Prepare	SELECT * FROM mysql.`column_stats` AS table1 HAVING ( table1.`db_name` > 4 AND table1.`nulls_ratio` <> '1979-01-15 06:59:39.001633') ORDER BY table1.`table_name` LIMIT 253 /* QNO 1325 CON_ID 15 */
		    15 Execute	SELECT * FROM mysql.`column_stats` AS table1 HAVING ( table1.`db_name` > 4 AND table1.`nulls_ratio` <> '1979-01-15 06:59:39.001633') ORDER BY table1.`table_name` LIMIT 253 /* QNO 1325 CON_ID 15 */
		    15 Query	/* GenTest::Transform::ExecuteAsInsertSelect */ CREATE DATABASE IF NOT EXISTS transforms /* QNO 1327 CON_ID 15 */
		    18 Query	ALTER IGNORE TABLE `session_account_connect_attrs` /*!100301 */ CHANGE COLUMN IF EXISTS i u BLOB /*!100201 CHECK (y < 5) */, LOCK=EXCLUSIVE  /* QNO 1233 CON_ID 18 */
		    16 Query	SELECT IF((ROW_COUNT() = 1 OR ROW_COUNT() = -1), 1, 0) /* TRANSFORM_OUTCOME_SINGLE_INTEGER_ONE */ /* QNO 1139 CON_ID 16 */
		    18 Query	SHOW ENGINE PERFORMANCE_SCHEMA STATUS /* QNO 1234 CON_ID 18 */
		    16 Query	SELECT * FROM transforms.where_updatedelete_22988 /* TRANSFORM_OUTCOME_EMPTY_RESULT */ /* QNO 1140 CON_ID 16 */
		    16 Query	DROP TABLE IF EXISTS transforms.where_updatedelete_22988 /* QNO 1141 CON_ID 16 */
		    18 Query	SELECT * FROM mysql.`time_zone` AS table1 HAVING ( (table1.`Time_zone_id` != 9 IS NULL OR table1.`Use_leap_seconds` > 3) AND table1.`Use_leap_seconds` = 'wm') ORDER BY table1.`Time_zone_id`, table1.`Time_zone_id` LIMIT 220 /* QNO 1235 CON_ID 18 */
		    18 Query	/* GenTest::Transform::ExecuteAsExecuteImmediate */ EXECUTE IMMEDIATE ' SELECT * FROM mysql.`time_zone` AS table1 HAVING ( (table1.`Time_zone_id` != 9 IS NULL OR table1.`Use_leap_seconds` > 3) AND table1.`Use_leap_seconds` = \'wm\') ORDER BY table1.`Time_zone_id`, table1.`Time_zone_id` LIMIT 220 /* QNO 1235 CON_ID 18 */ ' /* TRANSFORM_OUTCOME_UNORDERED_MATCH */ /* QNO 1236 CON_ID 18 */
		    18 Prepare	SELECT * FROM mysql.`time_zone` AS table1 HAVING ( (table1.`Time_zone_id` != 9 IS NULL OR table1.`Use_leap_seconds` > 3) AND table1.`Use_leap_seconds` = 'wm') ORDER BY table1.`Time_zone_id`, table1.`Time_zone_id` LIMIT 220 /* QNO 1235 CON_ID 18 */
		    18 Execute	SELECT * FROM mysql.`time_zone` AS table1 HAVING ( (table1.`Time_zone_id` != 9 IS NULL OR table1.`Use_leap_seconds` > 3) AND table1.`Use_leap_seconds` = 'wm') ORDER BY table1.`Time_zone_id`, table1.`Time_zone_id` LIMIT 220 /* QNO 1235 CON_ID 18 */
		    18 Query	/* GenTest::Transform::ExecuteAsInsertSelect */ CREATE DATABASE IF NOT EXISTS transforms /* QNO 1237 CON_ID 18 */
		    14 Query	DROP EVENT w /* QNO 2152 CON_ID 14 */
		    14 Query	DROP TRIGGER IF EXISTS f /* QNO 2153 CON_ID 14 */
		    14 Query	DROP PROCEDURE IF EXISTS x /* QNO 2154 CON_ID 14 */
		    15 Query	SHOW WARNINGS
		    18 Query	SHOW WARNINGS
		    18 Query	DROP TABLE IF EXISTS transforms.insert_select_22992 /* QNO 1238 CON_ID 18 */
		    18 Query	SHOW WARNINGS
		    15 Query	DROP TABLE IF EXISTS transforms.insert_select_22986 /* QNO 1328 CON_ID 15 */
		    18 Query	CREATE TABLE transforms.insert_select_22992  SELECT * FROM mysql.`time_zone` AS table1 HAVING ( (table1.`Time_zone_id` != 9 IS NULL OR table1.`Use_leap_seconds` > 3) AND table1.`Use_leap_seconds` = 'wm') ORDER BY table1.`Time_zone_id`, table1.`Time_zone_id` LIMIT 220 /* QNO 1235 CON_ID 18 */  /* QNO 1239 CON_ID 18 */
		    14 Query	REVOKE ALL PRIVILEGES ON d.* FROM 'someuser'@'somehost' /* QNO 2155 CON_ID 14 */
		    14 Query	CREATE FUNCTION n ( v INTEGER, v INTEGER ) RETURNS INTEGER RETURN 1 /* QNO 2156 CON_ID 14 */
		    14 Query	CREATE EVENT k ON SCHEDULE AT NOW() DO SET @a=@a /* QNO 2157 CON_ID 14 */
		    14 Query	ALTER TABLE `B` DROP COLUMN d /* QNO 2158 CON_ID 14 */
		    15 Query	SHOW WARNINGS
		    14 Query	CREATE DATABASE IF NOT EXISTS n /* QNO 2159 CON_ID 14 */
		    15 Query	CREATE TABLE transforms.insert_select_22986  SELECT * FROM mysql.`column_stats` AS table1 HAVING ( table1.`db_name` > 4 AND table1.`nulls_ratio` <> '1979-01-15 06:59:39.001633') ORDER BY table1.`table_name` LIMIT 253 /* QNO 1325 CON_ID 15 */  /* QNO 1329 CON_ID 15 */
		    14 Query	GRANT UPDATE ( `col_varchar_key`, `pk`, `col_int_key`, `col_date_key` ) ON `AA` TO 'someuser'@'somehost' /* QNO 2160 CON_ID 14 */
		    19 Query	SELECT * FROM transforms.insert_select_22994 /* TRANSFORM_OUTCOME_UNORDERED_MATCH */ /* QNO 902 CON_ID 19 */
		    14 Query	CREATE DATABASE IF NOT EXISTS l /* QNO 2161 CON_ID 14 */
		    14 Query	SHOW WARNINGS
		    19 Query	DELETE FROM transforms.insert_select_22994 /* QNO 903 CON_ID 19 */
		    19 Query	INSERT INTO transforms.insert_select_22994  SELECT * FROM mysql.`columns_priv` AS table1 WHERE ( ( ( ( ( table1.`Column_name` < table1.`Table_name` OR table1.`Host` >= table1.`Column_name`) OR table1.`Column_priv` IN ( 3, 4, 2 )) AND table1.`Table_name` LIKE 'wait/synch%') AND table1.`Column_priv` <= table1.`Column_priv`) OR table1.`Column_priv` <= 4) ORDER BY table1.`Column_name`, table1.`Column_name` LIMIT 231 /* QNO 897 CON_ID 19 */  /* QNO 904 CON_ID 19 */
		    14 Query	GRANT PROCESS, USAGE, RELOAD, RELOAD ON *.* to 'someuser'@'somehost' /* QNO 2162 CON_ID 14 */
		    14 Query	REVOKE ALL PRIVILEGES ON test.a FROM 'someuser'@'somehost' /* QNO 2163 CON_ID 14 */
		    19 Query	SELECT * FROM transforms.insert_select_22994 /* TRANSFORM_OUTCOME_UNORDERED_MATCH */ /* QNO 905 CON_ID 19 */
		    14 Query	CREATE DATABASE IF NOT EXISTS k /* QNO 2164 CON_ID 14 */
		    19 Query	DELETE FROM transforms.insert_select_22994 /* QNO 906 CON_ID 19 */
		    19 Query	REPLACE INTO transforms.insert_select_22994  SELECT * FROM mysql.`columns_priv` AS table1 WHERE ( ( ( ( ( table1.`Column_name` < table1.`Table_name` OR table1.`Host` >= table1.`Column_name`) OR table1.`Column_priv` IN ( 3, 4, 2 )) AND table1.`Table_name` LIKE 'wait/synch%') AND table1.`Column_priv` <= table1.`Column_priv`) OR table1.`Column_priv` <= 4) ORDER BY table1.`Column_name`, table1.`Column_name` LIMIT 231 /* QNO 897 CON_ID 19 */  /* QNO 907 CON_ID 19 */
		    14 Query	GRANT PROCESS, REPLICATION SLAVE ON *.* to 'someuser'@'somehost' /* QNO 2165 CON_ID 14 */
		    19 Query	SELECT * FROM transforms.insert_select_22994 /* TRANSFORM_OUTCOME_UNORDERED_MATCH */ /* QNO 908 CON_ID 19 */
		    14 Query	DROP VIEW IF EXISTS s /* QNO 2166 CON_ID 14 */
		    19 Query	DROP TABLE transforms.insert_select_22994 /* QNO 909 CON_ID 19 */
		    14 Query	ALTER TABLE `B` DROP COLUMN d /* QNO 2167 CON_ID 14 */
		    16 Query	DELETE FROM `events_waits_history` WHERE `EVENT_ID` = '2030-12-28 18:13:29.008206' LIMIT 4 /* QNO 1142 CON_ID 16 */
		    16 Query	SELECT * from `events_stages_current` WHERE row_end >= @trx_user_var /* QNO 1143 CON_ID 16 */
		    16 Query	FLUSH PRIVILEGES, PRIVILEGES /* QNO 1144 CON_ID 16 */
		    14 Query	REVOKE USAGE ON *.* FROM 'someuser'@'somehost' /* QNO 2168 CON_ID 14 */
		    16 Query	SELECT * FROM performance_schema.`socket_instances` AS table1 HAVING ( table1.`SOCKET_ID` != '1985-06-17 23:40:29.014437' OR table1.`PORT` >= 'v') ORDER BY table1.`THREAD_ID` LIMIT 118 /* QNO 1145 CON_ID 16 */
		    16 Query	/* GenTest::Transform::ExecuteAsExecuteImmediate */ EXECUTE IMMEDIATE ' SELECT * FROM performance_schema.`socket_instances` AS table1 HAVING ( table1.`SOCKET_ID` != \'1985-06-17 23:40:29.014437\' OR table1.`PORT` >= \'v\') ORDER BY table1.`THREAD_ID` LIMIT 118 /* QNO 1145 CON_ID 16 */ ' /* TRANSFORM_OUTCOME_UNORDERED_MATCH */ /* QNO 1146 CON_ID 16 */
		    16 Prepare	SELECT * FROM performance_schema.`socket_instances` AS table1 HAVING ( table1.`SOCKET_ID` != '1985-06-17 23:40:29.014437' OR table1.`PORT` >= 'v') ORDER BY table1.`THREAD_ID` LIMIT 118 /* QNO 1145 CON_ID 16 */
		    16 Execute	SELECT * FROM performance_schema.`socket_instances` AS table1 HAVING ( table1.`SOCKET_ID` != '1985-06-17 23:40:29.014437' OR table1.`PORT` >= 'v') ORDER BY table1.`THREAD_ID` LIMIT 118 /* QNO 1145 CON_ID 16 */
		    16 Query	/* GenTest::Transform::ExecuteAsInsertSelect */ CREATE DATABASE IF NOT EXISTS transforms /* QNO 1147 CON_ID 16 */
		    14 Query	CREATE EVENT h ON SCHEDULE AT NOW() DO SET @a=@a /* QNO 2169 CON_ID 14 */
		    14 Query	ALTER TABLE `CC` DROP COLUMN w /* QNO 2170 CON_ID 14 */
		    14 Query	ALTER TABLE `DD` ADD COLUMN g INTEGER DEFAULT NULL /* QNO 2171 CON_ID 14 */
		    14 Query	DROP DATABASE IF EXISTS b /* QNO 2172 CON_ID 14 */
		    18 Query	SELECT * FROM transforms.insert_select_22992 /* TRANSFORM_OUTCOME_UNORDERED_MATCH */ /* QNO 1240 CON_ID 18 */
		    14 Query	DROP EVENT o /* QNO 2173 CON_ID 14 */
		    14 Query	ALTER TABLE `E` PARTITION BY KEY() PARTITIONS 0 /* QNO 2174 CON_ID 14 */
		    14 Query	DROP TRIGGER IF EXISTS j /* QNO 2175 CON_ID 14 */
		    14 Query	SHOW WARNINGS
		    14 Query	DROP TABLE w /* QNO 2176 CON_ID 14 */
		    14 Query	ALTER TABLE `CC` ADD PRIMARY KEY (`pk`) /* QNO 2177 CON_ID 14 */
		    18 Query	DELETE FROM transforms.insert_select_22992 /* QNO 1241 CON_ID 18 */
		    18 Query	INSERT INTO transforms.insert_select_22992  SELECT * FROM mysql.`time_zone` AS table1 HAVING ( (table1.`Time_zone_id` != 9 IS NULL OR table1.`Use_leap_seconds` > 3) AND table1.`Use_leap_seconds` = 'wm') ORDER BY table1.`Time_zone_id`, table1.`Time_zone_id` LIMIT 220 /* QNO 1235 CON_ID 18 */  /* QNO 1242 CON_ID 18 */
		    15 Query	SELECT * FROM transforms.insert_select_22986 /* TRANSFORM_OUTCOME_UNORDERED_MATCH */ /* QNO 1330 CON_ID 15 */
		    15 Query	DELETE FROM transforms.insert_select_22986 /* QNO 1331 CON_ID 15 */
		    14 Query	DROP DATABASE IF EXISTS l /* QNO 2178 CON_ID 14 */
		    15 Query	INSERT INTO transforms.insert_select_22986  SELECT * FROM mysql.`column_stats` AS table1 HAVING ( table1.`db_name` > 4 AND table1.`nulls_ratio` <> '1979-01-15 06:59:39.001633') ORDER BY table1.`table_name` LIMIT 253 /* QNO 1325 CON_ID 15 */  /* QNO 1332 CON_ID 15 */
		    18 Query	SELECT * FROM transforms.insert_select_22992 /* TRANSFORM_OUTCOME_UNORDERED_MATCH */ /* QNO 1243 CON_ID 18 */
		    15 Query	SELECT * FROM transforms.insert_select_22986 /* TRANSFORM_OUTCOME_UNORDERED_MATCH */ /* QNO 1333 CON_ID 15 */
		    18 Query	DELETE FROM transforms.insert_select_22992 /* QNO 1244 CON_ID 18 */
		    18 Query	REPLACE INTO transforms.insert_select_22992  SELECT * FROM mysql.`time_zone` AS table1 HAVING ( (table1.`Time_zone_id` != 9 IS NULL OR table1.`Use_leap_seconds` > 3) AND table1.`Use_leap_seconds` = 'wm') ORDER BY table1.`Time_zone_id`, table1.`Time_zone_id` LIMIT 220 /* QNO 1235 CON_ID 18 */  /* QNO 1245 CON_ID 18 */
		    18 Query	SELECT * FROM transforms.insert_select_22992 /* TRANSFORM_OUTCOME_UNORDERED_MATCH */ /* QNO 1246 CON_ID 18 */
		    18 Query	DROP TABLE transforms.insert_select_22992 /* QNO 1247 CON_ID 18 */
		    15 Query	DELETE FROM transforms.insert_select_22986 /* QNO 1334 CON_ID 15 */
		    15 Query	REPLACE INTO transforms.insert_select_22986  SELECT * FROM mysql.`column_stats` AS table1 HAVING ( table1.`db_name` > 4 AND table1.`nulls_ratio` <> '1979-01-15 06:59:39.001633') ORDER BY table1.`table_name` LIMIT 253 /* QNO 1325 CON_ID 15 */  /* QNO 1335 CON_ID 15 */
		    15 Query	SELECT * FROM transforms.insert_select_22986 /* TRANSFORM_OUTCOME_UNORDERED_MATCH */ /* QNO 1336 CON_ID 15 */
		    15 Query	DROP TABLE transforms.insert_select_22986 /* QNO 1337 CON_ID 15 */
		    16 Query	SHOW WARNINGS
		    16 Query	DROP TABLE IF EXISTS transforms.insert_select_22988 /* QNO 1148 CON_ID 16 */
		    16 Query	SHOW WARNINGS
		    16 Query	CREATE TABLE transforms.insert_select_22988  SELECT * FROM performance_schema.`socket_instances` AS table1 HAVING ( table1.`SOCKET_ID` != '1985-06-17 23:40:29.014437' OR table1.`PORT` >= 'v') ORDER BY table1.`THREAD_ID` LIMIT 118 /* QNO 1145 CON_ID 16 */  /* QNO 1149 CON_ID 16 */
		    19 Query	UNLOCK TABLES /* QNO 910 CON_ID 19 */
		    19 Query	INSERT INTO t4 ( `non_existing_column` ) SELECT tcol7 FROM t12 /* QNO 911 CON_ID 19 */
		    18 Query	ALTER ONLINE IGNORE TABLE `columns_priv` /*!100301 */ ADD KEY IF NOT EXISTS a ( `Timestamp` ), ALGORITHM=DEFAULT, LOCK=NONE, ADD KEY IF NOT EXISTS USING BTREE ( `Host`(151) ) KEY_BLOCK_SIZE = 11819, ALGORITHM=COPY, DROP CONSTRAINT IF EXISTS `User`, LOCK=EXCLUSIVE  /* QNO 1248 CON_ID 18 */
		    18 Query	CREATE OR REPLACE TEMPORARY TABLE `tmp` LIKE D  /* QNO 1249 CON_ID 18 */
		    19 Query	UPDATE performance_schema.setup_consumers SET enabled = 'YES' WHERE name IN ( 'file_summary_by_instance', 'file_summary_by_instance' ) /* QNO 912 CON_ID 19 */
		    19 Query	ALTER IGNORE TABLE `column_stats` /*!100301 WAIT 1 */ DROP FOREIGN KEY t /*!100307, ALGORITHM=INSTANT */, LOCK=DEFAULT /* QNO 913 CON_ID 19 */
		    19 Query	SELECT * FROM (INFORMATION_SCHEMA.`SESSION_STATUS` AS table1 STRAIGHT_JOIN mysql.`help_topic` AS table2 ON ( table2.`url` = table1.`VARIABLE_NAME` ) ) ORDER BY table2.`name` LIMIT 173 /* QNO 914 CON_ID 19 */
		    15 Query	SELECT * FROM `index_stats` INTO OUTFILE 'load_index_stats'  /* QNO 1338 CON_ID 15 */
		    15 Query	LOAD DATA INFILE 'load_index_stats' IGNORE INTO TABLE index_stats /* QNO 1339 CON_ID 15 */
		    15 Query	TRUNCATE TABLE performance_schema.file_summary_by_instance /* QNO 1340 CON_ID 15 */
		    15 Query	DROP TEMPORARY TABLE IF EXISTS `db` /* QNO 1341 CON_ID 15 */
		    15 Query	SHOW WARNINGS
		    15 Query	UPDATE performance_schema.setup_consumers SET enabled = 'NO' WHERE name LIKE 'events%' /* QNO 1342 CON_ID 15 */
		    15 Query	SELECT * from `user` WHERE row_start IN (SELECT row_end FROM t2) /* QNO 1343 CON_ID 15 */
		    15 Query	INSERT INTO seq3 VALUES (-4437734482820202496, -8396117080302157824, 1536163840, 7941816467891159040, 1, 123, 0, 0) /* QNO 1344 CON_ID 15 */
		    15 Query	SET STATEMENT system_versioning_alter_history=KEEP FOR ALTER TABLE `time_zone_name` REMOVE PARTITIONING /* QNO 1345 CON_ID 15 */
		    17 Query	SELECT * FROM transforms.insert_select_22990 /* TRANSFORM_OUTCOME_UNORDERED_MATCH */ /* QNO 975 CON_ID 17 */
		    15 Query	SET SQL_MODE= '' /* QNO 1346 CON_ID 15 */
		    15 Query	DELETE FROM `general_log` WHERE `server_id` != 'lz' LIMIT 2 /* QNO 1347 CON_ID 15 */
		    15 Query	UPDATE `event` SET `sql_mode` = 1 WHERE `interval_field` = 'z' /* QNO 1348 CON_ID 15 */
		    15 Query	CREATE OR REPLACE TEMPORARY TABLE `tmp` LIKE A  /* QNO 1349 CON_ID 15 */
		    16 Query	SELECT * FROM transforms.insert_select_22988 /* TRANSFORM_OUTCOME_UNORDERED_MATCH */ /* QNO 1150 CON_ID 16 */
		    14 Query	DROP TRIGGER IF EXISTS w /* QNO 2179 CON_ID 14 */
		    14 Query	DROP TABLE g /* QNO 2180 CON_ID 14 */
		    17 Query	DELETE FROM transforms.insert_select_22990 /* QNO 976 CON_ID 17 */
		    14 Query	GRANT ALL PRIVILEGES ON h.* TO 'someuser'@'somehost' /* QNO 2181 CON_ID 14 */
		    18 Query	INSERT INTO `tmp` SELECT * FROM D  /* QNO 1250 CON_ID 18 */
		    14 Query	ALTER TABLE `AA` PARTITION BY KEY() PARTITIONS 2 /* QNO 2182 CON_ID 14 */
		    14 Query	ALTER TABLE `DD` REMOVE PARTITIONING /* QNO 2183 CON_ID 14 */
		    14 Query	CREATE OR REPLACE VIEW a AS SELECT * FROM `AA` /* QNO 2184 CON_ID 14 */
		    16 Query	DELETE FROM transforms.insert_select_22988 /* QNO 1151 CON_ID 16 */
		    14 Query	DROP TABLE k /* QNO 2185 CON_ID 14 */
		    16 Query	INSERT INTO transforms.insert_select_22988  SELECT * FROM performance_schema.`socket_instances` AS table1 HAVING ( table1.`SOCKET_ID` != '1985-06-17 23:40:29.014437' OR table1.`PORT` >= 'v') ORDER BY table1.`THREAD_ID` LIMIT 118 /* QNO 1145 CON_ID 16 */  /* QNO 1152 CON_ID 16 */
		    16 Query	SELECT * FROM transforms.insert_select_22988 /* TRANSFORM_OUTCOME_UNORDERED_MATCH */ /* QNO 1153 CON_ID 16 */
		    16 Query	DELETE FROM transforms.insert_select_22988 /* QNO 1154 CON_ID 16 */
		    16 Query	REPLACE INTO transforms.insert_select_22988  SELECT * FROM performance_schema.`socket_instances` AS table1 HAVING ( table1.`SOCKET_ID` != '1985-06-17 23:40:29.014437' OR table1.`PORT` >= 'v') ORDER BY table1.`THREAD_ID` LIMIT 118 /* QNO 1145 CON_ID 16 */  /* QNO 1155 CON_ID 16 */
		    16 Query	SELECT * FROM transforms.insert_select_22988 /* TRANSFORM_OUTCOME_UNORDERED_MATCH */ /* QNO 1156 CON_ID 16 */
		    16 Query	DROP TABLE transforms.insert_select_22988 /* QNO 1157 CON_ID 16 */
		    18 Query	/* GenTest::Transform::ExecuteAsExecuteImmediate */ EXECUTE IMMEDIATE ' INSERT INTO `tmp` SELECT * FROM D  /* QNO 1250 CON_ID 18 */ ' /* TRANSFORM_OUTCOME_UNORDERED_MATCH */ /* QNO 1251 CON_ID 18 */
		    15 Query	INSERT INTO `tmp` SELECT * FROM A  /* QNO 1350 CON_ID 15 */
		    15 Query	/* GenTest::Transform::ExecuteAsExecuteImmediate */ EXECUTE IMMEDIATE ' INSERT INTO `tmp` SELECT * FROM A  /* QNO 1350 CON_ID 15 */ ' /* TRANSFORM_OUTCOME_UNORDERED_MATCH */ /* QNO 1351 CON_ID 15 */
		    15 Prepare	INSERT INTO `tmp` SELECT * FROM A  /* QNO 1350 CON_ID 15 */
		    15 Execute	INSERT INTO `tmp` SELECT * FROM A  /* QNO 1350 CON_ID 15 */
		    15 Query	DROP TEMPORARY TABLE IF EXISTS A  /* QNO 1352 CON_ID 15 */
		    18 Prepare	INSERT INTO `tmp` SELECT * FROM D  /* QNO 1250 CON_ID 18 */
		    17 Query	REPLACE INTO transforms.insert_select_22990  SELECT * FROM INFORMATION_SCHEMA.`COLLATIONS` AS table1 LIMIT 177 /* QNO 967 CON_ID 17 */  /* QNO 977 CON_ID 17 */
		    14 Query	REVOKE SHOW DATABASES ON *.* FROM 'someuser'@'somehost' /* QNO 2186 CON_ID 14 */
		    14 Query	ALTER TABLE `DD` PARTITION BY KEY() PARTITIONS 3 /* QNO 2187 CON_ID 14 */
		    14 Query	DROP TABLE f /* QNO 2188 CON_ID 14 */
		    14 Query	ALTER TABLE `D` DROP KEY u /* QNO 2189 CON_ID 14 */
		    14 Query	CREATE OR REPLACE VIEW v AS SELECT * FROM `C` /* QNO 2190 CON_ID 14 */
		    14 Query	/* GenTest::Transform::ExecuteAsExecuteImmediate */ EXECUTE IMMEDIATE 'CREATE OR REPLACE VIEW v AS SELECT * FROM `C` /* QNO 2190 CON_ID 14 */ ' /* TRANSFORM_OUTCOME_UNORDERED_MATCH */ /* QNO 2191 CON_ID 14 */
		    14 Prepare	CREATE OR REPLACE VIEW v AS SELECT * FROM `C` /* QNO 2190 CON_ID 14 */
		    16 Query	ALTER TABLE `file_summary_by_instance` /*!100301 WAIT 2 */ MODIFY IF EXISTS r SERIAL, LOCK=DEFAULT, DROP IF EXISTS `AVG_TIMER_WRITE` CASCADE, LOCK=DEFAULT, ADD COLUMN IF NOT EXISTS s SERIAL /*!100201 CHECK (`COUNT_MISC` < `MIN_TIMER_WRITE`) */ /*!100307, ALGORITHM=INSTANT */, ADD IF NOT EXISTS h YEAR  /* QNO 1158 CON_ID 16 */
		    14 Execute	CREATE OR REPLACE VIEW v AS SELECT * FROM `C` /* QNO 2190 CON_ID 14 */
		    14 Query	GRANT ALL PRIVILEGES ON k.* TO 'someuser'@'somehost' /* QNO 2192 CON_ID 14 */
		    16 Query	SELECT row_end FROM `table_io_waits_summary_by_index_usage` ORDER BY RAND() LIMIT 1 INTO @trx_user_var /* QNO 1159 CON_ID 16 */
		    14 Query	DROP FUNCTION IF EXISTS d /* QNO 2193 CON_ID 14 */
		    16 Query	CREATE OR REPLACE TEMPORARY TABLE `tmp` LIKE D  /* QNO 1160 CON_ID 16 */
		    14 Query	ALTER TABLE `BB` DROP PRIMARY KEY /* QNO 2194 CON_ID 14 */
		    14 Query	GRANT INSERT ( `col_time_nokey` ) ON `BB` TO 'someuser'@'somehost' /* QNO 2195 CON_ID 14 */
		    15 Query	ALTER TABLE `tmp` RENAME TO A /* QNO 1353 CON_ID 15 */
		    14 Query	GRANT INSERT ( `col_time_key`, `col_date_key`, `col_time_nokey`, `col_varchar_nokey` ) ON `BB` TO 'someuser'@'somehost' /* QNO 2196 CON_ID 14 */
		    14 Query	ALTER TABLE `B` DROP PRIMARY KEY /* QNO 2197 CON_ID 14 */
		    14 Query	ALTER TABLE `B` REMOVE PARTITIONING /* QNO 2198 CON_ID 14 */
		    15 Query	SELECT * FROM INFORMATION_SCHEMA.`INNODB_SYS_INDEXES` AS table1 HAVING ( (table1.`INDEX_ID` < '2035-08-24 23:02:47.002816' IS NULL AND table1.`MERGE_THRESHOLD` <= 6) AND table1.`SPACE` != 'g') ORDER BY table1.`N_FIELDS`, table1.`MERGE_THRESHOLD`, table1.`TABLE_ID` LIMIT 34 /* QNO 1354 CON_ID 15 */
		    14 Query	ALTER TABLE `D` REMOVE PARTITIONING /* QNO 2199 CON_ID 14 */
		    15 Query	SHOW WARNINGS
		    14 Query	DROP PROCEDURE IF EXISTS b /* QNO 2200 CON_ID 14 */
		    14 Query	SHOW WARNINGS
		    14 Query	CREATE EVENT i ON SCHEDULE AT NOW() DO SET @a=@a /* QNO 2201 CON_ID 14 */
		    14 Query	ALTER TABLE `E` ADD COLUMN m INTEGER DEFAULT NULL /* QNO 2202 CON_ID 14 */
		    15 Query	ALTER TABLE `INNODB_SYS_TABLES` /*!100301 */ ADD KEY IF NOT EXISTS USING BTREE ( e DESC ), LOCK=DEFAULT, ADD INDEX IF NOT EXISTS m USING BTREE ( t ), ADD INDEX IF NOT EXISTS h ( x(230) DESC ) KEY_BLOCK_SIZE = 7591  /* QNO 1355 CON_ID 15 */
		    14 Query	GRANT ALL PRIVILEGES ON q.* TO 'someuser'@'somehost' /* QNO 2203 CON_ID 14 */
		    15 Query	SELECT * FROM t9 FOR UPDATE /* QNO 1356 CON_ID 15 */
		    14 Query	GRANT ALL PRIVILEGES ON test.v TO 'someuser'@'somehost' /* QNO 2204 CON_ID 14 */
		    15 Query	/* GenTest::Transform::ExecuteAsExecuteImmediate */ EXECUTE IMMEDIATE 'SELECT * FROM t9 FOR UPDATE /* QNO 1356 CON_ID 15 */ ' /* TRANSFORM_OUTCOME_UNORDERED_MATCH */ /* QNO 1357 CON_ID 15 */
		    15 Prepare	SELECT * FROM t9 FOR UPDATE /* QNO 1356 CON_ID 15 */
		    14 Query	ALTER TABLE `D` DROP KEY e /* QNO 2205 CON_ID 14 */
		    15 Execute	SELECT * FROM t9 FOR UPDATE /* QNO 1356 CON_ID 15 */
		    15 Query	/* GenTest::Transform::ExecuteAsInsertSelect */ CREATE DATABASE IF NOT EXISTS transforms /* QNO 1358 CON_ID 15 */
		    15 Query	SHOW WARNINGS
		    15 Query	DROP TABLE IF EXISTS transforms.insert_select_22986 /* QNO 1359 CON_ID 15 */
		    15 Query	SHOW WARNINGS
		    15 Query	CREATE TABLE transforms.insert_select_22986 SELECT * FROM t9 FOR UPDATE /* QNO 1356 CON_ID 15 */  /* QNO 1360 CON_ID 15 */
		    18 Execute	INSERT INTO `tmp` SELECT * FROM D  /* QNO 1250 CON_ID 18 */
		    18 Query	DROP TEMPORARY TABLE IF EXISTS D  /* QNO 1252 CON_ID 18 */
		    16 Query	INSERT INTO `tmp` SELECT * FROM D  /* QNO 1161 CON_ID 16 */
		    18 Query	ALTER TABLE `tmp` RENAME TO D /* QNO 1253 CON_ID 18 */
		    16 Query	/* GenTest::Transform::ExecuteAsExecuteImmediate */ EXECUTE IMMEDIATE ' INSERT INTO `tmp` SELECT * FROM D  /* QNO 1161 CON_ID 16 */ ' /* TRANSFORM_OUTCOME_UNORDERED_MATCH */ /* QNO 1162 CON_ID 16 */
		    16 Prepare	INSERT INTO `tmp` SELECT * FROM D  /* QNO 1161 CON_ID 16 */
		    14 Query	CREATE DATABASE IF NOT EXISTS p /* QNO 2206 CON_ID 14 */
		    18 Query	ALTER TABLE `db` DROP FOREIGN KEY d, LOCK=DEFAULT /* QNO 1254 CON_ID 18 */
		    14 Query	DROP TRIGGER IF EXISTS m /* QNO 2207 CON_ID 14 */
		    14 Query	SHOW WARNINGS
		    18 Query	ALTER TABLE `proxies_priv` /*!100301 NOWAIT */ ADD FOREIGN KEY ( `Host` ) REFERENCES `roles_mapping` (Host) /*!100307, ALGORITHM=NOCOPY */  /* QNO 1255 CON_ID 18 */
		    14 Query	GRANT SELECT ( `col_time_nokey`, `col_varchar_nokey` ) ON `B` TO 'someuser'@'somehost' /* QNO 2208 CON_ID 14 */
		    14 Query	GRANT CREATE USER ON *.* to 'someuser'@'somehost' /* QNO 2209 CON_ID 14 */
		    18 Query	SELECT LASTVAL( seq3 ) /* QNO 1256 CON_ID 18 */
		    14 Query	CREATE PROCEDURE q ( OUT s INT, OUT w INT ) BEGIN SELECT COUNT(*) INTO @a FROM `D`; END ; /* QNO 2210 CON_ID 14 */
		    18 Query	UPDATE performance_schema.setup_timers SET timer_name = 'MILLISECOND' /* QNO 1257 CON_ID 18 */
		    18 Query	CREATE OR REPLACE TEMPORARY TABLE `tmp` LIKE D  /* QNO 1258 CON_ID 18 */
		    14 Query	DROP TABLE r /* QNO 2211 CON_ID 14 */
		    14 Query	DROP PROCEDURE IF EXISTS v /* QNO 2212 CON_ID 14 */
		    14 Query	SHOW WARNINGS
		    14 Query	ALTER TABLE `AA` ADD COLUMN b INTEGER DEFAULT NULL /* QNO 2213 CON_ID 14 */
		    14 Query	ALTER TABLE `BB` DROP KEY m /* QNO 2214 CON_ID 14 */
		    14 Query	CREATE TRIGGER z BEFORE INSERT ON `C` FOR EACH ROW BEGIN INSERT INTO `B` SELECT * FROM `DD` LIMIT 0 ; END ; /* QNO 2215 CON_ID 14 */
		    14 Query	DROP TRIGGER IF EXISTS z /* QNO 2216 CON_ID 14 */
		    14 Query	ALTER TABLE `D` ADD KEY ( y ) /* QNO 2217 CON_ID 14 */
		    14 Query	ALTER TABLE `E` ADD PRIMARY KEY (`pk`) /* QNO 2218 CON_ID 14 */
		    14 Query	ALTER TABLE `D` PARTITION BY KEY() PARTITIONS 8 /* QNO 2219 CON_ID 14 */
		    19 Query	/* GenTest::Transform::ExecuteAsExecuteImmediate */ EXECUTE IMMEDIATE ' SELECT * FROM (INFORMATION_SCHEMA.`SESSION_STATUS` AS table1 STRAIGHT_JOIN mysql.`help_topic` AS table2 ON ( table2.`url` = table1.`VARIABLE_NAME` ) ) ORDER BY table2.`name` LIMIT 173 /* QNO 914 CON_ID 19 */ ' /* TRANSFORM_OUTCOME_UNORDERED_MATCH */ /* QNO 915 CON_ID 19 */
		    19 Prepare	SELECT * FROM (INFORMATION_SCHEMA.`SESSION_STATUS` AS table1 STRAIGHT_JOIN mysql.`help_topic` AS table2 ON ( table2.`url` = table1.`VARIABLE_NAME` ) ) ORDER BY table2.`name` LIMIT 173 /* QNO 914 CON_ID 19 */
190122 13:39:56	    19 Execute	SELECT * FROM (INFORMATION_SCHEMA.`SESSION_STATUS` AS table1 STRAIGHT_JOIN mysql.`help_topic` AS table2 ON ( table2.`url` = table1.`VARIABLE_NAME` ) ) ORDER BY table2.`name` LIMIT 173 /* QNO 914 CON_ID 19 */
		    19 Query	/* GenTest::Transform::ExecuteAsInsertSelect */ CREATE DATABASE IF NOT EXISTS transforms /* QNO 916 CON_ID 19 */
		    18 Query	INSERT INTO `tmp` SELECT * FROM D  /* QNO 1259 CON_ID 18 */
		    14 Query	GRANT UPDATE ( `col_varchar_nokey`, `col_varchar_nokey`, `col_time_nokey` ), INSERT ( `col_datetime_nokey` ), UPDATE ( `col_date_nokey`, `col_datetime_key`, `col_datetime_nokey` ), SELECT ( `col_datetime_key` ) ON `CC` TO 'someuser'@'somehost' /* QNO 2220 CON_ID 14 */
		    15 Query	SELECT * FROM transforms.insert_select_22986 /* TRANSFORM_OUTCOME_UNORDERED_MATCH */ /* QNO 1361 CON_ID 15 */
		    15 Query	DELETE FROM transforms.insert_select_22986 /* QNO 1362 CON_ID 15 */
		    19 Query	SHOW WARNINGS
		    19 Query	DROP TABLE IF EXISTS transforms.insert_select_22994 /* QNO 917 CON_ID 19 */
		    19 Query	SHOW WARNINGS
		    19 Query	CREATE TABLE transforms.insert_select_22994  SELECT * FROM (INFORMATION_SCHEMA.`SESSION_STATUS` AS table1 STRAIGHT_JOIN mysql.`help_topic` AS table2 ON ( table2.`url` = table1.`VARIABLE_NAME` ) ) ORDER BY table2.`name` LIMIT 173 /* QNO 914 CON_ID 19 */  /* QNO 918 CON_ID 19 */
		    14 Query	DROP VIEW IF EXISTS n /* QNO 2221 CON_ID 14 */
		    14 Query	SHOW WARNINGS
		    15 Query	INSERT INTO transforms.insert_select_22986 SELECT * FROM t9 FOR UPDATE /* QNO 1356 CON_ID 15 */  /* QNO 1363 CON_ID 15 */
		    14 Query	ALTER TABLE `E` ADD PRIMARY KEY (`pk`) /* QNO 2222 CON_ID 14 */
		    14 Query	CREATE TRIGGER l BEFORE INSERT ON `BB` FOR EACH ROW BEGIN INSERT INTO `D` SELECT * FROM `AA` LIMIT 0 ; END ; /* QNO 2223 CON_ID 14 */
		    15 Query	SELECT * FROM transforms.insert_select_22986 /* TRANSFORM_OUTCOME_UNORDERED_MATCH */ /* QNO 1364 CON_ID 15 */
		    15 Query	DELETE FROM transforms.insert_select_22986 /* QNO 1365 CON_ID 15 */
		    15 Query	REPLACE INTO transforms.insert_select_22986 SELECT * FROM t9 FOR UPDATE /* QNO 1356 CON_ID 15 */  /* QNO 1366 CON_ID 15 */
		    14 Query	CREATE FUNCTION f ( n INTEGER, o INTEGER ) RETURNS INTEGER RETURN 1 /* QNO 2224 CON_ID 14 */
		    14 Query	CREATE FUNCTION z ( a INTEGER, n INTEGER ) RETURNS INTEGER RETURN 1 /* QNO 2225 CON_ID 14 */
		    14 Query	ALTER TABLE `A` ADD COLUMN r INTEGER DEFAULT NULL /* QNO 2226 CON_ID 14 */
		    15 Query	SELECT * FROM transforms.insert_select_22986 /* TRANSFORM_OUTCOME_UNORDERED_MATCH */ /* QNO 1367 CON_ID 15 */
		    15 Query	DROP TABLE transforms.insert_select_22986 /* QNO 1368 CON_ID 15 */
		    14 Query	CREATE DATABASE IF NOT EXISTS e /* QNO 2227 CON_ID 14 */
		    14 Query	DROP FUNCTION IF EXISTS q /* QNO 2228 CON_ID 14 */
		    14 Query	SHOW WARNINGS
		    14 Query	ALTER TABLE `AA` ADD PRIMARY KEY (`pk`) /* QNO 2229 CON_ID 14 */
		    14 Query	ALTER TABLE `CC` ADD COLUMN b INTEGER DEFAULT NULL /* QNO 2230 CON_ID 14 */
		    14 Query	ALTER TABLE `C` ADD PRIMARY KEY (`pk`) /* QNO 2231 CON_ID 14 */
		    15 Query	SELECT * from `SCHEMA_PRIVILEGES` WHERE row_end IN (SELECT row_start FROM t9) /* QNO 1369 CON_ID 15 */
		    14 Query	CREATE DATABASE IF NOT EXISTS s /* QNO 2232 CON_ID 14 */
		    14 Query	ALTER TABLE `D` REMOVE PARTITIONING /* QNO 2233 CON_ID 14 */
		    14 Query	GRANT ALL PRIVILEGES ON b.* TO 'someuser'@'somehost' /* QNO 2234 CON_ID 14 */
		    14 Query	ALTER TABLE `B` DROP PRIMARY KEY /* QNO 2235 CON_ID 14 */
		    17 Query	SELECT * FROM transforms.insert_select_22990 /* TRANSFORM_OUTCOME_UNORDERED_MATCH */ /* QNO 978 CON_ID 17 */
		    15 Query	INSERT INTO t10 ( icol8 ) SELECT icol1 FROM t4 /* QNO 1370 CON_ID 15 */
		    15 Query	ALTER ONLINE IGNORE TABLE `APPLICABLE_ROLES` /*!100301 NOWAIT */ MODIFY COLUMN f TINYINT NOT NULL AFTER q, ALGORITHM=DEFAULT, LOCK=SHARED  /* QNO 1371 CON_ID 15 */
		    14 Query	CREATE EVENT g ON SCHEDULE AT NOW() DO SET @a=@a /* QNO 2236 CON_ID 14 */
		    15 Query	SHOW ENGINE PERFORMANCE_SCHEMA STATUS /* QNO 1372 CON_ID 15 */
		    15 Query	LOCK TABLES `INNODB_FT_INDEX_TABLE` WRITE CONCURRENT, `SPATIAL_REF_SYS` AS y LOW_PRIORITY WRITE  /* QNO 1373 CON_ID 15 */
		    17 Query	DROP TABLE transforms.insert_select_22990 /* QNO 979 CON_ID 17 */
		    15 Query	SELECT * from t4 WHERE row_start IN (SELECT row_start FROM `STATISTICS`) /* QNO 1374 CON_ID 15 */
		    15 Query	SET SESSION SQL_MODE= '' /* QNO 1375 CON_ID 15 */
		    15 Query	CREATE TABLE t6 LIKE `PROFILING` /* QNO 1376 CON_ID 15 */
		    14 Query	ALTER TABLE `D` REMOVE PARTITIONING /* QNO 2237 CON_ID 14 */
		    14 Query	DROP DATABASE IF EXISTS x /* QNO 2238 CON_ID 14 */
		    14 Query	SHOW WARNINGS
		    14 Query	CREATE TABLE f LIKE `E` /* QNO 2239 CON_ID 14 */
		    15 Query	ALTER TABLE `INNODB_SYS_VIRTUAL` /*!100301 NOWAIT */ ADD CONSTRAINT k PRIMARY KEY ( y ASC ) KEY_BLOCK_SIZE = 40357, ALGORITHM=INPLACE  /* QNO 1377 CON_ID 15 */
		    15 Query	SET STATEMENT system_versioning_alter_history=KEEP FOR ALTER TABLE t2 DROP PARTITION IF EXISTS ver_p2 /* QNO 1378 CON_ID 15 */
		    15 Query	SHOW ENGINE PERFORMANCE_SCHEMA STATUS /* QNO 1379 CON_ID 15 */
		    15 Query	UNLOCK TABLES /* QNO 1380 CON_ID 15 */
		    15 Query	SHOW ENGINE PERFORMANCE_SCHEMA STATUS /* QNO 1381 CON_ID 15 */
		    15 Query	CREATE OR REPLACE TEMPORARY TABLE `tmp` LIKE D  /* QNO 1382 CON_ID 15 */
		    16 Execute	INSERT INTO `tmp` SELECT * FROM D  /* QNO 1161 CON_ID 16 */
		    17 Query	ALTER TABLE `INNODB_FT_CONFIG` /*!100301 WAIT 3 */ ADD UNIQUE INDEX(ncol8, icol3), ALGORITHM=INPLACE, LOCK=DEFAULT  /* QNO 980 CON_ID 17 */
		    17 Query	ALTER TABLE `GLOBAL_VARIABLES` /*!100301 */ ADD INDEX IF NOT EXISTS ( w ), ADD INDEX ( `VARIABLE_VALUE` )  /* QNO 981 CON_ID 17 */
		    16 Query	DROP TEMPORARY TABLE IF EXISTS D  /* QNO 1163 CON_ID 16 */
		    17 Query	SHOW COUNT(*) ERRORS /* QNO 982 CON_ID 17 */
		    17 Query	CREATE OR REPLACE TEMPORARY TABLE `tmp` LIKE D  /* QNO 983 CON_ID 17 */
		    16 Query	ALTER TABLE `tmp` RENAME TO D /* QNO 1164 CON_ID 16 */
		    15 Query	INSERT INTO `tmp` SELECT * FROM D  /* QNO 1383 CON_ID 15 */
		    16 Query	SET STATEMENT system_versioning_alter_history=KEEP FOR ALTER TABLE `events_waits_history` REMOVE PARTITIONING /* QNO 1165 CON_ID 16 */
		    16 Query	ALTER ONLINE TABLE `events_waits_summary_by_host_by_event_name` /*!100301 */ MODIFY IF EXISTS `HOST` INT UNSIGNED NOT NULL AUTO_INCREMENT /*!100303 INVISIBLE */ /*!100307, ALGORITHM=INSTANT */, LOCK=NONE  /* QNO 1166 CON_ID 16 */
		    16 Query	ALTER TABLE `threads` /*!100301 NOWAIT */ ADD CONSTRAINT z FOREIGN KEY e (`INSTRUMENTED`) REFERENCES threads (`PARENT_THREAD_ID`) ON DELETE CASCADE, ADD CONSTRAINT FOREIGN KEY w (`THREAD_ID`) REFERENCES threads (`TYPE`) ON UPDATE SET DEFAULT, ALGORITHM=DEFAULT  /* QNO 1167 CON_ID 16 */
		    18 Query	/* GenTest::Transform::ExecuteAsExecuteImmediate */ EXECUTE IMMEDIATE ' INSERT INTO `tmp` SELECT * FROM D  /* QNO 1259 CON_ID 18 */ ' /* TRANSFORM_OUTCOME_UNORDERED_MATCH */ /* QNO 1260 CON_ID 18 */
		    18 Prepare	INSERT INTO `tmp` SELECT * FROM D  /* QNO 1259 CON_ID 18 */
		    16 Query	ALTER IGNORE TABLE `events_statements_history_long` /*!100301 */ DROP INDEX IF EXISTS q, ALGORITHM=COPY  /* QNO 1168 CON_ID 16 */
		    16 Query	SELECT * from t7 WHERE row_end IN (SELECT row_start FROM `events_waits_summary_by_host_by_event_name`) /* QNO 1169 CON_ID 16 */
		    16 Query	DELETE FROM t16 LIMIT 8 /* QNO 1170 CON_ID 16 */
		    16 Query	INSERT INTO `file_summary_by_event_name` ( `EVENT_NAME` ) SELECT tscol4 FROM t1 /* QNO 1171 CON_ID 16 */
		    16 Query	ALTER TABLE t5 ADD CONSTRAINT a CHECK (`EVENT_NAME` != 9), ADD COLUMN IF NOT EXISTS ( bcol10 BIT NOT NULL ) /*!100307, ALGORITHM=INSTANT */, LOCK=EXCLUSIVE  /* QNO 1172 CON_ID 16 */
		    16 Query	SET FOREIGN_KEY_CHECKS = ON /* QNO 1173 CON_ID 16 */
		    16 Query	SET SQL_MODE= '' /* QNO 1174 CON_ID 16 */
		    16 Query	TRUNCATE TABLE `events_stages_history_long` /* QNO 1175 CON_ID 16 */
		    16 Query	UPDATE performance_schema.setup_timers SET timer_name = 'MILLISECOND' /* QNO 1176 CON_ID 16 */
		    16 Query	LOCK TABLES `file_instances` WRITE CONCURRENT, `events_stages_summary_by_host_by_event_name` WRITE /*!100300 NOWAIT */ /* QNO 1177 CON_ID 16 */
		    16 Query	ALTER IGNORE TABLE `performance_timers` /*!100301 */ ALTER /*!100305 IF EXISTS */ `TIMER_OVERHEAD` DROP DEFAULT, ALGORITHM=INPLACE, LOCK=SHARED, DROP IF EXISTS `TIMER_FREQUENCY` CASCADE, LOCK=EXCLUSIVE  /* QNO 1178 CON_ID 16 */
		    16 Query	ALTER TABLE t2 MODIFY COLUMN scol10 VARCHAR(9700) DEFAULT NULL AFTER tscol4, ALGORITHM=COPY, LOCK=SHARED /* QNO 1179 CON_ID 16 */
		    16 Query	ALTER TABLE `events_statements_history_long` /*!100301 */ DROP `OBJECT_NAME`, ALGORITHM=INPLACE, LOCK=SHARED  /* QNO 1180 CON_ID 16 */
		    16 Query	FLUSH SLOW LOGS /* QNO 1181 CON_ID 16 */
		    16 Query	UNLOCK TABLES /* QNO 1182 CON_ID 16 */
		    16 Query	SELECT * FROM test.`A` AS table1 WHERE table1.`col_datetime_key` > table1.`col_datetime_nokey` ORDER BY table1.`col_varchar_nokey` LIMIT 202 /* QNO 1183 CON_ID 16 */
		    16 Query	SHOW ENGINE PERFORMANCE_SCHEMA STATUS /* QNO 1184 CON_ID 16 */
		    16 Query	INSERT INTO seq1 VALUES (36545, -8025133060997513216, -4146126406947962880, -62, 1, 162, 0, 0) /* QNO 1185 CON_ID 16 */
		    16 Query	SHOW EXPLAIN FOR 188 /* QNO 1186 CON_ID 16 */
		    16 Query	CREATE SEQUENCE IF NOT EXISTS seq5 NO MINVALUE  /* QNO 1187 CON_ID 16 */
		    14 Query	REVOKE SHOW DATABASES, REPLICATION SLAVE ON *.* FROM 'someuser'@'somehost' /* QNO 2240 CON_ID 14 */
		    14 Query	CREATE TABLE x LIKE `C` /* QNO 2241 CON_ID 14 */
		    17 Query	INSERT INTO `tmp` SELECT * FROM D  /* QNO 984 CON_ID 17 */
		    16 Query	SELECT row_start FROM `A` ORDER BY RAND() LIMIT 1 INTO @trx_user_var /* QNO 1188 CON_ID 16 */
		    16 Query	SET SQL_MODE= DEFAULT /* QNO 1189 CON_ID 16 */
		    16 Query	TRUNCATE TABLE performance_schema.events_waits_summary_by_instance /* QNO 1190 CON_ID 16 */
		    16 Query	TRUNCATE TABLE performance_schema.events_waits_summary_by_instance /* QNO 1191 CON_ID 16 */
		    16 Query	ALTER ONLINE IGNORE TABLE `AA` /*!100301 NOWAIT */ ADD UNIQUE ind7 USING BTREE ( `col_datetime_nokey`, u ) KEY_BLOCK_SIZE = 16535 /*!100307, ALGORITHM=NOCOPY */  /* QNO 1192 CON_ID 16 */
		    18 Execute	INSERT INTO `tmp` SELECT * FROM D  /* QNO 1259 CON_ID 18 */
		    18 Query	DROP TEMPORARY TABLE IF EXISTS D  /* QNO 1261 CON_ID 18 */
		    16 Query	SELECT * FROM performance_schema.`events_stages_summary_by_user_by_event_name` AS table1 WHERE ( table1.`USER` = 3 OR table1.`EVENT_NAME` > 8) LIMIT 195 /* QNO 1193 CON_ID 16 */
		    16 Query	SHOW WARNINGS
		    16 Query	SET SESSION SQL_MODE= 'NO_AUTO_CREATE_USER,HIGH_NOT_PRECEDENCE,PIPES_AS_CONCAT,ALLOW_INVALID_DATES,POSTGRESQL,ERROR_FOR_DIVISION_BY_ZERO,MYSQL323,NO_DIR_IN_CREATE,NO_FIELD_OPTIONS,DB2,MSSQL,ORACLE,NO_KEY_OPTIONS,ANSI_QUOTES,NO_AUTO_VALUE_ON_ZERO,REAL_AS_FLOAT' /* QNO 1194 CON_ID 16 */
		    16 Query	TRUNCATE TABLE performance_schema.events_waits_summary_by_event_name /* QNO 1195 CON_ID 16 */
		    16 Query	SELECT * FROM test.`D` AS table1 WHERE NOT (NOT table1.`col_int_key` = '2034-05-10 01:04:54.042746' OR table1.`col_int_nokey` LIKE '%mysys%') HAVING table1.`col_time_nokey` >= 'i' LIMIT 3 /* QNO 1196 CON_ID 16 */
		    16 Query	INSERT INTO `DD` SELECT * FROM `CC` /* QNO 1197 CON_ID 16 */
		    16 Query	SHOW EXPLAIN FOR 135 /* QNO 1198 CON_ID 16 */
		    16 Query	ALTER TABLE t14 FORCE, LOCK=SHARED  /* QNO 1199 CON_ID 16 */
		    19 Query	SELECT * FROM transforms.insert_select_22994 /* TRANSFORM_OUTCOME_UNORDERED_MATCH */ /* QNO 919 CON_ID 19 */
		    19 Query	DELETE FROM transforms.insert_select_22994 /* QNO 920 CON_ID 19 */
		    19 Query	INSERT INTO transforms.insert_select_22994  SELECT * FROM (INFORMATION_SCHEMA.`SESSION_STATUS` AS table1 STRAIGHT_JOIN mysql.`help_topic` AS table2 ON ( table2.`url` = table1.`VARIABLE_NAME` ) ) ORDER BY table2.`name` LIMIT 173 /* QNO 914 CON_ID 19 */  /* QNO 921 CON_ID 19 */
		    18 Query	ALTER TABLE `tmp` RENAME TO D /* QNO 1262 CON_ID 18 */
		    18 Query	SET SESSION SQL_MODE= DEFAULT /* QNO 1263 CON_ID 18 */
		    18 Query	ALTER TABLE `help_category` /*!100301 */ ENABLE KEYS, DROP CONSTRAINT IF EXISTS ind6 /*!100307, ALGORITHM=INSTANT */  /* QNO 1264 CON_ID 18 */
		    18 Query	CREATE OR REPLACE TEMPORARY TABLE `tmp` LIKE A  /* QNO 1265 CON_ID 18 */
		    19 Query	SELECT * FROM transforms.insert_select_22994 /* TRANSFORM_OUTCOME_UNORDERED_MATCH */ /* QNO 922 CON_ID 19 */
		    19 Query	DELETE FROM transforms.insert_select_22994 /* QNO 923 CON_ID 19 */
		    19 Query	REPLACE INTO transforms.insert_select_22994  SELECT * FROM (INFORMATION_SCHEMA.`SESSION_STATUS` AS table1 STRAIGHT_JOIN mysql.`help_topic` AS table2 ON ( table2.`url` = table1.`VARIABLE_NAME` ) ) ORDER BY table2.`name` LIMIT 173 /* QNO 914 CON_ID 19 */  /* QNO 924 CON_ID 19 */
		    15 Query	/* GenTest::Transform::ExecuteAsExecuteImmediate */ EXECUTE IMMEDIATE ' INSERT INTO `tmp` SELECT * FROM D  /* QNO 1383 CON_ID 15 */ ' /* TRANSFORM_OUTCOME_UNORDERED_MATCH */ /* QNO 1384 CON_ID 15 */
		    15 Prepare	INSERT INTO `tmp` SELECT * FROM D  /* QNO 1383 CON_ID 15 */
		    14 Query	ALTER TABLE `CC` ADD COLUMN n INTEGER DEFAULT NULL /* QNO 2242 CON_ID 14 */
		    14 Query	DROP EVENT f /* QNO 2243 CON_ID 14 */
		    14 Query	ALTER TABLE `B` DROP KEY p /* QNO 2244 CON_ID 14 */
		    14 Query	GRANT REPLICATION SLAVE, SHUTDOWN ON *.* to 'someuser'@'somehost' /* QNO 2245 CON_ID 14 */
		    14 Query	DROP PROCEDURE IF EXISTS k /* QNO 2246 CON_ID 14 */
		    18 Query	INSERT INTO `tmp` SELECT * FROM A  /* QNO 1266 CON_ID 18 */
		    18 Query	/* GenTest::Transform::ExecuteAsExecuteImmediate */ EXECUTE IMMEDIATE ' /* TRANSFORM_OUTCOME_UNORDERED_MATCH */ /* QNO 1267 CON_ID 18 */
		    18 Query	DROP TEMPORARY TABLE IF EXISTS A  /* QNO 1268 CON_ID 18 */
		    18 Query	ALTER TABLE `tmp` RENAME TO A /* QNO 1269 CON_ID 18 */
		    18 Query	ALTER TABLE t7 DROP SYSTEM VERSIONING, ADD COLUMN IF NOT EXISTS geocol3 MULTILINESTRING NOT NULL, ALGORITHM=COPY, DROP INDEX ind5, ADD COLUMN IF NOT EXISTS scol10 VARBINARY(8912) NULL, LOCK=SHARED, DROP COLUMN IF EXISTS `name`, LOCK=SHARED /* QNO 1270 CON_ID 18 */
		    14 Query	GRANT UPDATE ( `col_date_key`, `col_date_key`, `col_datetime_key` ), UPDATE ( `col_datetime_nokey` ) ON `E` TO 'someuser'@'somehost' /* QNO 2247 CON_ID 14 */
		    14 Query	DROP EVENT j /* QNO 2248 CON_ID 14 */
		    18 Query	UPDATE performance_schema.setup_timers SET timer_name = 'TICK' /* QNO 1271 CON_ID 18 */
		    14 Query	REVOKE SUPER ON *.* FROM 'someuser'@'somehost' /* QNO 2249 CON_ID 14 */
		    14 Query	CREATE TABLE g LIKE `C` /* QNO 2250 CON_ID 14 */
		    18 Query	ALTER TABLE `time_zone_name` /*!100301 */ CHANGE COLUMN IF EXISTS q n VARCHAR(17803) NULL DEFAULT NULL, LOCK=NONE  /* QNO 1272 CON_ID 18 */
		    18 Query	SELECT * FROM INFORMATION_SCHEMA.`INDEX_STATISTICS` AS table1 WHERE (NOT ( table1.`TABLE_SCHEMA` LIKE 'wait%' AND table1.`ROWS_READ` LIKE 'wait/io%') OR table1.`INDEX_NAME` IN ( 9, 5, 3 )) ORDER BY table1.`INDEX_NAME`, table1.`INDEX_NAME`, table1.`TABLE_SCHEMA`, table1.`INDEX_NAME`, table1.`INDEX_NAME`, table1.`TABLE_SCHEMA` LIMIT 179 /* QNO 1273 CON_ID 18 */
		    18 Query	/* GenTest::Transform::ExecuteAsExecuteImmediate */ EXECUTE IMMEDIATE ' /* TRANSFORM_OUTCOME_UNORDERED_MATCH */ /* QNO 1274 CON_ID 18 */
		    18 Query	/* GenTest::Transform::ExecuteAsInsertSelect */ CREATE DATABASE IF NOT EXISTS transforms /* QNO 1275 CON_ID 18 */
		    18 Query	SHOW WARNINGS
		    18 Query	DROP TABLE IF EXISTS transforms.insert_select_22992 /* QNO 1276 CON_ID 18 */
		    18 Query	SHOW WARNINGS
		    18 Query	CREATE TABLE transforms.insert_select_22992  SELECT * FROM INFORMATION_SCHEMA.`INDEX_STATISTICS` AS table1 WHERE (NOT ( table1.`TABLE_SCHEMA` LIKE 'wait%' AND table1.`ROWS_READ` LIKE 'wait/io%') OR table1.`INDEX_NAME` IN ( 9, 5, 3 )) ORDER BY table1.`INDEX_NAME`, table1.`INDEX_NAME`, table1.`TABLE_SCHEMA`, table1.`INDEX_NAME`, table1.`INDEX_NAME`, table1.`TABLE_SCHEMA` LIMIT 179 /* QNO 1273 CON_ID 18 */  /* QNO 1277 CON_ID 18 */
		    17 Query	/* GenTest::Transform::ExecuteAsExecuteImmediate */ EXECUTE IMMEDIATE ' /* TRANSFORM_OUTCOME_UNORDERED_MATCH */ /* QNO 985 CON_ID 17 */
		    15 Execute	INSERT INTO `tmp` SELECT * FROM D  /* QNO 1383 CON_ID 15 */
		    17 Query	DROP TEMPORARY TABLE IF EXISTS D  /* QNO 986 CON_ID 17 */
		    15 Query	DROP TEMPORARY TABLE IF EXISTS D  /* QNO 1385 CON_ID 15 */
		    14 Query	CREATE PROCEDURE u ( IN b INT ) BEGIN SELECT COUNT(*) INTO @a FROM `D`; END ; /* QNO 2251 CON_ID 14 */
		    15 Query	ALTER TABLE `tmp` RENAME TO D /* QNO 1386 CON_ID 15 */
		    14 Query	DROP TRIGGER IF EXISTS f /* QNO 2252 CON_ID 14 */
		    14 Query	SHOW WARNINGS
		    14 Query	CREATE TABLE z LIKE `B` /* QNO 2253 CON_ID 14 */
		    17 Query	ALTER TABLE `tmp` RENAME TO D /* QNO 987 CON_ID 17 */
		    14 Query	DROP TABLE p /* QNO 2254 CON_ID 14 */
		    17 Query	UPDATE performance_schema.setup_timers SET timer_name = 'CYCLE' /* QNO 988 CON_ID 17 */
		    14 Query	DROP PROCEDURE IF EXISTS o /* QNO 2255 CON_ID 14 */
		    15 Query	INSERT INTO t18 ( tscol5 ) SELECT `TABLE_ID` FROM t19 /* QNO 1387 CON_ID 15 */
		    14 Query	SHOW WARNINGS
		    17 Query	ALTER TABLE `COLUMN_PRIVILEGES` /*!100301 NOWAIT */ DROP INDEX IF EXISTS `TABLE_SCHEMA`, ALGORITHM=DEFAULT  /* QNO 989 CON_ID 17 */
		    14 Query	REVOKE SUPER, SHUTDOWN, SHUTDOWN ON *.* FROM 'someuser'@'somehost' /* QNO 2256 CON_ID 14 */
		    15 Query	UPDATE `INNODB_SYS_TABLESTATS` SET `NAME` = 'p' WHERE `NAME` != 'zl' /* QNO 1388 CON_ID 15 */
		    14 Query	CREATE EVENT j ON SCHEDULE AT NOW() DO SET @a=@a /* QNO 2257 CON_ID 14 */
		    17 Query	ALTER TABLE `INNODB_SYS_TABLESPACES` /*!100301 */ CHANGE IF EXISTS `SPACE` e GEOMETRYCOLLECTION NULL /*!100201 DEFAULT ST_GEOMFROMTEXT('Point(1 1)') */ FIRST, ALGORITHM=COPY, LOCK=NONE  /* QNO 990 CON_ID 17 */
		    15 Query	SELECT * FROM (test.`BB` AS table1 LEFT JOIN mysql.`transaction_registry` AS table2 ON ( table2.`begin_timestamp` = table1.`pk` ) ) WHERE ( ( table2.`begin_timestamp` LIKE '%myisam%' OR table1.`pk` <> 'l') OR table1.`col_int_nokey` <> 5) LIMIT 30 /* QNO 1389 CON_ID 15 */
		    17 Query	UPDATE performance_schema.setup_timers SET timer_name = 'NANOSECOND' /* QNO 991 CON_ID 17 */
		    14 Query	DROP TRIGGER IF EXISTS q /* QNO 2258 CON_ID 14 */
		    14 Query	SHOW WARNINGS
