		    15 Query	/* GenTest::Transform::ExecuteAsExecuteImmediate */ EXECUTE IMMEDIATE ' /* TRANSFORM_OUTCOME_UNORDERED_MATCH */ /* QNO 474 CON_ID 15 */
		    19 Query	INSERT INTO transforms.insert_select_22994  SELECT * FROM (mysql.`help_category` AS table1 LEFT OUTER JOIN INFORMATION_SCHEMA.`STATISTICS` AS table2 ON ( table2.`CARDINALITY` = table1.`help_category_id` ) ) WHERE ( ( (NOT ( (NOT table2.`CARDINALITY` LIKE 'wait/io%' AND table1.`parent_category_id` > table2.`SUB_PART`) AND table1.`name` = table2.`TABLE_NAME`) OR table1.`help_category_id` != '1995-04-20 18:56:40.049688') AND table2.`INDEX_SCHEMA` < table2.`INDEX_COMMENT`) AND table1.`url` < table1.`parent_category_id`) HAVING (NOT (NOT ( table1.`parent_category_id` = 'w' AND table2.`INDEX_NAME` <> 'rj') AND table1.`name` = '1984-04-20 09:34:41.007406') AND table2.`COLUMN_NAME` > 6) LIMIT 59 /* QNO 498 CON_ID 19 */  /* QNO 505 CON_ID 19 */
		    15 Query	DROP TEMPORARY TABLE IF EXISTS A  /* QNO 475 CON_ID 15 */
		    15 Query	ALTER TABLE `tmp` RENAME TO A /* QNO 476 CON_ID 15 */
		    15 Query	ALTER IGNORE TABLE `CHECK_CONSTRAINTS` /*!100301 WAIT 9 */ DROP CONSTRAINT IF EXISTS `CONSTRAINT_SCHEMA`, LOCK=EXCLUSIVE  /* QNO 477 CON_ID 15 */
		    15 Query	ALTER TABLE `TABLE_CONSTRAINTS` /*!100301 NOWAIT */ ADD CONSTRAINT l FOREIGN KEY u ( `CONSTRAINT_CATALOG`, `CONSTRAINT_SCHEMA`, `TABLE_NAME`, `CONSTRAINT_NAME`, `CONSTRAINT_TYPE` ) REFERENCES `INNODB_SYS_VIRTUAL` (CONSTRAINT_CATALOG,CONSTRAINT_SCHEMA,TABLE_NAME,CONSTRAINT_NAME,CONSTRAINT_TYPE) ON DELETE SET NULL, ADD CONSTRAINT i FOREIGN KEY l (`TABLE_ID`) REFERENCES INNODB_SYS_VIRTUAL (`TABLE_ID`) ON DELETE SET DEFAULT ON UPDATE RESTRICT /*!100307, ALGORITHM=INSTANT */, LOCK=DEFAULT /* QNO 478 CON_ID 15 */
		    15 Query	DROP TABLE IF EXISTS t5 /* QNO 479 CON_ID 15 */
		    14 Query	CREATE EVENT z ON SCHEDULE AT NOW() DO SET @a=@a /* QNO 671 CON_ID 14 */
		    14 Query	DROP VIEW IF EXISTS t /* QNO 672 CON_ID 14 */
		    14 Query	SHOW WARNINGS
		    14 Query	CREATE TRIGGER n BEFORE INSERT ON `DD` FOR EACH ROW BEGIN INSERT INTO `DD` SELECT * FROM `CC` LIMIT 0 ; END ; /* QNO 673 CON_ID 14 */
		    14 Query	REVOKE ALL PRIVILEGES ON s.* FROM 'someuser'@'somehost' /* QNO 674 CON_ID 14 */
		    14 Query	CREATE EVENT k ON SCHEDULE AT NOW() DO SET @a=@a /* QNO 675 CON_ID 14 */
		    14 Query	CREATE OR REPLACE VIEW y AS SELECT * FROM `A` /* QNO 676 CON_ID 14 */
		    14 Query	/* GenTest::Transform::ExecuteAsExecuteImmediate */ EXECUTE IMMEDIATE 'CREATE OR REPLACE VIEW y AS SELECT * FROM `A` /* QNO 676 CON_ID 14 */ ' /* TRANSFORM_OUTCOME_UNORDERED_MATCH */ /* QNO 677 CON_ID 14 */
		    14 Prepare	CREATE OR REPLACE VIEW y AS SELECT * FROM `A` /* QNO 676 CON_ID 14 */
		    14 Execute	CREATE OR REPLACE VIEW y AS SELECT * FROM `A` /* QNO 676 CON_ID 14 */
		    14 Query	CREATE DATABASE IF NOT EXISTS f /* QNO 678 CON_ID 14 */
		    14 Query	DROP PROCEDURE IF EXISTS t /* QNO 679 CON_ID 14 */
		    15 Query	SELECT * from t1 WHERE row_end IN (SELECT row_start FROM `INNODB_CMPMEM`) /* QNO 480 CON_ID 15 */
		    15 Query	SET SESSION SQL_MODE= DEFAULT /* QNO 481 CON_ID 15 */
		    15 Query	ALTER IGNORE TABLE t2 CHECKSUM = 1  /* QNO 482 CON_ID 15 */
		    15 Query	TRUNCATE TABLE performance_schema.events_waits_history_long /* QNO 483 CON_ID 15 */
		    15 Query	ALTER TABLE t8 CHANGE COLUMN `pages_used` vcol8 ENUM('foo','bar') AS ( ecol5 ) VIRTUAL, ALGORITHM=COPY  /* QNO 484 CON_ID 15 */
		    18 Query	SELECT * FROM transforms.insert_select_22992 /* TRANSFORM_OUTCOME_UNORDERED_MATCH */ /* QNO 423 CON_ID 18 */
		    17 Query	ALTER TABLE `COLLATION_CHARACTER_SET_APPLICABILITY` ADD FOREIGN KEY ( `CHARACTER_SET_NAME` ) REFERENCES `INNODB_FT_DEFAULT_STOPWORD` (CHARACTER_SET_NAME) /*!100307, ALGORITHM=INSTANT */  /* QNO 400 CON_ID 17 */
		    14 Query	SHOW WARNINGS
		    14 Query	DROP DATABASE IF EXISTS r /* QNO 680 CON_ID 14 */
		    18 Query	DELETE FROM transforms.insert_select_22992 /* QNO 424 CON_ID 18 */
		    17 Query	SET SQL_MODE= DEFAULT /* QNO 401 CON_ID 17 */
		    17 Query	INSERT INTO `INNODB_LOCKS` SELECT * FROM `COLLATIONS` /* QNO 402 CON_ID 17 */
		    17 Query	SELECT * FROM `INNODB_BUFFER_PAGE_LRU` INTO OUTFILE 'load_INNODB_BUFFER_PAGE_LRU'  /* QNO 403 CON_ID 17 */
		    17 Query	LOAD DATA INFILE 'load_INNODB_BUFFER_PAGE_LRU' IGNORE INTO TABLE INNODB_BUFFER_PAGE_LRU /* QNO 404 CON_ID 17 */
		    17 Query	SHOW ENGINE PERFORMANCE_SCHEMA STATUS /* QNO 405 CON_ID 17 */
		    18 Query	INSERT INTO transforms.insert_select_22992  SELECT * FROM mysql.`proc` AS table1 LIMIT 15 /* QNO 418 CON_ID 18 */  /* QNO 425 CON_ID 18 */
		    17 Query	SET SESSION SQL_MODE= 'TIME_ROUND_FRACTIONAL,ANSI_QUOTES,ORACLE,ALLOW_INVALID_DATES,PIPES_AS_CONCAT,POSTGRESQL,IGNORE_SPACE,STRICT_TRANS_TABLES,NO_BACKSLASH_ESCAPES,NO_AUTO_VALUE_ON_ZERO' /* QNO 406 CON_ID 17 */
		    17 Query	UPDATE performance_schema.setup_instruments SET TIMED = 'YES' WHERE NAME LIKE 'wait/synch/rwlock%' /* QNO 407 CON_ID 17 */
		    15 Query	TRUNCATE TABLE performance_schema.events_waits_history /* QNO 485 CON_ID 15 */
		    17 Query	UPDATE performance_schema.setup_timers SET timer_name = 'NANOSECOND' /* QNO 408 CON_ID 17 */
		    18 Query	SELECT * FROM transforms.insert_select_22992 /* TRANSFORM_OUTCOME_UNORDERED_MATCH */ /* QNO 426 CON_ID 18 */
		    14 Query	DROP VIEW IF EXISTS n /* QNO 681 CON_ID 14 */
		    14 Query	ALTER TABLE `CC` ADD COLUMN m INTEGER DEFAULT NULL /* QNO 682 CON_ID 14 */
		    18 Query	DELETE FROM transforms.insert_select_22992 /* QNO 427 CON_ID 18 */
		    14 Query	DROP EVENT u /* QNO 683 CON_ID 14 */
		    15 Query	SELECT * from t1 WHERE row_start IN (SELECT row_start FROM t8) /* QNO 486 CON_ID 15 */
		    15 Query	ALTER TABLE `INNODB_SYS_TABLESTATS` /*!100301 */ ADD COLUMN IF NOT EXISTS `MODIFIED_COUNTER` DECIMAL NOT NULL /*!100303 INVISIBLE */ AFTER g, LOCK=DEFAULT  /* QNO 487 CON_ID 15 */
		    17 Query	SET SESSION SQL_MODE= DEFAULT /* QNO 409 CON_ID 17 */
		    14 Query	ALTER TABLE `DD` ADD KEY ( d ) /* QNO 684 CON_ID 14 */
		    14 Query	GRANT INSERT ( `col_time_nokey`, `col_time_key`, `col_date_key`, `col_datetime_nokey`, `col_time_nokey` ) ON `C` TO 'someuser'@'somehost' /* QNO 685 CON_ID 14 */
		    14 Query	GRANT CREATE USER, SUPER ON *.* to 'someuser'@'somehost' /* QNO 686 CON_ID 14 */
		    15 Query	ALTER ONLINE IGNORE TABLE t5 ADD FOREIGN KEY d (vcol7) REFERENCES t5 (vcol10), ADD PRIMARY KEY(ncol1) /*!100307, ALGORITHM=NOCOPY */, LOCK=SHARED, ADD CONSTRAINT FOREIGN KEY (tscol6) REFERENCES t5 (ecol7) ON UPDATE SET DEFAULT, RENAME TO t5, ADD CONSTRAINT z CHECK (ecol4 > 9)  /* QNO 488 CON_ID 15 */
		    14 Query	CREATE PROCEDURE i ( OUT d INT, OUT k INT, IN j INT, OUT y INT ) BEGIN SELECT COUNT(*) INTO @a FROM `DD`; END ; /* QNO 687 CON_ID 14 */
		    15 Query	/*!100305 SHOW PACKAGE STATUS */ /* QNO 489 CON_ID 15 */
		    18 Query	REPLACE INTO transforms.insert_select_22992  SELECT * FROM mysql.`proc` AS table1 LIMIT 15 /* QNO 418 CON_ID 18 */  /* QNO 428 CON_ID 18 */
		    14 Query	CREATE TRIGGER s BEFORE INSERT ON `BB` FOR EACH ROW BEGIN INSERT INTO `C` SELECT * FROM `E` LIMIT 0 ; END ; /* QNO 688 CON_ID 14 */
		    15 Query	ALTER TABLE `INNODB_SYS_VIRTUAL` ADD COLUMN IF NOT EXISTS ( scol6 TEXT NOT NULL DEFAULT '' ), ALGORITHM=COPY  /* QNO 490 CON_ID 15 */
		    15 Query	INSERT INTO `PROFILING` ( `pk` ) VALUES (NULL) /* QNO 491 CON_ID 15 */
		    14 Query	DROP FUNCTION IF EXISTS e /* QNO 689 CON_ID 14 */
		    17 Query	SELECT * FROM test.`A` AS table1 WHERE ( ( table1.`col_date_nokey` LIKE 'wait/io%' OR table1.`col_time_nokey` <> 'z') OR table1.`col_int_key` > '2019-01-01 14:51:59.054066') ORDER BY table1.`col_int_nokey`, table1.`col_time_nokey` LIMIT 151 /* QNO 410 CON_ID 17 */
		    17 Query	INSERT INTO t17 ( vcol2 ) SELECT ecol7 FROM t13 /* QNO 411 CON_ID 17 */
		    17 Query	SHOW ENGINE PERFORMANCE_SCHEMA STATUS /* QNO 412 CON_ID 17 */
		    17 Query	UPDATE `DD` SET `col_date_key` = 'w' WHERE `col_int_key` <> '2032-04-17 07:52:24.062203' /* QNO 413 CON_ID 17 */
		    19 Query	SELECT * FROM transforms.insert_select_22994 /* TRANSFORM_OUTCOME_UNORDERED_MATCH */ /* QNO 506 CON_ID 19 */
		    15 Query	SELECT * FROM test.`AA` AS table1 WHERE (NOT ( (NOT ( (NOT table1.`col_varchar_key` IN ( 1, 6, 3 ) OR table1.`col_datetime_nokey` IN ( 1, 1, 5 )) OR table1.`col_int_nokey` < table1.`pk`) AND table1.`col_int_key` IN ( 9, 9, 3 )) OR table1.`col_varchar_nokey` >= '1998-12-05 21:47:42.034167') OR table1.`col_time_key` = table1.`col_varchar_nokey`) HAVING table1.`col_time_key` = 'fw' LIMIT 91 /* QNO 492 CON_ID 15 */
		    15 Query	SELECT row_end FROM t4 ORDER BY RAND() LIMIT 1 INTO @trx_user_var /* QNO 493 CON_ID 15 */
		    17 Query	DELETE FROM `AA` WHERE `col_int_nokey` >= '2027-12-02 23:10:33.027984' LIMIT 6 /* QNO 414 CON_ID 17 */
		    15 Query	SELECT * FROM INFORMATION_SCHEMA.`CHARACTER_SETS` AS table1 WHERE table1.`DEFAULT_COLLATE_NAME` IN ( 9, 6, 2 ) HAVING table1.`DEFAULT_COLLATE_NAME` <= 'w' ORDER BY table1.`CHARACTER_SET_NAME`, table1.`MAXLEN` LIMIT 180 /* QNO 494 CON_ID 15 */
		    17 Query	SELECT * FROM INFORMATION_SCHEMA.`INNODB_CMPMEM` AS table1 WHERE ( table1.`pages_free` <= '2008-08-09 21:28:55.041520' OR table1.`page_size` LIKE '%mysys%') HAVING table1.`relocation_time` < 'lh' ORDER BY table1.`buffer_pool_instance` LIMIT 56 /* QNO 415 CON_ID 17 */
		    15 Query	SHOW WARNINGS
		    19 Query	DELETE FROM transforms.insert_select_22994 /* QNO 507 CON_ID 19 */
		    19 Query	REPLACE INTO transforms.insert_select_22994  SELECT * FROM (mysql.`help_category` AS table1 LEFT OUTER JOIN INFORMATION_SCHEMA.`STATISTICS` AS table2 ON ( table2.`CARDINALITY` = table1.`help_category_id` ) ) WHERE ( ( (NOT ( (NOT table2.`CARDINALITY` LIKE 'wait/io%' AND table1.`parent_category_id` > table2.`SUB_PART`) AND table1.`name` = table2.`TABLE_NAME`) OR table1.`help_category_id` != '1995-04-20 18:56:40.049688') AND table2.`INDEX_SCHEMA` < table2.`INDEX_COMMENT`) AND table1.`url` < table1.`parent_category_id`) HAVING (NOT (NOT ( table1.`parent_category_id` = 'w' AND table2.`INDEX_NAME` <> 'rj') AND table1.`name` = '1984-04-20 09:34:41.007406') AND table2.`COLUMN_NAME` > 6) LIMIT 59 /* QNO 498 CON_ID 19 */  /* QNO 508 CON_ID 19 */
		    15 Query	ALTER TABLE t7 FORCE, LOCK=EXCLUSIVE, ALGORITHM=COPY, ADD CONSTRAINT FOREIGN KEY p (`MAXLEN`) REFERENCES t1 (`MAXLEN`) ON UPDATE RESTRICT  /* QNO 495 CON_ID 15 */
		    18 Query	SELECT * FROM transforms.insert_select_22992 /* TRANSFORM_OUTCOME_UNORDERED_MATCH */ /* QNO 429 CON_ID 18 */
		    15 Query	SHOW ENGINE PERFORMANCE_SCHEMA STATUS /* QNO 496 CON_ID 15 */
		    17 Query	SHOW WARNINGS
		    17 Query	INSERT INTO `ENABLED_ROLES` ( `pk` ) VALUES (NULL) /* QNO 416 CON_ID 17 */
		    17 Query	TRUNCATE TABLE performance_schema.file_summary_by_event_name /* QNO 417 CON_ID 17 */
		    18 Query	DROP TABLE transforms.insert_select_22992 /* QNO 430 CON_ID 18 */
		    14 Query	SHOW WARNINGS
		    15 Query	ALTER TABLE `INNODB_SYS_DATAFILES` /*!100301 NOWAIT */ ADD p VARBINARY(63234), LOCK=EXCLUSIVE, ADD IF NOT EXISTS `PATH` BIGINT DEFAULT NULL /*!100201 CHECK (i > `PATH`) */, LOCK=SHARED  /* QNO 497 CON_ID 15 */
		    14 Query	ALTER TABLE `AA` REMOVE PARTITIONING /* QNO 690 CON_ID 14 */
		    17 Query	SHOW ENGINE PERFORMANCE_SCHEMA STATUS /* QNO 418 CON_ID 17 */
		    14 Query	ALTER TABLE `A` ADD KEY ( e ) /* QNO 691 CON_ID 14 */
		    17 Query	UPDATE performance_schema.setup_consumers SET enabled = 'YES' WHERE name IN ( 'file_summary_by_instance' ) /* QNO 419 CON_ID 17 */
		    17 Query	FLUSH NO_WRITE_TO_BINLOG STATUS, QUERY CACHE /* QNO 420 CON_ID 17 */
		    17 Query	UPDATE `COLUMN_PRIVILEGES` SET `GRANTEE` = 'hu' WHERE `TABLE_NAME` < 'u' /* QNO 421 CON_ID 17 */
		    17 Query	UNLOCK TABLES /* QNO 422 CON_ID 17 */
		    17 Query	UPDATE performance_schema.setup_timers SET timer_name = 'MICROSECOND' /* QNO 423 CON_ID 17 */
		    17 Query	CREATE OR REPLACE TEMPORARY TABLE `tmp` LIKE DD  /* QNO 424 CON_ID 17 */
		    17 Query	INSERT INTO `tmp` SELECT * FROM DD  /* QNO 425 CON_ID 17 */
		    17 Query	DROP TEMPORARY TABLE IF EXISTS DD  /* QNO 426 CON_ID 17 */
		    17 Query	SHOW WARNINGS
		    17 Query	ALTER TABLE `tmp` RENAME TO DD /* QNO 427 CON_ID 17 */
		    17 Query	SHOW EXPLAIN FOR 177 /* QNO 428 CON_ID 17 */
		    15 Query	SET STATEMENT system_versioning_alter_history=KEEP FOR ALTER TABLE t1 ADD SYSTEM VERSIONING, CHANGE COLUMN `vers_end` `row_end` BIGINT UNSIGNED GENERATED ALWAYS AS ROW END /* QNO 498 CON_ID 15 */
		    17 Query	SELECT * FROM `TABLE_PRIVILEGES` INTO OUTFILE 'load_TABLE_PRIVILEGES'  /* QNO 429 CON_ID 17 */
		    17 Query	LOAD DATA INFILE 'load_TABLE_PRIVILEGES' REPLACE INTO TABLE TABLE_PRIVILEGES /* QNO 430 CON_ID 17 */
		    17 Query	TRUNCATE TABLE performance_schema.events_waits_summary_by_instance /* QNO 431 CON_ID 17 */
		    17 Query	RESET QUERY CACHE /* QNO 432 CON_ID 17 */
		    15 Query	SELECT * FROM performance_schema.`hosts` AS table1 HAVING ( table1.`HOST` <= 7 OR table1.`TOTAL_CONNECTIONS` < 'nh') LIMIT 11 /* QNO 499 CON_ID 15 */
		    17 Query	ALTER ONLINE TABLE `EVENTS` /*!100301 */ ADD IF NOT EXISTS `EVENT_SCHEMA` TINYINT  /* QNO 433 CON_ID 17 */
		    17 Query	SELECT * FROM `INNODB_SYS_TABLESPACES` INTO OUTFILE 'load_INNODB_SYS_TABLESPACES'  /* QNO 434 CON_ID 17 */
		    17 Query	LOAD DATA INFILE 'load_INNODB_SYS_TABLESPACES' IGNORE INTO TABLE INNODB_SYS_TABLESPACES /* QNO 435 CON_ID 17 */
		    17 Query	UPDATE performance_schema.setup_consumers SET enabled = 'NO' WHERE name LIKE 'events%' /* QNO 436 CON_ID 17 */
		    17 Query	ALTER TABLE `INNODB_SYS_TABLES` /*!100301 WAIT 3 */ ALTER COLUMN /*!100305 IF EXISTS */ c SET DEFAULT NULL, ADD COLUMN IF NOT EXISTS `FLAG` VARCHAR(32157) NULL /*!100307, ALGORITHM=INSTANT */  /* QNO 437 CON_ID 17 */
		    15 Query	SHOW WARNINGS
		    15 Query	ALTER TABLE `socket_instances` /*!100301 */ MODIFY COLUMN IF EXISTS y INT NOT NULL FIRST, LOCK=DEFAULT, CHANGE COLUMN IF EXISTS `IP` v DATETIME AS ( `IP` ) /*!100201 STORED */ /* PERSISTENT */, ALGORITHM=DEFAULT  /* QNO 500 CON_ID 15 */
		    17 Query	SHOW ENGINE PERFORMANCE_SCHEMA STATUS /* QNO 438 CON_ID 17 */
		    17 Query	DELETE FROM `CHARACTER_SETS` WHERE `DESCRIPTION` <= 4 LIMIT 0 /* QNO 439 CON_ID 17 */
		    15 Query	SELECT NEXT VALUE FOR seq4 /* QNO 501 CON_ID 15 */
		    17 Query	LOCK TABLE `TABLE_CONSTRAINTS` READ LOCAL, `INNODB_SYS_SEMAPHORE_WAITS` WRITE CONCURRENT, `SCHEMA_PRIVILEGES` READ  /* QNO 440 CON_ID 17 */
		    17 Query	ALTER TABLE t12 MODIFY COLUMN IF EXISTS `IS_GRANTABLE` VARCHAR(37329), LOCK=SHARED /* QNO 441 CON_ID 17 */
		    15 Query	UPDATE performance_schema.setup_instruments SET TIMED = 'YES' ORDER BY RAND() LIMIT 1 /* QNO 502 CON_ID 15 */
		    15 Query	SHOW CREATE EVENT t /* QNO 503 CON_ID 15 */
		    15 Query	ALTER ONLINE IGNORE TABLE `mutex_instances` /*!100301 */ ALTER COLUMN /*!100305 IF EXISTS */ `LOCKED_BY_THREAD_ID` DROP DEFAULT, CHANGE p `NAME` BIT NULL /*!100303 INVISIBLE */ /*!100307, ALGORITHM=NOCOPY */, LOCK=EXCLUSIVE  /* QNO 504 CON_ID 15 */
		    17 Query	SHOW WARNINGS
		    17 Query	SHOW ENGINE PERFORMANCE_SCHEMA STATUS /* QNO 442 CON_ID 17 */
		    15 Query	ALTER TABLE `events_waits_summary_by_user_by_event_name` ADD INDEX(icol6), ALGORITHM=COPY, LOCK=NONE  /* QNO 505 CON_ID 15 */
		    17 Query	CREATE OR REPLACE TEMPORARY TABLE `tmp` LIKE B  /* QNO 443 CON_ID 17 */
		    15 Query	ALTER ONLINE TABLE `threads` ADD CONSTRAINT FOREIGN KEY (`PROCESSLIST_HOST`) REFERENCES threads (`PARENT_THREAD_ID`), ALGORITHM=COPY, LOCK=DEFAULT /* QNO 506 CON_ID 15 */
		    15 Query	SELECT * from `events_statements_summary_by_account_by_event_name` WHERE row_start != @trx_user_var /* QNO 507 CON_ID 15 */
		    15 Query	CREATE OR REPLACE TEMPORARY TABLE `tmp` LIKE DD  /* QNO 508 CON_ID 15 */
		    15 Query	INSERT INTO `tmp` SELECT * FROM DD  /* QNO 509 CON_ID 15 */
		    15 Query	DROP TEMPORARY TABLE IF EXISTS DD  /* QNO 510 CON_ID 15 */
		    15 Query	SHOW WARNINGS
		    15 Query	ALTER TABLE `tmp` RENAME TO DD /* QNO 511 CON_ID 15 */
		    15 Query	SET SQL_MODE= DEFAULT /* QNO 512 CON_ID 15 */
		    15 Query	ALTER TABLE `events_stages_summary_by_host_by_event_name` /*!100301 */ ADD INDEX IF NOT EXISTS ind8 ( `HOST` DESC, `HOST` ) COMMENT 'tip' COMMENT 'set', ALGORITHM=COPY, LOCK=EXCLUSIVE, ADD INDEX IF NOT EXISTS ( z DESC, i(21), `COUNT_STAR`(103) DESC )  /* QNO 513 CON_ID 15 */
		    15 Query	UPDATE performance_schema.setup_timers SET timer_name = 'NANOSECOND' /* QNO 514 CON_ID 15 */
		    15 Query	UPDATE performance_schema.setup_instruments SET ENABLED = 'YES' WHERE NAME LIKE 'wait/synch%' /* QNO 515 CON_ID 15 */
		    15 Query	SHOW ENGINE PERFORMANCE_SCHEMA STATUS /* QNO 516 CON_ID 15 */
		    15 Query	SELECT * from `events_waits_summary_global_by_event_name` WHERE row_end IN (SELECT row_start FROM t4) /* QNO 517 CON_ID 15 */
		    15 Query	UNLOCK TABLES /* QNO 518 CON_ID 15 */
		    15 Query	ALTER IGNORE TABLE `events_statements_history_long` /*!100301 */ ADD INDEX IF NOT EXISTS v ( u ), ALGORITHM=INPLACE, ADD KEY IF NOT EXISTS ( `ROWS_SENT`(75), r, `ROWS_EXAMINED` ASC, `DIGEST` ASC ), ALGORITHM=INPLACE, LOCK=EXCLUSIVE  /* QNO 519 CON_ID 15 */
		    15 Query	TRUNCATE TABLE performance_schema.events_waits_summary_by_thread_by_event_name /* QNO 520 CON_ID 15 */
		    15 Query	ALTER ONLINE TABLE `session_account_connect_attrs` ADD FOREIGN KEY d ( `ORDINAL_POSITION` ) REFERENCES `setup_objects` (ORDINAL_POSITION) ON UPDATE SET DEFAULT /*!100307, ALGORITHM=INSTANT */, LOCK=NONE /* QNO 521 CON_ID 15 */
		    15 Query	SHOW PRIVILEGES /* QNO 522 CON_ID 15 */
		    15 Query	TRUNCATE TABLE performance_schema.events_waits_history_long /* QNO 523 CON_ID 15 */
		    15 Query	SELECT * FROM `events_statements_summary_global_by_event_name` INTO OUTFILE 'load_events_statements_summary_global_by_event_name'  /* QNO 524 CON_ID 15 */
		    15 Query	LOAD DATA INFILE 'load_events_statements_summary_global_by_event_name' REPLACE INTO TABLE events_statements_summary_global_by_event_name /* QNO 525 CON_ID 15 */
		    15 Query	SHOW EXPLAIN FOR 24 /* QNO 526 CON_ID 15 */
		    15 Query	SET STATEMENT system_versioning_alter_history=KEEP FOR ALTER TABLE t4 REMOVE PARTITIONING /* QNO 527 CON_ID 15 */
		    15 Query	SELECT NEXT VALUE FOR seq5 /* QNO 528 CON_ID 15 */
		    15 Query	SAVEPOINT sp /* QNO 529 CON_ID 15 */
		    15 Query	ALTER ONLINE TABLE `events_statements_summary_by_thread_by_event_name` /*!100301 NOWAIT */ ADD CONSTRAINT FOREIGN KEY u ( `SUM_SORT_SCAN` ) REFERENCES `events_stages_summary_by_user_by_event_name` (SUM_SORT_SCAN), ALGORITHM=DEFAULT, LOCK=DEFAULT /* QNO 530 CON_ID 15 */
		    15 Query	UPDATE performance_schema.setup_consumers SET enabled = 'YES' WHERE name IN ( 'events_waits_summary_by_thread_by_event_name' ) /* QNO 531 CON_ID 15 */
		    15 Query	SELECT * from `events_waits_summary_by_account_by_event_name` WHERE row_start IN (SELECT row_end FROM `file_instances`) /* QNO 532 CON_ID 15 */
		    15 Query	ALTER IGNORE TABLE `file_summary_by_instance` /*!100301 */ ALTER COLUMN /*!100305 IF EXISTS */ `AVG_TIMER_READ` DROP DEFAULT, LOCK=EXCLUSIVE  /* QNO 533 CON_ID 15 */
		    15 Query	SELECT * FROM INFORMATION_SCHEMA.`ROUTINES` AS table1 WHERE ( ( table1.`DATABASE_COLLATION` IN ( 5, 8, 8 ) AND table1.`CHARACTER_OCTET_LENGTH` LIKE 'wait/synch/cond%') AND table1.`EXTERNAL_LANGUAGE` = table1.`CHARACTER_OCTET_LENGTH`) HAVING ( ( (table1.`PARAMETER_STYLE` >= 6 IS NOT NULL OR table1.`EXTERNAL_LANGUAGE` <> 'hr') AND table1.`COLLATION_CONNECTION` <= 'rd') OR table1.`PARAMETER_STYLE` > 9) LIMIT 89 /* QNO 534 CON_ID 15 */
		    15 Query	SHOW WARNINGS
		    15 Query	SELECT * FROM (mysql.`procs_priv` AS table1 STRAIGHT_JOIN performance_schema.`events_stages_summary_by_host_by_event_name` AS table2 ON ( table2.`COUNT_STAR` = table1.`Timestamp` ) ) LIMIT 221 /* QNO 535 CON_ID 15 */
		    15 Query	/* GenTest::Transform::ExecuteAsExecuteImmediate */ EXECUTE IMMEDIATE ' SELECT * FROM (mysql.`procs_priv` AS table1 STRAIGHT_JOIN performance_schema.`events_stages_summary_by_host_by_event_name` AS table2 ON ( table2.`COUNT_STAR` = table1.`Timestamp` ) ) LIMIT 221 /* QNO 535 CON_ID 15 */ ' /* TRANSFORM_OUTCOME_UNORDERED_MATCH */ /* QNO 536 CON_ID 15 */
		    15 Prepare	SELECT * FROM (mysql.`procs_priv` AS table1 STRAIGHT_JOIN performance_schema.`events_stages_summary_by_host_by_event_name` AS table2 ON ( table2.`COUNT_STAR` = table1.`Timestamp` ) ) LIMIT 221 /* QNO 535 CON_ID 15 */
		    15 Execute	SELECT * FROM (mysql.`procs_priv` AS table1 STRAIGHT_JOIN performance_schema.`events_stages_summary_by_host_by_event_name` AS table2 ON ( table2.`COUNT_STAR` = table1.`Timestamp` ) ) LIMIT 221 /* QNO 535 CON_ID 15 */
		    15 Query	/* GenTest::Transform::ExecuteAsInsertSelect */ CREATE DATABASE IF NOT EXISTS transforms /* QNO 537 CON_ID 15 */
190122 13:39:43	    16 Query	SHOW WARNINGS
		    16 Query	SHOW CREATE SEQUENCE seq9 /* QNO 334 CON_ID 16 */
		    16 Query	ALTER IGNORE TABLE `SYSTEM_VARIABLES` /*!100301 NOWAIT */ DROP FOREIGN KEY c /*!100307, ALGORITHM=NOCOPY */, LOCK=SHARED /* QNO 335 CON_ID 16 */
		    16 Query	UNLOCK TABLES /* QNO 336 CON_ID 16 */
		    16 Query	TRUNCATE TABLE performance_schema.events_waits_summary_by_event_name /* QNO 337 CON_ID 16 */
		    16 Query	TRUNCATE TABLE performance_schema.file_summary_by_instance /* QNO 338 CON_ID 16 */
		    16 Query	UPDATE `INNODB_SYS_TABLESPACES` SET `ALLOCATED_SIZE` = 'xp' WHERE `ALLOCATED_SIZE` >= '1995-05-02 06:39:38.042844' /* QNO 339 CON_ID 16 */
		    16 Query	SELECT * from t4 FOR system_time FROM @trx_user_var TO TIMESTAMP DATE_ADD('20240216221016.064813', INTERVAL 6 SECOND) /* QNO 340 CON_ID 16 */
		    16 Query	SELECT * FROM `INNODB_FT_INDEX_CACHE` INTO OUTFILE 'load_INNODB_FT_INDEX_CACHE'  /* QNO 341 CON_ID 16 */
		    16 Query	LOAD DATA INFILE 'load_INNODB_FT_INDEX_CACHE' IGNORE INTO TABLE INNODB_FT_INDEX_CACHE /* QNO 342 CON_ID 16 */
		    16 Query	UPDATE `ALL_PLUGINS` SET `PLUGIN_TYPE` = 6 WHERE `PLUGIN_NAME` > 'pq' /* QNO 343 CON_ID 16 */
		    16 Query	UPDATE `INNODB_SYS_SEMAPHORE_WAITS` SET `FILE` = 4 WHERE `FILE` >= 1 /* QNO 344 CON_ID 16 */
		    16 Query	INSERT INTO `INNODB_FT_INDEX_CACHE` ( `pk` ) VALUES (NULL) /* QNO 345 CON_ID 16 */
		    16 Query	SET FOREIGN_KEY_CHECKS = OFF /* QNO 346 CON_ID 16 */
		    16 Query	ALTER TABLE `INNODB_FT_INDEX_CACHE` /*!100301 */ ADD INDEX IF NOT EXISTS u ( d, s ), LOCK=NONE  /* QNO 347 CON_ID 16 */
		    16 Query	SHOW ENGINE PERFORMANCE_SCHEMA STATUS /* QNO 348 CON_ID 16 */
		    16 Query	UPDATE `KEY_COLUMN_USAGE` SET ecol2 = DEFAULT LIMIT 1 /* QNO 349 CON_ID 16 */
		    16 Query	CREATE OR REPLACE TEMPORARY TABLE `tmp` LIKE A  /* QNO 350 CON_ID 16 */
		    14 Query	GRANT INSERT ( `col_varchar_nokey`, `col_varchar_key` ), SELECT ( `col_int_nokey` ), SELECT ( `col_varchar_nokey`, `col_time_key` ), SELECT ( `col_int_nokey`, `pk` ), SELECT ( `col_date_nokey`, `col_time_key` ) ON `A` TO 'someuser'@'somehost' /* QNO 692 CON_ID 14 */
		    14 Query	ALTER TABLE `BB` ADD KEY ( b ) /* QNO 693 CON_ID 14 */
		    15 Query	SHOW WARNINGS
		    15 Query	DROP TABLE IF EXISTS transforms.insert_select_22986 /* QNO 538 CON_ID 15 */
		    15 Query	SHOW WARNINGS
		    15 Query	CREATE TABLE transforms.insert_select_22986  SELECT * FROM (mysql.`procs_priv` AS table1 STRAIGHT_JOIN performance_schema.`events_stages_summary_by_host_by_event_name` AS table2 ON ( table2.`COUNT_STAR` = table1.`Timestamp` ) ) LIMIT 221 /* QNO 535 CON_ID 15 */  /* QNO 539 CON_ID 15 */
		    18 Query	ALTER IGNORE TABLE `proxies_priv` /*!100301 NOWAIT */ ADD COLUMN IF NOT EXISTS f TEXT NOT NULL DEFAULT 'l' /*!100303 INVISIBLE */ AFTER u, LOCK=NONE  /* QNO 431 CON_ID 18 */
		    15 Query	ALTER ONLINE IGNORE TABLE `time_zone_transition` /*!100301 */ ADD INDEX USING HASH ( `Time_zone_id` ASC ), ALGORITHM=DEFAULT, LOCK=EXCLUSIVE, ADD INDEX IF NOT EXISTS w ( o(97) ) COMMENT 'shareholder', LOCK=NONE  /* QNO 540 CON_ID 15 */
		    18 Query	UPDATE `proxies_priv` SET `With_grant` = 'f' WHERE `Grantor` >= '1979-03-27 02:07:11.040934' /* QNO 432 CON_ID 18 */
		    15 Query	ALTER TABLE `procs_priv` ADD FOREIGN KEY p (`Db`) REFERENCES procs_priv (`Host`), ALGORITHM=DEFAULT, LOCK=NONE /* QNO 541 CON_ID 15 */
		    15 Query	SHOW EXPLAIN FOR 233 /* QNO 542 CON_ID 15 */
		    18 Query	ALTER TABLE `slow_log` /*!100301 */ DROP INDEX IF EXISTS ind6, LOCK=EXCLUSIVE, DROP KEY IF EXISTS `thread_id`, LOCK=NONE  /* QNO 433 CON_ID 18 */
		    15 Query	SHOW ENGINE PERFORMANCE_SCHEMA STATUS /* QNO 543 CON_ID 15 */
		    15 Query	INSERT INTO `servers` ( `pk` ) VALUES (NULL) /* QNO 544 CON_ID 15 */
		    15 Query	UPDATE performance_schema.setup_instruments SET ENABLED = 'NO' ORDER BY RAND() LIMIT 7 /* QNO 545 CON_ID 15 */
		    18 Query	ALTER IGNORE TABLE `tables_priv` /*!100301 */ ALTER COLUMN /*!100305 IF EXISTS */ `Db` SET DEFAULT NULL, ALGORITHM=DEFAULT, LOCK=SHARED  /* QNO 434 CON_ID 18 */
		    15 Query	TRUNCATE TABLE performance_schema.events_waits_history_long /* QNO 546 CON_ID 15 */
		    15 Query	LOCK TABLE `plugin` WRITE CONCURRENT  /* QNO 547 CON_ID 15 */
		    15 Query	TRUNCATE TABLE performance_schema.events_waits_summary_by_thread_by_event_name /* QNO 548 CON_ID 15 */
		    15 Query	SELECT * FROM `table_stats` INTO OUTFILE 'load_table_stats'  /* QNO 549 CON_ID 15 */
		    15 Query	LOAD DATA INFILE 'load_table_stats' REPLACE INTO TABLE table_stats /* QNO 550 CON_ID 15 */
		    18 Query	SELECT * FROM mysql.`help_category` AS table1 WHERE ( ( (NOT ( ( table1.`parent_category_id` LIKE 'wait/synch/mutex/%' OR table1.`url` < table1.`name`) OR table1.`parent_category_id` = 2) OR table1.`name` IN ( 5, 5, 8 )) OR table1.`help_category_id` IN ( 7, 0, 3 )) AND table1.`name` <> 'wk') ORDER BY table1.`name` LIMIT 92 /* QNO 435 CON_ID 18 */
		    15 Query	SET SQL_MODE= DEFAULT /* QNO 551 CON_ID 15 */
		    15 Query	SET FOREIGN_KEY_CHECKS = OFF /* QNO 552 CON_ID 15 */
		    15 Query	ALTER IGNORE TABLE `tables_priv` /*!100301 NOWAIT */ MODIFY IF EXISTS `Column_priv` DATETIME DEFAULT 0 FIRST /*!100307, ALGORITHM=NOCOPY */  /* QNO 553 CON_ID 15 */
		    15 Query	DROP TEMPORARY TABLE IF EXISTS `global_priv` /* QNO 554 CON_ID 15 */
		    15 Query	SHOW WARNINGS
		    15 Query	ALTER TABLE `column_stats` ADD CONSTRAINT q FOREIGN KEY i ( `min_value` ) REFERENCES `gtid_slave_pos` (min_value), LOCK=SHARED /* QNO 555 CON_ID 15 */
		    15 Query	FLUSH PRIVILEGES /* QNO 556 CON_ID 15 */
		    15 Query	DROP TABLE IF EXISTS tmp_rename_22986  /* QNO 557 CON_ID 15 */
		    18 Query	SHOW WARNINGS
		    15 Query	SHOW WARNINGS
		    15 Query	RENAME TABLE t5 TO tmp_rename_22986, tmp_rename_22986 TO t5 /* QNO 558 CON_ID 15 */
		    15 Query	CREATE OR REPLACE TEMPORARY TABLE `tmp` LIKE B  /* QNO 559 CON_ID 15 */
		    18 Query	SET STATEMENT `sql_mode`=ORACLE FOR SELECT seq7.nextval /* QNO 436 CON_ID 18 */
		    18 Query	ALTER IGNORE TABLE t10 /*!100301 WAIT 5 */ ADD FULLTEXT KEY(scol8) /*!100307, ALGORITHM=INSTANT */, LOCK=SHARED  /* QNO 437 CON_ID 18 */
		    18 Query	FLUSH TABLES /* QNO 438 CON_ID 18 */
		    14 Query	GRANT RELOAD, CREATE USER ON *.* to 'someuser'@'somehost' /* QNO 694 CON_ID 14 */
		    17 Query	INSERT INTO `tmp` SELECT * FROM B  /* QNO 444 CON_ID 17 */
		    14 Query	ALTER TABLE `AA` REMOVE PARTITIONING /* QNO 695 CON_ID 14 */
		    16 Query	INSERT INTO `tmp` SELECT * FROM A  /* QNO 351 CON_ID 16 */
		    17 Query	/* GenTest::Transform::ExecuteAsExecuteImmediate */ EXECUTE IMMEDIATE ' INSERT INTO `tmp` SELECT * FROM B  /* QNO 444 CON_ID 17 */ ' /* TRANSFORM_OUTCOME_UNORDERED_MATCH */ /* QNO 445 CON_ID 17 */
		    17 Prepare	INSERT INTO `tmp` SELECT * FROM B  /* QNO 444 CON_ID 17 */
		    17 Execute	INSERT INTO `tmp` SELECT * FROM B  /* QNO 444 CON_ID 17 */
		    17 Query	DROP TEMPORARY TABLE IF EXISTS B  /* QNO 446 CON_ID 17 */
		    16 Query	/* GenTest::Transform::ExecuteAsExecuteImmediate */ EXECUTE IMMEDIATE ' INSERT INTO `tmp` SELECT * FROM A  /* QNO 351 CON_ID 16 */ ' /* TRANSFORM_OUTCOME_UNORDERED_MATCH */ /* QNO 352 CON_ID 16 */
		    16 Prepare	INSERT INTO `tmp` SELECT * FROM A  /* QNO 351 CON_ID 16 */
		    16 Execute	INSERT INTO `tmp` SELECT * FROM A  /* QNO 351 CON_ID 16 */
		    16 Query	DROP TEMPORARY TABLE IF EXISTS A  /* QNO 353 CON_ID 16 */
		    16 Query	SHOW WARNINGS
		    16 Query	ALTER TABLE `tmp` RENAME TO A /* QNO 354 CON_ID 16 */
		    16 Query	SET SESSION SQL_MODE= '' /* QNO 355 CON_ID 16 */
		    16 Query	CREATE OR REPLACE TABLE t5 (ncol9 FLOAT NULL DEFAULT NULL)  /* QNO 356 CON_ID 16 */
		    14 Query	CREATE FUNCTION n ( k INTEGER, k INTEGER ) RETURNS INTEGER RETURN 1 /* QNO 696 CON_ID 14 */
		    14 Query	CREATE DATABASE IF NOT EXISTS m /* QNO 697 CON_ID 14 */
		    14 Query	CREATE EVENT t ON SCHEDULE AT NOW() DO SET @a=@a /* QNO 698 CON_ID 14 */
		    15 Query	INSERT INTO `tmp` SELECT * FROM B  /* QNO 560 CON_ID 15 */
		    14 Query	REVOKE RELOAD ON *.* FROM 'someuser'@'somehost' /* QNO 699 CON_ID 14 */
		    15 Query	/* GenTest::Transform::ExecuteAsExecuteImmediate */ EXECUTE IMMEDIATE ' INSERT INTO `tmp` SELECT * FROM B  /* QNO 560 CON_ID 15 */ ' /* TRANSFORM_OUTCOME_UNORDERED_MATCH */ /* QNO 561 CON_ID 15 */
		    15 Prepare	INSERT INTO `tmp` SELECT * FROM B  /* QNO 560 CON_ID 15 */
		    17 Query	ALTER TABLE `tmp` RENAME TO B /* QNO 447 CON_ID 17 */
		    15 Execute	INSERT INTO `tmp` SELECT * FROM B  /* QNO 560 CON_ID 15 */
		    17 Query	UNLOCK TABLES /* QNO 448 CON_ID 17 */
		    15 Query	DROP TEMPORARY TABLE IF EXISTS B  /* QNO 562 CON_ID 15 */
		    17 Query	INSERT INTO `INNODB_TRX` SELECT * FROM `INNODB_SYS_FIELDS` /* QNO 449 CON_ID 17 */
		    17 Query	SET STATEMENT system_versioning_alter_history=KEEP FOR ALTER TABLE `REFERENTIAL_CONSTRAINTS` DROP PARTITION IF EXISTS ver_p5 /* QNO 450 CON_ID 17 */
		    17 Query	SELECT row_start FROM t3 ORDER BY RAND() LIMIT 1 INTO @trx_user_var /* QNO 451 CON_ID 17 */
		    17 Query	CREATE OR REPLACE TEMPORARY TABLE `tmp` LIKE BB  /* QNO 452 CON_ID 17 */
		    14 Query	ALTER TABLE `A` PARTITION BY KEY() PARTITIONS 9 /* QNO 700 CON_ID 14 */
		    15 Query	ALTER TABLE `tmp` RENAME TO B /* QNO 563 CON_ID 15 */
		    15 Query	ALTER TABLE `table_stats` ADD CONSTRAINT FOREIGN KEY m ( `cardinality` ) REFERENCES `servers` (cardinality) /*!100307, ALGORITHM=NOCOPY */  /* QNO 564 CON_ID 15 */
		    15 Query	TRUNCATE TABLE performance_schema.events_waits_summary_by_thread_by_event_name /* QNO 565 CON_ID 15 */
		    14 Query	CREATE TRIGGER b BEFORE INSERT ON `BB` FOR EACH ROW BEGIN INSERT INTO `AA` SELECT * FROM `D` LIMIT 0 ; END ; /* QNO 701 CON_ID 14 */
		    15 Query	SET SQL_MODE= 'DB2,PAD_CHAR_TO_FULL_LENGTH,ERROR_FOR_DIVISION_BY_ZERO,POSTGRESQL,NO_FIELD_OPTIONS,NO_ZERO_IN_DATE,REAL_AS_FLOAT,STRICT_TRANS_TABLES,SIMULTANEOUS_ASSIGNMENT,MAXDB,IGNORE_BAD_TABLE_OPTIONS' /* QNO 566 CON_ID 15 */
		    15 Query	SHOW EXPLAIN FOR 162 /* QNO 567 CON_ID 15 */
		    16 Query	DELETE FROM `INNODB_CMPMEM_RESET` WHERE `pages_free` < 5 LIMIT 4 /* QNO 357 CON_ID 16 */
		    17 Query	INSERT INTO `tmp` SELECT * FROM BB  /* QNO 453 CON_ID 17 */
		    15 Query	ALTER TABLE t5 DROP COLUMN IF EXISTS `Socket` /*!100307, ALGORITHM=INSTANT */, DROP FOREIGN KEY s  /* QNO 568 CON_ID 15 */
		    15 Query	DELETE HISTORY FROM `time_zone_transition_type` BEFORE SYSTEM_TIME @trx_user_var /* QNO 569 CON_ID 15 */
		    16 Query	ALTER ONLINE TABLE `INNODB_TRX` /*!100301 */ CHANGE COLUMN IF EXISTS `trx_state` `trx_rows_locked` ENUM('foo','bar') AFTER `trx_autocommit_non_locking` /*!100307, ALGORITHM=NOCOPY */, CHANGE COLUMN IF EXISTS w `trx_started` BIT NOT NULL /*!100307, ALGORITHM=INSTANT */, LOCK=NONE  /* QNO 358 CON_ID 16 */
		    16 Query	SET STATEMENT `sql_mode`=ORACLE FOR SELECT seq5.nextval /* QNO 359 CON_ID 16 */
		    16 Query	UPDATE performance_schema.setup_instruments SET ENABLED = 'YES' ORDER BY RAND() LIMIT 3 /* QNO 360 CON_ID 16 */
		    14 Query	DROP TABLE z /* QNO 702 CON_ID 14 */
		    14 Query	DROP FUNCTION IF EXISTS a /* QNO 703 CON_ID 14 */
		    14 Query	SHOW WARNINGS
		    14 Query	GRANT ALL PRIVILEGES ON b.* TO 'someuser'@'somehost' /* QNO 704 CON_ID 14 */
		    18 Query	SHOW CREATE TABLE seq7 /* QNO 439 CON_ID 18 */
		    15 Query	SELECT * FROM performance_schema.`events_waits_current` AS table1 WHERE (NOT ( ( table1.`OPERATION` > table1.`TIMER_START` OR table1.`NUMBER_OF_BYTES` LIKE 'wait/synch%') AND table1.`FLAGS` >= table1.`NESTING_EVENT_TYPE`) OR table1.`NESTING_EVENT_TYPE` = 'd') LIMIT 50 /* QNO 570 CON_ID 15 */
		    14 Query	ALTER TABLE `A` ADD PRIMARY KEY (`pk`) /* QNO 705 CON_ID 14 */
		    14 Query	GRANT ALL PRIVILEGES ON l.* TO 'someuser'@'somehost' /* QNO 706 CON_ID 14 */
		    14 Query	ALTER TABLE `BB` ADD COLUMN v INTEGER DEFAULT NULL /* QNO 707 CON_ID 14 */
		    18 Query	SET STATEMENT system_versioning_alter_history=KEEP FOR ALTER TABLE t6 DROP PARTITION ver_p1 /* QNO 440 CON_ID 18 */
		    14 Query	ALTER TABLE `CC` ADD COLUMN e INTEGER DEFAULT NULL /* QNO 708 CON_ID 14 */
		    15 Query	SHOW WARNINGS
		    14 Query	REVOKE SHUTDOWN, USAGE ON *.* FROM 'someuser'@'somehost' /* QNO 709 CON_ID 14 */
		    15 Query	FLUSH TABLES /* QNO 571 CON_ID 15 */
		    14 Query	ALTER TABLE `C` ADD PRIMARY KEY (`pk`) /* QNO 710 CON_ID 14 */
		    17 Query	/* GenTest::Transform::ExecuteAsExecuteImmediate */ EXECUTE IMMEDIATE ' INSERT INTO `tmp` SELECT * FROM BB  /* QNO 453 CON_ID 17 */ ' /* TRANSFORM_OUTCOME_UNORDERED_MATCH */ /* QNO 454 CON_ID 17 */
		    18 Query	SELECT * FROM `help_topic` INTO OUTFILE 'load_help_topic'  /* QNO 441 CON_ID 18 */
		    17 Prepare	INSERT INTO `tmp` SELECT * FROM BB  /* QNO 453 CON_ID 17 */
		    17 Execute	INSERT INTO `tmp` SELECT * FROM BB  /* QNO 453 CON_ID 17 */
		    18 Query	LOAD DATA INFILE 'load_help_topic' IGNORE INTO TABLE help_topic /* QNO 442 CON_ID 18 */
		    18 Query	SELECT * from t1 FOR system_time FROM TIMESTAMP @trx_user_var TO DATE_ADD('19940309123958.008017', INTERVAL 3 MONTH) /* QNO 443 CON_ID 18 */
		    17 Query	DROP TEMPORARY TABLE IF EXISTS BB  /* QNO 455 CON_ID 17 */
		    17 Query	SHOW WARNINGS
		    17 Query	ALTER TABLE `tmp` RENAME TO BB /* QNO 456 CON_ID 17 */
		    14 Query	GRANT INSERT ( `col_int_nokey` ), INSERT ( `col_datetime_nokey` ), SELECT ( `col_datetime_nokey`, `col_time_nokey`, `pk` ), SELECT ( `col_time_key`, `col_date_nokey` ), INSERT ( `col_time_nokey`, `col_int_nokey`, `col_time_nokey` ) ON `E` TO 'someuser'@'somehost' /* QNO 711 CON_ID 14 */
		    17 Query	SET SESSION FOREIGN_KEY_CHECKS = OFF /* QNO 457 CON_ID 17 */
		    14 Query	DROP TABLE x /* QNO 712 CON_ID 14 */
		    17 Query	UPDATE performance_schema.setup_consumers SET enabled = 'YES' WHERE name LIKE 'events%' /* QNO 458 CON_ID 17 */
		    16 Query	ALTER ONLINE TABLE `TABLE_PRIVILEGES` ADD CONSTRAINT FOREIGN KEY e (`TABLE_CATALOG`) REFERENCES TABLE_PRIVILEGES (`TABLE_NAME`) ON DELETE SET NULL ON UPDATE CASCADE, ALGORITHM=DEFAULT, LOCK=SHARED /* QNO 361 CON_ID 16 */
		    16 Query	SELECT * FROM INFORMATION_SCHEMA.`INNODB_SYS_VIRTUAL` AS table1 LIMIT 88 /* QNO 362 CON_ID 16 */
		    17 Query	ALTER TABLE `INNODB_SYS_COLUMNS` /*!100301 WAIT 6 */ /*!100104 ENCRYPTION_KEY_ID = 1 */  /* QNO 459 CON_ID 17 */
		    16 Query	/* GenTest::Transform::ExecuteAsExecuteImmediate */ EXECUTE IMMEDIATE ' SELECT * FROM INFORMATION_SCHEMA.`INNODB_SYS_VIRTUAL` AS table1 LIMIT 88 /* QNO 362 CON_ID 16 */ ' /* TRANSFORM_OUTCOME_UNORDERED_MATCH */ /* QNO 363 CON_ID 16 */
		    16 Prepare	SELECT * FROM INFORMATION_SCHEMA.`INNODB_SYS_VIRTUAL` AS table1 LIMIT 88 /* QNO 362 CON_ID 16 */
		    16 Execute	SELECT * FROM INFORMATION_SCHEMA.`INNODB_SYS_VIRTUAL` AS table1 LIMIT 88 /* QNO 362 CON_ID 16 */
		    17 Query	SHOW ENGINE PERFORMANCE_SCHEMA STATUS /* QNO 460 CON_ID 17 */
		    16 Query	/* GenTest::Transform::ExecuteAsInsertSelect */ CREATE DATABASE IF NOT EXISTS transforms /* QNO 364 CON_ID 16 */
		    17 Query	DROP TEMPORARY TABLE IF EXISTS `ENABLED_ROLES` /* QNO 461 CON_ID 17 */
		    16 Query	SHOW WARNINGS
		    17 Query	SHOW WARNINGS
		    17 Query	UPDATE performance_schema.setup_consumers SET enabled = 'NO' WHERE name IN ( 'file_summary_by_instance', 'events_waits_summary_by_instance', 'events_waits_history', 'file_summary_by_event_name', 'file_summary_by_instance', 'file_summary_by_instance' ) /* QNO 462 CON_ID 17 */
		    16 Query	DROP TABLE IF EXISTS transforms.insert_select_22988 /* QNO 365 CON_ID 16 */
		    17 Query	ALTER TABLE `TRIGGERS` ROW_FORMAT=DYNAMIC, DROP COLUMN IF EXISTS icol7, ADD UNIQUE(ncol5), LOCK=SHARED /* QNO 463 CON_ID 17 */
		    17 Query	TRUNCATE TABLE performance_schema.events_waits_summary_by_thread_by_event_name /* QNO 464 CON_ID 17 */
		    18 Query	ALTER ONLINE TABLE `general_log` ADD FULLTEXT KEY(scol2) /*!100307, ALGORITHM=NOCOPY */, LOCK=SHARED, DROP COLUMN IF EXISTS `thread_id`, ALGORITHM=COPY, LOCK=EXCLUSIVE  /* QNO 444 CON_ID 18 */
		    18 Query	CREATE TABLE t6 LIKE `column_stats` /* QNO 445 CON_ID 18 */
		    18 Query	UPDATE performance_schema.setup_instruments SET TIMED = 'NO' ORDER BY RAND() LIMIT 8 /* QNO 446 CON_ID 18 */
		    15 Query	UPDATE `setup_consumers` SET `ENABLED` = 'yy' WHERE `NAME` >= '2026-06-02 08:31:39.058434' /* QNO 572 CON_ID 15 */
		    15 Query	FLUSH USER_RESOURCES, HOSTS /* QNO 573 CON_ID 15 */
		    15 Query	SET GLOBAL SQL_MODE= '' /* QNO 574 CON_ID 15 */
		    18 Query	UNLOCK TABLES /* QNO 447 CON_ID 18 */
		    15 Query	SHOW CREATE TABLE seq5 /* QNO 575 CON_ID 15 */
		    18 Query	ALTER ONLINE TABLE `time_zone_transition_type` /*!100301 */ ADD COLUMN IF NOT EXISTS ( e SMALLINT ZEROFILL NULL DEFAULT NULL /*!100303 INVISIBLE */, j TINYINT NULL ), MODIFY w BIT NOT NULL AFTER n, ALGORITHM=COPY  /* QNO 448 CON_ID 18 */
		    15 Query	SELECT * FROM INFORMATION_SCHEMA.`PROCESSLIST` AS table1 LIMIT 188 /* QNO 576 CON_ID 15 */
		    16 Query	SHOW WARNINGS
		    18 Query	SHOW ENGINE PERFORMANCE_SCHEMA STATUS /* QNO 449 CON_ID 18 */
		    16 Query	CREATE TABLE transforms.insert_select_22988  SELECT * FROM INFORMATION_SCHEMA.`INNODB_SYS_VIRTUAL` AS table1 LIMIT 88 /* QNO 362 CON_ID 16 */  /* QNO 366 CON_ID 16 */
		    14 Query	GRANT ALL PRIVILEGES ON o.* TO 'someuser'@'somehost' /* QNO 713 CON_ID 14 */
		    15 Query	/* GenTest::Transform::ExecuteAsExecuteImmediate */ EXECUTE IMMEDIATE ' SELECT * FROM INFORMATION_SCHEMA.`PROCESSLIST` AS table1 LIMIT 188 /* QNO 576 CON_ID 15 */ ' /* TRANSFORM_OUTCOME_UNORDERED_MATCH */ /* QNO 577 CON_ID 15 */
		    18 Query	UPDATE performance_schema.setup_instruments SET TIMED = 'NO' WHERE NAME LIKE 'wait/synch%' /* QNO 450 CON_ID 18 */
		    15 Prepare	SELECT * FROM INFORMATION_SCHEMA.`PROCESSLIST` AS table1 LIMIT 188 /* QNO 576 CON_ID 15 */
		    15 Execute	SELECT * FROM INFORMATION_SCHEMA.`PROCESSLIST` AS table1 LIMIT 188 /* QNO 576 CON_ID 15 */
		    15 Query	DELETE FROM `INNODB_CMP_RESET` WHERE `compress_time` != 'yw' LIMIT 5 /* QNO 578 CON_ID 15 */
		    17 Query	SHOW ENGINE PERFORMANCE_SCHEMA STATUS /* QNO 465 CON_ID 17 */
		    17 Query	DROP TEMPORARY TABLE IF EXISTS `INNODB_BUFFER_PAGE` /* QNO 466 CON_ID 17 */
		    14 Query	REVOKE ALL PRIVILEGES ON test.x FROM 'someuser'@'somehost' /* QNO 714 CON_ID 14 */
		    17 Query	SHOW WARNINGS
		    17 Query	ALTER TABLE `INNODB_SYS_FOREIGN` /*!100301 */ ADD KEY IF NOT EXISTS ind3 ( `FOR_NAME` ), ALGORITHM=DEFAULT, LOCK=SHARED  /* QNO 467 CON_ID 17 */
		    17 Query	SHOW ENGINE PERFORMANCE_SCHEMA STATUS /* QNO 468 CON_ID 17 */
		    14 Query	ALTER TABLE `CC` ADD PRIMARY KEY (`pk`) /* QNO 715 CON_ID 14 */
		    14 Query	REVOKE ALL PRIVILEGES ON test.q FROM 'someuser'@'somehost' /* QNO 716 CON_ID 14 */
		    14 Query	DROP PROCEDURE IF EXISTS n /* QNO 717 CON_ID 14 */
		    17 Query	SELECT * FROM (performance_schema.`events_waits_summary_by_instance` AS table1 LEFT JOIN INFORMATION_SCHEMA.`KEY_COLUMN_USAGE` AS table2 ON ( table2.`CONSTRAINT_SCHEMA` = table1.`SUM_TIMER_WAIT` ) ) WHERE ( table2.`CONSTRAINT_CATALOG` LIKE 'wait/synch/cond%' AND table1.`MAX_TIMER_WAIT` >= table1.`MIN_TIMER_WAIT`) HAVING (NOT ( (table1.`EVENT_NAME` >= '2023-09-11 04:55:16.055079' IS NULL OR table1.`MIN_TIMER_WAIT` = 'd') AND table1.`EVENT_NAME` >= 'f') AND table1.`MAX_TIMER_WAIT` != 'wl') LIMIT 194 /* QNO 469 CON_ID 17 */
		    18 Query	ALTER TABLE `plugin` /*!100301 WAIT 6 */ ADD UNIQUE f USING BTREE ( b ) COMMENT 'matter', LOCK=EXCLUSIVE  /* QNO 451 CON_ID 18 */
		    18 Query	ALTER ONLINE IGNORE TABLE t9 /*!100301 NOWAIT */ ADD PRIMARY KEY(tcol5), ALGORITHM=COPY, LOCK=EXCLUSIVE  /* QNO 452 CON_ID 18 */
		    15 Query	ALTER TABLE `INNODB_SYS_FOREIGN` /*!100301 WAIT 0 */ DROP INDEX ind10  /* QNO 579 CON_ID 15 */
		    14 Query	ALTER TABLE `DD` ADD KEY ( b ) /* QNO 718 CON_ID 14 */
		    15 Query	SET SQL_MODE= '' /* QNO 580 CON_ID 15 */
		    15 Query	INSERT INTO `PARAMETERS` SELECT * FROM `INNODB_METRICS` /* QNO 581 CON_ID 15 */
		    14 Query	ALTER TABLE `A` PARTITION BY KEY() PARTITIONS 7 /* QNO 719 CON_ID 14 */
		    15 Query	CREATE OR REPLACE TEMPORARY TABLE `tmp` LIKE BB  /* QNO 582 CON_ID 15 */
		    18 Query	SELECT * FROM `db` INTO OUTFILE 'load_db'  /* QNO 453 CON_ID 18 */
		    18 Query	LOAD DATA INFILE 'load_db' IGNORE INTO TABLE db /* QNO 454 CON_ID 18 */
		    18 Query	ALTER TABLE t9 MODIFY COLUMN IF EXISTS `non_existing_column` SMALLINT /*!100201 CHECK (tscol9 = 1) */ /*!100307, ALGORITHM=NOCOPY */, LOCK=EXCLUSIVE, ADD CONSTRAINT FOREIGN KEY (`Grant_priv`) REFERENCES t4 (tscol1) ON DELETE RESTRICT, ADD ( icol3 BIGINT ZEROFILL NOT NULL DEFAULT 5, scol3 CHAR NULL ), ALGORITHM=INPLACE, ADD PRIMARY KEY(bcol8), ALGORITHM=COPY, LOCK=DEFAULT  /* QNO 455 CON_ID 18 */
		    19 Query	SELECT * FROM transforms.insert_select_22994 /* TRANSFORM_OUTCOME_UNORDERED_MATCH */ /* QNO 509 CON_ID 19 */
		    19 Query	DROP TABLE transforms.insert_select_22994 /* QNO 510 CON_ID 19 */
		    15 Query	INSERT INTO `tmp` SELECT * FROM BB  /* QNO 583 CON_ID 15 */
		    15 Query	/* GenTest::Transform::ExecuteAsExecuteImmediate */ EXECUTE IMMEDIATE ' INSERT INTO `tmp` SELECT * FROM BB  /* QNO 583 CON_ID 15 */ ' /* TRANSFORM_OUTCOME_UNORDERED_MATCH */ /* QNO 584 CON_ID 15 */
		    18 Query	ALTER TABLE `proxies_priv` /*!100301 */ MODIFY IF EXISTS m BLOB NULL DEFAULT ''  /* QNO 456 CON_ID 18 */
		    14 Query	DROP TABLE w /* QNO 720 CON_ID 14 */
		    14 Query	DROP TRIGGER IF EXISTS h /* QNO 721 CON_ID 14 */
		    15 Prepare	INSERT INTO `tmp` SELECT * FROM BB  /* QNO 583 CON_ID 15 */
		    14 Query	SHOW WARNINGS
		    14 Query	CREATE OR REPLACE VIEW q AS SELECT * FROM `B` /* QNO 722 CON_ID 14 */
		    16 Query	SELECT * FROM transforms.insert_select_22988 /* TRANSFORM_OUTCOME_UNORDERED_MATCH */ /* QNO 367 CON_ID 16 */
		    14 Query	DROP FUNCTION IF EXISTS q /* QNO 723 CON_ID 14 */
		    14 Query	SHOW WARNINGS
		    14 Query	GRANT SELECT ( `col_datetime_key` ) ON `BB` TO 'someuser'@'somehost' /* QNO 724 CON_ID 14 */
		    14 Query	GRANT ALL PRIVILEGES ON f.* TO 'someuser'@'somehost' /* QNO 725 CON_ID 14 */
		    16 Query	DELETE FROM transforms.insert_select_22988 /* QNO 368 CON_ID 16 */
		    15 Execute	INSERT INTO `tmp` SELECT * FROM BB  /* QNO 583 CON_ID 15 */
		    14 Query	CREATE OR REPLACE VIEW k AS SELECT * FROM `BB` /* QNO 726 CON_ID 14 */
		    16 Query	INSERT INTO transforms.insert_select_22988  SELECT * FROM INFORMATION_SCHEMA.`INNODB_SYS_VIRTUAL` AS table1 LIMIT 88 /* QNO 362 CON_ID 16 */  /* QNO 369 CON_ID 16 */
		    18 Query	ALTER ONLINE TABLE `column_stats` /*!100301 */ ADD IF NOT EXISTS k VARBINARY(35954) DEFAULT NULL, LOCK=SHARED, ADD ( `avg_length` BIGINT ZEROFILL DEFAULT 0, j MEDIUMINT UNSIGNED NOT NULL, `column_name` YEAR ), ALGORITHM=INPLACE, LOCK=SHARED  /* QNO 457 CON_ID 18 */
		    18 Query	TRUNCATE TABLE performance_schema.events_waits_history_long /* QNO 458 CON_ID 18 */
		    14 Query	/* GenTest::Transform::ExecuteAsExecuteImmediate */ EXECUTE IMMEDIATE 'CREATE OR REPLACE VIEW k AS SELECT * FROM `BB` /* QNO 726 CON_ID 14 */ ' /* TRANSFORM_OUTCOME_UNORDERED_MATCH */ /* QNO 727 CON_ID 14 */
		    16 Query	SELECT * FROM transforms.insert_select_22988 /* TRANSFORM_OUTCOME_UNORDERED_MATCH */ /* QNO 370 CON_ID 16 */
		    14 Prepare	CREATE OR REPLACE VIEW k AS SELECT * FROM `BB` /* QNO 726 CON_ID 14 */
		    16 Query	DELETE FROM transforms.insert_select_22988 /* QNO 371 CON_ID 16 */
		    15 Query	DROP TEMPORARY TABLE IF EXISTS BB  /* QNO 585 CON_ID 15 */
		    16 Query	REPLACE INTO transforms.insert_select_22988  SELECT * FROM INFORMATION_SCHEMA.`INNODB_SYS_VIRTUAL` AS table1 LIMIT 88 /* QNO 362 CON_ID 16 */  /* QNO 372 CON_ID 16 */
		    18 Query	ALTER TABLE t20 ADD COLUMN ncol7 FLOAT NOT NULL FIRST, LOCK=SHARED /* QNO 459 CON_ID 18 */
		    15 Query	SHOW WARNINGS
		    15 Query	ALTER TABLE `tmp` RENAME TO BB /* QNO 586 CON_ID 15 */
		    14 Execute	CREATE OR REPLACE VIEW k AS SELECT * FROM `BB` /* QNO 726 CON_ID 14 */
		    14 Query	REVOKE ALL PRIVILEGES ON test.o FROM 'someuser'@'somehost' /* QNO 728 CON_ID 14 */
		    14 Query	GRANT SUPER, CREATE USER ON *.* to 'someuser'@'somehost' /* QNO 729 CON_ID 14 */
		    14 Query	CREATE TABLE h LIKE `DD` /* QNO 730 CON_ID 14 */
		    15 Query	ALTER TABLE `INNODB_SYS_INDEXES` /*!100301 */ ALTER COLUMN /*!100305 */ j SET DEFAULT NULL, LOCK=DEFAULT  /* QNO 587 CON_ID 15 */
		    14 Query	CREATE TRIGGER g BEFORE INSERT ON `CC` FOR EACH ROW BEGIN INSERT INTO `B` SELECT * FROM `BB` LIMIT 0 ; END ; /* QNO 731 CON_ID 14 */
		    15 Query	DROP TEMPORARY TABLE IF EXISTS `PROFILING` /* QNO 588 CON_ID 15 */
		    15 Query	SHOW WARNINGS
		    15 Query	ALTER TABLE `PROCESSLIST` ADD FOREIGN KEY r (`DB`) REFERENCES PROCESSLIST (`INFO`) ON DELETE CASCADE /*!100307, ALGORITHM=NOCOPY */  /* QNO 589 CON_ID 15 */
		    15 Query	ALTER ONLINE TABLE `FILES` /*!100301 */ ADD CONSTRAINT h UNIQUE USING BTREE ( k ASC ) KEY_BLOCK_SIZE = 6940 KEY_BLOCK_SIZE = 46249 /*!100307, ALGORITHM=INSTANT */, LOCK=EXCLUSIVE, ADD KEY ind5 USING BTREE ( l(96) )  /* QNO 590 CON_ID 15 */
		    14 Query	GRANT UPDATE ( `col_varchar_nokey`, `col_datetime_nokey`, `col_datetime_nokey`, `col_time_nokey`, `col_varchar_nokey` ), UPDATE ( `col_datetime_key`, `pk` ), SELECT ( `col_date_nokey` ), INSERT ( `col_varchar_key` ), SELECT ( `col_varchar_nokey`, `col_int_key` ) ON `DD` TO 'someuser'@'somehost' /* QNO 732 CON_ID 14 */
		    15 Query	SHOW ENGINE PERFORMANCE_SCHEMA STATUS /* QNO 591 CON_ID 15 */
		    14 Query	ALTER TABLE `CC` DROP COLUMN f /* QNO 733 CON_ID 14 */
		    14 Query	CREATE OR REPLACE VIEW s AS SELECT * FROM `B` /* QNO 734 CON_ID 14 */
		    15 Query	INSERT INTO t8 ( vcol4 ) SELECT scol7 FROM `COLLATIONS` /* QNO 592 CON_ID 15 */
		    14 Query	/* GenTest::Transform::ExecuteAsExecuteImmediate */ EXECUTE IMMEDIATE 'CREATE OR REPLACE VIEW s AS SELECT * FROM `B` /* QNO 734 CON_ID 14 */ ' /* TRANSFORM_OUTCOME_UNORDERED_MATCH */ /* QNO 735 CON_ID 14 */
		    14 Prepare	CREATE OR REPLACE VIEW s AS SELECT * FROM `B` /* QNO 734 CON_ID 14 */
		    15 Query	SHOW ENGINE PERFORMANCE_SCHEMA STATUS /* QNO 593 CON_ID 15 */
		    14 Execute	CREATE OR REPLACE VIEW s AS SELECT * FROM `B` /* QNO 734 CON_ID 14 */
		    14 Query	DROP TABLE q /* QNO 736 CON_ID 14 */
		    15 Query	LOCK TABLES `INNODB_SYS_TABLES` AS t LOW_PRIORITY WRITE, `PARAMETERS` WRITE  /* QNO 594 CON_ID 15 */
		    15 Query	SET GLOBAL SQL_MODE= 'IGNORE_SPACE,MYSQL323,NO_ENGINE_SUBSTITUTION,TIME_ROUND_FRACTIONAL,NO_BACKSLASH_ESCAPES,POSTGRESQL,ERROR_FOR_DIVISION_BY_ZERO,NO_DIR_IN_CREATE,ANSI,HIGH_NOT_PRECEDENCE,NO_ZERO_IN_DATE,STRICT_ALL_TABLES,ALLOW_INVALID_DATES' /* QNO 595 CON_ID 15 */
		    15 Query	INSERT INTO `INNODB_CMPMEM` ( vcol5 ) SELECT icol5 FROM t7 /* QNO 596 CON_ID 15 */
		    15 Query	ALTER SEQUENCE IF EXISTS seq8 INCREMENT 6 /* QNO 597 CON_ID 15 */
		    15 Query	SHOW WARNINGS
		    15 Query	INSERT INTO `INNODB_METRICS` SELECT * FROM `COLLATIONS` /* QNO 598 CON_ID 15 */
		    16 Query	SELECT * FROM transforms.insert_select_22988 /* TRANSFORM_OUTCOME_UNORDERED_MATCH */ /* QNO 373 CON_ID 16 */
		    15 Query	TRUNCATE TABLE `STATISTICS` /* QNO 599 CON_ID 15 */
		    16 Query	DROP TABLE transforms.insert_select_22988 /* QNO 374 CON_ID 16 */
		    15 Query	ALTER ONLINE TABLE `VIEWS` /*!100301 WAIT 3 */ ADD CONSTRAINT PRIMARY KEY(icol1) /*!100307, ALGORITHM=NOCOPY */, LOCK=DEFAULT, CHANGE COLUMN IF EXISTS tscol3 ecol7 SET('foo','bar') DEFAULT NULL /*!100201 CHECK (icol7 < `TABLE_SCHEMA`) */ /*!100307, ALGORITHM=NOCOPY */, LOCK=EXCLUSIVE  /* QNO 600 CON_ID 15 */
		    19 Query	CREATE OR REPLACE TEMPORARY TABLE `tmp` LIKE B  /* QNO 511 CON_ID 19 */
		    15 Query	SELECT * FROM `COLLATION_CHARACTER_SET_APPLICABILITY` INTO OUTFILE 'load_COLLATION_CHARACTER_SET_APPLICABILITY'  /* QNO 601 CON_ID 15 */
		    15 Query	LOAD DATA INFILE 'load_COLLATION_CHARACTER_SET_APPLICABILITY' REPLACE INTO TABLE COLLATION_CHARACTER_SET_APPLICABILITY /* QNO 602 CON_ID 15 */
		    15 Query	LOCK TABLE `SESSION_VARIABLES` READ  /* QNO 603 CON_ID 15 */
		    15 Query	UPDATE performance_schema.setup_timers SET timer_name = 'NANOSECOND' /* QNO 604 CON_ID 15 */
		    15 Query	ALTER ONLINE TABLE `SCHEMATA` /*!100301 WAIT 3 */ ADD CONSTRAINT n PRIMARY KEY ( `CATALOG_NAME`, `SCHEMA_NAME` ) KEY_BLOCK_SIZE = 20518 /*!100307, ALGORITHM=NOCOPY */, LOCK=DEFAULT  /* QNO 605 CON_ID 15 */
		    15 Query	INSERT INTO `INNODB_TABLESPACES_SCRUBBING` SELECT * FROM `INNODB_SYS_VIRTUAL` /* QNO 606 CON_ID 15 */
		    15 Query	SHOW ENGINE PERFORMANCE_SCHEMA STATUS /* QNO 607 CON_ID 15 */
		    15 Query	CREATE OR REPLACE TEMPORARY TABLE `tmp` LIKE D  /* QNO 608 CON_ID 15 */
		    14 Query	DROP TABLE u /* QNO 737 CON_ID 14 */
		    14 Query	ALTER TABLE `A` ADD KEY ( c ) /* QNO 738 CON_ID 14 */
		    15 Query	INSERT INTO `tmp` SELECT * FROM D  /* QNO 609 CON_ID 15 */
		    14 Query	ALTER TABLE `AA` PARTITION BY KEY() PARTITIONS 4 /* QNO 739 CON_ID 14 */
		    14 Query	DROP VIEW IF EXISTS r /* QNO 740 CON_ID 14 */
		    14 Query	SHOW WARNINGS
		    18 Query	SELECT * FROM `plugin` INTO OUTFILE 'load_plugin'  /* QNO 460 CON_ID 18 */
		    15 Query	/* GenTest::Transform::ExecuteAsExecuteImmediate */ EXECUTE IMMEDIATE ' INSERT INTO `tmp` SELECT * FROM D  /* QNO 609 CON_ID 15 */ ' /* TRANSFORM_OUTCOME_UNORDERED_MATCH */ /* QNO 610 CON_ID 15 */
