		    16 Query	ALTER TABLE `events_statements_current` /*!100301 WAIT 1 */ ALTER COLUMN /*!100305 IF EXISTS */ `TIMER_END` SET DEFAULT '', LOCK=NONE, ADD IF NOT EXISTS s FLOAT AS ( e + 5 ) /*!100201 STORED */ /* PERSISTENT */ /*!100201 CHECK (w LIKE z) */ /*!100307, ALGORITHM=NOCOPY */  /* QNO 834 CON_ID 16 */
		    14 Query	ALTER TABLE `AA` DROP PRIMARY KEY /* QNO 1437 CON_ID 14 */
		    17 Query	/* GenTest::Transform::ExecuteAsInsertSelect */ CREATE DATABASE IF NOT EXISTS transforms /* QNO 817 CON_ID 17 */
		    14 Query	GRANT SELECT ( `pk`, `col_date_nokey` ), UPDATE ( `col_datetime_nokey` ) ON `B` TO 'someuser'@'somehost' /* QNO 1438 CON_ID 14 */
		    14 Query	GRANT ALL PRIVILEGES ON test.h TO 'someuser'@'somehost' /* QNO 1439 CON_ID 14 */
		    15 Query	CREATE OR REPLACE TEMPORARY TABLE `tmp` LIKE D  /* QNO 986 CON_ID 15 */
		    14 Query	CREATE FUNCTION k ( y INTEGER, z INTEGER ) RETURNS INTEGER RETURN 1 /* QNO 1440 CON_ID 14 */
		    14 Query	GRANT INSERT ( `col_datetime_key`, `col_date_key` ) ON `C` TO 'someuser'@'somehost' /* QNO 1441 CON_ID 14 */
		    14 Query	CREATE PROCEDURE n ( OUT e INT ) BEGIN SELECT COUNT(*) INTO @a FROM `D`; END ; /* QNO 1442 CON_ID 14 */
		    18 Query	UNLOCK TABLES /* QNO 971 CON_ID 18 */
		    18 Query	TRUNCATE TABLE performance_schema.events_waits_summary_by_instance /* QNO 972 CON_ID 18 */
		    18 Query	UNLOCK TABLES /* QNO 973 CON_ID 18 */
		    16 Query	ALTER IGNORE TABLE `file_summary_by_event_name` DROP FOREIGN KEY IF EXISTS b /*!100307, ALGORITHM=NOCOPY */  /* QNO 835 CON_ID 16 */
		    18 Query	ALTER ONLINE IGNORE TABLE `INNODB_BUFFER_PAGE` /*!100301 NOWAIT */ ADD KEY IF NOT EXISTS ind4 USING HASH ( `SPACE` ), ADD INDEX IF NOT EXISTS i ( `NEWEST_MODIFICATION`(156) )  /* QNO 974 CON_ID 18 */
		    18 Query	SHOW ENGINE PERFORMANCE_SCHEMA STATUS /* QNO 975 CON_ID 18 */
		    14 Query	GRANT ALL PRIVILEGES ON test.c TO 'someuser'@'somehost' /* QNO 1443 CON_ID 14 */
		    16 Query	SET GLOBAL SQL_MODE= DEFAULT /* QNO 836 CON_ID 16 */
		    14 Query	DROP PROCEDURE IF EXISTS d /* QNO 1444 CON_ID 14 */
		    14 Query	SHOW WARNINGS
		    16 Query	INSERT INTO `events_statements_summary_global_by_event_name` ( vcol1 ) SELECT ecol4 FROM t13 /* QNO 837 CON_ID 16 */
		    14 Query	ALTER TABLE `A` DROP KEY t /* QNO 1445 CON_ID 14 */
		    16 Query	UNLOCK TABLES /* QNO 838 CON_ID 16 */
		    14 Query	DROP VIEW IF EXISTS w /* QNO 1446 CON_ID 14 */
		    16 Query	SELECT * from t8 FOR system_time ALL /* QNO 839 CON_ID 16 */
		    14 Query	GRANT CREATE USER, SUPER, RELOAD ON *.* to 'someuser'@'somehost' /* QNO 1447 CON_ID 14 */
		    16 Query	INSERT INTO `events_waits_history_long` ( `pk` ) VALUES (NULL) /* QNO 840 CON_ID 16 */
		    18 Query	SELECT * FROM `INNODB_CMP_PER_INDEX_RESET` INTO OUTFILE 'load_INNODB_CMP_PER_INDEX_RESET'  /* QNO 976 CON_ID 18 */
		    14 Query	ALTER TABLE `A` ADD PRIMARY KEY (`pk`) /* QNO 1448 CON_ID 14 */
		    16 Query	ALTER TABLE `events_statements_history` ADD FOREIGN KEY s ( `OBJECT_NAME`, `SORT_ROWS` ) REFERENCES `events_stages_summary_by_user_by_event_name` (OBJECT_NAME,SORT_ROWS), ADD FOREIGN KEY a (`MAX_TIMER_WAIT`) REFERENCES events_stages_summary_by_user_by_event_name (`MAX_TIMER_WAIT`) ON UPDATE SET DEFAULT /*!100307, ALGORITHM=INSTANT */  /* QNO 841 CON_ID 16 */
		    18 Query	LOAD DATA INFILE 'load_INNODB_CMP_PER_INDEX_RESET' REPLACE INTO TABLE INNODB_CMP_PER_INDEX_RESET /* QNO 977 CON_ID 18 */
		    18 Query	TRUNCATE TABLE performance_schema.events_waits_summary_by_instance /* QNO 978 CON_ID 18 */
		    16 Query	ALTER TABLE t19 ADD COLUMN ( bcol6 BIT, tscol2 DATETIME NULL DEFAULT CURRENT_TIESTAMP ON UPDATE CURRENT_TIMESTAMP, scol9 BINARY NULL, icol9 INT UNSIGNED ), ALGORITHM=COPY, LOCK=NONE /* QNO 842 CON_ID 16 */
		    16 Query	SHOW GRANTS  /* QNO 843 CON_ID 16 */
		    14 Query	CREATE OR REPLACE VIEW r AS SELECT * FROM `C` /* QNO 1449 CON_ID 14 */
		    15 Query	INSERT INTO `tmp` SELECT * FROM D  /* QNO 987 CON_ID 15 */
		    18 Query	INSERT INTO `INNODB_SYS_FOREIGN` ( `pk` ) VALUES (NULL) /* QNO 979 CON_ID 18 */
		    14 Query	/* GenTest::Transform::ExecuteAsExecuteImmediate */ EXECUTE IMMEDIATE 'CREATE OR REPLACE VIEW r AS SELECT * FROM `C` /* QNO 1449 CON_ID 14 */ ' /* TRANSFORM_OUTCOME_UNORDERED_MATCH */ /* QNO 1450 CON_ID 14 */
		    14 Prepare	CREATE OR REPLACE VIEW r AS SELECT * FROM `C` /* QNO 1449 CON_ID 14 */
		    16 Query	DROP TEMPORARY TABLE IF EXISTS `events_statements_summary_by_user_by_event_name` /* QNO 844 CON_ID 16 */
		    16 Query	SHOW WARNINGS
		    16 Query	SHOW SCHEMAS  /* QNO 845 CON_ID 16 */
		    14 Execute	CREATE OR REPLACE VIEW r AS SELECT * FROM `C` /* QNO 1449 CON_ID 14 */
		    16 Query	SHOW TABLES /* QNO 846 CON_ID 16 */
		    14 Query	CREATE PROCEDURE l ( IN m INT, OUT q INT, OUT g INT, IN f INT ) BEGIN SELECT COUNT(*) INTO @a FROM `CC`; END ; /* QNO 1451 CON_ID 14 */
		    18 Query	ALTER TABLE `ALL_PLUGINS` /*!100301 */ ADD INDEX IF NOT EXISTS ind2 USING HASH ( `LOAD_OPTION` ) COMMENT 'thick', ALGORITHM=COPY  /* QNO 980 CON_ID 18 */
		    18 Query	ALTER IGNORE TABLE `PLUGINS` /*!100301 */ ADD PRIMARY KEY ( j DESC ) KEY_BLOCK_SIZE = 18299 /*!100307, ALGORITHM=INSTANT */, LOCK=SHARED  /* QNO 981 CON_ID 18 */
		    16 Query	RENAME TABLE seq2 TO seq10, seq9 TO seq1, seq1 TO seq3 /* QNO 847 CON_ID 16 */
		    15 Query	/* GenTest::Transform::ExecuteAsExecuteImmediate */ EXECUTE IMMEDIATE ' INSERT INTO `tmp` SELECT * FROM D  /* QNO 987 CON_ID 15 */ ' /* TRANSFORM_OUTCOME_UNORDERED_MATCH */ /* QNO 988 CON_ID 15 */
		    15 Prepare	INSERT INTO `tmp` SELECT * FROM D  /* QNO 987 CON_ID 15 */
		    18 Query	ALTER TABLE `KEY_COLUMN_USAGE` /*!100301 NOWAIT */ ADD CONSTRAINT c UNIQUE INDEX v ( `COLUMN_NAME` ) COMMENT 'headache', DROP CONSTRAINT IF EXISTS q, LOCK=SHARED, ADD KEY IF NOT EXISTS ind7 ( t ) COMMENT 'attach' COMMENT 'might' COMMENT 'bat', ALGORITHM=COPY, LOCK=EXCLUSIVE, ADD INDEX IF NOT EXISTS ( `TABLE_SCHEMA` ), ADD CONSTRAINT i UNIQUE KEY i ( n(145) ) /*!100307, ALGORITHM=INSTANT */, LOCK=DEFAULT  /* QNO 982 CON_ID 18 */
		    14 Query	ALTER TABLE `C` DROP PRIMARY KEY /* QNO 1452 CON_ID 14 */
		    16 Query	SET STATEMENT `sql_mode`=ORACLE FOR SELECT seq9.currval /* QNO 848 CON_ID 16 */
		    18 Query	SELECT * FROM INFORMATION_SCHEMA.`INNODB_FT_DEFAULT_STOPWORD` AS table1 WHERE NOT table1.`value` IN ( 8, 8, 2 ) LIMIT 122 /* QNO 983 CON_ID 18 */
		    15 Execute	INSERT INTO `tmp` SELECT * FROM D  /* QNO 987 CON_ID 15 */
		    14 Query	GRANT ALL PRIVILEGES ON test.f TO 'someuser'@'somehost' /* QNO 1453 CON_ID 14 */
		    15 Query	DROP TEMPORARY TABLE IF EXISTS D  /* QNO 989 CON_ID 15 */
		    14 Query	CREATE PROCEDURE p ( IN j INT ) BEGIN SELECT COUNT(*) INTO @a FROM `B`; END ; /* QNO 1454 CON_ID 14 */
		    16 Query	TRUNCATE TABLE performance_schema.events_waits_history_long /* QNO 849 CON_ID 16 */
		    14 Query	DROP TRIGGER IF EXISTS q /* QNO 1455 CON_ID 14 */
		    18 Query	SHOW WARNINGS
		    16 Query	ALTER ONLINE TABLE `events_statements_summary_by_user_by_event_name` /*!100301 NOWAIT */ DROP PRIMARY KEY, DROP KEY IF EXISTS `SUM_SELECT_FULL_RANGE_JOIN` /*!100307, ALGORITHM=INSTANT */, LOCK=NONE  /* QNO 850 CON_ID 16 */
		    14 Query	SHOW WARNINGS
		    14 Query	DROP DATABASE IF EXISTS v /* QNO 1456 CON_ID 14 */
		    18 Query	SELECT LASTVAL( seq3 ) /* QNO 984 CON_ID 18 */
		    14 Query	SHOW WARNINGS
		    18 Query	SET SQL_MODE= 'IGNORE_BAD_TABLE_OPTIONS,ANSI,NO_DIR_IN_CREATE,SIMULTANEOUS_ASSIGNMENT,NO_BACKSLASH_ESCAPES,NO_AUTO_VALUE_ON_ZERO,MSSQL,ANSI_QUOTES,NO_ZERO_IN_DATE,HIGH_NOT_PRECEDENCE,PIPES_AS_CONCAT,NO_UNSIGNED_SUBTRACTION,IGNORE_SPACE,STRICT_TRANS_TABLES,DB2,MAXDB,NO_KEY_OPTIONS,ALLOW_INVALID_DATES,ORACLE,ONLY_FULL_GROUP_BY,PAD_CHAR_TO_FULL_LENGTH,MYSQL40,MYSQL323,POSTGRESQL,NO_AUTO_CREATE_USER,REAL_AS_FLOAT' /* QNO 985 CON_ID 18 */
		    14 Query	GRANT INSERT ( `col_varchar_nokey` ) ON `DD` TO 'someuser'@'somehost' /* QNO 1457 CON_ID 14 */
		    18 Query	SELECT * from t5 FOR system_time FROM DATE_SUB('20240906020342.042710', INTERVAL 5 MONTH) TO TIMESTAMP @trx_user_var /* QNO 986 CON_ID 18 */
		    18 Query	/* GenTest::Transform::ExecuteAsExecuteImmediate */ EXECUTE IMMEDIATE ' /* TRANSFORM_OUTCOME_UNORDERED_MATCH */ /* QNO 987 CON_ID 18 */
		    18 Query	/* GenTest::Transform::ExecuteAsInsertSelect */ CREATE DATABASE IF NOT EXISTS transforms /* QNO 988 CON_ID 18 */
		    15 Query	ALTER TABLE `tmp` RENAME TO D /* QNO 990 CON_ID 15 */
		    15 Query	UNLOCK TABLES /* QNO 991 CON_ID 15 */
		    14 Query	CREATE TABLE c LIKE `D` /* QNO 1458 CON_ID 14 */
		    15 Query	ALTER TABLE `table_stats` /*!100301 WAIT 8 */ ADD CONSTRAINT v UNIQUE INDEX ind9 ( `table_name`(75) ), ALGORITHM=COPY, LOCK=SHARED, DROP CONSTRAINT IF EXISTS `table_name`, LOCK=DEFAULT  /* QNO 992 CON_ID 15 */
		    14 Query	GRANT ALL PRIVILEGES ON test.k TO 'someuser'@'somehost' /* QNO 1459 CON_ID 14 */
		    15 Query	SELECT NEXT VALUE FOR seq8 /* QNO 993 CON_ID 15 */
		    14 Query	ALTER TABLE `A` PARTITION BY KEY() PARTITIONS 8 /* QNO 1460 CON_ID 14 */
		    15 Query	CREATE OR REPLACE TEMPORARY TABLE `tmp` LIKE D  /* QNO 994 CON_ID 15 */
		    14 Query	ALTER TABLE `AA` ADD PRIMARY KEY (`pk`) /* QNO 1461 CON_ID 14 */
		    14 Query	CREATE DATABASE IF NOT EXISTS o /* QNO 1462 CON_ID 14 */
		    14 Query	DROP TABLE v /* QNO 1463 CON_ID 14 */
		    14 Query	REVOKE USAGE ON *.* FROM 'someuser'@'somehost' /* QNO 1464 CON_ID 14 */
		    14 Query	DROP DATABASE IF EXISTS u /* QNO 1465 CON_ID 14 */
		    16 Query	SELECT * FROM (mysql.`help_topic` AS table1 STRAIGHT_JOIN mysql.`help_relation` AS table2 ON ( table2.`help_keyword_id` = table1.`example` ) ) WHERE NOT ( ( ( ( (NOT (NOT (NOT ( ( ( ( table2.`help_topic_id` LIKE 'wait/synch/mutex/%' OR table2.`help_topic_id` LIKE '%sql%') OR table1.`name` != table1.`name`) AND table2.`help_topic_id` LIKE 'wait/synch/mutex/%') OR table1.`url` = 0) AND table1.`help_category_id` <> table2.`help_keyword_id`) AND table1.`name` <> table2.`help_topic_id`) OR table2.`help_keyword_id` < table1.`help_topic_id`) AND table2.`help_topic_id` <> table2.`help_keyword_id`) OR table1.`help_category_id` LIKE 'wait%') AND table1.`example` != table2.`help_keyword_id`) AND table2.`help_topic_id` LIKE '%mysys%') HAVING table1.`name` < 5 IS NOT NULL LIMIT 64 /* QNO 851 CON_ID 16 */
		    16 Query	SHOW WARNINGS
		    16 Query	SET FOREIGN_KEY_CHECKS = OFF /* QNO 852 CON_ID 16 */
		    16 Query	ALTER ONLINE TABLE `time_zone_name` ADD CONSTRAINT FOREIGN KEY (`Time_zone_id`) REFERENCES time_zone_name (`Name`) ON DELETE CASCADE ON UPDATE SET NULL, ADD FOREIGN KEY s (`Time_zone_id`) REFERENCES time_zone_name (`Time_zone_id`)  /* QNO 853 CON_ID 16 */
		    17 Query	SHOW WARNINGS
		    18 Query	SHOW WARNINGS
		    18 Query	DROP TABLE IF EXISTS transforms.insert_select_22992 /* QNO 989 CON_ID 18 */
		    17 Query	DROP TABLE IF EXISTS transforms.insert_select_22990 /* QNO 818 CON_ID 17 */
		    18 Query	SHOW WARNINGS
		    18 Query	CREATE TABLE transforms.insert_select_22992 SELECT * from t5 FOR system_time FROM DATE_SUB('20240906020342.042710', INTERVAL 5 MONTH) TO TIMESTAMP @trx_user_var /* QNO 986 CON_ID 18 */  /* QNO 990 CON_ID 18 */
		    16 Query	ALTER ONLINE TABLE `time_zone` /*!100301 NOWAIT */ DROP FOREIGN KEY IF EXISTS r, ADD CONSTRAINT u FOREIGN KEY ( `Time_zone_id` ) REFERENCES `global_priv` (Time_zone_id) ON DELETE NO ACTION, ALGORITHM=DEFAULT, LOCK=SHARED /* QNO 854 CON_ID 16 */
		    19 Query	SELECT * FROM transforms.insert_select_22994 /* TRANSFORM_OUTCOME_UNORDERED_MATCH */ /* QNO 715 CON_ID 19 */
		    17 Query	SHOW WARNINGS
		    16 Query	UPDATE performance_schema.setup_consumers SET enabled = 'YES' WHERE name IN ( 'events_waits_summary_by_thread_by_event_name', 'events_waits_summary_by_instance' ) /* QNO 855 CON_ID 16 */
		    17 Query	CREATE TABLE transforms.insert_select_22990  SELECT * FROM INFORMATION_SCHEMA.`SESSION_VARIABLES` AS table1 WHERE ( ( table1.`VARIABLE_NAME` LIKE 'wait/synch/rwlock%' AND table1.`VARIABLE_NAME` LIKE '%sql%') OR table1.`VARIABLE_VALUE` <> '1989-04-11 20:53:41.041319') LIMIT 138 /* QNO 815 CON_ID 17 */  /* QNO 819 CON_ID 17 */
		    16 Query	SET STATEMENT system_versioning_alter_history=KEEP FOR ALTER TABLE t2 DROP PARTITION ver_p5 /* QNO 856 CON_ID 16 */
		    14 Query	CREATE OR REPLACE VIEW p AS SELECT * FROM `A` /* QNO 1466 CON_ID 14 */
		    16 Query	ALTER TABLE `global_priv` /*!100301 */ DROP PRIMARY KEY, ALGORITHM=COPY, LOCK=SHARED  /* QNO 857 CON_ID 16 */
		    19 Query	DELETE FROM transforms.insert_select_22994 /* QNO 716 CON_ID 19 */
		    19 Query	INSERT INTO transforms.insert_select_22994  SELECT * FROM INFORMATION_SCHEMA.`REFERENTIAL_CONSTRAINTS` AS table1 HAVING ( ( table1.`REFERENCED_TABLE_NAME` >= 5 OR table1.`UNIQUE_CONSTRAINT_NAME` != 'x') OR table1.`CONSTRAINT_SCHEMA` != 2) LIMIT 57 /* QNO 710 CON_ID 19 */  /* QNO 717 CON_ID 19 */
		    16 Query	SELECT SETVAL(seq5, -34) /* QNO 858 CON_ID 16 */
		    14 Query	/* GenTest::Transform::ExecuteAsExecuteImmediate */ EXECUTE IMMEDIATE 'CREATE OR REPLACE VIEW p AS SELECT * FROM `A` /* QNO 1466 CON_ID 14 */ ' /* TRANSFORM_OUTCOME_UNORDERED_MATCH */ /* QNO 1467 CON_ID 14 */
		    14 Prepare	CREATE OR REPLACE VIEW p AS SELECT * FROM `A` /* QNO 1466 CON_ID 14 */
		    16 Query	SHOW ENGINE PERFORMANCE_SCHEMA STATUS /* QNO 859 CON_ID 16 */
		    16 Query	INSERT INTO `slow_log` ( `pk` ) VALUES (NULL) /* QNO 860 CON_ID 16 */
		    14 Execute	CREATE OR REPLACE VIEW p AS SELECT * FROM `A` /* QNO 1466 CON_ID 14 */
		    14 Query	ALTER TABLE `BB` DROP KEY g /* QNO 1468 CON_ID 14 */
		    16 Query	CREATE OR REPLACE TEMPORARY TABLE `tmp` LIKE D  /* QNO 861 CON_ID 16 */
		    14 Query	GRANT UPDATE ( `col_int_key` ), INSERT ( `col_varchar_nokey` ), INSERT ( `col_datetime_nokey` ), INSERT ( `col_datetime_nokey`, `pk`, `col_int_key` ), INSERT ( `col_int_nokey`, `pk`, `col_time_key` ) ON `D` TO 'someuser'@'somehost' /* QNO 1469 CON_ID 14 */
		    15 Query	INSERT INTO `tmp` SELECT * FROM D  /* QNO 995 CON_ID 15 */
		    14 Query	DROP TABLE x /* QNO 1470 CON_ID 14 */
		    14 Query	REVOKE CREATE USER ON *.* FROM 'someuser'@'somehost' /* QNO 1471 CON_ID 14 */
		    14 Query	ALTER TABLE `CC` PARTITION BY KEY() PARTITIONS 4 /* QNO 1472 CON_ID 14 */
		    14 Query	DROP EVENT w /* QNO 1473 CON_ID 14 */
		    14 Query	ALTER TABLE `A` DROP COLUMN v /* QNO 1474 CON_ID 14 */
		    14 Query	DROP VIEW IF EXISTS e /* QNO 1475 CON_ID 14 */
		    14 Query	SHOW WARNINGS
		    14 Query	CREATE FUNCTION b ( l INTEGER, p INTEGER ) RETURNS INTEGER RETURN 1 /* QNO 1476 CON_ID 14 */
		    14 Query	CREATE TABLE k LIKE `A` /* QNO 1477 CON_ID 14 */
		    15 Query	/* GenTest::Transform::ExecuteAsExecuteImmediate */ EXECUTE IMMEDIATE ' INSERT INTO `tmp` SELECT * FROM D  /* QNO 995 CON_ID 15 */ ' /* TRANSFORM_OUTCOME_UNORDERED_MATCH */ /* QNO 996 CON_ID 15 */
		    15 Prepare	INSERT INTO `tmp` SELECT * FROM D  /* QNO 995 CON_ID 15 */
		    16 Query	INSERT INTO `tmp` SELECT * FROM D  /* QNO 862 CON_ID 16 */
		    18 Query	SELECT * FROM transforms.insert_select_22992 /* TRANSFORM_OUTCOME_UNORDERED_MATCH */ /* QNO 991 CON_ID 18 */
		    18 Query	DELETE FROM transforms.insert_select_22992 /* QNO 992 CON_ID 18 */
		    18 Query	INSERT INTO transforms.insert_select_22992 SELECT * from t5 FOR system_time FROM DATE_SUB('20240906020342.042710', INTERVAL 5 MONTH) TO TIMESTAMP @trx_user_var /* QNO 986 CON_ID 18 */  /* QNO 993 CON_ID 18 */
		    18 Query	SELECT * FROM transforms.insert_select_22992 /* TRANSFORM_OUTCOME_UNORDERED_MATCH */ /* QNO 994 CON_ID 18 */
		    18 Query	DELETE FROM transforms.insert_select_22992 /* QNO 995 CON_ID 18 */
		    18 Query	REPLACE INTO transforms.insert_select_22992 SELECT * from t5 FOR system_time FROM DATE_SUB('20240906020342.042710', INTERVAL 5 MONTH) TO TIMESTAMP @trx_user_var /* QNO 986 CON_ID 18 */  /* QNO 996 CON_ID 18 */
		    18 Query	SELECT * FROM transforms.insert_select_22992 /* TRANSFORM_OUTCOME_UNORDERED_MATCH */ /* QNO 997 CON_ID 18 */
		    18 Query	DROP TABLE transforms.insert_select_22992 /* QNO 998 CON_ID 18 */
		    19 Query	SHOW WARNINGS
		    19 Query	SELECT * FROM transforms.insert_select_22994 /* TRANSFORM_OUTCOME_UNORDERED_MATCH */ /* QNO 718 CON_ID 19 */
		    19 Query	DELETE FROM transforms.insert_select_22994 /* QNO 719 CON_ID 19 */
		    19 Query	REPLACE INTO transforms.insert_select_22994  SELECT * FROM INFORMATION_SCHEMA.`REFERENTIAL_CONSTRAINTS` AS table1 HAVING ( ( table1.`REFERENCED_TABLE_NAME` >= 5 OR table1.`UNIQUE_CONSTRAINT_NAME` != 'x') OR table1.`CONSTRAINT_SCHEMA` != 2) LIMIT 57 /* QNO 710 CON_ID 19 */  /* QNO 720 CON_ID 19 */
		    14 Query	ALTER TABLE `BB` ADD KEY ( w ) /* QNO 1478 CON_ID 14 */
		    18 Query	SHOW EXPLAIN FOR 226 /* QNO 999 CON_ID 18 */
		    14 Query	ALTER TABLE `E` DROP PRIMARY KEY /* QNO 1479 CON_ID 14 */
		    14 Query	ALTER TABLE `B` ADD KEY ( x ) /* QNO 1480 CON_ID 14 */
		    18 Query	SELECT * FROM performance_schema.`events_waits_history_long` AS table1 LIMIT 177 /* QNO 1000 CON_ID 18 */
		    18 Query	/* GenTest::Transform::ExecuteAsExecuteImmediate */ EXECUTE IMMEDIATE ' /* TRANSFORM_OUTCOME_UNORDERED_MATCH */ /* QNO 1001 CON_ID 18 */
		    18 Query	/* GenTest::Transform::ExecuteAsInsertSelect */ CREATE DATABASE IF NOT EXISTS transforms /* QNO 1002 CON_ID 18 */
		    14 Query	ALTER TABLE `C` PARTITION BY KEY() PARTITIONS 4 /* QNO 1481 CON_ID 14 */
		    14 Query	GRANT INSERT ( `col_varchar_nokey` ), SELECT ( `pk` ) ON `BB` TO 'someuser'@'somehost' /* QNO 1482 CON_ID 14 */
		    14 Query	GRANT INSERT ( `col_datetime_nokey` ) ON `A` TO 'someuser'@'somehost' /* QNO 1483 CON_ID 14 */
		    14 Query	ALTER TABLE `D` ADD PRIMARY KEY (`pk`) /* QNO 1484 CON_ID 14 */
		    14 Query	ALTER TABLE `E` DROP KEY f /* QNO 1485 CON_ID 14 */
		    14 Query	ALTER TABLE `DD` ADD KEY ( y ) /* QNO 1486 CON_ID 14 */
		    14 Query	ALTER TABLE `AA` PARTITION BY KEY() PARTITIONS 5 /* QNO 1487 CON_ID 14 */
		    14 Query	ALTER TABLE `C` DROP KEY h /* QNO 1488 CON_ID 14 */
		    15 Execute	INSERT INTO `tmp` SELECT * FROM D  /* QNO 995 CON_ID 15 */
		    15 Query	DROP TEMPORARY TABLE IF EXISTS D  /* QNO 997 CON_ID 15 */
		    14 Query	GRANT ALL PRIVILEGES ON h.* TO 'someuser'@'somehost' /* QNO 1489 CON_ID 14 */
		    16 Query	/* GenTest::Transform::ExecuteAsExecuteImmediate */ EXECUTE IMMEDIATE ' INSERT INTO `tmp` SELECT * FROM D  /* QNO 862 CON_ID 16 */ ' /* TRANSFORM_OUTCOME_UNORDERED_MATCH */ /* QNO 863 CON_ID 16 */
		    16 Prepare	INSERT INTO `tmp` SELECT * FROM D  /* QNO 862 CON_ID 16 */
		    14 Query	REVOKE ALL PRIVILEGES ON test.v FROM 'someuser'@'somehost' /* QNO 1490 CON_ID 14 */
		    14 Query	DROP DATABASE IF EXISTS a /* QNO 1491 CON_ID 14 */
		    15 Query	ALTER TABLE `tmp` RENAME TO D /* QNO 998 CON_ID 15 */
		    15 Query	SHOW ENGINE Aria STATUS /* QNO 999 CON_ID 15 */
		    15 Query	SHOW ENGINE PERFORMANCE_SCHEMA STATUS /* QNO 1000 CON_ID 15 */
		    14 Query	GRANT SELECT ( `col_time_key` ) ON `D` TO 'someuser'@'somehost' /* QNO 1492 CON_ID 14 */
		    14 Query	GRANT UPDATE ( `pk` ), SELECT ( `col_time_nokey`, `col_date_nokey`, `col_varchar_key`, `col_varchar_nokey`, `pk`, `col_datetime_nokey` ) ON `B` TO 'someuser'@'somehost' /* QNO 1493 CON_ID 14 */
		    15 Query	ALTER ONLINE TABLE `help_category` /*!100301 */ CHANGE IF EXISTS `name` q DATE NOT NULL FIRST, ALGORITHM=COPY  /* QNO 1001 CON_ID 15 */
		    14 Query	ALTER TABLE `CC` DROP PRIMARY KEY /* QNO 1494 CON_ID 14 */
		    14 Query	ALTER TABLE `E` DROP COLUMN y /* QNO 1495 CON_ID 14 */
		    16 Execute	INSERT INTO `tmp` SELECT * FROM D  /* QNO 862 CON_ID 16 */
		    14 Query	CREATE DATABASE IF NOT EXISTS r /* QNO 1496 CON_ID 14 */
		    15 Query	ALTER TABLE `time_zone_name` /*!100301 */ CHANGE COLUMN IF EXISTS `Time_zone_id` s INT NOT NULL DEFAULT 79  /* QNO 1002 CON_ID 15 */
		    16 Query	DROP TEMPORARY TABLE IF EXISTS D  /* QNO 864 CON_ID 16 */
		    14 Query	SHOW WARNINGS
		    14 Query	CREATE TABLE a LIKE `DD` /* QNO 1497 CON_ID 14 */
		    14 Query	CREATE OR REPLACE VIEW v AS SELECT * FROM `CC` /* QNO 1498 CON_ID 14 */
		    18 Query	SHOW WARNINGS
		    18 Query	DROP TABLE IF EXISTS transforms.insert_select_22992 /* QNO 1003 CON_ID 18 */
		    14 Query	GRANT SELECT ( `col_datetime_key`, `col_time_key`, `col_varchar_key` ) ON `A` TO 'someuser'@'somehost' /* QNO 1499 CON_ID 14 */
		    17 Query	SELECT * FROM transforms.insert_select_22990 /* TRANSFORM_OUTCOME_UNORDERED_MATCH */ /* QNO 820 CON_ID 17 */
		    15 Query	SELECT * FROM (performance_schema.`events_waits_history` AS table1 LEFT JOIN INFORMATION_SCHEMA.`COLLATION_CHARACTER_SET_APPLICABILITY` AS table2 ON ( table2.`CHARACTER_SET_NAME` = table1.`SPINS` ) ) HAVING table1.`TIMER_WAIT` <= '1987-02-11 04:46:20.009092' LIMIT 63 /* QNO 1003 CON_ID 15 */
		    18 Query	SHOW WARNINGS
		    18 Query	CREATE TABLE transforms.insert_select_22992  SELECT * FROM performance_schema.`events_waits_history_long` AS table1 LIMIT 177 /* QNO 1000 CON_ID 18 */  /* QNO 1004 CON_ID 18 */
		    14 Query	CREATE DATABASE IF NOT EXISTS y /* QNO 1500 CON_ID 14 */
		    14 Query	GRANT SELECT ( `col_time_nokey` ) ON `BB` TO 'someuser'@'somehost' /* QNO 1501 CON_ID 14 */
		    14 Query	DROP TABLE p /* QNO 1502 CON_ID 14 */
		    15 Query	SHOW WARNINGS
		    14 Query	ALTER TABLE `E` DROP KEY k /* QNO 1503 CON_ID 14 */
		    14 Query	DROP PROCEDURE IF EXISTS j /* QNO 1504 CON_ID 14 */
		    17 Query	DELETE FROM transforms.insert_select_22990 /* QNO 821 CON_ID 17 */
		    15 Query	ALTER IGNORE TABLE `setup_consumers` /*!100301 WAIT 2 */ ALTER COLUMN /*!100305 IF EXISTS */ `NAME` SET DEFAULT NULL, CHANGE COLUMN IF EXISTS vcol7 tscol2 TIMESTAMP NULL DEFAULT CURRENT_TIMESTAMP /*!100201 CHECK (scol5 >= tscol6) */, ALGORITHM=DEFAULT, LOCK=EXCLUSIVE  /* QNO 1004 CON_ID 15 */
		    14 Query	DROP EVENT s /* QNO 1505 CON_ID 14 */
		    14 Query	REVOKE CREATE USER ON *.* FROM 'someuser'@'somehost' /* QNO 1506 CON_ID 14 */
		    14 Query	CREATE EVENT v ON SCHEDULE AT NOW() DO SET @a=@a /* QNO 1507 CON_ID 14 */
		    15 Query	CREATE OR REPLACE TEMPORARY TABLE `tmp` LIKE D  /* QNO 1005 CON_ID 15 */
190122 13:39:51	    14 Query	ALTER TABLE `AA` ADD KEY ( p ) /* QNO 1508 CON_ID 14 */
		    14 Query	ALTER TABLE `AA` DROP COLUMN b /* QNO 1509 CON_ID 14 */
		    14 Query	ALTER TABLE `C` ADD PRIMARY KEY (`pk`) /* QNO 1510 CON_ID 14 */
		    14 Query	DROP EVENT a /* QNO 1511 CON_ID 14 */
		    16 Query	ALTER TABLE `tmp` RENAME TO D /* QNO 865 CON_ID 16 */
		    16 Query	SET SESSION FOREIGN_KEY_CHECKS = ON /* QNO 866 CON_ID 16 */
		    14 Query	REVOKE ALL PRIVILEGES ON test.q FROM 'someuser'@'somehost' /* QNO 1512 CON_ID 14 */
		    16 Query	UPDATE performance_schema.setup_instruments SET ENABLED = 'NO' WHERE NAME LIKE 'wait/synch%' /* QNO 867 CON_ID 16 */
		    14 Query	ALTER TABLE `B` REMOVE PARTITIONING /* QNO 1513 CON_ID 14 */
		    19 Query	SHOW WARNINGS
		    19 Query	SELECT * FROM transforms.insert_select_22994 /* TRANSFORM_OUTCOME_UNORDERED_MATCH */ /* QNO 721 CON_ID 19 */
		    14 Query	ALTER TABLE `CC` DROP PRIMARY KEY /* QNO 1514 CON_ID 14 */
		    16 Query	CREATE OR REPLACE TEMPORARY TABLE `tmp` LIKE A  /* QNO 868 CON_ID 16 */
		    19 Query	DROP TABLE transforms.insert_select_22994 /* QNO 722 CON_ID 19 */
		    14 Query	REVOKE ALL PRIVILEGES ON h.* FROM 'someuser'@'somehost' /* QNO 1515 CON_ID 14 */
		    14 Query	GRANT ALL PRIVILEGES ON test.b TO 'someuser'@'somehost' /* QNO 1516 CON_ID 14 */
		    14 Query	DROP EVENT b /* QNO 1517 CON_ID 14 */
		    14 Query	DROP TABLE e /* QNO 1518 CON_ID 14 */
		    14 Query	DROP DATABASE IF EXISTS k /* QNO 1519 CON_ID 14 */
		    14 Query	SHOW WARNINGS
		    14 Query	DROP FUNCTION IF EXISTS o /* QNO 1520 CON_ID 14 */
		    14 Query	SHOW WARNINGS
		    14 Query	CREATE TRIGGER t BEFORE INSERT ON `AA` FOR EACH ROW BEGIN INSERT INTO `D` SELECT * FROM `DD` LIMIT 0 ; END ; /* QNO 1521 CON_ID 14 */
		    14 Query	ALTER TABLE `D` DROP COLUMN f /* QNO 1522 CON_ID 14 */
		    14 Query	DROP VIEW IF EXISTS i /* QNO 1523 CON_ID 14 */
		    14 Query	SHOW WARNINGS
		    14 Query	GRANT ALL PRIVILEGES ON h.* TO 'someuser'@'somehost' /* QNO 1524 CON_ID 14 */
		    14 Query	REVOKE SUPER ON *.* FROM 'someuser'@'somehost' /* QNO 1525 CON_ID 14 */
		    14 Query	DROP TABLE v /* QNO 1526 CON_ID 14 */
		    14 Query	DROP DATABASE IF EXISTS n /* QNO 1527 CON_ID 14 */
		    17 Query	INSERT INTO transforms.insert_select_22990  SELECT * FROM INFORMATION_SCHEMA.`SESSION_VARIABLES` AS table1 WHERE ( ( table1.`VARIABLE_NAME` LIKE 'wait/synch/rwlock%' AND table1.`VARIABLE_NAME` LIKE '%sql%') OR table1.`VARIABLE_VALUE` <> '1989-04-11 20:53:41.041319') LIMIT 138 /* QNO 815 CON_ID 17 */  /* QNO 822 CON_ID 17 */
		    14 Query	CREATE EVENT u ON SCHEDULE AT NOW() DO SET @a=@a /* QNO 1528 CON_ID 14 */
		    14 Query	CREATE FUNCTION b ( l INTEGER, y INTEGER ) RETURNS INTEGER RETURN 1 /* QNO 1529 CON_ID 14 */
		    14 Query	ALTER TABLE `C` DROP PRIMARY KEY /* QNO 1530 CON_ID 14 */
		    14 Query	GRANT RELOAD ON *.* to 'someuser'@'somehost' /* QNO 1531 CON_ID 14 */
		    14 Query	CREATE DATABASE IF NOT EXISTS f /* QNO 1532 CON_ID 14 */
		    14 Query	GRANT UPDATE ( `col_time_key` ) ON `DD` TO 'someuser'@'somehost' /* QNO 1533 CON_ID 14 */
		    14 Query	ALTER TABLE `C` PARTITION BY KEY() PARTITIONS 6 /* QNO 1534 CON_ID 14 */
		    18 Query	SELECT * FROM transforms.insert_select_22992 /* TRANSFORM_OUTCOME_UNORDERED_MATCH */ /* QNO 1005 CON_ID 18 */
		    18 Query	DELETE FROM transforms.insert_select_22992 /* QNO 1006 CON_ID 18 */
		    18 Query	INSERT INTO transforms.insert_select_22992  SELECT * FROM performance_schema.`events_waits_history_long` AS table1 LIMIT 177 /* QNO 1000 CON_ID 18 */  /* QNO 1007 CON_ID 18 */
		    18 Query	SELECT * FROM transforms.insert_select_22992 /* TRANSFORM_OUTCOME_UNORDERED_MATCH */ /* QNO 1008 CON_ID 18 */
		    18 Query	DELETE FROM transforms.insert_select_22992 /* QNO 1009 CON_ID 18 */
		    18 Query	REPLACE INTO transforms.insert_select_22992  SELECT * FROM performance_schema.`events_waits_history_long` AS table1 LIMIT 177 /* QNO 1000 CON_ID 18 */  /* QNO 1010 CON_ID 18 */
		    18 Query	SELECT * FROM transforms.insert_select_22992 /* TRANSFORM_OUTCOME_UNORDERED_MATCH */ /* QNO 1011 CON_ID 18 */
		    18 Query	DROP TABLE transforms.insert_select_22992 /* QNO 1012 CON_ID 18 */
		    15 Query	INSERT INTO `tmp` SELECT * FROM D  /* QNO 1006 CON_ID 15 */
		    14 Query	DROP DATABASE IF EXISTS x /* QNO 1535 CON_ID 14 */
		    19 Query	ALTER TABLE `INNODB_TABLESPACES_ENCRYPTION` DROP FOREIGN KEY e /*!100307, ALGORITHM=NOCOPY */, LOCK=NONE /* QNO 723 CON_ID 19 */
		    19 Query	SHOW CREATE TABLE t8 /* QNO 724 CON_ID 19 */
		    19 Query	CREATE OR REPLACE TEMPORARY TABLE `tmp` LIKE C  /* QNO 725 CON_ID 19 */
		    14 Query	GRANT ALL PRIVILEGES ON test.k TO 'someuser'@'somehost' /* QNO 1536 CON_ID 14 */
		    14 Query	ALTER TABLE `C` DROP COLUMN a /* QNO 1537 CON_ID 14 */
		    14 Query	REVOKE ALL PRIVILEGES ON test.a FROM 'someuser'@'somehost' /* QNO 1538 CON_ID 14 */
		    14 Query	CREATE FUNCTION v ( f INTEGER, a INTEGER ) RETURNS INTEGER RETURN 1 /* QNO 1539 CON_ID 14 */
		    14 Query	ALTER TABLE `D` DROP COLUMN k /* QNO 1540 CON_ID 14 */
		    16 Query	INSERT INTO `tmp` SELECT * FROM A  /* QNO 869 CON_ID 16 */
		    16 Query	/* GenTest::Transform::ExecuteAsExecuteImmediate */ EXECUTE IMMEDIATE ' INSERT INTO `tmp` SELECT * FROM A  /* QNO 869 CON_ID 16 */ ' /* TRANSFORM_OUTCOME_UNORDERED_MATCH */ /* QNO 870 CON_ID 16 */
		    16 Prepare	INSERT INTO `tmp` SELECT * FROM A  /* QNO 869 CON_ID 16 */
		    16 Execute	INSERT INTO `tmp` SELECT * FROM A  /* QNO 869 CON_ID 16 */
		    16 Query	DROP TEMPORARY TABLE IF EXISTS A  /* QNO 871 CON_ID 16 */
		    16 Query	ALTER TABLE `tmp` RENAME TO A /* QNO 872 CON_ID 16 */
		    16 Query	SELECT * from t4 WHERE row_start IN (SELECT row_start FROM t2) /* QNO 873 CON_ID 16 */
		    18 Query	SET GLOBAL SQL_MODE= '' /* QNO 1013 CON_ID 18 */
		    18 Query	ALTER ONLINE IGNORE TABLE `file_summary_by_instance` ADD FOREIGN KEY ( `AVG_TIMER_WRITE` ) REFERENCES `events_statements_summary_by_account_by_event_name` (AVG_TIMER_WRITE)  /* QNO 1014 CON_ID 18 */
		    16 Query	ALTER TABLE `help_relation` ADD FOREIGN KEY z ( `help_topic_id` ) REFERENCES `func` (help_topic_id) ON UPDATE RESTRICT, ALGORITHM=INPLACE, LOCK=NONE /* QNO 874 CON_ID 16 */
		    18 Query	SELECT * FROM mysql.`user` AS table1 WHERE NOT table1.`Drop_priv` > 'f' HAVING (NOT (table1.`Repl_client_priv` != 'f' IS NOT NULL OR table1.`authentication_string` != '2009-05-07 03:16:48.039798') OR table1.`max_statement_time` <= 'ur') ORDER BY table1.`plugin` LIMIT 80 /* QNO 1015 CON_ID 18 */
		    19 Query	INSERT INTO `tmp` SELECT * FROM C  /* QNO 726 CON_ID 19 */
		    16 Query	ALTER IGNORE TABLE `general_log` /*!100301 NOWAIT */ ADD COLUMN IF NOT EXISTS ( r DATETIME AS ( `thread_id` ) VIRTUAL /*!100303 INVISIBLE */ ) /*!100307, ALGORITHM=NOCOPY */, LOCK=DEFAULT, MODIFY COLUMN IF EXISTS `user_host` SMALLINT AS ( l ) VIRTUAL, LOCK=EXCLUSIVE  /* QNO 875 CON_ID 16 */
		    19 Query	/* GenTest::Transform::ExecuteAsExecuteImmediate */ EXECUTE IMMEDIATE ' INSERT INTO `tmp` SELECT * FROM C  /* QNO 726 CON_ID 19 */ ' /* TRANSFORM_OUTCOME_UNORDERED_MATCH */ /* QNO 727 CON_ID 19 */
		    19 Prepare	INSERT INTO `tmp` SELECT * FROM C  /* QNO 726 CON_ID 19 */
		    19 Execute	INSERT INTO `tmp` SELECT * FROM C  /* QNO 726 CON_ID 19 */
		    14 Query	CREATE TRIGGER e BEFORE INSERT ON `B` FOR EACH ROW BEGIN INSERT INTO `C` SELECT * FROM `E` LIMIT 0 ; END ; /* QNO 1541 CON_ID 14 */
		    19 Query	DROP TEMPORARY TABLE IF EXISTS C  /* QNO 728 CON_ID 19 */
		    16 Query	INSERT INTO `time_zone_transition` ( `pk` ) VALUES (NULL) /* QNO 876 CON_ID 16 */
		    14 Query	GRANT ALL PRIVILEGES ON test.f TO 'someuser'@'somehost' /* QNO 1542 CON_ID 14 */
		    18 Query	INSERT INTO `time_zone` ( `pk` ) VALUES (NULL) /* QNO 1016 CON_ID 18 */
		    16 Query	UPDATE `time_zone_transition` SET `Time_zone_id` = 8 WHERE `Transition_type_id` > 'j' /* QNO 877 CON_ID 16 */
		    19 Query	ALTER TABLE `tmp` RENAME TO C /* QNO 729 CON_ID 19 */
		    19 Query	ALTER TABLE `TABLE_PRIVILEGES` /*!100301 WAIT 9 */ DROP FOREIGN KEY IF EXISTS f, LOCK=SHARED /* QNO 730 CON_ID 19 */
		    16 Query	UNLOCK TABLES /* QNO 878 CON_ID 16 */
		    14 Query	GRANT SELECT ( `col_varchar_nokey` ), UPDATE ( `col_datetime_nokey`, `col_int_key`, `col_date_nokey`, `col_int_key` ), INSERT ( `col_date_key` ), INSERT ( `col_varchar_key`, `col_time_key` ), UPDATE ( `col_time_key` ), SELECT ( `col_datetime_nokey` ) ON `D` TO 'someuser'@'somehost' /* QNO 1543 CON_ID 14 */
		    18 Query	SHOW EXPLAIN FOR 120 /* QNO 1017 CON_ID 18 */
		    19 Query	ALTER TABLE `SCHEMA_PRIVILEGES` /*!100301 WAIT 4 */ ADD IF NOT EXISTS `IS_GRANTABLE` MEDIUMINT UNSIGNED ZEROFILL NOT NULL DEFAULT 3, ALGORITHM=COPY, LOCK=NONE  /* QNO 731 CON_ID 19 */
		    14 Query	DROP EVENT r /* QNO 1544 CON_ID 14 */
		    14 Query	ALTER TABLE `DD` DROP KEY y /* QNO 1545 CON_ID 14 */
		    16 Query	ALTER ONLINE TABLE `transaction_registry` /*!100301 */ ADD COLUMN `commit_id` DOUBLE ZEROFILL NOT NULL DEFAULT 96, ALGORITHM=COPY, LOCK=NONE, MODIFY IF EXISTS `commit_id` VARBINARY(21521) NULL DEFAULT NULL  /* QNO 879 CON_ID 16 */
		    18 Query	UPDATE `time_zone_name` SET `Name` = 'r' WHERE `Time_zone_id` != '2034-05-27 04:51:54.056097' /* QNO 1018 CON_ID 18 */
		    19 Query	ALTER ONLINE TABLE t10 DROP INDEX ind4  /* QNO 732 CON_ID 19 */
		    14 Query	DROP VIEW IF EXISTS g /* QNO 1546 CON_ID 14 */
		    19 Query	SELECT NEXT VALUE FOR seq5 /* QNO 733 CON_ID 19 */
		    14 Query	SHOW WARNINGS
		    14 Query	CREATE OR REPLACE VIEW a AS SELECT * FROM `BB` /* QNO 1547 CON_ID 14 */
		    16 Query	/*!100305 SHOW PACKAGE BODY STATUS */ /* QNO 880 CON_ID 16 */
		    19 Query	ALTER ONLINE TABLE `TABLE_CONSTRAINTS` /*!100301 NOWAIT */ ADD CONSTRAINT j FOREIGN KEY (`CONSTRAINT_TYPE`) REFERENCES TABLE_CONSTRAINTS (`TABLE_SCHEMA`), ALGORITHM=COPY  /* QNO 734 CON_ID 19 */
		    14 Query	ALTER TABLE `BB` ADD KEY ( x ) /* QNO 1548 CON_ID 14 */
		    19 Query	TRUNCATE TABLE performance_schema.file_summary_by_event_name /* QNO 735 CON_ID 19 */
		    14 Query	ALTER TABLE `C` REMOVE PARTITIONING /* QNO 1549 CON_ID 14 */
		    16 Query	INSERT INTO t19 ( tcol3 ) SELECT ncol1 FROM t16 /* QNO 881 CON_ID 16 */
		    14 Query	GRANT INSERT ( `col_int_nokey` ), INSERT ( `col_time_nokey` ) ON `A` TO 'someuser'@'somehost' /* QNO 1550 CON_ID 14 */
		    15 Query	/* GenTest::Transform::ExecuteAsExecuteImmediate */ EXECUTE IMMEDIATE ' INSERT INTO `tmp` SELECT * FROM D  /* QNO 1006 CON_ID 15 */ ' /* TRANSFORM_OUTCOME_UNORDERED_MATCH */ /* QNO 1007 CON_ID 15 */
		    15 Prepare	INSERT INTO `tmp` SELECT * FROM D  /* QNO 1006 CON_ID 15 */
		    19 Query	TRUNCATE TABLE performance_schema.events_waits_history /* QNO 736 CON_ID 19 */
		    14 Query	DROP EVENT o /* QNO 1551 CON_ID 14 */
		    14 Query	CREATE OR REPLACE VIEW d AS SELECT * FROM `C` /* QNO 1552 CON_ID 14 */
		    14 Query	DROP TABLE m /* QNO 1553 CON_ID 14 */
		    14 Query	GRANT UPDATE ( `col_date_nokey` ) ON `AA` TO 'someuser'@'somehost' /* QNO 1554 CON_ID 14 */
		    14 Query	CREATE PROCEDURE k ( IN g INT ) BEGIN SELECT COUNT(*) INTO @a FROM `CC`; END ; /* QNO 1555 CON_ID 14 */
		    16 Query	UNLOCK TABLES /* QNO 882 CON_ID 16 */
		    17 Query	SELECT * FROM transforms.insert_select_22990 /* TRANSFORM_OUTCOME_UNORDERED_MATCH */ /* QNO 823 CON_ID 17 */
		    16 Query	ALTER TABLE `roles_mapping` /*!100301 */ ADD UNIQUE ( o(60) DESC ), ALGORITHM=INPLACE  /* QNO 883 CON_ID 16 */
		    19 Query	TRUNCATE TABLE performance_schema.events_waits_history /* QNO 737 CON_ID 19 */
		    19 Query	SELECT * FROM performance_schema.`setup_objects` AS table1 WHERE ( ( table1.`OBJECT_NAME` < 'jq' AND table1.`ENABLED` IN ( 2, 9, 8 )) AND table1.`OBJECT_SCHEMA` IN ( 8, 1, 5 )) LIMIT 5 /* QNO 738 CON_ID 19 */
		    19 Query	SHOW WARNINGS
		    16 Query	INSERT INTO `help_relation` SELECT * FROM `proxies_priv` /* QNO 884 CON_ID 16 */
		    19 Query	ALTER ONLINE IGNORE TABLE `setup_instruments` /*!100301 */ DROP CONSTRAINT IF EXISTS q, ALGORITHM=INPLACE, LOCK=DEFAULT  /* QNO 739 CON_ID 19 */
		    18 Query	SELECT * FROM (performance_schema.`file_summary_by_instance` AS table1 STRAIGHT_JOIN mysql.`help_keyword` AS table2 ON ( table2.`help_keyword_id` = table1.`COUNT_WRITE` ) ) WHERE ( ( (NOT ( ( (NOT table2.`name` LIKE '%mysys%' AND table2.`name` LIKE 'wait/io%') OR table2.`help_keyword_id` LIKE 'wait/synch/mutex/%') OR table2.`name` LIKE 'wait/synch/rwlock%') OR table1.`SUM_NUMBER_OF_BYTES_WRITE` IN ( 4, 2, 5 )) AND table2.`name` > table1.`MIN_TIMER_WRITE`) AND table1.`FILE_NAME` IN ( 4, 7, 0 )) ORDER BY table1.`AVG_TIMER_READ`, table2.`name` LIMIT 156 /* QNO 1019 CON_ID 18 */
		    14 Query	CREATE OR REPLACE VIEW r AS SELECT * FROM `CC` /* QNO 1556 CON_ID 14 */
		    19 Query	ALTER TABLE t18 MODIFY COLUMN IF EXISTS `non_existing_column` INT ZEROFILL NULL, ADD FULLTEXT KEY(`NAME`), ALGORITHM=INPLACE, DROP COLUMN IF EXISTS tscol2, ALGORITHM=INPLACE, LOCK=SHARED /* QNO 740 CON_ID 19 */
		    16 Query	SELECT * FROM mysql.`index_stats` AS table1 LIMIT 27 /* QNO 885 CON_ID 16 */
		    17 Query	DELETE FROM transforms.insert_select_22990 /* QNO 824 CON_ID 17 */
		    16 Query	/* GenTest::Transform::ExecuteAsExecuteImmediate */ EXECUTE IMMEDIATE ' SELECT * FROM mysql.`index_stats` AS table1 LIMIT 27 /* QNO 885 CON_ID 16 */ ' /* TRANSFORM_OUTCOME_UNORDERED_MATCH */ /* QNO 886 CON_ID 16 */
		    16 Prepare	SELECT * FROM mysql.`index_stats` AS table1 LIMIT 27 /* QNO 885 CON_ID 16 */
		    16 Execute	SELECT * FROM mysql.`index_stats` AS table1 LIMIT 27 /* QNO 885 CON_ID 16 */
		    16 Query	/* GenTest::Transform::ExecuteAsInsertSelect */ CREATE DATABASE IF NOT EXISTS transforms /* QNO 887 CON_ID 16 */
		    14 Query	REVOKE USAGE ON *.* FROM 'someuser'@'somehost' /* QNO 1557 CON_ID 14 */
		    16 Query	SHOW WARNINGS
		    16 Query	DROP TABLE IF EXISTS transforms.insert_select_22988 /* QNO 888 CON_ID 16 */
		    19 Query	RENAME TABLE seq7 TO seq8 /* QNO 741 CON_ID 19 */
		    19 Query	SET FOREIGN_KEY_CHECKS = OFF /* QNO 742 CON_ID 19 */
		    19 Query	SHOW EXPLAIN FOR 193 /* QNO 743 CON_ID 19 */
		    19 Query	UNLOCK TABLES /* QNO 744 CON_ID 19 */
		    19 Query	SET FOREIGN_KEY_CHECKS = OFF /* QNO 745 CON_ID 19 */
		    19 Query	ALTER TABLE `events_waits_summary_by_host_by_event_name` /*!100301 NOWAIT */ MODIFY IF EXISTS p TEXT NOT NULL /*!100201 CHECK (`COUNT_STAR` < `MAX_TIMER_WAIT`) */ FIRST /*!100307, ALGORITHM=NOCOPY */, LOCK=SHARED, ADD IF NOT EXISTS ( b SERIAL, i TINYINT NOT NULL DEFAULT -37, k SET('foo','bar') NOT NULL DEFAULT NULL ), ALGORITHM=INPLACE, LOCK=SHARED  /* QNO 746 CON_ID 19 */
		    14 Query	ALTER TABLE `B` ADD COLUMN z INTEGER DEFAULT NULL /* QNO 1558 CON_ID 14 */
		    16 Query	SHOW WARNINGS
		    16 Query	CREATE TABLE transforms.insert_select_22988  SELECT * FROM mysql.`index_stats` AS table1 LIMIT 27 /* QNO 885 CON_ID 16 */  /* QNO 889 CON_ID 16 */
		    19 Query	INSERT INTO `events_waits_history` SELECT * FROM `events_statements_history` /* QNO 747 CON_ID 19 */
		    19 Query	INSERT INTO `events_waits_summary_by_account_by_event_name` SELECT * FROM `events_waits_summary_global_by_event_name` /* QNO 748 CON_ID 19 */
		    19 Query	UNLOCK TABLES /* QNO 749 CON_ID 19 */
		    19 Query	FLUSH NO_WRITE_TO_BINLOG BINARY LOGS /* QNO 750 CON_ID 19 */
		    19 Query	CREATE OR REPLACE TEMPORARY TABLE `tmp` LIKE B  /* QNO 751 CON_ID 19 */
		    18 Query	SHOW WARNINGS
		    17 Query	REPLACE INTO transforms.insert_select_22990  SELECT * FROM INFORMATION_SCHEMA.`SESSION_VARIABLES` AS table1 WHERE ( ( table1.`VARIABLE_NAME` LIKE 'wait/synch/rwlock%' AND table1.`VARIABLE_NAME` LIKE '%sql%') OR table1.`VARIABLE_VALUE` <> '1989-04-11 20:53:41.041319') LIMIT 138 /* QNO 815 CON_ID 17 */  /* QNO 825 CON_ID 17 */
		    18 Query	SET SQL_MODE= DEFAULT /* QNO 1020 CON_ID 18 */
		    18 Query	ALTER TABLE `general_log` /*!100301 WAIT 5 */ ADD PRIMARY KEY ( b ), ADD UNIQUE INDEX ( a(83) ), ALGORITHM=DEFAULT, LOCK=SHARED  /* QNO 1021 CON_ID 18 */
		    18 Query	UPDATE performance_schema.setup_timers SET timer_name = 'TICK' /* QNO 1022 CON_ID 18 */
		    18 Query	UPDATE `column_stats` SET `hist_size` = 'w' WHERE `avg_length` > '2033-01-26 18:22:36.027803' /* QNO 1023 CON_ID 18 */
		    18 Query	TRUNCATE TABLE t7 /* QNO 1024 CON_ID 18 */
		    18 Query	ALTER TABLE t7 REMOVE PARTITIONING /* QNO 1025 CON_ID 18 */
		    18 Query	SELECT * from `transaction_registry` WHERE row_start IN (SELECT row_end FROM t10) /* QNO 1026 CON_ID 18 */
		    18 Query	INSERT INTO `db` SELECT * FROM `time_zone` /* QNO 1027 CON_ID 18 */
		    18 Query	TRUNCATE TABLE performance_schema.file_summary_by_instance /* QNO 1028 CON_ID 18 */
		    18 Query	FLUSH LOCAL DES_KEY_FILE /* QNO 1029 CON_ID 18 */
		    18 Query	DELETE FROM `user` WHERE `authentication_string` <= 7 LIMIT 6 /* QNO 1030 CON_ID 18 */
		    18 Query	UPDATE performance_schema.setup_consumers SET enabled = 'YES' WHERE name LIKE 'file%' /* QNO 1031 CON_ID 18 */
		    14 Query	CREATE TRIGGER k BEFORE INSERT ON `CC` FOR EACH ROW BEGIN INSERT INTO `E` SELECT * FROM `CC` LIMIT 0 ; END ; /* QNO 1559 CON_ID 14 */
		    18 Query	CREATE SEQUENCE IF NOT EXISTS seq1 START WITH 1932044240141942784 MAXVALUE = 1233977344 INCREMENT 7 CACHE = 85 CYCLE ENGINE=InnoDB /* QNO 1032 CON_ID 18 */
		    14 Query	GRANT RELOAD, CREATE USER ON *.* to 'someuser'@'somehost' /* QNO 1560 CON_ID 14 */
		    15 Execute	INSERT INTO `tmp` SELECT * FROM D  /* QNO 1006 CON_ID 15 */
		    14 Query	ALTER TABLE `C` PARTITION BY KEY() PARTITIONS 5 /* QNO 1561 CON_ID 14 */
		    15 Query	DROP TEMPORARY TABLE IF EXISTS D  /* QNO 1008 CON_ID 15 */
		    18 Query	SELECT SETVAL(seq10, 43162) /* QNO 1033 CON_ID 18 */
		    18 Query	INSERT INTO t8 () VALUES (),() /* QNO 1034 CON_ID 18 */
		    18 Query	ALTER ONLINE TABLE `innodb_index_stats` /*!100301 */ DROP COLUMN IF EXISTS y, ALGORITHM=DEFAULT, CHANGE `table_name` s SERIAL AFTER r, ALGORITHM=INPLACE, LOCK=EXCLUSIVE  /* QNO 1035 CON_ID 18 */
		    18 Query	SELECT * from `plugin` WHERE row_start > @trx_user_var /* QNO 1036 CON_ID 18 */
		    18 Query	RESET QUERY CACHE /* QNO 1037 CON_ID 18 */
		    14 Query	GRANT REPLICATION CLIENT, CREATE USER ON *.* to 'someuser'@'somehost' /* QNO 1562 CON_ID 14 */
		    14 Query	DROP FUNCTION IF EXISTS l /* QNO 1563 CON_ID 14 */
		    15 Query	ALTER TABLE `tmp` RENAME TO D /* QNO 1009 CON_ID 15 */
		    15 Query	INSERT INTO `events_statements_history` ( `pk` ) VALUES (NULL) /* QNO 1010 CON_ID 15 */
		    19 Query	INSERT INTO `tmp` SELECT * FROM B  /* QNO 752 CON_ID 19 */
		    15 Query	UPDATE performance_schema.setup_consumers SET enabled = 'NO' WHERE name IN ( 'events_waits_current', 'events_waits_history_long' ) /* QNO 1011 CON_ID 15 */
		    19 Query	/* GenTest::Transform::ExecuteAsExecuteImmediate */ EXECUTE IMMEDIATE ' INSERT INTO `tmp` SELECT * FROM B  /* QNO 752 CON_ID 19 */ ' /* TRANSFORM_OUTCOME_UNORDERED_MATCH */ /* QNO 753 CON_ID 19 */
		    19 Prepare	INSERT INTO `tmp` SELECT * FROM B  /* QNO 752 CON_ID 19 */
		    19 Execute	INSERT INTO `tmp` SELECT * FROM B  /* QNO 752 CON_ID 19 */
		    15 Query	SHOW CREATE VIEW `non_existing_view` /* QNO 1012 CON_ID 15 */
		    19 Query	DROP TEMPORARY TABLE IF EXISTS B  /* QNO 754 CON_ID 19 */
		    14 Query	DROP TRIGGER IF EXISTS z /* QNO 1564 CON_ID 14 */
		    14 Query	SHOW WARNINGS
		    15 Query	ALTER IGNORE TABLE `events_statements_current` ADD CONSTRAINT v FOREIGN KEY k ( `SELECT_FULL_JOIN`, `ROWS_EXAMINED` ) REFERENCES `table_io_waits_summary_by_index_usage` (SELECT_FULL_JOIN,ROWS_EXAMINED) ON UPDATE RESTRICT, LOCK=SHARED /* QNO 1013 CON_ID 15 */
		    14 Query	DROP VIEW IF EXISTS t /* QNO 1565 CON_ID 14 */
		    14 Query	SHOW WARNINGS
		    14 Query	ALTER TABLE `DD` ADD PRIMARY KEY (`pk`) /* QNO 1566 CON_ID 14 */
		    14 Query	REVOKE ALL PRIVILEGES ON q.* FROM 'someuser'@'somehost' /* QNO 1567 CON_ID 14 */
		    14 Query	GRANT INSERT ( `pk` ), SELECT ( `col_time_nokey` ), SELECT ( `col_date_key` ) ON `E` TO 'someuser'@'somehost' /* QNO 1568 CON_ID 14 */
		    14 Query	DROP TRIGGER IF EXISTS b /* QNO 1569 CON_ID 14 */
		    16 Query	SELECT * FROM transforms.insert_select_22988 /* TRANSFORM_OUTCOME_UNORDERED_MATCH */ /* QNO 890 CON_ID 16 */
		    15 Query	SELECT * FROM performance_schema.`cond_instances` AS table1 WHERE ( table1.`OBJECT_INSTANCE_BEGIN` LIKE '%myisam%' AND table1.`OBJECT_INSTANCE_BEGIN` > table1.`OBJECT_INSTANCE_BEGIN`) ORDER BY table1.`OBJECT_INSTANCE_BEGIN`, table1.`OBJECT_INSTANCE_BEGIN` LIMIT 44 /* QNO 1014 CON_ID 15 */
		    18 Query	INSERT INTO t18 (`name`) VALUES (NULL),(''),(NULL) /* QNO 1038 CON_ID 18 */
		    16 Query	DELETE FROM transforms.insert_select_22988 /* QNO 891 CON_ID 16 */
		    18 Query	INSERT INTO seq4 VALUES (-33495522228568064, -79, 0, 0, 7, 182, 0, 0) /* QNO 1039 CON_ID 18 */
		    14 Query	REVOKE REPLICATION CLIENT ON *.* FROM 'someuser'@'somehost' /* QNO 1570 CON_ID 14 */
		    15 Query	/* GenTest::Transform::ExecuteAsExecuteImmediate */ EXECUTE IMMEDIATE ' SELECT * FROM performance_schema.`cond_instances` AS table1 WHERE ( table1.`OBJECT_INSTANCE_BEGIN` LIKE \'%myisam%\' AND table1.`OBJECT_INSTANCE_BEGIN` > table1.`OBJECT_INSTANCE_BEGIN`) ORDER BY table1.`OBJECT_INSTANCE_BEGIN`, table1.`OBJECT_INSTANCE_BEGIN` LIMIT 44 /* QNO 1014 CON_ID 15 */ ' /* TRANSFORM_OUTCOME_UNORDERED_MATCH */ /* QNO 1015 CON_ID 15 */
		    15 Prepare	SELECT * FROM performance_schema.`cond_instances` AS table1 WHERE ( table1.`OBJECT_INSTANCE_BEGIN` LIKE '%myisam%' AND table1.`OBJECT_INSTANCE_BEGIN` > table1.`OBJECT_INSTANCE_BEGIN`) ORDER BY table1.`OBJECT_INSTANCE_BEGIN`, table1.`OBJECT_INSTANCE_BEGIN` LIMIT 44 /* QNO 1014 CON_ID 15 */
		    15 Execute	SELECT * FROM performance_schema.`cond_instances` AS table1 WHERE ( table1.`OBJECT_INSTANCE_BEGIN` LIKE '%myisam%' AND table1.`OBJECT_INSTANCE_BEGIN` > table1.`OBJECT_INSTANCE_BEGIN`) ORDER BY table1.`OBJECT_INSTANCE_BEGIN`, table1.`OBJECT_INSTANCE_BEGIN` LIMIT 44 /* QNO 1014 CON_ID 15 */
		    19 Query	ALTER TABLE `tmp` RENAME TO B /* QNO 755 CON_ID 19 */
		    16 Query	INSERT INTO transforms.insert_select_22988  SELECT * FROM mysql.`index_stats` AS table1 LIMIT 27 /* QNO 885 CON_ID 16 */  /* QNO 892 CON_ID 16 */
		    19 Query	ALTER ONLINE IGNORE TABLE `events_stages_summary_by_user_by_event_name` /*!100301 WAIT 1 */ DISABLE KEYS, LOCK=EXCLUSIVE, ADD CONSTRAINT z UNIQUE INDEX ( g ), LOCK=NONE  /* QNO 756 CON_ID 19 */
		    15 Query	/* GenTest::Transform::ExecuteAsInsertSelect */ CREATE DATABASE IF NOT EXISTS transforms /* QNO 1016 CON_ID 15 */
		    14 Query	DROP FUNCTION IF EXISTS x /* QNO 1571 CON_ID 14 */
		    18 Query	UPDATE performance_schema.setup_timers SET timer_name = 'NANOSECOND' /* QNO 1040 CON_ID 18 */
		    16 Query	SELECT * FROM transforms.insert_select_22988 /* TRANSFORM_OUTCOME_UNORDERED_MATCH */ /* QNO 893 CON_ID 16 */
		    14 Query	SHOW WARNINGS
		    15 Query	SHOW WARNINGS
		    14 Query	CREATE TABLE c LIKE `D` /* QNO 1572 CON_ID 14 */
		    19 Query	SHOW ENGINE PERFORMANCE_SCHEMA STATUS /* QNO 757 CON_ID 19 */
		    14 Query	GRANT SHOW DATABASES ON *.* to 'someuser'@'somehost' /* QNO 1573 CON_ID 14 */
		    16 Query	DELETE FROM transforms.insert_select_22988 /* QNO 894 CON_ID 16 */
		    14 Query	GRANT UPDATE ( `col_varchar_key`, `pk` ), INSERT ( `col_varchar_key`, `col_date_nokey`, `col_date_key` ), UPDATE ( `col_varchar_key` ), INSERT ( `col_datetime_key` ) ON `A` TO 'someuser'@'somehost' /* QNO 1574 CON_ID 14 */
		    14 Query	DROP TABLE y /* QNO 1575 CON_ID 14 */
		    14 Query	ALTER TABLE `C` ADD KEY ( l ) /* QNO 1576 CON_ID 14 */
		    14 Query	GRANT SELECT ( `col_time_key`, `col_int_key`, `col_date_key` ) ON `BB` TO 'someuser'@'somehost' /* QNO 1577 CON_ID 14 */
		    15 Query	DROP TABLE IF EXISTS transforms.insert_select_22986 /* QNO 1017 CON_ID 15 */
		    19 Query	SELECT * FROM (mysql.`time_zone` AS table1 STRAIGHT_JOIN INFORMATION_SCHEMA.`COLLATION_CHARACTER_SET_APPLICABILITY` AS table2 ON ( table2.`COLLATION_NAME` = table1.`Use_leap_seconds` ) ) WHERE NOT ( (NOT (NOT ( ( ( ( table2.`COLLATION_NAME` > table2.`COLLATION_NAME` AND table1.`Time_zone_id` = '1988-09-06 13:55:45.056472') AND table1.`Time_zone_id` LIKE 'wait/synch/rwlock%') OR table1.`Time_zone_id` LIKE '%sql%') OR table2.`COLLATION_NAME` LIKE 'wait%') OR table1.`Use_leap_seconds` >= table1.`Time_zone_id`) AND table1.`Use_leap_seconds` IN ( 5, 4, 5 )) AND table2.`CHARACTER_SET_NAME` LIKE 'wait/io%') HAVING table2.`COLLATION_NAME` <> 9 LIMIT 32 /* QNO 758 CON_ID 19 */
		    15 Query	SHOW WARNINGS
		    18 Query	INSERT INTO t2 ( ncol4 ) SELECT tcol3 FROM t5 /* QNO 1041 CON_ID 18 */
		    15 Query	CREATE TABLE transforms.insert_select_22986  SELECT * FROM performance_schema.`cond_instances` AS table1 WHERE ( table1.`OBJECT_INSTANCE_BEGIN` LIKE '%myisam%' AND table1.`OBJECT_INSTANCE_BEGIN` > table1.`OBJECT_INSTANCE_BEGIN`) ORDER BY table1.`OBJECT_INSTANCE_BEGIN`, table1.`OBJECT_INSTANCE_BEGIN` LIMIT 44 /* QNO 1014 CON_ID 15 */  /* QNO 1018 CON_ID 15 */
		    16 Query	REPLACE INTO transforms.insert_select_22988  SELECT * FROM mysql.`index_stats` AS table1 LIMIT 27 /* QNO 885 CON_ID 16 */  /* QNO 895 CON_ID 16 */
		    18 Query	SHOW AUTHORS /* QNO 1042 CON_ID 18 */
		    16 Query	SELECT * FROM transforms.insert_select_22988 /* TRANSFORM_OUTCOME_UNORDERED_MATCH */ /* QNO 896 CON_ID 16 */
		    18 Query	INSERT INTO `proxies_priv` SELECT * FROM `time_zone_name` /* QNO 1043 CON_ID 18 */
		    16 Query	DROP TABLE transforms.insert_select_22988 /* QNO 897 CON_ID 16 */
		    18 Query	INSERT INTO `roles_mapping` SELECT * FROM `general_log` /* QNO 1044 CON_ID 18 */
		    18 Query	ALTER TABLE `gtid_slave_pos` CHANGE COLUMN IF EXISTS ncol8 `domain_id` SMALLINT ZEROFILL NULL DEFAULT 0, ALGORITHM=DEFAULT, LOCK=SHARED  /* QNO 1045 CON_ID 18 */
		    18 Query	SELECT * FROM (mysql.`user` AS table1 RIGHT JOIN INFORMATION_SCHEMA.`SESSION_STATUS` AS table2 ON ( table2.`VARIABLE_VALUE` = table1.`Delete_history_priv` ) ) HAVING table1.`Insert_priv` > '2031-05-23 16:01:19.014703' LIMIT 17 /* QNO 1046 CON_ID 18 */
		    19 Query	/* GenTest::Transform::ExecuteAsExecuteImmediate */ EXECUTE IMMEDIATE ' SELECT * FROM (mysql.`time_zone` AS table1 STRAIGHT_JOIN INFORMATION_SCHEMA.`COLLATION_CHARACTER_SET_APPLICABILITY` AS table2 ON ( table2.`COLLATION_NAME` = table1.`Use_leap_seconds` ) ) WHERE NOT ( (NOT (NOT ( ( ( ( table2.`COLLATION_NAME` > table2.`COLLATION_NAME` AND table1.`Time_zone_id` = \'1988-09-06 13:55:45.056472\') AND table1.`Time_zone_id` LIKE \'wait/synch/rwlock%\') OR table1.`Time_zone_id` LIKE \'%sql%\') OR table2.`COLLATION_NAME` LIKE \'wait%\') OR table1.`Use_leap_seconds` >= table1.`Time_zone_id`) AND table1.`Use_leap_seconds` IN ( 5, 4, 5 )) AND table2.`CHARACTER_SET_NAME` LIKE \'wait/io%\') HAVING table2.`COLLATION_NAME` <> 9 LIMIT 32 /* QNO 758 CON_ID 19 */ ' /* TRANSFORM_OUTCOME_UNORDERED_MATCH */ /* QNO 759 CON_ID 19 */
		    19 Prepare	SELECT * FROM (mysql.`time_zone` AS table1 STRAIGHT_JOIN INFORMATION_SCHEMA.`COLLATION_CHARACTER_SET_APPLICABILITY` AS table2 ON ( table2.`COLLATION_NAME` = table1.`Use_leap_seconds` ) ) WHERE NOT ( (NOT (NOT ( ( ( ( table2.`COLLATION_NAME` > table2.`COLLATION_NAME` AND table1.`Time_zone_id` = '1988-09-06 13:55:45.056472') AND table1.`Time_zone_id` LIKE 'wait/synch/rwlock%') OR table1.`Time_zone_id` LIKE '%sql%') OR table2.`COLLATION_NAME` LIKE 'wait%') OR table1.`Use_leap_seconds` >= table1.`Time_zone_id`) AND table1.`Use_leap_seconds` IN ( 5, 4, 5 )) AND table2.`CHARACTER_SET_NAME` LIKE 'wait/io%') HAVING table2.`COLLATION_NAME` <> 9 LIMIT 32 /* QNO 758 CON_ID 19 */
		    14 Query	REVOKE ALL PRIVILEGES ON k.* FROM 'someuser'@'somehost' /* QNO 1578 CON_ID 14 */
