		    16 Query	DELETE FROM `func` WHERE `ret` = 4 LIMIT 8 /* QNO 186 CON_ID 16 */
		    15 Query	SELECT * FROM transforms.insert_select_22986 /* TRANSFORM_OUTCOME_UNORDERED_MATCH */ /* QNO 181 CON_ID 15 */
		    19 Query	SELECT * FROM transforms.insert_select_22994 /* TRANSFORM_OUTCOME_UNORDERED_MATCH */ /* QNO 167 CON_ID 19 */
		    14 Query	GRANT ALL PRIVILEGES ON s.* TO 'someuser'@'somehost' /* QNO 174 CON_ID 14 */
		    17 Query	SELECT * FROM transforms.insert_select_22990 /* TRANSFORM_OUTCOME_UNORDERED_MATCH */ /* QNO 58 CON_ID 17 */
		    19 Query	DELETE FROM transforms.insert_select_22994 /* QNO 168 CON_ID 19 */
		    15 Query	DROP TABLE transforms.insert_select_22986 /* QNO 182 CON_ID 15 */
		    17 Query	DELETE FROM transforms.insert_select_22990 /* QNO 59 CON_ID 17 */
		    14 Query	CREATE EVENT x ON SCHEDULE AT NOW() DO SET @a=@a /* QNO 175 CON_ID 14 */
		    16 Query	DROP SEQUENCE IF EXISTS seq1, seq7 /* QNO 187 CON_ID 16 */
		    16 Query	SHOW WARNINGS
		    17 Query	INSERT INTO transforms.insert_select_22990  SELECT * FROM INFORMATION_SCHEMA.`INNODB_TRX` AS table1 WHERE NOT ( table1.`trx_last_foreign_key_error` IN ( 6, 8, 5 ) OR table1.`trx_is_read_only` > table1.`trx_operation_state`) HAVING table1.`trx_state` <= 's' IS NULL LIMIT 60 /* QNO 53 CON_ID 17 */  /* QNO 60 CON_ID 17 */
		    14 Query	GRANT ALL PRIVILEGES ON test.y TO 'someuser'@'somehost' /* QNO 176 CON_ID 14 */
		    16 Query	ROLLBACK /* QNO 188 CON_ID 16 */
		    17 Query	SELECT * FROM transforms.insert_select_22990 /* TRANSFORM_OUTCOME_UNORDERED_MATCH */ /* QNO 61 CON_ID 17 */
		    19 Query	REPLACE INTO transforms.insert_select_22994 SELECT SETVAL(seq9, 11127) /* QNO 159 CON_ID 19 */  /* QNO 169 CON_ID 19 */
		    17 Query	DELETE FROM transforms.insert_select_22990 /* QNO 62 CON_ID 17 */
		    17 Query	REPLACE INTO transforms.insert_select_22990  SELECT * FROM INFORMATION_SCHEMA.`INNODB_TRX` AS table1 WHERE NOT ( table1.`trx_last_foreign_key_error` IN ( 6, 8, 5 ) OR table1.`trx_is_read_only` > table1.`trx_operation_state`) HAVING table1.`trx_state` <= 's' IS NULL LIMIT 60 /* QNO 53 CON_ID 17 */  /* QNO 63 CON_ID 17 */
		    14 Query	CREATE TRIGGER b BEFORE INSERT ON `A` FOR EACH ROW BEGIN INSERT INTO `E` SELECT * FROM `E` LIMIT 0 ; END ; /* QNO 177 CON_ID 14 */
		    17 Query	SELECT * FROM transforms.insert_select_22990 /* TRANSFORM_OUTCOME_UNORDERED_MATCH */ /* QNO 64 CON_ID 17 */
		    14 Query	GRANT PROCESS ON *.* to 'someuser'@'somehost' /* QNO 178 CON_ID 14 */
		    14 Query	CREATE FUNCTION n ( i INTEGER, u INTEGER ) RETURNS INTEGER RETURN 1 /* QNO 179 CON_ID 14 */
		    16 Query	SHOW ENGINE PERFORMANCE_SCHEMA STATUS /* QNO 189 CON_ID 16 */
		    16 Query	SET SESSION FOREIGN_KEY_CHECKS = OFF /* QNO 190 CON_ID 16 */
		    16 Query	UNLOCK TABLES /* QNO 191 CON_ID 16 */
		    17 Query	DROP TABLE transforms.insert_select_22990 /* QNO 65 CON_ID 17 */
		    16 Query	UPDATE `columns_priv` SET `Column_name` = 'u' WHERE `Db` <> 'cr' /* QNO 192 CON_ID 16 */
		    14 Query	DROP TRIGGER IF EXISTS d /* QNO 180 CON_ID 14 */
		    16 Query	ALTER TABLE t10 DROP PRIMARY KEY, ADD CONSTRAINT c FOREIGN KEY z (`Table_name`) REFERENCES t10 (ncol8), ADD CONSTRAINT CHECK (ecol7 < ncol1)  /* QNO 193 CON_ID 16 */
		    14 Query	GRANT REPLICATION CLIENT, CREATE USER, PROCESS, PROCESS, REPLICATION CLIENT, SHUTDOWN ON *.* to 'someuser'@'somehost' /* QNO 181 CON_ID 14 */
		    19 Query	SELECT * FROM transforms.insert_select_22994 /* TRANSFORM_OUTCOME_UNORDERED_MATCH */ /* QNO 170 CON_ID 19 */
		    19 Query	DROP TABLE transforms.insert_select_22994 /* QNO 171 CON_ID 19 */
		    14 Query	GRANT INSERT ( `col_datetime_key` ), SELECT ( `col_int_nokey`, `col_date_key` ) ON `E` TO 'someuser'@'somehost' /* QNO 182 CON_ID 14 */
		    15 Query	INSERT INTO `AA` ( `pk` ) VALUES (NULL) /* QNO 183 CON_ID 15 */
		    15 Query	UPDATE `D` SET `col_varchar_key` = 7 WHERE `col_int_nokey` != 8 /* QNO 184 CON_ID 15 */
		    15 Query	DELETE FROM `BB` WHERE `col_int_nokey` <> 6 LIMIT 3 /* QNO 185 CON_ID 15 */
		    18 Query	SHOW WARNINGS
		    18 Query	DROP TABLE IF EXISTS transforms.insert_select_22992 /* QNO 145 CON_ID 18 */
		    14 Query	CREATE TABLE o LIKE `A` /* QNO 183 CON_ID 14 */
		    18 Query	SHOW WARNINGS
		    18 Query	CREATE TABLE transforms.insert_select_22992  SELECT * FROM performance_schema.`events_stages_history` AS table1 ORDER BY table1.`NESTING_EVENT_TYPE`, table1.`THREAD_ID` LIMIT 151 /* QNO 142 CON_ID 18 */  /* QNO 146 CON_ID 18 */
		    14 Query	ALTER TABLE `A` PARTITION BY KEY() PARTITIONS 6 /* QNO 184 CON_ID 14 */
		    16 Query	SELECT * FROM test.`C` AS table1 HAVING ( table1.`col_date_nokey` <> 9 AND table1.`col_date_key` <> 8) ORDER BY table1.`col_date_nokey` LIMIT 71 /* QNO 194 CON_ID 16 */
		    14 Query	ALTER TABLE `DD` ADD KEY ( j ) /* QNO 185 CON_ID 14 */
		    14 Query	CREATE PROCEDURE w ( IN g INT ) BEGIN SELECT COUNT(*) INTO @a FROM `E`; END ; /* QNO 186 CON_ID 14 */
		    16 Query	SHOW ENGINE PERFORMANCE_SCHEMA STATUS /* QNO 195 CON_ID 16 */
		    19 Query	/* GenTest::Transform::ExecuteAsUpdateDelete */ CREATE DATABASE IF NOT EXISTS transforms /* QNO 172 CON_ID 19 */
		    16 Query	SELECT SETVAL(seq7, 51594) /* QNO 196 CON_ID 16 */
		    16 Query	CREATE OR REPLACE TEMPORARY TABLE `tmp` LIKE B  /* QNO 197 CON_ID 16 */
		    14 Query	DROP DATABASE IF EXISTS q /* QNO 187 CON_ID 14 */
		    14 Query	SHOW WARNINGS
		    14 Query	GRANT ALL PRIVILEGES ON test.i TO 'someuser'@'somehost' /* QNO 188 CON_ID 14 */
		    14 Query	DROP TABLE w /* QNO 189 CON_ID 14 */
		    17 Query	SELECT * from t9 WHERE row_start IN (SELECT row_end FROM t7) /* QNO 66 CON_ID 17 */
		    14 Query	DROP EVENT r /* QNO 190 CON_ID 14 */
		    17 Query	INSERT INTO `SCHEMA_PRIVILEGES` ( `pk` ) VALUES (NULL) /* QNO 67 CON_ID 17 */
		    17 Query	INSERT INTO t6 () VALUES () /* QNO 68 CON_ID 17 */
		    14 Query	GRANT ALL PRIVILEGES ON u.* TO 'someuser'@'somehost' /* QNO 191 CON_ID 14 */
		    14 Query	CREATE OR REPLACE VIEW y AS SELECT * FROM `D` /* QNO 192 CON_ID 14 */
		    14 Query	/* GenTest::Transform::ExecuteAsExecuteImmediate */ EXECUTE IMMEDIATE 'CREATE OR REPLACE VIEW y AS SELECT * FROM `D` /* QNO 192 CON_ID 14 */ ' /* TRANSFORM_OUTCOME_UNORDERED_MATCH */ /* QNO 193 CON_ID 14 */
		    14 Prepare	CREATE OR REPLACE VIEW y AS SELECT * FROM `D` /* QNO 192 CON_ID 14 */
		    14 Execute	CREATE OR REPLACE VIEW y AS SELECT * FROM `D` /* QNO 192 CON_ID 14 */
		    14 Query	ALTER TABLE `B` DROP COLUMN h /* QNO 194 CON_ID 14 */
		    14 Query	ALTER TABLE `E` ADD PRIMARY KEY (`pk`) /* QNO 195 CON_ID 14 */
		    17 Query	SELECT row_start FROM t2 ORDER BY RAND() LIMIT 1 INTO @trx_user_var /* QNO 69 CON_ID 17 */
		    14 Query	REVOKE REPLICATION CLIENT ON *.* FROM 'someuser'@'somehost' /* QNO 196 CON_ID 14 */
		    17 Query	DROP TEMPORARY TABLE IF EXISTS `CLIENT_STATISTICS` /* QNO 70 CON_ID 17 */
		    15 Query	CREATE OR REPLACE TEMPORARY TABLE `tmp` LIKE C  /* QNO 186 CON_ID 15 */
		    17 Query	SHOW WARNINGS
		    17 Query	DELETE FROM `INNODB_SYS_SEMAPHORE_WAITS` WHERE `LOCK_WORD` <= 2 LIMIT 7 /* QNO 71 CON_ID 17 */
		    14 Query	REVOKE ALL PRIVILEGES ON test.l FROM 'someuser'@'somehost' /* QNO 197 CON_ID 14 */
		    17 Query	INSERT INTO `SESSION_VARIABLES` ( `pk` ) VALUES (NULL) /* QNO 72 CON_ID 17 */
		    14 Query	CREATE TABLE i LIKE `AA` /* QNO 198 CON_ID 14 */
		    17 Query	SHOW ENGINE PERFORMANCE_SCHEMA STATUS /* QNO 73 CON_ID 17 */
		    14 Query	DROP TABLE b /* QNO 199 CON_ID 14 */
		    17 Query	SET SQL_MODE= '' /* QNO 74 CON_ID 17 */
		    14 Query	GRANT UPDATE ( `col_date_key`, `col_datetime_key`, `col_time_key` ) ON `AA` TO 'someuser'@'somehost' /* QNO 200 CON_ID 14 */
		    14 Query	ALTER TABLE `D` ADD COLUMN k INTEGER DEFAULT NULL /* QNO 201 CON_ID 14 */
		    17 Query	CREATE OR REPLACE TEMPORARY TABLE `tmp` LIKE CC  /* QNO 75 CON_ID 17 */
		    17 Query	INSERT INTO `tmp` SELECT * FROM CC  /* QNO 76 CON_ID 17 */
		    17 Query	DROP TEMPORARY TABLE IF EXISTS CC  /* QNO 77 CON_ID 17 */
		    17 Query	SHOW WARNINGS
		    17 Query	ALTER TABLE `tmp` RENAME TO CC /* QNO 78 CON_ID 17 */
		    17 Query	CREATE OR REPLACE TEMPORARY TABLE `tmp` LIKE CC  /* QNO 79 CON_ID 17 */
		    16 Query	INSERT INTO `tmp` SELECT * FROM B  /* QNO 198 CON_ID 16 */
		    16 Query	/* GenTest::Transform::ExecuteAsExecuteImmediate */ EXECUTE IMMEDIATE ' INSERT INTO `tmp` SELECT * FROM B  /* QNO 198 CON_ID 16 */ ' /* TRANSFORM_OUTCOME_UNORDERED_MATCH */ /* QNO 199 CON_ID 16 */
		    16 Prepare	INSERT INTO `tmp` SELECT * FROM B  /* QNO 198 CON_ID 16 */
		    16 Execute	INSERT INTO `tmp` SELECT * FROM B  /* QNO 198 CON_ID 16 */
		    17 Query	INSERT INTO `tmp` SELECT * FROM CC  /* QNO 80 CON_ID 17 */
		    16 Query	DROP TEMPORARY TABLE IF EXISTS B  /* QNO 200 CON_ID 16 */
		    17 Query	DROP TEMPORARY TABLE IF EXISTS CC  /* QNO 81 CON_ID 17 */
		    16 Query	SHOW WARNINGS
		    16 Query	ALTER TABLE `tmp` RENAME TO B /* QNO 201 CON_ID 16 */
		    16 Query	SET SESSION SQL_MODE= DEFAULT /* QNO 202 CON_ID 16 */
		    17 Query	SHOW WARNINGS
		    17 Query	ALTER TABLE `tmp` RENAME TO CC /* QNO 82 CON_ID 17 */
		    16 Query	TRUNCATE TABLE performance_schema.events_waits_current /* QNO 203 CON_ID 16 */
		    17 Query	SET SQL_MODE= DEFAULT /* QNO 83 CON_ID 17 */
		    16 Query	TRUNCATE TABLE `BB` /* QNO 204 CON_ID 16 */
		    17 Query	ALTER ONLINE TABLE t9 ADD FOREIGN KEY (tscol8) REFERENCES t7 (`VARIABLE_NAME`) ON DELETE RESTRICT ON UPDATE SET NULL  /* QNO 84 CON_ID 17 */
		    17 Query	ALTER TABLE `INNODB_BUFFER_PAGE_LRU` /*!100301 */ DROP CONSTRAINT IF EXISTS ind9  /* QNO 85 CON_ID 17 */
		    15 Query	INSERT INTO `tmp` SELECT * FROM C  /* QNO 187 CON_ID 15 */
		    17 Query	UPDATE performance_schema.setup_timers SET timer_name = 'NANOSECOND' /* QNO 86 CON_ID 17 */
		    15 Query	/* GenTest::Transform::ExecuteAsExecuteImmediate */ EXECUTE IMMEDIATE ' INSERT INTO `tmp` SELECT * FROM C  /* QNO 187 CON_ID 15 */ ' /* TRANSFORM_OUTCOME_UNORDERED_MATCH */ /* QNO 188 CON_ID 15 */
		    15 Prepare	INSERT INTO `tmp` SELECT * FROM C  /* QNO 187 CON_ID 15 */
		    15 Execute	INSERT INTO `tmp` SELECT * FROM C  /* QNO 187 CON_ID 15 */
		    14 Query	GRANT REPLICATION CLIENT, PROCESS, CREATE USER, REPLICATION SLAVE ON *.* to 'someuser'@'somehost' /* QNO 202 CON_ID 14 */
		    17 Query	UNLOCK TABLES /* QNO 87 CON_ID 17 */
		    14 Query	GRANT REPLICATION SLAVE, REPLICATION SLAVE, SHOW DATABASES, REPLICATION CLIENT ON *.* to 'someuser'@'somehost' /* QNO 203 CON_ID 14 */
		    16 Query	ALTER TABLE `D` /*!100301 NOWAIT */ ADD IF NOT EXISTS ( d VARCHAR(42353) NOT NULL DEFAULT '', q SMALLINT /*!100303 INVISIBLE */ )  /* QNO 205 CON_ID 16 */
		    14 Query	REVOKE ALL PRIVILEGES ON h.* FROM 'someuser'@'somehost' /* QNO 204 CON_ID 14 */
		    15 Query	DROP TEMPORARY TABLE IF EXISTS C  /* QNO 189 CON_ID 15 */
		    14 Query	CREATE TRIGGER s BEFORE INSERT ON `B` FOR EACH ROW BEGIN INSERT INTO `CC` SELECT * FROM `C` LIMIT 0 ; END ; /* QNO 205 CON_ID 14 */
		    17 Query	UPDATE performance_schema.setup_timers SET timer_name = 'TICK' /* QNO 88 CON_ID 17 */
		    17 Query	RESET QUERY CACHE /* QNO 89 CON_ID 17 */
		    17 Query	TRUNCATE TABLE performance_schema.events_waits_summary_by_thread_by_event_name /* QNO 90 CON_ID 17 */
		    17 Query	SELECT * FROM test.`B` AS table1 WHERE ( (NOT (NOT ( ( ( table1.`col_varchar_key` LIKE 'wait/synch/rwlock%' AND table1.`col_time_nokey` >= table1.`col_time_nokey`) OR table1.`col_time_nokey` LIKE 'wait/synch/cond%') OR table1.`col_date_nokey` IN ( 6, 4, 6 )) OR table1.`pk` IN ( 4, 2, 8 )) AND table1.`col_time_nokey` LIKE 'wait/synch/rwlock%') AND table1.`col_time_nokey` > table1.`col_time_key`) HAVING NOT ( ( table1.`col_int_nokey` <> '1992-12-04 10:08:37.028226' AND table1.`col_datetime_key` = '1984-04-12 22:30:39.000976') OR table1.`pk` != '2006-01-17 07:40:14.043859') LIMIT 128 /* QNO 91 CON_ID 17 */
		    14 Query	ALTER TABLE `DD` DROP COLUMN j /* QNO 206 CON_ID 14 */
		    17 Query	FLUSH USER_RESOURCES, USER_RESOURCES, DES_KEY_FILE, LOGS /* QNO 92 CON_ID 17 */
/home/travis/server/bin/mysqld, Version: 10.4.2-MariaDB-debug-log (Source distribution). started with:
Tcp port: 19300  Unix socket: /home/travis/logs/vardir/mysql.sock
Time		    Id Command	Argument
		    16 Query	SHOW ENGINE PERFORMANCE_SCHEMA STATUS /* QNO 206 CON_ID 16 */
		    15 Query	ALTER TABLE `tmp` RENAME TO C /* QNO 190 CON_ID 15 */
		    17 Query	UPDATE performance_schema.setup_timers SET timer_name = 'CYCLE' /* QNO 93 CON_ID 17 */
		    15 Query	SHOW ENGINE PERFORMANCE_SCHEMA STATUS /* QNO 191 CON_ID 15 */
		    17 Query	ALTER ONLINE IGNORE TABLE `D` ADD CONSTRAINT FOREIGN KEY (`col_int_nokey`) REFERENCES D (`col_datetime_nokey`) ON DELETE SET DEFAULT /*!100307, ALGORITHM=INSTANT */, LOCK=NONE /* QNO 94 CON_ID 17 */
		    16 Query	RENAME TABLE seq5 TO seq5 /* QNO 207 CON_ID 16 */
		    14 Query	DROP VIEW IF EXISTS j /* QNO 207 CON_ID 14 */
		    15 Query	ALTER TABLE t8 /*!100301 NOWAIT */ RENAME TO t8  /* QNO 192 CON_ID 15 */
		    14 Query	SHOW WARNINGS
		    17 Query	DROP TABLE IF EXISTS t5 /* QNO 95 CON_ID 17 */
		    16 Query	SHOW EXPLAIN FOR 158 /* QNO 208 CON_ID 16 */
		    16 Query	SELECT * from t1 WHERE row_start IN (SELECT row_start FROM `CC`) /* QNO 209 CON_ID 16 */
		    14 Query	GRANT INSERT ( `col_varchar_nokey` ) ON `DD` TO 'someuser'@'somehost' /* QNO 208 CON_ID 14 */
		    15 Query	INSERT INTO `DD` SELECT * FROM `D` /* QNO 193 CON_ID 15 */
		    16 Query	SHOW ENGINE PERFORMANCE_SCHEMA STATUS /* QNO 210 CON_ID 16 */
		    14 Query	DROP DATABASE IF EXISTS n /* QNO 209 CON_ID 14 */
		    17 Query	INSERT INTO t7 ( `col_varchar_key` ) SELECT ncol1 FROM t12 /* QNO 96 CON_ID 17 */
		    14 Query	SHOW WARNINGS
		    14 Query	ALTER TABLE `AA` ADD COLUMN e INTEGER DEFAULT NULL /* QNO 210 CON_ID 14 */
		    17 Query	DELETE FROM `DD` WHERE `col_datetime_key` > '2035-06-06 17:56:39.010647' LIMIT 3 /* QNO 97 CON_ID 17 */
		    16 Query	SET STATEMENT `sql_mode`=ORACLE FOR SELECT seq8.nextval /* QNO 211 CON_ID 16 */
		    17 Query	DELETE FROM t12 LIMIT 7 /* QNO 98 CON_ID 17 */
		    16 Query	UNLOCK TABLES /* QNO 212 CON_ID 16 */
		    15 Query	DROP TEMPORARY TABLE IF EXISTS `E` /* QNO 194 CON_ID 15 */
		    16 Query	ALTER TABLE `DD` ADD FOREIGN KEY ( `col_datetime_key` ) REFERENCES `C` (col_datetime_key) /*!100307, ALGORITHM=NOCOPY */  /* QNO 213 CON_ID 16 */
		    14 Query	GRANT SELECT ( `col_date_key`, `col_date_nokey`, `col_time_nokey`, `col_datetime_key` ), UPDATE ( `col_varchar_key`, `col_varchar_key` ) ON `BB` TO 'someuser'@'somehost' /* QNO 211 CON_ID 14 */
		    14 Query	ALTER TABLE `C` DROP COLUMN v /* QNO 212 CON_ID 14 */
		    16 Query	DELETE FROM `B` WHERE `col_time_nokey` >= 3 LIMIT 4 /* QNO 214 CON_ID 16 */
		    15 Query	SHOW WARNINGS
		    17 Query	ALTER TABLE `E` /*!100301 */ CHANGE COLUMN IF EXISTS e k SERIAL, ALGORITHM=COPY  /* QNO 99 CON_ID 17 */
		    14 Query	ALTER TABLE `DD` DROP KEY x /* QNO 213 CON_ID 14 */
		    16 Query	TRUNCATE TABLE performance_schema.events_waits_summary_by_thread_by_event_name /* QNO 215 CON_ID 16 */
		    15 Query	DROP TEMPORARY TABLE IF EXISTS `E` /* QNO 195 CON_ID 15 */
		    15 Query	SHOW WARNINGS
		    17 Query	SHOW EXPLAIN FOR 194 /* QNO 100 CON_ID 17 */
		    14 Query	GRANT ALL PRIVILEGES ON u.* TO 'someuser'@'somehost' /* QNO 214 CON_ID 14 */
		    15 Query	INSERT INTO `D` SELECT * FROM `E` /* QNO 196 CON_ID 15 */
		    16 Query	SHOW ENGINE PERFORMANCE_SCHEMA STATUS /* QNO 216 CON_ID 16 */
		    17 Query	SHOW ENGINE PERFORMANCE_SCHEMA STATUS /* QNO 101 CON_ID 17 */
		    14 Query	DROP TABLE p /* QNO 215 CON_ID 14 */
		    15 Query	UPDATE performance_schema.setup_instruments SET ENABLED = 'YES' ORDER BY RAND() LIMIT 3 /* QNO 197 CON_ID 15 */
		    17 Query	ALTER TABLE `AA` ADD FOREIGN KEY (`col_varchar_key`) REFERENCES AA (`col_date_key`) ON DELETE SET NULL ON UPDATE RESTRICT /*!100307, ALGORITHM=NOCOPY */  /* QNO 102 CON_ID 17 */
		    14 Query	DROP PROCEDURE IF EXISTS w /* QNO 216 CON_ID 14 */
		    16 Query	ALTER TABLE `C` /*!100301 NOWAIT */ DISABLE KEYS, ADD CONSTRAINT o UNIQUE ind9 ( u ) COMMENT 'anyway', LOCK=SHARED  /* QNO 217 CON_ID 16 */
		    15 Query	LOCK TABLES `DD` WRITE CONCURRENT /*!100300 NOWAIT */ /* QNO 198 CON_ID 15 */
		    16 Query	SHOW ENGINE PERFORMANCE_SCHEMA STATUS /* QNO 218 CON_ID 16 */
		    15 Query	ALTER TABLE t7 ROW_FORMAT=REDUNDANT /* QNO 199 CON_ID 15 */
		    17 Query	ALTER ONLINE IGNORE TABLE `CC` /*!100301 NOWAIT */ DROP INDEX IF EXISTS z, ADD KEY ( a ), LOCK=SHARED, ADD INDEX IF NOT EXISTS ( v ), ALGORITHM=DEFAULT, ADD KEY IF NOT EXISTS h USING BTREE ( `col_time_key`, `pk` )  /* QNO 103 CON_ID 17 */
		    15 Query	ALTER TABLE `BB` DROP COLUMN IF EXISTS scol9, ALGORITHM=COPY, ADD COLUMN ncol7 DOUBLE ZEROFILL, ALGORITHM=COPY  /* QNO 200 CON_ID 15 */
		    15 Query	SHOW ENGINE PERFORMANCE_SCHEMA STATUS /* QNO 201 CON_ID 15 */
		    14 Query	REVOKE ALL PRIVILEGES ON z.* FROM 'someuser'@'somehost' /* QNO 217 CON_ID 14 */
		    17 Query	CREATE OR REPLACE TEMPORARY TABLE `tmp` LIKE A  /* QNO 104 CON_ID 17 */
		    14 Query	ALTER TABLE `C` PARTITION BY KEY() PARTITIONS 5 /* QNO 218 CON_ID 14 */
		    15 Query	UNLOCK TABLES /* QNO 202 CON_ID 15 */
		    17 Query	INSERT INTO `tmp` SELECT * FROM A  /* QNO 105 CON_ID 17 */
		    16 Query	TRUNCATE TABLE t11 /* QNO 219 CON_ID 16 */
		    15 Query	INSERT INTO `A` ( `pk` ) VALUES (NULL) /* QNO 203 CON_ID 15 */
		    17 Query	DROP TEMPORARY TABLE IF EXISTS A  /* QNO 106 CON_ID 17 */
		    17 Query	SHOW WARNINGS
		    14 Query	GRANT ALL PRIVILEGES ON m.* TO 'someuser'@'somehost' /* QNO 219 CON_ID 14 */
		    17 Query	ALTER TABLE `tmp` RENAME TO A /* QNO 107 CON_ID 17 */
		    17 Query	SHOW ENGINE PERFORMANCE_SCHEMA STATUS /* QNO 108 CON_ID 17 */
		    14 Query	ALTER TABLE `D` DROP KEY i /* QNO 220 CON_ID 14 */
		    14 Query	ALTER TABLE `BB` PARTITION BY KEY() PARTITIONS 8 /* QNO 221 CON_ID 14 */
		    17 Query	ALTER TABLE `D` /*!100301 NOWAIT */ DROP COLUMN IF EXISTS e, ALGORITHM=COPY  /* QNO 109 CON_ID 17 */
		    14 Query	CREATE TABLE y LIKE `A` /* QNO 222 CON_ID 14 */
		    17 Query	SHOW WARNINGS
		    15 Query	TRUNCATE TABLE performance_schema.file_summary_by_event_name /* QNO 204 CON_ID 15 */
		    14 Query	CREATE OR REPLACE VIEW u AS SELECT * FROM `C` /* QNO 223 CON_ID 14 */
		    17 Query	SHOW CREATE SEQUENCE seq9 /* QNO 110 CON_ID 17 */
		    17 Query	UNLOCK TABLES /* QNO 111 CON_ID 17 */
		    14 Query	/* GenTest::Transform::ExecuteAsExecuteImmediate */ EXECUTE IMMEDIATE 'CREATE OR REPLACE VIEW u AS SELECT * FROM `C` /* QNO 223 CON_ID 14 */ ' /* TRANSFORM_OUTCOME_UNORDERED_MATCH */ /* QNO 224 CON_ID 14 */
		    17 Query	CREATE OR REPLACE TEMPORARY TABLE `tmp` LIKE C  /* QNO 112 CON_ID 17 */
		    14 Prepare	CREATE OR REPLACE VIEW u AS SELECT * FROM `C` /* QNO 223 CON_ID 14 */
		    15 Query	ALTER ONLINE TABLE `AA` /*!100301 */ ADD COLUMN IF NOT EXISTS `col_date_nokey` VARCHAR(41238) /*!100303 INVISIBLE */ AFTER `col_time_key`, ALGORITHM=INPLACE, DROP COLUMN IF EXISTS j, LOCK=EXCLUSIVE, MODIFY COLUMN `col_int_key` SERIAL /*!100307, ALGORITHM=NOCOPY */  /* QNO 205 CON_ID 15 */
		    16 Query	DROP TEMPORARY TABLE IF EXISTS `A` /* QNO 220 CON_ID 16 */
		    14 Execute	CREATE OR REPLACE VIEW u AS SELECT * FROM `C` /* QNO 223 CON_ID 14 */
		    14 Query	GRANT UPDATE ( `pk` ), INSERT ( `col_varchar_nokey` ), SELECT ( `col_int_nokey`, `col_date_key` ) ON `BB` TO 'someuser'@'somehost' /* QNO 225 CON_ID 14 */
		    14 Query	GRANT SELECT ( `col_int_nokey` ), SELECT ( `col_datetime_key`, `col_datetime_key`, `col_time_nokey`, `col_int_nokey`, `col_int_nokey`, `pk` ) ON `BB` TO 'someuser'@'somehost' /* QNO 226 CON_ID 14 */
		    14 Query	CREATE DATABASE IF NOT EXISTS k /* QNO 227 CON_ID 14 */
		    15 Query	SHOW CREATE EVENT i /* QNO 206 CON_ID 15 */
		    16 Query	SHOW WARNINGS
		    16 Query	UNLOCK TABLES /* QNO 221 CON_ID 16 */
		    14 Query	DROP DATABASE IF EXISTS k /* QNO 228 CON_ID 14 */
		    15 Query	SELECT row_end FROM `A` ORDER BY RAND() LIMIT 1 INTO @trx_user_var /* QNO 207 CON_ID 15 */
		    15 Query	INSERT INTO `CC` ( `pk` ) VALUES (NULL) /* QNO 208 CON_ID 15 */
		    16 Query	SELECT * FROM test.`E` AS table1 HAVING table1.`pk` != 7 LIMIT 80 /* QNO 222 CON_ID 16 */
		    15 Query	ALTER TABLE `BB` /*!100301 NOWAIT */ DROP INDEX ind9  /* QNO 209 CON_ID 15 */
		    16 Query	UPDATE `E` SET `col_date_nokey` = 1 WHERE `col_int_nokey` > 'r' /* QNO 223 CON_ID 16 */
		    19 Query	SHOW WARNINGS
		    18 Query	SELECT * FROM transforms.insert_select_22992 /* TRANSFORM_OUTCOME_UNORDERED_MATCH */ /* QNO 147 CON_ID 18 */
		    19 Query	DROP TABLE IF EXISTS transforms.where_updatedelete_22994 /* QNO 173 CON_ID 19 */
		    19 Query	SHOW WARNINGS
		    16 Query	ALTER TABLE `E` /*!100301 */ ADD COLUMN ( `col_int_nokey` BIGINT NULL ), ADD ( `col_date_nokey` VARBINARY(55446) NOT NULL DEFAULT NULL, o SMALLINT ZEROFILL NOT NULL ), LOCK=NONE  /* QNO 224 CON_ID 16 */
		    15 Query	UPDATE performance_schema.setup_consumers SET enabled = 'NO' WHERE name IN ( 'events_waits_summary_by_event_name', 'file_summary_by_event_name', 'file_summary_by_instance' ) /* QNO 210 CON_ID 15 */
		    15 Query	SET SQL_MODE= DEFAULT /* QNO 211 CON_ID 15 */
		    15 Query	DROP TEMPORARY TABLE IF EXISTS `A` /* QNO 212 CON_ID 15 */
		    15 Query	SHOW WARNINGS
		    19 Query	CREATE TABLE transforms.where_updatedelete_22994 SELECT SETVAL(seq9, 11127) /* QNO 159 CON_ID 19 */  /* QNO 174 CON_ID 19 */
		    16 Query	RENAME TABLE seq3 TO seq3, seq3 TO seq1, seq9 TO seq9 /* QNO 225 CON_ID 16 */
		    17 Query	INSERT INTO `tmp` SELECT * FROM C  /* QNO 113 CON_ID 17 */
		    14 Query	DROP DATABASE IF EXISTS k /* QNO 229 CON_ID 14 */
		    14 Query	SHOW WARNINGS
		    14 Query	CREATE EVENT r ON SCHEDULE AT NOW() DO SET @a=@a /* QNO 230 CON_ID 14 */
		    18 Query	DELETE FROM transforms.insert_select_22992 /* QNO 148 CON_ID 18 */
		    15 Query	SET GLOBAL SQL_MODE= DEFAULT /* QNO 213 CON_ID 15 */
		    14 Query	ALTER TABLE `DD` DROP COLUMN y /* QNO 231 CON_ID 14 */
		    17 Query	/* GenTest::Transform::ExecuteAsExecuteImmediate */ EXECUTE IMMEDIATE ' INSERT INTO `tmp` SELECT * FROM C  /* QNO 113 CON_ID 17 */ ' /* TRANSFORM_OUTCOME_UNORDERED_MATCH */ /* QNO 114 CON_ID 17 */
		    14 Query	DROP EVENT h /* QNO 232 CON_ID 14 */
		    17 Prepare	INSERT INTO `tmp` SELECT * FROM C  /* QNO 113 CON_ID 17 */
		    14 Query	ALTER TABLE `BB` PARTITION BY KEY() PARTITIONS 5 /* QNO 233 CON_ID 14 */
		    14 Query	ALTER TABLE `BB` ADD COLUMN v INTEGER DEFAULT NULL /* QNO 234 CON_ID 14 */
		    14 Query	CREATE TABLE q LIKE `DD` /* QNO 235 CON_ID 14 */
		    14 Query	REVOKE ALL PRIVILEGES ON d.* FROM 'someuser'@'somehost' /* QNO 236 CON_ID 14 */
		    14 Query	DROP PROCEDURE IF EXISTS w /* QNO 237 CON_ID 14 */
		    15 Query	INSERT INTO seq7 VALUES (-35, 0, 8811292670950375424, 5984439479845257216, 3, 21, 1, 0) /* QNO 214 CON_ID 15 */
		    14 Query	SHOW WARNINGS
		    14 Query	GRANT UPDATE ( `col_datetime_nokey`, `col_time_nokey` ) ON `DD` TO 'someuser'@'somehost' /* QNO 238 CON_ID 14 */
		    14 Query	CREATE OR REPLACE VIEW n AS SELECT * FROM `B` /* QNO 239 CON_ID 14 */
		    15 Query	DROP TEMPORARY TABLE IF EXISTS `DD` /* QNO 215 CON_ID 15 */
		    15 Query	SHOW WARNINGS
		    15 Query	CREATE TABLE `A` LIKE `D` /* QNO 216 CON_ID 15 */
		    17 Execute	INSERT INTO `tmp` SELECT * FROM C  /* QNO 113 CON_ID 17 */
		    14 Query	/* GenTest::Transform::ExecuteAsExecuteImmediate */ EXECUTE IMMEDIATE 'CREATE OR REPLACE VIEW n AS SELECT * FROM `B` /* QNO 239 CON_ID 14 */ ' /* TRANSFORM_OUTCOME_UNORDERED_MATCH */ /* QNO 240 CON_ID 14 */
		    17 Query	DROP TEMPORARY TABLE IF EXISTS C  /* QNO 115 CON_ID 17 */
		    14 Prepare	CREATE OR REPLACE VIEW n AS SELECT * FROM `B` /* QNO 239 CON_ID 14 */
		    17 Query	SHOW WARNINGS
		    17 Query	ALTER TABLE `tmp` RENAME TO C /* QNO 116 CON_ID 17 */
		    17 Query	SELECT * FROM mysql.`general_log` AS table1 WHERE NOT ( ( table1.`server_id` LIKE '%mysys%' AND table1.`user_host` LIKE 'wait/io%') OR table1.`argument` < '1986-07-18 19:16:43.060211') ORDER BY table1.`thread_id`, table1.`thread_id`, table1.`argument`, table1.`server_id`, table1.`thread_id` LIMIT 211 /* QNO 117 CON_ID 17 */
		    14 Execute	CREATE OR REPLACE VIEW n AS SELECT * FROM `B` /* QNO 239 CON_ID 14 */
		    14 Query	CREATE DATABASE IF NOT EXISTS p /* QNO 241 CON_ID 14 */
		    17 Query	/* GenTest::Transform::ExecuteAsExecuteImmediate */ EXECUTE IMMEDIATE ' SELECT * FROM mysql.`general_log` AS table1 WHERE NOT ( ( table1.`server_id` LIKE \'%mysys%\' AND table1.`user_host` LIKE \'wait/io%\') OR table1.`argument` < \'1986-07-18 19:16:43.060211\') ORDER BY table1.`thread_id`, table1.`thread_id`, table1.`argument`, table1.`server_id`, table1.`thread_id` LIMIT 211 /* QNO 117 CON_ID 17 */ ' /* TRANSFORM_OUTCOME_UNORDERED_MATCH */ /* QNO 118 CON_ID 17 */
		    17 Prepare	SELECT * FROM mysql.`general_log` AS table1 WHERE NOT ( ( table1.`server_id` LIKE '%mysys%' AND table1.`user_host` LIKE 'wait/io%') OR table1.`argument` < '1986-07-18 19:16:43.060211') ORDER BY table1.`thread_id`, table1.`thread_id`, table1.`argument`, table1.`server_id`, table1.`thread_id` LIMIT 211 /* QNO 117 CON_ID 17 */
		    17 Execute	SELECT * FROM mysql.`general_log` AS table1 WHERE NOT ( ( table1.`server_id` LIKE '%mysys%' AND table1.`user_host` LIKE 'wait/io%') OR table1.`argument` < '1986-07-18 19:16:43.060211') ORDER BY table1.`thread_id`, table1.`thread_id`, table1.`argument`, table1.`server_id`, table1.`thread_id` LIMIT 211 /* QNO 117 CON_ID 17 */
		    14 Query	CREATE PROCEDURE m ( IN q INT, IN n INT, IN u INT, IN l INT ) BEGIN SELECT COUNT(*) INTO @a FROM `BB`; END ; /* QNO 242 CON_ID 14 */
		    17 Query	/* GenTest::Transform::ExecuteAsInsertSelect */ CREATE DATABASE IF NOT EXISTS transforms /* QNO 119 CON_ID 17 */
		    14 Query	ALTER TABLE `AA` ADD PRIMARY KEY (`pk`) /* QNO 243 CON_ID 14 */
		    14 Query	DROP PROCEDURE IF EXISTS u /* QNO 244 CON_ID 14 */
		    14 Query	SHOW WARNINGS
		    14 Query	DROP EVENT p /* QNO 245 CON_ID 14 */
		    14 Query	CREATE TABLE c LIKE `BB` /* QNO 246 CON_ID 14 */
		    18 Query	INSERT INTO transforms.insert_select_22992  SELECT * FROM performance_schema.`events_stages_history` AS table1 ORDER BY table1.`NESTING_EVENT_TYPE`, table1.`THREAD_ID` LIMIT 151 /* QNO 142 CON_ID 18 */  /* QNO 149 CON_ID 18 */
		    15 Query	ALTER TABLE `AA` /*!100301 WAIT 9 */ DROP FOREIGN KEY x  /* QNO 217 CON_ID 15 */
		    15 Query	SHOW ENGINE PERFORMANCE_SCHEMA STATUS /* QNO 218 CON_ID 15 */
		    16 Query	INSERT INTO `CC` SELECT * FROM `BB` /* QNO 226 CON_ID 16 */
		    16 Query	SELECT * FROM (test.`D` AS table1 RIGHT OUTER JOIN mysql.`innodb_table_stats` AS table2 ON ( table2.`n_rows` = table1.`col_date_nokey` ) ) WHERE NOT ( (NOT table2.`last_update` < '1971-05-15 20:03:42.042573' AND table2.`last_update` IN ( 9, 2, 6 )) OR table1.`col_varchar_nokey` IN ( 4, 2, 5 )) ORDER BY table2.`last_update`, table2.`clustered_index_size` LIMIT 128 /* QNO 227 CON_ID 16 */
		    15 Query	UNLOCK TABLES /* QNO 219 CON_ID 15 */
		    17 Query	SHOW WARNINGS
		    17 Query	DROP TABLE IF EXISTS transforms.insert_select_22990 /* QNO 120 CON_ID 17 */
		    17 Query	SHOW WARNINGS
		    17 Query	CREATE TABLE transforms.insert_select_22990  SELECT * FROM mysql.`general_log` AS table1 WHERE NOT ( ( table1.`server_id` LIKE '%mysys%' AND table1.`user_host` LIKE 'wait/io%') OR table1.`argument` < '1986-07-18 19:16:43.060211') ORDER BY table1.`thread_id`, table1.`thread_id`, table1.`argument`, table1.`server_id`, table1.`thread_id` LIMIT 211 /* QNO 117 CON_ID 17 */  /* QNO 121 CON_ID 17 */
		    19 Query	UPDATE transforms.where_updatedelete_22994 SET `SETVAL(seq9, 11127)` = ( SELECT SETVAL(seq9, 11127) /* QNO 159 CON_ID 19 */  ) + 9999 WHERE `SETVAL(seq9, 11127)` NOT IN ( SELECT SETVAL(seq9, 11127) /* QNO 159 CON_ID 19 */  )  /* QNO 175 CON_ID 19 */
		    15 Query	SELECT * from `B` FOR system_time ALL /* QNO 220 CON_ID 15 */
		    15 Query	CREATE OR REPLACE TEMPORARY TABLE `tmp` LIKE C  /* QNO 221 CON_ID 15 */
		    16 Query	SELECT * FROM (test.`AA` AS table1 RIGHT OUTER JOIN mysql.`slow_log` AS table2 ON ( table2.`sql_text` = table1.`col_datetime_nokey` ) ) ORDER BY table1.`col_varchar_nokey`, table1.`col_date_key`, table2.`last_insert_id`, table2.`start_time` LIMIT 34 /* QNO 228 CON_ID 16 */
		    16 Query	UNLOCK TABLES /* QNO 229 CON_ID 16 */
		    16 Query	ALTER TABLE `help_category` /*!100301 */ ADD KEY IF NOT EXISTS ind5 ( w(164) ASC ) COMMENT 'wedding'  /* QNO 230 CON_ID 16 */
		    16 Query	ALTER TABLE `help_keyword` DROP FOREIGN KEY x /*!100307, ALGORITHM=NOCOPY */  /* QNO 231 CON_ID 16 */
		    16 Query	CREATE OR REPLACE TEMPORARY TABLE `tmp` LIKE C  /* QNO 232 CON_ID 16 */
		    19 Query	SELECT IF((ROW_COUNT() = 0 OR ROW_COUNT() = -1), 1, 0) /* TRANSFORM_OUTCOME_SINGLE_INTEGER_ONE */ /* QNO 176 CON_ID 19 */
		    19 Query	SELECT * FROM transforms.where_updatedelete_22994 /* TRANSFORM_OUTCOME_UNORDERED_MATCH */ /* QNO 177 CON_ID 19 */
		    19 Query	UPDATE transforms.where_updatedelete_22994 SET `SETVAL(seq9, 11127)` = ( SELECT SETVAL(seq9, 11127) /* QNO 159 CON_ID 19 */  ) WHERE `SETVAL(seq9, 11127)` IN ( SELECT SETVAL(seq9, 11127) /* QNO 159 CON_ID 19 */  )  /* QNO 178 CON_ID 19 */
		    19 Query	SELECT IF((ROW_COUNT() = 1 OR ROW_COUNT() = -1), 1, 0) /* TRANSFORM_OUTCOME_SINGLE_INTEGER_ONE */ /* QNO 179 CON_ID 19 */
		    19 Query	SELECT * FROM transforms.where_updatedelete_22994 /* TRANSFORM_OUTCOME_UNORDERED_MATCH */ /* QNO 180 CON_ID 19 */
		    19 Query	DELETE FROM transforms.where_updatedelete_22994 WHERE `SETVAL(seq9, 11127)` IN ( SELECT SETVAL(seq9, 11127) /* QNO 159 CON_ID 19 */  )  /* QNO 181 CON_ID 19 */
		    19 Query	SELECT IF((ROW_COUNT() = 1 OR ROW_COUNT() = -1), 1, 0) /* TRANSFORM_OUTCOME_SINGLE_INTEGER_ONE */ /* QNO 182 CON_ID 19 */
		    19 Query	SELECT * FROM transforms.where_updatedelete_22994 /* TRANSFORM_OUTCOME_EMPTY_RESULT */ /* QNO 183 CON_ID 19 */
		    19 Query	DROP TABLE IF EXISTS transforms.where_updatedelete_22994 /* QNO 184 CON_ID 19 */
		    15 Query	INSERT INTO `tmp` SELECT * FROM C  /* QNO 222 CON_ID 15 */
		    15 Query	/* GenTest::Transform::ExecuteAsExecuteImmediate */ EXECUTE IMMEDIATE ' INSERT INTO `tmp` SELECT * FROM C  /* QNO 222 CON_ID 15 */ ' /* TRANSFORM_OUTCOME_UNORDERED_MATCH */ /* QNO 223 CON_ID 15 */
		    15 Prepare	INSERT INTO `tmp` SELECT * FROM C  /* QNO 222 CON_ID 15 */
		    15 Execute	INSERT INTO `tmp` SELECT * FROM C  /* QNO 222 CON_ID 15 */
		    15 Query	DROP TEMPORARY TABLE IF EXISTS C  /* QNO 224 CON_ID 15 */
		    19 Query	UPDATE performance_schema.setup_instruments SET TIMED = 'NO' ORDER BY RAND() LIMIT 5 /* QNO 185 CON_ID 19 */
		    19 Query	ALTER ONLINE TABLE `INNODB_TRX` /*!100301 */ DROP INDEX IF EXISTS `trx_last_foreign_key_error` /*!100307, ALGORITHM=NOCOPY */, ADD INDEX ind8 ( `trx_last_foreign_key_error` ) KEY_BLOCK_SIZE = 18825 /*!100307, ALGORITHM=NOCOPY */, LOCK=DEFAULT, DROP KEY IF EXISTS ind5, ALGORITHM=COPY  /* QNO 186 CON_ID 19 */
		    19 Query	DROP TEMPORARY TABLE IF EXISTS `INNODB_FT_INDEX_TABLE` /* QNO 187 CON_ID 19 */
		    19 Query	SHOW WARNINGS
		    19 Query	SELECT * FROM test.`BB` AS table1 HAVING table1.`col_varchar_nokey` = 6 LIMIT 5 /* QNO 188 CON_ID 19 */
		    16 Query	INSERT INTO `tmp` SELECT * FROM C  /* QNO 233 CON_ID 16 */
		    14 Query	GRANT SELECT ( `col_time_key`, `col_int_nokey`, `col_date_nokey`, `col_int_nokey` ) ON `C` TO 'someuser'@'somehost' /* QNO 247 CON_ID 14 */
		    16 Query	/* GenTest::Transform::ExecuteAsExecuteImmediate */ EXECUTE IMMEDIATE ' INSERT INTO `tmp` SELECT * FROM C  /* QNO 233 CON_ID 16 */ ' /* TRANSFORM_OUTCOME_UNORDERED_MATCH */ /* QNO 234 CON_ID 16 */
		    16 Prepare	INSERT INTO `tmp` SELECT * FROM C  /* QNO 233 CON_ID 16 */
		    16 Execute	INSERT INTO `tmp` SELECT * FROM C  /* QNO 233 CON_ID 16 */
		    19 Query	ALTER IGNORE TABLE `B` /*!100301 WAIT 5 */ ADD FOREIGN KEY l (`pk`) REFERENCES B (`col_date_nokey`) ON DELETE NO ACTION ON UPDATE CASCADE /*!100307, ALGORITHM=NOCOPY */, LOCK=SHARED /* QNO 189 CON_ID 19 */
		    14 Query	CREATE OR REPLACE VIEW a AS SELECT * FROM `E` /* QNO 248 CON_ID 14 */
		    16 Query	DROP TEMPORARY TABLE IF EXISTS C  /* QNO 235 CON_ID 16 */
		    15 Query	ALTER TABLE `tmp` RENAME TO C /* QNO 225 CON_ID 15 */
		    15 Query	ALTER IGNORE TABLE `DD` ADD CONSTRAINT FOREIGN KEY (`col_int_nokey`) REFERENCES DD (`pk`) ON UPDATE RESTRICT, ALGORITHM=COPY, LOCK=NONE /* QNO 226 CON_ID 15 */
		    15 Query	ALTER TABLE `AA` /*!100301 */ CHANGE i `col_datetime_key` DATE DEFAULT NULL FIRST, LOCK=SHARED  /* QNO 227 CON_ID 15 */
		    19 Query	INSERT INTO t13 (ncol3) VALUES (NULL),(''),(''),(''),(NULL) /* QNO 190 CON_ID 19 */
		    14 Query	/* GenTest::Transform::ExecuteAsExecuteImmediate */ EXECUTE IMMEDIATE 'CREATE OR REPLACE VIEW a AS SELECT * FROM `E` /* QNO 248 CON_ID 14 */ ' /* TRANSFORM_OUTCOME_UNORDERED_MATCH */ /* QNO 249 CON_ID 14 */
		    14 Prepare	CREATE OR REPLACE VIEW a AS SELECT * FROM `E` /* QNO 248 CON_ID 14 */
		    15 Query	TRUNCATE TABLE performance_schema.events_waits_summary_by_event_name /* QNO 228 CON_ID 15 */
		    16 Query	ALTER TABLE `tmp` RENAME TO C /* QNO 236 CON_ID 16 */
		    16 Query	ALTER TABLE `time_zone_leap_second` /*!100301 NOWAIT */ MODIFY COLUMN b SERIAL /*!100303 INVISIBLE */, ALGORITHM=INPLACE  /* QNO 237 CON_ID 16 */
		    14 Execute	CREATE OR REPLACE VIEW a AS SELECT * FROM `E` /* QNO 248 CON_ID 14 */
		    14 Query	ALTER TABLE `AA` REMOVE PARTITIONING /* QNO 250 CON_ID 14 */
		    19 Query	ALTER TABLE t7 ADD UNIQUE (ncol5) /*!100307, ALGORITHM=INSTANT */, LOCK=SHARED  /* QNO 191 CON_ID 19 */
		    14 Query	ALTER TABLE `CC` DROP PRIMARY KEY /* QNO 251 CON_ID 14 */
		    15 Query	UNLOCK TABLES /* QNO 229 CON_ID 15 */
		    16 Query	SELECT * FROM INFORMATION_SCHEMA.`INDEX_STATISTICS` AS table1 WHERE NOT table1.`INDEX_NAME` IN ( 3, 9, 7 ) HAVING ( ( table1.`TABLE_NAME` > 'r' OR table1.`TABLE_SCHEMA` > '1979-01-23 22:56:38.030108') OR table1.`ROWS_READ` = 4) LIMIT 0 /* QNO 238 CON_ID 16 */
		    14 Query	CREATE TRIGGER n BEFORE INSERT ON `DD` FOR EACH ROW BEGIN INSERT INTO `AA` SELECT * FROM `C` LIMIT 0 ; END ; /* QNO 252 CON_ID 14 */
		    15 Query	DELETE FROM `C` WHERE `col_int_key` <= '2005-01-07 08:28:24.051957' LIMIT 6 /* QNO 230 CON_ID 15 */
		    19 Query	INSERT INTO `C` SELECT * FROM `D` /* QNO 192 CON_ID 19 */
		    14 Query	CREATE DATABASE IF NOT EXISTS a /* QNO 253 CON_ID 14 */
		    14 Query	SHOW WARNINGS
		    15 Query	ALTER SEQUENCE IF EXISTS seq8 RESTART WITH 1122 /* QNO 231 CON_ID 15 */
		    14 Query	CREATE OR REPLACE VIEW w AS SELECT * FROM `E` /* QNO 254 CON_ID 14 */
		    19 Query	ALTER TABLE `BB` ADD FOREIGN KEY u ( `pk` ) REFERENCES `D` (pk) ON DELETE SET DEFAULT /*!100307, ALGORITHM=NOCOPY */  /* QNO 193 CON_ID 19 */
		    16 Query	/* GenTest::Transform::ExecuteAsExecuteImmediate */ EXECUTE IMMEDIATE ' SELECT * FROM INFORMATION_SCHEMA.`INDEX_STATISTICS` AS table1 WHERE NOT table1.`INDEX_NAME` IN ( 3, 9, 7 ) HAVING ( ( table1.`TABLE_NAME` > \'r\' OR table1.`TABLE_SCHEMA` > \'1979-01-23 22:56:38.030108\') OR table1.`ROWS_READ` = 4) LIMIT 0 /* QNO 238 CON_ID 16 */ ' /* TRANSFORM_OUTCOME_UNORDERED_MATCH */ /* QNO 239 CON_ID 16 */
		    15 Query	SHOW WARNINGS
		    16 Prepare	SELECT * FROM INFORMATION_SCHEMA.`INDEX_STATISTICS` AS table1 WHERE NOT table1.`INDEX_NAME` IN ( 3, 9, 7 ) HAVING ( ( table1.`TABLE_NAME` > 'r' OR table1.`TABLE_SCHEMA` > '1979-01-23 22:56:38.030108') OR table1.`ROWS_READ` = 4) LIMIT 0 /* QNO 238 CON_ID 16 */
		    14 Query	/* GenTest::Transform::ExecuteAsExecuteImmediate */ EXECUTE IMMEDIATE 'CREATE OR REPLACE VIEW w AS SELECT * FROM `E` /* QNO 254 CON_ID 14 */ ' /* TRANSFORM_OUTCOME_UNORDERED_MATCH */ /* QNO 255 CON_ID 14 */
		    14 Prepare	CREATE OR REPLACE VIEW w AS SELECT * FROM `E` /* QNO 254 CON_ID 14 */
		    16 Execute	SELECT * FROM INFORMATION_SCHEMA.`INDEX_STATISTICS` AS table1 WHERE NOT table1.`INDEX_NAME` IN ( 3, 9, 7 ) HAVING ( ( table1.`TABLE_NAME` > 'r' OR table1.`TABLE_SCHEMA` > '1979-01-23 22:56:38.030108') OR table1.`ROWS_READ` = 4) LIMIT 0 /* QNO 238 CON_ID 16 */
		    15 Query	CREATE SEQUENCE IF NOT EXISTS seq6 START WITH -126 NO MAXVALUE INCREMENT = 4  /* QNO 232 CON_ID 15 */
		    16 Query	/* GenTest::Transform::ExecuteAsInsertSelect */ CREATE DATABASE IF NOT EXISTS transforms /* QNO 240 CON_ID 16 */
		    16 Query	SHOW WARNINGS
		    17 Query	SELECT * FROM transforms.insert_select_22990 /* TRANSFORM_OUTCOME_UNORDERED_MATCH */ /* QNO 122 CON_ID 17 */
		    14 Execute	CREATE OR REPLACE VIEW w AS SELECT * FROM `E` /* QNO 254 CON_ID 14 */
		    14 Query	ALTER TABLE `AA` ADD COLUMN f INTEGER DEFAULT NULL /* QNO 256 CON_ID 14 */
		    19 Query	ALTER TABLE `DD` /*!100301 */ ADD IF NOT EXISTS `col_date_nokey` SET('foo','bar') /*!100201 CHECK (s NOT LIKE k) */ AFTER `col_int_nokey`, ALGORITHM=DEFAULT  /* QNO 194 CON_ID 19 */
		    14 Query	GRANT INSERT ( `pk` ) ON `A` TO 'someuser'@'somehost' /* QNO 257 CON_ID 14 */
		    16 Query	DROP TABLE IF EXISTS transforms.insert_select_22988 /* QNO 241 CON_ID 16 */
		    15 Query	ALTER TABLE `CC` /*!100301 */ ALTER COLUMN /*!100305 IF EXISTS */ a DROP DEFAULT /*!100307, ALGORITHM=INSTANT */  /* QNO 233 CON_ID 15 */
		    16 Query	SHOW WARNINGS
		    16 Query	CREATE TABLE transforms.insert_select_22988  SELECT * FROM INFORMATION_SCHEMA.`INDEX_STATISTICS` AS table1 WHERE NOT table1.`INDEX_NAME` IN ( 3, 9, 7 ) HAVING ( ( table1.`TABLE_NAME` > 'r' OR table1.`TABLE_SCHEMA` > '1979-01-23 22:56:38.030108') OR table1.`ROWS_READ` = 4) LIMIT 0 /* QNO 238 CON_ID 16 */  /* QNO 242 CON_ID 16 */
		    14 Query	DROP TABLE z /* QNO 258 CON_ID 14 */
		    14 Query	ALTER TABLE `D` ADD KEY ( f ) /* QNO 259 CON_ID 14 */
		    14 Query	CREATE DATABASE IF NOT EXISTS l /* QNO 260 CON_ID 14 */
		    15 Query	SET SESSION SQL_MODE= DEFAULT /* QNO 234 CON_ID 15 */
		    14 Query	ALTER TABLE `C` ADD KEY ( s ) /* QNO 261 CON_ID 14 */
		    15 Query	CREATE OR REPLACE TEMPORARY TABLE `tmp` LIKE CC  /* QNO 235 CON_ID 15 */
		    17 Query	DELETE FROM transforms.insert_select_22990 /* QNO 123 CON_ID 17 */
		    14 Query	GRANT SELECT ( `col_datetime_nokey`, `col_datetime_nokey` ) ON `C` TO 'someuser'@'somehost' /* QNO 262 CON_ID 14 */
		    17 Query	INSERT INTO transforms.insert_select_22990  SELECT * FROM mysql.`general_log` AS table1 WHERE NOT ( ( table1.`server_id` LIKE '%mysys%' AND table1.`user_host` LIKE 'wait/io%') OR table1.`argument` < '1986-07-18 19:16:43.060211') ORDER BY table1.`thread_id`, table1.`thread_id`, table1.`argument`, table1.`server_id`, table1.`thread_id` LIMIT 211 /* QNO 117 CON_ID 17 */  /* QNO 124 CON_ID 17 */
		    19 Query	CREATE OR REPLACE TEMPORARY TABLE `tmp` LIKE B  /* QNO 195 CON_ID 19 */
		    18 Query	SELECT * FROM transforms.insert_select_22992 /* TRANSFORM_OUTCOME_UNORDERED_MATCH */ /* QNO 150 CON_ID 18 */
		    15 Query	INSERT INTO `tmp` SELECT * FROM CC  /* QNO 236 CON_ID 15 */
		    15 Query	DROP TEMPORARY TABLE IF EXISTS CC  /* QNO 237 CON_ID 15 */
		    15 Query	SHOW WARNINGS
		    15 Query	ALTER TABLE `tmp` RENAME TO CC /* QNO 238 CON_ID 15 */
		    15 Query	SELECT SETVAL(seq4, 0) /* QNO 239 CON_ID 15 */
		    15 Query	INSERT INTO `A` (tcol5) VALUES ('') /* QNO 240 CON_ID 15 */
		    14 Query	ALTER TABLE `B` REMOVE PARTITIONING /* QNO 263 CON_ID 14 */
		    17 Query	SELECT * FROM transforms.insert_select_22990 /* TRANSFORM_OUTCOME_UNORDERED_MATCH */ /* QNO 125 CON_ID 17 */
		    18 Query	DELETE FROM transforms.insert_select_22992 /* QNO 151 CON_ID 18 */
		    17 Query	DELETE FROM transforms.insert_select_22990 /* QNO 126 CON_ID 17 */
		    17 Query	REPLACE INTO transforms.insert_select_22990  SELECT * FROM mysql.`general_log` AS table1 WHERE NOT ( ( table1.`server_id` LIKE '%mysys%' AND table1.`user_host` LIKE 'wait/io%') OR table1.`argument` < '1986-07-18 19:16:43.060211') ORDER BY table1.`thread_id`, table1.`thread_id`, table1.`argument`, table1.`server_id`, table1.`thread_id` LIMIT 211 /* QNO 117 CON_ID 17 */  /* QNO 127 CON_ID 17 */
		    15 Query	UNLOCK TABLES /* QNO 241 CON_ID 15 */
		    15 Query	SET SQL_MODE= 'DB2,ALLOW_INVALID_DATES,NO_TABLE_OPTIONS,NO_AUTO_CREATE_USER,ORACLE,NO_DIR_IN_CREATE,MAXDB,ANSI,NO_FIELD_OPTIONS,POSTGRESQL,NO_KEY_OPTIONS,ERROR_FOR_DIVISION_BY_ZERO,TIME_ROUND_FRACTIONAL,PIPES_AS_CONCAT,NO_ENGINE_SUBSTITUTION,NO_AUTO_VALUE_ON_ZERO,NO_ZERO_IN_DATE,ONLY_FULL_GROUP_BY,NO_UNSIGNED_SUBTRACTION,STRICT_ALL_TABLES,EMPTY_STRING_IS_NULL,MYSQL40,NO_BACKSLASH_ESCAPES' /* QNO 242 CON_ID 15 */
		    17 Query	SELECT * FROM transforms.insert_select_22990 /* TRANSFORM_OUTCOME_UNORDERED_MATCH */ /* QNO 128 CON_ID 17 */
		    17 Query	DROP TABLE transforms.insert_select_22990 /* QNO 129 CON_ID 17 */
		    15 Query	UNLOCK TABLES /* QNO 243 CON_ID 15 */
		    15 Query	DELETE FROM `BB` WHERE `col_varchar_nokey` > '2017-01-24 19:22:40.061654' LIMIT 9 /* QNO 244 CON_ID 15 */
		    15 Query	CREATE OR REPLACE TEMPORARY TABLE `tmp` LIKE D  /* QNO 245 CON_ID 15 */
		    14 Query	REVOKE SHUTDOWN ON *.* FROM 'someuser'@'somehost' /* QNO 264 CON_ID 14 */
		    14 Query	CREATE TABLE n LIKE `DD` /* QNO 265 CON_ID 14 */
		    14 Query	ALTER TABLE `A` ADD COLUMN m INTEGER DEFAULT NULL /* QNO 266 CON_ID 14 */
		    18 Query	REPLACE INTO transforms.insert_select_22992  SELECT * FROM performance_schema.`events_stages_history` AS table1 ORDER BY table1.`NESTING_EVENT_TYPE`, table1.`THREAD_ID` LIMIT 151 /* QNO 142 CON_ID 18 */  /* QNO 152 CON_ID 18 */
		    19 Query	INSERT INTO `tmp` SELECT * FROM B  /* QNO 196 CON_ID 19 */
		    17 Query	SELECT * FROM `tables_priv` INTO OUTFILE 'load_tables_priv'  /* QNO 130 CON_ID 17 */
		    19 Query	/* GenTest::Transform::ExecuteAsExecuteImmediate */ EXECUTE IMMEDIATE ' INSERT INTO `tmp` SELECT * FROM B  /* QNO 196 CON_ID 19 */ ' /* TRANSFORM_OUTCOME_UNORDERED_MATCH */ /* QNO 197 CON_ID 19 */
		    19 Prepare	INSERT INTO `tmp` SELECT * FROM B  /* QNO 196 CON_ID 19 */
		    19 Execute	INSERT INTO `tmp` SELECT * FROM B  /* QNO 196 CON_ID 19 */
		    19 Query	DROP TEMPORARY TABLE IF EXISTS B  /* QNO 198 CON_ID 19 */
		    19 Query	SHOW WARNINGS
		    19 Query	ALTER TABLE `tmp` RENAME TO B /* QNO 199 CON_ID 19 */
		    19 Query	SELECT row_end FROM t5 ORDER BY RAND() LIMIT 1 INTO @trx_user_var /* QNO 200 CON_ID 19 */
		    17 Query	LOAD DATA INFILE 'load_tables_priv' IGNORE INTO TABLE tables_priv /* QNO 131 CON_ID 17 */
		    17 Query	RENAME TABLE seq4 TO seq3, seq2 TO seq1, seq2 TO seq5 /* QNO 132 CON_ID 17 */
		    17 Query	SHOW CREATE TABLE seq1 /* QNO 133 CON_ID 17 */
		    17 Query	SHOW PROCEDURE STATUS  /* QNO 134 CON_ID 17 */
		    17 Query	INSERT INTO seq1 VALUES (0, 32482, 14048, 5541960816456105984, 2, 171, 0, 0) /* QNO 135 CON_ID 17 */
		    17 Query	INSERT INTO `time_zone` SELECT * FROM `proxies_priv` /* QNO 136 CON_ID 17 */
		    17 Query	SHOW ENGINES /* QNO 137 CON_ID 17 */
		    19 Query	INSERT INTO `C` ( `pk` ) VALUES (NULL) /* QNO 201 CON_ID 19 */
		    19 Query	SELECT * FROM performance_schema.`socket_instances` AS table1 WHERE ( ( table1.`PORT` != '1988-11-03 17:34:29.024937' OR table1.`EVENT_NAME` IN ( 2, 4, 9 )) OR table1.`IP` LIKE 'wait%') HAVING table1.`EVENT_NAME` < 'rh' IS NULL LIMIT 227 /* QNO 202 CON_ID 19 */
		    17 Query	TRUNCATE TABLE performance_schema.events_waits_summary_by_event_name /* QNO 138 CON_ID 17 */
		    15 Query	INSERT INTO `tmp` SELECT * FROM D  /* QNO 246 CON_ID 15 */
		    19 Query	/* GenTest::Transform::ExecuteAsExecuteImmediate */ EXECUTE IMMEDIATE ' SELECT * FROM performance_schema.`socket_instances` AS table1 WHERE ( ( table1.`PORT` != \'1988-11-03 17:34:29.024937\' OR table1.`EVENT_NAME` IN ( 2, 4, 9 )) OR table1.`IP` LIKE \'wait%\') HAVING table1.`EVENT_NAME` < \'rh\' IS NULL LIMIT 227 /* QNO 202 CON_ID 19 */ ' /* TRANSFORM_OUTCOME_UNORDERED_MATCH */ /* QNO 203 CON_ID 19 */
		    17 Query	SHOW COUNT(*) ERRORS /* QNO 139 CON_ID 17 */
		    19 Prepare	SELECT * FROM performance_schema.`socket_instances` AS table1 WHERE ( ( table1.`PORT` != '1988-11-03 17:34:29.024937' OR table1.`EVENT_NAME` IN ( 2, 4, 9 )) OR table1.`IP` LIKE 'wait%') HAVING table1.`EVENT_NAME` < 'rh' IS NULL LIMIT 227 /* QNO 202 CON_ID 19 */
		    19 Execute	SELECT * FROM performance_schema.`socket_instances` AS table1 WHERE ( ( table1.`PORT` != '1988-11-03 17:34:29.024937' OR table1.`EVENT_NAME` IN ( 2, 4, 9 )) OR table1.`IP` LIKE 'wait%') HAVING table1.`EVENT_NAME` < 'rh' IS NULL LIMIT 227 /* QNO 202 CON_ID 19 */
		    17 Query	SELECT * FROM performance_schema.`events_waits_summary_by_account_by_event_name` AS table1 HAVING table1.`AVG_TIMER_WAIT` >= 8 LIMIT 133 /* QNO 140 CON_ID 17 */
		    14 Query	REVOKE ALL PRIVILEGES ON test.e FROM 'someuser'@'somehost' /* QNO 267 CON_ID 14 */
		    19 Query	/* GenTest::Transform::ExecuteAsInsertSelect */ CREATE DATABASE IF NOT EXISTS transforms /* QNO 204 CON_ID 19 */
		    14 Query	ALTER TABLE `DD` DROP PRIMARY KEY /* QNO 268 CON_ID 14 */
		    14 Query	DROP PROCEDURE IF EXISTS v /* QNO 269 CON_ID 14 */
		    14 Query	SHOW WARNINGS
		    14 Query	GRANT ALL PRIVILEGES ON t.* TO 'someuser'@'somehost' /* QNO 270 CON_ID 14 */
		    14 Query	DROP VIEW IF EXISTS l /* QNO 271 CON_ID 14 */
		    14 Query	ALTER TABLE `B` DROP COLUMN v /* QNO 272 CON_ID 14 */
		    14 Query	GRANT ALL PRIVILEGES ON test.a TO 'someuser'@'somehost' /* QNO 273 CON_ID 14 */
		    14 Query	CREATE TABLE c LIKE `D` /* QNO 274 CON_ID 14 */
		    14 Query	ALTER TABLE `BB` REMOVE PARTITIONING /* QNO 275 CON_ID 14 */
		    15 Query	/* GenTest::Transform::ExecuteAsExecuteImmediate */ EXECUTE IMMEDIATE ' /* TRANSFORM_OUTCOME_UNORDERED_MATCH */ /* QNO 247 CON_ID 15 */
		    15 Query	DROP TEMPORARY TABLE IF EXISTS D  /* QNO 248 CON_ID 15 */
		    15 Query	SHOW WARNINGS
		    15 Query	ALTER TABLE `tmp` RENAME TO D /* QNO 249 CON_ID 15 */
		    15 Query	ALTER ONLINE TABLE t6 ADD INDEX(bcol1) /*!100307, ALGORITHM=INSTANT */, DROP COLUMN ecol10, ALGORITHM=INPLACE, LOCK=DEFAULT  /* QNO 250 CON_ID 15 */
		    15 Query	SHOW CREATE TABLE seq1 /* QNO 251 CON_ID 15 */
		    15 Query	UPDATE `C` SET `col_date_key` = 3 WHERE `col_datetime_nokey` != 'l' /* QNO 252 CON_ID 15 */
		    16 Query	SELECT * FROM transforms.insert_select_22988 /* TRANSFORM_OUTCOME_UNORDERED_MATCH */ /* QNO 243 CON_ID 16 */
		    15 Query	INSERT INTO t18 ( ecol1 ) SELECT scol6 FROM t11 /* QNO 253 CON_ID 15 */
		    15 Query	UPDATE `B` SET `col_varchar_key` = '2009-01-01 16:04:58.013573' WHERE `col_datetime_nokey` < 'xy' /* QNO 254 CON_ID 15 */
		    19 Query	SHOW WARNINGS
		    16 Query	DELETE FROM transforms.insert_select_22988 /* QNO 244 CON_ID 16 */
		    17 Query	/* GenTest::Transform::ExecuteAsExecuteImmediate */ EXECUTE IMMEDIATE ' SELECT * FROM performance_schema.`events_waits_summary_by_account_by_event_name` AS table1 HAVING table1.`AVG_TIMER_WAIT` >= 8 LIMIT 133 /* QNO 140 CON_ID 17 */ ' /* TRANSFORM_OUTCOME_UNORDERED_MATCH */ /* QNO 141 CON_ID 17 */
		    17 Prepare	SELECT * FROM performance_schema.`events_waits_summary_by_account_by_event_name` AS table1 HAVING table1.`AVG_TIMER_WAIT` >= 8 LIMIT 133 /* QNO 140 CON_ID 17 */
		    19 Query	DROP TABLE IF EXISTS transforms.insert_select_22994 /* QNO 205 CON_ID 19 */
		    19 Query	SHOW WARNINGS
		    19 Query	CREATE TABLE transforms.insert_select_22994  SELECT * FROM performance_schema.`socket_instances` AS table1 WHERE ( ( table1.`PORT` != '1988-11-03 17:34:29.024937' OR table1.`EVENT_NAME` IN ( 2, 4, 9 )) OR table1.`IP` LIKE 'wait%') HAVING table1.`EVENT_NAME` < 'rh' IS NULL LIMIT 227 /* QNO 202 CON_ID 19 */  /* QNO 206 CON_ID 19 */
		    14 Query	DROP VIEW IF EXISTS d /* QNO 276 CON_ID 14 */
		    14 Query	SHOW WARNINGS
		    16 Query	INSERT INTO transforms.insert_select_22988  SELECT * FROM INFORMATION_SCHEMA.`INDEX_STATISTICS` AS table1 WHERE NOT table1.`INDEX_NAME` IN ( 3, 9, 7 ) HAVING ( ( table1.`TABLE_NAME` > 'r' OR table1.`TABLE_SCHEMA` > '1979-01-23 22:56:38.030108') OR table1.`ROWS_READ` = 4) LIMIT 0 /* QNO 238 CON_ID 16 */  /* QNO 245 CON_ID 16 */
		    14 Query	GRANT REPLICATION SLAVE ON *.* to 'someuser'@'somehost' /* QNO 277 CON_ID 14 */
		    15 Query	SHOW ENGINE PERFORMANCE_SCHEMA STATUS /* QNO 255 CON_ID 15 */
		    16 Query	SELECT * FROM transforms.insert_select_22988 /* TRANSFORM_OUTCOME_UNORDERED_MATCH */ /* QNO 246 CON_ID 16 */
		    15 Query	UPDATE performance_schema.setup_timers SET timer_name = 'NANOSECOND' /* QNO 256 CON_ID 15 */
		    16 Query	DELETE FROM transforms.insert_select_22988 /* QNO 247 CON_ID 16 */
		    14 Query	ALTER TABLE `B` PARTITION BY KEY() PARTITIONS 1 /* QNO 278 CON_ID 14 */
		    16 Query	REPLACE INTO transforms.insert_select_22988  SELECT * FROM INFORMATION_SCHEMA.`INDEX_STATISTICS` AS table1 WHERE NOT table1.`INDEX_NAME` IN ( 3, 9, 7 ) HAVING ( ( table1.`TABLE_NAME` > 'r' OR table1.`TABLE_SCHEMA` > '1979-01-23 22:56:38.030108') OR table1.`ROWS_READ` = 4) LIMIT 0 /* QNO 238 CON_ID 16 */  /* QNO 248 CON_ID 16 */
		    15 Query	DELETE FROM `DD` WHERE `col_varchar_key` < 8 LIMIT 4 /* QNO 257 CON_ID 15 */
		    16 Query	SELECT * FROM transforms.insert_select_22988 /* TRANSFORM_OUTCOME_UNORDERED_MATCH */ /* QNO 249 CON_ID 16 */
		    15 Query	INSERT INTO t16 ( `col_varchar_key` ) SELECT icol4 FROM t3 /* QNO 258 CON_ID 15 */
		    17 Execute	SELECT * FROM performance_schema.`events_waits_summary_by_account_by_event_name` AS table1 HAVING table1.`AVG_TIMER_WAIT` >= 8 LIMIT 133 /* QNO 140 CON_ID 17 */
		    16 Query	DROP TABLE transforms.insert_select_22988 /* QNO 250 CON_ID 16 */
		    17 Query	/* GenTest::Transform::ExecuteAsInsertSelect */ CREATE DATABASE IF NOT EXISTS transforms /* QNO 142 CON_ID 17 */
		    14 Query	CREATE EVENT c ON SCHEDULE AT NOW() DO SET @a=@a /* QNO 279 CON_ID 14 */
		    15 Query	SET SQL_MODE= 'ONLY_FULL_GROUP_BY,STRICT_TRANS_TABLES,NO_BACKSLASH_ESCAPES,MAXDB,HIGH_NOT_PRECEDENCE,ANSI_QUOTES,IGNORE_SPACE' /* QNO 259 CON_ID 15 */
		    15 Query	SELECT * from t3 WHERE row_start IN (SELECT row_start FROM `D`) /* QNO 260 CON_ID 15 */
		    14 Query	DROP DATABASE IF EXISTS s /* QNO 280 CON_ID 14 */
		    14 Query	SHOW WARNINGS
