		    15 Prepare	INSERT INTO `tmp` SELECT * FROM D  /* QNO 609 CON_ID 15 */
		    14 Query	DROP TABLE b /* QNO 741 CON_ID 14 */
		    15 Execute	INSERT INTO `tmp` SELECT * FROM D  /* QNO 609 CON_ID 15 */
		    14 Query	REVOKE ALL PRIVILEGES ON test.c FROM 'someuser'@'somehost' /* QNO 742 CON_ID 14 */
		    15 Query	DROP TEMPORARY TABLE IF EXISTS D  /* QNO 611 CON_ID 15 */
		    18 Query	LOAD DATA INFILE 'load_plugin' IGNORE INTO TABLE plugin /* QNO 461 CON_ID 18 */
		    14 Query	GRANT ALL PRIVILEGES ON s.* TO 'someuser'@'somehost' /* QNO 743 CON_ID 14 */
		    14 Query	ALTER TABLE `A` DROP COLUMN z /* QNO 744 CON_ID 14 */
		    18 Query	ALTER IGNORE TABLE `help_category` /*!100301 NOWAIT */ ADD KEY IF NOT EXISTS ind2 USING HASH ( `help_category_id` ) /*!100307, ALGORITHM=INSTANT */  /* QNO 462 CON_ID 18 */
		    14 Query	REVOKE USAGE, RELOAD, SUPER ON *.* FROM 'someuser'@'somehost' /* QNO 745 CON_ID 14 */
		    18 Query	UNLOCK TABLES /* QNO 463 CON_ID 18 */
		    14 Query	DROP EVENT y /* QNO 746 CON_ID 14 */
		    18 Query	UPDATE performance_schema.setup_consumers SET enabled = 'NO' WHERE name LIKE 'file%' /* QNO 464 CON_ID 18 */
		    14 Query	DROP DATABASE IF EXISTS r /* QNO 747 CON_ID 14 */
		    14 Query	SHOW WARNINGS
		    18 Query	SELECT * FROM INFORMATION_SCHEMA.`SESSION_VARIABLES` AS table1 WHERE ( table1.`VARIABLE_VALUE` IN ( 5, 0, 3 ) OR table1.`VARIABLE_VALUE` LIKE 'wait/io%') HAVING table1.`VARIABLE_VALUE` > 'k' IS NULL LIMIT 100 /* QNO 465 CON_ID 18 */
		    14 Query	CREATE OR REPLACE VIEW w AS SELECT * FROM `D` /* QNO 748 CON_ID 14 */
		    18 Query	/* GenTest::Transform::ExecuteAsExecuteImmediate */ EXECUTE IMMEDIATE ' SELECT * FROM INFORMATION_SCHEMA.`SESSION_VARIABLES` AS table1 WHERE ( table1.`VARIABLE_VALUE` IN ( 5, 0, 3 ) OR table1.`VARIABLE_VALUE` LIKE \'wait/io%\') HAVING table1.`VARIABLE_VALUE` > \'k\' IS NULL LIMIT 100 /* QNO 465 CON_ID 18 */ ' /* TRANSFORM_OUTCOME_UNORDERED_MATCH */ /* QNO 466 CON_ID 18 */
		    18 Prepare	SELECT * FROM INFORMATION_SCHEMA.`SESSION_VARIABLES` AS table1 WHERE ( table1.`VARIABLE_VALUE` IN ( 5, 0, 3 ) OR table1.`VARIABLE_VALUE` LIKE 'wait/io%') HAVING table1.`VARIABLE_VALUE` > 'k' IS NULL LIMIT 100 /* QNO 465 CON_ID 18 */
		    18 Execute	SELECT * FROM INFORMATION_SCHEMA.`SESSION_VARIABLES` AS table1 WHERE ( table1.`VARIABLE_VALUE` IN ( 5, 0, 3 ) OR table1.`VARIABLE_VALUE` LIKE 'wait/io%') HAVING table1.`VARIABLE_VALUE` > 'k' IS NULL LIMIT 100 /* QNO 465 CON_ID 18 */
		    14 Query	/* GenTest::Transform::ExecuteAsExecuteImmediate */ EXECUTE IMMEDIATE 'CREATE OR REPLACE VIEW w AS SELECT * FROM `D` /* QNO 748 CON_ID 14 */ ' /* TRANSFORM_OUTCOME_UNORDERED_MATCH */ /* QNO 749 CON_ID 14 */
		    14 Prepare	CREATE OR REPLACE VIEW w AS SELECT * FROM `D` /* QNO 748 CON_ID 14 */
		    18 Query	/* GenTest::Transform::ExecuteAsInsertSelect */ CREATE DATABASE IF NOT EXISTS transforms /* QNO 467 CON_ID 18 */
		    14 Execute	CREATE OR REPLACE VIEW w AS SELECT * FROM `D` /* QNO 748 CON_ID 14 */
		    14 Query	CREATE OR REPLACE VIEW e AS SELECT * FROM `CC` /* QNO 750 CON_ID 14 */
		    14 Query	DROP PROCEDURE IF EXISTS z /* QNO 751 CON_ID 14 */
		    14 Query	GRANT ALL PRIVILEGES ON r.* TO 'someuser'@'somehost' /* QNO 752 CON_ID 14 */
		    14 Query	ALTER TABLE `DD` ADD PRIMARY KEY (`pk`) /* QNO 753 CON_ID 14 */
		    14 Query	CREATE PROCEDURE z ( IN m INT ) BEGIN SELECT COUNT(*) INTO @a FROM `AA`; END ; /* QNO 754 CON_ID 14 */
		    18 Query	SHOW WARNINGS
		    18 Query	DROP TABLE IF EXISTS transforms.insert_select_22992 /* QNO 468 CON_ID 18 */
		    19 Query	INSERT INTO `tmp` SELECT * FROM B  /* QNO 512 CON_ID 19 */
		    16 Query	SELECT * FROM `INNODB_FT_CONFIG` INTO OUTFILE 'load_INNODB_FT_CONFIG'  /* QNO 375 CON_ID 16 */
		    18 Query	SHOW WARNINGS
		    15 Query	ALTER TABLE `tmp` RENAME TO D /* QNO 612 CON_ID 15 */
		    19 Query	/* GenTest::Transform::ExecuteAsExecuteImmediate */ EXECUTE IMMEDIATE ' INSERT INTO `tmp` SELECT * FROM B  /* QNO 512 CON_ID 19 */ ' /* TRANSFORM_OUTCOME_UNORDERED_MATCH */ /* QNO 513 CON_ID 19 */
		    19 Prepare	INSERT INTO `tmp` SELECT * FROM B  /* QNO 512 CON_ID 19 */
		    19 Execute	INSERT INTO `tmp` SELECT * FROM B  /* QNO 512 CON_ID 19 */
		    19 Query	DROP TEMPORARY TABLE IF EXISTS B  /* QNO 514 CON_ID 19 */
		    19 Query	SHOW WARNINGS
		    15 Query	SELECT * FROM test.`AA` AS table1 HAVING (table1.`col_varchar_nokey` >= '1987-06-02 04:22:10.018293' IS NULL OR table1.`col_date_nokey` = 'w') LIMIT 170 /* QNO 613 CON_ID 15 */
		    18 Query	CREATE TABLE transforms.insert_select_22992  SELECT * FROM INFORMATION_SCHEMA.`SESSION_VARIABLES` AS table1 WHERE ( table1.`VARIABLE_VALUE` IN ( 5, 0, 3 ) OR table1.`VARIABLE_VALUE` LIKE 'wait/io%') HAVING table1.`VARIABLE_VALUE` > 'k' IS NULL LIMIT 100 /* QNO 465 CON_ID 18 */  /* QNO 469 CON_ID 18 */
		    15 Query	INSERT INTO `D` ( `pk` ) VALUES (NULL) /* QNO 614 CON_ID 15 */
		    16 Query	LOAD DATA INFILE 'load_INNODB_FT_CONFIG' IGNORE INTO TABLE INNODB_FT_CONFIG /* QNO 376 CON_ID 16 */
		    15 Query	SET SESSION SQL_MODE= DEFAULT /* QNO 615 CON_ID 15 */
		    14 Query	ALTER TABLE `CC` ADD KEY ( i ) /* QNO 755 CON_ID 14 */
		    14 Query	ALTER TABLE `DD` PARTITION BY KEY() PARTITIONS 6 /* QNO 756 CON_ID 14 */
		    16 Query	SELECT * FROM (test.`CC` AS table1 INNER JOIN mysql.`time_zone` AS table2 ON ( table2.`Use_leap_seconds` = table1.`col_datetime_nokey` ) ) HAVING (table1.`col_date_key` > '1985-10-14 02:58:12.033796' IS NULL AND table1.`col_int_nokey` >= 1) LIMIT 247 /* QNO 377 CON_ID 16 */
		    15 Query	UPDATE performance_schema.setup_consumers SET enabled = 'YES' WHERE name IN ( 'events_waits_summary_by_event_name' ) /* QNO 616 CON_ID 15 */
		    15 Query	SELECT * FROM test.`A` AS table1 ORDER BY table1.`col_time_nokey`, table1.`col_int_key` LIMIT 52 /* QNO 617 CON_ID 15 */
		    15 Query	ALTER ONLINE TABLE `A` /*!100301 WAIT 8 */ DROP INDEX ind4, DEFAULT COLLATE latin1_general_cs  /* QNO 618 CON_ID 15 */
		    16 Query	SHOW ENGINE PERFORMANCE_SCHEMA STATUS /* QNO 378 CON_ID 16 */
		    14 Query	ALTER TABLE `E` DROP COLUMN f /* QNO 757 CON_ID 14 */
		    16 Query	SELECT * FROM test.`CC` AS table1 HAVING table1.`col_date_nokey` >= 9 IS NULL ORDER BY table1.`col_datetime_nokey`, table1.`col_datetime_key`, table1.`col_int_nokey` LIMIT 75 /* QNO 379 CON_ID 16 */
		    14 Query	ALTER TABLE `BB` DROP PRIMARY KEY /* QNO 758 CON_ID 14 */
		    19 Query	ALTER TABLE `tmp` RENAME TO B /* QNO 515 CON_ID 19 */
		    15 Query	INSERT INTO `D` ( `pk` ) VALUES (NULL) /* QNO 619 CON_ID 15 */
		    19 Query	ALTER TABLE `EVENTS` /*!100301 */ ENABLE KEYS  /* QNO 516 CON_ID 19 */
		    16 Query	UPDATE performance_schema.setup_instruments SET TIMED = 'NO' WHERE NAME LIKE 'wait/synch/rwlock%' /* QNO 380 CON_ID 16 */
		    15 Query	SELECT * FROM `C` INTO OUTFILE 'load_C'  /* QNO 620 CON_ID 15 */
		    19 Query	UPDATE performance_schema.setup_consumers SET enabled = 'YES' WHERE name LIKE 'events%' /* QNO 517 CON_ID 19 */
		    15 Query	LOAD DATA INFILE 'load_C' IGNORE INTO TABLE C /* QNO 621 CON_ID 15 */
		    19 Query	SHOW EXPLAIN FOR 130 /* QNO 518 CON_ID 19 */
		    15 Query	DELETE FROM `B` WHERE `col_varchar_nokey` != 7 LIMIT 1 /* QNO 622 CON_ID 15 */
		    19 Query	UPDATE `INNODB_SYS_VIRTUAL` SET `POS` = '1971-02-17 14:07:48.059064' WHERE `POS` <= '2016-04-13 14:32:50.037442' /* QNO 519 CON_ID 19 */
		    15 Query	ALTER TABLE `CC` /*!100301 */ ADD INDEX ( b ASC ) KEY_BLOCK_SIZE = 14273, ALGORITHM=INPLACE  /* QNO 623 CON_ID 15 */
		    15 Query	TRUNCATE TABLE performance_schema.file_summary_by_event_name /* QNO 624 CON_ID 15 */
		    14 Query	ALTER TABLE `DD` ADD KEY ( w ) /* QNO 759 CON_ID 14 */
		    14 Query	ALTER TABLE `D` DROP PRIMARY KEY /* QNO 760 CON_ID 14 */
		    19 Query	SELECT * FROM performance_schema.`users` AS table1 WHERE table1.`CURRENT_CONNECTIONS` > table1.`CURRENT_CONNECTIONS` HAVING (table1.`TOTAL_CONNECTIONS` <= 'je' IS NOT NULL OR table1.`USER` <= 'ek') ORDER BY table1.`CURRENT_CONNECTIONS` LIMIT 105 /* QNO 520 CON_ID 19 */
		    16 Query	DROP TABLE IF EXISTS tmp_rename_22988  /* QNO 381 CON_ID 16 */
		    14 Query	DROP TABLE t /* QNO 761 CON_ID 14 */
		    15 Query	CREATE SEQUENCE IF NOT EXISTS seq6 START 0 MINVALUE 3300294101932441600 MAXVALUE = 0 INCREMENT BY 76 CYCLE  /* QNO 625 CON_ID 15 */
		    19 Query	SHOW WARNINGS
		    16 Query	SHOW WARNINGS
		    19 Query	ALTER TABLE `events_stages_summary_by_thread_by_event_name` /*!100301 */ DROP INDEX IF EXISTS ind4, ALGORITHM=INPLACE, LOCK=EXCLUSIVE  /* QNO 521 CON_ID 19 */
		    15 Query	ALTER TABLE `DD` ADD FOREIGN KEY u (`col_int_nokey`) REFERENCES DD (`col_varchar_nokey`) ON DELETE RESTRICT, ADD CONSTRAINT FOREIGN KEY t ( `col_varchar_key` ) REFERENCES `D` (col_varchar_key), LOCK=DEFAULT /* QNO 626 CON_ID 15 */
		    15 Query	SELECT LASTVAL( seq6 ) /* QNO 627 CON_ID 15 */
		    16 Query	RENAME TABLE t9 TO tmp_rename_22988, tmp_rename_22988 TO t9 /* QNO 382 CON_ID 16 */
		    15 Query	ALTER IGNORE TABLE `B` /*!100301 */ DROP IF EXISTS o, ALGORITHM=DEFAULT  /* QNO 628 CON_ID 15 */
		    19 Query	SELECT * FROM `threads` INTO OUTFILE 'load_threads'  /* QNO 522 CON_ID 19 */
		    15 Query	SHOW WARNINGS
		    19 Query	LOAD DATA INFILE 'load_threads' REPLACE INTO TABLE threads /* QNO 523 CON_ID 19 */
		    15 Query	SELECT * from t3 WHERE row_start > @trx_user_var /* QNO 629 CON_ID 15 */
		    19 Query	ALTER TABLE `socket_summary_by_event_name` DROP FOREIGN KEY IF EXISTS p /*!100307, ALGORITHM=INSTANT */  /* QNO 524 CON_ID 19 */
		    15 Query	TRUNCATE TABLE performance_schema.events_waits_history_long /* QNO 630 CON_ID 15 */
		    19 Query	INSERT INTO `events_stages_summary_by_account_by_event_name` ( `pk` ) VALUES (NULL) /* QNO 525 CON_ID 19 */
		    19 Query	INSERT INTO `events_waits_summary_by_host_by_event_name` ( `pk` ) VALUES (NULL) /* QNO 526 CON_ID 19 */
		    15 Query	INSERT INTO `DD` () VALUES () /* QNO 631 CON_ID 15 */
		    19 Query	LOCK TABLE `events_statements_summary_by_account_by_event_name` READ LOCAL /*!100300 WAIT 1 */ /* QNO 527 CON_ID 19 */
		    15 Query	ALTER TABLE `AA` ADD CONSTRAINT b FOREIGN KEY ( `col_int_nokey` ) REFERENCES `A` (col_int_nokey) ON DELETE CASCADE  /* QNO 632 CON_ID 15 */
		    19 Query	SELECT * FROM `setup_timers` FOR UPDATE /* QNO 528 CON_ID 19 */
		    15 Query	ALTER ONLINE TABLE `B` /*!100301 NOWAIT */ ADD CONSTRAINT FOREIGN KEY g ( `pk`, `pk`, `col_time_nokey` ) REFERENCES `BB` (pk,pk,col_time_nokey) ON UPDATE SET NULL, ALGORITHM=COPY  /* QNO 633 CON_ID 15 */
		    15 Query	FLUSH NO_WRITE_TO_BINLOG DES_KEY_FILE /* QNO 634 CON_ID 15 */
		    15 Query	SELECT * FROM `C` INTO OUTFILE 'load_C'  /* QNO 635 CON_ID 15 */
		    15 Query	LOAD DATA INFILE 'load_C' REPLACE INTO TABLE C /* QNO 636 CON_ID 15 */
		    15 Query	SHOW EXPLAIN FOR 113 /* QNO 637 CON_ID 15 */
		    15 Query	INSERT INTO t2 (vcol4) VALUES (7) /* QNO 638 CON_ID 15 */
		    15 Query	INSERT INTO t3 ( scol8 ) SELECT scol4 FROM t6 /* QNO 639 CON_ID 15 */
		    15 Query	ALTER TABLE t7 /*!100301 NOWAIT */ DROP COLUMN IF EXISTS ncol5, ALGORITHM=COPY, LOCK=DEFAULT  /* QNO 640 CON_ID 15 */
		    15 Query	UNLOCK TABLES /* QNO 641 CON_ID 15 */
		    19 Query	SELECT * FROM mysql.`plugin` AS table1 WHERE NOT ( ( (NOT table1.`dl` <= table1.`name` OR table1.`name` <> table1.`dl`) AND table1.`name` >= table1.`name`) AND table1.`name` LIKE 'wait/synch/cond%') HAVING (table1.`dl` <= '2000-09-26 23:21:11.026360' IS NULL OR table1.`name` = '1984-07-25 22:39:26.012510') ORDER BY table1.`dl` LIMIT 28 /* QNO 529 CON_ID 19 */
		    19 Query	/* GenTest::Transform::ExecuteAsExecuteImmediate */ EXECUTE IMMEDIATE ' SELECT * FROM mysql.`plugin` AS table1 WHERE NOT ( ( (NOT table1.`dl` <= table1.`name` OR table1.`name` <> table1.`dl`) AND table1.`name` >= table1.`name`) AND table1.`name` LIKE \'wait/synch/cond%\') HAVING (table1.`dl` <= \'2000-09-26 23:21:11.026360\' IS NULL OR table1.`name` = \'1984-07-25 22:39:26.012510\') ORDER BY table1.`dl` LIMIT 28 /* QNO 529 CON_ID 19 */ ' /* TRANSFORM_OUTCOME_UNORDERED_MATCH */ /* QNO 530 CON_ID 19 */
		    19 Prepare	SELECT * FROM mysql.`plugin` AS table1 WHERE NOT ( ( (NOT table1.`dl` <= table1.`name` OR table1.`name` <> table1.`dl`) AND table1.`name` >= table1.`name`) AND table1.`name` LIKE 'wait/synch/cond%') HAVING (table1.`dl` <= '2000-09-26 23:21:11.026360' IS NULL OR table1.`name` = '1984-07-25 22:39:26.012510') ORDER BY table1.`dl` LIMIT 28 /* QNO 529 CON_ID 19 */
		    15 Query	TRUNCATE TABLE performance_schema.events_waits_history_long /* QNO 642 CON_ID 15 */
		    19 Execute	SELECT * FROM mysql.`plugin` AS table1 WHERE NOT ( ( (NOT table1.`dl` <= table1.`name` OR table1.`name` <> table1.`dl`) AND table1.`name` >= table1.`name`) AND table1.`name` LIKE 'wait/synch/cond%') HAVING (table1.`dl` <= '2000-09-26 23:21:11.026360' IS NULL OR table1.`name` = '1984-07-25 22:39:26.012510') ORDER BY table1.`dl` LIMIT 28 /* QNO 529 CON_ID 19 */
		    15 Query	INSERT INTO `D` SELECT * FROM `D` /* QNO 643 CON_ID 15 */
		    19 Query	/* GenTest::Transform::ExecuteAsInsertSelect */ CREATE DATABASE IF NOT EXISTS transforms /* QNO 531 CON_ID 19 */
		    15 Query	/* GenTest::Transform::ExecuteAsExecuteImmediate */ EXECUTE IMMEDIATE ' /* TRANSFORM_OUTCOME_UNORDERED_MATCH */ /* QNO 644 CON_ID 15 */
		    14 Query	ALTER TABLE `DD` ADD KEY ( d ) /* QNO 762 CON_ID 14 */
		    14 Query	DROP DATABASE IF EXISTS w /* QNO 763 CON_ID 14 */
		    14 Query	SHOW WARNINGS
		    15 Query	ALTER ONLINE TABLE `B` /*!100301 WAIT 4 */ CHANGE COLUMN IF EXISTS vcol5 tscol6 TIMESTAMP /*!100307, ALGORITHM=INSTANT */  /* QNO 645 CON_ID 15 */
		    14 Query	ALTER TABLE `AA` ADD PRIMARY KEY (`pk`) /* QNO 764 CON_ID 14 */
		    14 Query	DROP FUNCTION IF EXISTS g /* QNO 765 CON_ID 14 */
		    14 Query	SHOW WARNINGS
		    14 Query	GRANT UPDATE ( `col_time_nokey` ) ON `DD` TO 'someuser'@'somehost' /* QNO 766 CON_ID 14 */
		    14 Query	GRANT ALL PRIVILEGES ON test.b TO 'someuser'@'somehost' /* QNO 767 CON_ID 14 */
		    14 Query	REVOKE REPLICATION CLIENT, SUPER, REPLICATION SLAVE ON *.* FROM 'someuser'@'somehost' /* QNO 768 CON_ID 14 */
		    14 Query	CREATE DATABASE IF NOT EXISTS n /* QNO 769 CON_ID 14 */
		    14 Query	SHOW WARNINGS
		    14 Query	GRANT ALL PRIVILEGES ON test.t TO 'someuser'@'somehost' /* QNO 770 CON_ID 14 */
		    14 Query	GRANT REPLICATION SLAVE, USAGE ON *.* to 'someuser'@'somehost' /* QNO 771 CON_ID 14 */
		    14 Query	GRANT SELECT ( `col_int_key` ), INSERT ( `col_date_nokey`, `col_date_nokey` ), SELECT ( `col_time_nokey`, `col_date_nokey` ), SELECT ( `col_varchar_key` ) ON `B` TO 'someuser'@'somehost' /* QNO 772 CON_ID 14 */
		    14 Query	CREATE OR REPLACE VIEW w AS SELECT * FROM `BB` /* QNO 773 CON_ID 14 */
		    14 Query	/* GenTest::Transform::ExecuteAsExecuteImmediate */ EXECUTE IMMEDIATE 'CREATE OR REPLACE VIEW w AS SELECT * FROM `BB` /* QNO 773 CON_ID 14 */ ' /* TRANSFORM_OUTCOME_UNORDERED_MATCH */ /* QNO 774 CON_ID 14 */
		    14 Prepare	CREATE OR REPLACE VIEW w AS SELECT * FROM `BB` /* QNO 773 CON_ID 14 */
		    14 Execute	CREATE OR REPLACE VIEW w AS SELECT * FROM `BB` /* QNO 773 CON_ID 14 */
		    14 Query	CREATE DATABASE IF NOT EXISTS z /* QNO 775 CON_ID 14 */
		    14 Query	REVOKE ALL PRIVILEGES ON test.f FROM 'someuser'@'somehost' /* QNO 776 CON_ID 14 */
		    14 Query	CREATE OR REPLACE VIEW r AS SELECT * FROM `C` /* QNO 777 CON_ID 14 */
		    14 Query	/* GenTest::Transform::ExecuteAsExecuteImmediate */ EXECUTE IMMEDIATE 'CREATE OR REPLACE VIEW r AS SELECT * FROM `C` /* QNO 777 CON_ID 14 */ ' /* TRANSFORM_OUTCOME_UNORDERED_MATCH */ /* QNO 778 CON_ID 14 */
		    14 Prepare	CREATE OR REPLACE VIEW r AS SELECT * FROM `C` /* QNO 777 CON_ID 14 */
		    16 Query	ALTER IGNORE TABLE `AA` /*!100301 */ ADD KEY ind5 USING HASH ( `col_int_key` ) COMMENT 'angry', LOCK=SHARED  /* QNO 383 CON_ID 16 */
		    14 Execute	CREATE OR REPLACE VIEW r AS SELECT * FROM `C` /* QNO 777 CON_ID 14 */
		    16 Query	SET SQL_MODE= '' /* QNO 384 CON_ID 16 */
		    14 Query	DROP EVENT t /* QNO 779 CON_ID 14 */
		    16 Query	ALTER TABLE `C` CHANGE COLUMN IF EXISTS `row_start` `row_start` TIMESTAMP(6) GENERATED ALWAYS AS ROW START /* QNO 385 CON_ID 16 */
		    16 Query	SELECT * FROM `CC` INTO OUTFILE 'load_CC'  /* QNO 386 CON_ID 16 */
		    16 Query	LOAD DATA INFILE 'load_CC' REPLACE INTO TABLE CC /* QNO 387 CON_ID 16 */
		    14 Query	CREATE TRIGGER p BEFORE INSERT ON `DD` FOR EACH ROW BEGIN INSERT INTO `E` SELECT * FROM `AA` LIMIT 0 ; END ; /* QNO 780 CON_ID 14 */
		    16 Query	DROP TEMPORARY TABLE IF EXISTS `CC` /* QNO 388 CON_ID 16 */
		    16 Query	SHOW WARNINGS
		    14 Query	GRANT INSERT ( `col_int_nokey`, `col_date_nokey` ) ON `D` TO 'someuser'@'somehost' /* QNO 781 CON_ID 14 */
		    16 Query	INSERT INTO seq6 VALUES (-115, 42091, 8723472478216650752, 0, -122, 210, 1, 0) /* QNO 389 CON_ID 16 */
		    14 Query	CREATE DATABASE IF NOT EXISTS j /* QNO 782 CON_ID 14 */
		    16 Query	SHOW ENGINE PERFORMANCE_SCHEMA STATUS /* QNO 390 CON_ID 16 */
		    14 Query	DROP VIEW IF EXISTS v /* QNO 783 CON_ID 14 */
		    14 Query	SHOW WARNINGS
		    14 Query	CREATE DATABASE IF NOT EXISTS j /* QNO 784 CON_ID 14 */
		    16 Query	UPDATE performance_schema.setup_timers SET timer_name = 'MILLISECOND' /* QNO 391 CON_ID 16 */
		    14 Query	SHOW WARNINGS
		    14 Query	GRANT UPDATE ( `col_datetime_nokey` ) ON `CC` TO 'someuser'@'somehost' /* QNO 785 CON_ID 14 */
		    14 Query	ALTER TABLE `D` DROP PRIMARY KEY /* QNO 786 CON_ID 14 */
		    16 Query	ALTER TABLE `A` /*!100301 */ CHANGE COLUMN IF EXISTS `pk` `col_datetime_nokey` TEXT DEFAULT '', LOCK=DEFAULT, ALTER /*!100305 IF EXISTS */ z SET DEFAULT '' /*!100307, ALGORITHM=INSTANT */  /* QNO 392 CON_ID 16 */
		    14 Query	GRANT SELECT ( `col_date_nokey`, `pk`, `col_time_key`, `col_date_nokey` ) ON `BB` TO 'someuser'@'somehost' /* QNO 787 CON_ID 14 */
		    14 Query	ALTER TABLE `CC` ADD PRIMARY KEY (`pk`) /* QNO 788 CON_ID 14 */
		    18 Query	SELECT * FROM transforms.insert_select_22992 /* TRANSFORM_OUTCOME_UNORDERED_MATCH */ /* QNO 470 CON_ID 18 */
		    19 Query	SHOW WARNINGS
		    19 Query	DROP TABLE IF EXISTS transforms.insert_select_22994 /* QNO 532 CON_ID 19 */
		    19 Query	SHOW WARNINGS
		    19 Query	CREATE TABLE transforms.insert_select_22994  SELECT * FROM mysql.`plugin` AS table1 WHERE NOT ( ( (NOT table1.`dl` <= table1.`name` OR table1.`name` <> table1.`dl`) AND table1.`name` >= table1.`name`) AND table1.`name` LIKE 'wait/synch/cond%') HAVING (table1.`dl` <= '2000-09-26 23:21:11.026360' IS NULL OR table1.`name` = '1984-07-25 22:39:26.012510') ORDER BY table1.`dl` LIMIT 28 /* QNO 529 CON_ID 19 */  /* QNO 533 CON_ID 19 */
		    18 Query	DELETE FROM transforms.insert_select_22992 /* QNO 471 CON_ID 18 */
		    18 Query	INSERT INTO transforms.insert_select_22992  SELECT * FROM INFORMATION_SCHEMA.`SESSION_VARIABLES` AS table1 WHERE ( table1.`VARIABLE_VALUE` IN ( 5, 0, 3 ) OR table1.`VARIABLE_VALUE` LIKE 'wait/io%') HAVING table1.`VARIABLE_VALUE` > 'k' IS NULL LIMIT 100 /* QNO 465 CON_ID 18 */  /* QNO 472 CON_ID 18 */
		    18 Query	SELECT * FROM transforms.insert_select_22992 /* TRANSFORM_OUTCOME_UNORDERED_MATCH */ /* QNO 473 CON_ID 18 */
		    18 Query	DELETE FROM transforms.insert_select_22992 /* QNO 474 CON_ID 18 */
		    18 Query	REPLACE INTO transforms.insert_select_22992  SELECT * FROM INFORMATION_SCHEMA.`SESSION_VARIABLES` AS table1 WHERE ( table1.`VARIABLE_VALUE` IN ( 5, 0, 3 ) OR table1.`VARIABLE_VALUE` LIKE 'wait/io%') HAVING table1.`VARIABLE_VALUE` > 'k' IS NULL LIMIT 100 /* QNO 465 CON_ID 18 */  /* QNO 475 CON_ID 18 */
		    14 Query	DROP PROCEDURE IF EXISTS u /* QNO 789 CON_ID 14 */
		    18 Query	SELECT * FROM transforms.insert_select_22992 /* TRANSFORM_OUTCOME_UNORDERED_MATCH */ /* QNO 476 CON_ID 18 */
		    14 Query	SHOW WARNINGS
		    14 Query	GRANT INSERT ( `col_datetime_key` ), SELECT ( `col_date_key` ), SELECT ( `col_int_nokey`, `col_datetime_nokey` ) ON `A` TO 'someuser'@'somehost' /* QNO 790 CON_ID 14 */
		    14 Query	DROP DATABASE IF EXISTS k /* QNO 791 CON_ID 14 */
		    18 Query	DROP TABLE transforms.insert_select_22992 /* QNO 477 CON_ID 18 */
		    15 Query	SHOW WARNINGS
		    15 Query	SHOW ENGINE PERFORMANCE_SCHEMA STATUS /* QNO 646 CON_ID 15 */
		    14 Query	DROP DATABASE IF EXISTS w /* QNO 792 CON_ID 14 */
		    14 Query	SHOW WARNINGS
		    14 Query	ALTER TABLE `CC` ADD PRIMARY KEY (`pk`) /* QNO 793 CON_ID 14 */
		    15 Query	CREATE OR REPLACE TEMPORARY TABLE `tmp` LIKE C  /* QNO 647 CON_ID 15 */
		    14 Query	ALTER TABLE `A` DROP PRIMARY KEY /* QNO 794 CON_ID 14 */
		    14 Query	CREATE TABLE v LIKE `E` /* QNO 795 CON_ID 14 */
		    18 Query	SHOW ENGINE PERFORMANCE_SCHEMA STATUS /* QNO 478 CON_ID 18 */
		    18 Query	SELECT * from t8 FOR system_time AS OF @trx_user_var /* QNO 479 CON_ID 18 */
		    18 Query	DELETE FROM `SYSTEM_VARIABLES` WHERE `VARIABLE_COMMENT` <> '1978-07-20 22:12:42.020140' LIMIT 8 /* QNO 480 CON_ID 18 */
		    18 Query	SELECT NEXT VALUE FOR seq2 /* QNO 481 CON_ID 18 */
		    18 Query	INSERT INTO t16 ( ecol1 ) SELECT `non_existing_column` FROM `INNODB_FT_CONFIG` /* QNO 482 CON_ID 18 */
		    18 Query	SET STATEMENT system_versioning_alter_history=KEEP FOR ALTER TABLE `GLOBAL_VARIABLES` REMOVE PARTITIONING /* QNO 483 CON_ID 18 */
		    19 Query	SELECT * FROM transforms.insert_select_22994 /* TRANSFORM_OUTCOME_UNORDERED_MATCH */ /* QNO 534 CON_ID 19 */
		    18 Query	ALTER TABLE `INNODB_METRICS` /*!100301 */ DROP KEY IF EXISTS x, LOCK=DEFAULT, ADD INDEX o USING BTREE ( i, q DESC ) KEY_BLOCK_SIZE = 2799 KEY_BLOCK_SIZE = 13502, LOCK=DEFAULT  /* QNO 484 CON_ID 18 */
		    19 Query	DELETE FROM transforms.insert_select_22994 /* QNO 535 CON_ID 19 */
		    19 Query	INSERT INTO transforms.insert_select_22994  SELECT * FROM mysql.`plugin` AS table1 WHERE NOT ( ( (NOT table1.`dl` <= table1.`name` OR table1.`name` <> table1.`dl`) AND table1.`name` >= table1.`name`) AND table1.`name` LIKE 'wait/synch/cond%') HAVING (table1.`dl` <= '2000-09-26 23:21:11.026360' IS NULL OR table1.`name` = '1984-07-25 22:39:26.012510') ORDER BY table1.`dl` LIMIT 28 /* QNO 529 CON_ID 19 */  /* QNO 536 CON_ID 19 */
		    19 Query	SELECT * FROM transforms.insert_select_22994 /* TRANSFORM_OUTCOME_UNORDERED_MATCH */ /* QNO 537 CON_ID 19 */
		    18 Query	ALTER TABLE `APPLICABLE_ROLES` /*!100301 */ ADD CONSTRAINT s UNIQUE INDEX ind6 ( f(5) ), ALGORITHM=INPLACE, ADD INDEX IF NOT EXISTS ( l ) KEY_BLOCK_SIZE = 11884 /*!100307, ALGORITHM=NOCOPY */, LOCK=NONE  /* QNO 485 CON_ID 18 */
		    17 Query	SHOW WARNINGS
		    17 Query	SHOW ERRORS LIMIT 34133,41303 /* QNO 470 CON_ID 17 */
		    17 Query	UNLOCK TABLES /* QNO 471 CON_ID 17 */
		    17 Query	INSERT INTO `events_stages_history_long` ( ncol2 ) SELECT ecol1 FROM t16 /* QNO 472 CON_ID 17 */
		    19 Query	DELETE FROM transforms.insert_select_22994 /* QNO 538 CON_ID 19 */
		    17 Query	SHOW CREATE SEQUENCE seq8 /* QNO 473 CON_ID 17 */
		    19 Query	REPLACE INTO transforms.insert_select_22994  SELECT * FROM mysql.`plugin` AS table1 WHERE NOT ( ( (NOT table1.`dl` <= table1.`name` OR table1.`name` <> table1.`dl`) AND table1.`name` >= table1.`name`) AND table1.`name` LIKE 'wait/synch/cond%') HAVING (table1.`dl` <= '2000-09-26 23:21:11.026360' IS NULL OR table1.`name` = '1984-07-25 22:39:26.012510') ORDER BY table1.`dl` LIMIT 28 /* QNO 529 CON_ID 19 */  /* QNO 539 CON_ID 19 */
		    17 Query	SHOW STORAGE ENGINES /* QNO 474 CON_ID 17 */
		    19 Query	SELECT * FROM transforms.insert_select_22994 /* TRANSFORM_OUTCOME_UNORDERED_MATCH */ /* QNO 540 CON_ID 19 */
		    19 Query	DROP TABLE transforms.insert_select_22994 /* QNO 541 CON_ID 19 */
		    17 Query	SET SESSION SQL_MODE= '' /* QNO 475 CON_ID 17 */
		    17 Query	DROP TABLE IF EXISTS t1 /* QNO 476 CON_ID 17 */
		    18 Query	SELECT * FROM `INNODB_FT_INDEX_CACHE` INTO OUTFILE 'load_INNODB_FT_INDEX_CACHE'  /* QNO 486 CON_ID 18 */
		    18 Query	LOAD DATA INFILE 'load_INNODB_FT_INDEX_CACHE' REPLACE INTO TABLE INNODB_FT_INDEX_CACHE /* QNO 487 CON_ID 18 */
		    18 Query	ALTER TABLE `COLUMNS` /*!100301 */ ADD CONSTRAINT h UNIQUE INDEX ind9 ( q ), LOCK=SHARED  /* QNO 488 CON_ID 18 */
		    18 Query	UPDATE performance_schema.setup_timers SET timer_name = 'CYCLE' /* QNO 489 CON_ID 18 */
		    18 Query	LOCK TABLE seq8 WRITE, seq4 WRITE, seq4 READ, seq8 READ, seq9 READ /* QNO 490 CON_ID 18 */
		    18 Query	SELECT * FROM (mysql.`help_relation` AS table1 LEFT OUTER JOIN test.`CC` AS table2 ON ( table2.`col_time_nokey` = table1.`help_keyword_id` ) ) ORDER BY table2.`pk`, table1.`help_topic_id`, table2.`col_datetime_nokey` LIMIT 116 /* QNO 491 CON_ID 18 */
		    18 Query	ALTER ONLINE TABLE `D` /*!100301 */ DROP IF EXISTS i, ALGORITHM=INPLACE  /* QNO 492 CON_ID 18 */
		    18 Query	SHOW WARNINGS
		    18 Query	ALTER TABLE `D` /*!100301 NOWAIT */ ADD KEY(ecol10)  /* QNO 493 CON_ID 18 */
		    18 Query	UNLOCK TABLES /* QNO 494 CON_ID 18 */
		    18 Query	FLUSH USER_RESOURCES /* QNO 495 CON_ID 18 */
		    18 Query	SET SQL_MODE= '' /* QNO 496 CON_ID 18 */
		    18 Query	UNLOCK TABLES /* QNO 497 CON_ID 18 */
		    18 Query	SELECT CACHE_SIZE FROM seq4 /* QNO 498 CON_ID 18 */
		    16 Query	SHOW WARNINGS
		    18 Query	ALTER TABLE t1 DROP PARTITION IF EXISTS ver_p3 /* QNO 499 CON_ID 18 */
		    16 Query	CREATE OR REPLACE TEMPORARY TABLE `tmp` LIKE A  /* QNO 393 CON_ID 16 */
		    17 Query	UPDATE performance_schema.setup_timers SET timer_name = 'TICK' /* QNO 477 CON_ID 17 */
		    18 Query	ALTER ONLINE TABLE `CC` ADD FOREIGN KEY ( `col_time_nokey`, `col_date_nokey` ) REFERENCES `D` (col_time_nokey,col_date_nokey) ON DELETE CASCADE, ALGORITHM=COPY, LOCK=DEFAULT /* QNO 500 CON_ID 18 */
		    18 Query	UPDATE `E` SET `col_int_key` = '2031-09-16 02:37:07.050661' WHERE `col_int_nokey` = '2026-02-21 23:35:41.045624' /* QNO 501 CON_ID 18 */
		    17 Query	SHOW EXPLAIN FOR 89 /* QNO 478 CON_ID 17 */
		    17 Query	ALTER ONLINE TABLE t8 /*!100200 DROP CONSTRAINT IF EXISTS s */ /* COMMENT 'Skipped DROP CONSTRAINT' */  /* QNO 479 CON_ID 17 */
		    19 Query	SHOW ENGINE PERFORMANCE_SCHEMA STATUS /* QNO 542 CON_ID 19 */
		    19 Query	SET SESSION SQL_MODE= '' /* QNO 543 CON_ID 19 */
		    19 Query	INSERT INTO seq7 VALUES (-82, -57, -3097350643724058624, -6392578196075708416, 8, 154, 0, 1) /* QNO 544 CON_ID 19 */
		    19 Query	ALTER TABLE t2 RENAME TO t5, MODIFY COLUMN IF EXISTS scol3 BINARY NULL, ALGORITHM=INPLACE, DROP FOREIGN KEY n  /* QNO 545 CON_ID 19 */
		    19 Query	SELECT * FROM mysql.`time_zone_transition` AS table1 WHERE NOT ( ( ( ( ( table1.`Time_zone_id` IN ( 0, 8, 6 ) AND table1.`Transition_type_id` != 2) AND table1.`Transition_time` LIKE '%sql%') AND table1.`Transition_type_id` IN ( 0, 3, 7 )) OR table1.`Transition_type_id` LIKE 'wait/synch/rwlock%') AND table1.`Transition_type_id` <= 'ku') HAVING ( ( table1.`Time_zone_id` < 'ul' AND table1.`Transition_type_id` > '1980-12-11 04:55:58.054909') AND table1.`Transition_type_id` = 'lt') LIMIT 196 /* QNO 546 CON_ID 19 */
		    19 Query	SHOW WARNINGS
		    19 Query	SELECT START_VALUE FROM seq3 /* QNO 547 CON_ID 19 */
		    18 Query	INSERT INTO `DD` SELECT * FROM `C` /* QNO 502 CON_ID 18 */
		    18 Query	DROP TEMPORARY TABLE IF EXISTS `CC` /* QNO 503 CON_ID 18 */
		    19 Query	/* GenTest::Transform::ExecuteAsExecuteImmediate */ EXECUTE IMMEDIATE 'SELECT START_VALUE FROM seq3 /* QNO 547 CON_ID 19 */ ' /* TRANSFORM_OUTCOME_UNORDERED_MATCH */ /* QNO 548 CON_ID 19 */
		    19 Prepare	SELECT START_VALUE FROM seq3 /* QNO 547 CON_ID 19 */
		    18 Query	SHOW WARNINGS
		    19 Execute	SELECT START_VALUE FROM seq3 /* QNO 547 CON_ID 19 */
		    19 Query	/* GenTest::Transform::ExecuteAsInsertSelect */ CREATE DATABASE IF NOT EXISTS transforms /* QNO 549 CON_ID 19 */
		    18 Query	SHOW EXPLAIN FOR 114 /* QNO 504 CON_ID 18 */
		    19 Query	SHOW WARNINGS
		    19 Query	DROP TABLE IF EXISTS transforms.insert_select_22994 /* QNO 550 CON_ID 19 */
		    19 Query	SHOW WARNINGS
		    18 Query	UPDATE `A` SET `col_datetime_nokey` = '2011-02-20 19:43:16.016651' WHERE `col_datetime_key` = '1999-02-14 07:54:19.016571' /* QNO 505 CON_ID 18 */
		    19 Query	CREATE TABLE transforms.insert_select_22994 SELECT START_VALUE FROM seq3 /* QNO 547 CON_ID 19 */  /* QNO 551 CON_ID 19 */
		    18 Query	SET STATEMENT `sql_mode`=ORACLE FOR SELECT seq8.currval /* QNO 506 CON_ID 18 */
		    18 Query	TRUNCATE TABLE performance_schema.events_waits_current /* QNO 507 CON_ID 18 */
		    18 Query	LOCK TABLE `C` AS g READ /*!100300 NOWAIT */ /* QNO 508 CON_ID 18 */
		    15 Query	INSERT INTO `tmp` SELECT * FROM C  /* QNO 648 CON_ID 15 */
		    17 Query	SHOW WARNINGS
		    15 Query	/* GenTest::Transform::ExecuteAsExecuteImmediate */ EXECUTE IMMEDIATE ' /* TRANSFORM_OUTCOME_UNORDERED_MATCH */ /* QNO 649 CON_ID 15 */
		    15 Query	DROP TEMPORARY TABLE IF EXISTS C  /* QNO 650 CON_ID 15 */
		    17 Query	UPDATE performance_schema.setup_consumers SET enabled = 'YES' WHERE name IN ( 'events_waits_summary_by_event_name' ) /* QNO 480 CON_ID 17 */
		    15 Query	SHOW WARNINGS
		    15 Query	ALTER TABLE `tmp` RENAME TO C /* QNO 651 CON_ID 15 */
		    17 Query	SELECT SETVAL(seq3, 49557) /* QNO 481 CON_ID 17 */
		    15 Query	FLUSH DES_KEY_FILE /* QNO 652 CON_ID 15 */
		    17 Query	/* GenTest::Transform::ExecuteAsExecuteImmediate */ EXECUTE IMMEDIATE 'SELECT SETVAL(seq3, 49557) /* QNO 481 CON_ID 17 */ ' /* TRANSFORM_OUTCOME_UNORDERED_MATCH */ /* QNO 482 CON_ID 17 */
		    17 Prepare	SELECT SETVAL(seq3, 49557) /* QNO 481 CON_ID 17 */
		    15 Query	TRUNCATE TABLE performance_schema.events_waits_history /* QNO 653 CON_ID 15 */
		    17 Execute	SELECT SETVAL(seq3, 49557) /* QNO 481 CON_ID 17 */
		    17 Query	/* GenTest::Transform::ExecuteAsInsertSelect */ CREATE DATABASE IF NOT EXISTS transforms /* QNO 483 CON_ID 17 */
		    18 Query	ALTER TABLE t3 ADD CONSTRAINT CHECK (icol2 >= ecol2), FORCE /*!100307, ALGORITHM=NOCOPY */  /* QNO 509 CON_ID 18 */
		    15 Query	FLUSH QUERY CACHE /* QNO 654 CON_ID 15 */
		    15 Query	SELECT * FROM (INFORMATION_SCHEMA.`COLLATIONS` AS table1 STRAIGHT_JOIN performance_schema.`setup_consumers` AS table2 ON ( table2.`ENABLED` = table1.`IS_DEFAULT` ) ) HAVING table1.`CHARACTER_SET_NAME` = 'f' ORDER BY table2.`NAME` LIMIT 48 /* QNO 655 CON_ID 15 */
		    18 Query	UNLOCK TABLES /* QNO 510 CON_ID 18 */
		    18 Query	ALTER TABLE `E` /*!100301 */ ADD PRIMARY KEY ( `col_int_nokey` ), ALGORITHM=DEFAULT, LOCK=EXCLUSIVE  /* QNO 511 CON_ID 18 */
		    15 Query	/* GenTest::Transform::ExecuteAsExecuteImmediate */ EXECUTE IMMEDIATE ' /* TRANSFORM_OUTCOME_UNORDERED_MATCH */ /* QNO 656 CON_ID 15 */
		    15 Query	/* GenTest::Transform::ExecuteAsInsertSelect */ CREATE DATABASE IF NOT EXISTS transforms /* QNO 657 CON_ID 15 */
		    18 Query	ALTER TABLE `AA` /*!100301 */ DROP CONSTRAINT ind7 /*!100307, ALGORITHM=NOCOPY */  /* QNO 512 CON_ID 18 */
		    18 Query	SET SQL_MODE= DEFAULT /* QNO 513 CON_ID 18 */
		    18 Query	UNLOCK TABLES /* QNO 514 CON_ID 18 */
		    18 Query	SHOW EXPLAIN FOR 36 /* QNO 515 CON_ID 18 */
		    18 Query	ALTER ONLINE TABLE `BB` ADD CONSTRAINT FOREIGN KEY (`col_datetime_nokey`) REFERENCES BB (`col_time_key`) ON UPDATE CASCADE, ADD CONSTRAINT FOREIGN KEY f ( `col_date_nokey`, `col_int_nokey` ) REFERENCES `DD` (col_date_nokey,col_int_nokey) ON UPDATE RESTRICT, ADD FOREIGN KEY ( `col_date_key` ) REFERENCES `E` (col_date_key), ALGORITHM=COPY, LOCK=SHARED /* QNO 516 CON_ID 18 */
		    18 Query	UPDATE performance_schema.setup_timers SET timer_name = 'NANOSECOND' /* QNO 517 CON_ID 18 */
		    18 Query	UPDATE performance_schema.setup_timers SET timer_name = 'TICK' /* QNO 518 CON_ID 18 */
		    18 Query	CREATE OR REPLACE TABLE t13 (geocol4 POINT ) ROW_FORMAT=REDUNDANT  /* QNO 519 CON_ID 18 */
		    14 Query	CREATE DATABASE IF NOT EXISTS a /* QNO 796 CON_ID 14 */
		    14 Query	SHOW WARNINGS
		    14 Query	ALTER TABLE `C` DROP KEY w /* QNO 797 CON_ID 14 */
		    14 Query	GRANT SUPER, PROCESS ON *.* to 'someuser'@'somehost' /* QNO 798 CON_ID 14 */
		    14 Query	ALTER TABLE `B` DROP KEY x /* QNO 799 CON_ID 14 */
		    14 Query	DROP EVENT g /* QNO 800 CON_ID 14 */
		    14 Query	REVOKE REPLICATION CLIENT, CREATE USER, PROCESS ON *.* FROM 'someuser'@'somehost' /* QNO 801 CON_ID 14 */
		    14 Query	GRANT ALL PRIVILEGES ON test.t TO 'someuser'@'somehost' /* QNO 802 CON_ID 14 */
		    14 Query	ALTER TABLE `CC` ADD KEY ( s ) /* QNO 803 CON_ID 14 */
		    14 Query	CREATE FUNCTION z ( p INTEGER, y INTEGER ) RETURNS INTEGER RETURN 1 /* QNO 804 CON_ID 14 */
		    14 Query	GRANT REPLICATION SLAVE, USAGE, USAGE, PROCESS, REPLICATION CLIENT ON *.* to 'someuser'@'somehost' /* QNO 805 CON_ID 14 */
		    14 Query	ALTER TABLE `C` PARTITION BY KEY() PARTITIONS 1 /* QNO 806 CON_ID 14 */
		    16 Query	INSERT INTO `tmp` SELECT * FROM A  /* QNO 394 CON_ID 16 */
		    16 Query	/* GenTest::Transform::ExecuteAsExecuteImmediate */ EXECUTE IMMEDIATE ' INSERT INTO `tmp` SELECT * FROM A  /* QNO 394 CON_ID 16 */ ' /* TRANSFORM_OUTCOME_UNORDERED_MATCH */ /* QNO 395 CON_ID 16 */
		    16 Prepare	INSERT INTO `tmp` SELECT * FROM A  /* QNO 394 CON_ID 16 */
		    16 Execute	INSERT INTO `tmp` SELECT * FROM A  /* QNO 394 CON_ID 16 */
		    14 Query	REVOKE ALL PRIVILEGES ON test.r FROM 'someuser'@'somehost' /* QNO 807 CON_ID 14 */
		    14 Query	CREATE TABLE v LIKE `A` /* QNO 808 CON_ID 14 */
		    16 Query	DROP TEMPORARY TABLE IF EXISTS A  /* QNO 396 CON_ID 16 */
		    14 Query	GRANT INSERT ( `col_date_nokey` ) ON `DD` TO 'someuser'@'somehost' /* QNO 809 CON_ID 14 */
		    18 Query	INSERT INTO t9 ( scol6 ) SELECT icol9 FROM t6 /* QNO 520 CON_ID 18 */
		    17 Query	SHOW WARNINGS
		    15 Query	SHOW WARNINGS
		    15 Query	DROP TABLE IF EXISTS transforms.insert_select_22986 /* QNO 658 CON_ID 15 */
		    17 Query	DROP TABLE IF EXISTS transforms.insert_select_22990 /* QNO 484 CON_ID 17 */
		    14 Query	DROP EVENT q /* QNO 810 CON_ID 14 */
		    15 Query	SHOW WARNINGS
		    17 Query	SHOW WARNINGS
		    17 Query	CREATE TABLE transforms.insert_select_22990 SELECT SETVAL(seq3, 49557) /* QNO 481 CON_ID 17 */  /* QNO 485 CON_ID 17 */
		    14 Query	REVOKE ALL PRIVILEGES ON a.* FROM 'someuser'@'somehost' /* QNO 811 CON_ID 14 */
		    15 Query	CREATE TABLE transforms.insert_select_22986  SELECT * FROM (INFORMATION_SCHEMA.`COLLATIONS` AS table1 STRAIGHT_JOIN performance_schema.`setup_consumers` AS table2 ON ( table2.`ENABLED` = table1.`IS_DEFAULT` ) ) HAVING table1.`CHARACTER_SET_NAME` = 'f' ORDER BY table2.`NAME` LIMIT 48 /* QNO 655 CON_ID 15 */  /* QNO 659 CON_ID 15 */
		    14 Query	ALTER TABLE `A` ADD PRIMARY KEY (`pk`) /* QNO 812 CON_ID 14 */
		    19 Query	SELECT * FROM transforms.insert_select_22994 /* TRANSFORM_OUTCOME_UNORDERED_MATCH */ /* QNO 552 CON_ID 19 */
		    14 Query	ALTER TABLE `C` DROP KEY j /* QNO 813 CON_ID 14 */
		    19 Query	DELETE FROM transforms.insert_select_22994 /* QNO 553 CON_ID 19 */
		    14 Query	GRANT ALL PRIVILEGES ON test.u TO 'someuser'@'somehost' /* QNO 814 CON_ID 14 */
		    14 Query	CREATE FUNCTION n ( i INTEGER, f INTEGER ) RETURNS INTEGER RETURN 1 /* QNO 815 CON_ID 14 */
		    14 Query	DROP EVENT n /* QNO 816 CON_ID 14 */
		    14 Query	DROP TRIGGER IF EXISTS x /* QNO 817 CON_ID 14 */
		    14 Query	SHOW WARNINGS
		    14 Query	CREATE EVENT t ON SCHEDULE AT NOW() DO SET @a=@a /* QNO 818 CON_ID 14 */
		    16 Query	ALTER TABLE `tmp` RENAME TO A /* QNO 397 CON_ID 16 */
		    16 Query	LOCK TABLE `AA` WRITE CONCURRENT  /* QNO 398 CON_ID 16 */
		    16 Query	TRUNCATE TABLE performance_schema.events_waits_history_long /* QNO 399 CON_ID 16 */
		    14 Query	GRANT ALL PRIVILEGES ON test.n TO 'someuser'@'somehost' /* QNO 819 CON_ID 14 */
		    16 Query	TRUNCATE TABLE performance_schema.events_waits_history_long /* QNO 400 CON_ID 16 */
		    18 Query	ALTER ONLINE TABLE `CC` /*!100301 NOWAIT */ ADD INDEX t ( `col_int_key`(177) ASC ) KEY_BLOCK_SIZE = 42443, LOCK=NONE, ADD CONSTRAINT o UNIQUE n ( s(197), `col_datetime_nokey`, `col_datetime_nokey`(96) ) COMMENT 'sun', ADD KEY IF NOT EXISTS b ( `col_int_key`(6) ) COMMENT 'heal', ALGORITHM=INPLACE, LOCK=SHARED, ADD KEY IF NOT EXISTS ind9 ( `col_varchar_key` ), ADD PRIMARY KEY ( u ) COMMENT 'potentially', LOCK=NONE  /* QNO 521 CON_ID 18 */
		    19 Query	INSERT INTO transforms.insert_select_22994 SELECT START_VALUE FROM seq3 /* QNO 547 CON_ID 19 */  /* QNO 554 CON_ID 19 */
		    14 Query	GRANT SELECT ( `col_varchar_key` ), INSERT ( `col_time_key` ), UPDATE ( `col_time_key` ) ON `B` TO 'someuser'@'somehost' /* QNO 820 CON_ID 14 */
		    16 Query	SET SQL_MODE= 'NO_AUTO_VALUE_ON_ZERO,ERROR_FOR_DIVISION_BY_ZERO,NO_FIELD_OPTIONS,NO_ZERO_IN_DATE,STRICT_TRANS_TABLES,STRICT_ALL_TABLES,ANSI' /* QNO 401 CON_ID 16 */
		    18 Query	SET SESSION SQL_MODE= 'NO_ZERO_IN_DATE,REAL_AS_FLOAT,ONLY_FULL_GROUP_BY,NO_UNSIGNED_SUBTRACTION,MYSQL40,ERROR_FOR_DIVISION_BY_ZERO,IGNORE_BAD_TABLE_OPTIONS,ORACLE,MSSQL,NO_ENGINE_SUBSTITUTION,SIMULTANEOUS_ASSIGNMENT,ALLOW_INVALID_DATES,NO_AUTO_VALUE_ON_ZERO,STRICT_ALL_TABLES,IGNORE_SPACE,MAXDB,EMPTY_STRING_IS_NULL,NO_BACKSLASH_ESCAPES,MYSQL323,HIGH_NOT_PRECEDENCE,TIME_ROUND_FRACTIONAL' /* QNO 522 CON_ID 18 */
		    16 Query	TRUNCATE TABLE performance_schema.events_waits_history /* QNO 402 CON_ID 16 */
		    18 Query	SHOW ENGINE PERFORMANCE_SCHEMA STATUS /* QNO 523 CON_ID 18 */
		    18 Query	DROP TEMPORARY TABLE IF EXISTS `A` /* QNO 524 CON_ID 18 */
		    14 Query	ALTER TABLE `C` ADD PRIMARY KEY (`pk`) /* QNO 821 CON_ID 14 */
		    16 Query	SHOW EXPLAIN FOR 222 /* QNO 403 CON_ID 16 */
		    16 Query	SET SQL_MODE= DEFAULT /* QNO 404 CON_ID 16 */
		    16 Query	SHOW CREATE EVENT k /* QNO 405 CON_ID 16 */
		    16 Query	ALTER ONLINE TABLE `E` /*!100301 NOWAIT */ ADD CONSTRAINT e FOREIGN KEY ( `col_date_nokey` ) REFERENCES `D` (col_date_nokey), ALGORITHM=DEFAULT  /* QNO 406 CON_ID 16 */
		    16 Query	TRUNCATE TABLE performance_schema.events_waits_history /* QNO 407 CON_ID 16 */
		    16 Query	DROP TEMPORARY TABLE IF EXISTS `C` /* QNO 408 CON_ID 16 */
		    14 Query	REVOKE ALL PRIVILEGES ON p.* FROM 'someuser'@'somehost' /* QNO 822 CON_ID 14 */
		    14 Query	CREATE OR REPLACE VIEW t AS SELECT * FROM `AA` /* QNO 823 CON_ID 14 */
		    14 Query	DROP DATABASE IF EXISTS l /* QNO 824 CON_ID 14 */
		    19 Query	SELECT * FROM transforms.insert_select_22994 /* TRANSFORM_OUTCOME_UNORDERED_MATCH */ /* QNO 555 CON_ID 19 */
		    19 Query	DELETE FROM transforms.insert_select_22994 /* QNO 556 CON_ID 19 */
		    14 Query	DROP TABLE b /* QNO 825 CON_ID 14 */
		    18 Query	UNLOCK TABLES /* QNO 525 CON_ID 18 */
		    14 Query	GRANT INSERT ( `col_datetime_key` ) ON `A` TO 'someuser'@'somehost' /* QNO 826 CON_ID 14 */
		    14 Query	DROP DATABASE IF EXISTS v /* QNO 827 CON_ID 14 */
		    14 Query	SHOW WARNINGS
		    18 Query	ALTER ONLINE IGNORE TABLE `AA` /*!100301 */ DROP KEY IF EXISTS ind1, LOCK=SHARED, ADD UNIQUE e USING BTREE ( o ), ALGORITHM=COPY, LOCK=SHARED, DROP KEY IF EXISTS r, ALGORITHM=COPY, ADD UNIQUE INDEX ind6 USING BTREE ( p )  /* QNO 526 CON_ID 18 */
		    14 Query	ALTER TABLE `B` DROP PRIMARY KEY /* QNO 828 CON_ID 14 */
		    14 Query	ALTER TABLE `CC` REMOVE PARTITIONING /* QNO 829 CON_ID 14 */
		    18 Query	SELECT * FROM `B` INTO OUTFILE 'load_B'  /* QNO 527 CON_ID 18 */
		    18 Query	LOAD DATA INFILE 'load_B' REPLACE INTO TABLE B /* QNO 528 CON_ID 18 */
		    14 Query	CREATE PROCEDURE q ( IN o INT ) BEGIN SELECT COUNT(*) INTO @a FROM `AA`; END ; /* QNO 830 CON_ID 14 */
		    18 Query	ALTER TABLE `DD` /*!100301 WAIT 4 */ ADD FOREIGN KEY (`col_time_nokey`) REFERENCES DD (`col_date_nokey`) /*!100307, ALGORITHM=INSTANT */, LOCK=DEFAULT /* QNO 529 CON_ID 18 */
		    14 Query	GRANT RELOAD ON *.* to 'someuser'@'somehost' /* QNO 831 CON_ID 14 */
		    14 Query	DROP VIEW IF EXISTS q /* QNO 832 CON_ID 14 */
		    18 Query	SELECT * FROM `B` INTO OUTFILE 'load_B'  /* QNO 530 CON_ID 18 */
		    14 Query	SHOW WARNINGS
		    18 Query	LOAD DATA INFILE 'load_B' IGNORE INTO TABLE B /* QNO 531 CON_ID 18 */
		    14 Query	REVOKE PROCESS, REPLICATION CLIENT, REPLICATION SLAVE, CREATE USER ON *.* FROM 'someuser'@'somehost' /* QNO 833 CON_ID 14 */
		    14 Query	ALTER TABLE `DD` PARTITION BY KEY() PARTITIONS 9 /* QNO 834 CON_ID 14 */
		    18 Query	UPDATE `E` SET `col_varchar_key` = 'ba' WHERE `col_datetime_key` <= '1972-01-26 21:55:32.018250' /* QNO 532 CON_ID 18 */
		    18 Query	TRUNCATE TABLE performance_schema.events_waits_summary_by_thread_by_event_name /* QNO 533 CON_ID 18 */
		    14 Query	ALTER TABLE `AA` ADD COLUMN t INTEGER DEFAULT NULL /* QNO 835 CON_ID 14 */
		    19 Query	REPLACE INTO transforms.insert_select_22994 SELECT START_VALUE FROM seq3 /* QNO 547 CON_ID 19 */  /* QNO 557 CON_ID 19 */
		    16 Query	TRUNCATE TABLE performance_schema.events_waits_summary_by_event_name /* QNO 409 CON_ID 16 */
		    18 Query	DROP SEQUENCE IF EXISTS seq7, seq1 /* QNO 534 CON_ID 18 */
		    16 Query	UPDATE `B` SET `col_date_key` = 2 WHERE `col_date_nokey` != 8 /* QNO 410 CON_ID 16 */
		    18 Query	SHOW WARNINGS
		    18 Query	SHOW ENGINE PERFORMANCE_SCHEMA STATUS /* QNO 535 CON_ID 18 */
		    16 Query	SET STATEMENT system_versioning_alter_history=KEEP FOR ALTER TABLE `DD` PARTITION BY system_time LIMIT 9 ( PARTITION ver_p1 HISTORY, PARTITION ver_p2 HISTORY, PARTITION ver_p3 HISTORY, PARTITION ver_p4 HISTORY, PARTITION ver_pn CURRENT ) /* QNO 411 CON_ID 16 */
		    18 Query	SHOW ENGINE PERFORMANCE_SCHEMA STATUS /* QNO 536 CON_ID 18 */
		    16 Query	ALTER IGNORE TABLE `DD` /*!100301 */ DROP IF EXISTS r /*!100307, ALGORITHM=INSTANT */  /* QNO 412 CON_ID 16 */
		    14 Query	CREATE TABLE j LIKE `DD` /* QNO 836 CON_ID 14 */
		    18 Query	ALTER TABLE `CC` /*!100301 */ ADD COLUMN IF NOT EXISTS ( n SERIAL, `col_varchar_key` DECIMAL AS ( `col_date_key` + 9 ) VIRTUAL, `col_datetime_key` SERIAL /*!100303 INVISIBLE */, m SMALLINT NOT NULL DEFAULT 0 /*!100303 INVISIBLE */ /*!100201 CHECK (u <= `col_time_nokey`) */ ), LOCK=EXCLUSIVE  /* QNO 537 CON_ID 18 */
		    16 Query	CREATE OR REPLACE TEMPORARY TABLE `tmp` LIKE DD  /* QNO 413 CON_ID 16 */
		    18 Query	UPDATE `C` SET `col_varchar_nokey` = 2 WHERE `col_date_nokey` = 1 /* QNO 538 CON_ID 18 */
		    16 Query	INSERT INTO `tmp` SELECT * FROM DD  /* QNO 414 CON_ID 16 */
		    16 Query	DROP TEMPORARY TABLE IF EXISTS DD  /* QNO 415 CON_ID 16 */
		    14 Query	GRANT ALL PRIVILEGES ON n.* TO 'someuser'@'somehost' /* QNO 837 CON_ID 14 */
		    18 Query	ALTER ONLINE IGNORE TABLE `BB` ADD FOREIGN KEY (`col_datetime_key`) REFERENCES BB (`col_time_nokey`) ON UPDATE RESTRICT, LOCK=DEFAULT /* QNO 539 CON_ID 18 */
		    16 Query	SHOW WARNINGS
		    16 Query	ALTER TABLE `tmp` RENAME TO DD /* QNO 416 CON_ID 16 */
		    18 Query	SHOW EXPLAIN FOR 201 /* QNO 540 CON_ID 18 */
		    14 Query	ALTER TABLE `E` DROP COLUMN i /* QNO 838 CON_ID 14 */
		    18 Query	UNLOCK TABLES /* QNO 541 CON_ID 18 */
		    16 Query	UPDATE performance_schema.setup_instruments SET ENABLED = 'YES' WHERE NAME LIKE 'wait/synch/mutex/%' /* QNO 417 CON_ID 16 */
		    18 Query	SET SESSION SQL_MODE= '' /* QNO 542 CON_ID 18 */
		    18 Query	ALTER TABLE `A` ADD PRIMARY KEY(icol7), ALGORITHM=INPLACE  /* QNO 543 CON_ID 18 */
		    14 Query	DROP TRIGGER IF EXISTS g /* QNO 839 CON_ID 14 */
		    14 Query	SHOW WARNINGS
		    14 Query	ALTER TABLE `D` REMOVE PARTITIONING /* QNO 840 CON_ID 14 */
		    19 Query	SELECT * FROM transforms.insert_select_22994 /* TRANSFORM_OUTCOME_UNORDERED_MATCH */ /* QNO 558 CON_ID 19 */
		    19 Query	DROP TABLE transforms.insert_select_22994 /* QNO 559 CON_ID 19 */
		    14 Query	ALTER TABLE `D` ADD PRIMARY KEY (`pk`) /* QNO 841 CON_ID 14 */
		    16 Query	ALTER TABLE t12 ROW_FORMAT=COMPRESSED /* QNO 418 CON_ID 16 */
		    17 Query	SELECT * FROM transforms.insert_select_22990 /* TRANSFORM_OUTCOME_UNORDERED_MATCH */ /* QNO 486 CON_ID 17 */
		    17 Query	DELETE FROM transforms.insert_select_22990 /* QNO 487 CON_ID 17 */
		    18 Query	SELECT * FROM mysql.`innodb_index_stats` AS table1 WHERE NOT (NOT table1.`database_name` > table1.`database_name` OR table1.`index_name` > table1.`stat_name`) HAVING NOT table1.`index_name` <> 'ah' LIMIT 102 /* QNO 544 CON_ID 18 */
		    17 Query	INSERT INTO transforms.insert_select_22990 SELECT SETVAL(seq3, 49557) /* QNO 481 CON_ID 17 */  /* QNO 488 CON_ID 17 */
		    18 Query	/* GenTest::Transform::ExecuteAsExecuteImmediate */ EXECUTE IMMEDIATE ' SELECT * FROM mysql.`innodb_index_stats` AS table1 WHERE NOT (NOT table1.`database_name` > table1.`database_name` OR table1.`index_name` > table1.`stat_name`) HAVING NOT table1.`index_name` <> \'ah\' LIMIT 102 /* QNO 544 CON_ID 18 */ ' /* TRANSFORM_OUTCOME_UNORDERED_MATCH */ /* QNO 545 CON_ID 18 */
		    18 Prepare	SELECT * FROM mysql.`innodb_index_stats` AS table1 WHERE NOT (NOT table1.`database_name` > table1.`database_name` OR table1.`index_name` > table1.`stat_name`) HAVING NOT table1.`index_name` <> 'ah' LIMIT 102 /* QNO 544 CON_ID 18 */
		    18 Execute	SELECT * FROM mysql.`innodb_index_stats` AS table1 WHERE NOT (NOT table1.`database_name` > table1.`database_name` OR table1.`index_name` > table1.`stat_name`) HAVING NOT table1.`index_name` <> 'ah' LIMIT 102 /* QNO 544 CON_ID 18 */
		    15 Query	SELECT * FROM transforms.insert_select_22986 /* TRANSFORM_OUTCOME_UNORDERED_MATCH */ /* QNO 660 CON_ID 15 */
		    18 Query	/* GenTest::Transform::ExecuteAsInsertSelect */ CREATE DATABASE IF NOT EXISTS transforms /* QNO 546 CON_ID 18 */
		    15 Query	DELETE FROM transforms.insert_select_22986 /* QNO 661 CON_ID 15 */
		    19 Query	/* GenTest::Transform::ExecuteAsUpdateDelete */ CREATE DATABASE IF NOT EXISTS transforms /* QNO 560 CON_ID 19 */
		    18 Query	SHOW WARNINGS
		    18 Query	DROP TABLE IF EXISTS transforms.insert_select_22992 /* QNO 547 CON_ID 18 */
		    19 Query	SHOW WARNINGS
		    14 Query	GRANT ALL PRIVILEGES ON test.v TO 'someuser'@'somehost' /* QNO 842 CON_ID 14 */
		    18 Query	SHOW WARNINGS
		    19 Query	DROP TABLE IF EXISTS transforms.where_updatedelete_22994 /* QNO 561 CON_ID 19 */
		    14 Query	REVOKE SUPER ON *.* FROM 'someuser'@'somehost' /* QNO 843 CON_ID 14 */
		    15 Query	INSERT INTO transforms.insert_select_22986  SELECT * FROM (INFORMATION_SCHEMA.`COLLATIONS` AS table1 STRAIGHT_JOIN performance_schema.`setup_consumers` AS table2 ON ( table2.`ENABLED` = table1.`IS_DEFAULT` ) ) HAVING table1.`CHARACTER_SET_NAME` = 'f' ORDER BY table2.`NAME` LIMIT 48 /* QNO 655 CON_ID 15 */  /* QNO 662 CON_ID 15 */
		    17 Query	SELECT * FROM transforms.insert_select_22990 /* TRANSFORM_OUTCOME_UNORDERED_MATCH */ /* QNO 489 CON_ID 17 */
		    14 Query	REVOKE ALL PRIVILEGES ON l.* FROM 'someuser'@'somehost' /* QNO 844 CON_ID 14 */
		    17 Query	DELETE FROM transforms.insert_select_22990 /* QNO 490 CON_ID 17 */
		    19 Query	SHOW WARNINGS
		    19 Query	CREATE TABLE transforms.where_updatedelete_22994 SELECT START_VALUE FROM seq3 /* QNO 547 CON_ID 19 */  /* QNO 562 CON_ID 19 */
		    18 Query	CREATE TABLE transforms.insert_select_22992  SELECT * FROM mysql.`innodb_index_stats` AS table1 WHERE NOT (NOT table1.`database_name` > table1.`database_name` OR table1.`index_name` > table1.`stat_name`) HAVING NOT table1.`index_name` <> 'ah' LIMIT 102 /* QNO 544 CON_ID 18 */  /* QNO 548 CON_ID 18 */
		    14 Query	ALTER TABLE `DD` DROP COLUMN z /* QNO 845 CON_ID 14 */
		    14 Query	ALTER TABLE `C` DROP KEY x /* QNO 846 CON_ID 14 */
		    14 Query	REVOKE ALL PRIVILEGES ON a.* FROM 'someuser'@'somehost' /* QNO 847 CON_ID 14 */
		    14 Query	REVOKE ALL PRIVILEGES ON i.* FROM 'someuser'@'somehost' /* QNO 848 CON_ID 14 */
		    17 Query	REPLACE INTO transforms.insert_select_22990 SELECT SETVAL(seq3, 49557) /* QNO 481 CON_ID 17 */  /* QNO 491 CON_ID 17 */
		    14 Query	GRANT SHOW DATABASES ON *.* to 'someuser'@'somehost' /* QNO 849 CON_ID 14 */
		    14 Query	CREATE DATABASE IF NOT EXISTS f /* QNO 850 CON_ID 14 */
		    14 Query	SHOW WARNINGS
		    14 Query	GRANT SELECT ( `col_int_key` ) ON `AA` TO 'someuser'@'somehost' /* QNO 851 CON_ID 14 */
		    14 Query	ALTER TABLE `E` DROP KEY w /* QNO 852 CON_ID 14 */
		    14 Query	ALTER TABLE `BB` PARTITION BY KEY() PARTITIONS 7 /* QNO 853 CON_ID 14 */
		    14 Query	CREATE TRIGGER p BEFORE INSERT ON `B` FOR EACH ROW BEGIN INSERT INTO `C` SELECT * FROM `C` LIMIT 0 ; END ; /* QNO 854 CON_ID 14 */
		    15 Query	SELECT * FROM transforms.insert_select_22986 /* TRANSFORM_OUTCOME_UNORDERED_MATCH */ /* QNO 663 CON_ID 15 */
		    15 Query	DELETE FROM transforms.insert_select_22986 /* QNO 664 CON_ID 15 */
		    15 Query	REPLACE INTO transforms.insert_select_22986  SELECT * FROM (INFORMATION_SCHEMA.`COLLATIONS` AS table1 STRAIGHT_JOIN performance_schema.`setup_consumers` AS table2 ON ( table2.`ENABLED` = table1.`IS_DEFAULT` ) ) HAVING table1.`CHARACTER_SET_NAME` = 'f' ORDER BY table2.`NAME` LIMIT 48 /* QNO 655 CON_ID 15 */  /* QNO 665 CON_ID 15 */
190122 13:39:44	    17 Query	SELECT * FROM transforms.insert_select_22990 /* TRANSFORM_OUTCOME_UNORDERED_MATCH */ /* QNO 492 CON_ID 17 */
		    17 Query	DROP TABLE transforms.insert_select_22990 /* QNO 493 CON_ID 17 */
		    15 Query	SELECT * FROM transforms.insert_select_22986 /* TRANSFORM_OUTCOME_UNORDERED_MATCH */ /* QNO 666 CON_ID 15 */
		    15 Query	DROP TABLE transforms.insert_select_22986 /* QNO 667 CON_ID 15 */
		    14 Query	REVOKE ALL PRIVILEGES ON p.* FROM 'someuser'@'somehost' /* QNO 855 CON_ID 14 */
		    14 Query	CREATE OR REPLACE VIEW o AS SELECT * FROM `A` /* QNO 856 CON_ID 14 */
		    14 Query	ALTER TABLE `AA` DROP KEY l /* QNO 857 CON_ID 14 */
		    14 Query	ALTER TABLE `A` ADD KEY ( u ) /* QNO 858 CON_ID 14 */
		    14 Query	DROP DATABASE IF EXISTS w /* QNO 859 CON_ID 14 */
		    14 Query	SHOW WARNINGS
		    14 Query	ALTER TABLE `CC` REMOVE PARTITIONING /* QNO 860 CON_ID 14 */
		    14 Query	CREATE TRIGGER x BEFORE INSERT ON `B` FOR EACH ROW BEGIN INSERT INTO `A` SELECT * FROM `CC` LIMIT 0 ; END ; /* QNO 861 CON_ID 14 */
		    16 Query	UPDATE `B` SET `col_time_key` = 'q' WHERE `col_time_nokey` != 'gg' /* QNO 419 CON_ID 16 */
		    16 Query	TRUNCATE TABLE performance_schema.file_summary_by_instance /* QNO 420 CON_ID 16 */
		    16 Query	CREATE OR REPLACE TEMPORARY TABLE `tmp` LIKE B  /* QNO 421 CON_ID 16 */
