		    14 Query	/* GenTest::Transform::ExecuteAsExecuteImmediate */ EXECUTE IMMEDIATE 'CREATE OR REPLACE VIEW o AS SELECT * FROM `C` /* QNO 1916 CON_ID 14 */ ' /* TRANSFORM_OUTCOME_UNORDERED_MATCH */ /* QNO 1917 CON_ID 14 */
		    14 Prepare	CREATE OR REPLACE VIEW o AS SELECT * FROM `C` /* QNO 1916 CON_ID 14 */
		    14 Execute	CREATE OR REPLACE VIEW o AS SELECT * FROM `C` /* QNO 1916 CON_ID 14 */
		    14 Query	GRANT ALL PRIVILEGES ON o.* TO 'someuser'@'somehost' /* QNO 1918 CON_ID 14 */
		    14 Query	CREATE EVENT i ON SCHEDULE AT NOW() DO SET @a=@a /* QNO 1919 CON_ID 14 */
		    15 Query	UPDATE performance_schema.setup_instruments SET TIMED = 'YES' WHERE NAME LIKE 'wait/synch%' /* QNO 1239 CON_ID 15 */
		    14 Query	DROP DATABASE IF EXISTS u /* QNO 1920 CON_ID 14 */
		    14 Query	SHOW WARNINGS
		    14 Query	REVOKE ALL PRIVILEGES ON i.* FROM 'someuser'@'somehost' /* QNO 1921 CON_ID 14 */
		    14 Query	ALTER TABLE `B` PARTITION BY KEY() PARTITIONS 6 /* QNO 1922 CON_ID 14 */
		    16 Query	ALTER TABLE `tmp` RENAME TO C /* QNO 1093 CON_ID 16 */
		    16 Query	SHOW ENGINE PERFORMANCE_SCHEMA STATUS /* QNO 1094 CON_ID 16 */
		    16 Query	TRUNCATE TABLE performance_schema.events_waits_summary_by_event_name /* QNO 1095 CON_ID 16 */
		    16 Query	UPDATE performance_schema.setup_instruments SET ENABLED = 'NO' ORDER BY RAND() LIMIT 3 /* QNO 1096 CON_ID 16 */
		    14 Query	ALTER TABLE `B` DROP KEY f /* QNO 1923 CON_ID 14 */
		    14 Query	CREATE OR REPLACE VIEW o AS SELECT * FROM `D` /* QNO 1924 CON_ID 14 */
		    14 Query	/* GenTest::Transform::ExecuteAsExecuteImmediate */ EXECUTE IMMEDIATE 'CREATE OR REPLACE VIEW o AS SELECT * FROM `D` /* QNO 1924 CON_ID 14 */ ' /* TRANSFORM_OUTCOME_UNORDERED_MATCH */ /* QNO 1925 CON_ID 14 */
		    14 Prepare	CREATE OR REPLACE VIEW o AS SELECT * FROM `D` /* QNO 1924 CON_ID 14 */
		    14 Execute	CREATE OR REPLACE VIEW o AS SELECT * FROM `D` /* QNO 1924 CON_ID 14 */
		    14 Query	GRANT SELECT ( `col_datetime_key`, `col_time_key` ), INSERT ( `pk` ), INSERT ( `col_time_key` ), INSERT ( `col_date_key`, `col_time_key` ) ON `CC` TO 'someuser'@'somehost' /* QNO 1926 CON_ID 14 */
		    14 Query	ALTER TABLE `E` PARTITION BY KEY() PARTITIONS 1 /* QNO 1927 CON_ID 14 */
190122 13:39:54	    16 Query	ALTER IGNORE TABLE `events_statements_summary_by_digest` DROP FOREIGN KEY e /*!100307, ALGORITHM=NOCOPY */, LOCK=SHARED /* QNO 1097 CON_ID 16 */
		    15 Query	UPDATE `time_zone_name` SET `Name` = 8 WHERE `Time_zone_id` = '1988-12-16 13:49:33.014784' /* QNO 1240 CON_ID 15 */
		    16 Query	SHOW ENGINE PERFORMANCE_SCHEMA STATUS /* QNO 1098 CON_ID 16 */
		    15 Query	ALTER IGNORE TABLE `plugin` /*!100301 NOWAIT */ ADD FOREIGN KEY a (`name`) REFERENCES plugin (`name`) ON UPDATE CASCADE, ALGORITHM=INPLACE, LOCK=SHARED /* QNO 1241 CON_ID 15 */
		    16 Query	SHOW ENGINE PERFORMANCE_SCHEMA STATUS /* QNO 1099 CON_ID 16 */
		    16 Query	INSERT INTO seq5 VALUES (29, 37, 34199, 31043, 8, 235, 1, 0) /* QNO 1100 CON_ID 16 */
		    15 Query	ALTER TABLE `time_zone_transition_type` /*!100301 NOWAIT */ ADD KEY IF NOT EXISTS o ( b, p ) /*!100307, ALGORITHM=INSTANT */, LOCK=EXCLUSIVE  /* QNO 1242 CON_ID 15 */
		    17 Query	/* GenTest::Transform::ExecuteAsExecuteImmediate */ EXECUTE IMMEDIATE ' INSERT INTO `tmp` SELECT * FROM D  /* QNO 954 CON_ID 17 */ ' /* TRANSFORM_OUTCOME_UNORDERED_MATCH */ /* QNO 955 CON_ID 17 */
		    17 Prepare	INSERT INTO `tmp` SELECT * FROM D  /* QNO 954 CON_ID 17 */
		    15 Query	CREATE OR REPLACE TEMPORARY TABLE `tmp` LIKE DD  /* QNO 1243 CON_ID 15 */
		    14 Query	CREATE TABLE o LIKE `B` /* QNO 1928 CON_ID 14 */
		    15 Query	INSERT INTO `tmp` SELECT * FROM DD  /* QNO 1244 CON_ID 15 */
		    14 Query	CREATE EVENT p ON SCHEDULE AT NOW() DO SET @a=@a /* QNO 1929 CON_ID 14 */
		    15 Query	DROP TEMPORARY TABLE IF EXISTS DD  /* QNO 1245 CON_ID 15 */
		    15 Query	SHOW WARNINGS
		    14 Query	ALTER TABLE `AA` ADD KEY ( j ) /* QNO 1930 CON_ID 14 */
		    15 Query	ALTER TABLE `tmp` RENAME TO DD /* QNO 1246 CON_ID 15 */
		    14 Query	ALTER TABLE `AA` ADD PRIMARY KEY (`pk`) /* QNO 1931 CON_ID 14 */
		    14 Query	CREATE EVENT o ON SCHEDULE AT NOW() DO SET @a=@a /* QNO 1932 CON_ID 14 */
		    14 Query	CREATE PROCEDURE d ( OUT q INT ) BEGIN SELECT COUNT(*) INTO @a FROM `D`; END ; /* QNO 1933 CON_ID 14 */
		    15 Query	SELECT * FROM `help_category` INTO OUTFILE 'load_help_category'  /* QNO 1247 CON_ID 15 */
		    14 Query	DROP TABLE v /* QNO 1934 CON_ID 14 */
		    14 Query	CREATE DATABASE IF NOT EXISTS h /* QNO 1935 CON_ID 14 */
		    14 Query	SHOW WARNINGS
		    14 Query	CREATE OR REPLACE VIEW a AS SELECT * FROM `E` /* QNO 1936 CON_ID 14 */
		    14 Query	ALTER TABLE `B` ADD COLUMN q INTEGER DEFAULT NULL /* QNO 1937 CON_ID 14 */
		    15 Query	LOAD DATA INFILE 'load_help_category' REPLACE INTO TABLE help_category /* QNO 1248 CON_ID 15 */
		    15 Query	INSERT INTO t8 ( tscol1 ) SELECT icol5 FROM t7 /* QNO 1249 CON_ID 15 */
		    15 Query	SET GLOBAL SQL_MODE= 'POSTGRESQL,NO_AUTO_VALUE_ON_ZERO,ERROR_FOR_DIVISION_BY_ZERO,NO_TABLE_OPTIONS,NO_UNSIGNED_SUBTRACTION,IGNORE_SPACE,STRICT_ALL_TABLES,NO_FIELD_OPTIONS,NO_ZERO_IN_DATE,MSSQL,SIMULTANEOUS_ASSIGNMENT,DB2,STRICT_TRANS_TABLES,MYSQL40,ANSI_QUOTES,NO_BACKSLASH_ESCAPES,ONLY_FULL_GROUP_BY,PAD_CHAR_TO_FULL_LENGTH,PIPES_AS_CONCAT' /* QNO 1250 CON_ID 15 */
		    15 Query	UNLOCK TABLES /* QNO 1251 CON_ID 15 */
		    15 Query	ALTER IGNORE TABLE `gtid_slave_pos` /*!100301 */ DROP KEY IF EXISTS p, LOCK=EXCLUSIVE  /* QNO 1252 CON_ID 15 */
		    15 Query	UNLOCK TABLES /* QNO 1253 CON_ID 15 */
		    15 Query	SELECT * FROM mysql.`columns_priv` AS table1 WHERE (NOT ( ( ( table1.`Table_name` < '1983-01-07 13:40:31.057293' OR table1.`Host` IN ( 2, 4, 3 )) AND table1.`Column_priv` IN ( 5, 2, 5 )) OR table1.`User` LIKE '%mysys%') OR table1.`Db` IN ( 2, 2, 2 )) HAVING table1.`Host` = '1984-01-24 20:41:54.010500' LIMIT 174 /* QNO 1254 CON_ID 15 */
		    15 Query	FLUSH DES_KEY_FILE /* QNO 1255 CON_ID 15 */
		    15 Query	ALTER TABLE `time_zone_transition` /*!100301 */ ADD INDEX IF NOT EXISTS ind9 ( `Transition_time`(91) ASC, `Transition_type_id` ) /*!100307, ALGORITHM=NOCOPY */, LOCK=NONE  /* QNO 1256 CON_ID 15 */
		    15 Query	CREATE OR REPLACE TEMPORARY TABLE `tmp` LIKE E  /* QNO 1257 CON_ID 15 */
		    18 Query	SET STATEMENT system_versioning_alter_history=KEEP FOR ALTER TABLE `time_zone_leap_second` REMOVE PARTITIONING /* QNO 1169 CON_ID 18 */
		    18 Query	RESET QUERY CACHE /* QNO 1170 CON_ID 18 */
		    18 Query	ALTER TABLE `proc` /*!100301 */ ADD KEY u ( `created`, `language`(134) DESC, `returns` ), ALGORITHM=COPY, LOCK=EXCLUSIVE  /* QNO 1171 CON_ID 18 */
		    16 Query	SELECT SETVAL(seq4, 30133) /* QNO 1101 CON_ID 16 */
		    16 Query	CREATE OR REPLACE TEMPORARY TABLE `tmp` LIKE A  /* QNO 1102 CON_ID 16 */
		    18 Query	CREATE OR REPLACE TEMPORARY TABLE `tmp` LIKE AA  /* QNO 1172 CON_ID 18 */
		    18 Query	INSERT INTO `tmp` SELECT * FROM AA  /* QNO 1173 CON_ID 18 */
		    18 Query	DROP TEMPORARY TABLE IF EXISTS AA  /* QNO 1174 CON_ID 18 */
		    18 Query	SHOW WARNINGS
		    18 Query	ALTER TABLE `tmp` RENAME TO AA /* QNO 1175 CON_ID 18 */
		    18 Query	UPDATE performance_schema.setup_consumers SET enabled = 'NO' WHERE name IN ( 'events_waits_history', 'events_waits_history_long', 'file_summary_by_event_name', 'events_waits_history', 'events_waits_summary_by_event_name', 'events_waits_current' ) /* QNO 1176 CON_ID 18 */
		    14 Query	CREATE OR REPLACE VIEW v AS SELECT * FROM `C` /* QNO 1938 CON_ID 14 */
		    18 Query	DELETE FROM `roles_mapping` WHERE `User` <> 'bo' LIMIT 1 /* QNO 1177 CON_ID 18 */
		    14 Query	/* GenTest::Transform::ExecuteAsExecuteImmediate */ EXECUTE IMMEDIATE 'CREATE OR REPLACE VIEW v AS SELECT * FROM `C` /* QNO 1938 CON_ID 14 */ ' /* TRANSFORM_OUTCOME_UNORDERED_MATCH */ /* QNO 1939 CON_ID 14 */
		    14 Prepare	CREATE OR REPLACE VIEW v AS SELECT * FROM `C` /* QNO 1938 CON_ID 14 */
		    18 Query	SET SQL_MODE= '' /* QNO 1178 CON_ID 18 */
		    18 Query	INSERT INTO `roles_mapping` () VALUES () /* QNO 1179 CON_ID 18 */
		    14 Execute	CREATE OR REPLACE VIEW v AS SELECT * FROM `C` /* QNO 1938 CON_ID 14 */
		    14 Query	CREATE TRIGGER a BEFORE INSERT ON `AA` FOR EACH ROW BEGIN INSERT INTO `BB` SELECT * FROM `C` LIMIT 0 ; END ; /* QNO 1940 CON_ID 14 */
		    14 Query	REVOKE USAGE ON *.* FROM 'someuser'@'somehost' /* QNO 1941 CON_ID 14 */
		    14 Query	GRANT UPDATE ( `col_time_nokey`, `col_datetime_key`, `col_time_nokey` ) ON `E` TO 'someuser'@'somehost' /* QNO 1942 CON_ID 14 */
		    18 Query	INSERT INTO seq6 VALUES (0, -7, 26116, 58288, 6, 231, 0, 1) /* QNO 1180 CON_ID 18 */
		    14 Query	GRANT INSERT ( `col_varchar_key`, `col_varchar_nokey`, `col_date_nokey` ), UPDATE ( `col_time_key`, `col_date_key`, `col_time_nokey`, `col_int_key` ), UPDATE ( `col_date_key` ), UPDATE ( `col_time_nokey` ), UPDATE ( `col_varchar_key` ) ON `BB` TO 'someuser'@'somehost' /* QNO 1943 CON_ID 14 */
		    14 Query	REVOKE ALL PRIVILEGES ON test.t FROM 'someuser'@'somehost' /* QNO 1944 CON_ID 14 */
		    14 Query	CREATE DATABASE IF NOT EXISTS y /* QNO 1945 CON_ID 14 */
		    14 Query	GRANT INSERT ( `col_date_nokey`, `col_date_key`, `col_time_nokey` ), SELECT ( `col_date_key`, `col_date_nokey` ), INSERT ( `col_datetime_nokey` ), SELECT ( `col_date_key` ), SELECT ( `col_datetime_key`, `col_time_nokey` ) ON `DD` TO 'someuser'@'somehost' /* QNO 1946 CON_ID 14 */
		    18 Query	SELECT SETVAL(seq9, 3147) /* QNO 1181 CON_ID 18 */
		    15 Query	INSERT INTO `tmp` SELECT * FROM E  /* QNO 1258 CON_ID 15 */
		    15 Query	/* GenTest::Transform::ExecuteAsExecuteImmediate */ EXECUTE IMMEDIATE ' /* TRANSFORM_OUTCOME_UNORDERED_MATCH */ /* QNO 1259 CON_ID 15 */
		    14 Query	CREATE PROCEDURE t ( OUT s INT ) BEGIN SELECT COUNT(*) INTO @a FROM `AA`; END ; /* QNO 1947 CON_ID 14 */
		    15 Query	DROP TEMPORARY TABLE IF EXISTS E  /* QNO 1260 CON_ID 15 */
		    16 Query	INSERT INTO `tmp` SELECT * FROM A  /* QNO 1103 CON_ID 16 */
		    15 Query	ALTER TABLE `tmp` RENAME TO E /* QNO 1261 CON_ID 15 */
		    14 Query	ALTER TABLE `D` PARTITION BY KEY() PARTITIONS 3 /* QNO 1948 CON_ID 14 */
		    16 Query	/* GenTest::Transform::ExecuteAsExecuteImmediate */ EXECUTE IMMEDIATE ' INSERT INTO `tmp` SELECT * FROM A  /* QNO 1103 CON_ID 16 */ ' /* TRANSFORM_OUTCOME_UNORDERED_MATCH */ /* QNO 1104 CON_ID 16 */
		    15 Query	LOCK TABLE `help_relation` o READ, `tables_priv` o WRITE CONCURRENT, `index_stats` LOW_PRIORITY WRITE, `servers` READ LOCAL, `help_keyword` WRITE  /* QNO 1262 CON_ID 15 */
		    14 Query	REVOKE ALL PRIVILEGES ON e.* FROM 'someuser'@'somehost' /* QNO 1949 CON_ID 14 */
		    16 Prepare	INSERT INTO `tmp` SELECT * FROM A  /* QNO 1103 CON_ID 16 */
		    15 Query	ALTER IGNORE TABLE `user` DROP FOREIGN KEY v, ALGORITHM=COPY  /* QNO 1263 CON_ID 15 */
		    14 Query	CREATE TRIGGER u BEFORE INSERT ON `DD` FOR EACH ROW BEGIN INSERT INTO `BB` SELECT * FROM `CC` LIMIT 0 ; END ; /* QNO 1950 CON_ID 14 */
		    14 Query	DROP DATABASE IF EXISTS j /* QNO 1951 CON_ID 14 */
		    16 Execute	INSERT INTO `tmp` SELECT * FROM A  /* QNO 1103 CON_ID 16 */
		    15 Query	DROP SEQUENCE IF EXISTS seq8, seq2 /* QNO 1264 CON_ID 15 */
		    16 Query	DROP TEMPORARY TABLE IF EXISTS A  /* QNO 1105 CON_ID 16 */
		    14 Query	CREATE TRIGGER i BEFORE INSERT ON `BB` FOR EACH ROW BEGIN INSERT INTO `DD` SELECT * FROM `D` LIMIT 0 ; END ; /* QNO 1952 CON_ID 14 */
		    15 Query	SHOW WARNINGS
		    16 Query	ALTER TABLE `tmp` RENAME TO A /* QNO 1106 CON_ID 16 */
		    18 Query	ALTER IGNORE TABLE `time_zone` /*!100301 WAIT 6 */ DROP COLUMN IF EXISTS `Time_zone_id` CASCADE, ALGORITHM=DEFAULT, LOCK=EXCLUSIVE, MODIFY IF EXISTS y DATETIME AS ( p ) /*!100303 INVISIBLE */ FIRST, ALGORITHM=COPY, CHANGE COLUMN IF EXISTS d q POLYGON /*!100201 DEFAULT ST_GEOMFROMTEXT('Point(1 1)') */ AFTER u, LOCK=SHARED  /* QNO 1182 CON_ID 18 */
		    15 Query	RENAME TABLE seq2 TO seq3 /* QNO 1265 CON_ID 15 */
		    18 Query	SET SQL_MODE= '' /* QNO 1183 CON_ID 18 */
		    18 Query	CREATE OR REPLACE TEMPORARY TABLE `tmp` LIKE A  /* QNO 1184 CON_ID 18 */
		    16 Query	SET FOREIGN_KEY_CHECKS = OFF /* QNO 1107 CON_ID 16 */
		    15 Query	ALTER TABLE `help_category` ADD CONSTRAINT FOREIGN KEY k (`url`) REFERENCES help_category (`help_category_id`) ON DELETE SET NULL, ADD CONSTRAINT FOREIGN KEY ( `parent_category_id` ) REFERENCES `help_keyword` (parent_category_id) ON UPDATE NO ACTION, ALGORITHM=COPY, LOCK=DEFAULT /* QNO 1266 CON_ID 15 */
		    15 Query	ALTER TABLE `table_stats` ADD CONSTRAINT m FOREIGN KEY ( `table_name` ) REFERENCES `innodb_index_stats` (table_name), LOCK=NONE /* QNO 1267 CON_ID 15 */
		    16 Query	DELETE FROM `events_waits_summary_by_thread_by_event_name` WHERE `THREAD_ID` <= '2004-12-05 18:45:40.007283' LIMIT 2 /* QNO 1108 CON_ID 16 */
		    15 Query	LOCK TABLES `innodb_table_stats` READ LOCAL, `help_relation` AS w WRITE CONCURRENT  /* QNO 1268 CON_ID 15 */
		    16 Query	TRUNCATE TABLE performance_schema.events_waits_summary_by_instance /* QNO 1109 CON_ID 16 */
		    15 Query	SET STATEMENT system_versioning_alter_history=KEEP FOR ALTER TABLE `help_topic` CHANGE COLUMN IF EXISTS `vers_start` `vers_start` BIGINT UNSIGNED GENERATED ALWAYS AS ROW START, ADD FULLTEXT KEY(scol2), FORCE, ALGORITHM=INPLACE, ADD COLUMN IF NOT EXISTS vcol1 DATE AS ( tcol3 ) VIRTUAL FIRST, ENGINE=InnoDB, CHANGE COLUMN tscol6 bcol4 BIT NOT NULL DEFAULT 3, LOCK=NONE, ADD SYSTEM VERSIONING /* QNO 1269 CON_ID 15 */
		    16 Query	SHOW ENGINE PERFORMANCE_SCHEMA STATUS /* QNO 1110 CON_ID 16 */
		    16 Query	DROP TEMPORARY TABLE IF EXISTS `events_stages_current` /* QNO 1111 CON_ID 16 */
		    16 Query	SHOW WARNINGS
		    15 Query	ALTER TABLE `time_zone_leap_second` /*!100301 */ ADD CONSTRAINT y UNIQUE INDEX ( `Transition_time` ASC ) /*!100307, ALGORITHM=NOCOPY */, DROP KEY `Transition_time`  /* QNO 1270 CON_ID 15 */
		    16 Query	TRUNCATE TABLE performance_schema.events_waits_summary_by_instance /* QNO 1112 CON_ID 16 */
		    15 Query	SHOW ENGINE PERFORMANCE_SCHEMA STATUS /* QNO 1271 CON_ID 15 */
		    16 Query	SHOW FUNCTION STATUS  /* QNO 1113 CON_ID 16 */
		    15 Query	SELECT * from t8 WHERE row_end <= @trx_user_var /* QNO 1272 CON_ID 15 */
		    15 Query	ALTER TABLE t3 /*!100301 WAIT 8 */ ADD CONSTRAINT CHECK (ecol2 LIKE `Transition_time`)  /* QNO 1273 CON_ID 15 */
		    15 Query	SET SESSION FOREIGN_KEY_CHECKS = ON /* QNO 1274 CON_ID 15 */
		    15 Query	UNLOCK TABLES /* QNO 1275 CON_ID 15 */
		    15 Query	SET STATEMENT system_versioning_alter_history=KEEP FOR ALTER TABLE t9 DROP PARTITION IF EXISTS ver_p4 /* QNO 1276 CON_ID 15 */
		    14 Query	CREATE OR REPLACE VIEW n AS SELECT * FROM `CC` /* QNO 1953 CON_ID 14 */
		    14 Query	ALTER TABLE `A` PARTITION BY KEY() PARTITIONS 0 /* QNO 1954 CON_ID 14 */
		    14 Query	DROP TRIGGER IF EXISTS x /* QNO 1955 CON_ID 14 */
		    16 Query	SELECT * from `session_connect_attrs` WHERE row_start IN (SELECT row_start FROM `events_statements_summary_by_thread_by_event_name`) /* QNO 1114 CON_ID 16 */
		    16 Query	UPDATE `rwlock_instances` SET `OBJECT_INSTANCE_BEGIN` = '1996-03-15 21:31:06.000738' WHERE `WRITE_LOCKED_BY_THREAD_ID` > '1972-02-09 19:29:06.059350' /* QNO 1115 CON_ID 16 */
		    14 Query	SHOW WARNINGS
		    15 Query	SHOW ENGINE PERFORMANCE_SCHEMA STATUS /* QNO 1277 CON_ID 15 */
		    14 Query	GRANT ALL PRIVILEGES ON e.* TO 'someuser'@'somehost' /* QNO 1956 CON_ID 14 */
		    16 Query	SELECT SETVAL(seq10, 0) /* QNO 1116 CON_ID 16 */
		    17 Execute	INSERT INTO `tmp` SELECT * FROM D  /* QNO 954 CON_ID 17 */
		    14 Query	ALTER TABLE `E` ADD COLUMN v INTEGER DEFAULT NULL /* QNO 1957 CON_ID 14 */
		    17 Query	DROP TEMPORARY TABLE IF EXISTS D  /* QNO 956 CON_ID 17 */
		    15 Query	ALTER TABLE t15 ADD KEY(bcol1), LOCK=SHARED, FORCE, LOCK=SHARED, ALGORITHM=COPY, ADD COLUMN IF NOT EXISTS scol4 VARBINARY(13809) NULL DEFAULT '' FIRST, ALGORITHM=COPY, LOCK=SHARED, MODIFY COLUMN IF EXISTS vcol8 MULTILINESTRING AS ( geocol7 ) STORED, ALGORITHM=INPLACE, LOCK=SHARED, ADD COLUMN IF NOT EXISTS ( tcol3 YEAR NULL DEFAULT NULL ), ALGORITHM=COPY  /* QNO 1278 CON_ID 15 */
		    17 Query	ALTER TABLE `tmp` RENAME TO D /* QNO 957 CON_ID 17 */
		    17 Query	UPDATE performance_schema.setup_instruments SET ENABLED = 'NO' WHERE NAME LIKE 'wait/synch%' /* QNO 958 CON_ID 17 */
		    17 Query	ALTER ONLINE TABLE `D` ADD CONSTRAINT FOREIGN KEY (`col_date_nokey`) REFERENCES D (`col_varchar_nokey`) ON UPDATE SET NULL, ALGORITHM=DEFAULT  /* QNO 959 CON_ID 17 */
		    17 Query	UPDATE `C` SET `pk` = 4 WHERE `col_varchar_nokey` <= 9 /* QNO 960 CON_ID 17 */
		    17 Query	SHOW EXPLAIN FOR 221 /* QNO 961 CON_ID 17 */
		    17 Query	UNLOCK TABLES /* QNO 962 CON_ID 17 */
		    17 Query	SHOW ENGINE PERFORMANCE_SCHEMA STATUS /* QNO 963 CON_ID 17 */
		    17 Query	SHOW ENGINE PERFORMANCE_SCHEMA STATUS /* QNO 964 CON_ID 17 */
		    17 Query	UNLOCK TABLES /* QNO 965 CON_ID 17 */
		    15 Query	UPDATE performance_schema.setup_instruments SET TIMED = 'NO' ORDER BY RAND() LIMIT 0 /* QNO 1279 CON_ID 15 */
		    15 Query	TRUNCATE TABLE performance_schema.file_summary_by_instance /* QNO 1280 CON_ID 15 */
		    16 Query	/* GenTest::Transform::ExecuteAsExecuteImmediate */ EXECUTE IMMEDIATE 'SELECT SETVAL(seq10, 0) /* QNO 1116 CON_ID 16 */ ' /* TRANSFORM_OUTCOME_UNORDERED_MATCH */ /* QNO 1117 CON_ID 16 */
		    16 Prepare	SELECT SETVAL(seq10, 0) /* QNO 1116 CON_ID 16 */
		    16 Execute	SELECT SETVAL(seq10, 0) /* QNO 1116 CON_ID 16 */
		    16 Query	/* GenTest::Transform::ExecuteAsInsertSelect */ CREATE DATABASE IF NOT EXISTS transforms /* QNO 1118 CON_ID 16 */
		    16 Query	SHOW WARNINGS
		    16 Query	DROP TABLE IF EXISTS transforms.insert_select_22988 /* QNO 1119 CON_ID 16 */
		    16 Query	SHOW WARNINGS
		    15 Query	SELECT * FROM `proc` INTO OUTFILE 'load_proc'  /* QNO 1281 CON_ID 15 */
		    16 Query	CREATE TABLE transforms.insert_select_22988 SELECT SETVAL(seq10, 0) /* QNO 1116 CON_ID 16 */  /* QNO 1120 CON_ID 16 */
		    15 Query	LOAD DATA INFILE 'load_proc' IGNORE INTO TABLE proc /* QNO 1282 CON_ID 15 */
		    15 Query	INSERT INTO `func` SELECT * FROM `slow_log` /* QNO 1283 CON_ID 15 */
		    17 Query	SET SESSION SQL_MODE= DEFAULT /* QNO 966 CON_ID 17 */
		    15 Query	DELETE FROM `func` WHERE `ret` != 6 LIMIT 5 /* QNO 1284 CON_ID 15 */
		    18 Query	INSERT INTO `tmp` SELECT * FROM A  /* QNO 1185 CON_ID 18 */
		    14 Query	REVOKE ALL PRIVILEGES ON j.* FROM 'someuser'@'somehost' /* QNO 1958 CON_ID 14 */
		    18 Query	/* GenTest::Transform::ExecuteAsExecuteImmediate */ EXECUTE IMMEDIATE ' INSERT INTO `tmp` SELECT * FROM A  /* QNO 1185 CON_ID 18 */ ' /* TRANSFORM_OUTCOME_UNORDERED_MATCH */ /* QNO 1186 CON_ID 18 */
		    14 Query	GRANT ALL PRIVILEGES ON z.* TO 'someuser'@'somehost' /* QNO 1959 CON_ID 14 */
		    18 Prepare	INSERT INTO `tmp` SELECT * FROM A  /* QNO 1185 CON_ID 18 */
		    18 Execute	INSERT INTO `tmp` SELECT * FROM A  /* QNO 1185 CON_ID 18 */
		    18 Query	DROP TEMPORARY TABLE IF EXISTS A  /* QNO 1187 CON_ID 18 */
		    14 Query	GRANT ALL PRIVILEGES ON test.o TO 'someuser'@'somehost' /* QNO 1960 CON_ID 14 */
		    18 Query	SHOW WARNINGS
		    14 Query	CREATE DATABASE IF NOT EXISTS v /* QNO 1961 CON_ID 14 */
		    18 Query	ALTER TABLE `tmp` RENAME TO A /* QNO 1188 CON_ID 18 */
		    18 Query	ALTER TABLE `servers` MODIFY COLUMN icol9 SMALLINT ZEROFILL NULL AUTO_INCREMENT, ALTER COLUMN /*!100305 */ tcol3 DROP DEFAULT /* QNO 1189 CON_ID 18 */
		    18 Query	SET SQL_MODE= DEFAULT /* QNO 1190 CON_ID 18 */
		    18 Query	UPDATE performance_schema.setup_consumers SET enabled = 'NO' WHERE name LIKE 'events%' /* QNO 1191 CON_ID 18 */
		    18 Query	ALTER TABLE `index_stats` /*!100301 */ DROP CONSTRAINT IF EXISTS e, LOCK=SHARED  /* QNO 1192 CON_ID 18 */
		    15 Query	SHOW EXPLAIN FOR 149 /* QNO 1285 CON_ID 15 */
		    18 Query	ALTER TABLE `proxies_priv` /*!100301 */ DROP COLUMN IF EXISTS `Proxied_user` /*!100307, ALGORITHM=NOCOPY */  /* QNO 1193 CON_ID 18 */
		    15 Query	SELECT * FROM `db` INTO OUTFILE 'load_db'  /* QNO 1286 CON_ID 15 */
		    18 Query	SET SQL_MODE= DEFAULT /* QNO 1194 CON_ID 18 */
		    15 Query	LOAD DATA INFILE 'load_db' REPLACE INTO TABLE db /* QNO 1287 CON_ID 15 */
		    18 Query	CREATE OR REPLACE TEMPORARY TABLE `tmp` LIKE BB  /* QNO 1195 CON_ID 18 */
		    15 Query	UNLOCK TABLES /* QNO 1288 CON_ID 15 */
		    15 Query	SET SESSION SQL_MODE= '' /* QNO 1289 CON_ID 15 */
		    17 Query	SELECT * FROM INFORMATION_SCHEMA.`COLLATIONS` AS table1 LIMIT 177 /* QNO 967 CON_ID 17 */
		    14 Query	CREATE OR REPLACE VIEW j AS SELECT * FROM `AA` /* QNO 1962 CON_ID 14 */
		    14 Query	GRANT ALL PRIVILEGES ON test.e TO 'someuser'@'somehost' /* QNO 1963 CON_ID 14 */
		    14 Query	DROP DATABASE IF EXISTS u /* QNO 1964 CON_ID 14 */
		    15 Query	ALTER IGNORE TABLE `slow_log` DROP FOREIGN KEY i, ALGORITHM=DEFAULT, LOCK=NONE /* QNO 1290 CON_ID 15 */
		    14 Query	SHOW WARNINGS
		    14 Query	CREATE EVENT n ON SCHEDULE AT NOW() DO SET @a=@a /* QNO 1965 CON_ID 14 */
		    15 Query	SET SQL_MODE= '' /* QNO 1291 CON_ID 15 */
		    15 Query	TRUNCATE TABLE performance_schema.events_waits_history /* QNO 1292 CON_ID 15 */
		    14 Query	GRANT SHOW DATABASES ON *.* to 'someuser'@'somehost' /* QNO 1966 CON_ID 14 */
		    14 Query	CREATE OR REPLACE VIEW d AS SELECT * FROM `AA` /* QNO 1967 CON_ID 14 */
		    14 Query	CREATE EVENT l ON SCHEDULE AT NOW() DO SET @a=@a /* QNO 1968 CON_ID 14 */
		    15 Query	CREATE OR REPLACE TEMPORARY TABLE `tmp` LIKE C  /* QNO 1293 CON_ID 15 */
		    14 Query	CREATE PROCEDURE n ( OUT s INT ) BEGIN SELECT COUNT(*) INTO @a FROM `CC`; END ; /* QNO 1969 CON_ID 14 */
		    17 Query	/* GenTest::Transform::ExecuteAsExecuteImmediate */ EXECUTE IMMEDIATE ' /* TRANSFORM_OUTCOME_UNORDERED_MATCH */ /* QNO 968 CON_ID 17 */
		    17 Query	/* GenTest::Transform::ExecuteAsInsertSelect */ CREATE DATABASE IF NOT EXISTS transforms /* QNO 969 CON_ID 17 */
		    14 Query	GRANT SELECT ( `col_varchar_nokey`, `col_int_key`, `col_varchar_nokey`, `col_varchar_nokey`, `col_datetime_nokey`, `col_varchar_nokey`, `col_int_nokey`, `col_date_nokey`, `col_date_nokey`, `col_int_key` ) ON `A` TO 'someuser'@'somehost' /* QNO 1970 CON_ID 14 */
		    14 Query	REVOKE ALL PRIVILEGES ON e.* FROM 'someuser'@'somehost' /* QNO 1971 CON_ID 14 */
		    14 Query	CREATE TABLE s LIKE `DD` /* QNO 1972 CON_ID 14 */
		    14 Query	GRANT INSERT ( `col_time_key`, `col_int_nokey`, `col_varchar_nokey` ), SELECT ( `col_time_key`, `col_int_key`, `col_varchar_key`, `col_date_key`, `col_time_nokey` ) ON `BB` TO 'someuser'@'somehost' /* QNO 1973 CON_ID 14 */
		    14 Query	DROP TRIGGER IF EXISTS o /* QNO 1974 CON_ID 14 */
		    14 Query	SHOW WARNINGS
		    14 Query	ALTER TABLE `AA` ADD PRIMARY KEY (`pk`) /* QNO 1975 CON_ID 14 */
		    14 Query	DROP VIEW IF EXISTS l /* QNO 1976 CON_ID 14 */
		    14 Query	DROP TRIGGER IF EXISTS o /* QNO 1977 CON_ID 14 */
		    14 Query	SHOW WARNINGS
		    14 Query	GRANT SELECT ( `pk` ) ON `CC` TO 'someuser'@'somehost' /* QNO 1978 CON_ID 14 */
		    14 Query	DROP FUNCTION IF EXISTS r /* QNO 1979 CON_ID 14 */
		    14 Query	SHOW WARNINGS
		    14 Query	CREATE FUNCTION z ( o INTEGER, p INTEGER ) RETURNS INTEGER RETURN 1 /* QNO 1980 CON_ID 14 */
		    14 Query	ALTER TABLE `C` REMOVE PARTITIONING /* QNO 1981 CON_ID 14 */
		    14 Query	DROP EVENT i /* QNO 1982 CON_ID 14 */
		    14 Query	ALTER TABLE `BB` ADD PRIMARY KEY (`pk`) /* QNO 1983 CON_ID 14 */
		    14 Query	DROP EVENT w /* QNO 1984 CON_ID 14 */
		    14 Query	REVOKE USAGE ON *.* FROM 'someuser'@'somehost' /* QNO 1985 CON_ID 14 */
		    14 Query	REVOKE USAGE, SHUTDOWN ON *.* FROM 'someuser'@'somehost' /* QNO 1986 CON_ID 14 */
		    14 Query	ALTER TABLE `A` ADD COLUMN p INTEGER DEFAULT NULL /* QNO 1987 CON_ID 14 */
		    14 Query	DROP TABLE t /* QNO 1988 CON_ID 14 */
		    15 Query	INSERT INTO `tmp` SELECT * FROM C  /* QNO 1294 CON_ID 15 */
		    15 Query	/* GenTest::Transform::ExecuteAsExecuteImmediate */ EXECUTE IMMEDIATE ' INSERT INTO `tmp` SELECT * FROM C  /* QNO 1294 CON_ID 15 */ ' /* TRANSFORM_OUTCOME_UNORDERED_MATCH */ /* QNO 1295 CON_ID 15 */
		    15 Prepare	INSERT INTO `tmp` SELECT * FROM C  /* QNO 1294 CON_ID 15 */
		    15 Execute	INSERT INTO `tmp` SELECT * FROM C  /* QNO 1294 CON_ID 15 */
		    15 Query	DROP TEMPORARY TABLE IF EXISTS C  /* QNO 1296 CON_ID 15 */
		    17 Query	SHOW WARNINGS
		    16 Query	SELECT * FROM transforms.insert_select_22988 /* TRANSFORM_OUTCOME_UNORDERED_MATCH */ /* QNO 1121 CON_ID 16 */
		    17 Query	DROP TABLE IF EXISTS transforms.insert_select_22990 /* QNO 970 CON_ID 17 */
		    16 Query	DELETE FROM transforms.insert_select_22988 /* QNO 1122 CON_ID 16 */
		    17 Query	SHOW WARNINGS
		    17 Query	CREATE TABLE transforms.insert_select_22990  SELECT * FROM INFORMATION_SCHEMA.`COLLATIONS` AS table1 LIMIT 177 /* QNO 967 CON_ID 17 */  /* QNO 971 CON_ID 17 */
		    16 Query	INSERT INTO transforms.insert_select_22988 SELECT SETVAL(seq10, 0) /* QNO 1116 CON_ID 16 */  /* QNO 1123 CON_ID 16 */
		    15 Query	ALTER TABLE `tmp` RENAME TO C /* QNO 1297 CON_ID 15 */
		    15 Query	ALTER SEQUENCE IF EXISTS seq1 NOMINVALUE /* QNO 1298 CON_ID 15 */
		    15 Query	SHOW WARNINGS
		    15 Query	INSERT INTO `innodb_index_stats` ( `pk` ) VALUES (NULL) /* QNO 1299 CON_ID 15 */
		    15 Query	ALTER TABLE `time_zone` /*!100301 */ ADD INDEX IF NOT EXISTS ind3 ( `Use_leap_seconds` ), LOCK=EXCLUSIVE, ADD PRIMARY KEY ( w ) COMMENT 'finance'  /* QNO 1300 CON_ID 15 */
		    15 Query	SELECT SETVAL(seq10, -109) /* QNO 1301 CON_ID 15 */
		    14 Query	DROP EVENT w /* QNO 1989 CON_ID 14 */
		    14 Query	DROP TRIGGER IF EXISTS d /* QNO 1990 CON_ID 14 */
		    14 Query	GRANT PROCESS ON *.* to 'someuser'@'somehost' /* QNO 1991 CON_ID 14 */
		    15 Query	/* GenTest::Transform::ExecuteAsExecuteImmediate */ EXECUTE IMMEDIATE 'SELECT SETVAL(seq10, -109) /* QNO 1301 CON_ID 15 */ ' /* TRANSFORM_OUTCOME_UNORDERED_MATCH */ /* QNO 1302 CON_ID 15 */
		    15 Prepare	SELECT SETVAL(seq10, -109) /* QNO 1301 CON_ID 15 */
		    15 Execute	SELECT SETVAL(seq10, -109) /* QNO 1301 CON_ID 15 */
		    16 Query	SELECT * FROM transforms.insert_select_22988 /* TRANSFORM_OUTCOME_UNORDERED_MATCH */ /* QNO 1124 CON_ID 16 */
		    18 Query	INSERT INTO `tmp` SELECT * FROM BB  /* QNO 1196 CON_ID 18 */
		    14 Query	GRANT ALL PRIVILEGES ON s.* TO 'someuser'@'somehost' /* QNO 1992 CON_ID 14 */
		    15 Query	/* GenTest::Transform::ExecuteAsInsertSelect */ CREATE DATABASE IF NOT EXISTS transforms /* QNO 1303 CON_ID 15 */
		    14 Query	ALTER TABLE `B` PARTITION BY KEY() PARTITIONS 7 /* QNO 1993 CON_ID 14 */
		    16 Query	DELETE FROM transforms.insert_select_22988 /* QNO 1125 CON_ID 16 */
		    18 Query	/* GenTest::Transform::ExecuteAsExecuteImmediate */ EXECUTE IMMEDIATE ' /* TRANSFORM_OUTCOME_UNORDERED_MATCH */ /* QNO 1197 CON_ID 18 */
		    18 Query	DROP TEMPORARY TABLE IF EXISTS BB  /* QNO 1198 CON_ID 18 */
		    14 Query	ALTER TABLE `CC` REMOVE PARTITIONING /* QNO 1994 CON_ID 14 */
		    14 Query	REVOKE CREATE USER ON *.* FROM 'someuser'@'somehost' /* QNO 1995 CON_ID 14 */
		    16 Query	REPLACE INTO transforms.insert_select_22988 SELECT SETVAL(seq10, 0) /* QNO 1116 CON_ID 16 */  /* QNO 1126 CON_ID 16 */
		    14 Query	GRANT ALL PRIVILEGES ON test.e TO 'someuser'@'somehost' /* QNO 1996 CON_ID 14 */
		    16 Query	SELECT * FROM transforms.insert_select_22988 /* TRANSFORM_OUTCOME_UNORDERED_MATCH */ /* QNO 1127 CON_ID 16 */
		    14 Query	DROP VIEW IF EXISTS q /* QNO 1997 CON_ID 14 */
		    16 Query	DROP TABLE transforms.insert_select_22988 /* QNO 1128 CON_ID 16 */
		    14 Query	CREATE PROCEDURE e ( IN o INT, IN t INT, IN a INT ) BEGIN SELECT COUNT(*) INTO @a FROM `DD`; END ; /* QNO 1998 CON_ID 14 */
		    14 Query	CREATE FUNCTION z ( u INTEGER, l INTEGER ) RETURNS INTEGER RETURN 1 /* QNO 1999 CON_ID 14 */
		    14 Query	DROP DATABASE IF EXISTS p /* QNO 2000 CON_ID 14 */
		    14 Query	SHOW WARNINGS
		    14 Query	GRANT RELOAD ON *.* to 'someuser'@'somehost' /* QNO 2001 CON_ID 14 */
		    14 Query	CREATE OR REPLACE VIEW y AS SELECT * FROM `E` /* QNO 2002 CON_ID 14 */
		    14 Query	/* GenTest::Transform::ExecuteAsExecuteImmediate */ EXECUTE IMMEDIATE 'CREATE OR REPLACE VIEW y AS SELECT * FROM `E` /* QNO 2002 CON_ID 14 */ ' /* TRANSFORM_OUTCOME_UNORDERED_MATCH */ /* QNO 2003 CON_ID 14 */
		    14 Prepare	CREATE OR REPLACE VIEW y AS SELECT * FROM `E` /* QNO 2002 CON_ID 14 */
		    14 Execute	CREATE OR REPLACE VIEW y AS SELECT * FROM `E` /* QNO 2002 CON_ID 14 */
		    14 Query	ALTER TABLE `B` DROP PRIMARY KEY /* QNO 2004 CON_ID 14 */
		    14 Query	DROP VIEW IF EXISTS p /* QNO 2005 CON_ID 14 */
		    14 Query	DROP TRIGGER IF EXISTS k /* QNO 2006 CON_ID 14 */
		    14 Query	SHOW WARNINGS
		    14 Query	ALTER TABLE `CC` PARTITION BY KEY() PARTITIONS 7 /* QNO 2007 CON_ID 14 */
		    14 Query	CREATE OR REPLACE VIEW m AS SELECT * FROM `D` /* QNO 2008 CON_ID 14 */
		    14 Query	/* GenTest::Transform::ExecuteAsExecuteImmediate */ EXECUTE IMMEDIATE 'CREATE OR REPLACE VIEW m AS SELECT * FROM `D` /* QNO 2008 CON_ID 14 */ ' /* TRANSFORM_OUTCOME_UNORDERED_MATCH */ /* QNO 2009 CON_ID 14 */
		    14 Prepare	CREATE OR REPLACE VIEW m AS SELECT * FROM `D` /* QNO 2008 CON_ID 14 */
		    14 Execute	CREATE OR REPLACE VIEW m AS SELECT * FROM `D` /* QNO 2008 CON_ID 14 */
		    14 Query	DROP TABLE e /* QNO 2010 CON_ID 14 */
		    14 Query	CREATE TRIGGER g BEFORE INSERT ON `CC` FOR EACH ROW BEGIN INSERT INTO `A` SELECT * FROM `C` LIMIT 0 ; END ; /* QNO 2011 CON_ID 14 */
		    14 Query	GRANT ALL PRIVILEGES ON test.g TO 'someuser'@'somehost' /* QNO 2012 CON_ID 14 */
		    14 Query	DROP TABLE f /* QNO 2013 CON_ID 14 */
		    14 Query	CREATE TRIGGER o BEFORE INSERT ON `A` FOR EACH ROW BEGIN INSERT INTO `C` SELECT * FROM `D` LIMIT 0 ; END ; /* QNO 2014 CON_ID 14 */
		    14 Query	GRANT SELECT ( `col_datetime_nokey`, `col_int_key` ) ON `D` TO 'someuser'@'somehost' /* QNO 2015 CON_ID 14 */
		    14 Query	DROP EVENT d /* QNO 2016 CON_ID 14 */
		    14 Query	GRANT ALL PRIVILEGES ON test.f TO 'someuser'@'somehost' /* QNO 2017 CON_ID 14 */
		    14 Query	ALTER TABLE `BB` ADD KEY ( z ) /* QNO 2018 CON_ID 14 */
		    14 Query	GRANT SELECT ( `col_varchar_nokey` ) ON `B` TO 'someuser'@'somehost' /* QNO 2019 CON_ID 14 */
		    14 Query	DROP VIEW IF EXISTS c /* QNO 2020 CON_ID 14 */
		    14 Query	SHOW WARNINGS
		    14 Query	REVOKE ALL PRIVILEGES ON q.* FROM 'someuser'@'somehost' /* QNO 2021 CON_ID 14 */
		    14 Query	CREATE EVENT e ON SCHEDULE AT NOW() DO SET @a=@a /* QNO 2022 CON_ID 14 */
		    14 Query	ALTER TABLE `D` DROP PRIMARY KEY /* QNO 2023 CON_ID 14 */
		    14 Query	DROP EVENT c /* QNO 2024 CON_ID 14 */
		    14 Query	DROP TRIGGER IF EXISTS z /* QNO 2025 CON_ID 14 */
		    14 Query	SHOW WARNINGS
		    14 Query	ALTER TABLE `C` PARTITION BY KEY() PARTITIONS 2 /* QNO 2026 CON_ID 14 */
		    18 Query	ALTER TABLE `tmp` RENAME TO BB /* QNO 1199 CON_ID 18 */
		    18 Query	DROP TEMPORARY TABLE IF EXISTS `slow_log` /* QNO 1200 CON_ID 18 */
		    18 Query	SHOW WARNINGS
		    18 Query	SELECT * FROM test.`AA` AS table1 LIMIT 89 /* QNO 1201 CON_ID 18 */
		    14 Query	ALTER TABLE `DD` DROP COLUMN t /* QNO 2027 CON_ID 14 */
		    14 Query	REVOKE ALL PRIVILEGES ON c.* FROM 'someuser'@'somehost' /* QNO 2028 CON_ID 14 */
		    14 Query	REVOKE ALL PRIVILEGES ON test.q FROM 'someuser'@'somehost' /* QNO 2029 CON_ID 14 */
		    14 Query	ALTER TABLE `DD` ADD KEY ( l ) /* QNO 2030 CON_ID 14 */
		    14 Query	GRANT INSERT ( `pk` ) ON `DD` TO 'someuser'@'somehost' /* QNO 2031 CON_ID 14 */
		    14 Query	ALTER TABLE `B` REMOVE PARTITIONING /* QNO 2032 CON_ID 14 */
		    14 Query	ALTER TABLE `D` ADD PRIMARY KEY (`pk`) /* QNO 2033 CON_ID 14 */
		    14 Query	ALTER TABLE `A` ADD COLUMN z INTEGER DEFAULT NULL /* QNO 2034 CON_ID 14 */
		    18 Query	SELECT * FROM performance_schema.`socket_summary_by_instance` AS table1 WHERE NOT ( table1.`COUNT_STAR` <= '2011-03-13 14:17:14.044667' OR table1.`SUM_NUMBER_OF_BYTES_WRITE` LIKE '%sql%') HAVING (NOT ( ( ( (table1.`MIN_TIMER_MISC` <> 6 IS NULL OR table1.`MAX_TIMER_MISC` <= 5) OR table1.`MIN_TIMER_WAIT` <= '1971-07-19 23:31:02.036660') AND table1.`SUM_TIMER_MISC` < 1) AND table1.`COUNT_WRITE` = 0) AND table1.`COUNT_STAR` != 'ow') LIMIT 254 /* QNO 1202 CON_ID 18 */
		    18 Query	SET SQL_MODE= '' /* QNO 1203 CON_ID 18 */
		    19 Query	REPLACE INTO transforms.insert_select_22994  SELECT * FROM mysql.`help_topic` AS table1 LIMIT 233 /* QNO 882 CON_ID 19 */  /* QNO 892 CON_ID 19 */
		    14 Query	GRANT UPDATE ( `col_time_key`, `col_int_nokey`, `col_int_nokey`, `col_time_nokey`, `col_varchar_nokey`, `col_int_key` ) ON `D` TO 'someuser'@'somehost' /* QNO 2035 CON_ID 14 */
		    14 Query	DROP TRIGGER IF EXISTS b /* QNO 2036 CON_ID 14 */
		    14 Query	SHOW WARNINGS
		    14 Query	REVOKE REPLICATION CLIENT ON *.* FROM 'someuser'@'somehost' /* QNO 2037 CON_ID 14 */
		    14 Query	CREATE FUNCTION u ( f INTEGER, h INTEGER ) RETURNS INTEGER RETURN 1 /* QNO 2038 CON_ID 14 */
		    14 Query	DROP DATABASE IF EXISTS v /* QNO 2039 CON_ID 14 */
		    18 Query	ALTER TABLE t15 ADD COLUMN IF NOT EXISTS ( geocol3 LINESTRING, `EVENT_NAME` TEXT NULL DEFAULT NULL, icol3 TINYINT UNSIGNED NOT NULL AUTO_INCREMENT ), LOCK=SHARED /* QNO 1204 CON_ID 18 */
		    18 Query	INSERT INTO `events_statements_summary_by_digest` () VALUES (),(),(),(),(),() /* QNO 1205 CON_ID 18 */
		    18 Query	ALTER TABLE `events_stages_history_long` /*!100301 NOWAIT */ MODIFY IF EXISTS b TINYINT NULL DEFAULT 2, ALGORITHM=INPLACE  /* QNO 1206 CON_ID 18 */
		    18 Query	SELECT * FROM `users` INTO OUTFILE 'load_users'  /* QNO 1207 CON_ID 18 */
		    14 Query	GRANT SHUTDOWN, SHUTDOWN ON *.* to 'someuser'@'somehost' /* QNO 2040 CON_ID 14 */
		    14 Query	CREATE OR REPLACE VIEW v AS SELECT * FROM `A` /* QNO 2041 CON_ID 14 */
		    18 Query	LOAD DATA INFILE 'load_users' IGNORE INTO TABLE users /* QNO 1208 CON_ID 18 */
		    18 Query	SHOW PROFILE SOURCE, IPC, BLOCK IO, PAGE FAULTS, ALL LIMIT 63796 /* QNO 1209 CON_ID 18 */
		    18 Query	SELECT * FROM `events_waits_summary_by_thread_by_event_name` INTO OUTFILE 'load_events_waits_summary_by_thread_by_event_name'  /* QNO 1210 CON_ID 18 */
		    18 Query	LOAD DATA INFILE 'load_events_waits_summary_by_thread_by_event_name' IGNORE INTO TABLE events_waits_summary_by_thread_by_event_name /* QNO 1211 CON_ID 18 */
		    18 Query	UNLOCK TABLES /* QNO 1212 CON_ID 18 */
		    18 Query	CREATE OR REPLACE TEMPORARY TABLE `tmp` LIKE D  /* QNO 1213 CON_ID 18 */
		    14 Query	/* GenTest::Transform::ExecuteAsExecuteImmediate */ EXECUTE IMMEDIATE 'CREATE OR REPLACE VIEW v AS SELECT * FROM `A` /* QNO 2041 CON_ID 14 */ ' /* TRANSFORM_OUTCOME_UNORDERED_MATCH */ /* QNO 2042 CON_ID 14 */
		    14 Prepare	CREATE OR REPLACE VIEW v AS SELECT * FROM `A` /* QNO 2041 CON_ID 14 */
		    14 Execute	CREATE OR REPLACE VIEW v AS SELECT * FROM `A` /* QNO 2041 CON_ID 14 */
		    14 Query	CREATE OR REPLACE VIEW u AS SELECT * FROM `BB` /* QNO 2043 CON_ID 14 */
		    14 Query	/* GenTest::Transform::ExecuteAsExecuteImmediate */ EXECUTE IMMEDIATE 'CREATE OR REPLACE VIEW u AS SELECT * FROM `BB` /* QNO 2043 CON_ID 14 */ ' /* TRANSFORM_OUTCOME_UNORDERED_MATCH */ /* QNO 2044 CON_ID 14 */
		    14 Prepare	CREATE OR REPLACE VIEW u AS SELECT * FROM `BB` /* QNO 2043 CON_ID 14 */
		    14 Execute	CREATE OR REPLACE VIEW u AS SELECT * FROM `BB` /* QNO 2043 CON_ID 14 */
		    14 Query	GRANT SELECT ( `col_time_key`, `col_int_nokey` ), INSERT ( `pk` ), SELECT ( `col_int_nokey` ), UPDATE ( `pk` ) ON `BB` TO 'someuser'@'somehost' /* QNO 2045 CON_ID 14 */
		    14 Query	CREATE TABLE f LIKE `AA` /* QNO 2046 CON_ID 14 */
		    14 Query	DROP PROCEDURE IF EXISTS i /* QNO 2047 CON_ID 14 */
		    14 Query	SHOW WARNINGS
		    14 Query	DROP DATABASE IF EXISTS w /* QNO 2048 CON_ID 14 */
		    18 Query	INSERT INTO `tmp` SELECT * FROM D  /* QNO 1214 CON_ID 18 */
		    14 Query	REVOKE ALL PRIVILEGES ON test.q FROM 'someuser'@'somehost' /* QNO 2049 CON_ID 14 */
		    14 Query	DROP TABLE y /* QNO 2050 CON_ID 14 */
		    14 Query	REVOKE ALL PRIVILEGES ON test.g FROM 'someuser'@'somehost' /* QNO 2051 CON_ID 14 */
		    14 Query	CREATE TRIGGER o BEFORE INSERT ON `D` FOR EACH ROW BEGIN INSERT INTO `C` SELECT * FROM `C` LIMIT 0 ; END ; /* QNO 2052 CON_ID 14 */
		    14 Query	DROP TRIGGER IF EXISTS m /* QNO 2053 CON_ID 14 */
		    14 Query	GRANT ALL PRIVILEGES ON test.z TO 'someuser'@'somehost' /* QNO 2054 CON_ID 14 */
		    14 Query	ALTER TABLE `A` DROP COLUMN m /* QNO 2055 CON_ID 14 */
		    18 Query	/* GenTest::Transform::ExecuteAsExecuteImmediate */ EXECUTE IMMEDIATE ' INSERT INTO `tmp` SELECT * FROM D  /* QNO 1214 CON_ID 18 */ ' /* TRANSFORM_OUTCOME_UNORDERED_MATCH */ /* QNO 1215 CON_ID 18 */
		    18 Prepare	INSERT INTO `tmp` SELECT * FROM D  /* QNO 1214 CON_ID 18 */
		    18 Execute	INSERT INTO `tmp` SELECT * FROM D  /* QNO 1214 CON_ID 18 */
		    14 Query	GRANT ALL PRIVILEGES ON t.* TO 'someuser'@'somehost' /* QNO 2056 CON_ID 14 */
		    14 Query	DROP TABLE w /* QNO 2057 CON_ID 14 */
		    14 Query	CREATE OR REPLACE VIEW i AS SELECT * FROM `A` /* QNO 2058 CON_ID 14 */
		    18 Query	DROP TEMPORARY TABLE IF EXISTS D  /* QNO 1216 CON_ID 18 */
		    14 Query	/* GenTest::Transform::ExecuteAsExecuteImmediate */ EXECUTE IMMEDIATE 'CREATE OR REPLACE VIEW i AS SELECT * FROM `A` /* QNO 2058 CON_ID 14 */ ' /* TRANSFORM_OUTCOME_UNORDERED_MATCH */ /* QNO 2059 CON_ID 14 */
		    14 Prepare	CREATE OR REPLACE VIEW i AS SELECT * FROM `A` /* QNO 2058 CON_ID 14 */
		    14 Execute	CREATE OR REPLACE VIEW i AS SELECT * FROM `A` /* QNO 2058 CON_ID 14 */
		    14 Query	ALTER TABLE `C` DROP KEY y /* QNO 2060 CON_ID 14 */
		    18 Query	ALTER TABLE `tmp` RENAME TO D /* QNO 1217 CON_ID 18 */
		    14 Query	DROP EVENT l /* QNO 2061 CON_ID 14 */
		    18 Query	SELECT * FROM performance_schema.`performance_timers` AS table1 ORDER BY table1.`TIMER_OVERHEAD`, table1.`TIMER_NAME`, table1.`TIMER_NAME` LIMIT 67 /* QNO 1218 CON_ID 18 */
		    18 Query	/* GenTest::Transform::ExecuteAsExecuteImmediate */ EXECUTE IMMEDIATE ' SELECT * FROM performance_schema.`performance_timers` AS table1 ORDER BY table1.`TIMER_OVERHEAD`, table1.`TIMER_NAME`, table1.`TIMER_NAME` LIMIT 67 /* QNO 1218 CON_ID 18 */ ' /* TRANSFORM_OUTCOME_UNORDERED_MATCH */ /* QNO 1219 CON_ID 18 */
		    14 Query	GRANT ALL PRIVILEGES ON x.* TO 'someuser'@'somehost' /* QNO 2062 CON_ID 14 */
		    18 Prepare	SELECT * FROM performance_schema.`performance_timers` AS table1 ORDER BY table1.`TIMER_OVERHEAD`, table1.`TIMER_NAME`, table1.`TIMER_NAME` LIMIT 67 /* QNO 1218 CON_ID 18 */
		    18 Execute	SELECT * FROM performance_schema.`performance_timers` AS table1 ORDER BY table1.`TIMER_OVERHEAD`, table1.`TIMER_NAME`, table1.`TIMER_NAME` LIMIT 67 /* QNO 1218 CON_ID 18 */
		    18 Query	/* GenTest::Transform::ExecuteAsInsertSelect */ CREATE DATABASE IF NOT EXISTS transforms /* QNO 1220 CON_ID 18 */
		    14 Query	CREATE TRIGGER b BEFORE INSERT ON `A` FOR EACH ROW BEGIN INSERT INTO `DD` SELECT * FROM `CC` LIMIT 0 ; END ; /* QNO 2063 CON_ID 14 */
		    14 Query	ALTER TABLE `BB` ADD COLUMN p INTEGER DEFAULT NULL /* QNO 2064 CON_ID 14 */
		    14 Query	ALTER TABLE `A` ADD PRIMARY KEY (`pk`) /* QNO 2065 CON_ID 14 */
		    14 Query	DROP TRIGGER IF EXISTS y /* QNO 2066 CON_ID 14 */
		    14 Query	SHOW WARNINGS
		    14 Query	CREATE OR REPLACE VIEW r AS SELECT * FROM `AA` /* QNO 2067 CON_ID 14 */
		    14 Query	DROP DATABASE IF EXISTS e /* QNO 2068 CON_ID 14 */
		    14 Query	SHOW WARNINGS
		    14 Query	CREATE TRIGGER e BEFORE INSERT ON `CC` FOR EACH ROW BEGIN INSERT INTO `AA` SELECT * FROM `CC` LIMIT 0 ; END ; /* QNO 2069 CON_ID 14 */
		    14 Query	ALTER TABLE `C` ADD COLUMN l INTEGER DEFAULT NULL /* QNO 2070 CON_ID 14 */
		    14 Query	GRANT ALL PRIVILEGES ON i.* TO 'someuser'@'somehost' /* QNO 2071 CON_ID 14 */
		    14 Query	REVOKE ALL PRIVILEGES ON test.u FROM 'someuser'@'somehost' /* QNO 2072 CON_ID 14 */
		    14 Query	REVOKE ALL PRIVILEGES ON test.i FROM 'someuser'@'somehost' /* QNO 2073 CON_ID 14 */
		    14 Query	ALTER TABLE `AA` DROP COLUMN y /* QNO 2074 CON_ID 14 */
		    14 Query	ALTER TABLE `E` REMOVE PARTITIONING /* QNO 2075 CON_ID 14 */
		    14 Query	REVOKE ALL PRIVILEGES ON x.* FROM 'someuser'@'somehost' /* QNO 2076 CON_ID 14 */
		    14 Query	DROP EVENT c /* QNO 2077 CON_ID 14 */
		    14 Query	ALTER TABLE `C` ADD COLUMN y INTEGER DEFAULT NULL /* QNO 2078 CON_ID 14 */
		    14 Query	CREATE EVENT i ON SCHEDULE AT NOW() DO SET @a=@a /* QNO 2079 CON_ID 14 */
		    14 Query	ALTER TABLE `C` ADD KEY ( z ) /* QNO 2080 CON_ID 14 */
		    14 Query	CREATE OR REPLACE VIEW x AS SELECT * FROM `DD` /* QNO 2081 CON_ID 14 */
		    14 Query	DROP FUNCTION IF EXISTS n /* QNO 2082 CON_ID 14 */
		    14 Query	REVOKE ALL PRIVILEGES ON test.n FROM 'someuser'@'somehost' /* QNO 2083 CON_ID 14 */
		    14 Query	ALTER TABLE `A` ADD PRIMARY KEY (`pk`) /* QNO 2084 CON_ID 14 */
		    14 Query	CREATE OR REPLACE VIEW v AS SELECT * FROM `C` /* QNO 2085 CON_ID 14 */
		    14 Query	/* GenTest::Transform::ExecuteAsExecuteImmediate */ EXECUTE IMMEDIATE 'CREATE OR REPLACE VIEW v AS SELECT * FROM `C` /* QNO 2085 CON_ID 14 */ ' /* TRANSFORM_OUTCOME_UNORDERED_MATCH */ /* QNO 2086 CON_ID 14 */
		    14 Prepare	CREATE OR REPLACE VIEW v AS SELECT * FROM `C` /* QNO 2085 CON_ID 14 */
		    14 Execute	CREATE OR REPLACE VIEW v AS SELECT * FROM `C` /* QNO 2085 CON_ID 14 */
		    14 Query	ALTER TABLE `BB` PARTITION BY KEY() PARTITIONS 4 /* QNO 2087 CON_ID 14 */
		    14 Query	DROP FUNCTION IF EXISTS l /* QNO 2088 CON_ID 14 */
		    14 Query	SHOW WARNINGS
		    14 Query	ALTER TABLE `AA` REMOVE PARTITIONING /* QNO 2089 CON_ID 14 */
		    14 Query	ALTER TABLE `C` ADD KEY ( e ) /* QNO 2090 CON_ID 14 */
		    19 Query	SELECT * FROM transforms.insert_select_22994 /* TRANSFORM_OUTCOME_UNORDERED_MATCH */ /* QNO 893 CON_ID 19 */
		    14 Query	ALTER TABLE `C` ADD PRIMARY KEY (`pk`) /* QNO 2091 CON_ID 14 */
		    14 Query	ALTER TABLE `B` PARTITION BY KEY() PARTITIONS 1 /* QNO 2092 CON_ID 14 */
		    14 Query	DROP EVENT w /* QNO 2093 CON_ID 14 */
		    14 Query	DROP VIEW IF EXISTS q /* QNO 2094 CON_ID 14 */
		    14 Query	SHOW WARNINGS
		    14 Query	DROP EVENT n /* QNO 2095 CON_ID 14 */
		    14 Query	DROP DATABASE IF EXISTS z /* QNO 2096 CON_ID 14 */
		    14 Query	SHOW WARNINGS
		    19 Query	DROP TABLE transforms.insert_select_22994 /* QNO 894 CON_ID 19 */
		    14 Query	DROP DATABASE IF EXISTS d /* QNO 2097 CON_ID 14 */
		    14 Query	GRANT UPDATE ( `col_int_nokey` ) ON `BB` TO 'someuser'@'somehost' /* QNO 2098 CON_ID 14 */
		    14 Query	CREATE EVENT u ON SCHEDULE AT NOW() DO SET @a=@a /* QNO 2099 CON_ID 14 */
		    14 Query	ALTER TABLE `E` DROP COLUMN i /* QNO 2100 CON_ID 14 */
		    14 Query	GRANT ALL PRIVILEGES ON g.* TO 'someuser'@'somehost' /* QNO 2101 CON_ID 14 */
		    14 Query	CREATE OR REPLACE VIEW r AS SELECT * FROM `A` /* QNO 2102 CON_ID 14 */
		    14 Query	/* GenTest::Transform::ExecuteAsExecuteImmediate */ EXECUTE IMMEDIATE 'CREATE OR REPLACE VIEW r AS SELECT * FROM `A` /* QNO 2102 CON_ID 14 */ ' /* TRANSFORM_OUTCOME_UNORDERED_MATCH */ /* QNO 2103 CON_ID 14 */
		    14 Prepare	CREATE OR REPLACE VIEW r AS SELECT * FROM `A` /* QNO 2102 CON_ID 14 */
		    14 Execute	CREATE OR REPLACE VIEW r AS SELECT * FROM `A` /* QNO 2102 CON_ID 14 */
		    14 Query	CREATE PROCEDURE k ( OUT s INT ) BEGIN SELECT COUNT(*) INTO @a FROM `C`; END ; /* QNO 2104 CON_ID 14 */
		    14 Query	ALTER TABLE `BB` ADD KEY ( a ) /* QNO 2105 CON_ID 14 */
		    14 Query	GRANT ALL PRIVILEGES ON c.* TO 'someuser'@'somehost' /* QNO 2106 CON_ID 14 */
		    14 Query	ALTER TABLE `B` ADD COLUMN a INTEGER DEFAULT NULL /* QNO 2107 CON_ID 14 */
		    14 Query	REVOKE REPLICATION CLIENT ON *.* FROM 'someuser'@'somehost' /* QNO 2108 CON_ID 14 */
		    14 Query	GRANT CREATE USER, CREATE USER ON *.* to 'someuser'@'somehost' /* QNO 2109 CON_ID 14 */
		    22 Connect	root@localhost as anonymous on test
		    22 Query	SHOW FULL PROCESSLIST
		    22 Quit	
		    14 Query	ALTER TABLE `BB` DROP COLUMN u /* QNO 2110 CON_ID 14 */
		    14 Query	GRANT ALL PRIVILEGES ON i.* TO 'someuser'@'somehost' /* QNO 2111 CON_ID 14 */
		    14 Query	DROP TRIGGER IF EXISTS k /* QNO 2112 CON_ID 14 */
		    14 Query	SHOW WARNINGS
		    14 Query	ALTER TABLE `A` DROP PRIMARY KEY /* QNO 2113 CON_ID 14 */
		    14 Query	REVOKE REPLICATION SLAVE ON *.* FROM 'someuser'@'somehost' /* QNO 2114 CON_ID 14 */
		    14 Query	ALTER TABLE `CC` ADD COLUMN x INTEGER DEFAULT NULL /* QNO 2115 CON_ID 14 */
		    14 Query	DROP TRIGGER IF EXISTS i /* QNO 2116 CON_ID 14 */
		    14 Query	CREATE TABLE b LIKE `A` /* QNO 2117 CON_ID 14 */
		    14 Query	GRANT SELECT ( `col_varchar_nokey`, `col_varchar_key`, `col_int_nokey`, `col_varchar_nokey` ) ON `D` TO 'someuser'@'somehost' /* QNO 2118 CON_ID 14 */
		    14 Query	DROP FUNCTION IF EXISTS e /* QNO 2119 CON_ID 14 */
		    14 Query	SHOW WARNINGS
		    14 Query	CREATE EVENT h ON SCHEDULE AT NOW() DO SET @a=@a /* QNO 2120 CON_ID 14 */
		    14 Query	ALTER TABLE `A` ADD COLUMN h INTEGER DEFAULT NULL /* QNO 2121 CON_ID 14 */
		    14 Query	ALTER TABLE `DD` ADD PRIMARY KEY (`pk`) /* QNO 2122 CON_ID 14 */
		    14 Query	DROP EVENT r /* QNO 2123 CON_ID 14 */
		    14 Query	DROP TABLE y /* QNO 2124 CON_ID 14 */
		    14 Query	REVOKE ALL PRIVILEGES ON p.* FROM 'someuser'@'somehost' /* QNO 2125 CON_ID 14 */
		    14 Query	DROP FUNCTION IF EXISTS b /* QNO 2126 CON_ID 14 */
190122 13:39:55	    17 Query	SELECT * FROM transforms.insert_select_22990 /* TRANSFORM_OUTCOME_UNORDERED_MATCH */ /* QNO 972 CON_ID 17 */
		    18 Query	SHOW WARNINGS
		    15 Query	SHOW WARNINGS
		    18 Query	DROP TABLE IF EXISTS transforms.insert_select_22992 /* QNO 1221 CON_ID 18 */
		    15 Query	DROP TABLE IF EXISTS transforms.insert_select_22986 /* QNO 1304 CON_ID 15 */
		    15 Query	SHOW WARNINGS
		    18 Query	SHOW WARNINGS
		    15 Query	CREATE TABLE transforms.insert_select_22986 SELECT SETVAL(seq10, -109) /* QNO 1301 CON_ID 15 */  /* QNO 1305 CON_ID 15 */
		    18 Query	CREATE TABLE transforms.insert_select_22992  SELECT * FROM performance_schema.`performance_timers` AS table1 ORDER BY table1.`TIMER_OVERHEAD`, table1.`TIMER_NAME`, table1.`TIMER_NAME` LIMIT 67 /* QNO 1218 CON_ID 18 */  /* QNO 1222 CON_ID 18 */
		    14 Query	ALTER TABLE `AA` ADD KEY ( i ) /* QNO 2127 CON_ID 14 */
		    14 Query	ALTER TABLE `B` ADD COLUMN k INTEGER DEFAULT NULL /* QNO 2128 CON_ID 14 */
		    17 Query	DELETE FROM transforms.insert_select_22990 /* QNO 973 CON_ID 17 */
		    16 Query	/* GenTest::Transform::ExecuteAsUpdateDelete */ CREATE DATABASE IF NOT EXISTS transforms /* QNO 1129 CON_ID 16 */
		    17 Query	INSERT INTO transforms.insert_select_22990  SELECT * FROM INFORMATION_SCHEMA.`COLLATIONS` AS table1 LIMIT 177 /* QNO 967 CON_ID 17 */  /* QNO 974 CON_ID 17 */
		    14 Query	DROP TRIGGER IF EXISTS m /* QNO 2129 CON_ID 14 */
		    14 Query	SHOW WARNINGS
		    14 Query	CREATE DATABASE IF NOT EXISTS w /* QNO 2130 CON_ID 14 */
		    14 Query	CREATE OR REPLACE VIEW s AS SELECT * FROM `BB` /* QNO 2131 CON_ID 14 */
		    15 Query	SELECT * FROM transforms.insert_select_22986 /* TRANSFORM_OUTCOME_UNORDERED_MATCH */ /* QNO 1306 CON_ID 15 */
		    15 Query	DELETE FROM transforms.insert_select_22986 /* QNO 1307 CON_ID 15 */
		    14 Query	/* GenTest::Transform::ExecuteAsExecuteImmediate */ EXECUTE IMMEDIATE 'CREATE OR REPLACE VIEW s AS SELECT * FROM `BB` /* QNO 2131 CON_ID 14 */ ' /* TRANSFORM_OUTCOME_UNORDERED_MATCH */ /* QNO 2132 CON_ID 14 */
		    14 Prepare	CREATE OR REPLACE VIEW s AS SELECT * FROM `BB` /* QNO 2131 CON_ID 14 */
		    14 Execute	CREATE OR REPLACE VIEW s AS SELECT * FROM `BB` /* QNO 2131 CON_ID 14 */
		    14 Query	ALTER TABLE `C` ADD COLUMN c INTEGER DEFAULT NULL /* QNO 2133 CON_ID 14 */
		    15 Query	INSERT INTO transforms.insert_select_22986 SELECT SETVAL(seq10, -109) /* QNO 1301 CON_ID 15 */  /* QNO 1308 CON_ID 15 */
		    15 Query	SELECT * FROM transforms.insert_select_22986 /* TRANSFORM_OUTCOME_UNORDERED_MATCH */ /* QNO 1309 CON_ID 15 */
		    15 Query	DELETE FROM transforms.insert_select_22986 /* QNO 1310 CON_ID 15 */
		    19 Query	SHOW EXPLAIN FOR 46 /* QNO 895 CON_ID 19 */
		    15 Query	REPLACE INTO transforms.insert_select_22986 SELECT SETVAL(seq10, -109) /* QNO 1301 CON_ID 15 */  /* QNO 1311 CON_ID 15 */
		    19 Query	ALTER ONLINE IGNORE TABLE `time_zone_transition` /*!100301 */ ADD KEY IF NOT EXISTS ( `Transition_type_id`, d ASC, g(15) ) KEY_BLOCK_SIZE = 37638, ALGORITHM=INPLACE, LOCK=DEFAULT  /* QNO 896 CON_ID 19 */
		    19 Query	SELECT * FROM mysql.`columns_priv` AS table1 WHERE ( ( ( ( ( table1.`Column_name` < table1.`Table_name` OR table1.`Host` >= table1.`Column_name`) OR table1.`Column_priv` IN ( 3, 4, 2 )) AND table1.`Table_name` LIKE 'wait/synch%') AND table1.`Column_priv` <= table1.`Column_priv`) OR table1.`Column_priv` <= 4) ORDER BY table1.`Column_name`, table1.`Column_name` LIMIT 231 /* QNO 897 CON_ID 19 */
		    19 Query	/* GenTest::Transform::ExecuteAsExecuteImmediate */ EXECUTE IMMEDIATE ' SELECT * FROM mysql.`columns_priv` AS table1 WHERE ( ( ( ( ( table1.`Column_name` < table1.`Table_name` OR table1.`Host` >= table1.`Column_name`) OR table1.`Column_priv` IN ( 3, 4, 2 )) AND table1.`Table_name` LIKE \'wait/synch%\') AND table1.`Column_priv` <= table1.`Column_priv`) OR table1.`Column_priv` <= 4) ORDER BY table1.`Column_name`, table1.`Column_name` LIMIT 231 /* QNO 897 CON_ID 19 */ ' /* TRANSFORM_OUTCOME_UNORDERED_MATCH */ /* QNO 898 CON_ID 19 */
		    15 Query	SELECT * FROM transforms.insert_select_22986 /* TRANSFORM_OUTCOME_UNORDERED_MATCH */ /* QNO 1312 CON_ID 15 */
		    15 Query	DROP TABLE transforms.insert_select_22986 /* QNO 1313 CON_ID 15 */
		    19 Prepare	SELECT * FROM mysql.`columns_priv` AS table1 WHERE ( ( ( ( ( table1.`Column_name` < table1.`Table_name` OR table1.`Host` >= table1.`Column_name`) OR table1.`Column_priv` IN ( 3, 4, 2 )) AND table1.`Table_name` LIKE 'wait/synch%') AND table1.`Column_priv` <= table1.`Column_priv`) OR table1.`Column_priv` <= 4) ORDER BY table1.`Column_name`, table1.`Column_name` LIMIT 231 /* QNO 897 CON_ID 19 */
