		    14 Prepare	CREATE OR REPLACE VIEW p AS SELECT * FROM `A` /* QNO 892 CON_ID 14 */
		    16 Query	DROP SEQUENCE IF EXISTS seq5 /* QNO 520 CON_ID 16 */
		    16 Query	SHOW WARNINGS
		    16 Query	SET SQL_MODE= '' /* QNO 521 CON_ID 16 */
		    14 Execute	CREATE OR REPLACE VIEW p AS SELECT * FROM `A` /* QNO 892 CON_ID 14 */
		    14 Query	REVOKE USAGE ON *.* FROM 'someuser'@'somehost' /* QNO 894 CON_ID 14 */
		    14 Query	DROP TABLE l /* QNO 895 CON_ID 14 */
		    16 Query	ALTER IGNORE TABLE `E` ADD FOREIGN KEY ( `col_date_nokey` ) REFERENCES `C` (col_date_nokey) ON DELETE CASCADE ON UPDATE SET NULL, LOCK=SHARED /* QNO 522 CON_ID 16 */
		    16 Query	SHOW ENGINE PERFORMANCE_SCHEMA STATUS /* QNO 523 CON_ID 16 */
		    16 Query	SET SESSION FOREIGN_KEY_CHECKS = ON /* QNO 524 CON_ID 16 */
		    16 Query	SET SESSION SQL_MODE= DEFAULT /* QNO 525 CON_ID 16 */
		    16 Query	ALTER TABLE `A` /*!100301 NOWAIT */ ADD INDEX IF NOT EXISTS ind7 ( q DESC, `pk` ), LOCK=SHARED  /* QNO 526 CON_ID 16 */
		    16 Query	TRUNCATE TABLE performance_schema.events_waits_summary_by_instance /* QNO 527 CON_ID 16 */
		    16 Query	SELECT * FROM (INFORMATION_SCHEMA.`EVENTS` AS table1 INNER JOIN test.`CC` AS table2 ON ( table2.`col_date_key` = table1.`EVENT_CATALOG` ) ) WHERE NOT table2.`col_datetime_key` <= 8 ORDER BY table1.`COLLATION_CONNECTION`, table2.`pk`, table2.`col_date_key`, table2.`col_varchar_nokey` LIMIT 207 /* QNO 528 CON_ID 16 */
		    16 Query	SELECT * FROM `C` INTO OUTFILE 'load_C'  /* QNO 529 CON_ID 16 */
		    16 Query	LOAD DATA INFILE 'load_C' REPLACE INTO TABLE C /* QNO 530 CON_ID 16 */
		    16 Query	SET STATEMENT system_versioning_alter_history=KEEP FOR ALTER TABLE `E` DROP PARTITION IF EXISTS ver_p1 /* QNO 531 CON_ID 16 */
		    15 Query	INSERT INTO t19 ( ncol8 ) SELECT `OBJECT_INSTANCE_BEGIN` FROM t10 /* QNO 726 CON_ID 15 */
		    15 Query	ALTER TABLE `socket_summary_by_event_name` /*!100301 WAIT 6 */ ADD KEY IF NOT EXISTS ind3 ( s ASC ) COMMENT 'handle', ALGORITHM=DEFAULT  /* QNO 727 CON_ID 15 */
		    15 Query	UPDATE performance_schema.setup_instruments SET ENABLED = 'YES' WHERE NAME LIKE 'wait/synch%' /* QNO 728 CON_ID 15 */
		    15 Query	SHOW ENGINE PERFORMANCE_SCHEMA STATUS /* QNO 729 CON_ID 15 */
		    16 Query	CREATE SEQUENCE seq2 START WITH 0 INCREMENT = -33 NOCYCLE  /* QNO 532 CON_ID 16 */
		    15 Query	SHOW ENGINE PERFORMANCE_SCHEMA STATUS /* QNO 730 CON_ID 15 */
		    15 Query	SELECT * FROM mysql.`help_relation` AS table1 LIMIT 110 /* QNO 731 CON_ID 15 */
		    15 Query	/* GenTest::Transform::ExecuteAsExecuteImmediate */ EXECUTE IMMEDIATE ' SELECT * FROM mysql.`help_relation` AS table1 LIMIT 110 /* QNO 731 CON_ID 15 */ ' /* TRANSFORM_OUTCOME_UNORDERED_MATCH */ /* QNO 732 CON_ID 15 */
		    15 Prepare	SELECT * FROM mysql.`help_relation` AS table1 LIMIT 110 /* QNO 731 CON_ID 15 */
		    15 Execute	SELECT * FROM mysql.`help_relation` AS table1 LIMIT 110 /* QNO 731 CON_ID 15 */
		    15 Query	/* GenTest::Transform::ExecuteAsInsertSelect */ CREATE DATABASE IF NOT EXISTS transforms /* QNO 733 CON_ID 15 */
		    16 Query	INSERT INTO t2 () VALUES (),() /* QNO 533 CON_ID 16 */
		    16 Query	UNLOCK TABLES /* QNO 534 CON_ID 16 */
		    16 Query	SHOW EVENTS FROM test  /* QNO 535 CON_ID 16 */
		    14 Query	CREATE TRIGGER v BEFORE INSERT ON `C` FOR EACH ROW BEGIN INSERT INTO `C` SELECT * FROM `B` LIMIT 0 ; END ; /* QNO 896 CON_ID 14 */
		    16 Query	SHOW ENGINE PERFORMANCE_SCHEMA STATUS /* QNO 536 CON_ID 16 */
		    16 Query	SELECT * FROM `B` INTO OUTFILE 'load_B'  /* QNO 537 CON_ID 16 */
		    16 Query	LOAD DATA INFILE 'load_B' REPLACE INTO TABLE B /* QNO 538 CON_ID 16 */
		    14 Query	DROP TRIGGER IF EXISTS e /* QNO 897 CON_ID 14 */
		    14 Query	SHOW WARNINGS
		    16 Query	CREATE SEQUENCE seq1 INCREMENT = -101  /* QNO 539 CON_ID 16 */
		    14 Query	ALTER TABLE `E` DROP KEY t /* QNO 898 CON_ID 14 */
		    14 Query	GRANT SELECT ( `pk`, `col_time_key` ) ON `B` TO 'someuser'@'somehost' /* QNO 899 CON_ID 14 */
		    18 Query	SHOW WARNINGS
		    18 Query	DROP TABLE IF EXISTS transforms.insert_select_22992 /* QNO 622 CON_ID 18 */
		    15 Query	SHOW WARNINGS
		    15 Query	DROP TABLE IF EXISTS transforms.insert_select_22986 /* QNO 734 CON_ID 15 */
		    18 Query	SHOW WARNINGS
		    14 Query	ALTER TABLE `B` ADD KEY ( t ) /* QNO 900 CON_ID 14 */
		    18 Query	CREATE TABLE transforms.insert_select_22992  SELECT * FROM performance_schema.`events_stages_summary_by_user_by_event_name` AS table1 HAVING NOT (NOT (table1.`AVG_TIMER_WAIT` = 8 IS NULL AND table1.`EVENT_NAME` <> 'w') OR table1.`EVENT_NAME` > 'jq') ORDER BY table1.`COUNT_STAR` LIMIT 237 /* QNO 619 CON_ID 18 */  /* QNO 623 CON_ID 18 */
		    15 Query	SHOW WARNINGS
		    15 Query	CREATE TABLE transforms.insert_select_22986  SELECT * FROM mysql.`help_relation` AS table1 LIMIT 110 /* QNO 731 CON_ID 15 */  /* QNO 735 CON_ID 15 */
		    17 Query	SELECT * FROM transforms.insert_select_22990 /* TRANSFORM_OUTCOME_UNORDERED_MATCH */ /* QNO 530 CON_ID 17 */
		    17 Query	DELETE FROM transforms.insert_select_22990 /* QNO 531 CON_ID 17 */
		    17 Query	INSERT INTO transforms.insert_select_22990  SELECT * FROM performance_schema.`table_io_waits_summary_by_index_usage` AS table1 LIMIT 54 /* QNO 525 CON_ID 17 */  /* QNO 532 CON_ID 17 */
		    16 Query	SELECT * FROM `AA` INTO OUTFILE 'load_AA'  /* QNO 540 CON_ID 16 */
		    16 Query	LOAD DATA INFILE 'load_AA' IGNORE INTO TABLE AA /* QNO 541 CON_ID 16 */
		    16 Query	SHOW ENGINE PERFORMANCE_SCHEMA STATUS /* QNO 542 CON_ID 16 */
		    16 Query	UNLOCK TABLES /* QNO 543 CON_ID 16 */
		    16 Query	SET SQL_MODE= 'NO_ENGINE_SUBSTITUTION,REAL_AS_FLOAT,NO_TABLE_OPTIONS' /* QNO 544 CON_ID 16 */
		    16 Query	CREATE OR REPLACE TEMPORARY TABLE `tmp` LIKE B  /* QNO 545 CON_ID 16 */
		    18 Query	SELECT * FROM transforms.insert_select_22992 /* TRANSFORM_OUTCOME_UNORDERED_MATCH */ /* QNO 624 CON_ID 18 */
		    18 Query	DELETE FROM transforms.insert_select_22992 /* QNO 625 CON_ID 18 */
		    18 Query	INSERT INTO transforms.insert_select_22992  SELECT * FROM performance_schema.`events_stages_summary_by_user_by_event_name` AS table1 HAVING NOT (NOT (table1.`AVG_TIMER_WAIT` = 8 IS NULL AND table1.`EVENT_NAME` <> 'w') OR table1.`EVENT_NAME` > 'jq') ORDER BY table1.`COUNT_STAR` LIMIT 237 /* QNO 619 CON_ID 18 */  /* QNO 626 CON_ID 18 */
		    18 Query	SELECT * FROM transforms.insert_select_22992 /* TRANSFORM_OUTCOME_UNORDERED_MATCH */ /* QNO 627 CON_ID 18 */
		    18 Query	DELETE FROM transforms.insert_select_22992 /* QNO 628 CON_ID 18 */
		    18 Query	REPLACE INTO transforms.insert_select_22992  SELECT * FROM performance_schema.`events_stages_summary_by_user_by_event_name` AS table1 HAVING NOT (NOT (table1.`AVG_TIMER_WAIT` = 8 IS NULL AND table1.`EVENT_NAME` <> 'w') OR table1.`EVENT_NAME` > 'jq') ORDER BY table1.`COUNT_STAR` LIMIT 237 /* QNO 619 CON_ID 18 */  /* QNO 629 CON_ID 18 */
		    18 Query	SELECT * FROM transforms.insert_select_22992 /* TRANSFORM_OUTCOME_UNORDERED_MATCH */ /* QNO 630 CON_ID 18 */
		    18 Query	DROP TABLE transforms.insert_select_22992 /* QNO 631 CON_ID 18 */
		    18 Query	ALTER TABLE t2 ADD CONSTRAINT g CHECK (tcol9 >= scol3)  /* QNO 632 CON_ID 18 */
		    16 Query	INSERT INTO `tmp` SELECT * FROM B  /* QNO 546 CON_ID 16 */
		    18 Query	UNLOCK TABLES /* QNO 633 CON_ID 18 */
		    16 Query	/* GenTest::Transform::ExecuteAsExecuteImmediate */ EXECUTE IMMEDIATE ' INSERT INTO `tmp` SELECT * FROM B  /* QNO 546 CON_ID 16 */ ' /* TRANSFORM_OUTCOME_UNORDERED_MATCH */ /* QNO 547 CON_ID 16 */
		    18 Query	UPDATE `session_connect_attrs` SET `ATTR_NAME` = '2032-09-09 06:46:22.017245' WHERE `ATTR_NAME` != 4 /* QNO 634 CON_ID 18 */
		    16 Prepare	INSERT INTO `tmp` SELECT * FROM B  /* QNO 546 CON_ID 16 */
		    16 Execute	INSERT INTO `tmp` SELECT * FROM B  /* QNO 546 CON_ID 16 */
		    16 Query	DROP TEMPORARY TABLE IF EXISTS B  /* QNO 548 CON_ID 16 */
		    18 Query	SHOW ENGINE PERFORMANCE_SCHEMA STATUS /* QNO 635 CON_ID 18 */
		    16 Query	ALTER TABLE `tmp` RENAME TO B /* QNO 549 CON_ID 16 */
		    16 Query	CREATE OR REPLACE TEMPORARY TABLE `tmp` LIKE CC  /* QNO 550 CON_ID 16 */
		    16 Query	INSERT INTO `tmp` SELECT * FROM CC  /* QNO 551 CON_ID 16 */
		    14 Query	DROP TRIGGER IF EXISTS v /* QNO 901 CON_ID 14 */
		    16 Query	DROP TEMPORARY TABLE IF EXISTS CC  /* QNO 552 CON_ID 16 */
		    16 Query	SHOW WARNINGS
		    16 Query	ALTER TABLE `tmp` RENAME TO CC /* QNO 553 CON_ID 16 */
		    14 Query	ALTER TABLE `A` PARTITION BY KEY() PARTITIONS 5 /* QNO 902 CON_ID 14 */
		    16 Query	SET SESSION SQL_MODE= DEFAULT /* QNO 554 CON_ID 16 */
		    16 Query	ALTER TABLE t8 FORCE, LOCK=SHARED, DROP INDEX ind7, ADD COLUMN IF NOT EXISTS ( icol4 BIGINT NULL, `col_int_key` INT NULL ), ALGORITHM=COPY, LOCK=NONE /* QNO 555 CON_ID 16 */
		    14 Query	ALTER TABLE `AA` DROP COLUMN s /* QNO 903 CON_ID 14 */
		    16 Query	UNLOCK TABLES /* QNO 556 CON_ID 16 */
		    16 Query	ALTER TABLE `BB` /*!100301 */ ADD INDEX IF NOT EXISTS ind8 ( c(57) ASC ), LOCK=EXCLUSIVE  /* QNO 557 CON_ID 16 */
		    14 Query	CREATE TRIGGER q BEFORE INSERT ON `BB` FOR EACH ROW BEGIN INSERT INTO `A` SELECT * FROM `E` LIMIT 0 ; END ; /* QNO 904 CON_ID 14 */
		    16 Query	FLUSH PRIVILEGES /* QNO 558 CON_ID 16 */
		    18 Query	SET STATEMENT system_versioning_alter_history=KEEP FOR ALTER TABLE `events_statements_summary_by_digest` PARTITION BY system_time INTERVAL 1 MINUTE ( PARTITION ver_p1 HISTORY, PARTITION ver_p2 HISTORY, PARTITION ver_pn CURRENT ) /* QNO 636 CON_ID 18 */
		    18 Query	OPTIMIZE TABLE t5 /* QNO 637 CON_ID 18 */
		    14 Query	GRANT PROCESS ON *.* to 'someuser'@'somehost' /* QNO 905 CON_ID 14 */
		    18 Query	SHOW WARNINGS
		    18 Query	ALTER TABLE `session_connect_attrs` ADD FOREIGN KEY (`PROCESSLIST_ID`) REFERENCES session_connect_attrs (`ORDINAL_POSITION`) ON UPDATE SET DEFAULT /*!100307, ALGORITHM=INSTANT */, LOCK=SHARED /* QNO 638 CON_ID 18 */
		    18 Query	SET SESSION SQL_MODE= 'MSSQL,SIMULTANEOUS_ASSIGNMENT,HIGH_NOT_PRECEDENCE,DB2,NO_DIR_IN_CREATE,POSTGRESQL,NO_UNSIGNED_SUBTRACTION,ALLOW_INVALID_DATES' /* QNO 639 CON_ID 18 */
		    14 Query	GRANT ALL PRIVILEGES ON test.q TO 'someuser'@'somehost' /* QNO 906 CON_ID 14 */
		    14 Query	ALTER TABLE `B` ADD PRIMARY KEY (`pk`) /* QNO 907 CON_ID 14 */
		    14 Query	ALTER TABLE `A` DROP KEY t /* QNO 908 CON_ID 14 */
		    14 Query	DROP TABLE b /* QNO 909 CON_ID 14 */
		    14 Query	GRANT ALL PRIVILEGES ON f.* TO 'someuser'@'somehost' /* QNO 910 CON_ID 14 */
		    16 Query	SELECT * FROM INFORMATION_SCHEMA.`INNODB_FT_DELETED` AS table1 WHERE (NOT (NOT ( table1.`DOC_ID` LIKE '%sql%' OR table1.`DOC_ID` LIKE 'wait%') AND table1.`DOC_ID` = '1988-05-10 07:52:33.024433') OR table1.`DOC_ID` IN ( 7, 7, 7 )) ORDER BY table1.`DOC_ID`, table1.`DOC_ID` LIMIT 2 /* QNO 559 CON_ID 16 */
		    16 Query	SHOW WARNINGS
		    14 Query	ALTER TABLE `CC` DROP COLUMN a /* QNO 911 CON_ID 14 */
		    16 Query	SELECT * FROM (performance_schema.`events_waits_summary_by_host_by_event_name` AS table1 STRAIGHT_JOIN INFORMATION_SCHEMA.`TABLES` AS table2 ON ( table2.`TABLE_COMMENT` = table1.`EVENT_NAME` ) ) ORDER BY table2.`TABLE_SCHEMA`, table2.`DATA_LENGTH` LIMIT 109 /* QNO 560 CON_ID 16 */
		    14 Query	CREATE FUNCTION u ( h INTEGER, p INTEGER ) RETURNS INTEGER RETURN 1 /* QNO 912 CON_ID 14 */
		    18 Query	UPDATE `threads` SET scol7 = DEFAULT LIMIT 1 /* QNO 640 CON_ID 18 */
		    14 Query	ALTER TABLE `BB` ADD COLUMN b INTEGER DEFAULT NULL /* QNO 913 CON_ID 14 */
		    14 Query	DROP PROCEDURE IF EXISTS h /* QNO 914 CON_ID 14 */
		    18 Query	SELECT NEXT VALUE FOR seq1 /* QNO 641 CON_ID 18 */
		    14 Query	REVOKE ALL PRIVILEGES ON test.h FROM 'someuser'@'somehost' /* QNO 915 CON_ID 14 */
		    17 Query	SELECT * FROM transforms.insert_select_22990 /* TRANSFORM_OUTCOME_UNORDERED_MATCH */ /* QNO 533 CON_ID 17 */
		    14 Query	DROP EVENT c /* QNO 916 CON_ID 14 */
		    14 Query	ALTER TABLE `B` ADD KEY ( a ) /* QNO 917 CON_ID 14 */
		    14 Query	GRANT UPDATE ( `col_time_key` ) ON `D` TO 'someuser'@'somehost' /* QNO 918 CON_ID 14 */
		    14 Query	CREATE EVENT w ON SCHEDULE AT NOW() DO SET @a=@a /* QNO 919 CON_ID 14 */
		    18 Query	/* GenTest::Transform::ExecuteAsExecuteImmediate */ EXECUTE IMMEDIATE 'SELECT NEXT VALUE FOR seq1 /* QNO 641 CON_ID 18 */ ' /* TRANSFORM_OUTCOME_UNORDERED_MATCH */ /* QNO 642 CON_ID 18 */
		    18 Prepare	SELECT NEXT VALUE FOR seq1 /* QNO 641 CON_ID 18 */
		    18 Execute	SELECT NEXT VALUE FOR seq1 /* QNO 641 CON_ID 18 */
		    18 Query	/* GenTest::Transform::ExecuteAsInsertSelect */ CREATE DATABASE IF NOT EXISTS transforms /* QNO 643 CON_ID 18 */
		    14 Query	CREATE OR REPLACE VIEW a AS SELECT * FROM `CC` /* QNO 920 CON_ID 14 */
		    14 Query	ALTER TABLE `BB` ADD COLUMN p INTEGER DEFAULT NULL /* QNO 921 CON_ID 14 */
		    14 Query	ALTER TABLE `DD` DROP PRIMARY KEY /* QNO 922 CON_ID 14 */
		    14 Query	ALTER TABLE `DD` DROP COLUMN a /* QNO 923 CON_ID 14 */
		    15 Query	SELECT * FROM transforms.insert_select_22986 /* TRANSFORM_OUTCOME_UNORDERED_MATCH */ /* QNO 736 CON_ID 15 */
		    18 Query	SHOW WARNINGS
		    18 Query	DROP TABLE IF EXISTS transforms.insert_select_22992 /* QNO 644 CON_ID 18 */
		    18 Query	SHOW WARNINGS
		    18 Query	CREATE TABLE transforms.insert_select_22992 SELECT NEXT VALUE FOR seq1 /* QNO 641 CON_ID 18 */  /* QNO 645 CON_ID 18 */
		    14 Query	GRANT ALL PRIVILEGES ON test.t TO 'someuser'@'somehost' /* QNO 924 CON_ID 14 */
		    14 Query	GRANT ALL PRIVILEGES ON test.f TO 'someuser'@'somehost' /* QNO 925 CON_ID 14 */
		    14 Query	DROP VIEW IF EXISTS w /* QNO 926 CON_ID 14 */
		    17 Query	DELETE FROM transforms.insert_select_22990 /* QNO 534 CON_ID 17 */
		    14 Query	ALTER TABLE `E` DROP PRIMARY KEY /* QNO 927 CON_ID 14 */
		    15 Query	DELETE FROM transforms.insert_select_22986 /* QNO 737 CON_ID 15 */
		    14 Query	ALTER TABLE `AA` PARTITION BY KEY() PARTITIONS 6 /* QNO 928 CON_ID 14 */
		    14 Query	GRANT RELOAD ON *.* to 'someuser'@'somehost' /* QNO 929 CON_ID 14 */
		    14 Query	GRANT ALL PRIVILEGES ON test.w TO 'someuser'@'somehost' /* QNO 930 CON_ID 14 */
		    14 Query	REVOKE SHOW DATABASES ON *.* FROM 'someuser'@'somehost' /* QNO 931 CON_ID 14 */
		    14 Query	CREATE TABLE h LIKE `C` /* QNO 932 CON_ID 14 */
		    14 Query	CREATE DATABASE IF NOT EXISTS k /* QNO 933 CON_ID 14 */
		    14 Query	ALTER TABLE `E` PARTITION BY KEY() PARTITIONS 1 /* QNO 934 CON_ID 14 */
		    15 Query	INSERT INTO transforms.insert_select_22986  SELECT * FROM mysql.`help_relation` AS table1 LIMIT 110 /* QNO 731 CON_ID 15 */  /* QNO 738 CON_ID 15 */
		    17 Query	REPLACE INTO transforms.insert_select_22990  SELECT * FROM performance_schema.`table_io_waits_summary_by_index_usage` AS table1 LIMIT 54 /* QNO 525 CON_ID 17 */  /* QNO 535 CON_ID 17 */
		    14 Query	GRANT ALL PRIVILEGES ON test.q TO 'someuser'@'somehost' /* QNO 935 CON_ID 14 */
		    14 Query	DROP TRIGGER IF EXISTS p /* QNO 936 CON_ID 14 */
		    14 Query	ALTER TABLE `AA` ADD KEY ( p ) /* QNO 937 CON_ID 14 */
		    14 Query	ALTER TABLE `AA` DROP KEY u /* QNO 938 CON_ID 14 */
		    14 Query	ALTER TABLE `CC` ADD COLUMN q INTEGER DEFAULT NULL /* QNO 939 CON_ID 14 */
		    14 Query	CREATE OR REPLACE VIEW u AS SELECT * FROM `CC` /* QNO 940 CON_ID 14 */
		    14 Query	CREATE OR REPLACE VIEW v AS SELECT * FROM `A` /* QNO 941 CON_ID 14 */
		    14 Query	REVOKE ALL PRIVILEGES ON test.i FROM 'someuser'@'somehost' /* QNO 942 CON_ID 14 */
		    14 Query	ALTER TABLE `A` DROP COLUMN c /* QNO 943 CON_ID 14 */
		    14 Query	ALTER TABLE `B` ADD KEY ( b ) /* QNO 944 CON_ID 14 */
		    14 Query	GRANT SELECT ( `col_date_key`, `col_datetime_nokey`, `pk`, `col_date_nokey`, `col_date_key`, `col_date_key` ), SELECT ( `col_date_nokey`, `col_int_nokey` ) ON `DD` TO 'someuser'@'somehost' /* QNO 945 CON_ID 14 */
		    14 Query	DROP FUNCTION IF EXISTS o /* QNO 946 CON_ID 14 */
		    18 Query	SELECT * FROM transforms.insert_select_22992 /* TRANSFORM_OUTCOME_UNORDERED_MATCH */ /* QNO 646 CON_ID 18 */
		    18 Query	DELETE FROM transforms.insert_select_22992 /* QNO 647 CON_ID 18 */
		    14 Query	ALTER TABLE `BB` DROP COLUMN t /* QNO 947 CON_ID 14 */
		    18 Query	INSERT INTO transforms.insert_select_22992 SELECT NEXT VALUE FOR seq1 /* QNO 641 CON_ID 18 */  /* QNO 648 CON_ID 18 */
		    14 Query	GRANT UPDATE ( `col_date_key`, `col_date_key`, `col_date_key` ), SELECT ( `col_date_key`, `col_varchar_nokey`, `col_varchar_nokey` ) ON `B` TO 'someuser'@'somehost' /* QNO 948 CON_ID 14 */
		    14 Query	REVOKE PROCESS, PROCESS, SUPER ON *.* FROM 'someuser'@'somehost' /* QNO 949 CON_ID 14 */
		    14 Query	CREATE DATABASE IF NOT EXISTS e /* QNO 950 CON_ID 14 */
		    14 Query	DROP EVENT f /* QNO 951 CON_ID 14 */
		    14 Query	ALTER TABLE `C` PARTITION BY KEY() PARTITIONS 9 /* QNO 952 CON_ID 14 */
		    18 Query	SELECT * FROM transforms.insert_select_22992 /* TRANSFORM_OUTCOME_UNORDERED_MATCH */ /* QNO 649 CON_ID 18 */
		    14 Query	ALTER TABLE `DD` ADD KEY ( o ) /* QNO 953 CON_ID 14 */
		    14 Query	CREATE EVENT b ON SCHEDULE AT NOW() DO SET @a=@a /* QNO 954 CON_ID 14 */
		    15 Query	SELECT * FROM transforms.insert_select_22986 /* TRANSFORM_OUTCOME_UNORDERED_MATCH */ /* QNO 739 CON_ID 15 */
		    18 Query	DELETE FROM transforms.insert_select_22992 /* QNO 650 CON_ID 18 */
		    14 Query	ALTER TABLE `A` DROP PRIMARY KEY /* QNO 955 CON_ID 14 */
		    15 Query	DELETE FROM transforms.insert_select_22986 /* QNO 740 CON_ID 15 */
		    14 Query	ALTER TABLE `D` PARTITION BY KEY() PARTITIONS 3 /* QNO 956 CON_ID 14 */
		    18 Query	REPLACE INTO transforms.insert_select_22992 SELECT NEXT VALUE FOR seq1 /* QNO 641 CON_ID 18 */  /* QNO 651 CON_ID 18 */
		    14 Query	ALTER TABLE `BB` DROP PRIMARY KEY /* QNO 957 CON_ID 14 */
		    14 Query	CREATE FUNCTION e ( u INTEGER, y INTEGER ) RETURNS INTEGER RETURN 1 /* QNO 958 CON_ID 14 */
		    14 Query	GRANT PROCESS, USAGE ON *.* to 'someuser'@'somehost' /* QNO 959 CON_ID 14 */
		    14 Query	CREATE TRIGGER f BEFORE INSERT ON `D` FOR EACH ROW BEGIN INSERT INTO `D` SELECT * FROM `AA` LIMIT 0 ; END ; /* QNO 960 CON_ID 14 */
		    14 Query	ALTER TABLE `DD` PARTITION BY KEY() PARTITIONS 4 /* QNO 961 CON_ID 14 */
		    14 Query	ALTER TABLE `E` DROP COLUMN e /* QNO 962 CON_ID 14 */
		    18 Query	SELECT * FROM transforms.insert_select_22992 /* TRANSFORM_OUTCOME_UNORDERED_MATCH */ /* QNO 652 CON_ID 18 */
		    18 Query	DROP TABLE transforms.insert_select_22992 /* QNO 653 CON_ID 18 */
		    14 Query	ALTER TABLE `B` REMOVE PARTITIONING /* QNO 963 CON_ID 14 */
		    14 Query	CREATE EVENT y ON SCHEDULE AT NOW() DO SET @a=@a /* QNO 964 CON_ID 14 */
		    15 Query	REPLACE INTO transforms.insert_select_22986  SELECT * FROM mysql.`help_relation` AS table1 LIMIT 110 /* QNO 731 CON_ID 15 */  /* QNO 741 CON_ID 15 */
		    17 Query	SELECT * FROM transforms.insert_select_22990 /* TRANSFORM_OUTCOME_UNORDERED_MATCH */ /* QNO 536 CON_ID 17 */
		    17 Query	DROP TABLE transforms.insert_select_22990 /* QNO 537 CON_ID 17 */
		    14 Query	ALTER TABLE `E` DROP PRIMARY KEY /* QNO 965 CON_ID 14 */
		    14 Query	GRANT ALL PRIVILEGES ON j.* TO 'someuser'@'somehost' /* QNO 966 CON_ID 14 */
		    14 Query	CREATE TABLE y LIKE `DD` /* QNO 967 CON_ID 14 */
		    14 Query	GRANT CREATE USER ON *.* to 'someuser'@'somehost' /* QNO 968 CON_ID 14 */
		    14 Query	GRANT SELECT ( `col_datetime_key`, `col_date_key` ), INSERT ( `col_datetime_nokey` ) ON `E` TO 'someuser'@'somehost' /* QNO 969 CON_ID 14 */
		    14 Query	ALTER TABLE `D` DROP COLUMN g /* QNO 970 CON_ID 14 */
		    18 Query	/* GenTest::Transform::ExecuteAsUpdateDelete */ CREATE DATABASE IF NOT EXISTS transforms /* QNO 654 CON_ID 18 */
		    19 Execute	SELECT * FROM (INFORMATION_SCHEMA.`VIEWS` AS table1 INNER JOIN INFORMATION_SCHEMA.`SYSTEM_VARIABLES` AS table2 ON ( table2.`VARIABLE_NAME` = table1.`VIEW_DEFINITION` ) ) WHERE table2.`NUMERIC_MAX_VALUE` <> '1972-05-10 02:40:15.048030' HAVING ( ( (NOT (NOT ( table2.`NUMERIC_MAX_VALUE` > '2032-05-07 21:42:52.006478' AND table1.`COLLATION_CONNECTION` != '1972-12-24 03:10:49.055501') AND table2.`READ_ONLY` != 6) OR table2.`GLOBAL_VALUE_ORIGIN` < 't') OR table2.`NUMERIC_MAX_VALUE` <= 9) AND table2.`READ_ONLY` <= '2012-02-27 21:24:24.044206') ORDER BY table1.`TABLE_SCHEMA`, table2.`GLOBAL_VALUE`, table2.`VARIABLE_COMMENT`, table2.`VARIABLE_SCOPE` LIMIT 36 /* QNO 613 CON_ID 19 */
		    19 Query	/* GenTest::Transform::ExecuteAsInsertSelect */ CREATE DATABASE IF NOT EXISTS transforms /* QNO 615 CON_ID 19 */
		    17 Query	SET SQL_MODE= 'PIPES_AS_CONCAT,REAL_AS_FLOAT' /* QNO 538 CON_ID 17 */
		    18 Query	SHOW WARNINGS
		    18 Query	DROP TABLE IF EXISTS transforms.where_updatedelete_22992 /* QNO 655 CON_ID 18 */
		    17 Query	SET STATEMENT system_versioning_alter_history=KEEP FOR ALTER TABLE `setup_consumers` DROP COLUMN `row_end` /* QNO 539 CON_ID 17 */
		    18 Query	SHOW WARNINGS
		    15 Query	SELECT * FROM transforms.insert_select_22986 /* TRANSFORM_OUTCOME_UNORDERED_MATCH */ /* QNO 742 CON_ID 15 */
		    17 Query	INSERT INTO `session_connect_attrs` ( `pk` ) VALUES (NULL) /* QNO 540 CON_ID 17 */
		    18 Query	CREATE TABLE transforms.where_updatedelete_22992 SELECT NEXT VALUE FOR seq1 /* QNO 641 CON_ID 18 */  /* QNO 656 CON_ID 18 */
		    17 Query	ALTER ONLINE TABLE `socket_summary_by_event_name` ADD CONSTRAINT g FOREIGN KEY n (`AVG_TIMER_MISC`) REFERENCES socket_summary_by_event_name (`MAX_TIMER_WRITE`) ON DELETE CASCADE, ADD CONSTRAINT FOREIGN KEY f ( `COUNT_MISC`, `AVG_TIMER_MISC` ) REFERENCES `events_stages_summary_by_thread_by_event_name` (COUNT_MISC,AVG_TIMER_MISC), LOCK=NONE /* QNO 541 CON_ID 17 */
		    15 Query	DROP TABLE transforms.insert_select_22986 /* QNO 743 CON_ID 15 */
		    19 Query	SHOW WARNINGS
		    17 Query	SET STATEMENT system_versioning_alter_history=KEEP FOR ALTER TABLE `socket_summary_by_event_name` ADD SYSTEM VERSIONING, ALTER COLUMN icol4 DROP DEFAULT /* QNO 542 CON_ID 17 */
		    19 Query	DROP TABLE IF EXISTS transforms.insert_select_22994 /* QNO 616 CON_ID 19 */
		    19 Query	SHOW WARNINGS
		    17 Query	UNLOCK TABLES /* QNO 543 CON_ID 17 */
		    17 Query	SET SQL_MODE= DEFAULT /* QNO 544 CON_ID 17 */
		    19 Query	CREATE TABLE transforms.insert_select_22994  SELECT * FROM (INFORMATION_SCHEMA.`VIEWS` AS table1 INNER JOIN INFORMATION_SCHEMA.`SYSTEM_VARIABLES` AS table2 ON ( table2.`VARIABLE_NAME` = table1.`VIEW_DEFINITION` ) ) WHERE table2.`NUMERIC_MAX_VALUE` <> '1972-05-10 02:40:15.048030' HAVING ( ( (NOT (NOT ( table2.`NUMERIC_MAX_VALUE` > '2032-05-07 21:42:52.006478' AND table1.`COLLATION_CONNECTION` != '1972-12-24 03:10:49.055501') AND table2.`READ_ONLY` != 6) OR table2.`GLOBAL_VALUE_ORIGIN` < 't') OR table2.`NUMERIC_MAX_VALUE` <= 9) AND table2.`READ_ONLY` <= '2012-02-27 21:24:24.044206') ORDER BY table1.`TABLE_SCHEMA`, table2.`GLOBAL_VALUE`, table2.`VARIABLE_COMMENT`, table2.`VARIABLE_SCOPE` LIMIT 36 /* QNO 613 CON_ID 19 */  /* QNO 617 CON_ID 19 */
		    17 Query	UPDATE performance_schema.setup_instruments SET TIMED = 'YES' ORDER BY RAND() LIMIT 1 /* QNO 545 CON_ID 17 */
		    17 Query	SET SQL_MODE= 'NO_TABLE_OPTIONS,MYSQL323,IGNORE_SPACE,MSSQL,ONLY_FULL_GROUP_BY,NO_KEY_OPTIONS' /* QNO 546 CON_ID 17 */
		    17 Query	UPDATE performance_schema.setup_consumers SET enabled = 'YES' WHERE name IN ( 'events_waits_history', 'file_summary_by_event_name' ) /* QNO 547 CON_ID 17 */
		    17 Query	DELETE HISTORY FROM t2 BEFORE SYSTEM_TIME '19850621134951.011762' /* QNO 548 CON_ID 17 */
		    17 Query	UPDATE performance_schema.setup_timers SET timer_name = 'MILLISECOND' /* QNO 549 CON_ID 17 */
		    17 Query	DROP TEMPORARY TABLE IF EXISTS `events_statements_current` /* QNO 550 CON_ID 17 */
		    17 Query	SHOW WARNINGS
		    17 Query	TRUNCATE TABLE performance_schema.events_waits_history_long /* QNO 551 CON_ID 17 */
		    17 Query	ALTER TABLE `events_statements_summary_by_user_by_event_name` /*!100301 WAIT 2 */ DROP IF EXISTS `SUM_SELECT_FULL_RANGE_JOIN`, ALGORITHM=COPY, LOCK=EXCLUSIVE  /* QNO 552 CON_ID 17 */
		    17 Query	SHOW TABLES FROM mysql  /* QNO 553 CON_ID 17 */
		    17 Query	SHOW TABLE STATUS LIKE 'events_statements_summary_by_user_by_event_name' /* QNO 554 CON_ID 17 */
		    17 Query	SELECT * FROM INFORMATION_SCHEMA.`SESSION_VARIABLES` AS table1 HAVING ( (NOT ( ( ( table1.`VARIABLE_NAME` < '1979-12-25 02:17:02.041316' AND table1.`VARIABLE_VALUE` != 'p') AND table1.`VARIABLE_VALUE` <= 2) AND table1.`VARIABLE_NAME` > 1) OR table1.`VARIABLE_VALUE` != 'pc') OR table1.`VARIABLE_VALUE` <> 2) LIMIT 171 /* QNO 555 CON_ID 17 */
		    17 Query	TRUNCATE TABLE performance_schema.events_waits_current /* QNO 556 CON_ID 17 */
		    17 Query	ALTER TABLE t12 DROP COLUMN tcol1, ALGORITHM=INPLACE, LOCK=NONE, FORCE, ADD COLUMN IF NOT EXISTS scol4 BINARY NOT NULL AFTER scol9, LOCK=NONE /* QNO 557 CON_ID 17 */
		    17 Query	SHOW ENGINE PERFORMANCE_SCHEMA STATUS /* QNO 558 CON_ID 17 */
		    17 Query	ALTER ONLINE TABLE `REFERENTIAL_CONSTRAINTS` ADD CONSTRAINT FOREIGN KEY ( `CONSTRAINT_SCHEMA`, `DELETE_RULE` ) REFERENCES `ENABLED_ROLES` (CONSTRAINT_SCHEMA,DELETE_RULE), ALGORITHM=INPLACE, LOCK=NONE /* QNO 559 CON_ID 17 */
		    17 Query	ALTER TABLE `SYSTEM_VARIABLES` /*!100301 */ ADD INDEX IF NOT EXISTS ind3 USING BTREE ( b(104) ), LOCK=SHARED  /* QNO 560 CON_ID 17 */
		    17 Query	ALTER TABLE `INNODB_CMPMEM_RESET` ADD CONSTRAINT j FOREIGN KEY f (`pages_used`) REFERENCES INNODB_CMPMEM_RESET (`relocation_time`) ON DELETE RESTRICT, ALGORITHM=INPLACE, LOCK=DEFAULT /* QNO 561 CON_ID 17 */
		    17 Query	SELECT * FROM test.`B` AS table1 WHERE NOT (NOT table1.`col_datetime_key` LIKE 'wait/synch/cond%' AND table1.`pk` IN ( 2, 1, 8 )) LIMIT 150 /* QNO 562 CON_ID 17 */
		    17 Query	SELECT * FROM INFORMATION_SCHEMA.`INNODB_FT_INDEX_TABLE` AS table1 HAVING ( table1.`FIRST_DOC_ID` < '1992-06-10 10:54:43.017525' OR table1.`WORD` <> '1990-10-22 06:13:42.023593') ORDER BY table1.`LAST_DOC_ID` LIMIT 167 /* QNO 563 CON_ID 17 */
		    17 Query	SET SESSION SQL_MODE= DEFAULT /* QNO 564 CON_ID 17 */
		    17 Query	ALTER ONLINE TABLE `INNODB_METRICS` /*!100301 WAIT 9 */ ADD COLUMN IF NOT EXISTS ( j DECIMAL DEFAULT NULL )  /* QNO 565 CON_ID 17 */
		    17 Query	ALTER TABLE `GLOBAL_VARIABLES` /*!100301 WAIT 9 */ ADD FOREIGN KEY u ( `VARIABLE_VALUE` ) REFERENCES `EVENTS` (VARIABLE_VALUE) ON UPDATE RESTRICT, ALGORITHM=DEFAULT, LOCK=DEFAULT /* QNO 566 CON_ID 17 */
		    17 Query	SET SESSION FOREIGN_KEY_CHECKS = ON /* QNO 567 CON_ID 17 */
		    15 Query	LOCK TABLES `time_zone_transition` WRITE, `time_zone_transition_type` AS h READ, `help_category` WRITE CONCURRENT /*!100300 WAIT 5 */ /* QNO 744 CON_ID 15 */
		    14 Query	CREATE DATABASE IF NOT EXISTS q /* QNO 971 CON_ID 14 */
		    17 Query	TRUNCATE TABLE t17 /* QNO 568 CON_ID 17 */
		    15 Query	ALTER TABLE `help_topic` ADD CONSTRAINT b FOREIGN KEY ( `url` ) REFERENCES `procs_priv` (url), ALGORITHM=COPY  /* QNO 745 CON_ID 15 */
		    17 Query	SELECT NEXT VALUE FOR seq2 /* QNO 569 CON_ID 17 */
		    17 Query	ALTER ONLINE IGNORE TABLE `USER_STATISTICS` /*!100301 */ DROP PRIMARY KEY, LOCK=EXCLUSIVE, DROP CONSTRAINT IF EXISTS m /*!100307, ALGORITHM=INSTANT */  /* QNO 570 CON_ID 17 */
		    14 Query	SHOW WARNINGS
		    14 Query	REVOKE ALL PRIVILEGES ON test.e FROM 'someuser'@'somehost' /* QNO 972 CON_ID 14 */
		    14 Query	REVOKE ALL PRIVILEGES ON c.* FROM 'someuser'@'somehost' /* QNO 973 CON_ID 14 */
		    14 Query	GRANT ALL PRIVILEGES ON test.n TO 'someuser'@'somehost' /* QNO 974 CON_ID 14 */
		    17 Query	UPDATE `EVENTS` SET `EVENT_TYPE` = 0 WHERE `INTERVAL_FIELD` = 6 /* QNO 571 CON_ID 17 */
		    15 Query	INSERT INTO `help_category` ( `pk` ) VALUES (NULL) /* QNO 746 CON_ID 15 */
		    14 Query	REVOKE ALL PRIVILEGES ON test.o FROM 'someuser'@'somehost' /* QNO 975 CON_ID 14 */
		    17 Query	SHOW ENGINE PERFORMANCE_SCHEMA STATUS /* QNO 572 CON_ID 17 */
		    15 Query	UNLOCK TABLES /* QNO 747 CON_ID 15 */
		    17 Query	UPDATE performance_schema.setup_consumers SET enabled = 'YES' WHERE name IN ( 'file_summary_by_instance' ) /* QNO 573 CON_ID 17 */
		    14 Query	GRANT UPDATE ( `col_date_key`, `col_time_key` ), SELECT ( `col_varchar_key` ), SELECT ( `col_varchar_key`, `col_varchar_key`, `col_date_nokey`, `col_time_nokey` ) ON `DD` TO 'someuser'@'somehost' /* QNO 976 CON_ID 14 */
		    17 Query	SET STATEMENT `sql_mode`=ORACLE FOR SELECT seq5.currval /* QNO 574 CON_ID 17 */
		    17 Query	ALTER TABLE `KEY_CACHES` /*!100301 WAIT 0 */ ADD PRIMARY KEY ( w DESC ) /*!100307, ALGORITHM=INSTANT */, LOCK=SHARED  /* QNO 575 CON_ID 17 */
		    15 Query	ALTER IGNORE TABLE `event` /*!100301 NOWAIT */ ALTER /*!100305 IF EXISTS */ c DROP DEFAULT /*!100307, ALGORITHM=INSTANT */  /* QNO 748 CON_ID 15 */
		    17 Query	SELECT * FROM test.`E` AS table1 LIMIT 21 /* QNO 576 CON_ID 17 */
		    15 Query	TRUNCATE TABLE performance_schema.events_waits_summary_by_thread_by_event_name /* QNO 749 CON_ID 15 */
		    17 Query	/* GenTest::Transform::ExecuteAsExecuteImmediate */ EXECUTE IMMEDIATE ' SELECT * FROM test.`E` AS table1 LIMIT 21 /* QNO 576 CON_ID 17 */ ' /* TRANSFORM_OUTCOME_UNORDERED_MATCH */ /* QNO 577 CON_ID 17 */
		    17 Prepare	SELECT * FROM test.`E` AS table1 LIMIT 21 /* QNO 576 CON_ID 17 */
		    17 Execute	SELECT * FROM test.`E` AS table1 LIMIT 21 /* QNO 576 CON_ID 17 */
		    14 Query	ALTER TABLE `AA` REMOVE PARTITIONING /* QNO 977 CON_ID 14 */
		    17 Query	/* GenTest::Transform::ExecuteAsInsertSelect */ CREATE DATABASE IF NOT EXISTS transforms /* QNO 578 CON_ID 17 */
		    15 Query	SELECT * from `tables_priv` FOR system_time AS OF DATE_ADD('20250718060349.019362', INTERVAL 1 MONTH) /* QNO 750 CON_ID 15 */
		    14 Query	ALTER TABLE `DD` ADD COLUMN c INTEGER DEFAULT NULL /* QNO 978 CON_ID 14 */
		    14 Query	ALTER TABLE `D` ADD KEY ( o ) /* QNO 979 CON_ID 14 */
		    15 Query	CREATE OR REPLACE TEMPORARY TABLE `tmp` LIKE CC  /* QNO 751 CON_ID 15 */
		    15 Query	INSERT INTO `tmp` SELECT * FROM CC  /* QNO 752 CON_ID 15 */
		    15 Query	DROP TEMPORARY TABLE IF EXISTS CC  /* QNO 753 CON_ID 15 */
		    15 Query	SHOW WARNINGS
		    15 Query	ALTER TABLE `tmp` RENAME TO CC /* QNO 754 CON_ID 15 */
		    15 Query	SELECT * from t9 WHERE row_end = @trx_user_var /* QNO 755 CON_ID 15 */
		    15 Query	SELECT * FROM test.`DD` AS table1 ORDER BY table1.`col_int_key` LIMIT 50 /* QNO 756 CON_ID 15 */
		    15 Query	SELECT * FROM INFORMATION_SCHEMA.`COLLATIONS` AS table1 WHERE NOT ( ( ( ( table1.`SORTLEN` IN ( 9, 1, 5 ) OR table1.`IS_COMPILED` <= 'k') AND table1.`ID` IN ( 5, 6, 4 )) AND table1.`SORTLEN` IN ( 2, 2, 1 )) AND table1.`SORTLEN` != 't') HAVING table1.`ID` > 'hj' IS NULL ORDER BY table1.`IS_DEFAULT` LIMIT 240 /* QNO 757 CON_ID 15 */
		    15 Query	SHOW WARNINGS
		    15 Query	SELECT * FROM `PLUGINS` INTO OUTFILE 'load_PLUGINS'  /* QNO 758 CON_ID 15 */
		    15 Query	LOAD DATA INFILE 'load_PLUGINS' REPLACE INTO TABLE PLUGINS /* QNO 759 CON_ID 15 */
		    15 Query	UPDATE performance_schema.setup_timers SET timer_name = 'NANOSECOND' /* QNO 760 CON_ID 15 */
		    15 Query	ALTER TABLE `SCHEMATA` /*!100301 WAIT 3 */ ADD INDEX IF NOT EXISTS ( r ) /*!100307, ALGORITHM=NOCOPY */  /* QNO 761 CON_ID 15 */
		    15 Query	SHOW EXPLAIN FOR 222 /* QNO 762 CON_ID 15 */
		    15 Query	TRUNCATE TABLE performance_schema.events_waits_summary_by_event_name /* QNO 763 CON_ID 15 */
		    15 Query	SHOW TABLES FROM performance_schema  /* QNO 764 CON_ID 15 */
		    15 Query	ALTER TABLE `SYSTEM_VARIABLES` DROP PARTITION IF EXISTS ver_p1 /* QNO 765 CON_ID 15 */
		    15 Query	UNLOCK TABLES /* QNO 766 CON_ID 15 */
		    15 Query	SHOW ENGINE PERFORMANCE_SCHEMA STATUS /* QNO 767 CON_ID 15 */
		    15 Query	ALTER TABLE t16 FORCE, LOCK=NONE, ALGORITHM=INPLACE /* QNO 768 CON_ID 15 */
		    16 Query	SHOW WARNINGS
		    16 Query	SELECT * FROM test.`AA` AS table1 WHERE ( ( table1.`col_time_key` <> table1.`col_date_key` AND table1.`col_datetime_nokey` <= '2018-02-14 02:33:05.018497') OR table1.`col_datetime_nokey` != '1971-08-14 16:26:26.051489') HAVING table1.`col_time_key` = '2008-07-19 14:41:05.027029' IS NULL LIMIT 193 /* QNO 561 CON_ID 16 */
		    18 Query	UPDATE transforms.where_updatedelete_22992 SET `NEXT VALUE FOR seq1` = ( SELECT NEXT VALUE FOR seq1 /* QNO 641 CON_ID 18 */  ) + 9999 WHERE `NEXT VALUE FOR seq1` NOT IN ( SELECT NEXT VALUE FOR seq1 /* QNO 641 CON_ID 18 */  )  /* QNO 657 CON_ID 18 */
		    16 Query	SELECT * FROM INFORMATION_SCHEMA.`INNODB_FT_CONFIG` AS table1 WHERE (NOT table1.`KEY` LIKE 'wait/synch%' AND table1.`KEY` = 6) HAVING NOT table1.`VALUE` >= 9 ORDER BY table1.`KEY`, table1.`KEY`, table1.`VALUE`, table1.`VALUE`, table1.`VALUE` LIMIT 239 /* QNO 562 CON_ID 16 */
		    16 Query	/* GenTest::Transform::ExecuteAsExecuteImmediate */ EXECUTE IMMEDIATE ' SELECT * FROM INFORMATION_SCHEMA.`INNODB_FT_CONFIG` AS table1 WHERE (NOT table1.`KEY` LIKE \'wait/synch%\' AND table1.`KEY` = 6) HAVING NOT table1.`VALUE` >= 9 ORDER BY table1.`KEY`, table1.`KEY`, table1.`VALUE`, table1.`VALUE`, table1.`VALUE` LIMIT 239 /* QNO 562 CON_ID 16 */ ' /* TRANSFORM_OUTCOME_UNORDERED_MATCH */ /* QNO 563 CON_ID 16 */
		    16 Prepare	SELECT * FROM INFORMATION_SCHEMA.`INNODB_FT_CONFIG` AS table1 WHERE (NOT table1.`KEY` LIKE 'wait/synch%' AND table1.`KEY` = 6) HAVING NOT table1.`VALUE` >= 9 ORDER BY table1.`KEY`, table1.`KEY`, table1.`VALUE`, table1.`VALUE`, table1.`VALUE` LIMIT 239 /* QNO 562 CON_ID 16 */
		    16 Execute	SELECT * FROM INFORMATION_SCHEMA.`INNODB_FT_CONFIG` AS table1 WHERE (NOT table1.`KEY` LIKE 'wait/synch%' AND table1.`KEY` = 6) HAVING NOT table1.`VALUE` >= 9 ORDER BY table1.`KEY`, table1.`KEY`, table1.`VALUE`, table1.`VALUE`, table1.`VALUE` LIMIT 239 /* QNO 562 CON_ID 16 */
		    16 Query	/* GenTest::Transform::ExecuteAsInsertSelect */ CREATE DATABASE IF NOT EXISTS transforms /* QNO 564 CON_ID 16 */
		    18 Query	SELECT IF((ROW_COUNT() = 0 OR ROW_COUNT() = -1), 1, 0) /* TRANSFORM_OUTCOME_SINGLE_INTEGER_ONE */ /* QNO 658 CON_ID 18 */
		    18 Query	SELECT * FROM transforms.where_updatedelete_22992 /* TRANSFORM_OUTCOME_UNORDERED_MATCH */ /* QNO 659 CON_ID 18 */
		    18 Query	UPDATE transforms.where_updatedelete_22992 SET `NEXT VALUE FOR seq1` = ( SELECT NEXT VALUE FOR seq1 /* QNO 641 CON_ID 18 */  ) WHERE `NEXT VALUE FOR seq1` IN ( SELECT NEXT VALUE FOR seq1 /* QNO 641 CON_ID 18 */  )  /* QNO 660 CON_ID 18 */
		    18 Query	SELECT IF((ROW_COUNT() = 1 OR ROW_COUNT() = -1), 1, 0) /* TRANSFORM_OUTCOME_SINGLE_INTEGER_ONE */ /* QNO 661 CON_ID 18 */
		    18 Query	SELECT * FROM transforms.where_updatedelete_22992 /* TRANSFORM_OUTCOME_UNORDERED_MATCH */ /* QNO 662 CON_ID 18 */
		    18 Query	DELETE FROM transforms.where_updatedelete_22992 WHERE `NEXT VALUE FOR seq1` IN ( SELECT NEXT VALUE FOR seq1 /* QNO 641 CON_ID 18 */  )  /* QNO 663 CON_ID 18 */
		    18 Query	SELECT IF((ROW_COUNT() = 1 OR ROW_COUNT() = -1), 1, 0) /* TRANSFORM_OUTCOME_SINGLE_INTEGER_ONE */ /* QNO 664 CON_ID 18 */
		    18 Query	SELECT * FROM transforms.where_updatedelete_22992 /* TRANSFORM_OUTCOME_EMPTY_RESULT */ /* QNO 665 CON_ID 18 */
		    18 Query	DROP TABLE IF EXISTS transforms.where_updatedelete_22992 /* QNO 666 CON_ID 18 */
		    15 Query	SHOW ENGINE PERFORMANCE_SCHEMA STATUS /* QNO 769 CON_ID 15 */
		    14 Query	ALTER TABLE `C` ADD COLUMN j INTEGER DEFAULT NULL /* QNO 980 CON_ID 14 */
		    15 Query	ALTER TABLE t9 /*!100301 NOWAIT */ FORCE, LOCK=NONE, ALGORITHM=DEFAULT  /* QNO 770 CON_ID 15 */
		    16 Query	SHOW WARNINGS
		    16 Query	DROP TABLE IF EXISTS transforms.insert_select_22988 /* QNO 565 CON_ID 16 */
		    17 Query	SHOW WARNINGS
		    17 Query	DROP TABLE IF EXISTS transforms.insert_select_22990 /* QNO 579 CON_ID 17 */
		    16 Query	SHOW WARNINGS
		    16 Query	CREATE TABLE transforms.insert_select_22988  SELECT * FROM INFORMATION_SCHEMA.`INNODB_FT_CONFIG` AS table1 WHERE (NOT table1.`KEY` LIKE 'wait/synch%' AND table1.`KEY` = 6) HAVING NOT table1.`VALUE` >= 9 ORDER BY table1.`KEY`, table1.`KEY`, table1.`VALUE`, table1.`VALUE`, table1.`VALUE` LIMIT 239 /* QNO 562 CON_ID 16 */  /* QNO 566 CON_ID 16 */
		    17 Query	SHOW WARNINGS
		    17 Query	CREATE TABLE transforms.insert_select_22990  SELECT * FROM test.`E` AS table1 LIMIT 21 /* QNO 576 CON_ID 17 */  /* QNO 580 CON_ID 17 */
		    19 Query	SELECT * FROM transforms.insert_select_22994 /* TRANSFORM_OUTCOME_UNORDERED_MATCH */ /* QNO 618 CON_ID 19 */
		    19 Query	DELETE FROM transforms.insert_select_22994 /* QNO 619 CON_ID 19 */
		    19 Query	INSERT INTO transforms.insert_select_22994  SELECT * FROM (INFORMATION_SCHEMA.`VIEWS` AS table1 INNER JOIN INFORMATION_SCHEMA.`SYSTEM_VARIABLES` AS table2 ON ( table2.`VARIABLE_NAME` = table1.`VIEW_DEFINITION` ) ) WHERE table2.`NUMERIC_MAX_VALUE` <> '1972-05-10 02:40:15.048030' HAVING ( ( (NOT (NOT ( table2.`NUMERIC_MAX_VALUE` > '2032-05-07 21:42:52.006478' AND table1.`COLLATION_CONNECTION` != '1972-12-24 03:10:49.055501') AND table2.`READ_ONLY` != 6) OR table2.`GLOBAL_VALUE_ORIGIN` < 't') OR table2.`NUMERIC_MAX_VALUE` <= 9) AND table2.`READ_ONLY` <= '2012-02-27 21:24:24.044206') ORDER BY table1.`TABLE_SCHEMA`, table2.`GLOBAL_VALUE`, table2.`VARIABLE_COMMENT`, table2.`VARIABLE_SCOPE` LIMIT 36 /* QNO 613 CON_ID 19 */  /* QNO 620 CON_ID 19 */
		    18 Query	ALTER IGNORE TABLE `table_io_waits_summary_by_table` /*!100301 NOWAIT */ ADD PRIMARY KEY ( r(27) ), ALGORITHM=INPLACE, DROP KEY IF EXISTS `AVG_TIMER_DELETE`  /* QNO 667 CON_ID 18 */
		    14 Query	GRANT SHOW DATABASES, REPLICATION SLAVE ON *.* to 'someuser'@'somehost' /* QNO 981 CON_ID 14 */
		    14 Query	ALTER TABLE `CC` ADD PRIMARY KEY (`pk`) /* QNO 982 CON_ID 14 */
		    14 Query	REVOKE ALL PRIVILEGES ON p.* FROM 'someuser'@'somehost' /* QNO 983 CON_ID 14 */
		    14 Query	REVOKE ALL PRIVILEGES ON test.r FROM 'someuser'@'somehost' /* QNO 984 CON_ID 14 */
		    14 Query	CREATE FUNCTION g ( j INTEGER, o INTEGER ) RETURNS INTEGER RETURN 1 /* QNO 985 CON_ID 14 */
		    14 Query	DROP TRIGGER IF EXISTS q /* QNO 986 CON_ID 14 */
		    18 Query	SELECT * FROM mysql.`transaction_registry` AS table1 LIMIT 199 /* QNO 668 CON_ID 18 */
		    18 Query	/* GenTest::Transform::ExecuteAsExecuteImmediate */ EXECUTE IMMEDIATE ' SELECT * FROM mysql.`transaction_registry` AS table1 LIMIT 199 /* QNO 668 CON_ID 18 */ ' /* TRANSFORM_OUTCOME_UNORDERED_MATCH */ /* QNO 669 CON_ID 18 */
		    18 Prepare	SELECT * FROM mysql.`transaction_registry` AS table1 LIMIT 199 /* QNO 668 CON_ID 18 */
		    18 Execute	SELECT * FROM mysql.`transaction_registry` AS table1 LIMIT 199 /* QNO 668 CON_ID 18 */
		    18 Query	/* GenTest::Transform::ExecuteAsInsertSelect */ CREATE DATABASE IF NOT EXISTS transforms /* QNO 670 CON_ID 18 */
		    14 Query	ALTER TABLE `DD` DROP KEY r /* QNO 987 CON_ID 14 */
		    14 Query	GRANT SELECT ( `col_varchar_nokey` ), SELECT ( `col_time_key` ) ON `DD` TO 'someuser'@'somehost' /* QNO 988 CON_ID 14 */
		    14 Query	DROP TRIGGER IF EXISTS o /* QNO 989 CON_ID 14 */
		    14 Query	SHOW WARNINGS
		    14 Query	DROP FUNCTION IF EXISTS x /* QNO 990 CON_ID 14 */
		    14 Query	SHOW WARNINGS
		    14 Query	DROP DATABASE IF EXISTS o /* QNO 991 CON_ID 14 */
		    14 Query	SHOW WARNINGS
		    14 Query	DROP EVENT p /* QNO 992 CON_ID 14 */
		    14 Query	CREATE TRIGGER i BEFORE INSERT ON `D` FOR EACH ROW BEGIN INSERT INTO `DD` SELECT * FROM `D` LIMIT 0 ; END ; /* QNO 993 CON_ID 14 */
		    17 Query	SELECT * FROM transforms.insert_select_22990 /* TRANSFORM_OUTCOME_UNORDERED_MATCH */ /* QNO 581 CON_ID 17 */
		    14 Query	ALTER TABLE `BB` ADD COLUMN z INTEGER DEFAULT NULL /* QNO 994 CON_ID 14 */
		    17 Query	DELETE FROM transforms.insert_select_22990 /* QNO 582 CON_ID 17 */
		    17 Query	INSERT INTO transforms.insert_select_22990  SELECT * FROM test.`E` AS table1 LIMIT 21 /* QNO 576 CON_ID 17 */  /* QNO 583 CON_ID 17 */
		    17 Query	SELECT * FROM transforms.insert_select_22990 /* TRANSFORM_OUTCOME_UNORDERED_MATCH */ /* QNO 584 CON_ID 17 */
		    17 Query	DELETE FROM transforms.insert_select_22990 /* QNO 585 CON_ID 17 */
		    17 Query	REPLACE INTO transforms.insert_select_22990  SELECT * FROM test.`E` AS table1 LIMIT 21 /* QNO 576 CON_ID 17 */  /* QNO 586 CON_ID 17 */
		    17 Query	SELECT * FROM transforms.insert_select_22990 /* TRANSFORM_OUTCOME_UNORDERED_MATCH */ /* QNO 587 CON_ID 17 */
		    17 Query	DROP TABLE transforms.insert_select_22990 /* QNO 588 CON_ID 17 */
		    19 Query	SHOW WARNINGS
		    19 Query	SELECT * FROM transforms.insert_select_22994 /* TRANSFORM_OUTCOME_UNORDERED_MATCH */ /* QNO 621 CON_ID 19 */
		    19 Query	DELETE FROM transforms.insert_select_22994 /* QNO 622 CON_ID 19 */
		    19 Query	REPLACE INTO transforms.insert_select_22994  SELECT * FROM (INFORMATION_SCHEMA.`VIEWS` AS table1 INNER JOIN INFORMATION_SCHEMA.`SYSTEM_VARIABLES` AS table2 ON ( table2.`VARIABLE_NAME` = table1.`VIEW_DEFINITION` ) ) WHERE table2.`NUMERIC_MAX_VALUE` <> '1972-05-10 02:40:15.048030' HAVING ( ( (NOT (NOT ( table2.`NUMERIC_MAX_VALUE` > '2032-05-07 21:42:52.006478' AND table1.`COLLATION_CONNECTION` != '1972-12-24 03:10:49.055501') AND table2.`READ_ONLY` != 6) OR table2.`GLOBAL_VALUE_ORIGIN` < 't') OR table2.`NUMERIC_MAX_VALUE` <= 9) AND table2.`READ_ONLY` <= '2012-02-27 21:24:24.044206') ORDER BY table1.`TABLE_SCHEMA`, table2.`GLOBAL_VALUE`, table2.`VARIABLE_COMMENT`, table2.`VARIABLE_SCOPE` LIMIT 36 /* QNO 613 CON_ID 19 */  /* QNO 623 CON_ID 19 */
		    18 Query	SHOW WARNINGS
		    16 Query	SELECT * FROM transforms.insert_select_22988 /* TRANSFORM_OUTCOME_UNORDERED_MATCH */ /* QNO 567 CON_ID 16 */
		    14 Query	GRANT REPLICATION SLAVE, USAGE, PROCESS, RELOAD, REPLICATION SLAVE ON *.* to 'someuser'@'somehost' /* QNO 995 CON_ID 14 */
		    18 Query	DROP TABLE IF EXISTS transforms.insert_select_22992 /* QNO 671 CON_ID 18 */
		    18 Query	SHOW WARNINGS
		    16 Query	DELETE FROM transforms.insert_select_22988 /* QNO 568 CON_ID 16 */
		    18 Query	CREATE TABLE transforms.insert_select_22992  SELECT * FROM mysql.`transaction_registry` AS table1 LIMIT 199 /* QNO 668 CON_ID 18 */  /* QNO 672 CON_ID 18 */
		    16 Query	INSERT INTO transforms.insert_select_22988  SELECT * FROM INFORMATION_SCHEMA.`INNODB_FT_CONFIG` AS table1 WHERE (NOT table1.`KEY` LIKE 'wait/synch%' AND table1.`KEY` = 6) HAVING NOT table1.`VALUE` >= 9 ORDER BY table1.`KEY`, table1.`KEY`, table1.`VALUE`, table1.`VALUE`, table1.`VALUE` LIMIT 239 /* QNO 562 CON_ID 16 */  /* QNO 569 CON_ID 16 */
		    14 Query	DROP DATABASE IF EXISTS e /* QNO 996 CON_ID 14 */
		    16 Query	SELECT * FROM transforms.insert_select_22988 /* TRANSFORM_OUTCOME_UNORDERED_MATCH */ /* QNO 570 CON_ID 16 */
		    16 Query	DELETE FROM transforms.insert_select_22988 /* QNO 571 CON_ID 16 */
		    16 Query	REPLACE INTO transforms.insert_select_22988  SELECT * FROM INFORMATION_SCHEMA.`INNODB_FT_CONFIG` AS table1 WHERE (NOT table1.`KEY` LIKE 'wait/synch%' AND table1.`KEY` = 6) HAVING NOT table1.`VALUE` >= 9 ORDER BY table1.`KEY`, table1.`KEY`, table1.`VALUE`, table1.`VALUE`, table1.`VALUE` LIMIT 239 /* QNO 562 CON_ID 16 */  /* QNO 572 CON_ID 16 */
		    16 Query	SELECT * FROM transforms.insert_select_22988 /* TRANSFORM_OUTCOME_UNORDERED_MATCH */ /* QNO 573 CON_ID 16 */
		    16 Query	DROP TABLE transforms.insert_select_22988 /* QNO 574 CON_ID 16 */
		    17 Query	ALTER ONLINE TABLE `D` DROP FOREIGN KEY p, LOCK=SHARED /* QNO 589 CON_ID 17 */
		    14 Query	CREATE OR REPLACE VIEW x AS SELECT * FROM `D` /* QNO 997 CON_ID 14 */
		    15 Query	SELECT * FROM performance_schema.`mutex_instances` AS table1 WHERE ( table1.`LOCKED_BY_THREAD_ID` <> '1985-06-17 16:30:18.050032' AND table1.`LOCKED_BY_THREAD_ID` <> 1) HAVING NOT (NOT (NOT (table1.`LOCKED_BY_THREAD_ID` >= 'j' IS NULL AND table1.`NAME` < 'tn') AND table1.`NAME` = 'nq') OR table1.`OBJECT_INSTANCE_BEGIN` <> 'qd') LIMIT 67 /* QNO 771 CON_ID 15 */
		    14 Query	/* GenTest::Transform::ExecuteAsExecuteImmediate */ EXECUTE IMMEDIATE 'CREATE OR REPLACE VIEW x AS SELECT * FROM `D` /* QNO 997 CON_ID 14 */ ' /* TRANSFORM_OUTCOME_UNORDERED_MATCH */ /* QNO 998 CON_ID 14 */
		    14 Prepare	CREATE OR REPLACE VIEW x AS SELECT * FROM `D` /* QNO 997 CON_ID 14 */
		    15 Query	SHOW WARNINGS
		    14 Execute	CREATE OR REPLACE VIEW x AS SELECT * FROM `D` /* QNO 997 CON_ID 14 */
		    14 Query	GRANT ALL PRIVILEGES ON test.r TO 'someuser'@'somehost' /* QNO 999 CON_ID 14 */
		    14 Query	CREATE OR REPLACE VIEW n AS SELECT * FROM `A` /* QNO 1000 CON_ID 14 */
		    15 Query	ALTER TABLE `events_stages_summary_by_user_by_event_name` DROP COLUMN IF EXISTS tcol7, ALGORITHM=INPLACE, ADD COLUMN IF NOT EXISTS ( vcol2 GEOMETRY AS ( geocol10 ) STORED ), ALGORITHM=COPY, LOCK=NONE /* QNO 772 CON_ID 15 */
		    14 Query	/* GenTest::Transform::ExecuteAsExecuteImmediate */ EXECUTE IMMEDIATE 'CREATE OR REPLACE VIEW n AS SELECT * FROM `A` /* QNO 1000 CON_ID 14 */ ' /* TRANSFORM_OUTCOME_UNORDERED_MATCH */ /* QNO 1001 CON_ID 14 */
		    14 Prepare	CREATE OR REPLACE VIEW n AS SELECT * FROM `A` /* QNO 1000 CON_ID 14 */
		    15 Query	SELECT * FROM INFORMATION_SCHEMA.`SCHEMATA` AS table1 ORDER BY table1.`CATALOG_NAME`, table1.`SQL_PATH`, table1.`DEFAULT_CHARACTER_SET_NAME` LIMIT 96 /* QNO 773 CON_ID 15 */
		    14 Execute	CREATE OR REPLACE VIEW n AS SELECT * FROM `A` /* QNO 1000 CON_ID 14 */
		    14 Query	CREATE EVENT u ON SCHEDULE AT NOW() DO SET @a=@a /* QNO 1002 CON_ID 14 */
190122 13:39:46	    14 Query	DROP DATABASE IF EXISTS f /* QNO 1003 CON_ID 14 */
		    14 Query	SHOW WARNINGS
		    15 Query	/* GenTest::Transform::ExecuteAsExecuteImmediate */ EXECUTE IMMEDIATE ' SELECT * FROM INFORMATION_SCHEMA.`SCHEMATA` AS table1 ORDER BY table1.`CATALOG_NAME`, table1.`SQL_PATH`, table1.`DEFAULT_CHARACTER_SET_NAME` LIMIT 96 /* QNO 773 CON_ID 15 */ ' /* TRANSFORM_OUTCOME_UNORDERED_MATCH */ /* QNO 774 CON_ID 15 */
		    14 Query	ALTER TABLE `DD` DROP COLUMN o /* QNO 1004 CON_ID 14 */
		    15 Prepare	SELECT * FROM INFORMATION_SCHEMA.`SCHEMATA` AS table1 ORDER BY table1.`CATALOG_NAME`, table1.`SQL_PATH`, table1.`DEFAULT_CHARACTER_SET_NAME` LIMIT 96 /* QNO 773 CON_ID 15 */
		    14 Query	CREATE EVENT u ON SCHEDULE AT NOW() DO SET @a=@a /* QNO 1005 CON_ID 14 */
		    15 Execute	SELECT * FROM INFORMATION_SCHEMA.`SCHEMATA` AS table1 ORDER BY table1.`CATALOG_NAME`, table1.`SQL_PATH`, table1.`DEFAULT_CHARACTER_SET_NAME` LIMIT 96 /* QNO 773 CON_ID 15 */
		    15 Query	/* GenTest::Transform::ExecuteAsInsertSelect */ CREATE DATABASE IF NOT EXISTS transforms /* QNO 775 CON_ID 15 */
		    18 Query	SELECT * FROM transforms.insert_select_22992 /* TRANSFORM_OUTCOME_UNORDERED_MATCH */ /* QNO 673 CON_ID 18 */
		    14 Query	DROP TRIGGER IF EXISTS y /* QNO 1006 CON_ID 14 */
		    14 Query	SHOW WARNINGS
		    18 Query	DELETE FROM transforms.insert_select_22992 /* QNO 674 CON_ID 18 */
		    14 Query	GRANT SHOW DATABASES, REPLICATION SLAVE, SHUTDOWN ON *.* to 'someuser'@'somehost' /* QNO 1007 CON_ID 14 */
		    14 Query	DROP DATABASE IF EXISTS y /* QNO 1008 CON_ID 14 */
		    18 Query	INSERT INTO transforms.insert_select_22992  SELECT * FROM mysql.`transaction_registry` AS table1 LIMIT 199 /* QNO 668 CON_ID 18 */  /* QNO 675 CON_ID 18 */
		    18 Query	SELECT * FROM transforms.insert_select_22992 /* TRANSFORM_OUTCOME_UNORDERED_MATCH */ /* QNO 676 CON_ID 18 */
		    18 Query	DELETE FROM transforms.insert_select_22992 /* QNO 677 CON_ID 18 */
		    18 Query	REPLACE INTO transforms.insert_select_22992  SELECT * FROM mysql.`transaction_registry` AS table1 LIMIT 199 /* QNO 668 CON_ID 18 */  /* QNO 678 CON_ID 18 */
		    18 Query	SELECT * FROM transforms.insert_select_22992 /* TRANSFORM_OUTCOME_UNORDERED_MATCH */ /* QNO 679 CON_ID 18 */
		    18 Query	DROP TABLE transforms.insert_select_22992 /* QNO 680 CON_ID 18 */
		    17 Query	ALTER TABLE `D` ENGINE=InnoDB /* QNO 590 CON_ID 17 */
		    14 Query	ALTER TABLE `A` ADD KEY ( b ) /* QNO 1009 CON_ID 14 */
		    16 Query	INSERT INTO `EVENTS` SELECT * FROM `INNODB_SYS_SEMAPHORE_WAITS` /* QNO 575 CON_ID 16 */
		    16 Query	INSERT INTO t19 ( ecol2 ) SELECT `THREAD_ID` FROM t4 /* QNO 576 CON_ID 16 */
		    15 Query	SHOW WARNINGS
		    15 Query	DROP TABLE IF EXISTS transforms.insert_select_22986 /* QNO 776 CON_ID 15 */
		    15 Query	SHOW WARNINGS
		    15 Query	CREATE TABLE transforms.insert_select_22986  SELECT * FROM INFORMATION_SCHEMA.`SCHEMATA` AS table1 ORDER BY table1.`CATALOG_NAME`, table1.`SQL_PATH`, table1.`DEFAULT_CHARACTER_SET_NAME` LIMIT 96 /* QNO 773 CON_ID 15 */  /* QNO 777 CON_ID 15 */
		    16 Query	ALTER IGNORE TABLE `INNODB_TABLESPACES_ENCRYPTION` /*!100301 */ ADD PRIMARY KEY USING RTREE ( `CURRENT_KEY_VERSION`(118) ), LOCK=NONE  /* QNO 577 CON_ID 16 */
		    16 Query	INSERT INTO `INNODB_METRICS` (`TIME_ELAPSED`) VALUES ('') /* QNO 578 CON_ID 16 */
		    16 Query	TRUNCATE TABLE performance_schema.file_summary_by_event_name /* QNO 579 CON_ID 16 */
		    16 Query	UPDATE performance_schema.setup_instruments SET TIMED = 'YES' ORDER BY RAND() LIMIT 9 /* QNO 580 CON_ID 16 */
		    16 Query	TRUNCATE TABLE performance_schema.events_waits_summary_by_event_name /* QNO 581 CON_ID 16 */
		    14 Query	DROP DATABASE IF EXISTS p /* QNO 1010 CON_ID 14 */
		    14 Query	SHOW WARNINGS
		    16 Query	INSERT INTO t12 () VALUES (),() /* QNO 582 CON_ID 16 */
		    14 Query	CREATE PROCEDURE x ( OUT i INT ) BEGIN SELECT COUNT(*) INTO @a FROM `C`; END ; /* QNO 1011 CON_ID 14 */
		    14 Query	DROP TRIGGER IF EXISTS n /* QNO 1012 CON_ID 14 */
		    14 Query	SHOW WARNINGS
		    14 Query	DROP FUNCTION IF EXISTS k /* QNO 1013 CON_ID 14 */
		    14 Query	SHOW WARNINGS
		    14 Query	ALTER TABLE `BB` REMOVE PARTITIONING /* QNO 1014 CON_ID 14 */
		    14 Query	CREATE EVENT a ON SCHEDULE AT NOW() DO SET @a=@a /* QNO 1015 CON_ID 14 */
		    14 Query	GRANT ALL PRIVILEGES ON c.* TO 'someuser'@'somehost' /* QNO 1016 CON_ID 14 */
		    14 Query	REVOKE PROCESS, REPLICATION CLIENT, REPLICATION SLAVE, SHOW DATABASES, REPLICATION SLAVE ON *.* FROM 'someuser'@'somehost' /* QNO 1017 CON_ID 14 */
		    14 Query	DROP FUNCTION IF EXISTS u /* QNO 1018 CON_ID 14 */
		    18 Query	UNLOCK TABLES /* QNO 681 CON_ID 18 */
