		    19 Query	SELECT * FROM test.`A` AS table1 WHERE NOT (NOT ( ( ( ( ( table1.`col_datetime_nokey` IN ( 2, 3, 2 ) AND table1.`col_int_nokey` != 'vg') AND table1.`col_datetime_key` IN ( 1, 1, 5 )) AND table1.`col_date_key` LIKE '%mysys%') AND table1.`col_time_nokey` IN ( 1, 7, 2 )) AND table1.`pk` > 0) OR table1.`col_datetime_nokey` LIKE 'wait/synch/rwlock%') HAVING (table1.`col_time_key` < 5 IS NULL OR table1.`col_datetime_key` <= 4) ORDER BY table1.`col_int_key` LIMIT 35 /* QNO 371 CON_ID 19 */
		    19 Query	ALTER TABLE `D` /*!100301 */ ALTER /*!100305 IF EXISTS */ z DROP DEFAULT, ALGORITHM=INPLACE, LOCK=DEFAULT, ADD COLUMN IF NOT EXISTS `col_date_key` TIME NOT NULL DEFAULT 0  /* QNO 372 CON_ID 19 */
		    19 Query	UPDATE `B` SET `col_date_nokey` = '2008-07-08 10:04:38.018648' WHERE `col_varchar_nokey` < 'gg' /* QNO 373 CON_ID 19 */
		    14 Query	REVOKE ALL PRIVILEGES ON test.e FROM 'someuser'@'somehost' /* QNO 473 CON_ID 14 */
		    14 Query	ALTER TABLE `DD` ADD KEY ( n ) /* QNO 474 CON_ID 14 */
		    14 Query	ALTER TABLE `D` ADD COLUMN t INTEGER DEFAULT NULL /* QNO 475 CON_ID 14 */
		    17 Query	ALTER TABLE `INNODB_BUFFER_PAGE_LRU` /*!100301 */ ADD COLUMN IF NOT EXISTS ( `LRU_POSITION` MULTILINESTRING /*!100201 DEFAULT ST_GEOMFROMTEXT('Point(1 1)') */, c ENUM('foo','bar') GENERATED ALWAYS AS ( h ) /*!100201 STORED */ /* PERSISTENT */ ), ALGORITHM=INPLACE  /* QNO 251 CON_ID 17 */
		    17 Query	ALTER TABLE t19 ENGINE=InnoDB /* QNO 252 CON_ID 17 */
		    19 Query	SELECT * FROM INFORMATION_SCHEMA.`INNODB_TRX` AS table1 LIMIT 160 /* QNO 374 CON_ID 19 */
		    19 Query	/* GenTest::Transform::ExecuteAsExecuteImmediate */ EXECUTE IMMEDIATE ' SELECT * FROM INFORMATION_SCHEMA.`INNODB_TRX` AS table1 LIMIT 160 /* QNO 374 CON_ID 19 */ ' /* TRANSFORM_OUTCOME_UNORDERED_MATCH */ /* QNO 375 CON_ID 19 */
		    19 Prepare	SELECT * FROM INFORMATION_SCHEMA.`INNODB_TRX` AS table1 LIMIT 160 /* QNO 374 CON_ID 19 */
		    19 Execute	SELECT * FROM INFORMATION_SCHEMA.`INNODB_TRX` AS table1 LIMIT 160 /* QNO 374 CON_ID 19 */
		    19 Query	/* GenTest::Transform::ExecuteAsInsertSelect */ CREATE DATABASE IF NOT EXISTS transforms /* QNO 376 CON_ID 19 */
		    19 Query	SHOW WARNINGS
		    19 Query	DROP TABLE IF EXISTS transforms.insert_select_22994 /* QNO 377 CON_ID 19 */
		    19 Query	SHOW WARNINGS
		    19 Query	CREATE TABLE transforms.insert_select_22994  SELECT * FROM INFORMATION_SCHEMA.`INNODB_TRX` AS table1 LIMIT 160 /* QNO 374 CON_ID 19 */  /* QNO 378 CON_ID 19 */
		    18 Query	SELECT * FROM `CLIENT_STATISTICS` INTO OUTFILE 'load_CLIENT_STATISTICS'  /* QNO 257 CON_ID 18 */
		    18 Query	LOAD DATA INFILE 'load_CLIENT_STATISTICS' IGNORE INTO TABLE CLIENT_STATISTICS /* QNO 258 CON_ID 18 */
		    18 Query	SELECT * FROM mysql.transaction_registry /* QNO 259 CON_ID 18 */
		    18 Query	/* GenTest::Transform::ExecuteAsExecuteImmediate */ EXECUTE IMMEDIATE 'SELECT * FROM mysql.transaction_registry /* QNO 259 CON_ID 18 */ ' /* TRANSFORM_OUTCOME_UNORDERED_MATCH */ /* QNO 260 CON_ID 18 */
		    18 Prepare	SELECT * FROM mysql.transaction_registry /* QNO 259 CON_ID 18 */
		    18 Execute	SELECT * FROM mysql.transaction_registry /* QNO 259 CON_ID 18 */
		    18 Query	/* GenTest::Transform::ExecuteAsInsertSelect */ CREATE DATABASE IF NOT EXISTS transforms /* QNO 261 CON_ID 18 */
		    14 Query	ALTER TABLE `DD` ADD PRIMARY KEY (`pk`) /* QNO 476 CON_ID 14 */
		    14 Query	GRANT ALL PRIVILEGES ON g.* TO 'someuser'@'somehost' /* QNO 477 CON_ID 14 */
		    14 Query	ALTER TABLE `D` ADD COLUMN e INTEGER DEFAULT NULL /* QNO 478 CON_ID 14 */
		    17 Query	INSERT INTO `INNODB_METRICS` ( `pk` ) VALUES (NULL) /* QNO 253 CON_ID 17 */
		    17 Query	ALTER IGNORE TABLE `INNODB_SYS_FOREIGN` /*!100301 */ ADD CONSTRAINT g UNIQUE ind1 USING BTREE ( v(255) ) /*!100307, ALGORITHM=INSTANT */, DROP CONSTRAINT w, ALGORITHM=COPY, LOCK=SHARED  /* QNO 254 CON_ID 17 */
		    17 Query	SET STATEMENT system_versioning_alter_history=KEEP FOR ALTER TABLE `SPATIAL_REF_SYS` PARTITION BY system_time INTERVAL 9 SECOND ( PARTITION ver_p1 HISTORY, PARTITION ver_pn CURRENT ) /* QNO 255 CON_ID 17 */
		    18 Query	SHOW WARNINGS
		    18 Query	DROP TABLE IF EXISTS transforms.insert_select_22992 /* QNO 262 CON_ID 18 */
		    18 Query	SHOW WARNINGS
		    18 Query	CREATE TABLE transforms.insert_select_22992 SELECT * FROM mysql.transaction_registry /* QNO 259 CON_ID 18 */  /* QNO 263 CON_ID 18 */
		    17 Query	SHOW ENGINE PERFORMANCE_SCHEMA STATUS /* QNO 256 CON_ID 17 */
		    19 Query	SELECT * FROM transforms.insert_select_22994 /* TRANSFORM_OUTCOME_UNORDERED_MATCH */ /* QNO 379 CON_ID 19 */
		    17 Query	SELECT * FROM `COLUMN_PRIVILEGES` INTO OUTFILE 'load_COLUMN_PRIVILEGES'  /* QNO 257 CON_ID 17 */
		    19 Query	DELETE FROM transforms.insert_select_22994 /* QNO 380 CON_ID 19 */
		    17 Query	LOAD DATA INFILE 'load_COLUMN_PRIVILEGES' IGNORE INTO TABLE COLUMN_PRIVILEGES /* QNO 258 CON_ID 17 */
		    17 Query	ALTER ONLINE TABLE `COLLATIONS` /*!100301 */ ADD KEY IF NOT EXISTS ( w DESC ) /*!100307, ALGORITHM=NOCOPY */, LOCK=NONE  /* QNO 259 CON_ID 17 */
		    17 Query	DROP SEQUENCE IF EXISTS seq10 /* QNO 260 CON_ID 17 */
		    17 Query	SHOW WARNINGS
		    19 Query	INSERT INTO transforms.insert_select_22994  SELECT * FROM INFORMATION_SCHEMA.`INNODB_TRX` AS table1 LIMIT 160 /* QNO 374 CON_ID 19 */  /* QNO 381 CON_ID 19 */
		    17 Query	ALTER TABLE `COLLATIONS` /*!100301 WAIT 9 */ ADD FOREIGN KEY (`IS_COMPILED`) REFERENCES COLLATIONS (`IS_COMPILED`) ON DELETE RESTRICT /*!100307, ALGORITHM=NOCOPY */  /* QNO 261 CON_ID 17 */
		    17 Query	SHOW ENGINE PERFORMANCE_SCHEMA STATUS /* QNO 262 CON_ID 17 */
		    17 Query	UNLOCK TABLES /* QNO 263 CON_ID 17 */
		    17 Query	ALTER TABLE `TRIGGERS` /*!100301 */ CHANGE IF EXISTS g i CHAR NOT NULL DEFAULT NULL /*!100303 INVISIBLE */ AFTER `COLLATION_CONNECTION` /*!100307, ALGORITHM=INSTANT */, LOCK=DEFAULT  /* QNO 264 CON_ID 17 */
		    17 Query	ALTER TABLE t8 /*!100301 WAIT 9 */ ADD FULLTEXT KEY(scol3), ALGORITHM=COPY, RENAME TO t4  /* QNO 265 CON_ID 17 */
		    17 Query	CREATE OR REPLACE TEMPORARY TABLE `tmp` LIKE D  /* QNO 266 CON_ID 17 */
		    19 Query	SELECT * FROM transforms.insert_select_22994 /* TRANSFORM_OUTCOME_UNORDERED_MATCH */ /* QNO 382 CON_ID 19 */
		    14 Query	DROP TRIGGER IF EXISTS k /* QNO 479 CON_ID 14 */
		    14 Query	DROP EVENT h /* QNO 480 CON_ID 14 */
		    19 Query	DELETE FROM transforms.insert_select_22994 /* QNO 383 CON_ID 19 */
		    19 Query	REPLACE INTO transforms.insert_select_22994  SELECT * FROM INFORMATION_SCHEMA.`INNODB_TRX` AS table1 LIMIT 160 /* QNO 374 CON_ID 19 */  /* QNO 384 CON_ID 19 */
		    14 Query	CREATE OR REPLACE VIEW e AS SELECT * FROM `DD` /* QNO 481 CON_ID 14 */
		    14 Query	DROP TRIGGER IF EXISTS t /* QNO 482 CON_ID 14 */
		    14 Query	SHOW WARNINGS
		    14 Query	CREATE TRIGGER p BEFORE INSERT ON `B` FOR EACH ROW BEGIN INSERT INTO `DD` SELECT * FROM `C` LIMIT 0 ; END ; /* QNO 483 CON_ID 14 */
		    19 Query	SELECT * FROM transforms.insert_select_22994 /* TRANSFORM_OUTCOME_UNORDERED_MATCH */ /* QNO 385 CON_ID 19 */
		    19 Query	DROP TABLE transforms.insert_select_22994 /* QNO 386 CON_ID 19 */
		    18 Query	SELECT * FROM transforms.insert_select_22992 /* TRANSFORM_OUTCOME_UNORDERED_MATCH */ /* QNO 264 CON_ID 18 */
		    18 Query	DELETE FROM transforms.insert_select_22992 /* QNO 265 CON_ID 18 */
		    18 Query	INSERT INTO transforms.insert_select_22992 SELECT * FROM mysql.transaction_registry /* QNO 259 CON_ID 18 */  /* QNO 266 CON_ID 18 */
		    18 Query	SELECT * FROM transforms.insert_select_22992 /* TRANSFORM_OUTCOME_UNORDERED_MATCH */ /* QNO 267 CON_ID 18 */
		    18 Query	DELETE FROM transforms.insert_select_22992 /* QNO 268 CON_ID 18 */
		    18 Query	REPLACE INTO transforms.insert_select_22992 SELECT * FROM mysql.transaction_registry /* QNO 259 CON_ID 18 */  /* QNO 269 CON_ID 18 */
		    18 Query	SELECT * FROM transforms.insert_select_22992 /* TRANSFORM_OUTCOME_UNORDERED_MATCH */ /* QNO 270 CON_ID 18 */
		    18 Query	DROP TABLE transforms.insert_select_22992 /* QNO 271 CON_ID 18 */
190122 13:39:41	    17 Query	INSERT INTO `tmp` SELECT * FROM D  /* QNO 267 CON_ID 17 */
		    14 Query	ALTER TABLE `CC` REMOVE PARTITIONING /* QNO 484 CON_ID 14 */
		    19 Query	DELETE HISTORY FROM t8 BEFORE SYSTEM_TIME @trx_user_var /* QNO 387 CON_ID 19 */
		    17 Query	/* GenTest::Transform::ExecuteAsExecuteImmediate */ EXECUTE IMMEDIATE ' INSERT INTO `tmp` SELECT * FROM D  /* QNO 267 CON_ID 17 */ ' /* TRANSFORM_OUTCOME_UNORDERED_MATCH */ /* QNO 268 CON_ID 17 */
		    14 Query	REVOKE ALL PRIVILEGES ON n.* FROM 'someuser'@'somehost' /* QNO 485 CON_ID 14 */
		    17 Prepare	INSERT INTO `tmp` SELECT * FROM D  /* QNO 267 CON_ID 17 */
		    19 Query	ALTER IGNORE TABLE t2 /*!100301 WAIT 9 */ ADD FULLTEXT KEY(scol7), LOCK=EXCLUSIVE  /* QNO 388 CON_ID 19 */
		    14 Query	CREATE DATABASE IF NOT EXISTS b /* QNO 486 CON_ID 14 */
		    19 Query	CREATE SEQUENCE IF NOT EXISTS seq3 MINVALUE = 0 INCREMENT = 1 ENGINE=MyISAM /* QNO 389 CON_ID 19 */
		    15 Query	SELECT * FROM transforms.insert_select_22986 /* TRANSFORM_OUTCOME_UNORDERED_MATCH */ /* QNO 378 CON_ID 15 */
		    14 Query	REVOKE ALL PRIVILEGES ON g.* FROM 'someuser'@'somehost' /* QNO 487 CON_ID 14 */
		    14 Query	CREATE TRIGGER v BEFORE INSERT ON `DD` FOR EACH ROW BEGIN INSERT INTO `C` SELECT * FROM `C` LIMIT 0 ; END ; /* QNO 488 CON_ID 14 */
		    14 Query	GRANT SELECT ( `col_datetime_nokey`, `col_datetime_key`, `col_varchar_nokey`, `col_time_nokey` ), INSERT ( `col_datetime_key`, `col_date_key` ), SELECT ( `col_datetime_nokey` ), UPDATE ( `col_date_nokey`, `col_datetime_key` ), UPDATE ( `col_time_key`, `col_varchar_nokey` ), INSERT ( `col_time_key` ) ON `BB` TO 'someuser'@'somehost' /* QNO 489 CON_ID 14 */
		    15 Query	DROP TABLE transforms.insert_select_22986 /* QNO 379 CON_ID 15 */
		    19 Query	ALTER IGNORE TABLE `COLLATIONS` /*!100301 */ ADD UNIQUE KEY ind9 ( `IS_DEFAULT`(155) ) COMMENT 'event', LOCK=NONE, ADD KEY IF NOT EXISTS ind9 ( `IS_DEFAULT`(240) ) COMMENT 'passing', ADD KEY IF NOT EXISTS ind6 USING HASH ( l ) COMMENT 'practically'  /* QNO 390 CON_ID 19 */
		    17 Execute	INSERT INTO `tmp` SELECT * FROM D  /* QNO 267 CON_ID 17 */
		    17 Query	DROP TEMPORARY TABLE IF EXISTS D  /* QNO 269 CON_ID 17 */
		    18 Query	CREATE OR REPLACE TEMPORARY TABLE `tmp` LIKE C  /* QNO 272 CON_ID 18 */
		    19 Query	ALTER ONLINE TABLE `PLUGINS` ADD CONSTRAINT FOREIGN KEY x (`PLUGIN_VERSION`) REFERENCES PLUGINS (`PLUGIN_NAME`) ON UPDATE CASCADE, LOCK=NONE /* QNO 391 CON_ID 19 */
		    17 Query	SHOW WARNINGS
		    17 Query	ALTER TABLE `tmp` RENAME TO D /* QNO 270 CON_ID 17 */
		    17 Query	DELETE FROM `INNODB_SYS_FOREIGN_COLS` WHERE `REF_COL_NAME` <= 5 LIMIT 8 /* QNO 271 CON_ID 17 */
		    19 Query	UPDATE performance_schema.setup_consumers SET enabled = 'NO' WHERE name IN ( 'events_waits_current', 'events_waits_history_long', 'events_waits_history_long', 'events_waits_history', 'events_waits_current' ) /* QNO 392 CON_ID 19 */
		    17 Query	SHOW ENGINE PERFORMANCE_SCHEMA STATUS /* QNO 272 CON_ID 17 */
		    19 Query	CREATE TABLE `CHECK_CONSTRAINTS` LIKE `TABLE_CONSTRAINTS` /* QNO 393 CON_ID 19 */
		    17 Query	ALTER ONLINE IGNORE TABLE `INNODB_SYS_VIRTUAL` /*!100301 */ ADD PRIMARY KEY ( `BASE_POS`(108) ), ALGORITHM=COPY, LOCK=NONE  /* QNO 273 CON_ID 17 */
		    19 Query	SELECT * from `ALL_PLUGINS` WHERE row_end != @trx_user_var /* QNO 394 CON_ID 19 */
		    17 Query	TRUNCATE TABLE performance_schema.events_waits_history /* QNO 274 CON_ID 17 */
		    14 Query	CREATE TRIGGER i BEFORE INSERT ON `D` FOR EACH ROW BEGIN INSERT INTO `AA` SELECT * FROM `E` LIMIT 0 ; END ; /* QNO 490 CON_ID 14 */
		    17 Query	ALTER ONLINE IGNORE TABLE t1 /*!100301 NOWAIT */ ADD CONSTRAINT c CHECK (ecol7 LIKE tcol6)  /* QNO 275 CON_ID 17 */
		    19 Query	TRUNCATE TABLE performance_schema.events_waits_summary_by_event_name /* QNO 395 CON_ID 19 */
		    19 Query	SELECT * FROM test.`E` AS table1 LIMIT 94 /* QNO 396 CON_ID 19 */
		    14 Query	DROP VIEW IF EXISTS v /* QNO 491 CON_ID 14 */
		    14 Query	SHOW WARNINGS
		    14 Query	DROP VIEW IF EXISTS b /* QNO 492 CON_ID 14 */
		    14 Query	ALTER TABLE `B` DROP KEY l /* QNO 493 CON_ID 14 */
		    17 Query	UPDATE `PARTITIONS` SET `TABLE_CATALOG` = '1987-12-02 22:06:01.042134' WHERE `UPDATE_TIME` < '2005-12-17 21:30:16.046530' /* QNO 276 CON_ID 17 */
		    17 Query	SELECT SETVAL(seq7, -65) /* QNO 277 CON_ID 17 */
		    14 Query	DROP TRIGGER IF EXISTS p /* QNO 494 CON_ID 14 */
		    14 Query	DROP TABLE a /* QNO 495 CON_ID 14 */
		    19 Query	/* GenTest::Transform::ExecuteAsExecuteImmediate */ EXECUTE IMMEDIATE ' SELECT * FROM test.`E` AS table1 LIMIT 94 /* QNO 396 CON_ID 19 */ ' /* TRANSFORM_OUTCOME_UNORDERED_MATCH */ /* QNO 397 CON_ID 19 */
		    17 Query	SELECT * FROM `APPLICABLE_ROLES` INTO OUTFILE 'load_APPLICABLE_ROLES'  /* QNO 278 CON_ID 17 */
		    19 Prepare	SELECT * FROM test.`E` AS table1 LIMIT 94 /* QNO 396 CON_ID 19 */
		    19 Execute	SELECT * FROM test.`E` AS table1 LIMIT 94 /* QNO 396 CON_ID 19 */
		    19 Query	/* GenTest::Transform::ExecuteAsInsertSelect */ CREATE DATABASE IF NOT EXISTS transforms /* QNO 398 CON_ID 19 */
		    17 Query	LOAD DATA INFILE 'load_APPLICABLE_ROLES' IGNORE INTO TABLE APPLICABLE_ROLES /* QNO 279 CON_ID 17 */
		    15 Query	UPDATE performance_schema.setup_consumers SET enabled = 'YES' WHERE name IN ( 'events_waits_summary_by_event_name' ) /* QNO 380 CON_ID 15 */
		    19 Query	SHOW WARNINGS
		    15 Query	INSERT INTO `INNODB_TABLESPACES_SCRUBBING` ( `pk` ) VALUES (NULL) /* QNO 381 CON_ID 15 */
		    17 Query	CREATE OR REPLACE TABLE t10 (ncol10 DOUBLE NOT NULL DEFAULT '' /*!100303 INVISIBLE */ ) ROW_FORMAT = DYNAMIC  /* QNO 280 CON_ID 17 */
		    19 Query	DROP TABLE IF EXISTS transforms.insert_select_22994 /* QNO 399 CON_ID 19 */
		    15 Query	INSERT INTO `INNODB_FT_BEING_DELETED` SELECT * FROM `EVENTS` /* QNO 382 CON_ID 15 */
		    18 Query	INSERT INTO `tmp` SELECT * FROM C  /* QNO 273 CON_ID 18 */
		    18 Query	/* GenTest::Transform::ExecuteAsExecuteImmediate */ EXECUTE IMMEDIATE ' INSERT INTO `tmp` SELECT * FROM C  /* QNO 273 CON_ID 18 */ ' /* TRANSFORM_OUTCOME_UNORDERED_MATCH */ /* QNO 274 CON_ID 18 */
		    18 Prepare	INSERT INTO `tmp` SELECT * FROM C  /* QNO 273 CON_ID 18 */
		    18 Execute	INSERT INTO `tmp` SELECT * FROM C  /* QNO 273 CON_ID 18 */
		    18 Query	DROP TEMPORARY TABLE IF EXISTS C  /* QNO 275 CON_ID 18 */
		    19 Query	SHOW WARNINGS
		    17 Query	LOCK TABLES `PROFILING` READ /*!100300 NOWAIT */ /* QNO 281 CON_ID 17 */
		    19 Query	CREATE TABLE transforms.insert_select_22994  SELECT * FROM test.`E` AS table1 LIMIT 94 /* QNO 396 CON_ID 19 */  /* QNO 400 CON_ID 19 */
		    17 Query	SHOW ENGINE PERFORMANCE_SCHEMA STATUS /* QNO 282 CON_ID 17 */
		    15 Query	ALTER TABLE t5 CHANGE COLUMN IF EXISTS tcol7 `EVENT_TYPE` BLOB DEFAULT '', ADD COLUMN IF NOT EXISTS tscol4 TIMESTAMP NOT NULL DEFAULT 0, ALGORITHM=INPLACE, LOCK=SHARED, ADD COLUMN IF NOT EXISTS ncol6 DOUBLE UNSIGNED NOT NULL DEFAULT NULL, ALGORITHM=INPLACE, LOCK=SHARED, DROP PRIMARY KEY, ADD COLUMN ( scol4 VARCHAR(58793) NULL DEFAULT NULL, geocol3 GEOMETRYCOLLECTION NULL, bcol3 BIT DEFAULT NULL ), ALGORITHM=INPLACE  /* QNO 383 CON_ID 15 */
		    17 Query	ALTER TABLE `ALL_PLUGINS` /*!100301 */ ADD KEY IF NOT EXISTS l USING BTREE ( `PLUGIN_TYPE_VERSION` ), LOCK=SHARED  /* QNO 283 CON_ID 17 */
		    17 Query	CREATE OR REPLACE TEMPORARY TABLE `tmp` LIKE E  /* QNO 284 CON_ID 17 */
		    18 Query	ALTER TABLE `tmp` RENAME TO C /* QNO 276 CON_ID 18 */
		    18 Query	SELECT MAXIMUM_VALUE FROM seq6 /* QNO 277 CON_ID 18 */
		    18 Query	DROP TEMPORARY TABLE IF EXISTS `GLOBAL_VARIABLES` /* QNO 278 CON_ID 18 */
		    18 Query	SHOW WARNINGS
		    18 Query	DELETE FROM t1 LIMIT 7 /* QNO 279 CON_ID 18 */
		    18 Query	ALTER ONLINE IGNORE TABLE `TABLESPACES` /*!100301 NOWAIT */ DROP PRIMARY KEY, ALGORITHM=DEFAULT, LOCK=DEFAULT  /* QNO 280 CON_ID 18 */
		    15 Query	ALTER ONLINE TABLE `INNODB_SYS_FIELDS` /*!100301 */ ADD INDEX IF NOT EXISTS ( `POS`(119), `NAME` ) COMMENT 'copy', LOCK=DEFAULT, ADD KEY IF NOT EXISTS ind3 ( j ), LOCK=NONE  /* QNO 384 CON_ID 15 */
		    14 Query	GRANT ALL PRIVILEGES ON g.* TO 'someuser'@'somehost' /* QNO 496 CON_ID 14 */
		    14 Query	DROP EVENT p /* QNO 497 CON_ID 14 */
		    14 Query	DROP EVENT f /* QNO 498 CON_ID 14 */
		    18 Query	SELECT * FROM (INFORMATION_SCHEMA.`KEY_CACHES` AS table1 INNER JOIN performance_schema.`events_statements_summary_by_thread_by_event_name` AS table2 ON ( table2.`MIN_TIMER_WAIT` = table1.`KEY_CACHE_NAME` ) ) WHERE NOT ( table1.`READ_REQUESTS` LIKE 'wait/synch/rwlock%' OR table2.`AVG_TIMER_WAIT` != table1.`KEY_CACHE_NAME`) HAVING table2.`SUM_CREATED_TMP_DISK_TABLES` <> 'pm' LIMIT 220 /* QNO 281 CON_ID 18 */
		    15 Query	UPDATE performance_schema.setup_timers SET timer_name = 'NANOSECOND' /* QNO 385 CON_ID 15 */
		    15 Query	SHOW ENGINE PERFORMANCE_SCHEMA STATUS /* QNO 386 CON_ID 15 */
		    15 Query	DROP SEQUENCE IF EXISTS seq8, seq6, seq7 /* QNO 387 CON_ID 15 */
		    14 Query	CREATE EVENT c ON SCHEDULE AT NOW() DO SET @a=@a /* QNO 499 CON_ID 14 */
		    14 Query	ALTER TABLE `E` PARTITION BY KEY() PARTITIONS 3 /* QNO 500 CON_ID 14 */
		    18 Query	ALTER ONLINE IGNORE TABLE `setup_consumers` /*!100301 NOWAIT */ DROP INDEX ind2, ADD IF NOT EXISTS ( geocol8 POLYGON ), LOCK=NONE  /* QNO 282 CON_ID 18 */
		    18 Query	ALTER ONLINE TABLE `accounts` /*!100301 */ DROP KEY IF EXISTS `CURRENT_CONNECTIONS`, ALGORITHM=INPLACE, LOCK=EXCLUSIVE  /* QNO 283 CON_ID 18 */
		    18 Query	LOCK TABLE `socket_summary_by_event_name` READ LOCAL  /* QNO 284 CON_ID 18 */
		    18 Query	DELETE FROM `events_waits_summary_by_account_by_event_name` WHERE `AVG_TIMER_WAIT` = 'm' LIMIT 7 /* QNO 285 CON_ID 18 */
		    18 Query	CREATE TABLE t3 LIKE `events_stages_summary_by_thread_by_event_name` /* QNO 286 CON_ID 18 */
		    18 Query	CREATE OR REPLACE SEQUENCE seq9 START = 0 MAXVALUE = 191561728  /* QNO 287 CON_ID 18 */
		    18 Query	TRUNCATE TABLE performance_schema.events_waits_summary_by_thread_by_event_name /* QNO 288 CON_ID 18 */
		    17 Query	INSERT INTO `tmp` SELECT * FROM E  /* QNO 285 CON_ID 17 */
		    18 Query	ALTER ONLINE TABLE `events_statements_current` ALTER COLUMN scol9 DROP DEFAULT  /* QNO 289 CON_ID 18 */
		    17 Query	/* GenTest::Transform::ExecuteAsExecuteImmediate */ EXECUTE IMMEDIATE ' INSERT INTO `tmp` SELECT * FROM E  /* QNO 285 CON_ID 17 */ ' /* TRANSFORM_OUTCOME_UNORDERED_MATCH */ /* QNO 286 CON_ID 17 */
		    17 Prepare	INSERT INTO `tmp` SELECT * FROM E  /* QNO 285 CON_ID 17 */
		    17 Execute	INSERT INTO `tmp` SELECT * FROM E  /* QNO 285 CON_ID 17 */
		    17 Query	DROP TEMPORARY TABLE IF EXISTS E  /* QNO 287 CON_ID 17 */
		    17 Query	SHOW WARNINGS
		    17 Query	ALTER TABLE `tmp` RENAME TO E /* QNO 288 CON_ID 17 */
		    17 Query	ALTER IGNORE TABLE `INNODB_CMPMEM_RESET` /*!100301 WAIT 5 */ ADD UNIQUE INDEX m ( `page_size` )  /* QNO 289 CON_ID 17 */
		    14 Query	ALTER TABLE `B` DROP COLUMN n /* QNO 501 CON_ID 14 */
		    17 Query	INSERT INTO `INNODB_SYS_FOREIGN_COLS` SELECT * FROM `CLIENT_STATISTICS` /* QNO 290 CON_ID 17 */
		    18 Query	SELECT row_start FROM `file_summary_by_instance` ORDER BY RAND() LIMIT 1 INTO @trx_user_var /* QNO 290 CON_ID 18 */
		    17 Query	ALTER TABLE t7 /*!100301 NOWAIT */ ALTER COLUMN /*!100305 IF EXISTS */ `UPDATE_COMMANDS` SET DEFAULT '', FORCE, LOCK=EXCLUSIVE, ALGORITHM=INPLACE, ADD CONSTRAINT n FOREIGN KEY d (`BYTES_RECEIVED`) REFERENCES t3 (scol3) ON UPDATE SET DEFAULT  /* QNO 291 CON_ID 17 */
		    18 Query	UPDATE performance_schema.setup_instruments SET TIMED = 'NO' ORDER BY RAND() LIMIT 5 /* QNO 291 CON_ID 18 */
		    14 Query	DROP TRIGGER IF EXISTS y /* QNO 502 CON_ID 14 */
		    14 Query	SHOW WARNINGS
		    14 Query	DROP TRIGGER IF EXISTS g /* QNO 503 CON_ID 14 */
		    14 Query	SHOW WARNINGS
		    18 Query	ALTER IGNORE TABLE t1 ALTER COLUMN /*!100305 IF EXISTS */ tcol2 SET DEFAULT ''  /* QNO 292 CON_ID 18 */
		    14 Query	REVOKE ALL PRIVILEGES ON h.* FROM 'someuser'@'somehost' /* QNO 504 CON_ID 14 */
		    17 Query	SELECT * FROM test.`AA` AS table1 ORDER BY table1.`col_time_key`, table1.`col_varchar_key` LIMIT 76 /* QNO 292 CON_ID 17 */
		    18 Query	SHOW WARNINGS
		    18 Query	ALTER ONLINE TABLE t6 ADD CONSTRAINT CHECK (`EVENT_NAME` > tscol3)  /* QNO 293 CON_ID 18 */
		    17 Query	SET SQL_MODE= 'STRICT_TRANS_TABLES,NO_AUTO_VALUE_ON_ZERO,ANSI_QUOTES,IGNORE_SPACE,MYSQL40,TIME_ROUND_FRACTIONAL,SIMULTANEOUS_ASSIGNMENT,NO_KEY_OPTIONS,ERROR_FOR_DIVISION_BY_ZERO,IGNORE_BAD_TABLE_OPTIONS' /* QNO 293 CON_ID 17 */
		    18 Query	LOCK TABLE t8 WRITE /* QNO 294 CON_ID 18 */
		    18 Query	SET SESSION SQL_MODE= 'MSSQL,NO_AUTO_VALUE_ON_ZERO,NO_KEY_OPTIONS,NO_BACKSLASH_ESCAPES,PIPES_AS_CONCAT,NO_ENGINE_SUBSTITUTION,ALLOW_INVALID_DATES,MYSQL323,ANSI,NO_ZERO_IN_DATE,IGNORE_SPACE,EMPTY_STRING_IS_NULL,NO_FIELD_OPTIONS,ORACLE,HIGH_NOT_PRECEDENCE,MYSQL40,MAXDB,SIMULTANEOUS_ASSIGNMENT,ONLY_FULL_GROUP_BY,PAD_CHAR_TO_FULL_LENGTH,TIME_ROUND_FRACTIONAL,ERROR_FOR_DIVISION_BY_ZERO,REAL_AS_FLOAT,DB2' /* QNO 295 CON_ID 18 */
		    18 Query	ALTER IGNORE TABLE `events_stages_history` /*!100301 */ CHANGE IF EXISTS `THREAD_ID` `THREAD_ID` TEXT DEFAULT 'e'  /* QNO 296 CON_ID 18 */
		    18 Query	ALTER TABLE t10 ADD CONSTRAINT n CHECK (tscol1 >= 1)  /* QNO 297 CON_ID 18 */
		    17 Query	ALTER TABLE t16 ADD COLUMN IF NOT EXISTS ( icol4 BIGINT NOT NULL ), ADD PRIMARY KEY(icol4), DROP INDEX ind1, DROP PRIMARY KEY, ADD PRIMARY KEY(scol4(18897)), ALGORITHM=INPLACE, FORCE, ALGORITHM=INPLACE /* QNO 294 CON_ID 17 */
		    14 Query	CREATE OR REPLACE VIEW w AS SELECT * FROM `CC` /* QNO 505 CON_ID 14 */
		    17 Query	ALTER IGNORE TABLE `A` /*!100301 WAIT 4 */ ADD COLUMN IF NOT EXISTS o MEDIUMINT UNSIGNED NULL DEFAULT 2 /*!100201 CHECK (m = r) */ AFTER `pk`, LOCK=SHARED  /* QNO 295 CON_ID 17 */
		    15 Query	SHOW WARNINGS
		    14 Query	CREATE EVENT j ON SCHEDULE AT NOW() DO SET @a=@a /* QNO 506 CON_ID 14 */
		    15 Query	ALTER ONLINE IGNORE TABLE `USER_STATISTICS` ADD ( icol1 BIGINT ZEROFILL NULL, tscol4 TIMESTAMP NULL DEFAULT 0 /*!100201 CHECK (tscol8 > 4) */ ), ALGORITHM=DEFAULT, LOCK=NONE  /* QNO 388 CON_ID 15 */
		    18 Query	SELECT * FROM mysql.`proc` AS table1 WHERE NOT table1.`name` < table1.`param_list` ORDER BY table1.`modified`, table1.`character_set_client` LIMIT 104 /* QNO 298 CON_ID 18 */
		    14 Query	CREATE TABLE r LIKE `BB` /* QNO 507 CON_ID 14 */
		    15 Query	DROP SEQUENCE IF EXISTS seq5 /* QNO 389 CON_ID 15 */
		    17 Query	SET GLOBAL SQL_MODE= DEFAULT /* QNO 296 CON_ID 17 */
		    17 Query	UPDATE performance_schema.setup_instruments SET ENABLED = 'YES' WHERE NAME LIKE 'wait/synch%' /* QNO 297 CON_ID 17 */
		    18 Query	INSERT INTO `plugin` (tcol5) VALUES ('') /* QNO 299 CON_ID 18 */
		    15 Query	SHOW WARNINGS
		    15 Query	INSERT INTO t8 ( `USER` ) SELECT icol1 FROM `SYSTEM_VARIABLES`  /* QNO 390 CON_ID 15 */
		    18 Query	ALTER TABLE `help_topic` /*!100301 NOWAIT */ ADD KEY ind6 ( `example`(68) ), ALGORITHM=COPY, LOCK=NONE  /* QNO 300 CON_ID 18 */
		    18 Query	SHOW ENGINE PERFORMANCE_SCHEMA STATUS /* QNO 301 CON_ID 18 */
		    18 Query	UPDATE `time_zone` SET `Use_leap_seconds` = 8 WHERE `Time_zone_id` >= 6 /* QNO 302 CON_ID 18 */
		    18 Query	SHOW ENGINE CSV STATUS /* QNO 303 CON_ID 18 */
		    18 Query	TRUNCATE TABLE performance_schema.events_waits_history_long /* QNO 304 CON_ID 18 */
		    18 Query	ALTER ONLINE TABLE `help_keyword` /*!100301 NOWAIT */ CHANGE IF EXISTS x g BIT DEFAULT 0, ALGORITHM=DEFAULT, LOCK=SHARED  /* QNO 305 CON_ID 18 */
		    18 Query	ALTER ONLINE IGNORE TABLE `innodb_index_stats` /*!100301 */ CHANGE IF EXISTS `sample_size` `last_update` GEOMETRYCOLLECTION NULL /*!100201 DEFAULT ST_GEOMFROMTEXT('Point(1 1)') */ /*!100303 INVISIBLE */, ALGORITHM=INPLACE, LOCK=NONE, DROP COLUMN s, LOCK=EXCLUSIVE  /* QNO 306 CON_ID 18 */
		    18 Query	SELECT SETVAL(seq10, 0) /* QNO 307 CON_ID 18 */
		    18 Query	SHOW PROCEDURE CODE q /* QNO 308 CON_ID 18 */
		    17 Query	ALTER TABLE `E` /*!100301 WAIT 5 */ ADD FOREIGN KEY a (`col_int_key`) REFERENCES E (`col_date_nokey`) ON DELETE RESTRICT ON UPDATE RESTRICT, ADD FOREIGN KEY k (`col_varchar_key`) REFERENCES E (`col_varchar_nokey`) ON DELETE SET NULL, ADD FOREIGN KEY ( `col_int_nokey` ) REFERENCES `DD` (col_int_nokey) ON UPDATE RESTRICT, LOCK=DEFAULT /* QNO 298 CON_ID 17 */
		    18 Query	ALTER IGNORE TABLE `help_keyword` /*!100301 NOWAIT */ ADD KEY ind1 ( l(42) ) COMMENT 'headline' KEY_BLOCK_SIZE = 38184 COMMENT 'politician', LOCK=SHARED, DROP PRIMARY KEY, ALGORITHM=DEFAULT, LOCK=EXCLUSIVE, DROP INDEX IF EXISTS q, LOCK=NONE  /* QNO 309 CON_ID 18 */
		    17 Query	DELETE FROM `CC` WHERE `col_date_key` <> '2014-09-05 13:09:59.013194' LIMIT 0 /* QNO 299 CON_ID 17 */
		    17 Query	SHOW ENGINE PERFORMANCE_SCHEMA STATUS /* QNO 300 CON_ID 17 */
		    19 Query	SELECT * FROM transforms.insert_select_22994 /* TRANSFORM_OUTCOME_UNORDERED_MATCH */ /* QNO 401 CON_ID 19 */
		    14 Query	GRANT REPLICATION CLIENT ON *.* to 'someuser'@'somehost' /* QNO 508 CON_ID 14 */
		    17 Query	ALTER IGNORE TABLE t5 /*!100301 WAIT 8 */ DROP COLUMN IF EXISTS tcol3, ALGORITHM=DEFAULT, LOCK=DEFAULT  /* QNO 301 CON_ID 17 */
		    17 Query	SHOW WARNINGS
		    19 Query	DELETE FROM transforms.insert_select_22994 /* QNO 402 CON_ID 19 */
		    14 Query	ALTER TABLE `E` DROP PRIMARY KEY /* QNO 509 CON_ID 14 */
		    17 Query	SHOW ENGINE PERFORMANCE_SCHEMA STATUS /* QNO 302 CON_ID 17 */
		    19 Query	INSERT INTO transforms.insert_select_22994  SELECT * FROM test.`E` AS table1 LIMIT 94 /* QNO 396 CON_ID 19 */  /* QNO 403 CON_ID 19 */
		    14 Query	DROP VIEW IF EXISTS x /* QNO 510 CON_ID 14 */
		    17 Query	INSERT INTO `D` ( `pk` ) VALUES (NULL) /* QNO 303 CON_ID 17 */
		    19 Query	SELECT * FROM transforms.insert_select_22994 /* TRANSFORM_OUTCOME_UNORDERED_MATCH */ /* QNO 404 CON_ID 19 */
		    14 Query	ALTER TABLE `BB` DROP COLUMN n /* QNO 511 CON_ID 14 */
		    19 Query	DELETE FROM transforms.insert_select_22994 /* QNO 405 CON_ID 19 */
		    14 Query	CREATE TRIGGER d BEFORE INSERT ON `DD` FOR EACH ROW BEGIN INSERT INTO `B` SELECT * FROM `A` LIMIT 0 ; END ; /* QNO 512 CON_ID 14 */
		    17 Query	ALTER TABLE `A` /*!100301 */ ADD COLUMN IF NOT EXISTS ( `col_date_nokey` TEXT DEFAULT NULL, w SERIAL, `col_datetime_nokey` DATE NOT NULL, q MULTIPOINT NOT NULL, `col_date_key` BINARY DEFAULT 'v' ) /*!100307, ALGORITHM=NOCOPY */, LOCK=NONE  /* QNO 304 CON_ID 17 */
		    19 Query	REPLACE INTO transforms.insert_select_22994  SELECT * FROM test.`E` AS table1 LIMIT 94 /* QNO 396 CON_ID 19 */  /* QNO 406 CON_ID 19 */
		    14 Query	CREATE EVENT x ON SCHEDULE AT NOW() DO SET @a=@a /* QNO 513 CON_ID 14 */
		    17 Query	SHOW ENGINE PERFORMANCE_SCHEMA STATUS /* QNO 305 CON_ID 17 */
		    19 Query	SELECT * FROM transforms.insert_select_22994 /* TRANSFORM_OUTCOME_UNORDERED_MATCH */ /* QNO 407 CON_ID 19 */
		    14 Query	DROP DATABASE IF EXISTS n /* QNO 514 CON_ID 14 */
		    19 Query	DROP TABLE transforms.insert_select_22994 /* QNO 408 CON_ID 19 */
		    18 Query	SELECT NEXT_NOT_CACHED_VALUE, INCREMENT, CACHE_SIZE FROM seq7 /* QNO 310 CON_ID 18 */
		    17 Query	ALTER IGNORE TABLE `D` /*!100301 */ ADD COLUMN m SMALLINT UNSIGNED DEFAULT 0, ALGORITHM=INPLACE, LOCK=SHARED, ALTER /*!100305 IF EXISTS */ z DROP DEFAULT, ALGORITHM=COPY, LOCK=DEFAULT, MODIFY k POLYGON /*!100201 DEFAULT ST_GEOMFROMTEXT('Point(1 1)') */ AFTER t  /* QNO 306 CON_ID 17 */
		    18 Query	SHOW CREATE TABLE seq7 /* QNO 311 CON_ID 18 */
		    18 Query	ALTER IGNORE TABLE t1 MODIFY COLUMN scol5 BINARY /*!100307, ALGORITHM=INSTANT */, LOCK=SHARED, ADD FOREIGN KEY (`help_keyword_id`, ecol3, scol4, ecol4, tcol8) REFERENCES t5 (tscol1) ON UPDATE RESTRICT, ADD CONSTRAINT n CHECK (`help_keyword_id` > ncol8), ALTER COLUMN /*!100305 IF EXISTS */ scol10 SET DEFAULT NULL, ADD CONSTRAINT FOREIGN KEY x (tscol10) REFERENCES t3 (ecol10, `name`, scol8, ecol3)  /* QNO 312 CON_ID 18 */
		    17 Query	ALTER TABLE `D` /*!100301 NOWAIT */ ADD FOREIGN KEY ( `col_time_key` ) REFERENCES `C` (col_time_key), ADD CONSTRAINT FOREIGN KEY (`col_varchar_key`) REFERENCES C (`col_date_key`) /*!100307, ALGORITHM=INSTANT */, LOCK=DEFAULT /* QNO 307 CON_ID 17 */
		    17 Query	SET SESSION SQL_MODE= 'STRICT_ALL_TABLES,MSSQL,REAL_AS_FLOAT,MYSQL323,ONLY_FULL_GROUP_BY,STRICT_TRANS_TABLES,MAXDB,NO_ZERO_IN_DATE,EMPTY_STRING_IS_NULL,IGNORE_BAD_TABLE_OPTIONS,POSTGRESQL,NO_UNSIGNED_SUBTRACTION,NO_BACKSLASH_ESCAPES,DB2,NO_FIELD_OPTIONS,TIME_ROUND_FRACTIONAL,ERROR_FOR_DIVISION_BY_ZERO,NO_ENGINE_SUBSTITUTION' /* QNO 308 CON_ID 17 */
		    18 Query	SELECT * FROM `roles_mapping` INTO OUTFILE 'load_roles_mapping'  /* QNO 313 CON_ID 18 */
		    17 Query	SELECT * FROM (INFORMATION_SCHEMA.`COLLATIONS` AS table1 STRAIGHT_JOIN performance_schema.`events_statements_summary_global_by_event_name` AS table2 ON ( table2.`SUM_ROWS_EXAMINED` = table1.`ID` ) ) HAVING NOT (table2.`SUM_ROWS_AFFECTED` != 0 IS NULL AND table1.`IS_COMPILED` < 'k') ORDER BY table2.`MAX_TIMER_WAIT` LIMIT 76 /* QNO 309 CON_ID 17 */
		    14 Query	ALTER TABLE `BB` ADD KEY ( c ) /* QNO 515 CON_ID 14 */
		    18 Query	LOAD DATA INFILE 'load_roles_mapping' REPLACE INTO TABLE roles_mapping /* QNO 314 CON_ID 18 */
		    14 Query	DROP DATABASE IF EXISTS v /* QNO 516 CON_ID 14 */
		    18 Query	ALTER TABLE `column_stats` /*!100301 */ ADD INDEX ( `avg_frequency`(98) ) KEY_BLOCK_SIZE = 22512 /*!100307, ALGORITHM=INSTANT */  /* QNO 315 CON_ID 18 */
		    19 Query	UNLOCK TABLES /* QNO 409 CON_ID 19 */
		    19 Query	ALTER TABLE `E` /*!100301 WAIT 1 */ ALTER /*!100305 IF EXISTS */ `col_date_key` DROP DEFAULT, ALGORITHM=COPY, LOCK=EXCLUSIVE, ADD COLUMN IF NOT EXISTS ( `col_datetime_nokey` BIGINT NULL ) /*!100307, ALGORITHM=NOCOPY */, LOCK=NONE, CHANGE IF EXISTS j x MEDIUMINT UNSIGNED NOT NULL /*!100201 CHECK (d >= s) */  /* QNO 410 CON_ID 19 */
		    18 Query	DELETE FROM t9 LIMIT 7 /* QNO 316 CON_ID 18 */
		    14 Query	DROP EVENT a /* QNO 517 CON_ID 14 */
		    14 Query	ALTER TABLE `E` ADD PRIMARY KEY (`pk`) /* QNO 518 CON_ID 14 */
		    18 Query	ALTER TABLE `proxies_priv` /*!100301 WAIT 6 */ ADD KEY o ( `Proxied_user`(17), v DESC, `Proxied_host` ), ALGORITHM=INPLACE, LOCK=NONE  /* QNO 317 CON_ID 18 */
		    17 Query	UPDATE performance_schema.setup_consumers SET enabled = 'NO' WHERE name IN ( 'events_waits_summary_by_instance', 'file_summary_by_event_name', 'events_waits_history', 'events_waits_summary_by_event_name' ) /* QNO 310 CON_ID 17 */
		    17 Query	FLUSH QUERY CACHE /* QNO 311 CON_ID 17 */
		    18 Query	UPDATE `slow_log` SET `sql_text` = 2 WHERE `rows_examined` < 'rp' /* QNO 318 CON_ID 18 */
		    17 Query	UPDATE performance_schema.setup_instruments SET TIMED = 'NO' WHERE NAME LIKE '%mysys%' /* QNO 312 CON_ID 17 */
		    18 Query	SET SQL_MODE= DEFAULT /* QNO 319 CON_ID 18 */
		    17 Query	SELECT * FROM mysql.transaction_registry /* QNO 313 CON_ID 17 */
		    14 Query	CREATE DATABASE IF NOT EXISTS s /* QNO 519 CON_ID 14 */
		    18 Query	ALTER TABLE `procs_priv` /*!100301 NOWAIT */ ADD UNIQUE ind8 USING BTREE ( k ) /*!100307, ALGORITHM=INSTANT */, LOCK=NONE  /* QNO 320 CON_ID 18 */
		    14 Query	DROP VIEW IF EXISTS t /* QNO 520 CON_ID 14 */
		    14 Query	SHOW WARNINGS
		    18 Query	SHOW EXPLAIN FOR 227 /* QNO 321 CON_ID 18 */
		    14 Query	CREATE PROCEDURE a ( OUT y INT ) BEGIN SELECT COUNT(*) INTO @a FROM `CC`; END ; /* QNO 521 CON_ID 14 */
		    18 Query	SELECT * FROM `time_zone` INTO OUTFILE 'load_time_zone'  /* QNO 322 CON_ID 18 */
		    17 Query	/* GenTest::Transform::ExecuteAsExecuteImmediate */ EXECUTE IMMEDIATE ' /* TRANSFORM_OUTCOME_UNORDERED_MATCH */ /* QNO 314 CON_ID 17 */
		    18 Query	LOAD DATA INFILE 'load_time_zone' REPLACE INTO TABLE time_zone /* QNO 323 CON_ID 18 */
		    17 Query	/* GenTest::Transform::ExecuteAsInsertSelect */ CREATE DATABASE IF NOT EXISTS transforms /* QNO 315 CON_ID 17 */
		    17 Query	SHOW WARNINGS
		    17 Query	DROP TABLE IF EXISTS transforms.insert_select_22990 /* QNO 316 CON_ID 17 */
		    17 Query	SHOW WARNINGS
		    14 Query	ALTER TABLE `D` ADD COLUMN o INTEGER DEFAULT NULL /* QNO 522 CON_ID 14 */
		    18 Query	CREATE OR REPLACE TEMPORARY TABLE `tmp` LIKE CC  /* QNO 324 CON_ID 18 */
		    18 Query	INSERT INTO `tmp` SELECT * FROM CC  /* QNO 325 CON_ID 18 */
		    18 Query	DROP TEMPORARY TABLE IF EXISTS CC  /* QNO 326 CON_ID 18 */
		    18 Query	SHOW WARNINGS
		    18 Query	ALTER TABLE `tmp` RENAME TO CC /* QNO 327 CON_ID 18 */
		    18 Query	ALTER ONLINE IGNORE TABLE `time_zone_transition_type` /*!100301 WAIT 2 */ ADD COLUMN IF NOT EXISTS x SERIAL /*!100307, ALGORITHM=NOCOPY */, LOCK=EXCLUSIVE  /* QNO 328 CON_ID 18 */
		    18 Query	UPDATE performance_schema.setup_instruments SET TIMED = 'YES' WHERE NAME LIKE 'wait/synch%' /* QNO 329 CON_ID 18 */
		    17 Query	CREATE TABLE transforms.insert_select_22990 SELECT * FROM mysql.transaction_registry /* QNO 313 CON_ID 17 */  /* QNO 317 CON_ID 17 */
		    18 Query	SELECT * FROM test.`DD` AS table1 WHERE NOT (NOT ( ( table1.`pk` <= table1.`col_varchar_nokey` AND table1.`col_datetime_nokey` IN ( 1, 8, 2 )) OR table1.`col_int_nokey` < table1.`col_varchar_nokey`) AND table1.`col_time_key` < table1.`col_date_nokey`) HAVING NOT ( ( (table1.`col_datetime_nokey` != 7 IS NULL OR table1.`col_date_nokey` < 4) AND table1.`col_varchar_key` = 'pb') AND table1.`col_date_nokey` < 1) ORDER BY table1.`col_date_key`, table1.`col_varchar_nokey`, table1.`col_int_key` LIMIT 46 /* QNO 330 CON_ID 18 */
		    14 Query	DROP VIEW IF EXISTS d /* QNO 523 CON_ID 14 */
		    14 Query	SHOW WARNINGS
		    14 Query	GRANT INSERT ( `col_datetime_key` ), SELECT ( `col_datetime_key`, `col_int_key`, `col_int_key` ), INSERT ( `col_date_nokey`, `col_varchar_nokey`, `col_int_nokey`, `col_time_key`, `col_time_key`, `col_varchar_nokey`, `col_datetime_key` ), UPDATE ( `col_date_nokey` ) ON `B` TO 'someuser'@'somehost' /* QNO 524 CON_ID 14 */
		    14 Query	ALTER TABLE `E` DROP PRIMARY KEY /* QNO 525 CON_ID 14 */
		    14 Query	ALTER TABLE `AA` ADD KEY ( k ) /* QNO 526 CON_ID 14 */
		    14 Query	ALTER TABLE `CC` DROP PRIMARY KEY /* QNO 527 CON_ID 14 */
		    14 Query	ALTER TABLE `E` DROP PRIMARY KEY /* QNO 528 CON_ID 14 */
		    14 Query	DROP DATABASE IF EXISTS w /* QNO 529 CON_ID 14 */
		    14 Query	SHOW WARNINGS
		    14 Query	REVOKE REPLICATION CLIENT, CREATE USER, USAGE ON *.* FROM 'someuser'@'somehost' /* QNO 530 CON_ID 14 */
		    18 Query	ALTER ONLINE TABLE `C` /*!100301 */ CHANGE COLUMN IF EXISTS l `col_varchar_key` GEOMETRY NOT NULL  /* QNO 331 CON_ID 18 */
		    14 Query	GRANT INSERT ( `col_varchar_nokey`, `col_date_nokey` ), SELECT ( `col_date_key` ), SELECT ( `col_date_key`, `col_int_nokey` ), SELECT ( `col_date_key`, `col_time_nokey`, `col_date_key`, `pk` ), UPDATE ( `col_datetime_key` ), UPDATE ( `col_datetime_nokey` ), SELECT ( `col_time_key` ), INSERT ( `col_date_key` ) ON `C` TO 'someuser'@'somehost' /* QNO 531 CON_ID 14 */
		    14 Query	CREATE FUNCTION b ( b INTEGER, s INTEGER ) RETURNS INTEGER RETURN 1 /* QNO 532 CON_ID 14 */
		    14 Query	GRANT USAGE ON *.* to 'someuser'@'somehost' /* QNO 533 CON_ID 14 */
		    14 Query	CREATE PROCEDURE x ( IN b INT, OUT m INT ) BEGIN SELECT COUNT(*) INTO @a FROM `CC`; END ; /* QNO 534 CON_ID 14 */
		    14 Query	DROP TABLE y /* QNO 535 CON_ID 14 */
		    14 Query	DROP TABLE m /* QNO 536 CON_ID 14 */
		    14 Query	GRANT ALL PRIVILEGES ON test.t TO 'someuser'@'somehost' /* QNO 537 CON_ID 14 */
		    14 Query	GRANT SELECT ( `col_datetime_key` ) ON `E` TO 'someuser'@'somehost' /* QNO 538 CON_ID 14 */
		    14 Query	ALTER TABLE `AA` ADD PRIMARY KEY (`pk`) /* QNO 539 CON_ID 14 */
		    14 Query	ALTER TABLE `A` DROP KEY h /* QNO 540 CON_ID 14 */
		    14 Query	CREATE TRIGGER j BEFORE INSERT ON `CC` FOR EACH ROW BEGIN INSERT INTO `AA` SELECT * FROM `BB` LIMIT 0 ; END ; /* QNO 541 CON_ID 14 */
		    14 Query	GRANT ALL PRIVILEGES ON x.* TO 'someuser'@'somehost' /* QNO 542 CON_ID 14 */
		    19 Query	SHOW WARNINGS
		    14 Query	GRANT UPDATE ( `col_time_key`, `col_time_nokey` ) ON `A` TO 'someuser'@'somehost' /* QNO 543 CON_ID 14 */
		    19 Query	SHOW EXPLAIN FOR 36 /* QNO 411 CON_ID 19 */
		    19 Query	TRUNCATE TABLE performance_schema.file_summary_by_instance /* QNO 412 CON_ID 19 */
		    14 Query	DROP FUNCTION IF EXISTS x /* QNO 544 CON_ID 14 */
		    19 Query	LOCK TABLES `AA` WRITE /*!100300 WAIT 3 */ /* QNO 413 CON_ID 19 */
		    19 Query	SELECT * FROM performance_schema.`table_io_waits_summary_by_index_usage` AS table1 HAVING ( (NOT (NOT (NOT table1.`AVG_TIMER_WRITE` > 3 OR table1.`AVG_TIMER_UPDATE` != 'gc') AND table1.`SUM_TIMER_FETCH` <= 'c') AND table1.`MIN_TIMER_UPDATE` >= '2032-07-02 15:49:12.039600') OR table1.`MIN_TIMER_INSERT` >= '2021-07-20 00:06:07.009532') ORDER BY table1.`MAX_TIMER_READ`, table1.`COUNT_INSERT` LIMIT 161 /* QNO 414 CON_ID 19 */
		    14 Query	SHOW WARNINGS
		    14 Query	DROP EVENT l /* QNO 545 CON_ID 14 */
		    14 Query	REVOKE ALL PRIVILEGES ON c.* FROM 'someuser'@'somehost' /* QNO 546 CON_ID 14 */
		    19 Query	SHOW WARNINGS
		    14 Query	GRANT UPDATE ( `col_datetime_key`, `col_time_nokey`, `col_int_nokey` ) ON `C` TO 'someuser'@'somehost' /* QNO 547 CON_ID 14 */
		    14 Query	GRANT ALL PRIVILEGES ON j.* TO 'someuser'@'somehost' /* QNO 548 CON_ID 14 */
		    19 Query	ALTER TABLE `file_summary_by_event_name` ADD FOREIGN KEY (`SUM_TIMER_READ`) REFERENCES file_summary_by_event_name (`AVG_TIMER_MISC`), ALGORITHM=DEFAULT  /* QNO 415 CON_ID 19 */
		    14 Query	DROP TRIGGER IF EXISTS x /* QNO 549 CON_ID 14 */
		    19 Query	SHOW EXPLAIN FOR 225 /* QNO 416 CON_ID 19 */
		    14 Query	CREATE DATABASE IF NOT EXISTS r /* QNO 550 CON_ID 14 */
		    14 Query	REVOKE SHOW DATABASES ON *.* FROM 'someuser'@'somehost' /* QNO 551 CON_ID 14 */
		    19 Query	SHOW ENGINE PERFORMANCE_SCHEMA STATUS /* QNO 417 CON_ID 19 */
		    17 Query	SELECT * FROM transforms.insert_select_22990 /* TRANSFORM_OUTCOME_UNORDERED_MATCH */ /* QNO 318 CON_ID 17 */
		    17 Query	DELETE FROM transforms.insert_select_22990 /* QNO 319 CON_ID 17 */
		    19 Query	SET STATEMENT system_versioning_alter_history=KEEP FOR ALTER TABLE `events_waits_summary_by_account_by_event_name` ALTER COLUMN scol8 DROP DEFAULT, ADD SYSTEM VERSIONING /* QNO 418 CON_ID 19 */
		    19 Query	SHOW EXPLAIN FOR 129 /* QNO 419 CON_ID 19 */
		    17 Query	INSERT INTO transforms.insert_select_22990 SELECT * FROM mysql.transaction_registry /* QNO 313 CON_ID 17 */  /* QNO 320 CON_ID 17 */
		    18 Query	SHOW WARNINGS
		    18 Query	CREATE OR REPLACE TEMPORARY TABLE `tmp` LIKE D  /* QNO 332 CON_ID 18 */
		    18 Query	INSERT INTO `tmp` SELECT * FROM D  /* QNO 333 CON_ID 18 */
		    18 Query	DROP TEMPORARY TABLE IF EXISTS D  /* QNO 334 CON_ID 18 */
		    18 Query	SHOW WARNINGS
		    18 Query	ALTER TABLE `tmp` RENAME TO D /* QNO 335 CON_ID 18 */
		    18 Query	ALTER IGNORE TABLE `D` /*!100301 WAIT 1 */ MODIFY COLUMN IF EXISTS `col_datetime_key` CHAR NOT NULL AFTER c /*!100307, ALGORITHM=NOCOPY */, LOCK=SHARED, MODIFY COLUMN IF EXISTS `col_date_key` TEXT NOT NULL  /* QNO 336 CON_ID 18 */
		    18 Query	DROP SEQUENCE IF EXISTS seq2, seq6 /* QNO 337 CON_ID 18 */
		    19 Query	SELECT * FROM (INFORMATION_SCHEMA.`TABLE_STATISTICS` AS table1 LEFT JOIN test.`D` AS table2 ON ( table2.`col_datetime_nokey` = table1.`TABLE_SCHEMA` ) ) LIMIT 38 /* QNO 420 CON_ID 19 */
		    18 Query	INSERT INTO `C` (ecol10) VALUES (NULL),(NULL),(4),(NULL),('') /* QNO 338 CON_ID 18 */
		    18 Query	CREATE OR REPLACE TEMPORARY TABLE `tmp` LIKE E  /* QNO 339 CON_ID 18 */
		    19 Query	ALTER TABLE `INNODB_BUFFER_POOL_STATS` /*!100301 */ CHANGE IF EXISTS `NUMBER_PAGES_READ_AHEAD` v MEDIUMINT UNSIGNED NOT NULL DEFAULT 5 FIRST /*!100307, ALGORITHM=NOCOPY */, LOCK=SHARED, MODIFY COLUMN IF EXISTS j DATE NOT NULL AFTER `LRU_IO_CURRENT` /*!100307, ALGORITHM=INSTANT */  /* QNO 421 CON_ID 19 */
		    14 Query	REVOKE ALL PRIVILEGES ON test.q FROM 'someuser'@'somehost' /* QNO 552 CON_ID 14 */
		    18 Query	INSERT INTO `tmp` SELECT * FROM E  /* QNO 340 CON_ID 18 */
		    17 Query	SELECT * FROM transforms.insert_select_22990 /* TRANSFORM_OUTCOME_UNORDERED_MATCH */ /* QNO 321 CON_ID 17 */
		    18 Query	DROP TEMPORARY TABLE IF EXISTS E  /* QNO 341 CON_ID 18 */
		    19 Query	ALTER ONLINE IGNORE TABLE t4 ADD FOREIGN KEY (ecol8) REFERENCES t4 (ncol3) ON DELETE NO ACTION  /* QNO 422 CON_ID 19 */
		    14 Query	REVOKE ALL PRIVILEGES ON i.* FROM 'someuser'@'somehost' /* QNO 553 CON_ID 14 */
		    18 Query	SHOW WARNINGS
		    17 Query	DELETE FROM transforms.insert_select_22990 /* QNO 322 CON_ID 17 */
		    18 Query	ALTER TABLE `tmp` RENAME TO E /* QNO 342 CON_ID 18 */
		    17 Query	REPLACE INTO transforms.insert_select_22990 SELECT * FROM mysql.transaction_registry /* QNO 313 CON_ID 17 */  /* QNO 323 CON_ID 17 */
		    14 Query	GRANT INSERT ( `col_varchar_key`, `col_date_nokey` ) ON `DD` TO 'someuser'@'somehost' /* QNO 554 CON_ID 14 */
		    18 Query	INSERT INTO `DD` ( `pk` ) VALUES (NULL) /* QNO 343 CON_ID 18 */
		    17 Query	SELECT * FROM transforms.insert_select_22990 /* TRANSFORM_OUTCOME_UNORDERED_MATCH */ /* QNO 324 CON_ID 17 */
		    17 Query	DROP TABLE transforms.insert_select_22990 /* QNO 325 CON_ID 17 */
		    19 Query	SELECT * from `PLUGINS` FOR system_time BETWEEN CURRENT_TIMESTAMP AND 1 /* QNO 423 CON_ID 19 */
		    18 Query	SELECT * FROM `B` INTO OUTFILE 'load_B'  /* QNO 344 CON_ID 18 */
		    14 Query	ALTER TABLE `E` ADD KEY ( f ) /* QNO 555 CON_ID 14 */
		    19 Query	ALTER TABLE t1 /*!100301 WAIT 3 */ ADD FOREIGN KEY (tscol4) REFERENCES t7 (scol8)  /* QNO 424 CON_ID 19 */
		    18 Query	SHOW WARNINGS
		    18 Query	LOAD DATA INFILE 'load_B' IGNORE INTO TABLE B /* QNO 345 CON_ID 18 */
		    19 Query	SHOW PRIVILEGES /* QNO 425 CON_ID 19 */
		    18 Query	INSERT INTO `C` ( `col_time_key` ) SELECT icol4 FROM t3 /* QNO 346 CON_ID 18 */
		    19 Query	ALTER TABLE `TABLE_STATISTICS` ADD CONSTRAINT FOREIGN KEY h ( `TABLE_SCHEMA` ) REFERENCES `INNODB_SYS_FOREIGN` (TABLE_SCHEMA), ALGORITHM=COPY, LOCK=NONE /* QNO 426 CON_ID 19 */
		    18 Query	SHOW ENGINE PERFORMANCE_SCHEMA STATUS /* QNO 347 CON_ID 18 */
		    18 Query	SET STATEMENT system_versioning_alter_history=KEEP FOR ALTER TABLE `DD` DROP SYSTEM VERSIONING, MODIFY COLUMN icol8 SMALLINT AFTER tscol7, LOCK=NONE, ADD PERIOD FOR SYSTEM_TIME(`row_start`, `row_start`), DROP PRIMARY KEY /* QNO 348 CON_ID 18 */
		    19 Query	ALTER TABLE t6 /*!100301 WAIT 8 */ DROP INDEX ind3  /* QNO 427 CON_ID 19 */
		    18 Query	ALTER IGNORE TABLE `DD` /*!100301 NOWAIT */ ADD PRIMARY KEY USING BTREE ( y(249) ), ALGORITHM=DEFAULT, DROP PRIMARY KEY /*!100307, ALGORITHM=NOCOPY */, LOCK=SHARED  /* QNO 349 CON_ID 18 */
		    19 Query	DELETE FROM t8 LIMIT 4 /* QNO 428 CON_ID 19 */
		    19 Query	CREATE OR REPLACE TEMPORARY TABLE `tmp` LIKE A  /* QNO 429 CON_ID 19 */
		    18 Query	TRUNCATE TABLE performance_schema.events_waits_summary_by_instance /* QNO 350 CON_ID 18 */
		    18 Query	ALTER IGNORE TABLE `C` /*!100301 */ DROP KEY IF EXISTS r, ALGORITHM=INPLACE, ADD KEY IF NOT EXISTS o USING BTREE ( `col_time_nokey` ) COMMENT 'cash', ALGORITHM=INPLACE, LOCK=SHARED  /* QNO 351 CON_ID 18 */
		    17 Query	OPTIMIZE TABLE t10 /* QNO 326 CON_ID 17 */
		    17 Query	ALTER TABLE `threads` /*!100301 */ MODIFY `PROCESSLIST_STATE` MEDIUMINT, ALGORITHM=DEFAULT  /* QNO 327 CON_ID 17 */
		    17 Query	INSERT INTO `events_statements_summary_by_host_by_event_name` SELECT * FROM `events_stages_summary_by_user_by_event_name` /* QNO 328 CON_ID 17 */
		    17 Query	UPDATE performance_schema.setup_consumers SET enabled = 'YES' WHERE name LIKE 'events%' /* QNO 329 CON_ID 17 */
		    18 Query	FLUSH NO_WRITE_TO_BINLOG DES_KEY_FILE, STATUS /* QNO 352 CON_ID 18 */
		    17 Query	ALTER ONLINE TABLE `events_stages_history` /*!100301 WAIT 9 */ ADD COLUMN IF NOT EXISTS ( m VARCHAR(36622) NOT NULL DEFAULT NULL, u BLOB NOT NULL /*!100303 INVISIBLE */ ) /*!100307, ALGORITHM=INSTANT */, LOCK=NONE, ALTER /*!100305 IF EXISTS */ `TIMER_START` DROP DEFAULT, LOCK=EXCLUSIVE, ALTER COLUMN /*!100305 IF EXISTS */ `NESTING_EVENT_TYPE` SET DEFAULT 4, ADD COLUMN IF NOT EXISTS ( r MULTILINESTRING /*!100201 DEFAULT ST_GEOMFROMTEXT('Point(1 1)') */ ) /*!100307, ALGORITHM=NOCOPY */  /* QNO 330 CON_ID 17 */
		    18 Query	INSERT INTO t6 () VALUES (),(),(),(),() /* QNO 353 CON_ID 18 */
		    14 Query	CREATE EVENT d ON SCHEDULE AT NOW() DO SET @a=@a /* QNO 556 CON_ID 14 */
		    14 Query	CREATE OR REPLACE VIEW y AS SELECT * FROM `B` /* QNO 557 CON_ID 14 */
		    18 Query	SELECT * FROM (test.`AA` AS table1 INNER JOIN test.`A` AS table2 ON ( table2.`col_datetime_nokey` = table1.`col_varchar_key` ) ) ORDER BY table1.`col_datetime_nokey` LIMIT 27 /* QNO 354 CON_ID 18 */
		    14 Query	/* GenTest::Transform::ExecuteAsExecuteImmediate */ EXECUTE IMMEDIATE 'CREATE OR REPLACE VIEW y AS SELECT * FROM `B` /* QNO 557 CON_ID 14 */ ' /* TRANSFORM_OUTCOME_UNORDERED_MATCH */ /* QNO 558 CON_ID 14 */
		    14 Prepare	CREATE OR REPLACE VIEW y AS SELECT * FROM `B` /* QNO 557 CON_ID 14 */
		    18 Query	SELECT INCREMENT, NEXT_NOT_CACHED_VALUE, MINIMUM_VALUE, INCREMENT FROM seq2 /* QNO 355 CON_ID 18 */
		    18 Query	UNLOCK TABLES /* QNO 356 CON_ID 18 */
		    19 Query	INSERT INTO `tmp` SELECT * FROM A  /* QNO 430 CON_ID 19 */
		    18 Query	SELECT LASTVAL( seq5 ) /* QNO 357 CON_ID 18 */
		    15 Query	SELECT * from `INNODB_FT_INDEX_CACHE` WHERE row_start IN (SELECT row_end FROM `FILES`) /* QNO 391 CON_ID 15 */
		    18 Query	SHOW EXPLAIN FOR 132 /* QNO 358 CON_ID 18 */
		    14 Execute	CREATE OR REPLACE VIEW y AS SELECT * FROM `B` /* QNO 557 CON_ID 14 */
		    18 Query	INSERT INTO seq8 VALUES (121, 4765, 3890151424, 18643, 5, 210, 0, 0) /* QNO 359 CON_ID 18 */
		    19 Query	/* GenTest::Transform::ExecuteAsExecuteImmediate */ EXECUTE IMMEDIATE ' INSERT INTO `tmp` SELECT * FROM A  /* QNO 430 CON_ID 19 */ ' /* TRANSFORM_OUTCOME_UNORDERED_MATCH */ /* QNO 431 CON_ID 19 */
		    19 Prepare	INSERT INTO `tmp` SELECT * FROM A  /* QNO 430 CON_ID 19 */
		    19 Execute	INSERT INTO `tmp` SELECT * FROM A  /* QNO 430 CON_ID 19 */
		    19 Query	DROP TEMPORARY TABLE IF EXISTS A  /* QNO 432 CON_ID 19 */
		    15 Query	ALTER IGNORE TABLE `INNODB_SYS_DATAFILES` /*!100301 NOWAIT */ ADD KEY IF NOT EXISTS e ( `PATH`(158) DESC ) KEY_BLOCK_SIZE = 42580, LOCK=DEFAULT, ADD INDEX ind5 USING BTREE ( n ), ADD INDEX IF NOT EXISTS ind5 ( `PATH` ) COMMENT 'rubber', DROP KEY IF EXISTS `SPACE`  /* QNO 392 CON_ID 15 */
		    14 Query	ALTER TABLE `AA` DROP COLUMN a /* QNO 559 CON_ID 14 */
		    18 Query	SHOW EXPLAIN FOR 155 /* QNO 360 CON_ID 18 */
		    14 Query	ALTER TABLE `CC` DROP COLUMN p /* QNO 560 CON_ID 14 */
		    14 Query	CREATE EVENT k ON SCHEDULE AT NOW() DO SET @a=@a /* QNO 561 CON_ID 14 */
		    19 Query	ALTER TABLE `tmp` RENAME TO A /* QNO 433 CON_ID 19 */
		    15 Query	ALTER TABLE `INNODB_SYS_FOREIGN` /*!100301 WAIT 3 */ DROP COLUMN IF EXISTS x, ALGORITHM=DEFAULT, LOCK=NONE, MODIFY IF EXISTS `ID` SET('foo','bar') NULL DEFAULT -7 /*!100303 INVISIBLE */, ALGORITHM=DEFAULT, LOCK=SHARED  /* QNO 393 CON_ID 15 */
		    19 Query	SELECT * FROM `INNODB_SYS_FOREIGN_COLS` INTO OUTFILE 'load_INNODB_SYS_FOREIGN_COLS'  /* QNO 434 CON_ID 19 */
		    15 Query	SHOW ENGINE PERFORMANCE_SCHEMA STATUS /* QNO 394 CON_ID 15 */
		    19 Query	LOAD DATA INFILE 'load_INNODB_SYS_FOREIGN_COLS' IGNORE INTO TABLE INNODB_SYS_FOREIGN_COLS /* QNO 435 CON_ID 19 */
		    19 Query	SELECT * FROM `INNODB_LOCKS` INTO OUTFILE 'load_INNODB_LOCKS'  /* QNO 436 CON_ID 19 */
		    15 Query	SHOW ENGINE PERFORMANCE_SCHEMA STATUS /* QNO 395 CON_ID 15 */
		    19 Query	LOAD DATA INFILE 'load_INNODB_LOCKS' REPLACE INTO TABLE INNODB_LOCKS /* QNO 437 CON_ID 19 */
		    19 Query	SELECT LASTVAL( seq7 ) /* QNO 438 CON_ID 19 */
		    18 Query	SELECT * FROM (mysql.`gtid_slave_pos` AS table1 INNER JOIN test.`E` AS table2 ON ( table2.`col_date_nokey` = table1.`sub_id` ) ) LIMIT 107 /* QNO 361 CON_ID 18 */
		    15 Query	ALTER TABLE `CHECK_CONSTRAINTS` /*!100301 */ ADD COLUMN IF NOT EXISTS b DECIMAL NOT NULL, LOCK=EXCLUSIVE  /* QNO 396 CON_ID 15 */
		    19 Query	ALTER TABLE `INNODB_FT_INDEX_TABLE` ADD SPATIAL INDEX(geocol8), ALGORITHM=COPY, ADD COLUMN ( bcol6 BIT NULL, ecol4 SET('foo','bar') ), ALGORITHM=COPY, LOCK=NONE /* QNO 439 CON_ID 19 */
		    17 Query	ALTER TABLE `setup_timers` /*!100301 */ ADD IF NOT EXISTS ( a FLOAT, `TIMER_NAME` BIGINT DEFAULT NULL /*!100201 CHECK (`TIMER_NAME` < c) */, `TIMER_NAME` BIT NULL DEFAULT 0, `TIMER_NAME` SERIAL ), ALGORITHM=INPLACE, LOCK=DEFAULT, DROP a /*!100307, ALGORITHM=NOCOPY */, CHANGE `TIMER_NAME` x MEDIUMINT FIRST /*!100307, ALGORITHM=INSTANT */, LOCK=EXCLUSIVE  /* QNO 331 CON_ID 17 */
		    14 Query	CREATE DATABASE IF NOT EXISTS j /* QNO 562 CON_ID 14 */
		    14 Query	DROP VIEW IF EXISTS z /* QNO 563 CON_ID 14 */
		    14 Query	SHOW WARNINGS
		    14 Query	DROP VIEW IF EXISTS w /* QNO 564 CON_ID 14 */
		    14 Query	ALTER TABLE `A` DROP COLUMN l /* QNO 565 CON_ID 14 */
		    14 Query	GRANT SELECT ( `col_datetime_nokey`, `col_date_nokey`, `col_date_nokey`, `col_date_key`, `col_int_key`, `col_datetime_key` ) ON `D` TO 'someuser'@'somehost' /* QNO 566 CON_ID 14 */
		    18 Query	ALTER ONLINE IGNORE TABLE t1 ADD PRIMARY KEY(ecol3) /*!100307, ALGORITHM=INSTANT */, LOCK=NONE  /* QNO 362 CON_ID 18 */
		    17 Query	UNLOCK TABLES /* QNO 332 CON_ID 17 */
		    14 Query	REVOKE ALL PRIVILEGES ON test.v FROM 'someuser'@'somehost' /* QNO 567 CON_ID 14 */
		    15 Query	SELECT * FROM `INNODB_SYS_FOREIGN` INTO OUTFILE 'load_INNODB_SYS_FOREIGN'  /* QNO 397 CON_ID 15 */
		    14 Query	REVOKE ALL PRIVILEGES ON test.c FROM 'someuser'@'somehost' /* QNO 568 CON_ID 14 */
		    15 Query	LOAD DATA INFILE 'load_INNODB_SYS_FOREIGN' IGNORE INTO TABLE INNODB_SYS_FOREIGN /* QNO 398 CON_ID 15 */
		    14 Query	REVOKE REPLICATION SLAVE ON *.* FROM 'someuser'@'somehost' /* QNO 569 CON_ID 14 */
