		    18 Query	ALTER IGNORE TABLE `index_stats` /*!100301 */ ADD INDEX ind2 USING BTREE ( `index_name`(108) ), ALGORITHM=COPY, ADD KEY IF NOT EXISTS ( h DESC )  /* QNO 682 CON_ID 18 */
		    18 Query	ALTER TABLE `gtid_slave_pos` ADD FOREIGN KEY (`server_id`) REFERENCES gtid_slave_pos (`seq_no`) ON DELETE RESTRICT ON UPDATE CASCADE, ALGORITHM=DEFAULT, LOCK=NONE /* QNO 683 CON_ID 18 */
		    18 Query	SELECT * FROM `tables_priv` INTO OUTFILE 'load_tables_priv'  /* QNO 684 CON_ID 18 */
		    18 Query	LOAD DATA INFILE 'load_tables_priv' IGNORE INTO TABLE tables_priv /* QNO 685 CON_ID 18 */
		    19 Query	SELECT * FROM transforms.insert_select_22994 /* TRANSFORM_OUTCOME_UNORDERED_MATCH */ /* QNO 624 CON_ID 19 */
		    19 Query	DROP TABLE transforms.insert_select_22994 /* QNO 625 CON_ID 19 */
		    18 Query	SHOW CREATE EVENT h /* QNO 686 CON_ID 18 */
		    18 Query	FLUSH DES_KEY_FILE /* QNO 687 CON_ID 18 */
		    18 Query	UPDATE performance_schema.setup_consumers SET enabled = 'NO' WHERE name IN ( 'events_waits_current' ) /* QNO 688 CON_ID 18 */
		    14 Query	DROP DATABASE IF EXISTS k /* QNO 1019 CON_ID 14 */
		    18 Query	SELECT row_end FROM `help_keyword` ORDER BY RAND() LIMIT 1 INTO @trx_user_var /* QNO 689 CON_ID 18 */
		    18 Query	UPDATE `time_zone_leap_second` SET `Correction` = '1995-08-19 22:06:21.038196' WHERE `Transition_time` = 'q' /* QNO 690 CON_ID 18 */
		    18 Query	SELECT * FROM seq5 /* QNO 691 CON_ID 18 */
		    18 Query	INSERT INTO `procs_priv` SELECT * FROM `proc` /* QNO 692 CON_ID 18 */
		    18 Query	SET SQL_MODE= '' /* QNO 693 CON_ID 18 */
		    18 Query	SELECT * FROM `tables_priv` INTO OUTFILE 'load_tables_priv'  /* QNO 694 CON_ID 18 */
		    18 Query	LOAD DATA INFILE 'load_tables_priv' IGNORE INTO TABLE tables_priv /* QNO 695 CON_ID 18 */
		    18 Query	UPDATE performance_schema.setup_consumers SET enabled = 'YES' WHERE name IN ( 'file_summary_by_instance', 'events_waits_summary_by_event_name' ) /* QNO 696 CON_ID 18 */
		    18 Query	CREATE SEQUENCE IF NOT EXISTS seq5 NOMINVALUE  /* QNO 697 CON_ID 18 */
		    16 Query	ALTER IGNORE TABLE `INNODB_CMPMEM_RESET` /*!100301 */ ADD KEY IF NOT EXISTS ( `buffer_pool_instance`(11) DESC ), ALGORITHM=INPLACE  /* QNO 583 CON_ID 16 */
		    16 Query	UPDATE performance_schema.setup_instruments SET TIMED = 'YES' ORDER BY RAND() LIMIT 9 /* QNO 584 CON_ID 16 */
		    16 Query	SHOW FIELDS FROM `ENABLED_ROLES`  /* QNO 585 CON_ID 16 */
		    14 Query	CREATE TABLE w LIKE `C` /* QNO 1020 CON_ID 14 */
		    16 Query	INSERT INTO `TABLE_PRIVILEGES` SELECT * FROM `INNODB_SYS_TABLESTATS` /* QNO 586 CON_ID 16 */
		    16 Query	LOCK TABLE t6 WRITE /* QNO 587 CON_ID 16 */
		    16 Query	SHOW CREATE SEQUENCE seq6 /* QNO 588 CON_ID 16 */
		    16 Query	TRUNCATE TABLE performance_schema.events_waits_history_long /* QNO 589 CON_ID 16 */
		    16 Query	CREATE OR REPLACE TEMPORARY TABLE `tmp` LIKE D  /* QNO 590 CON_ID 16 */
		    18 Query	TRUNCATE TABLE performance_schema.events_waits_history_long /* QNO 698 CON_ID 18 */
		    18 Query	SELECT * FROM (test.`CC` AS table1 STRAIGHT_JOIN mysql.`plugin` AS table2 ON ( table2.`dl` = table1.`col_time_key` ) ) WHERE table1.`col_time_nokey` LIKE 'wait/synch/cond%' HAVING table2.`dl` != '1971-05-13 17:44:33.042289' IS NULL ORDER BY table1.`col_time_key`, table2.`dl`, table1.`col_int_key` LIMIT 133 /* QNO 699 CON_ID 18 */
		    18 Query	ALTER ONLINE TABLE `AA` /*!100301 NOWAIT */ ADD CONSTRAINT u UNIQUE (scol2(46811)) /*!100307, ALGORITHM=NOCOPY */, LOCK=SHARED  /* QNO 700 CON_ID 18 */
		    18 Query	SELECT * FROM INFORMATION_SCHEMA.`INNODB_SYS_TABLESTATS` AS table1 WHERE ( ( ( ( table1.`MODIFIED_COUNTER` < table1.`OTHER_INDEX_SIZE` AND table1.`NAME` >= table1.`OTHER_INDEX_SIZE`) OR table1.`MODIFIED_COUNTER` IN ( 7, 4, 1 )) OR table1.`OTHER_INDEX_SIZE` LIKE 'wait%') AND table1.`OTHER_INDEX_SIZE` LIKE '%sql%') HAVING NOT (table1.`CLUST_INDEX_SIZE` < 'p' IS NOT NULL OR table1.`CLUST_INDEX_SIZE` = '1986-10-15 18:58:49.024369') ORDER BY table1.`STATS_INITIALIZED`, table1.`OTHER_INDEX_SIZE` LIMIT 21 /* QNO 701 CON_ID 18 */
		    18 Query	SHOW WARNINGS
		    18 Query	SHOW ENGINE PERFORMANCE_SCHEMA STATUS /* QNO 702 CON_ID 18 */
		    18 Query	DROP TEMPORARY TABLE IF EXISTS `CHECK_CONSTRAINTS` /* QNO 703 CON_ID 18 */
		    18 Query	SHOW WARNINGS
		    18 Query	SELECT * FROM `INNODB_SYS_TABLESPACES` INTO OUTFILE 'load_INNODB_SYS_TABLESPACES'  /* QNO 704 CON_ID 18 */
		    18 Query	LOAD DATA INFILE 'load_INNODB_SYS_TABLESPACES' REPLACE INTO TABLE INNODB_SYS_TABLESPACES /* QNO 705 CON_ID 18 */
		    18 Query	UNLOCK TABLES /* QNO 706 CON_ID 18 */
		    18 Query	TRUNCATE TABLE performance_schema.events_waits_current /* QNO 707 CON_ID 18 */
		    18 Query	TRUNCATE TABLE performance_schema.file_summary_by_instance /* QNO 708 CON_ID 18 */
		    18 Query	ALTER IGNORE TABLE `PARTITIONS` /*!100301 NOWAIT */ CHANGE `TABLE_SCHEMA` `DATA_LENGTH` BINARY DEFAULT NULL, ADD COLUMN IF NOT EXISTS ( x TIMESTAMP NOT NULL DEFAULT 0 /*!100201 CHECK (`PARTITION_DESCRIPTION` LIKE `MAX_DATA_LENGTH`) */ ) /*!100307, ALGORITHM=INSTANT */, LOCK=NONE  /* QNO 709 CON_ID 18 */
		    18 Query	TRUNCATE TABLE performance_schema.file_summary_by_event_name /* QNO 710 CON_ID 18 */
		    19 Query	SHOW EXPLAIN FOR 35 /* QNO 626 CON_ID 19 */
		    18 Query	ALTER ONLINE TABLE `INNODB_CMP_PER_INDEX` /*!100301 NOWAIT */ /*!100200 DROP CONSTRAINT v */ /* COMMENT 'Skipped DROP CONSTRAINT' */  /* QNO 711 CON_ID 18 */
		    18 Query	UNLOCK TABLES /* QNO 712 CON_ID 18 */
		    18 Query	SET STATEMENT system_versioning_alter_history=KEEP FOR ALTER TABLE `INDEX_STATISTICS` DROP COLUMN `row_end`, DROP SYSTEM VERSIONING, ADD COLUMN IF NOT EXISTS scol10 VARBINARY(34645) NULL DEFAULT NULL, LOCK=SHARED /* QNO 713 CON_ID 18 */
		    19 Query	FLUSH TABLES /* QNO 627 CON_ID 19 */
		    18 Query	SET SQL_MODE= '' /* QNO 714 CON_ID 18 */
		    18 Query	ALTER ONLINE TABLE `INNODB_FT_DELETED` DROP FOREIGN KEY v, ADD CONSTRAINT FOREIGN KEY c ( `DOC_ID` ) REFERENCES `INNODB_SYS_COLUMNS` (DOC_ID) ON UPDATE RESTRICT, DROP FOREIGN KEY k, ADD FOREIGN KEY (`LEN`) REFERENCES INNODB_SYS_COLUMNS (`LEN`), ALGORITHM=COPY  /* QNO 715 CON_ID 18 */
		    18 Query	ALTER TABLE `CHECK_CONSTRAINTS` /*!100301 */ ADD COLUMN IF NOT EXISTS ( `CONSTRAINT_SCHEMA` SERIAL /*!100201 CHECK (j != 7) */, `CONSTRAINT_NAME` MEDIUMINT NULL DEFAULT 0, d ENUM('foo','bar') NOT NULL, `CONSTRAINT_CATALOG` SERIAL /*!100201 CHECK (x < 5) */, `CONSTRAINT_NAME` BLOB NULL DEFAULT NULL /*!100201 CHECK (`CONSTRAINT_CATALOG` < `CONSTRAINT_SCHEMA`) */, `CONSTRAINT_SCHEMA` BLOB NULL DEFAULT 't' ), ALGORITHM=INPLACE  /* QNO 716 CON_ID 18 */
		    18 Query	INSERT INTO `ALL_PLUGINS` SELECT * FROM `PARTITIONS` /* QNO 717 CON_ID 18 */
		    18 Query	ALTER IGNORE TABLE `KEY_CACHES` /*!100301 */ ADD IF NOT EXISTS ( `FULL_SIZE` MULTIPOINT NULL /*!100201 DEFAULT ST_GEOMFROMTEXT('Point(1 1)') */, `USED_BLOCKS` BIGINT NOT NULL ), ALGORITHM=INPLACE, LOCK=NONE, MODIFY COLUMN IF EXISTS `FULL_SIZE` SMALLINT NULL DEFAULT 0 /*!100201 CHECK (`WRITE_REQUESTS` LIKE `READ_REQUESTS`) */ /*!100307, ALGORITHM=INSTANT */  /* QNO 718 CON_ID 18 */
		    18 Query	FLUSH TABLES /* QNO 719 CON_ID 18 */
		    18 Query	TRUNCATE TABLE performance_schema.file_summary_by_instance /* QNO 720 CON_ID 18 */
		    17 Query	UNLOCK TABLES /* QNO 591 CON_ID 17 */
		    17 Query	ALTER IGNORE TABLE `B` /*!100301 */ ADD COLUMN IF NOT EXISTS ( x MEDIUMINT AS ( `col_datetime_nokey` + 9 ) /*!100303 INVISIBLE */, f DECIMAL ) /*!100307, ALGORITHM=NOCOPY */  /* QNO 592 CON_ID 17 */
		    17 Query	ALTER TABLE `D` ADD FOREIGN KEY (`col_varchar_key`) REFERENCES D (`col_varchar_key`), ADD CONSTRAINT FOREIGN KEY n ( `col_varchar_key` ) REFERENCES `BB` (col_varchar_key), LOCK=SHARED /* QNO 593 CON_ID 17 */
		    14 Query	CREATE TABLE x LIKE `A` /* QNO 1021 CON_ID 14 */
		    14 Query	ALTER TABLE `DD` ADD COLUMN c INTEGER DEFAULT NULL /* QNO 1022 CON_ID 14 */
		    16 Query	INSERT INTO `tmp` SELECT * FROM D  /* QNO 591 CON_ID 16 */
		    14 Query	DROP FUNCTION IF EXISTS x /* QNO 1023 CON_ID 14 */
		    15 Query	SELECT * FROM transforms.insert_select_22986 /* TRANSFORM_OUTCOME_UNORDERED_MATCH */ /* QNO 778 CON_ID 15 */
		    16 Query	/* GenTest::Transform::ExecuteAsExecuteImmediate */ EXECUTE IMMEDIATE ' INSERT INTO `tmp` SELECT * FROM D  /* QNO 591 CON_ID 16 */ ' /* TRANSFORM_OUTCOME_UNORDERED_MATCH */ /* QNO 592 CON_ID 16 */
		    14 Query	SHOW WARNINGS
		    16 Prepare	INSERT INTO `tmp` SELECT * FROM D  /* QNO 591 CON_ID 16 */
		    14 Query	DROP VIEW IF EXISTS v /* QNO 1024 CON_ID 14 */
		    14 Query	SHOW WARNINGS
		    14 Query	DROP DATABASE IF EXISTS f /* QNO 1025 CON_ID 14 */
		    14 Query	SHOW WARNINGS
		    14 Query	CREATE TABLE u LIKE `CC` /* QNO 1026 CON_ID 14 */
		    14 Query	ALTER TABLE `DD` PARTITION BY KEY() PARTITIONS 2 /* QNO 1027 CON_ID 14 */
		    18 Query	SHOW FUNCTION CODE x /* QNO 721 CON_ID 18 */
		    14 Query	CREATE FUNCTION w ( j INTEGER, l INTEGER ) RETURNS INTEGER RETURN 1 /* QNO 1028 CON_ID 14 */
		    15 Query	DELETE FROM transforms.insert_select_22986 /* QNO 779 CON_ID 15 */
		    18 Query	INSERT INTO t20 (`READ_REQUESTS`) VALUES (0),(4),(NULL),('') /* QNO 722 CON_ID 18 */
		    15 Query	INSERT INTO transforms.insert_select_22986  SELECT * FROM INFORMATION_SCHEMA.`SCHEMATA` AS table1 ORDER BY table1.`CATALOG_NAME`, table1.`SQL_PATH`, table1.`DEFAULT_CHARACTER_SET_NAME` LIMIT 96 /* QNO 773 CON_ID 15 */  /* QNO 780 CON_ID 15 */
		    18 Query	SELECT * FROM mysql.`roles_mapping` AS table1 LIMIT 54 /* QNO 723 CON_ID 18 */
		    18 Query	/* GenTest::Transform::ExecuteAsExecuteImmediate */ EXECUTE IMMEDIATE ' SELECT * FROM mysql.`roles_mapping` AS table1 LIMIT 54 /* QNO 723 CON_ID 18 */ ' /* TRANSFORM_OUTCOME_UNORDERED_MATCH */ /* QNO 724 CON_ID 18 */
		    18 Prepare	SELECT * FROM mysql.`roles_mapping` AS table1 LIMIT 54 /* QNO 723 CON_ID 18 */
		    18 Execute	SELECT * FROM mysql.`roles_mapping` AS table1 LIMIT 54 /* QNO 723 CON_ID 18 */
		    18 Query	/* GenTest::Transform::ExecuteAsInsertSelect */ CREATE DATABASE IF NOT EXISTS transforms /* QNO 725 CON_ID 18 */
		    19 Query	FLUSH USER_RESOURCES, QUERY CACHE /* QNO 628 CON_ID 19 */
		    18 Query	SHOW WARNINGS
		    18 Query	DROP TABLE IF EXISTS transforms.insert_select_22992 /* QNO 726 CON_ID 18 */
		    18 Query	SHOW WARNINGS
		    18 Query	CREATE TABLE transforms.insert_select_22992  SELECT * FROM mysql.`roles_mapping` AS table1 LIMIT 54 /* QNO 723 CON_ID 18 */  /* QNO 727 CON_ID 18 */
		    19 Query	CREATE OR REPLACE TEMPORARY TABLE `tmp` LIKE D  /* QNO 629 CON_ID 19 */
		    17 Query	SELECT * FROM test.`AA` AS table1 WHERE ( table1.`col_datetime_key` = table1.`col_datetime_key` AND table1.`col_int_key` != 'c') HAVING table1.`col_date_nokey` <= 8 IS NULL LIMIT 30 /* QNO 594 CON_ID 17 */
		    17 Query	SELECT SETVAL(seq1, 1840564872710979584) /* QNO 595 CON_ID 17 */
		    14 Query	CREATE OR REPLACE VIEW e AS SELECT * FROM `E` /* QNO 1029 CON_ID 14 */
		    19 Query	INSERT INTO `tmp` SELECT * FROM D  /* QNO 630 CON_ID 19 */
		    14 Query	/* GenTest::Transform::ExecuteAsExecuteImmediate */ EXECUTE IMMEDIATE 'CREATE OR REPLACE VIEW e AS SELECT * FROM `E` /* QNO 1029 CON_ID 14 */ ' /* TRANSFORM_OUTCOME_UNORDERED_MATCH */ /* QNO 1030 CON_ID 14 */
		    14 Prepare	CREATE OR REPLACE VIEW e AS SELECT * FROM `E` /* QNO 1029 CON_ID 14 */
		    16 Execute	INSERT INTO `tmp` SELECT * FROM D  /* QNO 591 CON_ID 16 */
		    14 Execute	CREATE OR REPLACE VIEW e AS SELECT * FROM `E` /* QNO 1029 CON_ID 14 */
		    16 Query	DROP TEMPORARY TABLE IF EXISTS D  /* QNO 593 CON_ID 16 */
		    15 Query	SELECT * FROM transforms.insert_select_22986 /* TRANSFORM_OUTCOME_UNORDERED_MATCH */ /* QNO 781 CON_ID 15 */
		    14 Query	ALTER TABLE `CC` DROP KEY s /* QNO 1031 CON_ID 14 */
		    15 Query	DELETE FROM transforms.insert_select_22986 /* QNO 782 CON_ID 15 */
		    14 Query	GRANT ALL PRIVILEGES ON u.* TO 'someuser'@'somehost' /* QNO 1032 CON_ID 14 */
		    14 Query	ALTER TABLE `E` ADD PRIMARY KEY (`pk`) /* QNO 1033 CON_ID 14 */
		    15 Query	REPLACE INTO transforms.insert_select_22986  SELECT * FROM INFORMATION_SCHEMA.`SCHEMATA` AS table1 ORDER BY table1.`CATALOG_NAME`, table1.`SQL_PATH`, table1.`DEFAULT_CHARACTER_SET_NAME` LIMIT 96 /* QNO 773 CON_ID 15 */  /* QNO 783 CON_ID 15 */
		    19 Query	/* GenTest::Transform::ExecuteAsExecuteImmediate */ EXECUTE IMMEDIATE ' INSERT INTO `tmp` SELECT * FROM D  /* QNO 630 CON_ID 19 */ ' /* TRANSFORM_OUTCOME_UNORDERED_MATCH */ /* QNO 631 CON_ID 19 */
		    19 Prepare	INSERT INTO `tmp` SELECT * FROM D  /* QNO 630 CON_ID 19 */
		    14 Query	CREATE FUNCTION l ( r INTEGER, b INTEGER ) RETURNS INTEGER RETURN 1 /* QNO 1034 CON_ID 14 */
		    19 Execute	INSERT INTO `tmp` SELECT * FROM D  /* QNO 630 CON_ID 19 */
		    19 Query	DROP TEMPORARY TABLE IF EXISTS D  /* QNO 632 CON_ID 19 */
		    17 Query	/* GenTest::Transform::ExecuteAsExecuteImmediate */ EXECUTE IMMEDIATE 'SELECT SETVAL(seq1, 1840564872710979584) /* QNO 595 CON_ID 17 */ ' /* TRANSFORM_OUTCOME_UNORDERED_MATCH */ /* QNO 596 CON_ID 17 */
		    17 Prepare	SELECT SETVAL(seq1, 1840564872710979584) /* QNO 595 CON_ID 17 */
		    17 Execute	SELECT SETVAL(seq1, 1840564872710979584) /* QNO 595 CON_ID 17 */
		    17 Query	/* GenTest::Transform::ExecuteAsInsertSelect */ CREATE DATABASE IF NOT EXISTS transforms /* QNO 597 CON_ID 17 */
		    14 Query	DROP TABLE w /* QNO 1035 CON_ID 14 */
		    15 Query	SELECT * FROM transforms.insert_select_22986 /* TRANSFORM_OUTCOME_UNORDERED_MATCH */ /* QNO 784 CON_ID 15 */
		    15 Query	DROP TABLE transforms.insert_select_22986 /* QNO 785 CON_ID 15 */
		    16 Query	ALTER TABLE `tmp` RENAME TO D /* QNO 594 CON_ID 16 */
		    16 Query	TRUNCATE TABLE performance_schema.events_waits_summary_by_event_name /* QNO 595 CON_ID 16 */
		    19 Query	ALTER TABLE `tmp` RENAME TO D /* QNO 633 CON_ID 19 */
		    16 Query	UNLOCK TABLES /* QNO 596 CON_ID 16 */
		    19 Query	SET SQL_MODE= 'ANSI,HIGH_NOT_PRECEDENCE,NO_AUTO_VALUE_ON_ZERO,PAD_CHAR_TO_FULL_LENGTH,NO_AUTO_CREATE_USER,REAL_AS_FLOAT,MAXDB,IGNORE_BAD_TABLE_OPTIONS,DB2,ONLY_FULL_GROUP_BY,PIPES_AS_CONCAT,STRICT_ALL_TABLES' /* QNO 634 CON_ID 19 */
		    16 Query	ALTER TABLE `COLLATION_CHARACTER_SET_APPLICABILITY` /*!100301 */ ADD KEY ( g ASC ), LOCK=SHARED  /* QNO 597 CON_ID 16 */
		    19 Query	SHOW ENGINE PERFORMANCE_SCHEMA STATUS /* QNO 635 CON_ID 19 */
		    16 Query	SELECT * from t9 WHERE row_end IN (SELECT row_end FROM t9) /* QNO 598 CON_ID 16 */
		    19 Query	ALTER TABLE `GLOBAL_VARIABLES` /*!100301 NOWAIT */ ADD CONSTRAINT PRIMARY KEY USING HASH ( `VARIABLE_NAME` ) COMMENT 'cultural', ADD KEY IF NOT EXISTS ind4 ( k ), LOCK=SHARED, ADD INDEX IF NOT EXISTS ind1 ( `VARIABLE_NAME` ASC ) COMMENT 'oven' /*!100307, ALGORITHM=INSTANT */, ADD INDEX IF NOT EXISTS c USING BTREE ( `VARIABLE_NAME` ), ALGORITHM=DEFAULT, ADD KEY IF NOT EXISTS ind9 ( `VARIABLE_NAME` ) /*!100307, ALGORITHM=NOCOPY */, LOCK=DEFAULT, ADD KEY ind9 ( e DESC ) /*!100307, ALGORITHM=INSTANT */, LOCK=EXCLUSIVE  /* QNO 636 CON_ID 19 */
		    19 Query	ALTER TABLE `INNODB_FT_DEFAULT_STOPWORD` /*!100301 WAIT 8 */ ADD FOREIGN KEY u ( `value` ) REFERENCES `SESSION_VARIABLES` ('g'), ALGORITHM=DEFAULT, LOCK=SHARED /* QNO 637 CON_ID 19 */
		    19 Query	UPDATE `ALL_PLUGINS` SET `PLUGIN_NAME` = 0 WHERE `PLUGIN_MATURITY` <> 'c' /* QNO 638 CON_ID 19 */
		    19 Query	SELECT * FROM INFORMATION_SCHEMA.`COLLATION_CHARACTER_SET_APPLICABILITY` AS table1 HAVING NOT table1.`COLLATION_NAME` <> 7 LIMIT 48 /* QNO 639 CON_ID 19 */
		    19 Query	INSERT INTO `GEOMETRY_COLUMNS` ( `pk` ) VALUES (NULL) /* QNO 640 CON_ID 19 */
		    16 Query	ALTER SEQUENCE IF EXISTS seq8 RESTART = -7826693202416500736 /* QNO 599 CON_ID 16 */
		    14 Query	CREATE EVENT q ON SCHEDULE AT NOW() DO SET @a=@a /* QNO 1036 CON_ID 14 */
		    16 Query	SHOW WARNINGS
		    16 Query	TRUNCATE TABLE performance_schema.events_waits_current /* QNO 600 CON_ID 16 */
		    16 Query	DELETE FROM `CHECK_CONSTRAINTS` WHERE `CONSTRAINT_SCHEMA` > 'g' LIMIT 1 /* QNO 601 CON_ID 16 */
		    19 Query	ALTER TABLE `APPLICABLE_ROLES` CHANGE COLUMN IF EXISTS `row_end` vcol7 BINARY AS ( SUBSTR(scol9, 9, 9 ) ) VIRTUAL, LOCK=NONE, ROW_FORMAT=REDUNDANT, ADD COLUMN IF NOT EXISTS geocol8 MULTILINESTRING NULL, ALGORITHM=COPY, LOCK=SHARED, DROP SYSTEM VERSIONING, DROP COLUMN IF EXISTS vcol6, ALGORITHM=COPY, ADD UNIQUE(tcol1), ALGORITHM=INPLACE, LOCK=NONE, MODIFY COLUMN tscol8 DATETIME NULL FIRST  /* QNO 641 CON_ID 19 */
		    16 Query	INSERT INTO `INNODB_MUTEXES` SELECT * FROM `INNODB_CMP` /* QNO 602 CON_ID 16 */
		    16 Query	INSERT INTO `ENGINES` SELECT * FROM `USER_STATISTICS` /* QNO 603 CON_ID 16 */
		    14 Query	REVOKE ALL PRIVILEGES ON test.w FROM 'someuser'@'somehost' /* QNO 1037 CON_ID 14 */
		    16 Query	CREATE OR REPLACE TEMPORARY TABLE `tmp` LIKE B  /* QNO 604 CON_ID 16 */
		    19 Query	TRUNCATE TABLE performance_schema.events_waits_history_long /* QNO 642 CON_ID 19 */
		    19 Query	INSERT INTO `GLOBAL_STATUS` (tscol3) VALUES (9) /* QNO 643 CON_ID 19 */
		    19 Query	SELECT * FROM performance_schema.`events_statements_summary_by_host_by_event_name` AS table1 ORDER BY table1.`SUM_ROWS_AFFECTED`, table1.`SUM_ROWS_EXAMINED`, table1.`SUM_SELECT_RANGE_CHECK`, table1.`SUM_ROWS_EXAMINED` LIMIT 211 /* QNO 644 CON_ID 19 */
		    14 Query	REVOKE ALL PRIVILEGES ON test.j FROM 'someuser'@'somehost' /* QNO 1038 CON_ID 14 */
		    14 Query	CREATE TRIGGER v BEFORE INSERT ON `DD` FOR EACH ROW BEGIN INSERT INTO `CC` SELECT * FROM `BB` LIMIT 0 ; END ; /* QNO 1039 CON_ID 14 */
		    14 Query	ALTER TABLE `DD` DROP COLUMN c /* QNO 1040 CON_ID 14 */
		    14 Query	DROP DATABASE IF EXISTS j /* QNO 1041 CON_ID 14 */
		    19 Query	/* GenTest::Transform::ExecuteAsExecuteImmediate */ EXECUTE IMMEDIATE ' SELECT * FROM performance_schema.`events_statements_summary_by_host_by_event_name` AS table1 ORDER BY table1.`SUM_ROWS_AFFECTED`, table1.`SUM_ROWS_EXAMINED`, table1.`SUM_SELECT_RANGE_CHECK`, table1.`SUM_ROWS_EXAMINED` LIMIT 211 /* QNO 644 CON_ID 19 */ ' /* TRANSFORM_OUTCOME_UNORDERED_MATCH */ /* QNO 645 CON_ID 19 */
		    17 Query	SHOW WARNINGS
		    18 Query	SELECT * FROM transforms.insert_select_22992 /* TRANSFORM_OUTCOME_UNORDERED_MATCH */ /* QNO 728 CON_ID 18 */
		    17 Query	DROP TABLE IF EXISTS transforms.insert_select_22990 /* QNO 598 CON_ID 17 */
		    18 Query	DELETE FROM transforms.insert_select_22992 /* QNO 729 CON_ID 18 */
		    19 Prepare	SELECT * FROM performance_schema.`events_statements_summary_by_host_by_event_name` AS table1 ORDER BY table1.`SUM_ROWS_AFFECTED`, table1.`SUM_ROWS_EXAMINED`, table1.`SUM_SELECT_RANGE_CHECK`, table1.`SUM_ROWS_EXAMINED` LIMIT 211 /* QNO 644 CON_ID 19 */
		    17 Query	SHOW WARNINGS
		    18 Query	INSERT INTO transforms.insert_select_22992  SELECT * FROM mysql.`roles_mapping` AS table1 LIMIT 54 /* QNO 723 CON_ID 18 */  /* QNO 730 CON_ID 18 */
		    14 Query	GRANT SELECT ( `col_int_nokey` ) ON `BB` TO 'someuser'@'somehost' /* QNO 1042 CON_ID 14 */
		    17 Query	CREATE TABLE transforms.insert_select_22990 SELECT SETVAL(seq1, 1840564872710979584) /* QNO 595 CON_ID 17 */  /* QNO 599 CON_ID 17 */
		    18 Query	SELECT * FROM transforms.insert_select_22992 /* TRANSFORM_OUTCOME_UNORDERED_MATCH */ /* QNO 731 CON_ID 18 */
		    18 Query	DELETE FROM transforms.insert_select_22992 /* QNO 732 CON_ID 18 */
		    18 Query	REPLACE INTO transforms.insert_select_22992  SELECT * FROM mysql.`roles_mapping` AS table1 LIMIT 54 /* QNO 723 CON_ID 18 */  /* QNO 733 CON_ID 18 */
		    18 Query	SELECT * FROM transforms.insert_select_22992 /* TRANSFORM_OUTCOME_UNORDERED_MATCH */ /* QNO 734 CON_ID 18 */
		    18 Query	DROP TABLE transforms.insert_select_22992 /* QNO 735 CON_ID 18 */
		    19 Execute	SELECT * FROM performance_schema.`events_statements_summary_by_host_by_event_name` AS table1 ORDER BY table1.`SUM_ROWS_AFFECTED`, table1.`SUM_ROWS_EXAMINED`, table1.`SUM_SELECT_RANGE_CHECK`, table1.`SUM_ROWS_EXAMINED` LIMIT 211 /* QNO 644 CON_ID 19 */
		    19 Query	/* GenTest::Transform::ExecuteAsInsertSelect */ CREATE DATABASE IF NOT EXISTS transforms /* QNO 646 CON_ID 19 */
		    15 Query	SELECT * FROM test.`A` AS table1 HAVING NOT ( (table1.`col_datetime_key` < '2031-01-20 10:36:37.009630' IS NOT NULL OR table1.`col_date_key` <= 'dm') AND table1.`col_datetime_key` > 'm') ORDER BY table1.`col_datetime_key` LIMIT 189 /* QNO 786 CON_ID 15 */
		    15 Query	RENAME TABLE seq2 TO seq6, seq2 TO seq5, seq2 TO seq5 /* QNO 787 CON_ID 15 */
		    15 Query	UNLOCK TABLES /* QNO 788 CON_ID 15 */
		    15 Query	DELETE FROM `AA` WHERE `pk` > 'u' LIMIT 1 /* QNO 789 CON_ID 15 */
		    15 Query	SET SQL_MODE= '' /* QNO 790 CON_ID 15 */
		    15 Query	UNLOCK TABLES /* QNO 791 CON_ID 15 */
		    15 Query	UPDATE performance_schema.setup_instruments SET TIMED = 'NO' ORDER BY RAND() LIMIT 6 /* QNO 792 CON_ID 15 */
		    15 Query	CREATE OR REPLACE TEMPORARY TABLE `tmp` LIKE D  /* QNO 793 CON_ID 15 */
		    18 Query	ALTER TABLE `slow_log` /*!100301 */ DROP INDEX IF EXISTS ind6, ALGORITHM=INPLACE  /* QNO 736 CON_ID 18 */
		    18 Query	SHOW ENGINE PERFORMANCE_SCHEMA STATUS /* QNO 737 CON_ID 18 */
		    16 Query	INSERT INTO `tmp` SELECT * FROM B  /* QNO 605 CON_ID 16 */
		    18 Query	SHOW ENGINE PERFORMANCE_SCHEMA STATUS /* QNO 738 CON_ID 18 */
		    16 Query	/* GenTest::Transform::ExecuteAsExecuteImmediate */ EXECUTE IMMEDIATE ' INSERT INTO `tmp` SELECT * FROM B  /* QNO 605 CON_ID 16 */ ' /* TRANSFORM_OUTCOME_UNORDERED_MATCH */ /* QNO 606 CON_ID 16 */
		    16 Prepare	INSERT INTO `tmp` SELECT * FROM B  /* QNO 605 CON_ID 16 */
		    16 Execute	INSERT INTO `tmp` SELECT * FROM B  /* QNO 605 CON_ID 16 */
		    16 Query	DROP TEMPORARY TABLE IF EXISTS B  /* QNO 607 CON_ID 16 */
		    18 Query	UPDATE `proxies_priv` SET `Grantor` = 9 WHERE `Proxied_host` <> 9 /* QNO 739 CON_ID 18 */
		    14 Query	CREATE OR REPLACE VIEW z AS SELECT * FROM `BB` /* QNO 1043 CON_ID 14 */
		    16 Query	ALTER TABLE `tmp` RENAME TO B /* QNO 608 CON_ID 16 */
		    18 Query	INSERT INTO t1 ( `User` ) SELECT tscol3 FROM `columns_priv` /* QNO 740 CON_ID 18 */
		    16 Query	SET SQL_MODE= '' /* QNO 609 CON_ID 16 */
		    18 Query	SELECT * FROM `columns_priv` INTO OUTFILE 'load_columns_priv'  /* QNO 741 CON_ID 18 */
		    18 Query	LOAD DATA INFILE 'load_columns_priv' REPLACE INTO TABLE columns_priv /* QNO 742 CON_ID 18 */
		    14 Query	/* GenTest::Transform::ExecuteAsExecuteImmediate */ EXECUTE IMMEDIATE 'CREATE OR REPLACE VIEW z AS SELECT * FROM `BB` /* QNO 1043 CON_ID 14 */ ' /* TRANSFORM_OUTCOME_UNORDERED_MATCH */ /* QNO 1044 CON_ID 14 */
		    14 Prepare	CREATE OR REPLACE VIEW z AS SELECT * FROM `BB` /* QNO 1043 CON_ID 14 */
		    16 Query	SET SESSION SQL_MODE= 'MYSQL40,MAXDB,PIPES_AS_CONCAT,IGNORE_BAD_TABLE_OPTIONS,POSTGRESQL,NO_FIELD_OPTIONS,MSSQL,NO_ZERO_IN_DATE,EMPTY_STRING_IS_NULL,ORACLE' /* QNO 610 CON_ID 16 */
		    16 Query	INSERT INTO t8 (`ACCESS_DENIED`) VALUES (NULL) /* QNO 611 CON_ID 16 */
		    18 Query	CREATE OR REPLACE TABLE t3 (vcol1 DATE AS ( tcol9 ) STORED)  /* QNO 743 CON_ID 18 */
		    19 Query	SHOW WARNINGS
		    14 Execute	CREATE OR REPLACE VIEW z AS SELECT * FROM `BB` /* QNO 1043 CON_ID 14 */
		    19 Query	DROP TABLE IF EXISTS transforms.insert_select_22994 /* QNO 647 CON_ID 19 */
		    19 Query	SHOW WARNINGS
		    17 Query	SELECT * FROM transforms.insert_select_22990 /* TRANSFORM_OUTCOME_UNORDERED_MATCH */ /* QNO 600 CON_ID 17 */
		    14 Query	CREATE FUNCTION i ( f INTEGER, e INTEGER ) RETURNS INTEGER RETURN 1 /* QNO 1045 CON_ID 14 */
		    19 Query	CREATE TABLE transforms.insert_select_22994  SELECT * FROM performance_schema.`events_statements_summary_by_host_by_event_name` AS table1 ORDER BY table1.`SUM_ROWS_AFFECTED`, table1.`SUM_ROWS_EXAMINED`, table1.`SUM_SELECT_RANGE_CHECK`, table1.`SUM_ROWS_EXAMINED` LIMIT 211 /* QNO 644 CON_ID 19 */  /* QNO 648 CON_ID 19 */
		    17 Query	DELETE FROM transforms.insert_select_22990 /* QNO 601 CON_ID 17 */
		    14 Query	ALTER TABLE `CC` DROP PRIMARY KEY /* QNO 1046 CON_ID 14 */
		    14 Query	ALTER TABLE `D` ADD KEY ( f ) /* QNO 1047 CON_ID 14 */
		    17 Query	INSERT INTO transforms.insert_select_22990 SELECT SETVAL(seq1, 1840564872710979584) /* QNO 595 CON_ID 17 */  /* QNO 602 CON_ID 17 */
		    18 Query	ALTER TABLE `proxies_priv` /*!100301 */ ALTER /*!100305 IF EXISTS */ h DROP DEFAULT, LOCK=EXCLUSIVE  /* QNO 744 CON_ID 18 */
		    18 Query	SET SESSION FOREIGN_KEY_CHECKS = OFF /* QNO 745 CON_ID 18 */
		    18 Query	UPDATE performance_schema.setup_consumers SET enabled = 'YES' WHERE name IN ( 'file_summary_by_instance', 'events_waits_summary_by_instance', 'events_waits_current', 'events_waits_summary_by_event_name', 'events_waits_history_long' ) /* QNO 746 CON_ID 18 */
		    18 Query	FLUSH USER_RESOURCES /* QNO 747 CON_ID 18 */
		    18 Query	DELETE FROM `help_keyword` WHERE `name` >= 5 LIMIT 3 /* QNO 748 CON_ID 18 */
		    16 Query	UNLOCK TABLES /* QNO 612 CON_ID 16 */
		    16 Query	DROP TEMPORARY TABLE IF EXISTS `SESSION_VARIABLES` /* QNO 613 CON_ID 16 */
		    18 Query	DELETE FROM `time_zone_transition_type` WHERE `Abbreviation` <> '1978-04-21 04:41:36.036635' LIMIT 3 /* QNO 749 CON_ID 18 */
		    16 Query	SHOW WARNINGS
		    16 Query	TRUNCATE TABLE performance_schema.events_waits_summary_by_instance /* QNO 614 CON_ID 16 */
		    18 Query	ALTER ONLINE TABLE `column_stats` /*!100301 WAIT 4 */ ADD KEY f ( `avg_frequency` ) KEY_BLOCK_SIZE = 31684, LOCK=EXCLUSIVE, DROP KEY IF EXISTS m  /* QNO 750 CON_ID 18 */
		    16 Query	SELECT * FROM INFORMATION_SCHEMA.`PARTITIONS` AS table1 WHERE table1.`CHECK_TIME` > 'y' ORDER BY table1.`PARTITION_ORDINAL_POSITION` LIMIT 255 /* QNO 615 CON_ID 16 */
		    18 Query	ALTER TABLE `gtid_slave_pos` /*!100301 */ ADD CONSTRAINT PRIMARY KEY USING BTREE ( `sub_id` ) /*!100307, ALGORITHM=NOCOPY */, LOCK=NONE, ADD KEY IF NOT EXISTS ind5 ( `sub_id` ), ALGORITHM=COPY  /* QNO 751 CON_ID 18 */
		    18 Query	ALTER TABLE `slow_log` ADD FOREIGN KEY s (ncol1) REFERENCES `proc` (tscol7) ON DELETE SET NULL  /* QNO 752 CON_ID 18 */
		    18 Query	INSERT INTO `procs_priv` SELECT * FROM `general_log` /* QNO 753 CON_ID 18 */
		    18 Query	SET SQL_MODE= '' /* QNO 754 CON_ID 18 */
		    18 Query	CREATE OR REPLACE TEMPORARY TABLE `tmp` LIKE B  /* QNO 755 CON_ID 18 */
		    15 Query	INSERT INTO `tmp` SELECT * FROM D  /* QNO 794 CON_ID 15 */
		    14 Query	ALTER TABLE `BB` REMOVE PARTITIONING /* QNO 1048 CON_ID 14 */
		    14 Query	REVOKE ALL PRIVILEGES ON test.a FROM 'someuser'@'somehost' /* QNO 1049 CON_ID 14 */
		    17 Query	SELECT * FROM transforms.insert_select_22990 /* TRANSFORM_OUTCOME_UNORDERED_MATCH */ /* QNO 603 CON_ID 17 */
		    14 Query	CREATE DATABASE IF NOT EXISTS p /* QNO 1050 CON_ID 14 */
		    17 Query	DELETE FROM transforms.insert_select_22990 /* QNO 604 CON_ID 17 */
		    14 Query	ALTER TABLE `BB` REMOVE PARTITIONING /* QNO 1051 CON_ID 14 */
		    14 Query	ALTER TABLE `D` DROP PRIMARY KEY /* QNO 1052 CON_ID 14 */
		    17 Query	REPLACE INTO transforms.insert_select_22990 SELECT SETVAL(seq1, 1840564872710979584) /* QNO 595 CON_ID 17 */  /* QNO 605 CON_ID 17 */
		    14 Query	DROP FUNCTION IF EXISTS k /* QNO 1053 CON_ID 14 */
		    14 Query	SHOW WARNINGS
		    14 Query	GRANT UPDATE ( `col_int_key` ) ON `B` TO 'someuser'@'somehost' /* QNO 1054 CON_ID 14 */
		    15 Query	/* GenTest::Transform::ExecuteAsExecuteImmediate */ EXECUTE IMMEDIATE ' INSERT INTO `tmp` SELECT * FROM D  /* QNO 794 CON_ID 15 */ ' /* TRANSFORM_OUTCOME_UNORDERED_MATCH */ /* QNO 795 CON_ID 15 */
		    15 Prepare	INSERT INTO `tmp` SELECT * FROM D  /* QNO 794 CON_ID 15 */
		    17 Query	SELECT * FROM transforms.insert_select_22990 /* TRANSFORM_OUTCOME_UNORDERED_MATCH */ /* QNO 606 CON_ID 17 */
		    14 Query	ALTER TABLE `E` ADD PRIMARY KEY (`pk`) /* QNO 1055 CON_ID 14 */
		    17 Query	DROP TABLE transforms.insert_select_22990 /* QNO 607 CON_ID 17 */
		    14 Query	DROP VIEW IF EXISTS j /* QNO 1056 CON_ID 14 */
		    14 Query	SHOW WARNINGS
		    14 Query	GRANT UPDATE ( `col_datetime_nokey` ) ON `A` TO 'someuser'@'somehost' /* QNO 1057 CON_ID 14 */
		    15 Execute	INSERT INTO `tmp` SELECT * FROM D  /* QNO 794 CON_ID 15 */
		    15 Query	DROP TEMPORARY TABLE IF EXISTS D  /* QNO 796 CON_ID 15 */
		    14 Query	REVOKE USAGE, SHOW DATABASES, CREATE USER, RELOAD, REPLICATION SLAVE, USAGE, CREATE USER ON *.* FROM 'someuser'@'somehost' /* QNO 1058 CON_ID 14 */
		    14 Query	ALTER TABLE `C` PARTITION BY KEY() PARTITIONS 9 /* QNO 1059 CON_ID 14 */
		    14 Query	DROP DATABASE IF EXISTS k /* QNO 1060 CON_ID 14 */
		    14 Query	SHOW WARNINGS
		    14 Query	ALTER TABLE `BB` ADD COLUMN d INTEGER DEFAULT NULL /* QNO 1061 CON_ID 14 */
		    14 Query	DROP FUNCTION IF EXISTS n /* QNO 1062 CON_ID 14 */
		    18 Query	INSERT INTO `tmp` SELECT * FROM B  /* QNO 756 CON_ID 18 */
		    15 Query	ALTER TABLE `tmp` RENAME TO D /* QNO 797 CON_ID 15 */
		    18 Query	/* GenTest::Transform::ExecuteAsExecuteImmediate */ EXECUTE IMMEDIATE ' INSERT INTO `tmp` SELECT * FROM B  /* QNO 756 CON_ID 18 */ ' /* TRANSFORM_OUTCOME_UNORDERED_MATCH */ /* QNO 757 CON_ID 18 */
		    18 Prepare	INSERT INTO `tmp` SELECT * FROM B  /* QNO 756 CON_ID 18 */
		    18 Execute	INSERT INTO `tmp` SELECT * FROM B  /* QNO 756 CON_ID 18 */
		    15 Query	SET GLOBAL SQL_MODE= 'MYSQL40,STRICT_TRANS_TABLES,IGNORE_BAD_TABLE_OPTIONS,TIME_ROUND_FRACTIONAL,ORACLE,NO_AUTO_CREATE_USER,ERROR_FOR_DIVISION_BY_ZERO,MAXDB,NO_UNSIGNED_SUBTRACTION,POSTGRESQL,EMPTY_STRING_IS_NULL,SIMULTANEOUS_ASSIGNMENT,NO_ENGINE_SUBSTITUTION,NO_FIELD_OPTIONS,DB2,PIPES_AS_CONCAT,NO_TABLE_OPTIONS,ANSI_QUOTES,ANSI,MSSQL,ONLY_FULL_GROUP_BY,ALLOW_INVALID_DATES' /* QNO 798 CON_ID 15 */
		    15 Query	ALTER TABLE `C` /*!100301 */ ADD INDEX IF NOT EXISTS ( `col_int_key` ), ADD PRIMARY KEY ( `col_time_key`(24) ) KEY_BLOCK_SIZE = 26467, LOCK=SHARED  /* QNO 799 CON_ID 15 */
		    18 Query	DROP TEMPORARY TABLE IF EXISTS B  /* QNO 758 CON_ID 18 */
		    17 Query	FLUSH USER_RESOURCES, SLAVE /* QNO 608 CON_ID 17 */
		    15 Query	ALTER TABLE `C` /*!100301 */ MODIFY IF EXISTS t BIT AFTER y, LOCK=EXCLUSIVE, CHANGE COLUMN IF EXISTS i `col_int_nokey` TEXT DEFAULT 'a', ALGORITHM=DEFAULT, LOCK=DEFAULT, ADD COLUMN ( `col_time_key` VARBINARY(53942) AS ( `pk` ) /*!100201 STORED */ /* PERSISTENT */ ) /*!100307, ALGORITHM=INSTANT */, LOCK=DEFAULT  /* QNO 800 CON_ID 15 */
		    18 Query	ALTER TABLE `tmp` RENAME TO B /* QNO 759 CON_ID 18 */
		    18 Query	ALTER TABLE t3 ADD COLUMN IF NOT EXISTS ( vcol9 MULTIPOLYGON AS ( geocol4 ) STORED )  /* QNO 760 CON_ID 18 */
		    17 Query	INSERT INTO t5 ( `row_start` ) SELECT ecol4 FROM t1 /* QNO 609 CON_ID 17 */
		    18 Query	INSERT INTO `time_zone_name` SELECT * FROM `procs_priv` /* QNO 761 CON_ID 18 */
		    14 Query	REVOKE ALL PRIVILEGES ON test.s FROM 'someuser'@'somehost' /* QNO 1063 CON_ID 14 */
		    18 Query	SELECT * FROM `time_zone_transition_type` INTO OUTFILE 'load_time_zone_transition_type'  /* QNO 762 CON_ID 18 */
		    14 Query	CREATE FUNCTION k ( i INTEGER, q INTEGER ) RETURNS INTEGER RETURN 1 /* QNO 1064 CON_ID 14 */
		    18 Query	LOAD DATA INFILE 'load_time_zone_transition_type' IGNORE INTO TABLE time_zone_transition_type /* QNO 763 CON_ID 18 */
		    18 Query	TRUNCATE TABLE performance_schema.events_waits_summary_by_instance /* QNO 764 CON_ID 18 */
		    15 Query	DROP TABLE IF EXISTS tmp_rename_22986  /* QNO 801 CON_ID 15 */
		    15 Query	SHOW WARNINGS
		    15 Query	RENAME TABLE t1 TO tmp_rename_22986, tmp_rename_22986 TO t1 /* QNO 802 CON_ID 15 */
		    17 Query	ALTER IGNORE TABLE `A` /*!100301 WAIT 1 */ MODIFY IF EXISTS `pk` INT DEFAULT 109, CHANGE IF EXISTS e `col_date_key` VARBINARY(9667) NOT NULL DEFAULT '', LOCK=NONE, ADD COLUMN h BIT NOT NULL /*!100307, ALGORITHM=NOCOPY */  /* QNO 610 CON_ID 17 */
		    15 Query	SET SESSION SQL_MODE= '' /* QNO 803 CON_ID 15 */
		    15 Query	ALTER TABLE t20 ADD COLUMN IF NOT EXISTS icol9 SMALLINT UNSIGNED  /* QNO 804 CON_ID 15 */
		    14 Query	REVOKE ALL PRIVILEGES ON b.* FROM 'someuser'@'somehost' /* QNO 1065 CON_ID 14 */
		    14 Query	ALTER TABLE `BB` REMOVE PARTITIONING /* QNO 1066 CON_ID 14 */
		    14 Query	DROP EVENT j /* QNO 1067 CON_ID 14 */
		    18 Query	ALTER TABLE `gtid_slave_pos` /*!100301 WAIT 5 */ ADD INDEX IF NOT EXISTS k ( j(4) ASC ) /*!100307, ALGORITHM=INSTANT */, LOCK=EXCLUSIVE, ADD KEY IF NOT EXISTS h ( c ) /*!100307, ALGORITHM=NOCOPY */, LOCK=NONE, DISABLE KEYS, ALGORITHM=INPLACE, DISABLE KEYS /*!100307, ALGORITHM=NOCOPY */, LOCK=DEFAULT, ADD INDEX ( j(114), n ), ALGORITHM=DEFAULT, ADD INDEX IF NOT EXISTS ( `seq_no`(209) ) COMMENT 'incorporate', LOCK=DEFAULT  /* QNO 765 CON_ID 18 */
		    14 Query	ALTER TABLE `E` DROP COLUMN u /* QNO 1068 CON_ID 14 */
		    14 Query	DROP DATABASE IF EXISTS j /* QNO 1069 CON_ID 14 */
		    14 Query	SHOW WARNINGS
		    14 Query	GRANT UPDATE ( `col_int_nokey` ) ON `BB` TO 'someuser'@'somehost' /* QNO 1070 CON_ID 14 */
		    14 Query	GRANT ALL PRIVILEGES ON p.* TO 'someuser'@'somehost' /* QNO 1071 CON_ID 14 */
		    18 Query	ALTER TABLE `roles_mapping` DROP FOREIGN KEY IF EXISTS g, DROP FOREIGN KEY IF EXISTS d /*!100307, ALGORITHM=INSTANT */, LOCK=NONE /* QNO 766 CON_ID 18 */
		    14 Query	DROP EVENT f /* QNO 1072 CON_ID 14 */
		    14 Query	CREATE EVENT j ON SCHEDULE AT NOW() DO SET @a=@a /* QNO 1073 CON_ID 14 */
		    18 Query	SELECT * FROM `db` INTO OUTFILE 'load_db'  /* QNO 767 CON_ID 18 */
		    14 Query	GRANT SELECT ( `col_date_nokey` ) ON `DD` TO 'someuser'@'somehost' /* QNO 1074 CON_ID 14 */
		    18 Query	LOAD DATA INFILE 'load_db' REPLACE INTO TABLE db /* QNO 768 CON_ID 18 */
		    14 Query	ALTER TABLE `A` REMOVE PARTITIONING /* QNO 1075 CON_ID 14 */
		    18 Query	SHOW ENGINE PERFORMANCE_SCHEMA STATUS /* QNO 769 CON_ID 18 */
		    14 Query	CREATE PROCEDURE t ( OUT q INT ) BEGIN SELECT COUNT(*) INTO @a FROM `A`; END ; /* QNO 1076 CON_ID 14 */
		    18 Query	UPDATE performance_schema.setup_instruments SET ENABLED = 'YES' WHERE NAME LIKE 'wait/io%' /* QNO 770 CON_ID 18 */
		    18 Query	SHOW EXPLAIN FOR 35 /* QNO 771 CON_ID 18 */
		    18 Query	SHOW ENGINE PERFORMANCE_SCHEMA STATUS /* QNO 772 CON_ID 18 */
		    14 Query	REVOKE ALL PRIVILEGES ON t.* FROM 'someuser'@'somehost' /* QNO 1077 CON_ID 14 */
		    14 Query	CREATE OR REPLACE VIEW u AS SELECT * FROM `DD` /* QNO 1078 CON_ID 14 */
		    14 Query	CREATE OR REPLACE VIEW l AS SELECT * FROM `B` /* QNO 1079 CON_ID 14 */
		    14 Query	/* GenTest::Transform::ExecuteAsExecuteImmediate */ EXECUTE IMMEDIATE 'CREATE OR REPLACE VIEW l AS SELECT * FROM `B` /* QNO 1079 CON_ID 14 */ ' /* TRANSFORM_OUTCOME_UNORDERED_MATCH */ /* QNO 1080 CON_ID 14 */
		    14 Prepare	CREATE OR REPLACE VIEW l AS SELECT * FROM `B` /* QNO 1079 CON_ID 14 */
		    14 Execute	CREATE OR REPLACE VIEW l AS SELECT * FROM `B` /* QNO 1079 CON_ID 14 */
		    14 Query	DROP VIEW IF EXISTS b /* QNO 1081 CON_ID 14 */
		    14 Query	SHOW WARNINGS
		    14 Query	ALTER TABLE `AA` DROP COLUMN w /* QNO 1082 CON_ID 14 */
		    18 Query	SELECT * FROM test.`B` AS table1 WHERE ( (NOT table1.`col_date_nokey` IN ( 7, 9, 4 ) AND table1.`col_varchar_nokey` LIKE '%sql%') OR table1.`pk` < '1974-07-06 22:11:04.004698') HAVING NOT ( (table1.`col_time_nokey` <> '2032-07-10 04:49:15.003988' IS NULL OR table1.`pk` < 2) OR table1.`col_varchar_nokey` > '2004-11-14 14:28:39.012565') ORDER BY table1.`col_time_nokey`, table1.`col_varchar_key` LIMIT 5 /* QNO 773 CON_ID 18 */
		    18 Query	SHOW ENGINE PERFORMANCE_SCHEMA STATUS /* QNO 774 CON_ID 18 */
		    15 Query	CREATE OR REPLACE TEMPORARY TABLE `tmp` LIKE B  /* QNO 805 CON_ID 15 */
		    14 Query	CREATE DATABASE IF NOT EXISTS d /* QNO 1083 CON_ID 14 */
		    14 Query	CREATE OR REPLACE VIEW d AS SELECT * FROM `BB` /* QNO 1084 CON_ID 14 */
		    18 Query	SELECT PREVIOUS VALUE FOR seq8 /* QNO 775 CON_ID 18 */
		    18 Query	INSERT INTO t1 () VALUES (),() /* QNO 776 CON_ID 18 */
		    14 Query	/* GenTest::Transform::ExecuteAsExecuteImmediate */ EXECUTE IMMEDIATE 'CREATE OR REPLACE VIEW d AS SELECT * FROM `BB` /* QNO 1084 CON_ID 14 */ ' /* TRANSFORM_OUTCOME_UNORDERED_MATCH */ /* QNO 1085 CON_ID 14 */
		    14 Prepare	CREATE OR REPLACE VIEW d AS SELECT * FROM `BB` /* QNO 1084 CON_ID 14 */
		    18 Query	ALTER ONLINE TABLE t4 /*!100301 NOWAIT */ DROP FOREIGN KEY IF EXISTS i, FORCE, LOCK=EXCLUSIVE /*!100307, ALGORITHM=INSTANT */  /* QNO 777 CON_ID 18 */
		    14 Execute	CREATE OR REPLACE VIEW d AS SELECT * FROM `BB` /* QNO 1084 CON_ID 14 */
		    14 Query	DROP TRIGGER IF EXISTS u /* QNO 1086 CON_ID 14 */
		    14 Query	SHOW WARNINGS
		    14 Query	ALTER TABLE `AA` ADD KEY ( w ) /* QNO 1087 CON_ID 14 */
		    14 Query	DROP TABLE q /* QNO 1088 CON_ID 14 */
		    14 Query	REVOKE ALL PRIVILEGES ON w.* FROM 'someuser'@'somehost' /* QNO 1089 CON_ID 14 */
		    14 Query	CREATE TABLE g LIKE `B` /* QNO 1090 CON_ID 14 */
		    14 Query	REVOKE PROCESS, SUPER ON *.* FROM 'someuser'@'somehost' /* QNO 1091 CON_ID 14 */
		    14 Query	ALTER TABLE `AA` ADD PRIMARY KEY (`pk`) /* QNO 1092 CON_ID 14 */
		    14 Query	DROP VIEW IF EXISTS r /* QNO 1093 CON_ID 14 */
		    14 Query	DROP DATABASE IF EXISTS z /* QNO 1094 CON_ID 14 */
		    15 Query	INSERT INTO `tmp` SELECT * FROM B  /* QNO 806 CON_ID 15 */
		    15 Query	/* GenTest::Transform::ExecuteAsExecuteImmediate */ EXECUTE IMMEDIATE ' INSERT INTO `tmp` SELECT * FROM B  /* QNO 806 CON_ID 15 */ ' /* TRANSFORM_OUTCOME_UNORDERED_MATCH */ /* QNO 807 CON_ID 15 */
		    15 Prepare	INSERT INTO `tmp` SELECT * FROM B  /* QNO 806 CON_ID 15 */
		    15 Execute	INSERT INTO `tmp` SELECT * FROM B  /* QNO 806 CON_ID 15 */
		    15 Query	DROP TEMPORARY TABLE IF EXISTS B  /* QNO 808 CON_ID 15 */
		    17 Query	SHOW WARNINGS
		    17 Query	ALTER TABLE t2 ADD COLUMN `pk` BIGINT NOT NULL, LOCK=NONE /* QNO 611 CON_ID 17 */
		    14 Query	ALTER TABLE `BB` DROP KEY v /* QNO 1095 CON_ID 14 */
		    14 Query	CREATE OR REPLACE VIEW i AS SELECT * FROM `CC` /* QNO 1096 CON_ID 14 */
		    14 Query	ALTER TABLE `AA` DROP COLUMN t /* QNO 1097 CON_ID 14 */
		    14 Query	ALTER TABLE `D` DROP COLUMN c /* QNO 1098 CON_ID 14 */
		    17 Query	SELECT * FROM test.`DD` AS table1 WHERE (NOT table1.`col_int_key` LIKE 'wait/synch/mutex/%' AND table1.`col_varchar_key` IN ( 3, 9, 1 )) HAVING table1.`col_int_key` >= 6 IS NULL ORDER BY table1.`col_datetime_nokey`, table1.`col_time_nokey`, table1.`col_datetime_key` LIMIT 100 /* QNO 612 CON_ID 17 */
		    17 Query	SHOW ENGINE PERFORMANCE_SCHEMA STATUS /* QNO 613 CON_ID 17 */
		    17 Query	ALTER TABLE `BB` ADD CONSTRAINT FOREIGN KEY ( `col_date_key`, `col_date_nokey` ) REFERENCES `B` (col_date_key,col_date_nokey) ON DELETE NO ACTION  /* QNO 614 CON_ID 17 */
		    17 Query	SELECT row_start FROM t8 ORDER BY RAND() LIMIT 1 INTO @trx_user_var /* QNO 615 CON_ID 17 */
		    15 Query	ALTER TABLE `tmp` RENAME TO B /* QNO 809 CON_ID 15 */
		    15 Query	UNLOCK TABLES /* QNO 810 CON_ID 15 */
		    18 Query	SHOW WARNINGS
		    15 Query	DELETE FROM `D` WHERE `col_datetime_key` != '2025-02-23 09:20:07.050435' LIMIT 3 /* QNO 811 CON_ID 15 */
		    18 Query	ALTER TABLE `D` ADD FOREIGN KEY b (`col_varchar_key`) REFERENCES D (`col_datetime_key`) ON DELETE NO ACTION, ALGORITHM=COPY, LOCK=NONE /* QNO 778 CON_ID 18 */
		    14 Query	CREATE FUNCTION u ( x INTEGER, e INTEGER ) RETURNS INTEGER RETURN 1 /* QNO 1099 CON_ID 14 */
		    15 Query	FLUSH LOGS, STATUS /* QNO 812 CON_ID 15 */
/home/travis/server/bin/mysqld, Version: 10.4.2-MariaDB-debug-log (Source distribution). started with:
Tcp port: 19300  Unix socket: /home/travis/logs/vardir/mysql.sock
Time		    Id Command	Argument
		    17 Query	SET SESSION SQL_MODE= DEFAULT /* QNO 616 CON_ID 17 */
		    18 Query	SET STATEMENT `sql_mode`=ORACLE FOR SELECT seq1.currval /* QNO 779 CON_ID 18 */
		    17 Query	DROP SEQUENCE IF EXISTS seq4 /* QNO 617 CON_ID 17 */
		    15 Query	ALTER TABLE `BB` /*!100301 WAIT 5 */ ADD KEY IF NOT EXISTS b ( s ), DROP CONSTRAINT ind8, LOCK=EXCLUSIVE  /* QNO 813 CON_ID 15 */
		    18 Query	UPDATE `AA` SET `col_datetime_nokey` = '1973-09-04 07:22:10.054635' WHERE `pk` >= 'f' /* QNO 780 CON_ID 18 */
		    15 Query	DROP TEMPORARY TABLE IF EXISTS `CC` /* QNO 814 CON_ID 15 */
		    15 Query	SHOW WARNINGS
		    17 Query	SHOW WARNINGS
		    18 Query	UPDATE performance_schema.setup_consumers SET enabled = 'NO' WHERE name LIKE 'file%' /* QNO 781 CON_ID 18 */
		    15 Query	UNLOCK TABLES /* QNO 815 CON_ID 15 */
		    17 Query	UPDATE `D` SET `col_time_key` = 4 WHERE `col_date_key` <> 'l' /* QNO 618 CON_ID 17 */
		    18 Query	SHOW ENGINE PERFORMANCE_SCHEMA STATUS /* QNO 782 CON_ID 18 */
		    14 Query	DROP VIEW IF EXISTS m /* QNO 1100 CON_ID 14 */
		    14 Query	SHOW WARNINGS
		    14 Query	ALTER TABLE `CC` ADD KEY ( t ) /* QNO 1101 CON_ID 14 */
		    15 Query	OPTIMIZE TABLE `B` /* QNO 816 CON_ID 15 */
		    18 Query	SET STATEMENT system_versioning_alter_history=KEEP FOR ALTER TABLE `D` PARTITION BY system_time LIMIT 60521 ( PARTITION ver_p1 HISTORY, PARTITION ver_p2 HISTORY, PARTITION ver_pn CURRENT ) /* QNO 783 CON_ID 18 */
		    14 Query	CREATE PROCEDURE z ( OUT z INT, IN q INT, IN r INT, OUT w INT, IN o INT ) BEGIN SELECT COUNT(*) INTO @a FROM `AA`; END ; /* QNO 1102 CON_ID 14 */
		    14 Query	CREATE FUNCTION d ( n INTEGER, n INTEGER ) RETURNS INTEGER RETURN 1 /* QNO 1103 CON_ID 14 */
		    17 Query	ALTER TABLE t12 ADD PRIMARY KEY(`col_int_nokey`, tscol7, icol3, bcol5, ncol8), LOCK=NONE, ROW_FORMAT=COMPRESSED /* QNO 619 CON_ID 17 */
		    14 Query	ALTER TABLE `A` ADD COLUMN p INTEGER DEFAULT NULL /* QNO 1104 CON_ID 14 */
		    18 Query	UNLOCK TABLES /* QNO 784 CON_ID 18 */
		    18 Query	ALTER TABLE `E` ADD CONSTRAINT FOREIGN KEY q ( `col_time_key`, `col_int_key` ) REFERENCES `D` (col_time_key,col_int_key) ON DELETE RESTRICT, ALGORITHM=INPLACE  /* QNO 785 CON_ID 18 */
		    17 Query	SET SQL_MODE= 'ANSI_QUOTES,STRICT_ALL_TABLES,PAD_CHAR_TO_FULL_LENGTH,DB2,PIPES_AS_CONCAT,MSSQL,NO_ZERO_IN_DATE,ERROR_FOR_DIVISION_BY_ZERO,POSTGRESQL,EMPTY_STRING_IS_NULL,IGNORE_BAD_TABLE_OPTIONS,STRICT_TRANS_TABLES,IGNORE_SPACE,HIGH_NOT_PRECEDENCE,MYSQL40,ALLOW_INVALID_DATES,NO_FIELD_OPTIONS,MYSQL323,NO_KEY_OPTIONS,NO_DIR_IN_CREATE,NO_BACKSLASH_ESCAPES,ONLY_FULL_GROUP_BY' /* QNO 620 CON_ID 17 */
		    17 Query	INSERT INTO `A` () VALUES (),(),(),() /* QNO 621 CON_ID 17 */
		    17 Query	UPDATE `B` SET `col_int_key` = '2033-02-10 19:00:24.056081' WHERE `col_int_nokey` <> '2013-11-05 06:43:22.010891' /* QNO 622 CON_ID 17 */
		    18 Query	LOCK TABLES `A` j LOW_PRIORITY WRITE /*!100300 NOWAIT */ /* QNO 786 CON_ID 18 */
		    17 Query	UNLOCK TABLES /* QNO 623 CON_ID 17 */
		    15 Query	SELECT * FROM mysql.`event` AS table1 LIMIT 175 /* QNO 817 CON_ID 15 */
		    18 Query	ALTER TABLE `C` /*!100301 NOWAIT */ ADD FOREIGN KEY ( `col_int_nokey` ) REFERENCES `B` (col_int_nokey) ON UPDATE SET NULL, ADD FOREIGN KEY ( `col_datetime_nokey` ) REFERENCES `D` (col_datetime_nokey) /*!100307, ALGORITHM=INSTANT */  /* QNO 787 CON_ID 18 */
		    15 Query	/* GenTest::Transform::ExecuteAsExecuteImmediate */ EXECUTE IMMEDIATE ' SELECT * FROM mysql.`event` AS table1 LIMIT 175 /* QNO 817 CON_ID 15 */ ' /* TRANSFORM_OUTCOME_UNORDERED_MATCH */ /* QNO 818 CON_ID 15 */
		    15 Prepare	SELECT * FROM mysql.`event` AS table1 LIMIT 175 /* QNO 817 CON_ID 15 */
		    15 Execute	SELECT * FROM mysql.`event` AS table1 LIMIT 175 /* QNO 817 CON_ID 15 */
		    17 Query	ALTER ONLINE TABLE `D` /*!100301 NOWAIT */ MODIFY COLUMN IF EXISTS z FLOAT GENERATED ALWAYS AS ( `col_varchar_nokey` + 0 ) /*!100201 STORED */ /* PERSISTENT */ /*!100303 INVISIBLE */ /*!100307, ALGORITHM=INSTANT */, LOCK=SHARED  /* QNO 624 CON_ID 17 */
		    17 Query	SHOW WARNINGS
		    15 Query	/* GenTest::Transform::ExecuteAsInsertSelect */ CREATE DATABASE IF NOT EXISTS transforms /* QNO 819 CON_ID 15 */
		    17 Query	INSERT INTO `CC` SELECT * FROM `AA` /* QNO 625 CON_ID 17 */
		    14 Query	CREATE TABLE o LIKE `C` /* QNO 1105 CON_ID 14 */
		    14 Query	ALTER TABLE `C` DROP COLUMN g /* QNO 1106 CON_ID 14 */
		    14 Query	CREATE OR REPLACE VIEW t AS SELECT * FROM `DD` /* QNO 1107 CON_ID 14 */
		    14 Query	ALTER TABLE `DD` ADD PRIMARY KEY (`pk`) /* QNO 1108 CON_ID 14 */
		    17 Query	UPDATE performance_schema.setup_timers SET timer_name = 'TICK' /* QNO 626 CON_ID 17 */
		    14 Query	DROP EVENT v /* QNO 1109 CON_ID 14 */
		    17 Query	SET STATEMENT system_versioning_alter_history=KEEP FOR ALTER TABLE `E` ADD PERIOD FOR SYSTEM_TIME(`vers_start`, `row_start`) /* QNO 627 CON_ID 17 */
		    18 Query	FLUSH QUERY CACHE /* QNO 788 CON_ID 18 */
		    14 Query	REVOKE ALL PRIVILEGES ON test.t FROM 'someuser'@'somehost' /* QNO 1110 CON_ID 14 */
		    14 Query	CREATE TRIGGER e BEFORE INSERT ON `D` FOR EACH ROW BEGIN INSERT INTO `BB` SELECT * FROM `D` LIMIT 0 ; END ; /* QNO 1111 CON_ID 14 */
		    17 Query	SET SQL_MODE= DEFAULT /* QNO 628 CON_ID 17 */
		    18 Query	SELECT * from t4 WHERE row_start != @trx_user_var /* QNO 789 CON_ID 18 */
		    17 Query	ALTER IGNORE TABLE `BB` /*!100301 NOWAIT */ ADD KEY ind6 USING BTREE ( `pk`, `col_varchar_nokey`(208) DESC, `col_time_nokey`, k, `col_time_key` ) COMMENT 'earn', LOCK=EXCLUSIVE  /* QNO 629 CON_ID 17 */
		    18 Query	FLUSH QUERY CACHE, PRIVILEGES /* QNO 790 CON_ID 18 */
		    18 Query	INSERT INTO t3 ( `col_time_key` ) SELECT tscol4 FROM t11 /* QNO 791 CON_ID 18 */
		    14 Query	ALTER TABLE `A` ADD PRIMARY KEY (`pk`) /* QNO 1112 CON_ID 14 */
		    14 Query	DROP VIEW IF EXISTS b /* QNO 1113 CON_ID 14 */
		    14 Query	SHOW WARNINGS
		    14 Query	DROP EVENT e /* QNO 1114 CON_ID 14 */
		    14 Query	CREATE DATABASE IF NOT EXISTS s /* QNO 1115 CON_ID 14 */
		    14 Query	SHOW WARNINGS
		    14 Query	ALTER TABLE `DD` REMOVE PARTITIONING /* QNO 1116 CON_ID 14 */
		    14 Query	ALTER TABLE `A` ADD COLUMN n INTEGER DEFAULT NULL /* QNO 1117 CON_ID 14 */
		    17 Query	DELETE FROM `D` WHERE `col_time_nokey` = 2 LIMIT 4 /* QNO 630 CON_ID 17 */
		    18 Query	UNLOCK TABLES /* QNO 792 CON_ID 18 */
		    18 Query	UPDATE performance_schema.setup_instruments SET TIMED = 'YES' ORDER BY RAND() LIMIT 6 /* QNO 793 CON_ID 18 */
		    17 Query	INSERT INTO `DD` (vcol1) VALUES (NULL) /* QNO 631 CON_ID 17 */
		    18 Query	ALTER TABLE `A` /*!100301 WAIT 7 */ ADD CONSTRAINT h FOREIGN KEY e (`col_varchar_key`) REFERENCES A (`col_date_nokey`), ALGORITHM=COPY  /* QNO 794 CON_ID 18 */
		    17 Query	SELECT * from `D` WHERE row_end IN (SELECT row_start FROM t9) /* QNO 632 CON_ID 17 */
		    15 Query	SHOW WARNINGS
		    19 Query	SELECT * FROM transforms.insert_select_22994 /* TRANSFORM_OUTCOME_UNORDERED_MATCH */ /* QNO 649 CON_ID 19 */
		    17 Query	DROP SEQUENCE IF EXISTS seq6 /* QNO 633 CON_ID 17 */
		    15 Query	DROP TABLE IF EXISTS transforms.insert_select_22986 /* QNO 820 CON_ID 15 */
		    15 Query	SHOW WARNINGS
		    15 Query	CREATE TABLE transforms.insert_select_22986  SELECT * FROM mysql.`event` AS table1 LIMIT 175 /* QNO 817 CON_ID 15 */  /* QNO 821 CON_ID 15 */
		    19 Query	DELETE FROM transforms.insert_select_22994 /* QNO 650 CON_ID 19 */
190122 13:39:47	    17 Query	UNLOCK TABLES /* QNO 634 CON_ID 17 */
		    14 Query	DROP VIEW IF EXISTS d /* QNO 1118 CON_ID 14 */
		    17 Query	INSERT INTO `BB` SELECT * FROM `E` /* QNO 635 CON_ID 17 */
		    14 Query	REVOKE ALL PRIVILEGES ON d.* FROM 'someuser'@'somehost' /* QNO 1119 CON_ID 14 */
		    14 Query	ALTER TABLE `BB` REMOVE PARTITIONING /* QNO 1120 CON_ID 14 */
		    17 Query	ALTER ONLINE TABLE `D` /*!100301 */ ADD INDEX ind9 ( `pk`(3) ), ALGORITHM=COPY, LOCK=NONE  /* QNO 636 CON_ID 17 */
		    14 Query	ALTER TABLE `E` DROP COLUMN h /* QNO 1121 CON_ID 14 */
		    17 Query	ALTER IGNORE TABLE `BB` /*!100301 NOWAIT */ DROP FOREIGN KEY y, ALGORITHM=COPY  /* QNO 637 CON_ID 17 */
		    14 Query	GRANT INSERT ( `pk` ), INSERT ( `col_varchar_nokey`, `col_time_key`, `col_int_key` ), UPDATE ( `col_date_key`, `col_datetime_key`, `col_time_key`, `col_varchar_nokey`, `col_datetime_key` ), SELECT ( `col_varchar_nokey`, `col_time_nokey` ) ON `A` TO 'someuser'@'somehost' /* QNO 1122 CON_ID 14 */
		    19 Query	INSERT INTO transforms.insert_select_22994  SELECT * FROM performance_schema.`events_statements_summary_by_host_by_event_name` AS table1 ORDER BY table1.`SUM_ROWS_AFFECTED`, table1.`SUM_ROWS_EXAMINED`, table1.`SUM_SELECT_RANGE_CHECK`, table1.`SUM_ROWS_EXAMINED` LIMIT 211 /* QNO 644 CON_ID 19 */  /* QNO 651 CON_ID 19 */
		    14 Query	CREATE TRIGGER w BEFORE INSERT ON `B` FOR EACH ROW BEGIN INSERT INTO `BB` SELECT * FROM `C` LIMIT 0 ; END ; /* QNO 1123 CON_ID 14 */
		    14 Query	ALTER TABLE `BB` DROP PRIMARY KEY /* QNO 1124 CON_ID 14 */
		    14 Query	CREATE PROCEDURE h ( OUT a INT ) BEGIN SELECT COUNT(*) INTO @a FROM `BB`; END ; /* QNO 1125 CON_ID 14 */
		    14 Query	ALTER TABLE `E` PARTITION BY KEY() PARTITIONS 0 /* QNO 1126 CON_ID 14 */
		    14 Query	REVOKE ALL PRIVILEGES ON b.* FROM 'someuser'@'somehost' /* QNO 1127 CON_ID 14 */
		    14 Query	GRANT REPLICATION CLIENT, USAGE ON *.* to 'someuser'@'somehost' /* QNO 1128 CON_ID 14 */
		    14 Query	CREATE DATABASE IF NOT EXISTS f /* QNO 1129 CON_ID 14 */
		    14 Query	CREATE FUNCTION m ( s INTEGER, j INTEGER ) RETURNS INTEGER RETURN 1 /* QNO 1130 CON_ID 14 */
		    14 Query	DROP VIEW IF EXISTS j /* QNO 1131 CON_ID 14 */
		    14 Query	SHOW WARNINGS
		    14 Query	GRANT INSERT ( `col_time_nokey`, `col_varchar_key`, `col_int_nokey`, `col_varchar_nokey` ) ON `AA` TO 'someuser'@'somehost' /* QNO 1132 CON_ID 14 */
		    14 Query	CREATE TRIGGER m BEFORE INSERT ON `CC` FOR EACH ROW BEGIN INSERT INTO `A` SELECT * FROM `C` LIMIT 0 ; END ; /* QNO 1133 CON_ID 14 */
		    14 Query	DROP TRIGGER IF EXISTS k /* QNO 1134 CON_ID 14 */
		    14 Query	SHOW WARNINGS
		    14 Query	ALTER TABLE `D` ADD KEY ( t ) /* QNO 1135 CON_ID 14 */
		    18 Query	INSERT INTO `B` ( `pk` ) VALUES (NULL) /* QNO 795 CON_ID 18 */
		    18 Query	SELECT * FROM seq3 /* QNO 796 CON_ID 18 */
		    18 Query	/* GenTest::Transform::ExecuteAsExecuteImmediate */ EXECUTE IMMEDIATE 'SELECT * FROM seq3 /* QNO 796 CON_ID 18 */ ' /* TRANSFORM_OUTCOME_UNORDERED_MATCH */ /* QNO 797 CON_ID 18 */
		    18 Prepare	SELECT * FROM seq3 /* QNO 796 CON_ID 18 */
