		    15 Query	REPLACE INTO transforms.insert_select_22986  SELECT * FROM mysql.`gtid_slave_pos` AS table1 HAVING ( table1.`server_id` = 7 OR table1.`domain_id` <> 'uk') LIMIT 119 /* QNO 100 CON_ID 15 */  /* QNO 110 CON_ID 15 */
		    15 Query	SELECT * FROM transforms.insert_select_22986 /* TRANSFORM_OUTCOME_UNORDERED_MATCH */ /* QNO 111 CON_ID 15 */
		    16 Query	SELECT * FROM `proxies_priv` INTO OUTFILE 'load_proxies_priv'  /* QNO 97 CON_ID 16 */
		    15 Query	DROP TABLE transforms.insert_select_22986 /* QNO 112 CON_ID 15 */
		    19 Query	FLUSH STATUS /* QNO 108 CON_ID 19 */
		    16 Query	LOAD DATA INFILE 'load_proxies_priv' IGNORE INTO TABLE proxies_priv /* QNO 98 CON_ID 16 */
		    16 Query	ALTER TABLE `event` ADD UNIQUE(tcol2), LOCK=SHARED, ADD COLUMN ( scol9 VARBINARY(22931) NOT NULL DEFAULT '', tcol5 YEAR ), LOCK=NONE /* QNO 99 CON_ID 16 */
		    16 Query	SHOW COUNT(*) ERRORS /* QNO 100 CON_ID 16 */
		    19 Query	ALTER TABLE `ROUTINES` ADD FOREIGN KEY c (`SQL_PATH`) REFERENCES ROUTINES (`COLLATION_NAME`), ALGORITHM=DEFAULT, LOCK=NONE /* QNO 109 CON_ID 19 */
		    16 Query	ALTER IGNORE TABLE `roles_mapping` /*!100301 */ DROP COLUMN IF EXISTS b /*!100307, ALGORITHM=INSTANT */, LOCK=NONE  /* QNO 101 CON_ID 16 */
		    19 Query	INSERT INTO `INNODB_CMP_PER_INDEX` SELECT * FROM `INNODB_FT_INDEX_CACHE` /* QNO 110 CON_ID 19 */
		    16 Query	SHOW ENGINE PERFORMANCE_SCHEMA STATUS /* QNO 102 CON_ID 16 */
		    19 Query	DROP TEMPORARY TABLE IF EXISTS `INNODB_FT_INDEX_TABLE` /* QNO 111 CON_ID 19 */
		    19 Query	SHOW WARNINGS
		    14 Query	ALTER TABLE `CC` DROP PRIMARY KEY /* QNO 113 CON_ID 14 */
		    19 Query	ALTER TABLE `COLUMN_PRIVILEGES` /*!100301 */ ADD IF NOT EXISTS `TABLE_CATALOG` TEXT DEFAULT '' /*!100303 INVISIBLE */, LOCK=NONE  /* QNO 112 CON_ID 19 */
		    19 Query	SHOW CREATE SCHEMA information_schema /* QNO 113 CON_ID 19 */
		    14 Query	DROP VIEW IF EXISTS n /* QNO 114 CON_ID 14 */
		    14 Query	SHOW WARNINGS
		    14 Query	GRANT UPDATE ( `col_datetime_nokey` ) ON `CC` TO 'someuser'@'somehost' /* QNO 115 CON_ID 14 */
		    14 Query	CREATE OR REPLACE VIEW a AS SELECT * FROM `B` /* QNO 116 CON_ID 14 */
		    18 Query	TRUNCATE TABLE performance_schema.events_waits_summary_by_instance /* QNO 90 CON_ID 18 */
		    18 Query	SHOW SLAVE HOSTS /* QNO 91 CON_ID 18 */
		    16 Query	SET STATEMENT system_versioning_alter_history=KEEP FOR ALTER TABLE `general_log` ADD PARTITION IF NOT EXISTS (PARTITION ver_p1 HISTORY) /* QNO 103 CON_ID 16 */
		    14 Query	/* GenTest::Transform::ExecuteAsExecuteImmediate */ EXECUTE IMMEDIATE 'CREATE OR REPLACE VIEW a AS SELECT * FROM `B` /* QNO 116 CON_ID 14 */ ' /* TRANSFORM_OUTCOME_UNORDERED_MATCH */ /* QNO 117 CON_ID 14 */
		    14 Prepare	CREATE OR REPLACE VIEW a AS SELECT * FROM `B` /* QNO 116 CON_ID 14 */
		    19 Query	SELECT * from t8 WHERE row_end IN (SELECT row_start FROM `SPATIAL_REF_SYS`) /* QNO 114 CON_ID 19 */
		    19 Query	TRUNCATE TABLE performance_schema.events_waits_summary_by_thread_by_event_name /* QNO 115 CON_ID 19 */
		    18 Query	SET SQL_MODE= '' /* QNO 92 CON_ID 18 */
		    16 Query	LOCK TABLES `time_zone_leap_second` AS m WRITE  /* QNO 104 CON_ID 16 */
		    16 Query	INSERT INTO `event` ( `pk` ) VALUES (NULL) /* QNO 105 CON_ID 16 */
		    19 Query	ALTER TABLE t3 ALTER COLUMN /*!100305 IF EXISTS */ ncol6 SET DEFAULT 0, ADD COLUMN vcol6 DATE AS ( tcol5 ) STORED FIRST, LOCK=SHARED /* QNO 116 CON_ID 19 */
		    14 Execute	CREATE OR REPLACE VIEW a AS SELECT * FROM `B` /* QNO 116 CON_ID 14 */
		    16 Query	ALTER TABLE `table_stats` /*!100301 */ ADD KEY IF NOT EXISTS t ( `cardinality` ), ALGORITHM=INPLACE, DROP CONSTRAINT ind7 /*!100307, ALGORITHM=INSTANT */, LOCK=EXCLUSIVE  /* QNO 106 CON_ID 16 */
		    14 Query	DROP FUNCTION IF EXISTS u /* QNO 118 CON_ID 14 */
		    14 Query	SHOW WARNINGS
		    19 Query	SET SQL_MODE= '' /* QNO 117 CON_ID 19 */
		    14 Query	ALTER TABLE `CC` PARTITION BY KEY() PARTITIONS 5 /* QNO 119 CON_ID 14 */
		    19 Query	CREATE OR REPLACE TEMPORARY TABLE `tmp` LIKE CC  /* QNO 118 CON_ID 19 */
		    14 Query	ALTER TABLE `E` ADD KEY ( v ) /* QNO 120 CON_ID 14 */
		    19 Query	INSERT INTO `tmp` SELECT * FROM CC  /* QNO 119 CON_ID 19 */
		    19 Query	DROP TEMPORARY TABLE IF EXISTS CC  /* QNO 120 CON_ID 19 */
		    19 Query	SHOW WARNINGS
		    19 Query	ALTER TABLE `tmp` RENAME TO CC /* QNO 121 CON_ID 19 */
		    18 Query	LOCK TABLES `rwlock_instances` READ LOCAL /*!100300 WAIT 4 */ /* QNO 93 CON_ID 18 */
		    16 Query	UPDATE performance_schema.setup_timers SET timer_name = 'CYCLE' /* QNO 107 CON_ID 16 */
		    18 Query	DELETE FROM `events_waits_summary_by_thread_by_event_name` WHERE `MIN_TIMER_WAIT` != 7 LIMIT 7 /* QNO 94 CON_ID 18 */
		    16 Query	UNLOCK TABLES /* QNO 108 CON_ID 16 */
		    18 Query	UPDATE `events_statements_summary_by_digest` SET `SUM_CREATED_TMP_DISK_TABLES` = 5 WHERE `SUM_ROWS_SENT` <= '2035-04-18 07:51:17.029956' /* QNO 95 CON_ID 18 */
		    16 Query	DELETE FROM `event` WHERE `db` != '1975-09-18 13:52:36.014661' LIMIT 6 /* QNO 109 CON_ID 16 */
		    19 Query	CREATE OR REPLACE TEMPORARY TABLE `tmp` LIKE A  /* QNO 122 CON_ID 19 */
		    19 Query	INSERT INTO `tmp` SELECT * FROM A  /* QNO 123 CON_ID 19 */
		    18 Query	CREATE TABLE t2 LIKE `events_stages_summary_by_account_by_event_name` /* QNO 96 CON_ID 18 */
		    16 Query	ALTER TABLE `servers` ENGINE=InnoDB /* QNO 110 CON_ID 16 */
		    18 Query	DELETE FROM `events_stages_summary_by_account_by_event_name` WHERE `COUNT_STAR` >= 7 LIMIT 7 /* QNO 97 CON_ID 18 */
		    19 Query	DROP TEMPORARY TABLE IF EXISTS A  /* QNO 124 CON_ID 19 */
		    19 Query	SHOW WARNINGS
		    16 Query	SELECT * FROM `proxies_priv` INTO OUTFILE 'load_proxies_priv'  /* QNO 111 CON_ID 16 */
		    18 Query	UNLOCK TABLES /* QNO 98 CON_ID 18 */
		    16 Query	LOAD DATA INFILE 'load_proxies_priv' IGNORE INTO TABLE proxies_priv /* QNO 112 CON_ID 16 */
		    18 Query	ALTER TABLE t6 ADD SYSTEM VERSIONING /* QNO 99 CON_ID 18 */
		    19 Query	ALTER TABLE `tmp` RENAME TO A /* QNO 125 CON_ID 19 */
		    19 Query	LOCK TABLE `PARTITIONS` READ LOCAL, `GLOBAL_VARIABLES` WRITE CONCURRENT, `INNODB_SYS_TABLESPACES` LOW_PRIORITY WRITE  /* QNO 126 CON_ID 19 */
		    16 Query	SHOW EXPLAIN FOR 200 /* QNO 113 CON_ID 16 */
		    19 Query	SHOW SLAVE HOSTS /* QNO 127 CON_ID 19 */
		    16 Query	SHOW EXPLAIN FOR 69 /* QNO 114 CON_ID 16 */
		    16 Query	CREATE OR REPLACE TEMPORARY TABLE `tmp` LIKE CC  /* QNO 115 CON_ID 16 */
		    16 Query	INSERT INTO `tmp` SELECT * FROM CC  /* QNO 116 CON_ID 16 */
		    19 Query	ALTER ONLINE TABLE `INNODB_BUFFER_POOL_STATS` /*!100301 */ ADD CONSTRAINT w UNIQUE q ( `PAGES_CREATE_RATE` DESC ), ADD INDEX ind3 ( `PAGES_MADE_YOUNG_RATE` ) KEY_BLOCK_SIZE = 6518 KEY_BLOCK_SIZE = 19498, ALGORITHM=INPLACE, LOCK=NONE  /* QNO 128 CON_ID 19 */
		    16 Query	DROP TEMPORARY TABLE IF EXISTS CC  /* QNO 117 CON_ID 16 */
		    16 Query	SHOW WARNINGS
		    16 Query	ALTER TABLE `tmp` RENAME TO CC /* QNO 118 CON_ID 16 */
		    19 Query	SET SQL_MODE= 'SIMULTANEOUS_ASSIGNMENT,ERROR_FOR_DIVISION_BY_ZERO,NO_DIR_IN_CREATE,POSTGRESQL,NO_KEY_OPTIONS,PAD_CHAR_TO_FULL_LENGTH,NO_BACKSLASH_ESCAPES,MAXDB,ALLOW_INVALID_DATES,HIGH_NOT_PRECEDENCE,NO_AUTO_CREATE_USER,IGNORE_SPACE,EMPTY_STRING_IS_NULL,MSSQL,NO_UNSIGNED_SUBTRACTION,STRICT_ALL_TABLES,DB2,IGNORE_BAD_TABLE_OPTIONS,NO_ENGINE_SUBSTITUTION,NO_AUTO_VALUE_ON_ZERO,ANSI_QUOTES,PIPES_AS_CONCAT,ANSI,REAL_AS_FLOAT,MYSQL323,MYSQL40,ONLY_FULL_GROUP_BY,NO_TABLE_OPTIONS,ORACLE,NO_ZERO_IN_DATE,STRICT_TRANS_TABLES,TIME_ROUND_FRACTIONAL,NO_FIELD_OPTIONS,' /* QNO 129 CON_ID 19 */
		    16 Query	INSERT INTO `column_stats` ( `pk` ) VALUES (NULL) /* QNO 119 CON_ID 16 */
		    19 Query	UNLOCK TABLES /* QNO 130 CON_ID 19 */
		    19 Query	FLUSH PRIVILEGES /* QNO 131 CON_ID 19 */
		    16 Query	CREATE OR REPLACE TEMPORARY TABLE `tmp` LIKE CC  /* QNO 120 CON_ID 16 */
		    19 Query	INSERT INTO `PLUGINS` SELECT * FROM `ROUTINES` /* QNO 132 CON_ID 19 */
		    16 Query	INSERT INTO `tmp` SELECT * FROM CC  /* QNO 121 CON_ID 16 */
		    19 Query	SHOW ENGINE PERFORMANCE_SCHEMA STATUS /* QNO 133 CON_ID 19 */
		    14 Query	DROP EVENT c /* QNO 121 CON_ID 14 */
		    19 Query	SELECT * FROM performance_schema.`session_connect_attrs` AS table1 WHERE table1.`ORDINAL_POSITION` < table1.`ATTR_NAME` ORDER BY table1.`ORDINAL_POSITION`, table1.`ATTR_NAME`, table1.`ATTR_VALUE` LIMIT 136 /* QNO 134 CON_ID 19 */
		    14 Query	ALTER TABLE `BB` PARTITION BY KEY() PARTITIONS 3 /* QNO 122 CON_ID 14 */
		    16 Query	DROP TEMPORARY TABLE IF EXISTS CC  /* QNO 122 CON_ID 16 */
		    19 Query	SHOW WARNINGS
		    16 Query	SHOW WARNINGS
		    16 Query	ALTER TABLE `tmp` RENAME TO CC /* QNO 123 CON_ID 16 */
		    19 Query	CREATE OR REPLACE TEMPORARY TABLE `tmp` LIKE C  /* QNO 135 CON_ID 19 */
		    16 Query	INSERT INTO `procs_priv` SELECT * FROM `help_category` /* QNO 124 CON_ID 16 */
		    16 Query	UNLOCK TABLES /* QNO 125 CON_ID 16 */
		    16 Query	ALTER IGNORE TABLE `time_zone_leap_second` /*!100301 NOWAIT */ ADD FOREIGN KEY (`Correction`) REFERENCES time_zone_leap_second (`Transition_time`) ON DELETE NO ACTION, LOCK=SHARED /* QNO 126 CON_ID 16 */
		    16 Query	LOCK TABLES `global_priv` WRITE, `event` WRITE  /* QNO 127 CON_ID 16 */
		    16 Query	INSERT INTO `roles_mapping` ( `pk` ) VALUES (NULL) /* QNO 128 CON_ID 16 */
		    16 Query	ALTER TABLE `plugin` DROP PARTITION IF EXISTS ver_p4 /* QNO 129 CON_ID 16 */
		    16 Query	INSERT INTO t13 ( `dl` ) SELECT tcol9 FROM t11 /* QNO 130 CON_ID 16 */
		    15 Query	UNLOCK TABLES /* QNO 113 CON_ID 15 */
		    15 Query	SET SQL_MODE= 'REAL_AS_FLOAT,NO_KEY_OPTIONS,NO_ENGINE_SUBSTITUTION,PIPES_AS_CONCAT' /* QNO 114 CON_ID 15 */
		    15 Query	UPDATE performance_schema.setup_instruments SET ENABLED = 'YES' WHERE NAME LIKE '%sql%' /* QNO 115 CON_ID 15 */
		    15 Query	ALTER TABLE `roles_mapping` ADD CONSTRAINT FOREIGN KEY q ( `Role` ) REFERENCES `procs_priv` (Role) ON DELETE NO ACTION, ALGORITHM=DEFAULT  /* QNO 116 CON_ID 15 */
		    15 Query	SELECT * FROM (mysql.`help_keyword` AS table1 LEFT JOIN mysql.`func` AS table2 ON ( table2.`ret` = table1.`help_keyword_id` ) ) WHERE table1.`help_keyword_id` <= table1.`help_keyword_id` HAVING ( ( (NOT ( table2.`type` != 'k' AND table2.`ret` < 'a') AND table1.`name` = 'f') OR table2.`type` <= 'no') OR table2.`type` = 5) LIMIT 81 /* QNO 117 CON_ID 15 */
		    15 Query	/* GenTest::Transform::ExecuteAsExecuteImmediate */ EXECUTE IMMEDIATE ' SELECT * FROM (mysql.`help_keyword` AS table1 LEFT JOIN mysql.`func` AS table2 ON ( table2.`ret` = table1.`help_keyword_id` ) ) WHERE table1.`help_keyword_id` <= table1.`help_keyword_id` HAVING ( ( (NOT ( table2.`type` != \'k\' AND table2.`ret` < \'a\') AND table1.`name` = \'f\') OR table2.`type` <= \'no\') OR table2.`type` = 5) LIMIT 81 /* QNO 117 CON_ID 15 */ ' /* TRANSFORM_OUTCOME_UNORDERED_MATCH */ /* QNO 118 CON_ID 15 */
		    15 Prepare	SELECT * FROM (mysql.`help_keyword` AS table1 LEFT JOIN mysql.`func` AS table2 ON ( table2.`ret` = table1.`help_keyword_id` ) ) WHERE table1.`help_keyword_id` <= table1.`help_keyword_id` HAVING ( ( (NOT ( table2.`type` != 'k' AND table2.`ret` < 'a') AND table1.`name` = 'f') OR table2.`type` <= 'no') OR table2.`type` = 5) LIMIT 81 /* QNO 117 CON_ID 15 */
		    15 Execute	SELECT * FROM (mysql.`help_keyword` AS table1 LEFT JOIN mysql.`func` AS table2 ON ( table2.`ret` = table1.`help_keyword_id` ) ) WHERE table1.`help_keyword_id` <= table1.`help_keyword_id` HAVING ( ( (NOT ( table2.`type` != 'k' AND table2.`ret` < 'a') AND table1.`name` = 'f') OR table2.`type` <= 'no') OR table2.`type` = 5) LIMIT 81 /* QNO 117 CON_ID 15 */
		    15 Query	/* GenTest::Transform::ExecuteAsInsertSelect */ CREATE DATABASE IF NOT EXISTS transforms /* QNO 119 CON_ID 15 */
		    15 Query	SHOW WARNINGS
		    15 Query	DROP TABLE IF EXISTS transforms.insert_select_22986 /* QNO 120 CON_ID 15 */
		    15 Query	SHOW WARNINGS
		    15 Query	CREATE TABLE transforms.insert_select_22986  SELECT * FROM (mysql.`help_keyword` AS table1 LEFT JOIN mysql.`func` AS table2 ON ( table2.`ret` = table1.`help_keyword_id` ) ) WHERE table1.`help_keyword_id` <= table1.`help_keyword_id` HAVING ( ( (NOT ( table2.`type` != 'k' AND table2.`ret` < 'a') AND table1.`name` = 'f') OR table2.`type` <= 'no') OR table2.`type` = 5) LIMIT 81 /* QNO 117 CON_ID 15 */  /* QNO 121 CON_ID 15 */
		    15 Query	SET STATEMENT `sql_mode`=ORACLE FOR SELECT seq4.nextval /* QNO 122 CON_ID 15 */
		    15 Query	DELETE FROM `columns_priv` WHERE `Column_priv` >= 'o' LIMIT 5 /* QNO 123 CON_ID 15 */
		    15 Query	TRUNCATE TABLE performance_schema.events_waits_history /* QNO 124 CON_ID 15 */
		    15 Query	ALTER TABLE `user` /*!100301 WAIT 7 */ ADD FOREIGN KEY a (icol3) REFERENCES t4 (tscol1) ON DELETE SET NULL, RENAME TO `time_zone_transition_type`, RENAME TO t8  /* QNO 125 CON_ID 15 */
		    15 Query	ALTER ONLINE TABLE `time_zone_transition_type` /*!100301 NOWAIT */ DROP INDEX IF EXISTS ind3, ALGORITHM=COPY, LOCK=DEFAULT, ADD KEY IF NOT EXISTS ind3 ( h ) COMMENT 'religion'  /* QNO 126 CON_ID 15 */
		    15 Query	ALTER ONLINE TABLE `time_zone_leap_second` /*!100301 NOWAIT */ ADD UNIQUE ind1 ( `Correction` ASC ) COMMENT 'aside' COMMENT 'pale', ALGORITHM=DEFAULT  /* QNO 127 CON_ID 15 */
		    14 Query	ALTER TABLE `AA` PARTITION BY KEY() PARTITIONS 9 /* QNO 123 CON_ID 14 */
		    15 Query	UNLOCK TABLES /* QNO 128 CON_ID 15 */
		    14 Query	CREATE OR REPLACE VIEW l AS SELECT * FROM `A` /* QNO 124 CON_ID 14 */
		    14 Query	DROP DATABASE IF EXISTS n /* QNO 125 CON_ID 14 */
		    14 Query	SHOW WARNINGS
		    14 Query	ALTER TABLE `AA` DROP PRIMARY KEY /* QNO 126 CON_ID 14 */
		    14 Query	REVOKE ALL PRIVILEGES ON test.n FROM 'someuser'@'somehost' /* QNO 127 CON_ID 14 */
		    14 Query	DROP TABLE b /* QNO 128 CON_ID 14 */
		    15 Query	SET SESSION SQL_MODE= 'TIME_ROUND_FRACTIONAL,NO_KEY_OPTIONS,NO_UNSIGNED_SUBTRACTION,STRICT_TRANS_TABLES,ANSI_QUOTES,REAL_AS_FLOAT,NO_ZERO_IN_DATE,PAD_CHAR_TO_FULL_LENGTH,ALLOW_INVALID_DATES,ONLY_FULL_GROUP_BY,ORACLE' /* QNO 129 CON_ID 15 */
		    14 Query	CREATE DATABASE IF NOT EXISTS y /* QNO 129 CON_ID 14 */
		    14 Query	ALTER TABLE `CC` ADD COLUMN o INTEGER DEFAULT NULL /* QNO 130 CON_ID 14 */
		    15 Query	UNLOCK TABLES /* QNO 130 CON_ID 15 */
		    14 Query	DROP PROCEDURE IF EXISTS s /* QNO 131 CON_ID 14 */
		    15 Query	ALTER SEQUENCE IF EXISTS seq9 NOMAXVALUE /* QNO 131 CON_ID 15 */
		    14 Query	SHOW WARNINGS
		    14 Query	DROP VIEW IF EXISTS m /* QNO 132 CON_ID 14 */
		    14 Query	GRANT ALL PRIVILEGES ON l.* TO 'someuser'@'somehost' /* QNO 133 CON_ID 14 */
		    14 Query	ALTER TABLE `D` ADD KEY ( k ) /* QNO 134 CON_ID 14 */
		    17 Query	CREATE OR REPLACE TABLE t6 (bcol8 BIT ) ROW_FORMAT=COMPRESSED  /* QNO 47 CON_ID 17 */
		    16 Query	INSERT INTO `innodb_table_stats` ( vcol7 ) SELECT ecol5 FROM t5 /* QNO 131 CON_ID 16 */
		    16 Query	INSERT INTO t20 ( vcol6 ) SELECT scol2 FROM t18 /* QNO 132 CON_ID 16 */
		    14 Query	REVOKE PROCESS ON *.* FROM 'someuser'@'somehost' /* QNO 135 CON_ID 14 */
		    14 Query	ALTER TABLE `C` DROP KEY q /* QNO 136 CON_ID 14 */
		    14 Query	GRANT INSERT ( `col_date_key` ) ON `B` TO 'someuser'@'somehost' /* QNO 137 CON_ID 14 */
		    14 Query	DROP DATABASE IF EXISTS h /* QNO 138 CON_ID 14 */
		    15 Query	SHOW CREATE FUNCTION l /* QNO 132 CON_ID 15 */
		    14 Query	SHOW WARNINGS
		    16 Query	ALTER ONLINE TABLE t5 CHANGE COLUMN IF EXISTS tscol3 geocol4 POLYGON NOT NULL, ALGORITHM=COPY, LOCK=EXCLUSIVE, DROP COLUMN IF EXISTS ecol3, ALGORITHM=DEFAULT, LOCK=EXCLUSIVE  /* QNO 133 CON_ID 16 */
		    14 Query	CREATE OR REPLACE VIEW z AS SELECT * FROM `CC` /* QNO 139 CON_ID 14 */
		    15 Query	ALTER TABLE `procs_priv` PARTITION BY KEY(tcol8) /* QNO 133 CON_ID 15 */
		    14 Query	DROP EVENT t /* QNO 140 CON_ID 14 */
		    14 Query	CREATE TABLE p LIKE `E` /* QNO 141 CON_ID 14 */
		    15 Query	SELECT * FROM mysql.`innodb_index_stats` AS table1 WHERE table1.`table_name` = table1.`stat_description` LIMIT 149 /* QNO 134 CON_ID 15 */
		    15 Query	/* GenTest::Transform::ExecuteAsExecuteImmediate */ EXECUTE IMMEDIATE ' SELECT * FROM mysql.`innodb_index_stats` AS table1 WHERE table1.`table_name` = table1.`stat_description` LIMIT 149 /* QNO 134 CON_ID 15 */ ' /* TRANSFORM_OUTCOME_UNORDERED_MATCH */ /* QNO 135 CON_ID 15 */
		    15 Prepare	SELECT * FROM mysql.`innodb_index_stats` AS table1 WHERE table1.`table_name` = table1.`stat_description` LIMIT 149 /* QNO 134 CON_ID 15 */
		    15 Execute	SELECT * FROM mysql.`innodb_index_stats` AS table1 WHERE table1.`table_name` = table1.`stat_description` LIMIT 149 /* QNO 134 CON_ID 15 */
		    15 Query	/* GenTest::Transform::ExecuteAsInsertSelect */ CREATE DATABASE IF NOT EXISTS transforms /* QNO 136 CON_ID 15 */
		    15 Query	SHOW WARNINGS
		    16 Query	SHOW WARNINGS
		    16 Query	ALTER TABLE `help_keyword` /*!100301 */ ADD KEY IF NOT EXISTS g ( `help_keyword_id` DESC ), ALGORITHM=INPLACE, LOCK=SHARED  /* QNO 134 CON_ID 16 */
		    16 Query	ALTER ONLINE IGNORE TABLE `time_zone_transition_type` /*!100301 WAIT 7 */ CHANGE COLUMN IF EXISTS `Abbreviation` `Time_zone_id` BLOB NOT NULL DEFAULT '' AFTER c /*!100307, ALGORITHM=INSTANT */, LOCK=DEFAULT  /* QNO 135 CON_ID 16 */
		    16 Query	INSERT INTO `procs_priv` SELECT * FROM `column_stats` /* QNO 136 CON_ID 16 */
		    16 Query	SHOW STORAGE ENGINES /* QNO 137 CON_ID 16 */
		    15 Query	DROP TABLE IF EXISTS transforms.insert_select_22986 /* QNO 137 CON_ID 15 */
		    16 Query	INSERT INTO `time_zone_transition_type` SELECT * FROM `help_category` /* QNO 138 CON_ID 16 */
		    15 Query	SHOW WARNINGS
		    15 Query	CREATE TABLE transforms.insert_select_22986  SELECT * FROM mysql.`innodb_index_stats` AS table1 WHERE table1.`table_name` = table1.`stat_description` LIMIT 149 /* QNO 134 CON_ID 15 */  /* QNO 138 CON_ID 15 */
		    16 Query	ALTER IGNORE TABLE `help_keyword` /*!100301 */ ADD IF NOT EXISTS ( `help_keyword_id` VARBINARY(59804) NOT NULL, g BIT NULL DEFAULT 0 /*!100201 CHECK (`name` != 6) */, f YEAR NOT NULL, `name` BINARY NOT NULL DEFAULT NULL, j TIMESTAMP NOT NULL ) /*!100307, ALGORITHM=NOCOPY */  /* QNO 139 CON_ID 16 */
		    16 Query	CREATE OR REPLACE TEMPORARY TABLE `tmp` LIKE A  /* QNO 140 CON_ID 16 */
		    19 Query	INSERT INTO `tmp` SELECT * FROM C  /* QNO 136 CON_ID 19 */
		    19 Query	/* GenTest::Transform::ExecuteAsExecuteImmediate */ EXECUTE IMMEDIATE ' /* TRANSFORM_OUTCOME_UNORDERED_MATCH */ /* QNO 137 CON_ID 19 */
		    19 Query	DROP TEMPORARY TABLE IF EXISTS C  /* QNO 138 CON_ID 19 */
		    19 Query	SHOW WARNINGS
		    19 Query	ALTER TABLE `tmp` RENAME TO C /* QNO 139 CON_ID 19 */
		    16 Query	INSERT INTO `tmp` SELECT * FROM A  /* QNO 141 CON_ID 16 */
		    19 Query	SET SQL_MODE= DEFAULT /* QNO 140 CON_ID 19 */
		    19 Query	TRUNCATE TABLE performance_schema.file_summary_by_instance /* QNO 141 CON_ID 19 */
		    19 Query	SELECT * FROM (INFORMATION_SCHEMA.`INNODB_CMP` AS table1 RIGHT OUTER JOIN mysql.`event` AS table2 ON ( table2.`db_collation` = table1.`page_size` ) ) WHERE (NOT ( table1.`compress_time` > 6 AND table2.`originator` LIKE '%sql%') AND table2.`execute_at` >= '2027-12-23 08:55:50.038653') HAVING ( ( (table2.`interval_field` >= 5 IS NULL OR table1.`compress_ops_ok` <> '1985-05-10 06:46:19.026985') AND table1.`uncompress_time` < '1997-09-12 18:58:59.016005') OR table1.`page_size` < 'yr') LIMIT 144 /* QNO 142 CON_ID 19 */
		    16 Query	DROP TEMPORARY TABLE IF EXISTS A  /* QNO 142 CON_ID 16 */
		    16 Query	SHOW WARNINGS
		    16 Query	ALTER TABLE `tmp` RENAME TO A /* QNO 143 CON_ID 16 */
		    16 Query	DELETE FROM `time_zone_name` WHERE `Time_zone_id` > '2010-04-18 12:43:06.049738' LIMIT 8 /* QNO 144 CON_ID 16 */
		    19 Query	/* GenTest::Transform::ExecuteAsExecuteImmediate */ EXECUTE IMMEDIATE ' SELECT * FROM (INFORMATION_SCHEMA.`INNODB_CMP` AS table1 RIGHT OUTER JOIN mysql.`event` AS table2 ON ( table2.`db_collation` = table1.`page_size` ) ) WHERE (NOT ( table1.`compress_time` > 6 AND table2.`originator` LIKE \'%sql%\') AND table2.`execute_at` >= \'2027-12-23 08:55:50.038653\') HAVING ( ( (table2.`interval_field` >= 5 IS NULL OR table1.`compress_ops_ok` <> \'1985-05-10 06:46:19.026985\') AND table1.`uncompress_time` < \'1997-09-12 18:58:59.016005\') OR table1.`page_size` < \'yr\') LIMIT 144 /* QNO 142 CON_ID 19 */ ' /* TRANSFORM_OUTCOME_UNORDERED_MATCH */ /* QNO 143 CON_ID 19 */
		    19 Prepare	SELECT * FROM (INFORMATION_SCHEMA.`INNODB_CMP` AS table1 RIGHT OUTER JOIN mysql.`event` AS table2 ON ( table2.`db_collation` = table1.`page_size` ) ) WHERE (NOT ( table1.`compress_time` > 6 AND table2.`originator` LIKE '%sql%') AND table2.`execute_at` >= '2027-12-23 08:55:50.038653') HAVING ( ( (table2.`interval_field` >= 5 IS NULL OR table1.`compress_ops_ok` <> '1985-05-10 06:46:19.026985') AND table1.`uncompress_time` < '1997-09-12 18:58:59.016005') OR table1.`page_size` < 'yr') LIMIT 144 /* QNO 142 CON_ID 19 */
		    16 Query	SELECT * FROM mysql.`general_log` AS table1 LIMIT 31 /* QNO 145 CON_ID 16 */
		    19 Execute	SELECT * FROM (INFORMATION_SCHEMA.`INNODB_CMP` AS table1 RIGHT OUTER JOIN mysql.`event` AS table2 ON ( table2.`db_collation` = table1.`page_size` ) ) WHERE (NOT ( table1.`compress_time` > 6 AND table2.`originator` LIKE '%sql%') AND table2.`execute_at` >= '2027-12-23 08:55:50.038653') HAVING ( ( (table2.`interval_field` >= 5 IS NULL OR table1.`compress_ops_ok` <> '1985-05-10 06:46:19.026985') AND table1.`uncompress_time` < '1997-09-12 18:58:59.016005') OR table1.`page_size` < 'yr') LIMIT 144 /* QNO 142 CON_ID 19 */
		    16 Query	/* GenTest::Transform::ExecuteAsExecuteImmediate */ EXECUTE IMMEDIATE ' SELECT * FROM mysql.`general_log` AS table1 LIMIT 31 /* QNO 145 CON_ID 16 */ ' /* TRANSFORM_OUTCOME_UNORDERED_MATCH */ /* QNO 146 CON_ID 16 */
		    16 Prepare	SELECT * FROM mysql.`general_log` AS table1 LIMIT 31 /* QNO 145 CON_ID 16 */
		    16 Execute	SELECT * FROM mysql.`general_log` AS table1 LIMIT 31 /* QNO 145 CON_ID 16 */
		    16 Query	/* GenTest::Transform::ExecuteAsInsertSelect */ CREATE DATABASE IF NOT EXISTS transforms /* QNO 147 CON_ID 16 */
		    18 Query	SET SQL_MODE= 'TIME_ROUND_FRACTIONAL,NO_ENGINE_SUBSTITUTION,ANSI,MAXDB,PAD_CHAR_TO_FULL_LENGTH,EMPTY_STRING_IS_NULL,NO_AUTO_VALUE_ON_ZERO' /* QNO 100 CON_ID 18 */
		    18 Query	SELECT NEXTVAL( seq5 ) /* QNO 101 CON_ID 18 */
		    18 Query	DROP TABLE IF EXISTS t10 /* QNO 102 CON_ID 18 */
		    18 Query	SHOW WARNINGS
		    18 Query	ALTER TABLE `setup_instruments` /*!100301 */ ALTER COLUMN /*!100305 IF EXISTS */ c DROP DEFAULT, ALGORITHM=INPLACE, LOCK=DEFAULT, MODIFY COLUMN IF EXISTS `TIMED` DOUBLE AS ( h + 5 ) VIRTUAL, ALGORITHM=COPY  /* QNO 103 CON_ID 18 */
		    18 Query	SHOW FULL PROCESSLIST /* QNO 104 CON_ID 18 */
		    18 Query	INSERT INTO `rwlock_instances` SELECT * FROM `events_statements_summary_global_by_event_name` /* QNO 105 CON_ID 18 */
		    18 Query	SHOW ENGINE PERFORMANCE_SCHEMA STATUS /* QNO 106 CON_ID 18 */
		    19 Query	/* GenTest::Transform::ExecuteAsInsertSelect */ CREATE DATABASE IF NOT EXISTS transforms /* QNO 144 CON_ID 19 */
		    18 Query	CREATE OR REPLACE TEMPORARY TABLE `tmp` LIKE C  /* QNO 107 CON_ID 18 */
		    14 Query	DROP TRIGGER IF EXISTS r /* QNO 142 CON_ID 14 */
		    14 Query	SHOW WARNINGS
		    14 Query	CREATE OR REPLACE VIEW x AS SELECT * FROM `DD` /* QNO 143 CON_ID 14 */
		    14 Query	/* GenTest::Transform::ExecuteAsExecuteImmediate */ EXECUTE IMMEDIATE 'CREATE OR REPLACE VIEW x AS SELECT * FROM `DD` /* QNO 143 CON_ID 14 */ ' /* TRANSFORM_OUTCOME_UNORDERED_MATCH */ /* QNO 144 CON_ID 14 */
		    14 Prepare	CREATE OR REPLACE VIEW x AS SELECT * FROM `DD` /* QNO 143 CON_ID 14 */
		    14 Execute	CREATE OR REPLACE VIEW x AS SELECT * FROM `DD` /* QNO 143 CON_ID 14 */
		    14 Query	GRANT INSERT ( `col_varchar_key`, `pk`, `col_time_nokey` ), INSERT ( `col_time_nokey`, `pk` ), SELECT ( `col_time_key` ), SELECT ( `col_varchar_key` ), SELECT ( `col_varchar_key` ), INSERT ( `col_time_nokey`, `col_date_key`, `col_int_key`, `col_datetime_nokey`, `col_varchar_nokey`, `col_date_key`, `pk`, `pk` ) ON `B` TO 'someuser'@'somehost' /* QNO 145 CON_ID 14 */
		    14 Query	GRANT SUPER, SHOW DATABASES ON *.* to 'someuser'@'somehost' /* QNO 146 CON_ID 14 */
		    18 Query	INSERT INTO `tmp` SELECT * FROM C  /* QNO 108 CON_ID 18 */
		    18 Query	/* GenTest::Transform::ExecuteAsExecuteImmediate */ EXECUTE IMMEDIATE ' INSERT INTO `tmp` SELECT * FROM C  /* QNO 108 CON_ID 18 */ ' /* TRANSFORM_OUTCOME_UNORDERED_MATCH */ /* QNO 109 CON_ID 18 */
		    18 Prepare	INSERT INTO `tmp` SELECT * FROM C  /* QNO 108 CON_ID 18 */
		    16 Query	SHOW WARNINGS
		    19 Query	SHOW WARNINGS
		    19 Query	DROP TABLE IF EXISTS transforms.insert_select_22994 /* QNO 145 CON_ID 19 */
		    16 Query	DROP TABLE IF EXISTS transforms.insert_select_22988 /* QNO 148 CON_ID 16 */
		    19 Query	SHOW WARNINGS
		    19 Query	CREATE TABLE transforms.insert_select_22994  SELECT * FROM (INFORMATION_SCHEMA.`INNODB_CMP` AS table1 RIGHT OUTER JOIN mysql.`event` AS table2 ON ( table2.`db_collation` = table1.`page_size` ) ) WHERE (NOT ( table1.`compress_time` > 6 AND table2.`originator` LIKE '%sql%') AND table2.`execute_at` >= '2027-12-23 08:55:50.038653') HAVING ( ( (table2.`interval_field` >= 5 IS NULL OR table1.`compress_ops_ok` <> '1985-05-10 06:46:19.026985') AND table1.`uncompress_time` < '1997-09-12 18:58:59.016005') OR table1.`page_size` < 'yr') LIMIT 144 /* QNO 142 CON_ID 19 */  /* QNO 146 CON_ID 19 */
		    18 Execute	INSERT INTO `tmp` SELECT * FROM C  /* QNO 108 CON_ID 18 */
		    18 Query	DROP TEMPORARY TABLE IF EXISTS C  /* QNO 110 CON_ID 18 */
		    16 Query	SHOW WARNINGS
		    16 Query	CREATE TABLE transforms.insert_select_22988  SELECT * FROM mysql.`general_log` AS table1 LIMIT 31 /* QNO 145 CON_ID 16 */  /* QNO 149 CON_ID 16 */
		    14 Query	ALTER TABLE `AA` DROP COLUMN x /* QNO 147 CON_ID 14 */
		    15 Query	SELECT * FROM transforms.insert_select_22986 /* TRANSFORM_OUTCOME_UNORDERED_MATCH */ /* QNO 139 CON_ID 15 */
		    18 Query	SHOW WARNINGS
		    18 Query	ALTER TABLE `tmp` RENAME TO C /* QNO 111 CON_ID 18 */
		    18 Query	SHOW ENGINE PERFORMANCE_SCHEMA STATUS /* QNO 112 CON_ID 18 */
		    15 Query	DELETE FROM transforms.insert_select_22986 /* QNO 140 CON_ID 15 */
		    14 Query	CREATE EVENT m ON SCHEDULE AT NOW() DO SET @a=@a /* QNO 148 CON_ID 14 */
		    18 Query	ALTER ONLINE TABLE `accounts` /*!100301 WAIT 8 */ ADD CONSTRAINT z FOREIGN KEY c ( `TOTAL_CONNECTIONS` ) REFERENCES `session_account_connect_attrs` (TOTAL_CONNECTIONS) ON UPDATE RESTRICT, LOCK=SHARED /* QNO 113 CON_ID 18 */
		    15 Query	INSERT INTO transforms.insert_select_22986  SELECT * FROM mysql.`innodb_index_stats` AS table1 WHERE table1.`table_name` = table1.`stat_description` LIMIT 149 /* QNO 134 CON_ID 15 */  /* QNO 141 CON_ID 15 */
		    18 Query	SELECT * FROM INFORMATION_SCHEMA.`INDEX_STATISTICS` AS table1 HAVING ( ( ( ( ( table1.`ROWS_READ` <> '1975-09-16 12:13:49.035607' OR table1.`INDEX_NAME` > 'rl') OR table1.`TABLE_SCHEMA` >= '1975-05-10 14:49:54.061469') AND table1.`INDEX_NAME` > 'lx') AND table1.`TABLE_NAME` <= '2013-10-03 18:47:53.040599') OR table1.`INDEX_NAME` >= '2033-06-03 21:52:29.007520') LIMIT 164 /* QNO 114 CON_ID 18 */
		    18 Query	SHOW WARNINGS
		    18 Query	SELECT row_end FROM t6 ORDER BY RAND() LIMIT 1 INTO @trx_user_var /* QNO 115 CON_ID 18 */
		    15 Query	SELECT * FROM transforms.insert_select_22986 /* TRANSFORM_OUTCOME_UNORDERED_MATCH */ /* QNO 142 CON_ID 15 */
		    15 Query	DELETE FROM transforms.insert_select_22986 /* QNO 143 CON_ID 15 */
		    15 Query	REPLACE INTO transforms.insert_select_22986  SELECT * FROM mysql.`innodb_index_stats` AS table1 WHERE table1.`table_name` = table1.`stat_description` LIMIT 149 /* QNO 134 CON_ID 15 */  /* QNO 144 CON_ID 15 */
		    15 Query	SELECT * FROM transforms.insert_select_22986 /* TRANSFORM_OUTCOME_UNORDERED_MATCH */ /* QNO 145 CON_ID 15 */
		    15 Query	DROP TABLE transforms.insert_select_22986 /* QNO 146 CON_ID 15 */
		    17 Query	CREATE OR REPLACE TABLE t15 (ecol9 SET('foo','bar') NULL )  /* QNO 48 CON_ID 17 */
		    15 Query	DROP TEMPORARY TABLE IF EXISTS `proxies_priv` /* QNO 147 CON_ID 15 */
		    15 Query	SHOW WARNINGS
		    15 Query	UNLOCK TABLES /* QNO 148 CON_ID 15 */
		    15 Query	CREATE OR REPLACE TEMPORARY TABLE `tmp` LIKE A  /* QNO 149 CON_ID 15 */
		    15 Query	INSERT INTO `tmp` SELECT * FROM A  /* QNO 150 CON_ID 15 */
		    15 Query	DROP TEMPORARY TABLE IF EXISTS A  /* QNO 151 CON_ID 15 */
		    15 Query	SHOW WARNINGS
		    15 Query	ALTER TABLE `tmp` RENAME TO A /* QNO 152 CON_ID 15 */
		    18 Query	SELECT * FROM `INNODB_SYS_COLUMNS` INTO OUTFILE 'load_INNODB_SYS_COLUMNS'  /* QNO 116 CON_ID 18 */
		    15 Query	INSERT INTO `general_log` SELECT * FROM `help_category` /* QNO 153 CON_ID 15 */
		    15 Query	ALTER TABLE `servers` AUTO_INCREMENT 2664824832  /* QNO 154 CON_ID 15 */
		    18 Query	LOAD DATA INFILE 'load_INNODB_SYS_COLUMNS' IGNORE INTO TABLE INNODB_SYS_COLUMNS /* QNO 117 CON_ID 18 */
		    15 Query	ALTER TABLE `proxies_priv` /*!100301 WAIT 7 */ ADD CONSTRAINT FOREIGN KEY w (`Proxied_host`) REFERENCES proxies_priv (`Timestamp`), ADD FOREIGN KEY z ( `Host`, `Grantor` ) REFERENCES `innodb_index_stats` (Host,Grantor), ALGORITHM=COPY, LOCK=SHARED /* QNO 155 CON_ID 15 */
		    15 Query	FLUSH QUERY CACHE, SLAVE, PRIVILEGES, QUERY CACHE /* QNO 156 CON_ID 15 */
		    18 Query	SHOW ENGINE PERFORMANCE_SCHEMA STATUS /* QNO 118 CON_ID 18 */
		    15 Query	SHOW ENGINE PERFORMANCE_SCHEMA STATUS /* QNO 157 CON_ID 15 */
		    18 Query	SELECT * FROM `ENGINES` INTO OUTFILE 'load_ENGINES'  /* QNO 119 CON_ID 18 */
		    15 Query	ALTER TABLE t9 DROP PRIMARY KEY, ADD IF NOT EXISTS ( tscol6 TIMESTAMP NULL /*!100201 CHECK (tcol5 > vcol8) */, ncol5 DOUBLE /*!100201 CHECK (vcol7 >= 8) */ ) /*!100307, ALGORITHM=INSTANT */, LOCK=DEFAULT  /* QNO 158 CON_ID 15 */
		    15 Query	CREATE OR REPLACE TEMPORARY TABLE `tmp` LIKE C  /* QNO 159 CON_ID 15 */
		    18 Query	LOAD DATA INFILE 'load_ENGINES' IGNORE INTO TABLE ENGINES /* QNO 120 CON_ID 18 */
		    18 Query	UPDATE `INNODB_LOCKS` SET `lock_space` = 7 WHERE `lock_rec` >= 'x' /* QNO 121 CON_ID 18 */
		    18 Query	ALTER TABLE `GLOBAL_STATUS` /*!100301 */ DROP IF EXISTS `VARIABLE_VALUE`, ALGORITHM=DEFAULT, LOCK=NONE, ADD IF NOT EXISTS ( b DECIMAL ZEROFILL NOT NULL DEFAULT NULL ), ALGORITHM=DEFAULT  /* QNO 122 CON_ID 18 */
		    18 Query	LOCK TABLES `ENGINES` y WRITE  /* QNO 123 CON_ID 18 */
		    18 Query	SHOW EXPLAIN FOR 230 /* QNO 124 CON_ID 18 */
		    18 Query	ALTER IGNORE TABLE `INNODB_BUFFER_POOL_STATS` /*!100301 */ DROP CONSTRAINT w /*!100307, ALGORITHM=INSTANT */, LOCK=SHARED  /* QNO 125 CON_ID 18 */
		    18 Query	TRUNCATE TABLE performance_schema.events_waits_summary_by_instance /* QNO 126 CON_ID 18 */
		    18 Query	UPDATE `INNODB_SYS_DATAFILES` SET `SPACE` = '1985-12-04 22:50:48.001531' WHERE `PATH` >= 't' /* QNO 127 CON_ID 18 */
		    18 Query	SELECT * FROM (mysql.`plugin` AS table1 INNER JOIN mysql.`servers` AS table2 ON ( table2.`Db` = table1.`name` ) ) WHERE table1.`name` IN ( 4, 5, 8 ) LIMIT 246 /* QNO 128 CON_ID 18 */
		    18 Query	/* GenTest::Transform::ExecuteAsExecuteImmediate */ EXECUTE IMMEDIATE ' SELECT * FROM (mysql.`plugin` AS table1 INNER JOIN mysql.`servers` AS table2 ON ( table2.`Db` = table1.`name` ) ) WHERE table1.`name` IN ( 4, 5, 8 ) LIMIT 246 /* QNO 128 CON_ID 18 */ ' /* TRANSFORM_OUTCOME_UNORDERED_MATCH */ /* QNO 129 CON_ID 18 */
		    18 Prepare	SELECT * FROM (mysql.`plugin` AS table1 INNER JOIN mysql.`servers` AS table2 ON ( table2.`Db` = table1.`name` ) ) WHERE table1.`name` IN ( 4, 5, 8 ) LIMIT 246 /* QNO 128 CON_ID 18 */
		    18 Execute	SELECT * FROM (mysql.`plugin` AS table1 INNER JOIN mysql.`servers` AS table2 ON ( table2.`Db` = table1.`name` ) ) WHERE table1.`name` IN ( 4, 5, 8 ) LIMIT 246 /* QNO 128 CON_ID 18 */
		    18 Query	/* GenTest::Transform::ExecuteAsInsertSelect */ CREATE DATABASE IF NOT EXISTS transforms /* QNO 130 CON_ID 18 */
		    14 Query	REVOKE REPLICATION CLIENT ON *.* FROM 'someuser'@'somehost' /* QNO 149 CON_ID 14 */
		    19 Query	SELECT * FROM transforms.insert_select_22994 /* TRANSFORM_OUTCOME_UNORDERED_MATCH */ /* QNO 147 CON_ID 19 */
		    14 Query	ALTER TABLE `B` REMOVE PARTITIONING /* QNO 150 CON_ID 14 */
		    19 Query	DELETE FROM transforms.insert_select_22994 /* QNO 148 CON_ID 19 */
		    14 Query	ALTER TABLE `A` ADD KEY ( p ) /* QNO 151 CON_ID 14 */
		    14 Query	ALTER TABLE `E` DROP COLUMN v /* QNO 152 CON_ID 14 */
		    14 Query	CREATE TABLE g LIKE `BB` /* QNO 153 CON_ID 14 */
		    19 Query	INSERT INTO transforms.insert_select_22994  SELECT * FROM (INFORMATION_SCHEMA.`INNODB_CMP` AS table1 RIGHT OUTER JOIN mysql.`event` AS table2 ON ( table2.`db_collation` = table1.`page_size` ) ) WHERE (NOT ( table1.`compress_time` > 6 AND table2.`originator` LIKE '%sql%') AND table2.`execute_at` >= '2027-12-23 08:55:50.038653') HAVING ( ( (table2.`interval_field` >= 5 IS NULL OR table1.`compress_ops_ok` <> '1985-05-10 06:46:19.026985') AND table1.`uncompress_time` < '1997-09-12 18:58:59.016005') OR table1.`page_size` < 'yr') LIMIT 144 /* QNO 142 CON_ID 19 */  /* QNO 149 CON_ID 19 */
		    19 Query	SELECT * FROM transforms.insert_select_22994 /* TRANSFORM_OUTCOME_UNORDERED_MATCH */ /* QNO 150 CON_ID 19 */
		    19 Query	DELETE FROM transforms.insert_select_22994 /* QNO 151 CON_ID 19 */
		    19 Query	REPLACE INTO transforms.insert_select_22994  SELECT * FROM (INFORMATION_SCHEMA.`INNODB_CMP` AS table1 RIGHT OUTER JOIN mysql.`event` AS table2 ON ( table2.`db_collation` = table1.`page_size` ) ) WHERE (NOT ( table1.`compress_time` > 6 AND table2.`originator` LIKE '%sql%') AND table2.`execute_at` >= '2027-12-23 08:55:50.038653') HAVING ( ( (table2.`interval_field` >= 5 IS NULL OR table1.`compress_ops_ok` <> '1985-05-10 06:46:19.026985') AND table1.`uncompress_time` < '1997-09-12 18:58:59.016005') OR table1.`page_size` < 'yr') LIMIT 144 /* QNO 142 CON_ID 19 */  /* QNO 152 CON_ID 19 */
		    19 Query	SELECT * FROM transforms.insert_select_22994 /* TRANSFORM_OUTCOME_UNORDERED_MATCH */ /* QNO 153 CON_ID 19 */
		    19 Query	DROP TABLE transforms.insert_select_22994 /* QNO 154 CON_ID 19 */
		    15 Query	INSERT INTO `tmp` SELECT * FROM C  /* QNO 160 CON_ID 15 */
		    18 Query	SHOW WARNINGS
		    18 Query	DROP TABLE IF EXISTS transforms.insert_select_22992 /* QNO 131 CON_ID 18 */
		    15 Query	/* GenTest::Transform::ExecuteAsExecuteImmediate */ EXECUTE IMMEDIATE ' INSERT INTO `tmp` SELECT * FROM C  /* QNO 160 CON_ID 15 */ ' /* TRANSFORM_OUTCOME_UNORDERED_MATCH */ /* QNO 161 CON_ID 15 */
		    15 Prepare	INSERT INTO `tmp` SELECT * FROM C  /* QNO 160 CON_ID 15 */
		    18 Query	SHOW WARNINGS
		    18 Query	CREATE TABLE transforms.insert_select_22992  SELECT * FROM (mysql.`plugin` AS table1 INNER JOIN mysql.`servers` AS table2 ON ( table2.`Db` = table1.`name` ) ) WHERE table1.`name` IN ( 4, 5, 8 ) LIMIT 246 /* QNO 128 CON_ID 18 */  /* QNO 132 CON_ID 18 */
		    15 Execute	INSERT INTO `tmp` SELECT * FROM C  /* QNO 160 CON_ID 15 */
		    16 Query	SELECT * FROM transforms.insert_select_22988 /* TRANSFORM_OUTCOME_UNORDERED_MATCH */ /* QNO 150 CON_ID 16 */
		    15 Query	DROP TEMPORARY TABLE IF EXISTS C  /* QNO 162 CON_ID 15 */
		    15 Query	SHOW WARNINGS
		    15 Query	ALTER TABLE `tmp` RENAME TO C /* QNO 163 CON_ID 15 */
		    16 Query	DELETE FROM transforms.insert_select_22988 /* QNO 151 CON_ID 16 */
		    16 Query	INSERT INTO transforms.insert_select_22988  SELECT * FROM mysql.`general_log` AS table1 LIMIT 31 /* QNO 145 CON_ID 16 */  /* QNO 152 CON_ID 16 */
		    16 Query	SELECT * FROM transforms.insert_select_22988 /* TRANSFORM_OUTCOME_UNORDERED_MATCH */ /* QNO 153 CON_ID 16 */
		    15 Query	CREATE OR REPLACE TEMPORARY TABLE `tmp` LIKE B  /* QNO 164 CON_ID 15 */
		    16 Query	DELETE FROM transforms.insert_select_22988 /* QNO 154 CON_ID 16 */
		    16 Query	REPLACE INTO transforms.insert_select_22988  SELECT * FROM mysql.`general_log` AS table1 LIMIT 31 /* QNO 145 CON_ID 16 */  /* QNO 155 CON_ID 16 */
		    16 Query	SELECT * FROM transforms.insert_select_22988 /* TRANSFORM_OUTCOME_UNORDERED_MATCH */ /* QNO 156 CON_ID 16 */
		    16 Query	DROP TABLE transforms.insert_select_22988 /* QNO 157 CON_ID 16 */
		    19 Query	SET SQL_MODE= DEFAULT /* QNO 155 CON_ID 19 */
		    19 Query	DROP TEMPORARY TABLE IF EXISTS `INNODB_BUFFER_PAGE_LRU` /* QNO 156 CON_ID 19 */
		    19 Query	SHOW WARNINGS
		    19 Query	TRUNCATE TABLE performance_schema.events_waits_summary_by_thread_by_event_name /* QNO 157 CON_ID 19 */
		    19 Query	SET STATEMENT system_versioning_alter_history=KEEP FOR ALTER TABLE `INDEX_STATISTICS` REMOVE PARTITIONING /* QNO 158 CON_ID 19 */
		    19 Query	SELECT SETVAL(seq9, 11127) /* QNO 159 CON_ID 19 */
		    19 Query	/* GenTest::Transform::ExecuteAsExecuteImmediate */ EXECUTE IMMEDIATE 'SELECT SETVAL(seq9, 11127) /* QNO 159 CON_ID 19 */ ' /* TRANSFORM_OUTCOME_UNORDERED_MATCH */ /* QNO 160 CON_ID 19 */
		    19 Prepare	SELECT SETVAL(seq9, 11127) /* QNO 159 CON_ID 19 */
		    19 Execute	SELECT SETVAL(seq9, 11127) /* QNO 159 CON_ID 19 */
		    19 Query	/* GenTest::Transform::ExecuteAsInsertSelect */ CREATE DATABASE IF NOT EXISTS transforms /* QNO 161 CON_ID 19 */
		    15 Query	INSERT INTO `tmp` SELECT * FROM B  /* QNO 165 CON_ID 15 */
		    16 Query	CREATE OR REPLACE TEMPORARY TABLE `tmp` LIKE C  /* QNO 158 CON_ID 16 */
		    15 Query	/* GenTest::Transform::ExecuteAsExecuteImmediate */ EXECUTE IMMEDIATE ' INSERT INTO `tmp` SELECT * FROM B  /* QNO 165 CON_ID 15 */ ' /* TRANSFORM_OUTCOME_UNORDERED_MATCH */ /* QNO 166 CON_ID 15 */
		    15 Prepare	INSERT INTO `tmp` SELECT * FROM B  /* QNO 165 CON_ID 15 */
		    15 Execute	INSERT INTO `tmp` SELECT * FROM B  /* QNO 165 CON_ID 15 */
		    15 Query	DROP TEMPORARY TABLE IF EXISTS B  /* QNO 167 CON_ID 15 */
		    15 Query	SHOW WARNINGS
		    15 Query	ALTER TABLE `tmp` RENAME TO B /* QNO 168 CON_ID 15 */
		    15 Query	ALTER TABLE `roles_mapping` /*!100301 WAIT 1 */ CHANGE IF EXISTS p `User` TEXT AS ( SUBSTR(v, 0, 9 ) ) VIRTUAL, ALGORITHM=INPLACE, LOCK=SHARED  /* QNO 169 CON_ID 15 */
		    15 Query	SELECT * FROM test.`D` AS table1 LIMIT 53 /* QNO 170 CON_ID 15 */
		    15 Query	/* GenTest::Transform::ExecuteAsExecuteImmediate */ EXECUTE IMMEDIATE ' SELECT * FROM test.`D` AS table1 LIMIT 53 /* QNO 170 CON_ID 15 */ ' /* TRANSFORM_OUTCOME_UNORDERED_MATCH */ /* QNO 171 CON_ID 15 */
		    15 Prepare	SELECT * FROM test.`D` AS table1 LIMIT 53 /* QNO 170 CON_ID 15 */
		    15 Execute	SELECT * FROM test.`D` AS table1 LIMIT 53 /* QNO 170 CON_ID 15 */
		    15 Query	/* GenTest::Transform::ExecuteAsInsertSelect */ CREATE DATABASE IF NOT EXISTS transforms /* QNO 172 CON_ID 15 */
		    17 Query	CREATE OR REPLACE TABLE `DD` (ecol8 SET('foo','bar') NOT NULL DEFAULT 3) ROW_FORMAT=COMPACT  /* QNO 49 CON_ID 17 */
		    17 Query	CREATE OR REPLACE TEMPORARY TABLE t14 (icol2 BIGINT UNSIGNED NOT NULL DEFAULT 0) ROW_FORMAT=COMPRESSED  /* QNO 50 CON_ID 17 */
		    17 Query	ALTER IGNORE TABLE `B` /*!100301 */ ADD UNIQUE INDEX ind1 ( `col_varchar_nokey` DESC ) KEY_BLOCK_SIZE = 15617, ALGORITHM=DEFAULT  /* QNO 51 CON_ID 17 */
		    19 Query	SHOW WARNINGS
		    19 Query	DROP TABLE IF EXISTS transforms.insert_select_22994 /* QNO 162 CON_ID 19 */
		    19 Query	SHOW WARNINGS
		    19 Query	CREATE TABLE transforms.insert_select_22994 SELECT SETVAL(seq9, 11127) /* QNO 159 CON_ID 19 */  /* QNO 163 CON_ID 19 */
		    17 Query	SELECT * FROM seq4 /* QNO 52 CON_ID 17 */
		    15 Query	SHOW WARNINGS
		    15 Query	DROP TABLE IF EXISTS transforms.insert_select_22986 /* QNO 173 CON_ID 15 */
		    15 Query	SHOW WARNINGS
		    15 Query	CREATE TABLE transforms.insert_select_22986  SELECT * FROM test.`D` AS table1 LIMIT 53 /* QNO 170 CON_ID 15 */  /* QNO 174 CON_ID 15 */
		    18 Query	SELECT * FROM transforms.insert_select_22992 /* TRANSFORM_OUTCOME_UNORDERED_MATCH */ /* QNO 133 CON_ID 18 */
		    17 Query	SELECT * FROM INFORMATION_SCHEMA.`INNODB_TRX` AS table1 WHERE NOT ( table1.`trx_last_foreign_key_error` IN ( 6, 8, 5 ) OR table1.`trx_is_read_only` > table1.`trx_operation_state`) HAVING table1.`trx_state` <= 's' IS NULL LIMIT 60 /* QNO 53 CON_ID 17 */
		    17 Query	/* GenTest::Transform::ExecuteAsExecuteImmediate */ EXECUTE IMMEDIATE ' SELECT * FROM INFORMATION_SCHEMA.`INNODB_TRX` AS table1 WHERE NOT ( table1.`trx_last_foreign_key_error` IN ( 6, 8, 5 ) OR table1.`trx_is_read_only` > table1.`trx_operation_state`) HAVING table1.`trx_state` <= \'s\' IS NULL LIMIT 60 /* QNO 53 CON_ID 17 */ ' /* TRANSFORM_OUTCOME_UNORDERED_MATCH */ /* QNO 54 CON_ID 17 */
		    17 Prepare	SELECT * FROM INFORMATION_SCHEMA.`INNODB_TRX` AS table1 WHERE NOT ( table1.`trx_last_foreign_key_error` IN ( 6, 8, 5 ) OR table1.`trx_is_read_only` > table1.`trx_operation_state`) HAVING table1.`trx_state` <= 's' IS NULL LIMIT 60 /* QNO 53 CON_ID 17 */
		    17 Execute	SELECT * FROM INFORMATION_SCHEMA.`INNODB_TRX` AS table1 WHERE NOT ( table1.`trx_last_foreign_key_error` IN ( 6, 8, 5 ) OR table1.`trx_is_read_only` > table1.`trx_operation_state`) HAVING table1.`trx_state` <= 's' IS NULL LIMIT 60 /* QNO 53 CON_ID 17 */
		    17 Query	/* GenTest::Transform::ExecuteAsInsertSelect */ CREATE DATABASE IF NOT EXISTS transforms /* QNO 55 CON_ID 17 */
		    18 Query	DELETE FROM transforms.insert_select_22992 /* QNO 134 CON_ID 18 */
		    18 Query	INSERT INTO transforms.insert_select_22992  SELECT * FROM (mysql.`plugin` AS table1 INNER JOIN mysql.`servers` AS table2 ON ( table2.`Db` = table1.`name` ) ) WHERE table1.`name` IN ( 4, 5, 8 ) LIMIT 246 /* QNO 128 CON_ID 18 */  /* QNO 135 CON_ID 18 */
		    18 Query	SELECT * FROM transforms.insert_select_22992 /* TRANSFORM_OUTCOME_UNORDERED_MATCH */ /* QNO 136 CON_ID 18 */
		    18 Query	DELETE FROM transforms.insert_select_22992 /* QNO 137 CON_ID 18 */
		    18 Query	REPLACE INTO transforms.insert_select_22992  SELECT * FROM (mysql.`plugin` AS table1 INNER JOIN mysql.`servers` AS table2 ON ( table2.`Db` = table1.`name` ) ) WHERE table1.`name` IN ( 4, 5, 8 ) LIMIT 246 /* QNO 128 CON_ID 18 */  /* QNO 138 CON_ID 18 */
		    18 Query	SELECT * FROM transforms.insert_select_22992 /* TRANSFORM_OUTCOME_UNORDERED_MATCH */ /* QNO 139 CON_ID 18 */
		    18 Query	DROP TABLE transforms.insert_select_22992 /* QNO 140 CON_ID 18 */
		    14 Query	ALTER TABLE `AA` ADD KEY ( g ) /* QNO 154 CON_ID 14 */
		    16 Query	INSERT INTO `tmp` SELECT * FROM C  /* QNO 159 CON_ID 16 */
		    14 Query	DROP EVENT u /* QNO 155 CON_ID 14 */
		    16 Query	/* GenTest::Transform::ExecuteAsExecuteImmediate */ EXECUTE IMMEDIATE ' INSERT INTO `tmp` SELECT * FROM C  /* QNO 159 CON_ID 16 */ ' /* TRANSFORM_OUTCOME_UNORDERED_MATCH */ /* QNO 160 CON_ID 16 */
		    16 Prepare	INSERT INTO `tmp` SELECT * FROM C  /* QNO 159 CON_ID 16 */
		    16 Execute	INSERT INTO `tmp` SELECT * FROM C  /* QNO 159 CON_ID 16 */
		    14 Query	CREATE TRIGGER g BEFORE INSERT ON `CC` FOR EACH ROW BEGIN INSERT INTO `CC` SELECT * FROM `C` LIMIT 0 ; END ; /* QNO 156 CON_ID 14 */
		    16 Query	DROP TEMPORARY TABLE IF EXISTS C  /* QNO 161 CON_ID 16 */
		    16 Query	SHOW WARNINGS
		    16 Query	ALTER TABLE `tmp` RENAME TO C /* QNO 162 CON_ID 16 */
		    14 Query	DROP TABLE p /* QNO 157 CON_ID 14 */
		    16 Query	ALTER TABLE `column_stats` /*!100301 NOWAIT */ CHANGE IF EXISTS `column_name` `max_value` BLOB DEFAULT 'e' /*!100303 INVISIBLE */, ALGORITHM=COPY, LOCK=NONE  /* QNO 163 CON_ID 16 */
		    16 Query	TRUNCATE TABLE performance_schema.events_waits_summary_by_thread_by_event_name /* QNO 164 CON_ID 16 */
		    16 Query	SELECT * FROM `proxies_priv` INTO OUTFILE 'load_proxies_priv'  /* QNO 165 CON_ID 16 */
		    16 Query	LOAD DATA INFILE 'load_proxies_priv' IGNORE INTO TABLE proxies_priv /* QNO 166 CON_ID 16 */
		    16 Query	SET SQL_MODE= '' /* QNO 167 CON_ID 16 */
		    16 Query	UPDATE performance_schema.setup_instruments SET TIMED = 'NO' WHERE NAME LIKE '%mysys%' /* QNO 168 CON_ID 16 */
		    16 Query	ALTER ONLINE TABLE t7 /*!100301 WAIT 3 */ ADD CONSTRAINT CHECK (ecol10 = tscol9)  /* QNO 169 CON_ID 16 */
		    16 Query	SET SQL_MODE= 'NO_DIR_IN_CREATE,REAL_AS_FLOAT,PIPES_AS_CONCAT,IGNORE_BAD_TABLE_OPTIONS,NO_ZERO_IN_DATE,STRICT_ALL_TABLES,MYSQL323,DB2' /* QNO 170 CON_ID 16 */
		    16 Query	SHOW ENGINE PERFORMANCE_SCHEMA STATUS /* QNO 171 CON_ID 16 */
		    16 Query	INSERT INTO `index_stats` ( `pk` ) VALUES (NULL) /* QNO 172 CON_ID 16 */
		    16 Query	INSERT INTO `help_relation` (tcol8) VALUES (NULL) /* QNO 173 CON_ID 16 */
		    16 Query	ALTER TABLE `event` /*!100301 */ DROP IF EXISTS `interval_value`, MODIFY IF EXISTS s TINYINT DEFAULT 0 /*!100307, ALGORITHM=INSTANT */, LOCK=NONE  /* QNO 174 CON_ID 16 */
		    16 Query	TRUNCATE TABLE performance_schema.file_summary_by_event_name /* QNO 175 CON_ID 16 */
		    16 Query	RENAME TABLE seq9 TO seq4, seq8 TO seq3 /* QNO 176 CON_ID 16 */
		    14 Query	REVOKE USAGE, SHOW DATABASES, CREATE USER ON *.* FROM 'someuser'@'somehost' /* QNO 158 CON_ID 14 */
		    14 Query	CREATE OR REPLACE VIEW w AS SELECT * FROM `CC` /* QNO 159 CON_ID 14 */
		    14 Query	DROP TRIGGER IF EXISTS c /* QNO 160 CON_ID 14 */
		    14 Query	SHOW WARNINGS
		    14 Query	GRANT USAGE, SHOW DATABASES ON *.* to 'someuser'@'somehost' /* QNO 161 CON_ID 14 */
		    14 Query	CREATE DATABASE IF NOT EXISTS c /* QNO 162 CON_ID 14 */
		    14 Query	REVOKE ALL PRIVILEGES ON l.* FROM 'someuser'@'somehost' /* QNO 163 CON_ID 14 */
		    15 Query	SELECT * FROM transforms.insert_select_22986 /* TRANSFORM_OUTCOME_UNORDERED_MATCH */ /* QNO 175 CON_ID 15 */
		    14 Query	GRANT ALL PRIVILEGES ON w.* TO 'someuser'@'somehost' /* QNO 164 CON_ID 14 */
190122 13:39:38	    14 Query	DROP EVENT k /* QNO 165 CON_ID 14 */
		    17 Query	SHOW WARNINGS
		    17 Query	DROP TABLE IF EXISTS transforms.insert_select_22990 /* QNO 56 CON_ID 17 */
		    15 Query	DELETE FROM transforms.insert_select_22986 /* QNO 176 CON_ID 15 */
		    14 Query	GRANT ALL PRIVILEGES ON test.u TO 'someuser'@'somehost' /* QNO 166 CON_ID 14 */
		    17 Query	SHOW WARNINGS
		    17 Query	CREATE TABLE transforms.insert_select_22990  SELECT * FROM INFORMATION_SCHEMA.`INNODB_TRX` AS table1 WHERE NOT ( table1.`trx_last_foreign_key_error` IN ( 6, 8, 5 ) OR table1.`trx_is_read_only` > table1.`trx_operation_state`) HAVING table1.`trx_state` <= 's' IS NULL LIMIT 60 /* QNO 53 CON_ID 17 */  /* QNO 57 CON_ID 17 */
		    19 Query	SELECT * FROM transforms.insert_select_22994 /* TRANSFORM_OUTCOME_UNORDERED_MATCH */ /* QNO 164 CON_ID 19 */
		    14 Query	CREATE TRIGGER h BEFORE INSERT ON `CC` FOR EACH ROW BEGIN INSERT INTO `C` SELECT * FROM `E` LIMIT 0 ; END ; /* QNO 167 CON_ID 14 */
		    19 Query	DELETE FROM transforms.insert_select_22994 /* QNO 165 CON_ID 19 */
		    14 Query	CREATE PROCEDURE h ( IN k INT ) BEGIN SELECT COUNT(*) INTO @a FROM `CC`; END ; /* QNO 168 CON_ID 14 */
		    15 Query	INSERT INTO transforms.insert_select_22986  SELECT * FROM test.`D` AS table1 LIMIT 53 /* QNO 170 CON_ID 15 */  /* QNO 177 CON_ID 15 */
		    19 Query	INSERT INTO transforms.insert_select_22994 SELECT SETVAL(seq9, 11127) /* QNO 159 CON_ID 19 */  /* QNO 166 CON_ID 19 */
		    14 Query	CREATE PROCEDURE r ( OUT w INT, OUT b INT, IN k INT ) BEGIN SELECT COUNT(*) INTO @a FROM `AA`; END ; /* QNO 169 CON_ID 14 */
		    14 Query	DROP FUNCTION IF EXISTS n /* QNO 170 CON_ID 14 */
		    14 Query	SHOW WARNINGS
		    14 Query	CREATE OR REPLACE VIEW g AS SELECT * FROM `C` /* QNO 171 CON_ID 14 */
		    18 Query	SELECT * from t8 FOR system_time AS OF DATE_ADD('19931115173233.041830', INTERVAL 5 WEEK) /* QNO 141 CON_ID 18 */
		    14 Query	CREATE TRIGGER o BEFORE INSERT ON `BB` FOR EACH ROW BEGIN INSERT INTO `CC` SELECT * FROM `CC` LIMIT 0 ; END ; /* QNO 172 CON_ID 14 */
		    15 Query	SELECT * FROM transforms.insert_select_22986 /* TRANSFORM_OUTCOME_UNORDERED_MATCH */ /* QNO 178 CON_ID 15 */
		    15 Query	DELETE FROM transforms.insert_select_22986 /* QNO 179 CON_ID 15 */
		    15 Query	REPLACE INTO transforms.insert_select_22986  SELECT * FROM test.`D` AS table1 LIMIT 53 /* QNO 170 CON_ID 15 */  /* QNO 180 CON_ID 15 */
		    16 Query	UPDATE performance_schema.setup_timers SET timer_name = 'MILLISECOND' /* QNO 177 CON_ID 16 */
		    16 Query	UPDATE performance_schema.setup_instruments SET TIMED = 'NO' ORDER BY RAND() LIMIT 8 /* QNO 178 CON_ID 16 */
		    16 Query	SELECT * from `table_stats` WHERE row_end < @trx_user_var /* QNO 179 CON_ID 16 */
		    18 Query	SELECT * FROM performance_schema.`events_stages_history` AS table1 ORDER BY table1.`NESTING_EVENT_TYPE`, table1.`THREAD_ID` LIMIT 151 /* QNO 142 CON_ID 18 */
		    16 Query	UNLOCK TABLES /* QNO 180 CON_ID 16 */
		    16 Query	ALTER IGNORE TABLE t4 ALTER COLUMN /*!100305 IF EXISTS */ vcol1 SET DEFAULT NULL, DROP INDEX ind1  /* QNO 181 CON_ID 16 */
		    16 Query	FLUSH NO_WRITE_TO_BINLOG STATUS /* QNO 182 CON_ID 16 */
		    18 Query	/* GenTest::Transform::ExecuteAsExecuteImmediate */ EXECUTE IMMEDIATE ' SELECT * FROM performance_schema.`events_stages_history` AS table1 ORDER BY table1.`NESTING_EVENT_TYPE`, table1.`THREAD_ID` LIMIT 151 /* QNO 142 CON_ID 18 */ ' /* TRANSFORM_OUTCOME_UNORDERED_MATCH */ /* QNO 143 CON_ID 18 */
		    16 Query	ALTER TABLE `procs_priv` /*!100301 WAIT 5 */ CHANGE COLUMN IF EXISTS `Db` l TINYINT, ALGORITHM=COPY, LOCK=SHARED  /* QNO 183 CON_ID 16 */
		    18 Prepare	SELECT * FROM performance_schema.`events_stages_history` AS table1 ORDER BY table1.`NESTING_EVENT_TYPE`, table1.`THREAD_ID` LIMIT 151 /* QNO 142 CON_ID 18 */
		    16 Query	RESET QUERY CACHE /* QNO 184 CON_ID 16 */
		    16 Query	ALTER TABLE `time_zone_name` /*!100301 */ MODIFY IF EXISTS i SERIAL /*!100303 INVISIBLE */ FIRST, ALGORITHM=INPLACE  /* QNO 185 CON_ID 16 */
		    18 Execute	SELECT * FROM performance_schema.`events_stages_history` AS table1 ORDER BY table1.`NESTING_EVENT_TYPE`, table1.`THREAD_ID` LIMIT 151 /* QNO 142 CON_ID 18 */
		    18 Query	/* GenTest::Transform::ExecuteAsInsertSelect */ CREATE DATABASE IF NOT EXISTS transforms /* QNO 144 CON_ID 18 */
		    14 Query	DROP TABLE t /* QNO 173 CON_ID 14 */
