		    17 Query	CREATE TABLE transforms.insert_select_22990  SELECT * FROM mysql.`roles_mapping` AS table1 WHERE ( ( table1.`Admin_option` = table1.`Host` AND table1.`Role` LIKE 'wait%') AND table1.`User` = 1) LIMIT 9 /* QNO 1129 CON_ID 17 */  /* QNO 1133 CON_ID 17 */
		    14 Query	ALTER TABLE `C` PARTITION BY KEY() PARTITIONS 4 /* QNO 2800 CON_ID 14 */
		    15 Query	ALTER IGNORE TABLE `ENABLED_ROLES` DROP FOREIGN KEY IF EXISTS r, LOCK=DEFAULT /* QNO 1586 CON_ID 15 */
		    18 Query	SHOW WARNINGS
		    14 Query	REVOKE ALL PRIVILEGES ON q.* FROM 'someuser'@'somehost' /* QNO 2801 CON_ID 14 */
		    18 Query	CREATE TABLE transforms.insert_select_22992  SELECT * FROM INFORMATION_SCHEMA.`SESSION_VARIABLES` AS table1 LIMIT 49 /* QNO 1432 CON_ID 18 */  /* QNO 1436 CON_ID 18 */
		    15 Query	ALTER TABLE `INNODB_CMPMEM_RESET` /*!100301 */ CHANGE COLUMN IF EXISTS `page_size` i TIMESTAMP NOT NULL  /* QNO 1587 CON_ID 15 */
		    14 Query	REVOKE USAGE, REPLICATION SLAVE ON *.* FROM 'someuser'@'somehost' /* QNO 2802 CON_ID 14 */
		    15 Query	ALTER IGNORE TABLE t9 /*!100301 NOWAIT */ /*!100200 DROP CONSTRAINT IF EXISTS l */ /* COMMENT 'Skipped DROP CONSTRAINT' */  /* QNO 1588 CON_ID 15 */
		    14 Query	ALTER TABLE `B` ADD KEY ( v ) /* QNO 2803 CON_ID 14 */
		    14 Query	ALTER TABLE `C` PARTITION BY KEY() PARTITIONS 7 /* QNO 2804 CON_ID 14 */
		    15 Query	SHOW WARNINGS
		    14 Query	CREATE TABLE r LIKE `DD` /* QNO 2805 CON_ID 14 */
		    14 Query	GRANT ALL PRIVILEGES ON test.l TO 'someuser'@'somehost' /* QNO 2806 CON_ID 14 */
		    15 Query	SELECT * FROM performance_schema.`events_waits_summary_by_user_by_event_name` AS table1 ORDER BY table1.`MAX_TIMER_WAIT` LIMIT 76 /* QNO 1589 CON_ID 15 */
		    14 Query	REVOKE ALL PRIVILEGES ON test.e FROM 'someuser'@'somehost' /* QNO 2807 CON_ID 14 */
		    17 Query	SELECT * FROM transforms.insert_select_22990 /* TRANSFORM_OUTCOME_UNORDERED_MATCH */ /* QNO 1134 CON_ID 17 */
		    17 Query	DELETE FROM transforms.insert_select_22990 /* QNO 1135 CON_ID 17 */
		    14 Query	DROP FUNCTION IF EXISTS g /* QNO 2808 CON_ID 14 */
		    14 Query	SHOW WARNINGS
		    17 Query	INSERT INTO transforms.insert_select_22990  SELECT * FROM mysql.`roles_mapping` AS table1 WHERE ( ( table1.`Admin_option` = table1.`Host` AND table1.`Role` LIKE 'wait%') AND table1.`User` = 1) LIMIT 9 /* QNO 1129 CON_ID 17 */  /* QNO 1136 CON_ID 17 */
		    14 Query	ALTER TABLE `DD` ADD PRIMARY KEY (`pk`) /* QNO 2809 CON_ID 14 */
		    14 Query	GRANT ALL PRIVILEGES ON i.* TO 'someuser'@'somehost' /* QNO 2810 CON_ID 14 */
		    17 Query	SELECT * FROM transforms.insert_select_22990 /* TRANSFORM_OUTCOME_UNORDERED_MATCH */ /* QNO 1137 CON_ID 17 */
		    17 Query	DELETE FROM transforms.insert_select_22990 /* QNO 1138 CON_ID 17 */
		    14 Query	ALTER TABLE `D` ADD COLUMN z INTEGER DEFAULT NULL /* QNO 2811 CON_ID 14 */
		    17 Query	REPLACE INTO transforms.insert_select_22990  SELECT * FROM mysql.`roles_mapping` AS table1 WHERE ( ( table1.`Admin_option` = table1.`Host` AND table1.`Role` LIKE 'wait%') AND table1.`User` = 1) LIMIT 9 /* QNO 1129 CON_ID 17 */  /* QNO 1139 CON_ID 17 */
		    17 Query	SELECT * FROM transforms.insert_select_22990 /* TRANSFORM_OUTCOME_UNORDERED_MATCH */ /* QNO 1140 CON_ID 17 */
		    15 Query	/* GenTest::Transform::ExecuteAsExecuteImmediate */ EXECUTE IMMEDIATE ' /* TRANSFORM_OUTCOME_UNORDERED_MATCH */ /* QNO 1590 CON_ID 15 */
		    15 Query	/* GenTest::Transform::ExecuteAsInsertSelect */ CREATE DATABASE IF NOT EXISTS transforms /* QNO 1591 CON_ID 15 */
		    17 Query	DROP TABLE transforms.insert_select_22990 /* QNO 1141 CON_ID 17 */
		    14 Query	REVOKE ALL PRIVILEGES ON test.d FROM 'someuser'@'somehost' /* QNO 2812 CON_ID 14 */
		    14 Query	REVOKE SHUTDOWN ON *.* FROM 'someuser'@'somehost' /* QNO 2813 CON_ID 14 */
		    14 Query	ALTER TABLE `AA` DROP PRIMARY KEY /* QNO 2814 CON_ID 14 */
		    14 Query	ALTER TABLE `DD` DROP COLUMN r /* QNO 2815 CON_ID 14 */
		    14 Query	CREATE FUNCTION f ( i INTEGER, n INTEGER ) RETURNS INTEGER RETURN 1 /* QNO 2816 CON_ID 14 */
		    14 Query	DROP TRIGGER IF EXISTS j /* QNO 2817 CON_ID 14 */
		    14 Query	SHOW WARNINGS
		    14 Query	ALTER TABLE `CC` DROP COLUMN v /* QNO 2818 CON_ID 14 */
		    14 Query	ALTER TABLE `C` DROP COLUMN g /* QNO 2819 CON_ID 14 */
		    14 Query	DROP TRIGGER IF EXISTS t /* QNO 2820 CON_ID 14 */
		    14 Query	SHOW WARNINGS
		    14 Query	ALTER TABLE `E` DROP KEY k /* QNO 2821 CON_ID 14 */
		    14 Query	REVOKE ALL PRIVILEGES ON test.r FROM 'someuser'@'somehost' /* QNO 2822 CON_ID 14 */
		    15 Query	SHOW WARNINGS
		    18 Query	SELECT * FROM transforms.insert_select_22992 /* TRANSFORM_OUTCOME_UNORDERED_MATCH */ /* QNO 1437 CON_ID 18 */
		    15 Query	DROP TABLE IF EXISTS transforms.insert_select_22986 /* QNO 1592 CON_ID 15 */
		    14 Query	GRANT UPDATE ( `col_varchar_nokey` ), INSERT ( `col_time_nokey` ), SELECT ( `col_varchar_key` ), INSERT ( `col_datetime_key` ) ON `B` TO 'someuser'@'somehost' /* QNO 2823 CON_ID 14 */
		    15 Query	SHOW WARNINGS
		    15 Query	CREATE TABLE transforms.insert_select_22986  SELECT * FROM performance_schema.`events_waits_summary_by_user_by_event_name` AS table1 ORDER BY table1.`MAX_TIMER_WAIT` LIMIT 76 /* QNO 1589 CON_ID 15 */  /* QNO 1593 CON_ID 15 */
		    14 Query	CREATE TRIGGER l BEFORE INSERT ON `BB` FOR EACH ROW BEGIN INSERT INTO `A` SELECT * FROM `DD` LIMIT 0 ; END ; /* QNO 2824 CON_ID 14 */
		    18 Query	DELETE FROM transforms.insert_select_22992 /* QNO 1438 CON_ID 18 */
		    17 Query	SELECT SETVAL(seq7, 4248301823493931008) /* QNO 1142 CON_ID 17 */
		    17 Query	/* GenTest::Transform::ExecuteAsExecuteImmediate */ EXECUTE IMMEDIATE 'SELECT SETVAL(seq7, 4248301823493931008) /* QNO 1142 CON_ID 17 */ ' /* TRANSFORM_OUTCOME_UNORDERED_MATCH */ /* QNO 1143 CON_ID 17 */
		    17 Prepare	SELECT SETVAL(seq7, 4248301823493931008) /* QNO 1142 CON_ID 17 */
		    17 Execute	SELECT SETVAL(seq7, 4248301823493931008) /* QNO 1142 CON_ID 17 */
		    17 Query	/* GenTest::Transform::ExecuteAsInsertSelect */ CREATE DATABASE IF NOT EXISTS transforms /* QNO 1144 CON_ID 17 */
		    18 Query	INSERT INTO transforms.insert_select_22992  SELECT * FROM INFORMATION_SCHEMA.`SESSION_VARIABLES` AS table1 LIMIT 49 /* QNO 1432 CON_ID 18 */  /* QNO 1439 CON_ID 18 */
		    14 Query	ALTER TABLE `B` ADD PRIMARY KEY (`pk`) /* QNO 2825 CON_ID 14 */
		    14 Query	CREATE FUNCTION n ( m INTEGER, x INTEGER ) RETURNS INTEGER RETURN 1 /* QNO 2826 CON_ID 14 */
		    14 Query	ALTER TABLE `D` DROP PRIMARY KEY /* QNO 2827 CON_ID 14 */
		    14 Query	GRANT ALL PRIVILEGES ON g.* TO 'someuser'@'somehost' /* QNO 2828 CON_ID 14 */
		    14 Query	DROP TABLE d /* QNO 2829 CON_ID 14 */
		    18 Query	SELECT * FROM transforms.insert_select_22992 /* TRANSFORM_OUTCOME_UNORDERED_MATCH */ /* QNO 1440 CON_ID 18 */
		    18 Query	DELETE FROM transforms.insert_select_22992 /* QNO 1441 CON_ID 18 */
		    18 Query	REPLACE INTO transforms.insert_select_22992  SELECT * FROM INFORMATION_SCHEMA.`SESSION_VARIABLES` AS table1 LIMIT 49 /* QNO 1432 CON_ID 18 */  /* QNO 1442 CON_ID 18 */
		    14 Query	ALTER TABLE `AA` DROP PRIMARY KEY /* QNO 2830 CON_ID 14 */
		    14 Query	DROP TRIGGER IF EXISTS y /* QNO 2831 CON_ID 14 */
		    14 Query	ALTER TABLE `BB` ADD KEY ( v ) /* QNO 2832 CON_ID 14 */
		    18 Query	SELECT * FROM transforms.insert_select_22992 /* TRANSFORM_OUTCOME_UNORDERED_MATCH */ /* QNO 1443 CON_ID 18 */
		    18 Query	DROP TABLE transforms.insert_select_22992 /* QNO 1444 CON_ID 18 */
		    14 Query	CREATE DATABASE IF NOT EXISTS v /* QNO 2833 CON_ID 14 */
		    14 Query	SHOW WARNINGS
		    14 Query	CREATE TRIGGER y BEFORE INSERT ON `AA` FOR EACH ROW BEGIN INSERT INTO `E` SELECT * FROM `AA` LIMIT 0 ; END ; /* QNO 2834 CON_ID 14 */
		    14 Query	ALTER TABLE `C` PARTITION BY KEY() PARTITIONS 3 /* QNO 2835 CON_ID 14 */
		    14 Query	ALTER TABLE `B` DROP KEY p /* QNO 2836 CON_ID 14 */
		    14 Query	ALTER TABLE `A` PARTITION BY KEY() PARTITIONS 8 /* QNO 2837 CON_ID 14 */
		    17 Query	SHOW WARNINGS
		    15 Query	SELECT * FROM transforms.insert_select_22986 /* TRANSFORM_OUTCOME_UNORDERED_MATCH */ /* QNO 1594 CON_ID 15 */
		    17 Query	DROP TABLE IF EXISTS transforms.insert_select_22990 /* QNO 1145 CON_ID 17 */
		    17 Query	SHOW WARNINGS
		    17 Query	CREATE TABLE transforms.insert_select_22990 SELECT SETVAL(seq7, 4248301823493931008) /* QNO 1142 CON_ID 17 */  /* QNO 1146 CON_ID 17 */
		    15 Query	DELETE FROM transforms.insert_select_22986 /* QNO 1595 CON_ID 15 */
		    18 Query	ALTER IGNORE TABLE `INNODB_BUFFER_POOL_STATS` /*!100301 */ DROP KEY IF EXISTS `POOL_SIZE`  /* QNO 1445 CON_ID 18 */
		    18 Query	SELECT * FROM INFORMATION_SCHEMA.`PARTITIONS` AS table1 WHERE ( table1.`PARTITION_METHOD` LIKE 'wait/synch/mutex/%' AND table1.`CHECK_TIME` > 2) HAVING table1.`PARTITION_EXPRESSION` <> '2016-02-26 15:02:09.029678' IS NULL ORDER BY table1.`DATA_LENGTH` LIMIT 203 /* QNO 1446 CON_ID 18 */
		    15 Query	INSERT INTO transforms.insert_select_22986  SELECT * FROM performance_schema.`events_waits_summary_by_user_by_event_name` AS table1 ORDER BY table1.`MAX_TIMER_WAIT` LIMIT 76 /* QNO 1589 CON_ID 15 */  /* QNO 1596 CON_ID 15 */
		    14 Query	CREATE EVENT m ON SCHEDULE AT NOW() DO SET @a=@a /* QNO 2838 CON_ID 14 */
		    17 Query	SELECT * FROM transforms.insert_select_22990 /* TRANSFORM_OUTCOME_UNORDERED_MATCH */ /* QNO 1147 CON_ID 17 */
		    17 Query	DELETE FROM transforms.insert_select_22990 /* QNO 1148 CON_ID 17 */
		    14 Query	GRANT UPDATE ( `col_time_nokey` ) ON `CC` TO 'someuser'@'somehost' /* QNO 2839 CON_ID 14 */
		    14 Query	DROP VIEW IF EXISTS o /* QNO 2840 CON_ID 14 */
		    14 Query	SHOW WARNINGS
		    14 Query	REVOKE ALL PRIVILEGES ON test.r FROM 'someuser'@'somehost' /* QNO 2841 CON_ID 14 */
		    17 Query	INSERT INTO transforms.insert_select_22990 SELECT SETVAL(seq7, 4248301823493931008) /* QNO 1142 CON_ID 17 */  /* QNO 1149 CON_ID 17 */
		    14 Query	DROP EVENT h /* QNO 2842 CON_ID 14 */
		    14 Query	CREATE EVENT v ON SCHEDULE AT NOW() DO SET @a=@a /* QNO 2843 CON_ID 14 */
		    17 Query	SELECT * FROM transforms.insert_select_22990 /* TRANSFORM_OUTCOME_UNORDERED_MATCH */ /* QNO 1150 CON_ID 17 */
		    17 Query	DELETE FROM transforms.insert_select_22990 /* QNO 1151 CON_ID 17 */
		    14 Query	ALTER TABLE `BB` REMOVE PARTITIONING /* QNO 2844 CON_ID 14 */
		    17 Query	REPLACE INTO transforms.insert_select_22990 SELECT SETVAL(seq7, 4248301823493931008) /* QNO 1142 CON_ID 17 */  /* QNO 1152 CON_ID 17 */
		    14 Query	CREATE TRIGGER t BEFORE INSERT ON `E` FOR EACH ROW BEGIN INSERT INTO `D` SELECT * FROM `E` LIMIT 0 ; END ; /* QNO 2845 CON_ID 14 */
		    17 Query	SELECT * FROM transforms.insert_select_22990 /* TRANSFORM_OUTCOME_UNORDERED_MATCH */ /* QNO 1153 CON_ID 17 */
		    17 Query	DROP TABLE transforms.insert_select_22990 /* QNO 1154 CON_ID 17 */
		    14 Query	DROP EVENT p /* QNO 2846 CON_ID 14 */
		    14 Query	ALTER TABLE `DD` REMOVE PARTITIONING /* QNO 2847 CON_ID 14 */
		    14 Query	GRANT ALL PRIVILEGES ON n.* TO 'someuser'@'somehost' /* QNO 2848 CON_ID 14 */
		    14 Query	ALTER TABLE `BB` ADD PRIMARY KEY (`pk`) /* QNO 2849 CON_ID 14 */
		    14 Query	ALTER TABLE `E` ADD KEY ( a ) /* QNO 2850 CON_ID 14 */
		    15 Query	SELECT * FROM transforms.insert_select_22986 /* TRANSFORM_OUTCOME_UNORDERED_MATCH */ /* QNO 1597 CON_ID 15 */
		    15 Query	DELETE FROM transforms.insert_select_22986 /* QNO 1598 CON_ID 15 */
		    14 Query	DROP EVENT d /* QNO 2851 CON_ID 14 */
		    14 Query	ALTER TABLE `CC` DROP COLUMN q /* QNO 2852 CON_ID 14 */
		    14 Query	DROP EVENT y /* QNO 2853 CON_ID 14 */
		    14 Query	CREATE EVENT l ON SCHEDULE AT NOW() DO SET @a=@a /* QNO 2854 CON_ID 14 */
		    15 Query	REPLACE INTO transforms.insert_select_22986  SELECT * FROM performance_schema.`events_waits_summary_by_user_by_event_name` AS table1 ORDER BY table1.`MAX_TIMER_WAIT` LIMIT 76 /* QNO 1589 CON_ID 15 */  /* QNO 1599 CON_ID 15 */
		    14 Query	DROP EVENT f /* QNO 2855 CON_ID 14 */
		    14 Query	ALTER TABLE `B` PARTITION BY KEY() PARTITIONS 6 /* QNO 2856 CON_ID 14 */
		    14 Query	REVOKE ALL PRIVILEGES ON test.t FROM 'someuser'@'somehost' /* QNO 2857 CON_ID 14 */
		    14 Query	ALTER TABLE `C` DROP COLUMN r /* QNO 2858 CON_ID 14 */
		    14 Query	ALTER TABLE `B` PARTITION BY KEY() PARTITIONS 8 /* QNO 2859 CON_ID 14 */
		    14 Query	ALTER TABLE `B` ADD COLUMN m INTEGER DEFAULT NULL /* QNO 2860 CON_ID 14 */
		    14 Query	CREATE DATABASE IF NOT EXISTS n /* QNO 2861 CON_ID 14 */
		    14 Query	SHOW WARNINGS
		    14 Query	ALTER TABLE `DD` REMOVE PARTITIONING /* QNO 2862 CON_ID 14 */
		    14 Query	CREATE TABLE f LIKE `BB` /* QNO 2863 CON_ID 14 */
		    18 Query	/* GenTest::Transform::ExecuteAsExecuteImmediate */ EXECUTE IMMEDIATE ' SELECT * FROM INFORMATION_SCHEMA.`PARTITIONS` AS table1 WHERE ( table1.`PARTITION_METHOD` LIKE \'wait/synch/mutex/%\' AND table1.`CHECK_TIME` > 2) HAVING table1.`PARTITION_EXPRESSION` <> \'2016-02-26 15:02:09.029678\' IS NULL ORDER BY table1.`DATA_LENGTH` LIMIT 203 /* QNO 1446 CON_ID 18 */ ' /* TRANSFORM_OUTCOME_UNORDERED_MATCH */ /* QNO 1447 CON_ID 18 */
		    15 Query	SELECT * FROM transforms.insert_select_22986 /* TRANSFORM_OUTCOME_UNORDERED_MATCH */ /* QNO 1600 CON_ID 15 */
		    15 Query	DROP TABLE transforms.insert_select_22986 /* QNO 1601 CON_ID 15 */
		    18 Prepare	SELECT * FROM INFORMATION_SCHEMA.`PARTITIONS` AS table1 WHERE ( table1.`PARTITION_METHOD` LIKE 'wait/synch/mutex/%' AND table1.`CHECK_TIME` > 2) HAVING table1.`PARTITION_EXPRESSION` <> '2016-02-26 15:02:09.029678' IS NULL ORDER BY table1.`DATA_LENGTH` LIMIT 203 /* QNO 1446 CON_ID 18 */
		    14 Query	CREATE DATABASE IF NOT EXISTS f /* QNO 2864 CON_ID 14 */
		    14 Query	SHOW WARNINGS
		    15 Query	SELECT * FROM INFORMATION_SCHEMA.`INNODB_MUTEXES` AS table1 LIMIT 6 /* QNO 1602 CON_ID 15 */
		    14 Query	ALTER TABLE `AA` DROP PRIMARY KEY /* QNO 2865 CON_ID 14 */
		    14 Query	CREATE TABLE f LIKE `AA` /* QNO 2866 CON_ID 14 */
		    14 Query	DROP DATABASE IF EXISTS t /* QNO 2867 CON_ID 14 */
		    14 Query	SHOW WARNINGS
		    14 Query	ALTER TABLE `A` DROP KEY a /* QNO 2868 CON_ID 14 */
		    14 Query	DROP VIEW IF EXISTS q /* QNO 2869 CON_ID 14 */
		    14 Query	SHOW WARNINGS
		    14 Query	DROP PROCEDURE IF EXISTS d /* QNO 2870 CON_ID 14 */
		    14 Query	SHOW WARNINGS
		    14 Query	GRANT INSERT ( `col_varchar_nokey`, `col_int_nokey`, `col_datetime_nokey` ), SELECT ( `col_time_nokey` ) ON `E` TO 'someuser'@'somehost' /* QNO 2871 CON_ID 14 */
		    14 Query	DROP TRIGGER IF EXISTS l /* QNO 2872 CON_ID 14 */
		    14 Query	DROP TABLE f /* QNO 2873 CON_ID 14 */
		    15 Query	/* GenTest::Transform::ExecuteAsExecuteImmediate */ EXECUTE IMMEDIATE ' /* TRANSFORM_OUTCOME_UNORDERED_MATCH */ /* QNO 1603 CON_ID 15 */
190122 13:40:01	    15 Query	/* GenTest::Transform::ExecuteAsInsertSelect */ CREATE DATABASE IF NOT EXISTS transforms /* QNO 1604 CON_ID 15 */
		    14 Query	DROP FUNCTION IF EXISTS r /* QNO 2874 CON_ID 14 */
		    14 Query	SHOW WARNINGS
		    14 Query	CREATE TRIGGER j BEFORE INSERT ON `BB` FOR EACH ROW BEGIN INSERT INTO `DD` SELECT * FROM `C` LIMIT 0 ; END ; /* QNO 2875 CON_ID 14 */
		    17 Query	/* GenTest::Transform::ExecuteAsUpdateDelete */ CREATE DATABASE IF NOT EXISTS transforms /* QNO 1155 CON_ID 17 */
		    15 Query	SHOW WARNINGS
		    15 Query	DROP TABLE IF EXISTS transforms.insert_select_22986 /* QNO 1605 CON_ID 15 */
		    17 Query	SHOW WARNINGS
		    15 Query	SHOW WARNINGS
		    17 Query	DROP TABLE IF EXISTS transforms.where_updatedelete_22990 /* QNO 1156 CON_ID 17 */
		    15 Query	CREATE TABLE transforms.insert_select_22986  SELECT * FROM INFORMATION_SCHEMA.`INNODB_MUTEXES` AS table1 LIMIT 6 /* QNO 1602 CON_ID 15 */  /* QNO 1606 CON_ID 15 */
		    17 Query	SHOW WARNINGS
		    14 Query	REVOKE ALL PRIVILEGES ON k.* FROM 'someuser'@'somehost' /* QNO 2876 CON_ID 14 */
		    17 Query	CREATE TABLE transforms.where_updatedelete_22990 SELECT SETVAL(seq7, 4248301823493931008) /* QNO 1142 CON_ID 17 */  /* QNO 1157 CON_ID 17 */
		    14 Query	ALTER TABLE `BB` ADD COLUMN v INTEGER DEFAULT NULL /* QNO 2877 CON_ID 14 */
		    14 Query	REVOKE ALL PRIVILEGES ON m.* FROM 'someuser'@'somehost' /* QNO 2878 CON_ID 14 */
		    14 Query	GRANT RELOAD ON *.* to 'someuser'@'somehost' /* QNO 2879 CON_ID 14 */
		    14 Query	GRANT SELECT ( `col_int_nokey`, `col_date_key`, `col_datetime_key` ), UPDATE ( `col_time_key` ), UPDATE ( `col_varchar_key` ) ON `BB` TO 'someuser'@'somehost' /* QNO 2880 CON_ID 14 */
		    14 Query	DROP DATABASE IF EXISTS x /* QNO 2881 CON_ID 14 */
		    14 Query	CREATE EVENT i ON SCHEDULE AT NOW() DO SET @a=@a /* QNO 2882 CON_ID 14 */
		    14 Query	REVOKE ALL PRIVILEGES ON test.p FROM 'someuser'@'somehost' /* QNO 2883 CON_ID 14 */
		    14 Query	GRANT ALL PRIVILEGES ON test.w TO 'someuser'@'somehost' /* QNO 2884 CON_ID 14 */
		    14 Query	DROP TRIGGER IF EXISTS k /* QNO 2885 CON_ID 14 */
		    14 Query	SHOW WARNINGS
		    14 Query	DROP DATABASE IF EXISTS o /* QNO 2886 CON_ID 14 */
		    14 Query	GRANT UPDATE ( `col_int_nokey` ) ON `AA` TO 'someuser'@'somehost' /* QNO 2887 CON_ID 14 */
		    14 Query	CREATE EVENT q ON SCHEDULE AT NOW() DO SET @a=@a /* QNO 2888 CON_ID 14 */
		    17 Query	UPDATE transforms.where_updatedelete_22990 SET `SETVAL(seq7, 4248301823493931008)` = ( SELECT SETVAL(seq7, 4248301823493931008) /* QNO 1142 CON_ID 17 */  ) + 9999 WHERE `SETVAL(seq7, 4248301823493931008)` NOT IN ( SELECT SETVAL(seq7, 4248301823493931008) /* QNO 1142 CON_ID 17 */  )  /* QNO 1158 CON_ID 17 */
		    14 Query	GRANT ALL PRIVILEGES ON test.e TO 'someuser'@'somehost' /* QNO 2889 CON_ID 14 */
		    14 Query	GRANT UPDATE ( `col_time_key` ) ON `DD` TO 'someuser'@'somehost' /* QNO 2890 CON_ID 14 */
		    14 Query	GRANT SHUTDOWN, RELOAD ON *.* to 'someuser'@'somehost' /* QNO 2891 CON_ID 14 */
		    17 Query	SELECT IF((ROW_COUNT() = 0 OR ROW_COUNT() = -1), 1, 0) /* TRANSFORM_OUTCOME_SINGLE_INTEGER_ONE */ /* QNO 1159 CON_ID 17 */
		    17 Query	SELECT * FROM transforms.where_updatedelete_22990 /* TRANSFORM_OUTCOME_UNORDERED_MATCH */ /* QNO 1160 CON_ID 17 */
		    17 Query	UPDATE transforms.where_updatedelete_22990 SET `SETVAL(seq7, 4248301823493931008)` = ( SELECT SETVAL(seq7, 4248301823493931008) /* QNO 1142 CON_ID 17 */  ) WHERE `SETVAL(seq7, 4248301823493931008)` IN ( SELECT SETVAL(seq7, 4248301823493931008) /* QNO 1142 CON_ID 17 */  )  /* QNO 1161 CON_ID 17 */
		    14 Query	DROP TRIGGER IF EXISTS f /* QNO 2892 CON_ID 14 */
		    14 Query	SHOW WARNINGS
		    14 Query	ALTER TABLE `C` ADD KEY ( f ) /* QNO 2893 CON_ID 14 */
		    17 Query	SELECT IF((ROW_COUNT() = 1 OR ROW_COUNT() = -1), 1, 0) /* TRANSFORM_OUTCOME_SINGLE_INTEGER_ONE */ /* QNO 1162 CON_ID 17 */
		    17 Query	SELECT * FROM transforms.where_updatedelete_22990 /* TRANSFORM_OUTCOME_UNORDERED_MATCH */ /* QNO 1163 CON_ID 17 */
		    17 Query	DELETE FROM transforms.where_updatedelete_22990 WHERE `SETVAL(seq7, 4248301823493931008)` IN ( SELECT SETVAL(seq7, 4248301823493931008) /* QNO 1142 CON_ID 17 */  )  /* QNO 1164 CON_ID 17 */
		    17 Query	SELECT IF((ROW_COUNT() = 1 OR ROW_COUNT() = -1), 1, 0) /* TRANSFORM_OUTCOME_SINGLE_INTEGER_ONE */ /* QNO 1165 CON_ID 17 */
		    17 Query	SELECT * FROM transforms.where_updatedelete_22990 /* TRANSFORM_OUTCOME_EMPTY_RESULT */ /* QNO 1166 CON_ID 17 */
		    17 Query	DROP TABLE IF EXISTS transforms.where_updatedelete_22990 /* QNO 1167 CON_ID 17 */
		    18 Execute	SELECT * FROM INFORMATION_SCHEMA.`PARTITIONS` AS table1 WHERE ( table1.`PARTITION_METHOD` LIKE 'wait/synch/mutex/%' AND table1.`CHECK_TIME` > 2) HAVING table1.`PARTITION_EXPRESSION` <> '2016-02-26 15:02:09.029678' IS NULL ORDER BY table1.`DATA_LENGTH` LIMIT 203 /* QNO 1446 CON_ID 18 */
		    18 Query	/* GenTest::Transform::ExecuteAsInsertSelect */ CREATE DATABASE IF NOT EXISTS transforms /* QNO 1448 CON_ID 18 */
		    14 Query	GRANT INSERT ( `pk` ), SELECT ( `col_date_nokey` ) ON `A` TO 'someuser'@'somehost' /* QNO 2894 CON_ID 14 */
		    14 Query	DROP TABLE l /* QNO 2895 CON_ID 14 */
		    15 Query	SELECT * FROM transforms.insert_select_22986 /* TRANSFORM_OUTCOME_UNORDERED_MATCH */ /* QNO 1607 CON_ID 15 */
		    15 Query	DELETE FROM transforms.insert_select_22986 /* QNO 1608 CON_ID 15 */
		    15 Query	INSERT INTO transforms.insert_select_22986  SELECT * FROM INFORMATION_SCHEMA.`INNODB_MUTEXES` AS table1 LIMIT 6 /* QNO 1602 CON_ID 15 */  /* QNO 1609 CON_ID 15 */
		    14 Query	ALTER TABLE `E` ADD KEY ( l ) /* QNO 2896 CON_ID 14 */
		    14 Query	REVOKE ALL PRIVILEGES ON test.k FROM 'someuser'@'somehost' /* QNO 2897 CON_ID 14 */
		    14 Query	ALTER TABLE `AA` ADD KEY ( s ) /* QNO 2898 CON_ID 14 */
		    14 Query	ALTER TABLE `AA` ADD COLUMN l INTEGER DEFAULT NULL /* QNO 2899 CON_ID 14 */
		    14 Query	ALTER TABLE `E` DROP COLUMN q /* QNO 2900 CON_ID 14 */
		    14 Query	GRANT SELECT ( `col_int_key` ) ON `A` TO 'someuser'@'somehost' /* QNO 2901 CON_ID 14 */
		    14 Query	ALTER TABLE `B` REMOVE PARTITIONING /* QNO 2902 CON_ID 14 */
		    14 Query	REVOKE ALL PRIVILEGES ON t.* FROM 'someuser'@'somehost' /* QNO 2903 CON_ID 14 */
		    14 Query	ALTER TABLE `A` DROP KEY o /* QNO 2904 CON_ID 14 */
		    14 Query	ALTER TABLE `B` REMOVE PARTITIONING /* QNO 2905 CON_ID 14 */
		    14 Query	GRANT UPDATE ( `col_datetime_nokey`, `col_varchar_nokey`, `col_datetime_key` ) ON `B` TO 'someuser'@'somehost' /* QNO 2906 CON_ID 14 */
		    15 Query	SELECT * FROM transforms.insert_select_22986 /* TRANSFORM_OUTCOME_UNORDERED_MATCH */ /* QNO 1610 CON_ID 15 */
		    15 Query	DELETE FROM transforms.insert_select_22986 /* QNO 1611 CON_ID 15 */
		    14 Query	DROP DATABASE IF EXISTS l /* QNO 2907 CON_ID 14 */
		    15 Query	REPLACE INTO transforms.insert_select_22986  SELECT * FROM INFORMATION_SCHEMA.`INNODB_MUTEXES` AS table1 LIMIT 6 /* QNO 1602 CON_ID 15 */  /* QNO 1612 CON_ID 15 */
		    14 Query	DROP TABLE o /* QNO 2908 CON_ID 14 */
		    14 Query	CREATE TRIGGER g BEFORE INSERT ON `AA` FOR EACH ROW BEGIN INSERT INTO `BB` SELECT * FROM `DD` LIMIT 0 ; END ; /* QNO 2909 CON_ID 14 */
		    14 Query	REVOKE ALL PRIVILEGES ON c.* FROM 'someuser'@'somehost' /* QNO 2910 CON_ID 14 */
		    14 Query	ALTER TABLE `A` PARTITION BY KEY() PARTITIONS 0 /* QNO 2911 CON_ID 14 */
		    14 Query	CREATE PROCEDURE d ( IN p INT ) BEGIN SELECT COUNT(*) INTO @a FROM `B`; END ; /* QNO 2912 CON_ID 14 */
		    14 Query	CREATE TRIGGER v BEFORE INSERT ON `BB` FOR EACH ROW BEGIN INSERT INTO `BB` SELECT * FROM `BB` LIMIT 0 ; END ; /* QNO 2913 CON_ID 14 */
		    14 Query	CREATE DATABASE IF NOT EXISTS v /* QNO 2914 CON_ID 14 */
		    14 Query	SHOW WARNINGS
		    14 Query	DROP VIEW IF EXISTS p /* QNO 2915 CON_ID 14 */
		    14 Query	SHOW WARNINGS
		    14 Query	ALTER TABLE `C` ADD KEY ( s ) /* QNO 2916 CON_ID 14 */
		    14 Query	GRANT SELECT ( `col_time_key`, `col_date_key`, `col_date_nokey` ) ON `BB` TO 'someuser'@'somehost' /* QNO 2917 CON_ID 14 */
		    14 Query	ALTER TABLE `C` ADD PRIMARY KEY (`pk`) /* QNO 2918 CON_ID 14 */
		    14 Query	ALTER TABLE `B` PARTITION BY KEY() PARTITIONS 1 /* QNO 2919 CON_ID 14 */
		    14 Query	DROP TABLE l /* QNO 2920 CON_ID 14 */
		    14 Query	GRANT ALL PRIVILEGES ON test.f TO 'someuser'@'somehost' /* QNO 2921 CON_ID 14 */
		    14 Query	REVOKE RELOAD ON *.* FROM 'someuser'@'somehost' /* QNO 2922 CON_ID 14 */
		    14 Query	CREATE DATABASE IF NOT EXISTS g /* QNO 2923 CON_ID 14 */
		    14 Query	CREATE OR REPLACE VIEW t AS SELECT * FROM `CC` /* QNO 2924 CON_ID 14 */
		    14 Query	ALTER TABLE `C` ADD PRIMARY KEY (`pk`) /* QNO 2925 CON_ID 14 */
		    14 Query	REVOKE ALL PRIVILEGES ON g.* FROM 'someuser'@'somehost' /* QNO 2926 CON_ID 14 */
		    14 Query	CREATE TABLE i LIKE `B` /* QNO 2927 CON_ID 14 */
		    14 Query	ALTER TABLE `E` REMOVE PARTITIONING /* QNO 2928 CON_ID 14 */
		    14 Query	DROP PROCEDURE IF EXISTS m /* QNO 2929 CON_ID 14 */
		    14 Query	CREATE TRIGGER j BEFORE INSERT ON `CC` FOR EACH ROW BEGIN INSERT INTO `C` SELECT * FROM `A` LIMIT 0 ; END ; /* QNO 2930 CON_ID 14 */
		    14 Query	ALTER TABLE `CC` PARTITION BY KEY() PARTITIONS 2 /* QNO 2931 CON_ID 14 */
		    14 Query	DROP EVENT j /* QNO 2932 CON_ID 14 */
		    14 Query	ALTER TABLE `BB` ADD PRIMARY KEY (`pk`) /* QNO 2933 CON_ID 14 */
		    14 Query	DROP DATABASE IF EXISTS k /* QNO 2934 CON_ID 14 */
		    14 Query	ALTER TABLE `BB` PARTITION BY KEY() PARTITIONS 8 /* QNO 2935 CON_ID 14 */
		    14 Query	GRANT ALL PRIVILEGES ON f.* TO 'someuser'@'somehost' /* QNO 2936 CON_ID 14 */
		    14 Query	ALTER TABLE `AA` ADD PRIMARY KEY (`pk`) /* QNO 2937 CON_ID 14 */
		    14 Query	REVOKE ALL PRIVILEGES ON test.v FROM 'someuser'@'somehost' /* QNO 2938 CON_ID 14 */
		    14 Query	ALTER TABLE `DD` PARTITION BY KEY() PARTITIONS 7 /* QNO 2939 CON_ID 14 */
		    14 Query	ALTER TABLE `B` ADD COLUMN d INTEGER DEFAULT NULL /* QNO 2940 CON_ID 14 */
		    15 Query	SELECT * FROM transforms.insert_select_22986 /* TRANSFORM_OUTCOME_UNORDERED_MATCH */ /* QNO 1613 CON_ID 15 */
		    15 Query	DROP TABLE transforms.insert_select_22986 /* QNO 1614 CON_ID 15 */
		    14 Query	GRANT REPLICATION CLIENT ON *.* to 'someuser'@'somehost' /* QNO 2941 CON_ID 14 */
		    14 Query	REVOKE ALL PRIVILEGES ON n.* FROM 'someuser'@'somehost' /* QNO 2942 CON_ID 14 */
		    14 Query	DROP FUNCTION IF EXISTS k /* QNO 2943 CON_ID 14 */
		    14 Query	SHOW WARNINGS
		    14 Query	REVOKE REPLICATION SLAVE, USAGE, REPLICATION CLIENT ON *.* FROM 'someuser'@'somehost' /* QNO 2944 CON_ID 14 */
		    14 Query	GRANT CREATE USER ON *.* to 'someuser'@'somehost' /* QNO 2945 CON_ID 14 */
		    14 Query	ALTER TABLE `AA` ADD COLUMN v INTEGER DEFAULT NULL /* QNO 2946 CON_ID 14 */
		    14 Query	ALTER TABLE `B` DROP COLUMN c /* QNO 2947 CON_ID 14 */
		    14 Query	CREATE TABLE k LIKE `C` /* QNO 2948 CON_ID 14 */
		    14 Query	GRANT ALL PRIVILEGES ON test.i TO 'someuser'@'somehost' /* QNO 2949 CON_ID 14 */
		    14 Query	REVOKE ALL PRIVILEGES ON test.g FROM 'someuser'@'somehost' /* QNO 2950 CON_ID 14 */
		    14 Query	DROP TABLE g /* QNO 2951 CON_ID 14 */
		    14 Query	DROP FUNCTION IF EXISTS w /* QNO 2952 CON_ID 14 */
		    14 Query	SHOW WARNINGS
		    14 Query	CREATE OR REPLACE VIEW t AS SELECT * FROM `DD` /* QNO 2953 CON_ID 14 */
		    14 Query	ALTER TABLE `D` DROP KEY f /* QNO 2954 CON_ID 14 */
		    14 Query	ALTER TABLE `A` ADD PRIMARY KEY (`pk`) /* QNO 2955 CON_ID 14 */
		    18 Query	SHOW WARNINGS
		    18 Query	DROP TABLE IF EXISTS transforms.insert_select_22992 /* QNO 1449 CON_ID 18 */
		    18 Query	SHOW WARNINGS
		    18 Query	CREATE TABLE transforms.insert_select_22992  SELECT * FROM INFORMATION_SCHEMA.`PARTITIONS` AS table1 WHERE ( table1.`PARTITION_METHOD` LIKE 'wait/synch/mutex/%' AND table1.`CHECK_TIME` > 2) HAVING table1.`PARTITION_EXPRESSION` <> '2016-02-26 15:02:09.029678' IS NULL ORDER BY table1.`DATA_LENGTH` LIMIT 203 /* QNO 1446 CON_ID 18 */  /* QNO 1450 CON_ID 18 */
		    17 Query	DROP SEQUENCE IF EXISTS seq7 /* QNO 1168 CON_ID 17 */
		    15 Query	ALTER IGNORE TABLE `USER_STATISTICS` /*!100301 WAIT 6 */ ADD CONSTRAINT FOREIGN KEY ( `BINLOG_BYTES_WRITTEN` ) REFERENCES `user_variables` (BINLOG_BYTES_WRITTEN), ADD FOREIGN KEY b ( `VARIABLE_VALUE` ) REFERENCES `INNODB_METRICS` (VARIABLE_VALUE), ALGORITHM=INPLACE, LOCK=NONE /* QNO 1615 CON_ID 15 */
		    15 Query	ALTER IGNORE TABLE `INNODB_TABLESPACES_ENCRYPTION` /*!100301 */ DROP COLUMN IF EXISTS `MIN_KEY_VERSION`, ALGORITHM=INPLACE  /* QNO 1616 CON_ID 15 */
		    15 Query	ALTER TABLE t3 ADD CONSTRAINT n CHECK (vcol4 != ncol2)  /* QNO 1617 CON_ID 15 */
		    15 Query	TRUNCATE TABLE performance_schema.file_summary_by_instance /* QNO 1618 CON_ID 15 */
		    14 Query	DROP DATABASE IF EXISTS j /* QNO 2956 CON_ID 14 */
		    14 Query	SHOW WARNINGS
		    14 Query	DROP TRIGGER IF EXISTS o /* QNO 2957 CON_ID 14 */
		    14 Query	SHOW WARNINGS
		    14 Query	ALTER TABLE `C` ADD COLUMN c INTEGER DEFAULT NULL /* QNO 2958 CON_ID 14 */
		    14 Query	REVOKE ALL PRIVILEGES ON test.i FROM 'someuser'@'somehost' /* QNO 2959 CON_ID 14 */
		    14 Query	CREATE DATABASE IF NOT EXISTS h /* QNO 2960 CON_ID 14 */
		    14 Query	DROP TRIGGER IF EXISTS e /* QNO 2961 CON_ID 14 */
		    15 Query	SET STATEMENT system_versioning_alter_history=KEEP FOR ALTER TABLE t7 ADD COLUMN IF NOT EXISTS `row_end` BIGINT UNSIGNED GENERATED ALWAYS AS ROW END /* QNO 1619 CON_ID 15 */
		    17 Query	ALTER TABLE `help_relation` /*!100301 WAIT 9 */ ADD j TEXT NOT NULL, ADD ( w TIMESTAMP NULL ), LOCK=NONE  /* QNO 1169 CON_ID 17 */
		    17 Query	LOCK TABLE `help_relation` WRITE /*!100300 NOWAIT */ /* QNO 1170 CON_ID 17 */
		    17 Query	ALTER IGNORE TABLE `innodb_table_stats` /*!100301 NOWAIT */ ADD UNIQUE ( c ) KEY_BLOCK_SIZE = 63556, LOCK=DEFAULT, ADD KEY IF NOT EXISTS ind7 ( m ASC ) COMMENT 'characterize', LOCK=NONE  /* QNO 1171 CON_ID 17 */
		    17 Query	DROP TEMPORARY TABLE IF EXISTS `time_zone` /* QNO 1172 CON_ID 17 */
		    17 Query	SHOW WARNINGS
		    15 Query	SELECT * FROM performance_schema.`events_stages_history` AS table1 WHERE (NOT table1.`NESTING_EVENT_ID` <> 0 OR table1.`TIMER_END` IN ( 2, 2, 4 )) LIMIT 42 /* QNO 1620 CON_ID 15 */
		    17 Query	SELECT * FROM test.`C` AS table1 WHERE ( ( ( table1.`col_date_key` LIKE 'wait%' AND table1.`col_datetime_key` <= table1.`col_time_nokey`) OR table1.`col_datetime_key` > table1.`col_time_key`) OR table1.`col_datetime_key` IN ( 6, 0, 0 )) LIMIT 171 /* QNO 1173 CON_ID 17 */
		    17 Query	INSERT INTO `C` ( tcol9 ) SELECT tscol5 FROM t14 /* QNO 1174 CON_ID 17 */
		    15 Query	/* GenTest::Transform::ExecuteAsExecuteImmediate */ EXECUTE IMMEDIATE ' /* TRANSFORM_OUTCOME_UNORDERED_MATCH */ /* QNO 1621 CON_ID 15 */
		    15 Query	/* GenTest::Transform::ExecuteAsInsertSelect */ CREATE DATABASE IF NOT EXISTS transforms /* QNO 1622 CON_ID 15 */
		    17 Query	SELECT * FROM (test.`D` AS table1 INNER JOIN INFORMATION_SCHEMA.`SCHEMATA` AS table2 ON ( table2.`DEFAULT_CHARACTER_SET_NAME` = table1.`col_date_nokey` ) ) WHERE NOT ( (NOT ( ( ( (NOT ( (NOT table1.`col_varchar_key` < table1.`col_datetime_nokey` OR table2.`SCHEMA_NAME` IN ( 3, 4, 8 )) AND table1.`col_date_nokey` IN ( 3, 2, 3 )) OR table2.`DEFAULT_COLLATION_NAME` >= 1) OR table2.`CATALOG_NAME` LIKE '%sql%') OR table1.`col_datetime_nokey` != table2.`DEFAULT_CHARACTER_SET_NAME`) OR table1.`col_time_nokey` != 'm') OR table1.`col_date_nokey` LIKE 'wait/io%') AND table1.`col_date_nokey` LIKE '%mysys%') LIMIT 230 /* QNO 1175 CON_ID 17 */
		    17 Query	FLUSH NO_WRITE_TO_BINLOG SLAVE, SLAVE /* QNO 1176 CON_ID 17 */
		    17 Query	SELECT * FROM performance_schema.`events_statements_current` AS table1 WHERE table1.`ROWS_SENT` < table1.`MYSQL_ERRNO` HAVING (table1.`DIGEST` != 6 IS NULL AND table1.`WARNINGS` <> '1973-10-04 02:39:40.060986') LIMIT 117 /* QNO 1177 CON_ID 17 */
		    17 Query	SHOW WARNINGS
		    17 Query	TRUNCATE TABLE performance_schema.events_waits_summary_by_event_name /* QNO 1178 CON_ID 17 */
		    17 Query	UNLOCK TABLES /* QNO 1179 CON_ID 17 */
		    17 Query	SELECT * FROM mysql.`help_category` AS table1 HAVING NOT (table1.`help_category_id` = 8 IS NOT NULL AND table1.`parent_category_id` <= 'lj') LIMIT 113 /* QNO 1180 CON_ID 17 */
		    17 Query	SHOW WARNINGS
		    17 Query	ALTER ONLINE IGNORE TABLE `transaction_registry` /*!100301 */ ADD UNIQUE ind7 ( v ) KEY_BLOCK_SIZE = 22615, ADD KEY IF NOT EXISTS ind1 ( `begin_timestamp` ASC ), LOCK=SHARED  /* QNO 1181 CON_ID 17 */
		    17 Query	TRUNCATE TABLE performance_schema.events_waits_history /* QNO 1182 CON_ID 17 */
		    17 Query	INSERT INTO `help_topic` () VALUES () /* QNO 1183 CON_ID 17 */
		    17 Query	SHOW ENGINE PERFORMANCE_SCHEMA STATUS /* QNO 1184 CON_ID 17 */
		    17 Query	INSERT INTO seq7 VALUES (4217902526009180160, -88946092640567296, -2217178391549837312, 4310226318370275328, 3, 228, 0, 0) /* QNO 1185 CON_ID 17 */
		    17 Query	SET STATEMENT `sql_mode`=ORACLE FOR SELECT seq6.nextval /* QNO 1186 CON_ID 17 */
		    17 Query	UNLOCK TABLES /* QNO 1187 CON_ID 17 */
		    17 Query	INSERT INTO `time_zone_transition` ( `pk` ) VALUES (NULL) /* QNO 1188 CON_ID 17 */
		    17 Query	SET GLOBAL SQL_MODE= 'NO_DIR_IN_CREATE,NO_ENGINE_SUBSTITUTION,MYSQL40,ONLY_FULL_GROUP_BY,MAXDB,NO_KEY_OPTIONS,STRICT_ALL_TABLES,REAL_AS_FLOAT,PAD_CHAR_TO_FULL_LENGTH,MYSQL323,NO_AUTO_VALUE_ON_ZERO,ANSI,ANSI_QUOTES,IGNORE_BAD_TABLE_OPTIONS,DB2,IGNORE_SPACE,ERROR_FOR_DIVISION_BY_ZERO,NO_AUTO_CREATE_USER,NO_BACKSLASH_ESCAPES,ORACLE' /* QNO 1189 CON_ID 17 */
		    17 Query	SHOW ENGINE PERFORMANCE_SCHEMA STATUS /* QNO 1190 CON_ID 17 */
		    17 Query	TRUNCATE TABLE performance_schema.events_waits_current /* QNO 1191 CON_ID 17 */
		    17 Query	ALTER TABLE `columns_priv` ADD CONSTRAINT k FOREIGN KEY ( `Column_name` ) REFERENCES `proxies_priv` (Column_name) ON DELETE SET NULL ON UPDATE NO ACTION, ADD CONSTRAINT n FOREIGN KEY (`With_grant`) REFERENCES proxies_priv (`Proxied_host`) /*!100307, ALGORITHM=INSTANT */  /* QNO 1192 CON_ID 17 */
		    17 Query	SELECT NEXTVAL( seq6 ) /* QNO 1193 CON_ID 17 */
		    17 Query	FLUSH LOCAL QUERY CACHE /* QNO 1194 CON_ID 17 */
		    17 Query	DELETE FROM `innodb_index_stats` WHERE `database_name` >= '2030-12-10 00:55:19.020060' LIMIT 6 /* QNO 1195 CON_ID 17 */
		    17 Query	SET SESSION SQL_MODE= 'SIMULTANEOUS_ASSIGNMENT,STRICT_ALL_TABLES,REAL_AS_FLOAT,NO_UNSIGNED_SUBTRACTION,POSTGRESQL,NO_AUTO_VALUE_ON_ZERO,ONLY_FULL_GROUP_BY,ANSI,NO_TABLE_OPTIONS,NO_KEY_OPTIONS,ANSI_QUOTES,NO_ENGINE_SUBSTITUTION,PIPES_AS_CONCAT,NO_FIELD_OPTIONS,MYSQL323,ALLOW_INVALID_DATES,PAD_CHAR_TO_FULL_LENGTH,NO_AUTO_CREATE_USER,MSSQL,MAXDB,NO_DIR_IN_CREATE,NO_BACKSLASH_ESCAPES,IGNORE_SPACE' /* QNO 1196 CON_ID 17 */
		    17 Query	ALTER TABLE `column_stats` DROP FOREIGN KEY i, ALGORITHM=INPLACE, LOCK=NONE /* QNO 1197 CON_ID 17 */
		    17 Query	SET STATEMENT system_versioning_alter_history=KEEP FOR ALTER TABLE `table_stats` DROP INDEX ind1, DROP INDEX ind1, MODIFY COLUMN IF EXISTS ecol5 SET('foo','bar') NOT NULL, DROP SYSTEM VERSIONING /* QNO 1198 CON_ID 17 */
		    17 Query	DROP TABLE IF EXISTS tmp_rename_22990  /* QNO 1199 CON_ID 17 */
		    17 Query	SHOW WARNINGS
		    17 Query	RENAME TABLE `slow_log` TO tmp_rename_22990, tmp_rename_22990 TO slow_log /* QNO 1200 CON_ID 17 */
		    17 Query	ALTER ONLINE TABLE `time_zone_leap_second` /*!100301 */ CHANGE COLUMN IF EXISTS `Transition_time` `Correction` TIMESTAMP DEFAULT '1970-01-01' /*!100303 INVISIBLE */, ALGORITHM=INPLACE, LOCK=EXCLUSIVE, ADD IF NOT EXISTS ( j BINARY NOT NULL /*!100303 INVISIBLE */, `Correction` DOUBLE ZEROFILL DEFAULT 0 ) /*!100307, ALGORITHM=INSTANT */, LOCK=EXCLUSIVE, ADD IF NOT EXISTS `Correction` VARCHAR(3043) NOT NULL DEFAULT 'y' /*!100303 INVISIBLE */, LOCK=EXCLUSIVE, ADD IF NOT EXISTS r VARBINARY(44989) AS ( SUBSTR(`Correction`, 8, 6 ) ) /*!100201 STORED */ /* PERSISTENT */, ALGORITHM=COPY  /* QNO 1201 CON_ID 17 */
		    17 Query	ALTER ONLINE TABLE t4 DROP INDEX ind8  /* QNO 1202 CON_ID 17 */
		    17 Query	UNLOCK TABLES /* QNO 1203 CON_ID 17 */
		    17 Query	SET GLOBAL SQL_MODE= '' /* QNO 1204 CON_ID 17 */
		    17 Query	DELETE HISTORY FROM t8 BEFORE SYSTEM_TIME NOW(6) /* QNO 1205 CON_ID 17 */
		    17 Query	TRUNCATE TABLE performance_schema.file_summary_by_event_name /* QNO 1206 CON_ID 17 */
		    17 Query	DELETE HISTORY FROM t3 BEFORE SYSTEM_TIME DATE_SUB('19780328162149.063950', INTERVAL 6 YEAR) /* QNO 1207 CON_ID 17 */
		    17 Query	CREATE OR REPLACE TEMPORARY TABLE `tmp` LIKE E  /* QNO 1208 CON_ID 17 */
		    14 Query	CREATE PROCEDURE w ( OUT z INT ) BEGIN SELECT COUNT(*) INTO @a FROM `C`; END ; /* QNO 2962 CON_ID 14 */
		    14 Query	CREATE TABLE v LIKE `AA` /* QNO 2963 CON_ID 14 */
		    14 Query	CREATE TRIGGER e BEFORE INSERT ON `BB` FOR EACH ROW BEGIN INSERT INTO `E` SELECT * FROM `D` LIMIT 0 ; END ; /* QNO 2964 CON_ID 14 */
		    14 Query	REVOKE REPLICATION SLAVE ON *.* FROM 'someuser'@'somehost' /* QNO 2965 CON_ID 14 */
		    14 Query	GRANT SELECT ( `col_date_nokey`, `col_int_nokey`, `col_time_nokey`, `col_int_key`, `pk` ) ON `B` TO 'someuser'@'somehost' /* QNO 2966 CON_ID 14 */
		    14 Query	ALTER TABLE `B` DROP KEY r /* QNO 2967 CON_ID 14 */
		    14 Query	ALTER TABLE `D` REMOVE PARTITIONING /* QNO 2968 CON_ID 14 */
		    14 Query	GRANT UPDATE ( `col_varchar_key` ) ON `A` TO 'someuser'@'somehost' /* QNO 2969 CON_ID 14 */
		    14 Query	CREATE OR REPLACE VIEW w AS SELECT * FROM `DD` /* QNO 2970 CON_ID 14 */
		    14 Query	CREATE EVENT n ON SCHEDULE AT NOW() DO SET @a=@a /* QNO 2971 CON_ID 14 */
		    14 Query	GRANT ALL PRIVILEGES ON test.f TO 'someuser'@'somehost' /* QNO 2972 CON_ID 14 */
		    17 Query	INSERT INTO `tmp` SELECT * FROM E  /* QNO 1209 CON_ID 17 */
		    14 Query	DROP PROCEDURE IF EXISTS w /* QNO 2973 CON_ID 14 */
		    17 Query	/* GenTest::Transform::ExecuteAsExecuteImmediate */ EXECUTE IMMEDIATE ' /* TRANSFORM_OUTCOME_UNORDERED_MATCH */ /* QNO 1210 CON_ID 17 */
		    17 Query	DROP TEMPORARY TABLE IF EXISTS E  /* QNO 1211 CON_ID 17 */
		    17 Query	ALTER TABLE `tmp` RENAME TO E /* QNO 1212 CON_ID 17 */
		    17 Query	DELETE FROM `innodb_table_stats` WHERE `clustered_index_size` <> 0 LIMIT 8 /* QNO 1213 CON_ID 17 */
		    17 Query	CREATE OR REPLACE TEMPORARY TABLE `tmp` LIKE C  /* QNO 1214 CON_ID 17 */
		    14 Query	ALTER TABLE `D` DROP COLUMN n /* QNO 2974 CON_ID 14 */
		    14 Query	ALTER TABLE `BB` DROP KEY t /* QNO 2975 CON_ID 14 */
		    14 Query	REVOKE ALL PRIVILEGES ON o.* FROM 'someuser'@'somehost' /* QNO 2976 CON_ID 14 */
		    14 Query	CREATE TRIGGER b BEFORE INSERT ON `CC` FOR EACH ROW BEGIN INSERT INTO `BB` SELECT * FROM `AA` LIMIT 0 ; END ; /* QNO 2977 CON_ID 14 */
		    14 Query	ALTER TABLE `CC` DROP PRIMARY KEY /* QNO 2978 CON_ID 14 */
		    14 Query	DROP TRIGGER IF EXISTS k /* QNO 2979 CON_ID 14 */
		    14 Query	SHOW WARNINGS
		    14 Query	GRANT UPDATE ( `col_datetime_key`, `col_datetime_nokey`, `col_time_key` ), INSERT ( `col_varchar_key` ), UPDATE ( `col_varchar_key` ), INSERT ( `col_time_nokey` ), UPDATE ( `col_int_nokey` ), INSERT ( `col_datetime_key`, `col_varchar_nokey` ) ON `A` TO 'someuser'@'somehost' /* QNO 2980 CON_ID 14 */
		    14 Query	ALTER TABLE `B` ADD PRIMARY KEY (`pk`) /* QNO 2981 CON_ID 14 */
		    14 Query	DROP DATABASE IF EXISTS e /* QNO 2982 CON_ID 14 */
		    14 Query	SHOW WARNINGS
		    14 Query	ALTER TABLE `A` REMOVE PARTITIONING /* QNO 2983 CON_ID 14 */
		    14 Query	ALTER TABLE `CC` REMOVE PARTITIONING /* QNO 2984 CON_ID 14 */
		    14 Query	ALTER TABLE `C` ADD PRIMARY KEY (`pk`) /* QNO 2985 CON_ID 14 */
		    14 Query	GRANT SHUTDOWN ON *.* to 'someuser'@'somehost' /* QNO 2986 CON_ID 14 */
		    14 Query	GRANT SELECT ( `col_datetime_key`, `col_varchar_key` ), UPDATE ( `col_int_nokey` ), SELECT ( `pk` ), UPDATE ( `col_datetime_key` ), INSERT ( `col_int_nokey`, `col_int_key`, `col_int_nokey` ), SELECT ( `col_time_key` ), SELECT ( `col_varchar_nokey` ), UPDATE ( `col_date_key` ) ON `CC` TO 'someuser'@'somehost' /* QNO 2987 CON_ID 14 */
		    14 Query	DROP TABLE t /* QNO 2988 CON_ID 14 */
		    17 Query	INSERT INTO `tmp` SELECT * FROM C  /* QNO 1215 CON_ID 17 */
		    17 Query	/* GenTest::Transform::ExecuteAsExecuteImmediate */ EXECUTE IMMEDIATE ' /* TRANSFORM_OUTCOME_UNORDERED_MATCH */ /* QNO 1216 CON_ID 17 */
		    14 Query	GRANT SELECT ( `col_varchar_nokey` ), UPDATE ( `col_varchar_nokey` ) ON `D` TO 'someuser'@'somehost' /* QNO 2989 CON_ID 14 */
		    17 Query	DROP TEMPORARY TABLE IF EXISTS C  /* QNO 1217 CON_ID 17 */
		    17 Query	ALTER TABLE `tmp` RENAME TO C /* QNO 1218 CON_ID 17 */
		    17 Query	SELECT * FROM `innodb_table_stats` INTO OUTFILE 'load_innodb_table_stats'  /* QNO 1219 CON_ID 17 */
		    17 Query	LOAD DATA INFILE 'load_innodb_table_stats' IGNORE INTO TABLE innodb_table_stats /* QNO 1220 CON_ID 17 */
		    14 Query	ALTER TABLE `B` DROP COLUMN x /* QNO 2990 CON_ID 14 */
		    17 Query	CREATE OR REPLACE TEMPORARY TABLE `tmp` LIKE A  /* QNO 1221 CON_ID 17 */
		    14 Query	DROP EVENT r /* QNO 2991 CON_ID 14 */
		    14 Query	ALTER TABLE `E` DROP PRIMARY KEY /* QNO 2992 CON_ID 14 */
		    14 Query	GRANT SHOW DATABASES ON *.* to 'someuser'@'somehost' /* QNO 2993 CON_ID 14 */
		    17 Query	INSERT INTO `tmp` SELECT * FROM A  /* QNO 1222 CON_ID 17 */
		    14 Query	CREATE DATABASE IF NOT EXISTS x /* QNO 2994 CON_ID 14 */
		    17 Query	/* GenTest::Transform::ExecuteAsExecuteImmediate */ EXECUTE IMMEDIATE ' /* TRANSFORM_OUTCOME_UNORDERED_MATCH */ /* QNO 1223 CON_ID 17 */
		    17 Query	DROP TEMPORARY TABLE IF EXISTS A  /* QNO 1224 CON_ID 17 */
		    14 Query	GRANT UPDATE ( `col_time_key` ), UPDATE ( `col_date_nokey`, `col_date_key` ), SELECT ( `col_time_key` ) ON `E` TO 'someuser'@'somehost' /* QNO 2995 CON_ID 14 */
		    17 Query	ALTER TABLE `tmp` RENAME TO A /* QNO 1225 CON_ID 17 */
		    17 Query	ALTER IGNORE TABLE `table_stats` /*!100301 WAIT 2 */ ADD INDEX IF NOT EXISTS ind3 ( `db_name` ) /*!100307, ALGORITHM=INSTANT */, LOCK=EXCLUSIVE  /* QNO 1226 CON_ID 17 */
		    14 Query	ALTER TABLE `CC` REMOVE PARTITIONING /* QNO 2996 CON_ID 14 */
		    17 Query	SHOW ENGINE PERFORMANCE_SCHEMA STATUS /* QNO 1227 CON_ID 17 */
		    14 Query	CREATE OR REPLACE VIEW n AS SELECT * FROM `CC` /* QNO 2997 CON_ID 14 */
		    14 Query	ALTER TABLE `AA` DROP KEY n /* QNO 2998 CON_ID 14 */
		    14 Query	ALTER TABLE `B` ADD PRIMARY KEY (`pk`) /* QNO 2999 CON_ID 14 */
		    17 Query	UNLOCK TABLES /* QNO 1228 CON_ID 17 */
		    17 Query	SELECT LASTVAL( seq7 ) /* QNO 1229 CON_ID 17 */
		    14 Query	DROP PROCEDURE IF EXISTS a /* QNO 3000 CON_ID 14 */
		    17 Query	SHOW ENGINE PERFORMANCE_SCHEMA STATUS /* QNO 1230 CON_ID 17 */
		    17 Query	SELECT START_VALUE, MAXIMUM_VALUE FROM seq2 /* QNO 1231 CON_ID 17 */
		    17 Query	/* GenTest::Transform::ExecuteAsExecuteImmediate */ EXECUTE IMMEDIATE ' /* TRANSFORM_OUTCOME_UNORDERED_MATCH */ /* QNO 1232 CON_ID 17 */
		    17 Query	/* GenTest::Transform::ExecuteAsInsertSelect */ CREATE DATABASE IF NOT EXISTS transforms /* QNO 1233 CON_ID 17 */
		    14 Query	SHOW WARNINGS
		    14 Query	REVOKE SHUTDOWN, SUPER ON *.* FROM 'someuser'@'somehost' /* QNO 3001 CON_ID 14 */
		    14 Query	ALTER TABLE `DD` DROP KEY l /* QNO 3002 CON_ID 14 */
		    14 Query	CREATE TRIGGER y BEFORE INSERT ON `B` FOR EACH ROW BEGIN INSERT INTO `E` SELECT * FROM `B` LIMIT 0 ; END ; /* QNO 3003 CON_ID 14 */
		    14 Query	DROP PROCEDURE IF EXISTS g /* QNO 3004 CON_ID 14 */
		    14 Query	SHOW WARNINGS
		    14 Query	DROP TRIGGER IF EXISTS u /* QNO 3005 CON_ID 14 */
		    14 Query	SHOW WARNINGS
		    14 Query	CREATE DATABASE IF NOT EXISTS f /* QNO 3006 CON_ID 14 */
		    14 Query	SHOW WARNINGS
		    14 Query	REVOKE SUPER, REPLICATION SLAVE ON *.* FROM 'someuser'@'somehost' /* QNO 3007 CON_ID 14 */
		    14 Query	ALTER TABLE `AA` DROP KEY c /* QNO 3008 CON_ID 14 */
		    14 Query	DROP DATABASE IF EXISTS q /* QNO 3009 CON_ID 14 */
		    14 Query	ALTER TABLE `B` ADD PRIMARY KEY (`pk`) /* QNO 3010 CON_ID 14 */
		    14 Query	DROP TABLE m /* QNO 3011 CON_ID 14 */
		    14 Query	REVOKE ALL PRIVILEGES ON x.* FROM 'someuser'@'somehost' /* QNO 3012 CON_ID 14 */
		    14 Query	ALTER TABLE `CC` ADD KEY ( a ) /* QNO 3013 CON_ID 14 */
		    14 Query	DROP TRIGGER IF EXISTS v /* QNO 3014 CON_ID 14 */
		    14 Query	DROP TRIGGER IF EXISTS l /* QNO 3015 CON_ID 14 */
		    14 Query	SHOW WARNINGS
		    14 Query	ALTER TABLE `B` DROP COLUMN n /* QNO 3016 CON_ID 14 */
		    14 Query	CREATE TRIGGER d BEFORE INSERT ON `DD` FOR EACH ROW BEGIN INSERT INTO `C` SELECT * FROM `A` LIMIT 0 ; END ; /* QNO 3017 CON_ID 14 */
		    14 Query	ALTER TABLE `A` ADD KEY ( x ) /* QNO 3018 CON_ID 14 */
		    14 Query	ALTER TABLE `A` ADD KEY ( l ) /* QNO 3019 CON_ID 14 */
		    14 Query	CREATE TRIGGER s BEFORE INSERT ON `AA` FOR EACH ROW BEGIN INSERT INTO `A` SELECT * FROM `BB` LIMIT 0 ; END ; /* QNO 3020 CON_ID 14 */
		    14 Query	GRANT ALL PRIVILEGES ON v.* TO 'someuser'@'somehost' /* QNO 3021 CON_ID 14 */
190122 13:40:02	    14 Query	GRANT ALL PRIVILEGES ON test.b TO 'someuser'@'somehost' /* QNO 3022 CON_ID 14 */
		    14 Query	DROP DATABASE IF EXISTS c /* QNO 3023 CON_ID 14 */
		    14 Query	SHOW WARNINGS
		    14 Query	ALTER TABLE `B` DROP KEY n /* QNO 3024 CON_ID 14 */
		    14 Query	DROP TRIGGER IF EXISTS a /* QNO 3025 CON_ID 14 */
		    14 Query	ALTER TABLE `A` DROP PRIMARY KEY /* QNO 3026 CON_ID 14 */
		    14 Query	CREATE EVENT s ON SCHEDULE AT NOW() DO SET @a=@a /* QNO 3027 CON_ID 14 */
		    14 Query	CREATE PROCEDURE w ( OUT x INT, OUT z INT ) BEGIN SELECT COUNT(*) INTO @a FROM `E`; END ; /* QNO 3028 CON_ID 14 */
		    14 Query	CREATE EVENT g ON SCHEDULE AT NOW() DO SET @a=@a /* QNO 3029 CON_ID 14 */
		    14 Query	ALTER TABLE `AA` DROP COLUMN n /* QNO 3030 CON_ID 14 */
		    14 Query	GRANT UPDATE ( `col_datetime_nokey`, `col_time_nokey` ), UPDATE ( `col_varchar_key` ) ON `A` TO 'someuser'@'somehost' /* QNO 3031 CON_ID 14 */
		    14 Query	CREATE PROCEDURE d ( IN u INT, IN i INT, IN t INT, OUT e INT ) BEGIN SELECT COUNT(*) INTO @a FROM `AA`; END ; /* QNO 3032 CON_ID 14 */
		    14 Query	DROP TABLE m /* QNO 3033 CON_ID 14 */
		    14 Query	ALTER TABLE `E` DROP KEY q /* QNO 3034 CON_ID 14 */
		    14 Query	GRANT REPLICATION CLIENT ON *.* to 'someuser'@'somehost' /* QNO 3035 CON_ID 14 */
		    14 Query	ALTER TABLE `BB` DROP PRIMARY KEY /* QNO 3036 CON_ID 14 */
		    14 Query	ALTER TABLE `D` ADD PRIMARY KEY (`pk`) /* QNO 3037 CON_ID 14 */
		    14 Query	CREATE TABLE z LIKE `C` /* QNO 3038 CON_ID 14 */
		    14 Query	DROP DATABASE IF EXISTS g /* QNO 3039 CON_ID 14 */
		    15 Query	SHOW WARNINGS
		    17 Query	SHOW WARNINGS
		    15 Query	DROP TABLE IF EXISTS transforms.insert_select_22986 /* QNO 1623 CON_ID 15 */
		    17 Query	DROP TABLE IF EXISTS transforms.insert_select_22990 /* QNO 1234 CON_ID 17 */
		    17 Query	SHOW WARNINGS
		    18 Query	SELECT * FROM transforms.insert_select_22992 /* TRANSFORM_OUTCOME_UNORDERED_MATCH */ /* QNO 1451 CON_ID 18 */
		    17 Query	CREATE TABLE transforms.insert_select_22990 SELECT START_VALUE, MAXIMUM_VALUE FROM seq2 /* QNO 1231 CON_ID 17 */  /* QNO 1235 CON_ID 17 */
		    15 Query	SHOW WARNINGS
		    15 Query	CREATE TABLE transforms.insert_select_22986  SELECT * FROM performance_schema.`events_stages_history` AS table1 WHERE (NOT table1.`NESTING_EVENT_ID` <> 0 OR table1.`TIMER_END` IN ( 2, 2, 4 )) LIMIT 42 /* QNO 1620 CON_ID 15 */  /* QNO 1624 CON_ID 15 */
		    14 Query	ALTER TABLE `CC` REMOVE PARTITIONING /* QNO 3040 CON_ID 14 */
		    14 Query	DROP EVENT l /* QNO 3041 CON_ID 14 */
		    18 Query	DELETE FROM transforms.insert_select_22992 /* QNO 1452 CON_ID 18 */
		    14 Query	CREATE DATABASE IF NOT EXISTS i /* QNO 3042 CON_ID 14 */
		    14 Query	SHOW WARNINGS
		    14 Query	REVOKE CREATE USER ON *.* FROM 'someuser'@'somehost' /* QNO 3043 CON_ID 14 */
		    14 Query	DROP TRIGGER IF EXISTS t /* QNO 3044 CON_ID 14 */
		    18 Query	INSERT INTO transforms.insert_select_22992  SELECT * FROM INFORMATION_SCHEMA.`PARTITIONS` AS table1 WHERE ( table1.`PARTITION_METHOD` LIKE 'wait/synch/mutex/%' AND table1.`CHECK_TIME` > 2) HAVING table1.`PARTITION_EXPRESSION` <> '2016-02-26 15:02:09.029678' IS NULL ORDER BY table1.`DATA_LENGTH` LIMIT 203 /* QNO 1446 CON_ID 18 */  /* QNO 1453 CON_ID 18 */
		    14 Query	REVOKE ALL PRIVILEGES ON t.* FROM 'someuser'@'somehost' /* QNO 3045 CON_ID 14 */
		    14 Query	DROP DATABASE IF EXISTS p /* QNO 3046 CON_ID 14 */
		    14 Query	CREATE PROCEDURE j ( OUT c INT, OUT g INT, OUT i INT ) BEGIN SELECT COUNT(*) INTO @a FROM `A`; END ; /* QNO 3047 CON_ID 14 */
		    14 Query	CREATE TRIGGER s BEFORE INSERT ON `C` FOR EACH ROW BEGIN INSERT INTO `DD` SELECT * FROM `D` LIMIT 0 ; END ; /* QNO 3048 CON_ID 14 */
		    14 Query	CREATE OR REPLACE VIEW v AS SELECT * FROM `DD` /* QNO 3049 CON_ID 14 */
		    14 Query	CREATE TRIGGER t BEFORE INSERT ON `CC` FOR EACH ROW BEGIN INSERT INTO `D` SELECT * FROM `D` LIMIT 0 ; END ; /* QNO 3050 CON_ID 14 */
		    14 Query	DROP TABLE n /* QNO 3051 CON_ID 14 */
		    14 Query	REVOKE ALL PRIVILEGES ON test.p FROM 'someuser'@'somehost' /* QNO 3052 CON_ID 14 */
		    14 Query	DROP PROCEDURE IF EXISTS f /* QNO 3053 CON_ID 14 */
		    14 Query	SHOW WARNINGS
		    14 Query	GRANT SUPER, SHOW DATABASES ON *.* to 'someuser'@'somehost' /* QNO 3054 CON_ID 14 */
		    14 Query	GRANT UPDATE ( `col_date_key`, `col_time_key` ), SELECT ( `col_varchar_key`, `col_int_nokey`, `col_date_nokey` ) ON `BB` TO 'someuser'@'somehost' /* QNO 3055 CON_ID 14 */
		    14 Query	CREATE EVENT c ON SCHEDULE AT NOW() DO SET @a=@a /* QNO 3056 CON_ID 14 */
		    17 Query	SELECT * FROM transforms.insert_select_22990 /* TRANSFORM_OUTCOME_UNORDERED_MATCH */ /* QNO 1236 CON_ID 17 */
		    17 Query	DELETE FROM transforms.insert_select_22990 /* QNO 1237 CON_ID 17 */
		    14 Query	ALTER TABLE `B` PARTITION BY KEY() PARTITIONS 0 /* QNO 3057 CON_ID 14 */
		    14 Query	REVOKE ALL PRIVILEGES ON test.x FROM 'someuser'@'somehost' /* QNO 3058 CON_ID 14 */
		    14 Query	DROP VIEW IF EXISTS s /* QNO 3059 CON_ID 14 */
		    14 Query	SHOW WARNINGS
		    14 Query	ALTER TABLE `C` ADD COLUMN z INTEGER DEFAULT NULL /* QNO 3060 CON_ID 14 */
		    17 Query	INSERT INTO transforms.insert_select_22990 SELECT START_VALUE, MAXIMUM_VALUE FROM seq2 /* QNO 1231 CON_ID 17 */  /* QNO 1238 CON_ID 17 */
		    14 Query	CREATE TABLE o LIKE `DD` /* QNO 3061 CON_ID 14 */
		    14 Query	ALTER TABLE `CC` PARTITION BY KEY() PARTITIONS 3 /* QNO 3062 CON_ID 14 */
		    14 Query	GRANT UPDATE ( `col_int_nokey` ) ON `BB` TO 'someuser'@'somehost' /* QNO 3063 CON_ID 14 */
		    14 Query	DROP TABLE w /* QNO 3064 CON_ID 14 */
		    17 Query	SELECT * FROM transforms.insert_select_22990 /* TRANSFORM_OUTCOME_UNORDERED_MATCH */ /* QNO 1239 CON_ID 17 */
		    14 Query	ALTER TABLE `E` PARTITION BY KEY() PARTITIONS 5 /* QNO 3065 CON_ID 14 */
		    17 Query	DELETE FROM transforms.insert_select_22990 /* QNO 1240 CON_ID 17 */
		    15 Query	SELECT * FROM transforms.insert_select_22986 /* TRANSFORM_OUTCOME_UNORDERED_MATCH */ /* QNO 1625 CON_ID 15 */
		    17 Query	REPLACE INTO transforms.insert_select_22990 SELECT START_VALUE, MAXIMUM_VALUE FROM seq2 /* QNO 1231 CON_ID 17 */  /* QNO 1241 CON_ID 17 */
