		    15 Query	SHOW ENGINE PERFORMANCE_SCHEMA STATUS /* QNO 668 CON_ID 15 */
		    15 Query	ALTER TABLE `events_stages_summary_by_account_by_event_name` ADD SYSTEM VERSIONING /* QNO 669 CON_ID 15 */
		    15 Query	ALTER TABLE `events_waits_summary_global_by_event_name` /*!100301 WAIT 6 */ ENABLE KEYS /*!100307, ALGORITHM=INSTANT */, ADD PRIMARY KEY USING BTREE ( `EVENT_NAME` ), ALGORITHM=COPY, LOCK=SHARED  /* QNO 670 CON_ID 15 */
		    15 Query	INSERT INTO t10 (tscol3) VALUES ('m') /* QNO 671 CON_ID 15 */
		    15 Query	ALTER ONLINE TABLE `users` /*!100301 WAIT 0 */ ADD FOREIGN KEY (`TOTAL_CONNECTIONS`) REFERENCES users (`USER`), ADD CONSTRAINT b FOREIGN KEY ( `USER` ) REFERENCES `events_statements_history` (USER) ON DELETE SET NULL /*!100307, ALGORITHM=NOCOPY */  /* QNO 672 CON_ID 15 */
		    15 Query	FLUSH TABLES /* QNO 673 CON_ID 15 */
		    17 Query	/* GenTest::Transform::ExecuteAsUpdateDelete */ CREATE DATABASE IF NOT EXISTS transforms /* QNO 494 CON_ID 17 */
		    19 Query	UPDATE transforms.where_updatedelete_22994 SET `START_VALUE` = ( SELECT START_VALUE FROM seq3 /* QNO 547 CON_ID 19 */  ) + 9999 WHERE `START_VALUE` NOT IN ( SELECT START_VALUE FROM seq3 /* QNO 547 CON_ID 19 */  )  /* QNO 563 CON_ID 19 */
		    19 Query	SELECT IF((ROW_COUNT() = 0 OR ROW_COUNT() = -1), 1, 0) /* TRANSFORM_OUTCOME_SINGLE_INTEGER_ONE */ /* QNO 564 CON_ID 19 */
		    19 Query	SELECT * FROM transforms.where_updatedelete_22994 /* TRANSFORM_OUTCOME_UNORDERED_MATCH */ /* QNO 565 CON_ID 19 */
		    19 Query	UPDATE transforms.where_updatedelete_22994 SET `START_VALUE` = ( SELECT START_VALUE FROM seq3 /* QNO 547 CON_ID 19 */  ) WHERE `START_VALUE` IN ( SELECT START_VALUE FROM seq3 /* QNO 547 CON_ID 19 */  )  /* QNO 566 CON_ID 19 */
		    19 Query	SELECT IF((ROW_COUNT() = 1 OR ROW_COUNT() = -1), 1, 0) /* TRANSFORM_OUTCOME_SINGLE_INTEGER_ONE */ /* QNO 567 CON_ID 19 */
		    19 Query	SELECT * FROM transforms.where_updatedelete_22994 /* TRANSFORM_OUTCOME_UNORDERED_MATCH */ /* QNO 568 CON_ID 19 */
		    19 Query	DELETE FROM transforms.where_updatedelete_22994 WHERE `START_VALUE` IN ( SELECT START_VALUE FROM seq3 /* QNO 547 CON_ID 19 */  )  /* QNO 569 CON_ID 19 */
		    17 Query	SHOW WARNINGS
		    17 Query	DROP TABLE IF EXISTS transforms.where_updatedelete_22990 /* QNO 495 CON_ID 17 */
		    16 Query	INSERT INTO `tmp` SELECT * FROM B  /* QNO 422 CON_ID 16 */
		    16 Query	/* GenTest::Transform::ExecuteAsExecuteImmediate */ EXECUTE IMMEDIATE ' /* TRANSFORM_OUTCOME_UNORDERED_MATCH */ /* QNO 423 CON_ID 16 */
		    17 Query	SHOW WARNINGS
		    17 Query	CREATE TABLE transforms.where_updatedelete_22990 SELECT SETVAL(seq3, 49557) /* QNO 481 CON_ID 17 */  /* QNO 496 CON_ID 17 */
		    16 Query	DROP TEMPORARY TABLE IF EXISTS B  /* QNO 424 CON_ID 16 */
		    18 Query	SELECT * FROM transforms.insert_select_22992 /* TRANSFORM_OUTCOME_UNORDERED_MATCH */ /* QNO 549 CON_ID 18 */
		    18 Query	DELETE FROM transforms.insert_select_22992 /* QNO 550 CON_ID 18 */
		    16 Query	ALTER TABLE `tmp` RENAME TO B /* QNO 425 CON_ID 16 */
		    16 Query	UPDATE performance_schema.setup_consumers SET enabled = 'NO' WHERE name LIKE 'file%' /* QNO 426 CON_ID 16 */
		    19 Query	SELECT IF((ROW_COUNT() = 1 OR ROW_COUNT() = -1), 1, 0) /* TRANSFORM_OUTCOME_SINGLE_INTEGER_ONE */ /* QNO 570 CON_ID 19 */
		    16 Query	DROP TEMPORARY TABLE IF EXISTS `CC` /* QNO 427 CON_ID 16 */
		    16 Query	SHOW WARNINGS
		    19 Query	SELECT * FROM transforms.where_updatedelete_22994 /* TRANSFORM_OUTCOME_EMPTY_RESULT */ /* QNO 571 CON_ID 19 */
		    16 Query	SHOW ENGINE PERFORMANCE_SCHEMA STATUS /* QNO 428 CON_ID 16 */
		    16 Query	ALTER TABLE `AA` REMOVE PARTITIONING /* QNO 429 CON_ID 16 */
		    19 Query	DROP TABLE IF EXISTS transforms.where_updatedelete_22994 /* QNO 572 CON_ID 19 */
		    16 Query	SELECT * FROM performance_schema.`events_statements_summary_by_account_by_event_name` AS table1 HAVING NOT table1.`SUM_NO_INDEX_USED` <> 'g' LIMIT 122 /* QNO 430 CON_ID 16 */
		    18 Query	INSERT INTO transforms.insert_select_22992  SELECT * FROM mysql.`innodb_index_stats` AS table1 WHERE NOT (NOT table1.`database_name` > table1.`database_name` OR table1.`index_name` > table1.`stat_name`) HAVING NOT table1.`index_name` <> 'ah' LIMIT 102 /* QNO 544 CON_ID 18 */  /* QNO 551 CON_ID 18 */
		    18 Query	SELECT * FROM transforms.insert_select_22992 /* TRANSFORM_OUTCOME_UNORDERED_MATCH */ /* QNO 552 CON_ID 18 */
		    18 Query	DELETE FROM transforms.insert_select_22992 /* QNO 553 CON_ID 18 */
		    16 Query	SHOW WARNINGS
		    18 Query	REPLACE INTO transforms.insert_select_22992  SELECT * FROM mysql.`innodb_index_stats` AS table1 WHERE NOT (NOT table1.`database_name` > table1.`database_name` OR table1.`index_name` > table1.`stat_name`) HAVING NOT table1.`index_name` <> 'ah' LIMIT 102 /* QNO 544 CON_ID 18 */  /* QNO 554 CON_ID 18 */
		    18 Query	SELECT * FROM transforms.insert_select_22992 /* TRANSFORM_OUTCOME_UNORDERED_MATCH */ /* QNO 555 CON_ID 18 */
		    18 Query	DROP TABLE transforms.insert_select_22992 /* QNO 556 CON_ID 18 */
		    16 Query	INSERT INTO `setup_consumers` ( `pk` ) VALUES (NULL) /* QNO 431 CON_ID 16 */
		    16 Query	ALTER TABLE `events_waits_summary_by_instance` ADD CONSTRAINT FOREIGN KEY t (`COUNT_STAR`) REFERENCES events_waits_summary_by_instance (`MIN_TIMER_WAIT`) ON DELETE CASCADE ON UPDATE SET DEFAULT, ALGORITHM=DEFAULT  /* QNO 432 CON_ID 16 */
		    14 Query	CREATE EVENT s ON SCHEDULE AT NOW() DO SET @a=@a /* QNO 862 CON_ID 14 */
		    16 Query	SET SQL_MODE= '' /* QNO 433 CON_ID 16 */
		    14 Query	ALTER TABLE `CC` DROP KEY h /* QNO 863 CON_ID 14 */
		    14 Query	DROP DATABASE IF EXISTS y /* QNO 864 CON_ID 14 */
		    16 Query	DELETE HISTORY FROM `table_io_waits_summary_by_index_usage` BEFORE SYSTEM_TIME @trx_user_var /* QNO 434 CON_ID 16 */
		    16 Query	ALTER TABLE t7 CHANGE COLUMN IF EXISTS vcol4 geocol2 MULTIPOLYGON NOT NULL /*!100303 INVISIBLE */, ALGORITHM=INPLACE, ADD ( geocol1 MULTILINESTRING /*!100201 CHECK (ncol9 < `MIN_TIMER_INSERT`) */ ), ALGORITHM=COPY, LOCK=DEFAULT, DROP PRIMARY KEY, ADD PRIMARY KEY(ecol9), ALGORITHM=DEFAULT, LOCK=DEFAULT  /* QNO 435 CON_ID 16 */
		    16 Query	ALTER TABLE `mutex_instances` /*!100301 */ ADD PRIMARY KEY USING BTREE ( `NAME`(60) )  /* QNO 436 CON_ID 16 */
		    16 Query	SELECT * from t7 WHERE row_end IN (SELECT row_end FROM `events_waits_summary_by_thread_by_event_name`) /* QNO 437 CON_ID 16 */
		    14 Query	ALTER TABLE `DD` PARTITION BY KEY() PARTITIONS 3 /* QNO 865 CON_ID 14 */
		    14 Query	ALTER TABLE `CC` DROP KEY z /* QNO 866 CON_ID 14 */
		    16 Query	SELECT * from t1 WHERE row_start IN (SELECT row_start FROM t8) /* QNO 438 CON_ID 16 */
		    14 Query	ALTER TABLE `DD` DROP KEY c /* QNO 867 CON_ID 14 */
		    14 Query	ALTER TABLE `D` ADD KEY ( e ) /* QNO 868 CON_ID 14 */
		    16 Query	CREATE OR REPLACE TEMPORARY TABLE `tmp` LIKE BB  /* QNO 439 CON_ID 16 */
		    19 Query	UNLOCK TABLES /* QNO 573 CON_ID 19 */
		    19 Query	SELECT * FROM test.`CC` AS table1 ORDER BY table1.`col_varchar_nokey` LIMIT 25 /* QNO 574 CON_ID 19 */
		    19 Query	SELECT PREVIOUS VALUE FOR seq3 /* QNO 575 CON_ID 19 */
		    17 Query	UPDATE transforms.where_updatedelete_22990 SET `SETVAL(seq3, 49557)` = ( SELECT SETVAL(seq3, 49557) /* QNO 481 CON_ID 17 */  ) + 9999 WHERE `SETVAL(seq3, 49557)` NOT IN ( SELECT SETVAL(seq3, 49557) /* QNO 481 CON_ID 17 */  )  /* QNO 497 CON_ID 17 */
		    19 Query	/* GenTest::Transform::ExecuteAsExecuteImmediate */ EXECUTE IMMEDIATE 'SELECT PREVIOUS VALUE FOR seq3 /* QNO 575 CON_ID 19 */ ' /* TRANSFORM_OUTCOME_UNORDERED_MATCH */ /* QNO 576 CON_ID 19 */
		    19 Prepare	SELECT PREVIOUS VALUE FOR seq3 /* QNO 575 CON_ID 19 */
		    19 Execute	SELECT PREVIOUS VALUE FOR seq3 /* QNO 575 CON_ID 19 */
		    17 Query	SELECT IF((ROW_COUNT() = 0 OR ROW_COUNT() = -1), 1, 0) /* TRANSFORM_OUTCOME_SINGLE_INTEGER_ONE */ /* QNO 498 CON_ID 17 */
		    17 Query	SELECT * FROM transforms.where_updatedelete_22990 /* TRANSFORM_OUTCOME_UNORDERED_MATCH */ /* QNO 499 CON_ID 17 */
		    19 Query	/* GenTest::Transform::ExecuteAsInsertSelect */ CREATE DATABASE IF NOT EXISTS transforms /* QNO 577 CON_ID 19 */
		    17 Query	UPDATE transforms.where_updatedelete_22990 SET `SETVAL(seq3, 49557)` = ( SELECT SETVAL(seq3, 49557) /* QNO 481 CON_ID 17 */  ) WHERE `SETVAL(seq3, 49557)` IN ( SELECT SETVAL(seq3, 49557) /* QNO 481 CON_ID 17 */  )  /* QNO 500 CON_ID 17 */
		    17 Query	SELECT IF((ROW_COUNT() = 1 OR ROW_COUNT() = -1), 1, 0) /* TRANSFORM_OUTCOME_SINGLE_INTEGER_ONE */ /* QNO 501 CON_ID 17 */
		    17 Query	SELECT * FROM transforms.where_updatedelete_22990 /* TRANSFORM_OUTCOME_UNORDERED_MATCH */ /* QNO 502 CON_ID 17 */
		    17 Query	DELETE FROM transforms.where_updatedelete_22990 WHERE `SETVAL(seq3, 49557)` IN ( SELECT SETVAL(seq3, 49557) /* QNO 481 CON_ID 17 */  )  /* QNO 503 CON_ID 17 */
		    17 Query	SELECT IF((ROW_COUNT() = 1 OR ROW_COUNT() = -1), 1, 0) /* TRANSFORM_OUTCOME_SINGLE_INTEGER_ONE */ /* QNO 504 CON_ID 17 */
		    17 Query	SELECT * FROM transforms.where_updatedelete_22990 /* TRANSFORM_OUTCOME_EMPTY_RESULT */ /* QNO 505 CON_ID 17 */
		    17 Query	DROP TABLE IF EXISTS transforms.where_updatedelete_22990 /* QNO 506 CON_ID 17 */
		    19 Query	SHOW WARNINGS
		    18 Query	ALTER TABLE t1 PARTITION BY system_time LIMIT 34621 ( PARTITION ver_p1 HISTORY, PARTITION ver_p2 HISTORY, PARTITION ver_pn CURRENT ) /* QNO 557 CON_ID 18 */
		    19 Query	DROP TABLE IF EXISTS transforms.insert_select_22994 /* QNO 578 CON_ID 19 */
		    19 Query	SHOW WARNINGS
		    19 Query	CREATE TABLE transforms.insert_select_22994 SELECT PREVIOUS VALUE FOR seq3 /* QNO 575 CON_ID 19 */  /* QNO 579 CON_ID 19 */
		    18 Query	ALTER ONLINE IGNORE TABLE `innodb_index_stats` /*!100301 */ ADD IF NOT EXISTS `stat_value` VARCHAR(29761) DEFAULT '', ALGORITHM=DEFAULT, LOCK=NONE, ADD IF NOT EXISTS v VARBINARY(49227) DEFAULT NULL, LOCK=EXCLUSIVE  /* QNO 558 CON_ID 18 */
		    18 Query	TRUNCATE TABLE performance_schema.events_waits_history_long /* QNO 559 CON_ID 18 */
		    18 Query	DELETE FROM `time_zone_transition` WHERE `Transition_type_id` >= 'hy' LIMIT 2 /* QNO 560 CON_ID 18 */
		    18 Query	INSERT INTO `func` ( `pk` ) VALUES (NULL) /* QNO 561 CON_ID 18 */
		    18 Query	INSERT INTO `func` SELECT * FROM `servers` /* QNO 562 CON_ID 18 */
		    18 Query	INSERT INTO t14 () VALUES (),() /* QNO 563 CON_ID 18 */
		    16 Query	INSERT INTO `tmp` SELECT * FROM BB  /* QNO 440 CON_ID 16 */
		    16 Query	/* GenTest::Transform::ExecuteAsExecuteImmediate */ EXECUTE IMMEDIATE ' INSERT INTO `tmp` SELECT * FROM BB  /* QNO 440 CON_ID 16 */ ' /* TRANSFORM_OUTCOME_UNORDERED_MATCH */ /* QNO 441 CON_ID 16 */
		    16 Prepare	INSERT INTO `tmp` SELECT * FROM BB  /* QNO 440 CON_ID 16 */
		    16 Execute	INSERT INTO `tmp` SELECT * FROM BB  /* QNO 440 CON_ID 16 */
		    16 Query	DROP TEMPORARY TABLE IF EXISTS BB  /* QNO 442 CON_ID 16 */
		    16 Query	SHOW WARNINGS
		    16 Query	ALTER TABLE `tmp` RENAME TO BB /* QNO 443 CON_ID 16 */
		    16 Query	UPDATE `events_statements_summary_by_thread_by_event_name` SET `SUM_SORT_SCAN` = '2007-12-08 05:42:49.043029' WHERE `MAX_TIMER_WAIT` >= '2025-09-17 10:37:22.004100' /* QNO 444 CON_ID 16 */
		    16 Query	DROP TEMPORARY TABLE IF EXISTS `socket_summary_by_instance` /* QNO 445 CON_ID 16 */
		    16 Query	SHOW WARNINGS
		    16 Query	ALTER TABLE `rwlock_instances` /*!100301 WAIT 8 */ MODIFY IF EXISTS l MULTILINESTRING /*!100201 DEFAULT ST_GEOMFROMTEXT('Point(1 1)') */, LOCK=NONE  /* QNO 446 CON_ID 16 */
		    16 Query	TRUNCATE TABLE t8 /* QNO 447 CON_ID 16 */
		    15 Query	CREATE OR REPLACE TEMPORARY TABLE `tmp` LIKE B  /* QNO 674 CON_ID 15 */
		    16 Query	SET SQL_MODE= '' /* QNO 448 CON_ID 16 */
		    16 Query	INSERT INTO `events_waits_summary_by_account_by_event_name` SELECT * FROM `threads` /* QNO 449 CON_ID 16 */
		    16 Query	INSERT INTO t18 ( ecol6 ) SELECT scol3 FROM t8 /* QNO 450 CON_ID 16 */
		    16 Query	SET SESSION SQL_MODE= DEFAULT /* QNO 451 CON_ID 16 */
		    16 Query	DELETE FROM t6 LIMIT 3 /* QNO 452 CON_ID 16 */
		    17 Query	SHOW ENGINE PERFORMANCE_SCHEMA STATUS /* QNO 507 CON_ID 17 */
		    17 Query	UNLOCK TABLES /* QNO 508 CON_ID 17 */
		    17 Query	UNLOCK TABLES /* QNO 509 CON_ID 17 */
		    17 Query	SHOW ENGINE PERFORMANCE_SCHEMA STATUS /* QNO 510 CON_ID 17 */
		    17 Query	ALTER IGNORE TABLE `host_cache` /*!100301 NOWAIT */ CHANGE IF EXISTS `COUNT_DEFAULT_DATABASE_ERRORS` `COUNT_UNKNOWN_ERRORS` TEXT DEFAULT 'n' AFTER `COUNT_PROXY_USER_ERRORS`, CHANGE COLUMN `COUNT_MAX_USER_CONNECTIONS_PER_HOUR_ERRORS` p POINT NOT NULL /*!100201 DEFAULT ST_GEOMFROMTEXT('Point(1 1)') */  /* QNO 511 CON_ID 17 */
		    18 Query	UPDATE performance_schema.setup_consumers SET enabled = 'YES' WHERE name LIKE 'file%' /* QNO 564 CON_ID 18 */
		    17 Query	UPDATE `events_stages_summary_by_thread_by_event_name` SET `AVG_TIMER_WAIT` = 'l' WHERE `SUM_TIMER_WAIT` != 3 /* QNO 512 CON_ID 17 */
		    18 Query	SELECT * FROM `time_zone` INTO OUTFILE 'load_time_zone'  /* QNO 565 CON_ID 18 */
		    18 Query	LOAD DATA INFILE 'load_time_zone' REPLACE INTO TABLE time_zone /* QNO 566 CON_ID 18 */
		    18 Query	UNLOCK TABLES /* QNO 567 CON_ID 18 */
		    17 Query	ALTER ONLINE IGNORE TABLE `events_statements_summary_global_by_event_name` /*!100301 */ CHANGE IF EXISTS x `SUM_CREATED_TMP_DISK_TABLES` TIME AS ( `EVENT_NAME` ) /*!100307, ALGORITHM=INSTANT */  /* QNO 513 CON_ID 17 */
		    17 Query	ALTER TABLE `events_statements_summary_by_user_by_event_name` DROP FOREIGN KEY i, ALGORITHM=INPLACE, LOCK=SHARED /* QNO 514 CON_ID 17 */
		    18 Query	ALTER TABLE t2 /*!100301 WAIT 2 */ ADD CONSTRAINT CHECK (tcol6 <= 5), RENAME TO t5, MODIFY COLUMN IF EXISTS scol6 TEXT NULL DEFAULT NULL /*!100307, ALGORITHM=INSTANT */, LOCK=NONE  /* QNO 568 CON_ID 18 */
		    17 Query	INSERT INTO `events_waits_summary_by_user_by_event_name` ( `pk` ) VALUES (NULL) /* QNO 515 CON_ID 17 */
		    18 Query	SELECT * from `time_zone_transition` WHERE row_start IN (SELECT row_start FROM t10) /* QNO 569 CON_ID 18 */
		    17 Query	DROP TEMPORARY TABLE IF EXISTS `threads` /* QNO 516 CON_ID 17 */
		    17 Query	SHOW WARNINGS
		    17 Query	UPDATE `events_stages_summary_by_thread_by_event_name` SET `AVG_TIMER_WAIT` = 'a' WHERE `AVG_TIMER_WAIT` < '2000-06-06 00:57:24.010941' /* QNO 517 CON_ID 17 */
		    18 Query	ALTER TABLE `time_zone_name` /*!100301 */ ADD UNIQUE b ( o ), ALGORITHM=DEFAULT  /* QNO 570 CON_ID 18 */
		    17 Query	ALTER TABLE `events_statements_summary_by_thread_by_event_name` ADD CONSTRAINT FOREIGN KEY (`COUNT_STAR`) REFERENCES events_statements_summary_by_thread_by_event_name (`MIN_TIMER_WAIT`), ADD CONSTRAINT a FOREIGN KEY f ( `SUM_NO_INDEX_USED` ) REFERENCES `events_statements_summary_by_digest` (SUM_NO_INDEX_USED) ON DELETE RESTRICT, ALGORITHM=COPY, LOCK=DEFAULT /* QNO 518 CON_ID 17 */
		    18 Query	SELECT * FROM performance_schema.`rwlock_instances` AS table1 HAVING (NOT ( table1.`OBJECT_INSTANCE_BEGIN` <= 6 OR table1.`OBJECT_INSTANCE_BEGIN` = 'y') AND table1.`READ_LOCKED_BY_COUNT` < '2023-10-08 03:30:33.026655') ORDER BY table1.`NAME`, table1.`OBJECT_INSTANCE_BEGIN` LIMIT 205 /* QNO 571 CON_ID 18 */
		    17 Query	SELECT * FROM test.`AA` AS table1 WHERE NOT (NOT ( (NOT ( table1.`col_date_nokey` LIKE 'wait/synch/cond%' AND table1.`pk` <> table1.`col_datetime_nokey`) AND table1.`col_datetime_nokey` >= 7) OR table1.`col_time_nokey` <> 'da') AND table1.`col_time_key` <> table1.`col_varchar_key`) HAVING ( ( table1.`pk` > '2031-07-23 16:29:42.043049' OR table1.`pk` > 'ax') OR table1.`col_datetime_key` >= 0) ORDER BY table1.`pk` LIMIT 26 /* QNO 519 CON_ID 17 */
		    17 Query	RENAME TABLE seq6 TO seq8 /* QNO 520 CON_ID 17 */
		    17 Query	SHOW ENGINE PERFORMANCE_SCHEMA STATUS /* QNO 521 CON_ID 17 */
		    17 Query	FLUSH PRIVILEGES, QUERY CACHE /* QNO 522 CON_ID 17 */
		    18 Query	SHOW WARNINGS
		    18 Query	SELECT NEXT VALUE FOR seq3 /* QNO 572 CON_ID 18 */
		    18 Query	/* GenTest::Transform::ExecuteAsExecuteImmediate */ EXECUTE IMMEDIATE 'SELECT NEXT VALUE FOR seq3 /* QNO 572 CON_ID 18 */ ' /* TRANSFORM_OUTCOME_UNORDERED_MATCH */ /* QNO 573 CON_ID 18 */
		    18 Prepare	SELECT NEXT VALUE FOR seq3 /* QNO 572 CON_ID 18 */
		    18 Execute	SELECT NEXT VALUE FOR seq3 /* QNO 572 CON_ID 18 */
		    18 Query	/* GenTest::Transform::ExecuteAsInsertSelect */ CREATE DATABASE IF NOT EXISTS transforms /* QNO 574 CON_ID 18 */
		    17 Query	SELECT * FROM INFORMATION_SCHEMA.`PARTITIONS` AS table1 WHERE table1.`DATA_LENGTH` <> '1989-11-22 08:20:27.026618' HAVING NOT ( (table1.`SUBPARTITION_ORDINAL_POSITION` < 'xt' IS NULL OR table1.`CHECKSUM` != 't') OR table1.`MAX_DATA_LENGTH` <> 5) LIMIT 236 /* QNO 523 CON_ID 17 */
		    16 Query	SELECT PREVIOUS VALUE FOR seq7 /* QNO 453 CON_ID 16 */
		    16 Query	CREATE OR REPLACE TEMPORARY TABLE `tmp` LIKE D  /* QNO 454 CON_ID 16 */
		    15 Query	INSERT INTO `tmp` SELECT * FROM B  /* QNO 675 CON_ID 15 */
		    15 Query	/* GenTest::Transform::ExecuteAsExecuteImmediate */ EXECUTE IMMEDIATE ' /* TRANSFORM_OUTCOME_UNORDERED_MATCH */ /* QNO 676 CON_ID 15 */
		    15 Query	DROP TEMPORARY TABLE IF EXISTS B  /* QNO 677 CON_ID 15 */
		    18 Query	SHOW WARNINGS
		    18 Query	DROP TABLE IF EXISTS transforms.insert_select_22992 /* QNO 575 CON_ID 18 */
		    18 Query	SHOW WARNINGS
		    18 Query	CREATE TABLE transforms.insert_select_22992 SELECT NEXT VALUE FOR seq3 /* QNO 572 CON_ID 18 */  /* QNO 576 CON_ID 18 */
		    19 Query	SELECT * FROM transforms.insert_select_22994 /* TRANSFORM_OUTCOME_UNORDERED_MATCH */ /* QNO 580 CON_ID 19 */
		    19 Query	DELETE FROM transforms.insert_select_22994 /* QNO 581 CON_ID 19 */
		    19 Query	INSERT INTO transforms.insert_select_22994 SELECT PREVIOUS VALUE FOR seq3 /* QNO 575 CON_ID 19 */  /* QNO 582 CON_ID 19 */
		    19 Query	SELECT * FROM transforms.insert_select_22994 /* TRANSFORM_OUTCOME_UNORDERED_MATCH */ /* QNO 583 CON_ID 19 */
		    19 Query	DELETE FROM transforms.insert_select_22994 /* QNO 584 CON_ID 19 */
		    16 Query	INSERT INTO `tmp` SELECT * FROM D  /* QNO 455 CON_ID 16 */
		    14 Query	GRANT ALL PRIVILEGES ON h.* TO 'someuser'@'somehost' /* QNO 869 CON_ID 14 */
		    14 Query	DROP DATABASE IF EXISTS t /* QNO 870 CON_ID 14 */
		    14 Query	SHOW WARNINGS
		    14 Query	CREATE OR REPLACE VIEW d AS SELECT * FROM `B` /* QNO 871 CON_ID 14 */
		    15 Query	ALTER TABLE `tmp` RENAME TO B /* QNO 678 CON_ID 15 */
		    15 Query	DELETE FROM `host_cache` WHERE `COUNT_FORMAT_ERRORS` = 2 LIMIT 3 /* QNO 679 CON_ID 15 */
		    15 Query	DROP TABLE IF EXISTS t3 /* QNO 680 CON_ID 15 */
		    19 Query	REPLACE INTO transforms.insert_select_22994 SELECT PREVIOUS VALUE FOR seq3 /* QNO 575 CON_ID 19 */  /* QNO 585 CON_ID 19 */
		    15 Query	SHOW WARNINGS
		    15 Query	ALTER ONLINE TABLE `events_waits_summary_by_thread_by_event_name` DELAY_KEY_WRITE = 1, DROP COLUMN IF EXISTS tscol10 /*!100307, ALGORITHM=NOCOPY */, LOCK=SHARED  /* QNO 681 CON_ID 15 */
		    15 Query	SHOW PROCEDURE STATUS  /* QNO 682 CON_ID 15 */
		    15 Query	INSERT INTO t3 () VALUES () /* QNO 683 CON_ID 15 */
		    15 Query	ALTER TABLE `host_cache` /*!100301 */ ADD CONSTRAINT t UNIQUE w ( `COUNT_NAMEINFO_PERMANENT_ERRORS` DESC ), DROP INDEX IF EXISTS `COUNT_NO_AUTH_PLUGIN_ERRORS`, LOCK=EXCLUSIVE  /* QNO 684 CON_ID 15 */
		    15 Query	UNLOCK TABLES /* QNO 685 CON_ID 15 */
		    15 Query	ALTER IGNORE TABLE `events_stages_summary_global_by_event_name` ADD FOREIGN KEY x ( `EVENT_NAME`, `AVG_TIMER_WAIT` ) REFERENCES `events_waits_summary_by_thread_by_event_name` (EVENT_NAME,AVG_TIMER_WAIT), ALGORITHM=COPY  /* QNO 686 CON_ID 15 */
		    15 Query	INSERT INTO `table_io_waits_summary_by_index_usage` SELECT * FROM `events_waits_summary_by_thread_by_event_name` /* QNO 687 CON_ID 15 */
		    15 Query	SET SQL_MODE= '' /* QNO 688 CON_ID 15 */
		    15 Query	INSERT INTO `users` (tscol6) VALUES (NULL),(5),(3) /* QNO 689 CON_ID 15 */
		    14 Query	CREATE TABLE f LIKE `CC` /* QNO 872 CON_ID 14 */
		    14 Query	ALTER TABLE `AA` DROP COLUMN x /* QNO 873 CON_ID 14 */
		    14 Query	REVOKE ALL PRIVILEGES ON d.* FROM 'someuser'@'somehost' /* QNO 874 CON_ID 14 */
		    19 Query	SELECT * FROM transforms.insert_select_22994 /* TRANSFORM_OUTCOME_UNORDERED_MATCH */ /* QNO 586 CON_ID 19 */
		    14 Query	CREATE EVENT t ON SCHEDULE AT NOW() DO SET @a=@a /* QNO 875 CON_ID 14 */
		    19 Query	DROP TABLE transforms.insert_select_22994 /* QNO 587 CON_ID 19 */
		    14 Query	CREATE DATABASE IF NOT EXISTS y /* QNO 876 CON_ID 14 */
		    14 Query	DROP TABLE s /* QNO 877 CON_ID 14 */
		    14 Query	ALTER TABLE `C` ADD KEY ( m ) /* QNO 878 CON_ID 14 */
		    15 Query	DROP TABLE IF EXISTS tmp_rename_22986  /* QNO 690 CON_ID 15 */
		    15 Query	SHOW WARNINGS
		    15 Query	RENAME TABLE t1 TO tmp_rename_22986, tmp_rename_22986 TO t1 /* QNO 691 CON_ID 15 */
		    15 Query	CREATE OR REPLACE TABLE `setup_timers` (`NAME` TEXT NOT NULL DEFAULT '') ROW_FORMAT=DYNAMIC  /* QNO 692 CON_ID 15 */
		    14 Query	CREATE TABLE h LIKE `D` /* QNO 879 CON_ID 14 */
		    16 Query	/* GenTest::Transform::ExecuteAsExecuteImmediate */ EXECUTE IMMEDIATE ' /* TRANSFORM_OUTCOME_UNORDERED_MATCH */ /* QNO 456 CON_ID 16 */
		    16 Query	DROP TEMPORARY TABLE IF EXISTS D  /* QNO 457 CON_ID 16 */
		    18 Query	SELECT * FROM transforms.insert_select_22992 /* TRANSFORM_OUTCOME_UNORDERED_MATCH */ /* QNO 577 CON_ID 18 */
		    18 Query	DELETE FROM transforms.insert_select_22992 /* QNO 578 CON_ID 18 */
		    19 Query	SELECT * FROM `A` INTO OUTFILE 'load_A'  /* QNO 588 CON_ID 19 */
		    19 Query	SHOW WARNINGS
		    19 Query	LOAD DATA INFILE 'load_A' IGNORE INTO TABLE A /* QNO 589 CON_ID 19 */
		    18 Query	INSERT INTO transforms.insert_select_22992 SELECT NEXT VALUE FOR seq3 /* QNO 572 CON_ID 18 */  /* QNO 579 CON_ID 18 */
		    19 Query	UNLOCK TABLES /* QNO 590 CON_ID 19 */
		    19 Query	UPDATE `C` SET `col_varchar_nokey` = 1 WHERE `col_time_nokey` <= 2 /* QNO 591 CON_ID 19 */
		    19 Query	CREATE OR REPLACE SEQUENCE seq6 CACHE 70  /* QNO 592 CON_ID 19 */
		    16 Query	ALTER TABLE `tmp` RENAME TO D /* QNO 458 CON_ID 16 */
		    16 Query	SELECT * FROM `cond_instances` INTO OUTFILE 'load_cond_instances'  /* QNO 459 CON_ID 16 */
		    16 Query	LOAD DATA INFILE 'load_cond_instances' IGNORE INTO TABLE cond_instances /* QNO 460 CON_ID 16 */
		    16 Query	RESET QUERY CACHE /* QNO 461 CON_ID 16 */
		    16 Query	SELECT * FROM (performance_schema.`events_stages_history_long` AS table1 INNER JOIN mysql.`table_stats` AS table2 ON ( table2.`cardinality` = table1.`TIMER_START` ) ) WHERE ( (NOT ( table2.`db_name` LIKE 'wait/synch/cond%' OR table1.`THREAD_ID` <> table1.`NESTING_EVENT_ID`) AND table1.`EVENT_NAME` <= 0) OR table2.`table_name` > table1.`NESTING_EVENT_TYPE`) HAVING (NOT (NOT ( table2.`db_name` >= '2004-05-27 16:07:05.014055' AND table1.`EVENT_ID` < '1974-08-28 21:43:15.049797') AND table1.`EVENT_NAME` <> '2030-10-03 06:34:22.053482') AND table2.`cardinality` <> 7) LIMIT 189 /* QNO 462 CON_ID 16 */
		    16 Query	SHOW WARNINGS
		    16 Query	TRUNCATE TABLE performance_schema.events_waits_history /* QNO 463 CON_ID 16 */
		    18 Query	SELECT * FROM transforms.insert_select_22992 /* TRANSFORM_OUTCOME_UNORDERED_MATCH */ /* QNO 580 CON_ID 18 */
		    18 Query	DELETE FROM transforms.insert_select_22992 /* QNO 581 CON_ID 18 */
		    16 Query	SHOW EXPLAIN FOR 226 /* QNO 464 CON_ID 16 */
		    18 Query	REPLACE INTO transforms.insert_select_22992 SELECT NEXT VALUE FOR seq3 /* QNO 572 CON_ID 18 */  /* QNO 582 CON_ID 18 */
		    16 Query	ALTER TABLE t1 DROP INDEX ind7  /* QNO 465 CON_ID 16 */
		    16 Query	FLUSH STATUS /* QNO 466 CON_ID 16 */
		    16 Query	UPDATE performance_schema.setup_timers SET timer_name = 'NANOSECOND' /* QNO 467 CON_ID 16 */
		    16 Query	SELECT * FROM performance_schema.`events_stages_summary_by_thread_by_event_name` AS table1 WHERE (NOT ( ( ( (NOT ( (NOT ( ( (NOT (NOT (NOT table1.`MAX_TIMER_WAIT` < table1.`THREAD_ID` OR table1.`SUM_TIMER_WAIT` >= 7) OR table1.`SUM_TIMER_WAIT` LIKE 'wait/synch/rwlock%') OR table1.`AVG_TIMER_WAIT` IN ( 3, 6, 4 )) OR table1.`MIN_TIMER_WAIT` IN ( 4, 1, 8 )) OR table1.`THREAD_ID` > '1982-04-23 18:06:03.011902') AND table1.`AVG_TIMER_WAIT` = '1975-05-28 19:05:47.063665') AND table1.`SUM_TIMER_WAIT` LIKE '%mysys%') AND table1.`COUNT_STAR` LIKE '%sql%') AND table1.`EVENT_NAME` LIKE 'wait/synch%') OR table1.`SUM_TIMER_WAIT` != 'p') AND table1.`THREAD_ID` <> 'oe') OR table1.`EVENT_NAME` < '2035-10-22 03:37:46.023964') ORDER BY table1.`COUNT_STAR`, table1.`EVENT_NAME`, table1.`COUNT_STAR` LIMIT 153 /* QNO 468 CON_ID 16 */
		    18 Query	SELECT * FROM transforms.insert_select_22992 /* TRANSFORM_OUTCOME_UNORDERED_MATCH */ /* QNO 583 CON_ID 18 */
		    18 Query	DROP TABLE transforms.insert_select_22992 /* QNO 584 CON_ID 18 */
		    16 Query	SHOW WARNINGS
		    16 Query	SHOW CREATE TABLE seq8 /* QNO 469 CON_ID 16 */
		    16 Query	UPDATE performance_schema.setup_timers SET timer_name = 'CYCLE' /* QNO 470 CON_ID 16 */
		    15 Query	DROP TEMPORARY TABLE IF EXISTS `events_waits_summary_by_user_by_event_name` /* QNO 693 CON_ID 15 */
		    15 Query	SHOW WARNINGS
		    15 Query	SHOW ENGINE PERFORMANCE_SCHEMA STATUS /* QNO 694 CON_ID 15 */
		    15 Query	ALTER ONLINE IGNORE TABLE `events_waits_summary_by_host_by_event_name` /*!100301 */ MODIFY COLUMN IF EXISTS `HOST` BIGINT /*!100303 INVISIBLE */ /*!100307, ALGORITHM=INSTANT */  /* QNO 695 CON_ID 15 */
		    16 Query	SELECT * FROM test.`AA` AS table1 WHERE ( table1.`col_datetime_nokey` <= '1984-12-21 21:32:45.007603' OR table1.`col_int_key` LIKE 'wait/synch/rwlock%') HAVING table1.`col_date_key` < 'e' IS NULL ORDER BY table1.`col_datetime_nokey` LIMIT 185 /* QNO 471 CON_ID 16 */
		    15 Query	INSERT INTO `events_stages_current` () VALUES () /* QNO 696 CON_ID 15 */
		    15 Query	INSERT INTO t14 (ncol2) VALUES (NULL) /* QNO 697 CON_ID 15 */
		    19 Query	CREATE OR REPLACE TEMPORARY TABLE `tmp` LIKE BB  /* QNO 593 CON_ID 19 */
		    15 Query	ALTER TABLE `events_statements_current` ADD CONSTRAINT h CHECK (`END_EVENT_ID` <= ncol4), ADD CONSTRAINT FOREIGN KEY (ncol9) REFERENCES t7 (tcol2) ON DELETE SET DEFAULT  /* QNO 698 CON_ID 15 */
		    18 Query	/* GenTest::Transform::ExecuteAsUpdateDelete */ CREATE DATABASE IF NOT EXISTS transforms /* QNO 585 CON_ID 18 */
		    18 Query	SHOW WARNINGS
		    18 Query	DROP TABLE IF EXISTS transforms.where_updatedelete_22992 /* QNO 586 CON_ID 18 */
		    15 Query	SHOW ENGINE PERFORMANCE_SCHEMA STATUS /* QNO 699 CON_ID 15 */
		    16 Query	CREATE OR REPLACE TEMPORARY TABLE `tmp` LIKE C  /* QNO 472 CON_ID 16 */
		    18 Query	SHOW WARNINGS
		    18 Query	CREATE TABLE transforms.where_updatedelete_22992 SELECT NEXT VALUE FOR seq3 /* QNO 572 CON_ID 18 */  /* QNO 587 CON_ID 18 */
		    15 Query	ALTER IGNORE TABLE `users` /*!100301 */ DROP IF EXISTS o, LOCK=DEFAULT  /* QNO 700 CON_ID 15 */
		    15 Query	SHOW CREATE FUNCTION n /* QNO 701 CON_ID 15 */
		    15 Query	ALTER TABLE `events_waits_history_long` DROP COLUMN icol7, ALGORITHM=COPY, LOCK=NONE, ALTER COLUMN /*!100305 IF EXISTS */ ecol2 DROP DEFAULT /* QNO 702 CON_ID 15 */
		    15 Query	TRUNCATE TABLE performance_schema.events_waits_summary_by_event_name /* QNO 703 CON_ID 15 */
		    15 Query	UPDATE performance_schema.setup_consumers SET enabled = 'NO' WHERE name LIKE 'events%' /* QNO 704 CON_ID 15 */
		    15 Query	SHOW EXPLAIN FOR 55 /* QNO 705 CON_ID 15 */
		    15 Query	SELECT * FROM `events_statements_summary_by_host_by_event_name` INTO OUTFILE 'load_events_statements_summary_by_host_by_event_name'  /* QNO 706 CON_ID 15 */
		    15 Query	LOAD DATA INFILE 'load_events_statements_summary_by_host_by_event_name' IGNORE INTO TABLE events_statements_summary_by_host_by_event_name /* QNO 707 CON_ID 15 */
		    15 Query	SHOW EXPLAIN FOR 21 /* QNO 708 CON_ID 15 */
		    15 Query	INSERT INTO `events_stages_summary_by_thread_by_event_name` () VALUES () /* QNO 709 CON_ID 15 */
		    15 Query	SHOW CONTRIBUTORS /* QNO 710 CON_ID 15 */
		    15 Query	RESET QUERY CACHE /* QNO 711 CON_ID 15 */
		    15 Query	INSERT INTO seq9 VALUES (7336363792986537984, -55, 6668142198275440640, -62, 9, 215, 1, 1) /* QNO 712 CON_ID 15 */
		    15 Query	UPDATE performance_schema.setup_instruments SET TIMED = 'YES' ORDER BY RAND() LIMIT 7 /* QNO 713 CON_ID 15 */
		    15 Query	UPDATE performance_schema.setup_instruments SET ENABLED = 'YES' WHERE NAME LIKE 'wait/io%' /* QNO 714 CON_ID 15 */
		    15 Query	RENAME TABLE seq6 TO seq8, seq5 TO seq1, seq2 TO seq4, seq3 TO seq7 /* QNO 715 CON_ID 15 */
		    17 Query	SHOW WARNINGS
		    17 Query	ALTER ONLINE IGNORE TABLE `INNODB_CMP` /*!100301 */ ADD INDEX IF NOT EXISTS h USING BTREE ( `compress_ops_ok`(226), q(121) ) COMMENT 'pocket'  /* QNO 524 CON_ID 17 */
		    17 Query	SELECT * FROM performance_schema.`table_io_waits_summary_by_index_usage` AS table1 LIMIT 54 /* QNO 525 CON_ID 17 */
		    17 Query	/* GenTest::Transform::ExecuteAsExecuteImmediate */ EXECUTE IMMEDIATE ' SELECT * FROM performance_schema.`table_io_waits_summary_by_index_usage` AS table1 LIMIT 54 /* QNO 525 CON_ID 17 */ ' /* TRANSFORM_OUTCOME_UNORDERED_MATCH */ /* QNO 526 CON_ID 17 */
		    17 Prepare	SELECT * FROM performance_schema.`table_io_waits_summary_by_index_usage` AS table1 LIMIT 54 /* QNO 525 CON_ID 17 */
		    17 Execute	SELECT * FROM performance_schema.`table_io_waits_summary_by_index_usage` AS table1 LIMIT 54 /* QNO 525 CON_ID 17 */
		    17 Query	/* GenTest::Transform::ExecuteAsInsertSelect */ CREATE DATABASE IF NOT EXISTS transforms /* QNO 527 CON_ID 17 */
		    19 Query	INSERT INTO `tmp` SELECT * FROM BB  /* QNO 594 CON_ID 19 */
		    19 Query	/* GenTest::Transform::ExecuteAsExecuteImmediate */ EXECUTE IMMEDIATE ' INSERT INTO `tmp` SELECT * FROM BB  /* QNO 594 CON_ID 19 */ ' /* TRANSFORM_OUTCOME_UNORDERED_MATCH */ /* QNO 595 CON_ID 19 */
		    19 Prepare	INSERT INTO `tmp` SELECT * FROM BB  /* QNO 594 CON_ID 19 */
		    19 Execute	INSERT INTO `tmp` SELECT * FROM BB  /* QNO 594 CON_ID 19 */
		    19 Query	DROP TEMPORARY TABLE IF EXISTS BB  /* QNO 596 CON_ID 19 */
		    19 Query	SHOW WARNINGS
		    19 Query	ALTER TABLE `tmp` RENAME TO BB /* QNO 597 CON_ID 19 */
		    19 Query	ALTER IGNORE TABLE `DD` /*!100301 */ ADD UNIQUE INDEX z ( y ) /*!100307, ALGORITHM=INSTANT */, LOCK=EXCLUSIVE  /* QNO 598 CON_ID 19 */
		    19 Query	SHOW CREATE SEQUENCE seq8 /* QNO 599 CON_ID 19 */
		    19 Query	ALTER ONLINE IGNORE TABLE `B` /*!100301 WAIT 3 */ ADD IF NOT EXISTS n CHAR DEFAULT '', ALGORITHM=INPLACE  /* QNO 600 CON_ID 19 */
		    19 Query	UPDATE performance_schema.setup_consumers SET enabled = 'YES' WHERE name LIKE 'events%' /* QNO 601 CON_ID 19 */
		    19 Query	ALTER TABLE `CC` /*!100301 NOWAIT */ ADD KEY e ( o ), ALGORITHM=COPY, ADD INDEX IF NOT EXISTS ( h(121) DESC ) COMMENT 'vanish' /*!100307, ALGORITHM=INSTANT */  /* QNO 602 CON_ID 19 */
		    14 Query	REVOKE PROCESS, PROCESS, RELOAD, CREATE USER, CREATE USER ON *.* FROM 'someuser'@'somehost' /* QNO 880 CON_ID 14 */
		    14 Query	GRANT UPDATE ( `col_time_nokey` ) ON `B` TO 'someuser'@'somehost' /* QNO 881 CON_ID 14 */
		    14 Query	ALTER TABLE `D` PARTITION BY KEY() PARTITIONS 9 /* QNO 882 CON_ID 14 */
		    19 Query	FLUSH USER_RESOURCES /* QNO 603 CON_ID 19 */
		    19 Query	SHOW ENGINE PERFORMANCE_SCHEMA STATUS /* QNO 604 CON_ID 19 */
		    19 Query	SHOW ENGINE PERFORMANCE_SCHEMA STATUS /* QNO 605 CON_ID 19 */
		    19 Query	SHOW EXPLAIN FOR 198 /* QNO 606 CON_ID 19 */
		    19 Query	TRUNCATE TABLE performance_schema.events_waits_history /* QNO 607 CON_ID 19 */
		    19 Query	BEGIN /* QNO 608 CON_ID 19 */
		    19 Query	SELECT * from `D` WHERE row_start IN (SELECT row_start FROM t1) /* QNO 609 CON_ID 19 */
		    19 Query	ALTER IGNORE TABLE `BB` /*!100301 WAIT 0 */ ADD INDEX IF NOT EXISTS ind9 ( m(175), o(106) ASC, `col_datetime_nokey` )  /* QNO 610 CON_ID 19 */
		    19 Query	FLUSH NO_WRITE_TO_BINLOG STATUS, SLAVE /* QNO 611 CON_ID 19 */
		    19 Query	SET STATEMENT system_versioning_alter_history=KEEP FOR ALTER TABLE t9 DROP COLUMN IF EXISTS tcol4, ALGORITHM=INPLACE, DROP PRIMARY KEY, ADD COLUMN IF NOT EXISTS vcol1 INT AS ( `col_int_key` + 3 ) VIRTUAL, ALGORITHM=INPLACE, LOCK=SHARED, ENGINE=InnoDB, DROP PRIMARY KEY, ADD PERIOD FOR SYSTEM_TIME(`row_start`, `row_start`), DROP COLUMN tscol9, ADD SYSTEM VERSIONING /* QNO 612 CON_ID 19 */
		    16 Query	INSERT INTO `tmp` SELECT * FROM C  /* QNO 473 CON_ID 16 */
		    16 Query	/* GenTest::Transform::ExecuteAsExecuteImmediate */ EXECUTE IMMEDIATE ' /* TRANSFORM_OUTCOME_UNORDERED_MATCH */ /* QNO 474 CON_ID 16 */
		    16 Query	DROP TEMPORARY TABLE IF EXISTS C  /* QNO 475 CON_ID 16 */
		    16 Query	SHOW WARNINGS
		    19 Query	SELECT * FROM (INFORMATION_SCHEMA.`VIEWS` AS table1 INNER JOIN INFORMATION_SCHEMA.`SYSTEM_VARIABLES` AS table2 ON ( table2.`VARIABLE_NAME` = table1.`VIEW_DEFINITION` ) ) WHERE table2.`NUMERIC_MAX_VALUE` <> '1972-05-10 02:40:15.048030' HAVING ( ( (NOT (NOT ( table2.`NUMERIC_MAX_VALUE` > '2032-05-07 21:42:52.006478' AND table1.`COLLATION_CONNECTION` != '1972-12-24 03:10:49.055501') AND table2.`READ_ONLY` != 6) OR table2.`GLOBAL_VALUE_ORIGIN` < 't') OR table2.`NUMERIC_MAX_VALUE` <= 9) AND table2.`READ_ONLY` <= '2012-02-27 21:24:24.044206') ORDER BY table1.`TABLE_SCHEMA`, table2.`GLOBAL_VALUE`, table2.`VARIABLE_COMMENT`, table2.`VARIABLE_SCOPE` LIMIT 36 /* QNO 613 CON_ID 19 */
		    16 Query	ALTER TABLE `tmp` RENAME TO C /* QNO 476 CON_ID 16 */
		    16 Query	UNLOCK TABLES /* QNO 477 CON_ID 16 */
		    16 Query	SET SQL_MODE= DEFAULT /* QNO 478 CON_ID 16 */
		    16 Query	ALTER TABLE `D` /*!100301 */ CHANGE COLUMN IF EXISTS `pk` `col_time_nokey` SERIAL /*!100201 CHECK (t NOT LIKE 4) */, ALGORITHM=INPLACE, LOCK=EXCLUSIVE, MODIFY q DATE NOT NULL DEFAULT NULL /*!100307, ALGORITHM=NOCOPY */  /* QNO 479 CON_ID 16 */
		    16 Query	ALTER ONLINE TABLE `D` /*!100301 */ DROP KEY l, ALGORITHM=COPY, LOCK=NONE, DISABLE KEYS, ALGORITHM=COPY, LOCK=NONE, ADD CONSTRAINT r UNIQUE ind7 USING HASH ( `col_datetime_nokey` ) COMMENT 'data' KEY_BLOCK_SIZE = 38666, ALGORITHM=COPY  /* QNO 480 CON_ID 16 */
		    16 Query	SET GLOBAL SQL_MODE= DEFAULT /* QNO 481 CON_ID 16 */
		    14 Query	ALTER TABLE `C` REMOVE PARTITIONING /* QNO 883 CON_ID 14 */
		    14 Query	GRANT INSERT ( `col_int_key` ) ON `B` TO 'someuser'@'somehost' /* QNO 884 CON_ID 14 */
		    14 Query	DROP VIEW IF EXISTS i /* QNO 885 CON_ID 14 */
		    14 Query	SHOW WARNINGS
		    14 Query	DROP DATABASE IF EXISTS f /* QNO 886 CON_ID 14 */
		    16 Query	INSERT INTO `C` SELECT * FROM `DD` /* QNO 482 CON_ID 16 */
		    16 Query	INSERT INTO `B` SELECT * FROM `C` /* QNO 483 CON_ID 16 */
		    16 Query	/* GenTest::Transform::ExecuteAsExecuteImmediate */ EXECUTE IMMEDIATE ' /* TRANSFORM_OUTCOME_UNORDERED_MATCH */ /* QNO 484 CON_ID 16 */
		    16 Query	FLUSH NO_WRITE_TO_BINLOG USER_RESOURCES /* QNO 485 CON_ID 16 */
		    16 Query	LOCK TABLE `A` AS y READ  /* QNO 486 CON_ID 16 */
		    17 Query	SHOW WARNINGS
		    17 Query	DROP TABLE IF EXISTS transforms.insert_select_22990 /* QNO 528 CON_ID 17 */
		    16 Query	SELECT * FROM (performance_schema.`table_lock_waits_summary_by_table` AS table1 RIGHT JOIN performance_schema.`events_statements_current` AS table2 ON ( table2.`OBJECT_INSTANCE_BEGIN` = table1.`MIN_TIMER_READ_NORMAL` ) ) ORDER BY table2.`TIMER_START` LIMIT 13 /* QNO 487 CON_ID 16 */
		    17 Query	SHOW WARNINGS
		    16 Query	SHOW ENGINE PERFORMANCE_SCHEMA STATUS /* QNO 488 CON_ID 16 */
		    17 Query	CREATE TABLE transforms.insert_select_22990  SELECT * FROM performance_schema.`table_io_waits_summary_by_index_usage` AS table1 LIMIT 54 /* QNO 525 CON_ID 17 */  /* QNO 529 CON_ID 17 */
		    18 Query	UPDATE transforms.where_updatedelete_22992 SET `NEXT VALUE FOR seq3` = ( SELECT NEXT VALUE FOR seq3 /* QNO 572 CON_ID 18 */  ) + 9999 WHERE `NEXT VALUE FOR seq3` NOT IN ( SELECT NEXT VALUE FOR seq3 /* QNO 572 CON_ID 18 */  )  /* QNO 588 CON_ID 18 */
		    16 Query	ALTER ONLINE IGNORE TABLE `events_waits_current` /*!100301 WAIT 0 */ MODIFY IF EXISTS `EVENT_NAME` SET('foo','bar') GENERATED ALWAYS AS ( `TIMER_WAIT` ) VIRTUAL AFTER `TIMER_WAIT`, MODIFY COLUMN IF EXISTS d MULTILINESTRING NULL /*!100303 INVISIBLE */, LOCK=SHARED, MODIFY COLUMN IF EXISTS z SMALLINT NOT NULL, LOCK=EXCLUSIVE, ALTER COLUMN /*!100305 */ `EVENT_NAME` SET DEFAULT NULL /*!100307, ALGORITHM=NOCOPY */  /* QNO 489 CON_ID 16 */
		    16 Query	SHOW EXPLAIN FOR 167 /* QNO 490 CON_ID 16 */
		    16 Query	SELECT * FROM `accounts` INTO OUTFILE 'load_accounts'  /* QNO 491 CON_ID 16 */
		    16 Query	LOAD DATA INFILE 'load_accounts' REPLACE INTO TABLE accounts /* QNO 492 CON_ID 16 */
		    16 Query	SELECT * FROM test.`D` AS table1 WHERE (NOT (NOT table1.`col_varchar_key` <> 4 AND table1.`col_datetime_key` >= table1.`col_datetime_key`) OR table1.`col_varchar_nokey` = table1.`col_datetime_key`) ORDER BY table1.`col_varchar_key` LIMIT 50 /* QNO 493 CON_ID 16 */
		    16 Query	SET SESSION FOREIGN_KEY_CHECKS = OFF /* QNO 494 CON_ID 16 */
		    14 Query	DROP TABLE d /* QNO 887 CON_ID 14 */
		    16 Query	SELECT * FROM mysql.`event` AS table1 WHERE (NOT (NOT ( (NOT ( ( ( (NOT ( ( (NOT table1.`execute_at` IN ( 9, 0, 0 ) AND table1.`collation_connection` <> 6) AND table1.`character_set_client` != table1.`interval_value`) OR table1.`starts` < 'fg') OR table1.`db` LIKE 'wait/synch%') OR table1.`name` IN ( 8, 4, 1 )) AND table1.`modified` = 5) OR table1.`comment` <> 6) OR table1.`interval_value` <= table1.`time_zone`) AND table1.`time_zone` >= table1.`interval_value`) AND table1.`collation_connection` IN ( 9, 4, 6 )) AND table1.`execute_at` LIKE 'wait/io%') ORDER BY table1.`body`, table1.`execute_at`, table1.`time_zone`, table1.`character_set_client`, table1.`interval_value` LIMIT 110 /* QNO 495 CON_ID 16 */
		    16 Query	ALTER IGNORE TABLE `innodb_index_stats` /*!100301 NOWAIT */ MODIFY `stat_name` TIME NULL, ALGORITHM=COPY, LOCK=EXCLUSIVE, CHANGE COLUMN o `stat_name` VARCHAR(45976)  /* QNO 496 CON_ID 16 */
		    16 Query	ALTER IGNORE TABLE `time_zone_name` /*!100301 */ DROP KEY IF EXISTS ind4, LOCK=DEFAULT  /* QNO 497 CON_ID 16 */
		    16 Query	SET SQL_MODE= DEFAULT /* QNO 498 CON_ID 16 */
		    16 Query	INSERT INTO `procs_priv` () VALUES (),() /* QNO 499 CON_ID 16 */
		    16 Query	UPDATE performance_schema.setup_instruments SET TIMED = 'NO' ORDER BY RAND() LIMIT 6 /* QNO 500 CON_ID 16 */
		    16 Query	LOCK TABLE `time_zone_leap_second` READ, `procs_priv` LOW_PRIORITY WRITE, `proxies_priv` t WRITE CONCURRENT, `column_stats` WRITE CONCURRENT  /* QNO 501 CON_ID 16 */
		    16 Query	OPTIMIZE TABLE t6 /* QNO 502 CON_ID 16 */
		    14 Query	CREATE TABLE l LIKE `C` /* QNO 888 CON_ID 14 */
		    18 Query	SELECT IF((ROW_COUNT() = 0 OR ROW_COUNT() = -1), 1, 0) /* TRANSFORM_OUTCOME_SINGLE_INTEGER_ONE */ /* QNO 589 CON_ID 18 */
		    15 Query	INSERT INTO `events_waits_summary_by_thread_by_event_name` SELECT * FROM `users` /* QNO 716 CON_ID 15 */
		    18 Query	SELECT * FROM transforms.where_updatedelete_22992 /* TRANSFORM_OUTCOME_UNORDERED_MATCH */ /* QNO 590 CON_ID 18 */
		    15 Query	SHOW ENGINE PERFORMANCE_SCHEMA STATUS /* QNO 717 CON_ID 15 */
		    18 Query	UPDATE transforms.where_updatedelete_22992 SET `NEXT VALUE FOR seq3` = ( SELECT NEXT VALUE FOR seq3 /* QNO 572 CON_ID 18 */  ) WHERE `NEXT VALUE FOR seq3` IN ( SELECT NEXT VALUE FOR seq3 /* QNO 572 CON_ID 18 */  )  /* QNO 591 CON_ID 18 */
		    18 Query	SELECT IF((ROW_COUNT() = 1 OR ROW_COUNT() = -1), 1, 0) /* TRANSFORM_OUTCOME_SINGLE_INTEGER_ONE */ /* QNO 592 CON_ID 18 */
		    18 Query	SELECT * FROM transforms.where_updatedelete_22992 /* TRANSFORM_OUTCOME_UNORDERED_MATCH */ /* QNO 593 CON_ID 18 */
		    18 Query	DELETE FROM transforms.where_updatedelete_22992 WHERE `NEXT VALUE FOR seq3` IN ( SELECT NEXT VALUE FOR seq3 /* QNO 572 CON_ID 18 */  )  /* QNO 594 CON_ID 18 */
		    15 Query	ALTER TABLE `events_waits_summary_by_account_by_event_name` /*!100301 WAIT 5 */ CHANGE IF EXISTS `AVG_TIMER_WAIT` q POINT NOT NULL /*!100307, ALGORITHM=NOCOPY */, LOCK=NONE, CHANGE `EVENT_NAME` q BIGINT NULL, ALGORITHM=COPY  /* QNO 718 CON_ID 15 */
		    18 Query	SELECT IF((ROW_COUNT() = 1 OR ROW_COUNT() = -1), 1, 0) /* TRANSFORM_OUTCOME_SINGLE_INTEGER_ONE */ /* QNO 595 CON_ID 18 */
		    18 Query	SELECT * FROM transforms.where_updatedelete_22992 /* TRANSFORM_OUTCOME_EMPTY_RESULT */ /* QNO 596 CON_ID 18 */
		    18 Query	DROP TABLE IF EXISTS transforms.where_updatedelete_22992 /* QNO 597 CON_ID 18 */
		    15 Query	INSERT INTO `objects_summary_global_by_type` ( `pk` ) VALUES (NULL) /* QNO 719 CON_ID 15 */
		    15 Query	INSERT INTO `socket_summary_by_event_name` SELECT * FROM `events_waits_summary_by_instance` /* QNO 720 CON_ID 15 */
		    15 Query	LOCK TABLE `events_statements_summary_by_digest` READ /*!100300 WAIT 1 */ /* QNO 721 CON_ID 15 */
		    15 Query	ALTER TABLE t13 ADD COLUMN IF NOT EXISTS tscol10 DATETIME DEFAULT 0 AFTER tscol6, ALGORITHM=COPY  /* QNO 722 CON_ID 15 */
		    15 Query	INSERT INTO `table_io_waits_summary_by_index_usage` ( `pk` ) VALUES (NULL) /* QNO 723 CON_ID 15 */
		    15 Query	ALTER TABLE `cond_instances` /*!100301 WAIT 4 */ ADD COLUMN IF NOT EXISTS `NAME` INT NOT NULL DEFAULT 0 AFTER s, LOCK=DEFAULT, ALTER /*!100305 */ `OBJECT_INSTANCE_BEGIN` DROP DEFAULT, ALGORITHM=INPLACE, LOCK=DEFAULT  /* QNO 724 CON_ID 15 */
		    15 Query	SET STATEMENT system_versioning_alter_history=KEEP FOR ALTER TABLE t5 ADD SYSTEM VERSIONING /* QNO 725 CON_ID 15 */
		    21 Connect	root@localhost as anonymous on test
		    21 Query	SHOW FULL PROCESSLIST
		    21 Quit	
		    18 Query	DROP TEMPORARY TABLE IF EXISTS `events_statements_summary_global_by_event_name` /* QNO 598 CON_ID 18 */
		    18 Query	SHOW WARNINGS
		    18 Query	ALTER TABLE `users` ADD CONSTRAINT c FOREIGN KEY ( `TOTAL_CONNECTIONS` ) REFERENCES `file_summary_by_event_name` (TOTAL_CONNECTIONS), LOCK=DEFAULT /* QNO 599 CON_ID 18 */
		    18 Query	ALTER IGNORE TABLE `events_waits_summary_by_user_by_event_name` ADD FOREIGN KEY ( `SUM_TIMER_WAIT`, `MIN_TIMER_WAIT` ) REFERENCES `host_cache` (SUM_TIMER_WAIT,MIN_TIMER_WAIT), ADD CONSTRAINT FOREIGN KEY (`COUNT_NAMEINFO_TRANSIENT_ERRORS`) REFERENCES host_cache (`COUNT_MAX_USER_CONNECTIONS_ERRORS`), LOCK=DEFAULT /* QNO 600 CON_ID 18 */
		    18 Query	SHOW PROFILE LIMIT 39693,57651 /* QNO 601 CON_ID 18 */
		    18 Query	DROP TEMPORARY TABLE IF EXISTS `setup_objects` /* QNO 602 CON_ID 18 */
		    18 Query	SHOW WARNINGS
		    18 Query	FLUSH NO_WRITE_TO_BINLOG USER_RESOURCES, STATUS /* QNO 603 CON_ID 18 */
		    18 Query	TRUNCATE TABLE performance_schema.events_waits_history_long /* QNO 604 CON_ID 18 */
		    18 Query	SHOW EXPLAIN FOR 179 /* QNO 605 CON_ID 18 */
190122 13:39:45	    18 Query	ALTER TABLE `events_statements_current` /*!100301 */ ADD INDEX IF NOT EXISTS f ( i ) /*!100307, ALGORITHM=INSTANT */, LOCK=SHARED, DROP CONSTRAINT IF EXISTS e, ALGORITHM=DEFAULT, LOCK=DEFAULT  /* QNO 606 CON_ID 18 */
		    18 Query	ALTER IGNORE TABLE `host_cache` /*!100301 */ ADD IF NOT EXISTS ( w CHAR NOT NULL DEFAULT NULL, `FIRST_SEEN` BIGINT NOT NULL, `COUNT_PROXY_USER_ACL_ERRORS` POLYGON NOT NULL /*!100201 DEFAULT ST_GEOMFROMTEXT('Point(1 1)') */ /*!100201 CHECK (j = `COUNT_INIT_CONNECT_ERRORS`) */ ), CHANGE COLUMN `COUNT_AUTH_PLUGIN_ERRORS` h INT DEFAULT 0 AFTER c, LOCK=EXCLUSIVE, MODIFY IF EXISTS `COUNT_ADDRINFO_TRANSIENT_ERRORS` INT NOT NULL DEFAULT NULL /*!100201 CHECK (l <= 7) */ /*!100307, ALGORITHM=INSTANT */  /* QNO 607 CON_ID 18 */
		    18 Query	UPDATE performance_schema.setup_instruments SET ENABLED = 'YES' WHERE NAME LIKE 'wait/synch/mutex/%' /* QNO 608 CON_ID 18 */
		    18 Query	UNLOCK TABLES /* QNO 609 CON_ID 18 */
		    18 Query	CREATE OR REPLACE TEMPORARY TABLE `tmp` LIKE DD  /* QNO 610 CON_ID 18 */
		    18 Query	INSERT INTO `tmp` SELECT * FROM DD  /* QNO 611 CON_ID 18 */
		    18 Query	DROP TEMPORARY TABLE IF EXISTS DD  /* QNO 612 CON_ID 18 */
		    18 Query	SHOW WARNINGS
		    18 Query	ALTER TABLE `tmp` RENAME TO DD /* QNO 613 CON_ID 18 */
		    18 Query	SELECT * FROM `users` INTO OUTFILE 'load_users'  /* QNO 614 CON_ID 18 */
		    18 Query	LOAD DATA INFILE 'load_users' REPLACE INTO TABLE users /* QNO 615 CON_ID 18 */
		    18 Query	TRUNCATE TABLE performance_schema.events_waits_summary_by_event_name /* QNO 616 CON_ID 18 */
		    18 Query	TRUNCATE TABLE performance_schema.file_summary_by_event_name /* QNO 617 CON_ID 18 */
		    19 Query	/* GenTest::Transform::ExecuteAsExecuteImmediate */ EXECUTE IMMEDIATE ' SELECT * FROM (INFORMATION_SCHEMA.`VIEWS` AS table1 INNER JOIN INFORMATION_SCHEMA.`SYSTEM_VARIABLES` AS table2 ON ( table2.`VARIABLE_NAME` = table1.`VIEW_DEFINITION` ) ) WHERE table2.`NUMERIC_MAX_VALUE` <> \'1972-05-10 02:40:15.048030\' HAVING ( ( (NOT (NOT ( table2.`NUMERIC_MAX_VALUE` > \'2032-05-07 21:42:52.006478\' AND table1.`COLLATION_CONNECTION` != \'1972-12-24 03:10:49.055501\') AND table2.`READ_ONLY` != 6) OR table2.`GLOBAL_VALUE_ORIGIN` < \'t\') OR table2.`NUMERIC_MAX_VALUE` <= 9) AND table2.`READ_ONLY` <= \'2012-02-27 21:24:24.044206\') ORDER BY table1.`TABLE_SCHEMA`, table2.`GLOBAL_VALUE`, table2.`VARIABLE_COMMENT`, table2.`VARIABLE_SCOPE` LIMIT 36 /* QNO 613 CON_ID 19 */ ' /* TRANSFORM_OUTCOME_UNORDERED_MATCH */ /* QNO 614 CON_ID 19 */
		    18 Query	TRUNCATE TABLE performance_schema.events_waits_summary_by_instance /* QNO 618 CON_ID 18 */
		    16 Query	SHOW ENGINE PERFORMANCE_SCHEMA STATUS /* QNO 503 CON_ID 16 */
		    16 Query	UNLOCK TABLES /* QNO 504 CON_ID 16 */
		    16 Query	ALTER TABLE `procs_priv` /*!100301 */ DROP PRIMARY KEY, LOCK=EXCLUSIVE, ADD INDEX b ( `Db` ) COMMENT 'drop' /*!100307, ALGORITHM=INSTANT */, LOCK=SHARED  /* QNO 505 CON_ID 16 */
		    16 Query	SHOW CHARACTER SET  /* QNO 506 CON_ID 16 */
		    16 Query	DROP TEMPORARY TABLE IF EXISTS `innodb_index_stats` /* QNO 507 CON_ID 16 */
		    16 Query	SHOW WARNINGS
		    16 Query	SELECT * FROM `help_relation` INTO OUTFILE 'load_help_relation'  /* QNO 508 CON_ID 16 */
		    18 Query	SELECT * FROM performance_schema.`events_stages_summary_by_user_by_event_name` AS table1 HAVING NOT (NOT (table1.`AVG_TIMER_WAIT` = 8 IS NULL AND table1.`EVENT_NAME` <> 'w') OR table1.`EVENT_NAME` > 'jq') ORDER BY table1.`COUNT_STAR` LIMIT 237 /* QNO 619 CON_ID 18 */
		    16 Query	LOAD DATA INFILE 'load_help_relation' REPLACE INTO TABLE help_relation /* QNO 509 CON_ID 16 */
		    16 Query	SET SQL_MODE= 'NO_AUTO_CREATE_USER,IGNORE_BAD_TABLE_OPTIONS,DB2,ANSI_QUOTES,SIMULTANEOUS_ASSIGNMENT,IGNORE_SPACE,NO_FIELD_OPTIONS,ANSI,PIPES_AS_CONCAT,NO_AUTO_VALUE_ON_ZERO,NO_TABLE_OPTIONS' /* QNO 510 CON_ID 16 */
		    18 Query	/* GenTest::Transform::ExecuteAsExecuteImmediate */ EXECUTE IMMEDIATE ' SELECT * FROM performance_schema.`events_stages_summary_by_user_by_event_name` AS table1 HAVING NOT (NOT (table1.`AVG_TIMER_WAIT` = 8 IS NULL AND table1.`EVENT_NAME` <> \'w\') OR table1.`EVENT_NAME` > \'jq\') ORDER BY table1.`COUNT_STAR` LIMIT 237 /* QNO 619 CON_ID 18 */ ' /* TRANSFORM_OUTCOME_UNORDERED_MATCH */ /* QNO 620 CON_ID 18 */
		    18 Prepare	SELECT * FROM performance_schema.`events_stages_summary_by_user_by_event_name` AS table1 HAVING NOT (NOT (table1.`AVG_TIMER_WAIT` = 8 IS NULL AND table1.`EVENT_NAME` <> 'w') OR table1.`EVENT_NAME` > 'jq') ORDER BY table1.`COUNT_STAR` LIMIT 237 /* QNO 619 CON_ID 18 */
		    18 Execute	SELECT * FROM performance_schema.`events_stages_summary_by_user_by_event_name` AS table1 HAVING NOT (NOT (table1.`AVG_TIMER_WAIT` = 8 IS NULL AND table1.`EVENT_NAME` <> 'w') OR table1.`EVENT_NAME` > 'jq') ORDER BY table1.`COUNT_STAR` LIMIT 237 /* QNO 619 CON_ID 18 */
		    16 Query	SET SQL_MODE= '' /* QNO 511 CON_ID 16 */
		    16 Query	INSERT INTO `transaction_registry` SELECT * FROM `func` /* QNO 512 CON_ID 16 */
		    18 Query	/* GenTest::Transform::ExecuteAsInsertSelect */ CREATE DATABASE IF NOT EXISTS transforms /* QNO 621 CON_ID 18 */
		    19 Prepare	SELECT * FROM (INFORMATION_SCHEMA.`VIEWS` AS table1 INNER JOIN INFORMATION_SCHEMA.`SYSTEM_VARIABLES` AS table2 ON ( table2.`VARIABLE_NAME` = table1.`VIEW_DEFINITION` ) ) WHERE table2.`NUMERIC_MAX_VALUE` <> '1972-05-10 02:40:15.048030' HAVING ( ( (NOT (NOT ( table2.`NUMERIC_MAX_VALUE` > '2032-05-07 21:42:52.006478' AND table1.`COLLATION_CONNECTION` != '1972-12-24 03:10:49.055501') AND table2.`READ_ONLY` != 6) OR table2.`GLOBAL_VALUE_ORIGIN` < 't') OR table2.`NUMERIC_MAX_VALUE` <= 9) AND table2.`READ_ONLY` <= '2012-02-27 21:24:24.044206') ORDER BY table1.`TABLE_SCHEMA`, table2.`GLOBAL_VALUE`, table2.`VARIABLE_COMMENT`, table2.`VARIABLE_SCOPE` LIMIT 36 /* QNO 613 CON_ID 19 */
		    16 Query	INSERT INTO `procs_priv` SELECT * FROM `proxies_priv` /* QNO 513 CON_ID 16 */
		    16 Query	SELECT NEXTVAL( seq10 ) /* QNO 514 CON_ID 16 */
		    14 Query	REVOKE PROCESS, CREATE USER, REPLICATION CLIENT, SUPER, USAGE ON *.* FROM 'someuser'@'somehost' /* QNO 889 CON_ID 14 */
		    14 Query	GRANT SELECT ( `col_varchar_key` ) ON `D` TO 'someuser'@'somehost' /* QNO 890 CON_ID 14 */
		    14 Query	CREATE TRIGGER w BEFORE INSERT ON `BB` FOR EACH ROW BEGIN INSERT INTO `B` SELECT * FROM `AA` LIMIT 0 ; END ; /* QNO 891 CON_ID 14 */
		    16 Query	ALTER TABLE `time_zone_name` /*!100301 WAIT 2 */ ADD UNIQUE KEY ind9 ( w(228) DESC ), ALGORITHM=INPLACE, ADD KEY IF NOT EXISTS ind1 ( n DESC ), ALGORITHM=DEFAULT, LOCK=DEFAULT  /* QNO 515 CON_ID 16 */
		    16 Query	INSERT INTO t7 (icol4) VALUES (7),('k') /* QNO 516 CON_ID 16 */
		    16 Query	SELECT * FROM test.`DD` AS table1 ORDER BY table1.`col_varchar_key` LIMIT 33 /* QNO 517 CON_ID 16 */
		    14 Query	CREATE OR REPLACE VIEW p AS SELECT * FROM `A` /* QNO 892 CON_ID 14 */
		    16 Query	ALTER TABLE `BB` ADD CONSTRAINT FOREIGN KEY b ( `col_date_key` ) REFERENCES `E` (col_date_key), ALGORITHM=DEFAULT, LOCK=NONE /* QNO 518 CON_ID 16 */
		    16 Query	DELETE FROM `CC` WHERE `col_date_key` > 2 LIMIT 6 /* QNO 519 CON_ID 16 */
		    14 Query	/* GenTest::Transform::ExecuteAsExecuteImmediate */ EXECUTE IMMEDIATE 'CREATE OR REPLACE VIEW p AS SELECT * FROM `A` /* QNO 892 CON_ID 14 */ ' /* TRANSFORM_OUTCOME_UNORDERED_MATCH */ /* QNO 893 CON_ID 14 */
