		    17 Query	ALTER ONLINE TABLE `cond_instances` /*!100301 WAIT 0 */ CHANGE COLUMN IF EXISTS n `OBJECT_INSTANCE_BEGIN` DOUBLE AS ( `OBJECT_INSTANCE_BEGIN` + 4 ) /*!100201 STORED */ /* PERSISTENT */ FIRST, ALGORITHM=INPLACE  /* QNO 333 CON_ID 17 */
		    14 Query	ALTER TABLE `E` REMOVE PARTITIONING /* QNO 570 CON_ID 14 */
		    14 Query	GRANT ALL PRIVILEGES ON test.l TO 'someuser'@'somehost' /* QNO 571 CON_ID 14 */
		    15 Query	TRUNCATE TABLE performance_schema.events_waits_summary_by_event_name /* QNO 399 CON_ID 15 */
		    18 Query	ALTER ONLINE TABLE `gtid_slave_pos` /*!100301 NOWAIT */ ADD CONSTRAINT FOREIGN KEY c (`server_id`) REFERENCES gtid_slave_pos (`domain_id`) ON UPDATE RESTRICT  /* QNO 363 CON_ID 18 */
		    14 Query	ALTER TABLE `D` PARTITION BY KEY() PARTITIONS 2 /* QNO 572 CON_ID 14 */
		    15 Query	SET SQL_MODE= DEFAULT /* QNO 400 CON_ID 15 */
		    17 Query	UPDATE performance_schema.setup_timers SET timer_name = 'TICK' /* QNO 334 CON_ID 17 */
		    18 Query	ALTER TABLE `db` ADD FOREIGN KEY g (`Create_tmp_table_priv`) REFERENCES db (`Index_priv`) ON DELETE NO ACTION ON UPDATE SET DEFAULT, LOCK=DEFAULT /* QNO 364 CON_ID 18 */
		    19 Query	SELECT SETVAL(seq7, 0) /* QNO 440 CON_ID 19 */
		    19 Query	UPDATE performance_schema.setup_instruments SET TIMED = 'YES' WHERE NAME LIKE '%mysys%' /* QNO 441 CON_ID 19 */
		    17 Query	ALTER ONLINE IGNORE TABLE `events_statements_summary_by_host_by_event_name` /*!100301 */ ADD INDEX IF NOT EXISTS ind9 ( `SUM_CREATED_TMP_DISK_TABLES` DESC, p ASC )  /* QNO 335 CON_ID 17 */
		    15 Query	ALTER TABLE `INNODB_FT_DELETED` /*!100301 WAIT 5 */ DROP FOREIGN KEY IF EXISTS h, ADD FOREIGN KEY ( `DOC_ID` ) REFERENCES `PARTITIONS` (DOC_ID), LOCK=SHARED /* QNO 401 CON_ID 15 */
		    14 Query	DROP TRIGGER IF EXISTS r /* QNO 573 CON_ID 14 */
		    14 Query	SHOW WARNINGS
		    14 Query	ALTER TABLE `BB` ADD PRIMARY KEY (`pk`) /* QNO 574 CON_ID 14 */
		    18 Query	UPDATE performance_schema.setup_instruments SET ENABLED = 'NO' ORDER BY RAND() LIMIT 6 /* QNO 365 CON_ID 18 */
		    17 Query	TRUNCATE TABLE performance_schema.file_summary_by_instance /* QNO 336 CON_ID 17 */
		    15 Query	SET SESSION SQL_MODE= 'IGNORE_SPACE,PAD_CHAR_TO_FULL_LENGTH,MYSQL323,STRICT_TRANS_TABLES,STRICT_ALL_TABLES' /* QNO 402 CON_ID 15 */
		    17 Query	UNLOCK TABLES /* QNO 337 CON_ID 17 */
		    14 Query	CREATE TRIGGER f BEFORE INSERT ON `D` FOR EACH ROW BEGIN INSERT INTO `BB` SELECT * FROM `D` LIMIT 0 ; END ; /* QNO 575 CON_ID 14 */
		    17 Query	INSERT INTO `table_io_waits_summary_by_index_usage` SELECT * FROM `socket_summary_by_instance` /* QNO 338 CON_ID 17 */
		    15 Query	ALTER TABLE `INNODB_METRICS` /*!100301 NOWAIT */ DROP FOREIGN KEY l, LOCK=NONE /* QNO 403 CON_ID 15 */
		    18 Query	SET SESSION FOREIGN_KEY_CHECKS = ON /* QNO 366 CON_ID 18 */
		    19 Query	SHOW ENGINE PERFORMANCE_SCHEMA STATUS /* QNO 442 CON_ID 19 */
		    17 Query	CREATE OR REPLACE TEMPORARY TABLE `tmp` LIKE A  /* QNO 339 CON_ID 17 */
		    15 Query	UPDATE performance_schema.setup_instruments SET TIMED = 'NO' WHERE NAME LIKE 'wait/synch%' /* QNO 404 CON_ID 15 */
		    18 Query	ALTER TABLE `column_stats` /*!100301 WAIT 3 */ ADD KEY ( `column_name`(84) ) COMMENT 'momentum', ALGORITHM=COPY, LOCK=DEFAULT  /* QNO 367 CON_ID 18 */
		    14 Query	ALTER TABLE `E` REMOVE PARTITIONING /* QNO 576 CON_ID 14 */
		    14 Query	GRANT UPDATE ( `col_datetime_key`, `col_time_key`, `col_varchar_nokey`, `col_varchar_nokey`, `col_time_nokey`, `col_date_nokey` ), SELECT ( `col_datetime_nokey` ) ON `A` TO 'someuser'@'somehost' /* QNO 577 CON_ID 14 */
		    18 Query	ALTER IGNORE TABLE `slow_log` /*!100301 NOWAIT */ DROP FOREIGN KEY IF EXISTS m  /* QNO 368 CON_ID 18 */
		    19 Query	INSERT INTO `TABLE_PRIVILEGES` SELECT * FROM `VIEWS` /* QNO 443 CON_ID 19 */
		    19 Query	INSERT INTO t19 ( tscol8 ) SELECT tscol5 FROM `PROCESSLIST` /* QNO 444 CON_ID 19 */
		    18 Query	INSERT INTO seq4 VALUES (96, 33999, 3095265280, -4290804544977240064, 59, 107, 0, 1) /* QNO 369 CON_ID 18 */
		    18 Query	CREATE OR REPLACE TEMPORARY TABLE `tmp` LIKE A  /* QNO 370 CON_ID 18 */
		    14 Query	DROP VIEW IF EXISTS d /* QNO 578 CON_ID 14 */
		    14 Query	SHOW WARNINGS
		    14 Query	REVOKE SHUTDOWN, PROCESS, SHUTDOWN ON *.* FROM 'someuser'@'somehost' /* QNO 579 CON_ID 14 */
		    14 Query	ALTER TABLE `AA` ADD PRIMARY KEY (`pk`) /* QNO 580 CON_ID 14 */
		    14 Query	GRANT INSERT ( `col_time_nokey`, `col_time_nokey` ), UPDATE ( `col_varchar_key`, `col_int_key` ), SELECT ( `col_int_key` ), INSERT ( `col_datetime_key`, `col_varchar_key` ), UPDATE ( `col_datetime_key`, `col_datetime_key`, `pk` ), INSERT ( `col_time_nokey`, `pk` ), UPDATE ( `col_time_nokey`, `col_varchar_key` ), INSERT ( `col_datetime_nokey` ), SELECT ( `col_datetime_nokey`, `col_datetime_nokey` ) ON `AA` TO 'someuser'@'somehost' /* QNO 581 CON_ID 14 */
		    19 Query	SET SESSION SQL_MODE= 'NO_ZERO_IN_DATE,MAXDB,ORACLE,NO_ENGINE_SUBSTITUTION,ONLY_FULL_GROUP_BY,ALLOW_INVALID_DATES,NO_FIELD_OPTIONS,IGNORE_SPACE,POSTGRESQL,IGNORE_BAD_TABLE_OPTIONS,NO_TABLE_OPTIONS,HIGH_NOT_PRECEDENCE,SIMULTANEOUS_ASSIGNMENT,ERROR_FOR_DIVISION_BY_ZERO,NO_DIR_IN_CREATE,MSSQL' /* QNO 445 CON_ID 19 */
		    19 Query	SELECT * from `INNODB_SYS_FOREIGN_COLS` WHERE row_start IN (SELECT row_end FROM `INNODB_FT_INDEX_CACHE`) /* QNO 446 CON_ID 19 */
		    19 Query	DELETE FROM `CHECK_CONSTRAINTS` WHERE `CONSTRAINT_CATALOG` = 'jv' LIMIT 4 /* QNO 447 CON_ID 19 */
		    19 Query	UPDATE performance_schema.setup_consumers SET enabled = 'YES' WHERE name LIKE 'file%' /* QNO 448 CON_ID 19 */
		    19 Query	UNLOCK TABLES /* QNO 449 CON_ID 19 */
		    19 Query	UPDATE performance_schema.setup_consumers SET enabled = 'NO' WHERE name IN ( 'file_summary_by_event_name', 'file_summary_by_instance', 'events_waits_history' ) /* QNO 450 CON_ID 19 */
		    19 Query	ALTER TABLE `ROUTINES` ADD CONSTRAINT i FOREIGN KEY k (`CHARACTER_OCTET_LENGTH`) REFERENCES ROUTINES (`LAST_ALTERED`), LOCK=NONE /* QNO 451 CON_ID 19 */
		    19 Query	SELECT * FROM `user_variables` INTO OUTFILE 'load_user_variables'  /* QNO 452 CON_ID 19 */
		    14 Query	DROP EVENT c /* QNO 582 CON_ID 14 */
		    19 Query	LOAD DATA INFILE 'load_user_variables' IGNORE INTO TABLE user_variables /* QNO 453 CON_ID 19 */
		    17 Query	INSERT INTO `tmp` SELECT * FROM A  /* QNO 340 CON_ID 17 */
		    14 Query	DROP TRIGGER IF EXISTS m /* QNO 583 CON_ID 14 */
		    19 Query	SELECT * FROM `CLIENT_STATISTICS` INTO OUTFILE 'load_CLIENT_STATISTICS'  /* QNO 454 CON_ID 19 */
		    19 Query	LOAD DATA INFILE 'load_CLIENT_STATISTICS' IGNORE INTO TABLE CLIENT_STATISTICS /* QNO 455 CON_ID 19 */
		    17 Query	/* GenTest::Transform::ExecuteAsExecuteImmediate */ EXECUTE IMMEDIATE ' /* TRANSFORM_OUTCOME_UNORDERED_MATCH */ /* QNO 341 CON_ID 17 */
		    17 Query	DROP TEMPORARY TABLE IF EXISTS A  /* QNO 342 CON_ID 17 */
		    17 Query	SHOW WARNINGS
		    17 Query	ALTER TABLE `tmp` RENAME TO A /* QNO 343 CON_ID 17 */
		    14 Query	SHOW WARNINGS
		    14 Query	DROP TRIGGER IF EXISTS s /* QNO 584 CON_ID 14 */
		    19 Query	CREATE OR REPLACE TEMPORARY TABLE `tmp` LIKE DD  /* QNO 456 CON_ID 19 */
		    17 Query	UPDATE `file_summary_by_event_name` SET `COUNT_READ` = 6 WHERE `MIN_TIMER_MISC` <= 7 /* QNO 344 CON_ID 17 */
		    14 Query	SHOW WARNINGS
		    14 Query	DROP DATABASE IF EXISTS j /* QNO 585 CON_ID 14 */
		    17 Query	RESET QUERY CACHE /* QNO 345 CON_ID 17 */
		    18 Query	INSERT INTO `tmp` SELECT * FROM A  /* QNO 371 CON_ID 18 */
		    14 Query	GRANT SELECT ( `col_varchar_nokey` ) ON `D` TO 'someuser'@'somehost' /* QNO 586 CON_ID 14 */
		    17 Query	DELETE FROM `events_statements_history` WHERE `CREATED_TMP_TABLES` < 'e' LIMIT 1 /* QNO 346 CON_ID 17 */
		    19 Query	INSERT INTO `tmp` SELECT * FROM DD  /* QNO 457 CON_ID 19 */
		    19 Query	DROP TEMPORARY TABLE IF EXISTS DD  /* QNO 458 CON_ID 19 */
		    17 Query	ALTER TABLE `events_waits_history` ADD COLUMN IF NOT EXISTS ecol9 ENUM('foo','bar') NULL DEFAULT NULL, LOCK=SHARED /* QNO 347 CON_ID 17 */
		    14 Query	DROP VIEW IF EXISTS m /* QNO 587 CON_ID 14 */
		    18 Query	/* GenTest::Transform::ExecuteAsExecuteImmediate */ EXECUTE IMMEDIATE ' INSERT INTO `tmp` SELECT * FROM A  /* QNO 371 CON_ID 18 */ ' /* TRANSFORM_OUTCOME_UNORDERED_MATCH */ /* QNO 372 CON_ID 18 */
		    19 Query	SHOW WARNINGS
		    18 Prepare	INSERT INTO `tmp` SELECT * FROM A  /* QNO 371 CON_ID 18 */
		    19 Query	ALTER TABLE `tmp` RENAME TO DD /* QNO 459 CON_ID 19 */
		    18 Execute	INSERT INTO `tmp` SELECT * FROM A  /* QNO 371 CON_ID 18 */
		    14 Query	SHOW WARNINGS
		    17 Query	SELECT * FROM mysql.`time_zone_transition_type` AS table1 LIMIT 208 /* QNO 348 CON_ID 17 */
		    19 Query	SHOW ENGINE PERFORMANCE_SCHEMA STATUS /* QNO 460 CON_ID 19 */
		    14 Query	DROP DATABASE IF EXISTS p /* QNO 588 CON_ID 14 */
		    18 Query	DROP TEMPORARY TABLE IF EXISTS A  /* QNO 373 CON_ID 18 */
		    18 Query	SHOW WARNINGS
		    14 Query	REVOKE CREATE USER, SHUTDOWN, USAGE ON *.* FROM 'someuser'@'somehost' /* QNO 589 CON_ID 14 */
		    18 Query	ALTER TABLE `tmp` RENAME TO A /* QNO 374 CON_ID 18 */
		    17 Query	/* GenTest::Transform::ExecuteAsExecuteImmediate */ EXECUTE IMMEDIATE ' /* TRANSFORM_OUTCOME_UNORDERED_MATCH */ /* QNO 349 CON_ID 17 */
		    17 Query	/* GenTest::Transform::ExecuteAsInsertSelect */ CREATE DATABASE IF NOT EXISTS transforms /* QNO 350 CON_ID 17 */
		    19 Query	UPDATE `INDEX_STATISTICS` SET `ROWS_READ` = '1995-09-17 22:34:57.018162' WHERE `INDEX_NAME` <> '2008-04-17 17:24:56.050511' /* QNO 461 CON_ID 19 */
		    14 Query	GRANT ALL PRIVILEGES ON test.q TO 'someuser'@'somehost' /* QNO 590 CON_ID 14 */
		    14 Query	DROP FUNCTION IF EXISTS i /* QNO 591 CON_ID 14 */
		    18 Query	SELECT * FROM performance_schema.`events_waits_history` AS table1 WHERE (NOT table1.`TIMER_END` >= 'b' OR table1.`INDEX_NAME` LIKE '%sql%') HAVING NOT (table1.`TIMER_START` = '2000-12-25 19:00:14.008654' IS NULL AND table1.`NESTING_EVENT_ID` <> 7) ORDER BY table1.`EVENT_NAME` LIMIT 242 /* QNO 375 CON_ID 18 */
		    19 Query	SHOW ENGINE PERFORMANCE_SCHEMA STATUS /* QNO 462 CON_ID 19 */
		    17 Query	SHOW WARNINGS
		    17 Query	DROP TABLE IF EXISTS transforms.insert_select_22990 /* QNO 351 CON_ID 17 */
		    19 Query	ALTER TABLE `INNODB_SYS_TABLES` /*!100301 WAIT 7 */ FORCE /*!100307, ALGORITHM=INSTANT */  /* QNO 463 CON_ID 19 */
		    18 Query	SHOW WARNINGS
		    14 Query	SHOW WARNINGS
		    14 Query	GRANT ALL PRIVILEGES ON j.* TO 'someuser'@'somehost' /* QNO 592 CON_ID 14 */
		    15 Query	SET SESSION SQL_MODE= '' /* QNO 405 CON_ID 15 */
		    14 Query	ALTER TABLE `BB` ADD PRIMARY KEY (`pk`) /* QNO 593 CON_ID 14 */
		    18 Query	ALTER TABLE `socket_summary_by_event_name` ADD FOREIGN KEY b (`MIN_TIMER_WAIT`) REFERENCES socket_summary_by_event_name (`MAX_TIMER_MISC`)  /* QNO 376 CON_ID 18 */
		    15 Query	INSERT INTO `INNODB_SYS_DATAFILES` SELECT * FROM `COLLATIONS` /* QNO 406 CON_ID 15 */
		    17 Query	SHOW WARNINGS
		    14 Query	REVOKE SUPER, SHUTDOWN, RELOAD, REPLICATION CLIENT, REPLICATION CLIENT ON *.* FROM 'someuser'@'somehost' /* QNO 594 CON_ID 14 */
		    19 Query	SHOW ENGINE PERFORMANCE_SCHEMA STATUS /* QNO 464 CON_ID 19 */
		    17 Query	CREATE TABLE transforms.insert_select_22990  SELECT * FROM mysql.`time_zone_transition_type` AS table1 LIMIT 208 /* QNO 348 CON_ID 17 */  /* QNO 352 CON_ID 17 */
		    15 Query	ALTER TABLE t18 ADD COLUMN IF NOT EXISTS ( bcol5 BIT NOT NULL, vcol7 TIMESTAMP AS ( tscol4 ) STORED, scol4 VARBINARY(46356) NOT NULL ), ALGORITHM=COPY  /* QNO 407 CON_ID 15 */
		    19 Query	SHOW ENGINE PERFORMANCE_SCHEMA STATUS /* QNO 465 CON_ID 19 */
		    18 Query	SET GLOBAL SQL_MODE= DEFAULT /* QNO 377 CON_ID 18 */
		    19 Query	TRUNCATE TABLE performance_schema.events_waits_summary_by_thread_by_event_name /* QNO 466 CON_ID 19 */
		    14 Query	DROP PROCEDURE IF EXISTS v /* QNO 595 CON_ID 14 */
		    15 Query	ALTER IGNORE TABLE `INNODB_SYS_COLUMNS` DROP PRIMARY KEY  /* QNO 408 CON_ID 15 */
		    14 Query	SHOW WARNINGS
		    14 Query	ALTER TABLE `B` ADD COLUMN y INTEGER DEFAULT NULL /* QNO 596 CON_ID 14 */
		    18 Query	CREATE OR REPLACE TEMPORARY TABLE `tmp` LIKE A  /* QNO 378 CON_ID 18 */
		    15 Query	ALTER IGNORE TABLE t4 /*!100301 WAIT 0 */ FORCE, LOCK=EXCLUSIVE, ADD COLUMN ( scol3 BINARY NOT NULL ) /*!100307, ALGORITHM=NOCOPY */, LOCK=DEFAULT  /* QNO 409 CON_ID 15 */
		    19 Query	SELECT * FROM INFORMATION_SCHEMA.`COLUMN_PRIVILEGES` AS table1 HAVING table1.`TABLE_CATALOG` > '1976-05-09 02:14:42.065474' IS NOT NULL ORDER BY table1.`IS_GRANTABLE`, table1.`GRANTEE` LIMIT 80 /* QNO 467 CON_ID 19 */
		    19 Query	SHOW ENGINE PERFORMANCE_SCHEMA STATUS /* QNO 468 CON_ID 19 */
		    19 Query	ALTER IGNORE TABLE t4 DROP COLUMN IF EXISTS scol5 /*!100307, ALGORITHM=INSTANT */, LOCK=DEFAULT, DROP PRIMARY KEY  /* QNO 469 CON_ID 19 */
		    15 Query	SET STATEMENT system_versioning_alter_history=KEEP FOR ALTER TABLE `SCHEMA_PRIVILEGES` PARTITION BY system_time LIMIT 2743 ( PARTITION ver_p1 HISTORY, PARTITION ver_p2 HISTORY, PARTITION ver_pn CURRENT ) /* QNO 410 CON_ID 15 */
		    19 Query	SELECT * FROM INFORMATION_SCHEMA.`user_variables` AS table1 HAVING (table1.`VARIABLE_NAME` <= '2033-07-19 00:42:50.046151' IS NULL AND table1.`CHARACTER_SET_NAME` > '1973-06-23 02:52:18.011557') ORDER BY table1.`VARIABLE_TYPE` LIMIT 62 /* QNO 470 CON_ID 19 */
		    15 Query	SELECT * FROM `INNODB_FT_INDEX_CACHE` INTO OUTFILE 'load_INNODB_FT_INDEX_CACHE'  /* QNO 411 CON_ID 15 */
		    15 Query	LOAD DATA INFILE 'load_INNODB_FT_INDEX_CACHE' IGNORE INTO TABLE INNODB_FT_INDEX_CACHE /* QNO 412 CON_ID 15 */
		    19 Query	DROP SEQUENCE IF EXISTS seq7, seq9 /* QNO 471 CON_ID 19 */
		    15 Query	INSERT INTO `COLLATION_CHARACTER_SET_APPLICABILITY` SELECT * FROM `COLUMNS` /* QNO 413 CON_ID 15 */
		    15 Query	SHOW CREATE USER r /* QNO 414 CON_ID 15 */
		    15 Query	SELECT * FROM `FILES` INTO OUTFILE 'load_FILES'  /* QNO 415 CON_ID 15 */
		    15 Query	LOAD DATA INFILE 'load_FILES' REPLACE INTO TABLE FILES /* QNO 416 CON_ID 15 */
		    15 Query	SELECT * FROM `TRIGGERS` INTO OUTFILE 'load_TRIGGERS'  /* QNO 417 CON_ID 15 */
		    15 Query	LOAD DATA INFILE 'load_TRIGGERS' IGNORE INTO TABLE TRIGGERS /* QNO 418 CON_ID 15 */
		    15 Query	ALTER TABLE `INNODB_BUFFER_PAGE_LRU` ADD CONSTRAINT x FOREIGN KEY (`SPACE`) REFERENCES INNODB_BUFFER_PAGE_LRU (`FLUSH_TYPE`) /*!100307, ALGORITHM=NOCOPY */, LOCK=SHARED /* QNO 419 CON_ID 15 */
		    14 Query	DROP DATABASE IF EXISTS w /* QNO 597 CON_ID 14 */
		    14 Query	SHOW WARNINGS
		    14 Query	ALTER TABLE `CC` PARTITION BY KEY() PARTITIONS 5 /* QNO 598 CON_ID 14 */
		    14 Query	GRANT ALL PRIVILEGES ON test.o TO 'someuser'@'somehost' /* QNO 599 CON_ID 14 */
		    14 Query	ALTER TABLE `BB` REMOVE PARTITIONING /* QNO 600 CON_ID 14 */
		    14 Query	CREATE TRIGGER d BEFORE INSERT ON `CC` FOR EACH ROW BEGIN INSERT INTO `BB` SELECT * FROM `D` LIMIT 0 ; END ; /* QNO 601 CON_ID 14 */
		    14 Query	ALTER TABLE `E` PARTITION BY KEY() PARTITIONS 0 /* QNO 602 CON_ID 14 */
		    15 Query	LOCK TABLE seq9 READ /* QNO 420 CON_ID 15 */
		    14 Query	DROP TABLE r /* QNO 603 CON_ID 14 */
		    18 Query	INSERT INTO `tmp` SELECT * FROM A  /* QNO 379 CON_ID 18 */
		    18 Query	/* GenTest::Transform::ExecuteAsExecuteImmediate */ EXECUTE IMMEDIATE ' INSERT INTO `tmp` SELECT * FROM A  /* QNO 379 CON_ID 18 */ ' /* TRANSFORM_OUTCOME_UNORDERED_MATCH */ /* QNO 380 CON_ID 18 */
		    18 Prepare	INSERT INTO `tmp` SELECT * FROM A  /* QNO 379 CON_ID 18 */
		    15 Query	ALTER TABLE t12 MODIFY COLUMN `COMPRESSED` BLOB, ALGORITHM=COPY  /* QNO 421 CON_ID 15 */
		    18 Execute	INSERT INTO `tmp` SELECT * FROM A  /* QNO 379 CON_ID 18 */
		    19 Query	SHOW WARNINGS
		    18 Query	DROP TEMPORARY TABLE IF EXISTS A  /* QNO 381 CON_ID 18 */
		    15 Query	ALTER TABLE `APPLICABLE_ROLES` /*!100301 NOWAIT */ ADD CONSTRAINT FOREIGN KEY v ( `ROLE_NAME` ) REFERENCES `KEY_CACHES` (ROLE_NAME) ON UPDATE SET DEFAULT /*!100307, ALGORITHM=INSTANT */, LOCK=NONE /* QNO 422 CON_ID 15 */
		    19 Query	INSERT INTO `FILES` () VALUES (),(),(),(),() /* QNO 472 CON_ID 19 */
		    15 Query	SELECT * FROM test.`D` AS table1 WHERE NOT ( (NOT ( table1.`col_datetime_key` IN ( 9, 7, 7 ) AND table1.`col_datetime_key` > table1.`col_varchar_key`) OR table1.`col_int_nokey` LIKE 'wait/io%') OR table1.`col_varchar_nokey` LIKE 'wait/io%') ORDER BY table1.`col_time_key`, table1.`col_datetime_nokey`, table1.`pk` LIMIT 205 /* QNO 423 CON_ID 15 */
		    19 Query	UNLOCK TABLES /* QNO 473 CON_ID 19 */
		    14 Query	DROP VIEW IF EXISTS b /* QNO 604 CON_ID 14 */
		    19 Query	UNLOCK TABLES /* QNO 474 CON_ID 19 */
		    14 Query	SHOW WARNINGS
		    14 Query	DROP TRIGGER IF EXISTS y /* QNO 605 CON_ID 14 */
		    19 Query	INSERT INTO `INNODB_FT_INDEX_TABLE` ( ncol9 ) SELECT scol6 FROM t1 /* QNO 475 CON_ID 19 */
		    14 Query	SHOW WARNINGS
		    14 Query	CREATE DATABASE IF NOT EXISTS q /* QNO 606 CON_ID 14 */
		    19 Query	INSERT INTO `INNODB_CMP` SELECT * FROM `COLLATION_CHARACTER_SET_APPLICABILITY` /* QNO 476 CON_ID 19 */
		    14 Query	SHOW WARNINGS
		    14 Query	ALTER TABLE `CC` ADD COLUMN s INTEGER DEFAULT NULL /* QNO 607 CON_ID 14 */
		    14 Query	CREATE FUNCTION i ( k INTEGER, g INTEGER ) RETURNS INTEGER RETURN 1 /* QNO 608 CON_ID 14 */
		    19 Query	ALTER TABLE `TABLE_CONSTRAINTS` /*!100301 */ CHANGE IF EXISTS `TABLE_SCHEMA` `CONSTRAINT_TYPE` VARCHAR(25498) GENERATED ALWAYS AS ( SUBSTR(`CONSTRAINT_SCHEMA`, 2, 5 ) ) VIRTUAL, LOCK=NONE, MODIFY COLUMN IF EXISTS c POLYGON NOT NULL /*!100307, ALGORITHM=NOCOPY */  /* QNO 477 CON_ID 19 */
		    15 Query	ALTER TABLE t5 ADD IF NOT EXISTS ( icol9 BIGINT UNSIGNED NULL DEFAULT 0 ), ALGORITHM=DEFAULT, LOCK=NONE  /* QNO 424 CON_ID 15 */
		    19 Query	RESET QUERY CACHE /* QNO 478 CON_ID 19 */
		    18 Query	ALTER TABLE `tmp` RENAME TO A /* QNO 382 CON_ID 18 */
		    19 Query	TRUNCATE TABLE performance_schema.events_waits_history /* QNO 479 CON_ID 19 */
		    18 Query	TRUNCATE TABLE performance_schema.events_waits_summary_by_event_name /* QNO 383 CON_ID 18 */
		    18 Query	SHOW ENGINE PERFORMANCE_SCHEMA STATUS /* QNO 384 CON_ID 18 */
		    19 Query	UPDATE performance_schema.setup_consumers SET enabled = 'NO' WHERE name LIKE 'file%' /* QNO 480 CON_ID 19 */
		    18 Query	ALTER TABLE `events_waits_summary_global_by_event_name` /*!100301 */ ADD KEY IF NOT EXISTS ( `AVG_TIMER_WAIT` ) KEY_BLOCK_SIZE = 13000 KEY_BLOCK_SIZE = 18564, ADD KEY IF NOT EXISTS ( `MIN_TIMER_WAIT`(165) ASC ), ALGORITHM=INPLACE, LOCK=EXCLUSIVE  /* QNO 385 CON_ID 18 */
		    19 Query	ALTER TABLE t9 MODIFY COLUMN IF EXISTS bcol9 BIT NULL FIRST /*!100307, ALGORITHM=NOCOPY */, LOCK=DEFAULT, ADD KEY(icol2), LOCK=DEFAULT  /* QNO 481 CON_ID 19 */
		    15 Query	DROP TEMPORARY TABLE IF EXISTS `C` /* QNO 425 CON_ID 15 */
		    18 Query	UPDATE performance_schema.setup_timers SET timer_name = 'TICK' /* QNO 386 CON_ID 18 */
		    14 Query	DROP DATABASE IF EXISTS d /* QNO 609 CON_ID 14 */
		    14 Query	SHOW WARNINGS
		    14 Query	DROP TRIGGER IF EXISTS p /* QNO 610 CON_ID 14 */
		    14 Query	SHOW WARNINGS
		    14 Query	CREATE DATABASE IF NOT EXISTS n /* QNO 611 CON_ID 14 */
		    19 Query	INSERT INTO `TABLE_PRIVILEGES` () VALUES (),() /* QNO 482 CON_ID 19 */
		    14 Query	GRANT ALL PRIVILEGES ON u.* TO 'someuser'@'somehost' /* QNO 612 CON_ID 14 */
		    17 Query	SELECT * FROM transforms.insert_select_22990 /* TRANSFORM_OUTCOME_UNORDERED_MATCH */ /* QNO 353 CON_ID 17 */
		    15 Query	DROP TEMPORARY TABLE IF EXISTS `CC` /* QNO 426 CON_ID 15 */
		    19 Query	SET SESSION SQL_MODE= DEFAULT /* QNO 483 CON_ID 19 */
		    18 Query	ALTER ONLINE TABLE `setup_consumers` DROP FOREIGN KEY t /*!100307, ALGORITHM=NOCOPY */, LOCK=NONE /* QNO 387 CON_ID 18 */
		    15 Query	SHOW WARNINGS
		    15 Query	SELECT * FROM INFORMATION_SCHEMA.`COLLATIONS` AS table1 HAVING table1.`IS_DEFAULT` != 7 IS NULL LIMIT 181 /* QNO 427 CON_ID 15 */
		    18 Query	SHOW COLUMNS IN t3 /* QNO 388 CON_ID 18 */
		    19 Query	FLUSH USER_RESOURCES, DES_KEY_FILE /* QNO 484 CON_ID 19 */
		    17 Query	DELETE FROM transforms.insert_select_22990 /* QNO 354 CON_ID 17 */
		    19 Query	ALTER IGNORE TABLE `TRIGGERS` /*!100301 */ ADD KEY IF NOT EXISTS ind8 USING BTREE ( h ) COMMENT 'sake' COMMENT 'elbow', ALGORITHM=DEFAULT  /* QNO 485 CON_ID 19 */
		    15 Query	/* GenTest::Transform::ExecuteAsExecuteImmediate */ EXECUTE IMMEDIATE ' SELECT * FROM INFORMATION_SCHEMA.`COLLATIONS` AS table1 HAVING table1.`IS_DEFAULT` != 7 IS NULL LIMIT 181 /* QNO 427 CON_ID 15 */ ' /* TRANSFORM_OUTCOME_UNORDERED_MATCH */ /* QNO 428 CON_ID 15 */
		    15 Prepare	SELECT * FROM INFORMATION_SCHEMA.`COLLATIONS` AS table1 HAVING table1.`IS_DEFAULT` != 7 IS NULL LIMIT 181 /* QNO 427 CON_ID 15 */
		    15 Execute	SELECT * FROM INFORMATION_SCHEMA.`COLLATIONS` AS table1 HAVING table1.`IS_DEFAULT` != 7 IS NULL LIMIT 181 /* QNO 427 CON_ID 15 */
		    14 Query	CREATE TABLE g LIKE `BB` /* QNO 613 CON_ID 14 */
		    18 Query	SELECT * FROM `rwlock_instances` INTO OUTFILE 'load_rwlock_instances'  /* QNO 389 CON_ID 18 */
		    15 Query	/* GenTest::Transform::ExecuteAsInsertSelect */ CREATE DATABASE IF NOT EXISTS transforms /* QNO 429 CON_ID 15 */
		    18 Query	LOAD DATA INFILE 'load_rwlock_instances' REPLACE INTO TABLE rwlock_instances /* QNO 390 CON_ID 18 */
		    19 Query	LOCK TABLES `INNODB_SYS_FOREIGN_COLS` LOW_PRIORITY WRITE, `user_variables` READ, `ENGINES` k WRITE CONCURRENT /*!100300 NOWAIT */ /* QNO 486 CON_ID 19 */
		    15 Query	SHOW WARNINGS
		    15 Query	DROP TABLE IF EXISTS transforms.insert_select_22986 /* QNO 430 CON_ID 15 */
		    15 Query	SHOW WARNINGS
		    15 Query	CREATE TABLE transforms.insert_select_22986  SELECT * FROM INFORMATION_SCHEMA.`COLLATIONS` AS table1 HAVING table1.`IS_DEFAULT` != 7 IS NULL LIMIT 181 /* QNO 427 CON_ID 15 */  /* QNO 431 CON_ID 15 */
		    19 Query	INSERT INTO `TABLE_PRIVILEGES` SELECT * FROM `TABLE_CONSTRAINTS` /* QNO 487 CON_ID 19 */
		    18 Query	ALTER TABLE `performance_timers` ADD FULLTEXT KEY(scol4), ALGORITHM=COPY  /* QNO 391 CON_ID 18 */
		    19 Query	SET GLOBAL SQL_MODE= '' /* QNO 488 CON_ID 19 */
		    19 Query	UPDATE `SESSION_STATUS` SET `VARIABLE_NAME` = 4 WHERE `VARIABLE_NAME` <> 'vw' /* QNO 489 CON_ID 19 */
		    19 Query	UNLOCK TABLES /* QNO 490 CON_ID 19 */
		    19 Query	TRUNCATE TABLE performance_schema.events_waits_current /* QNO 491 CON_ID 19 */
		    18 Query	ALTER IGNORE TABLE `rwlock_instances` /*!100301 */ ADD KEY IF NOT EXISTS ind8 USING BTREE ( `NAME` DESC, r(16) ), ALGORITHM=DEFAULT, LOCK=EXCLUSIVE, DROP CONSTRAINT IF EXISTS `READ_LOCKED_BY_COUNT`, ALGORITHM=COPY, LOCK=EXCLUSIVE, ADD CONSTRAINT c UNIQUE KEY v ( `READ_LOCKED_BY_COUNT` ), ALGORITHM=COPY  /* QNO 392 CON_ID 18 */
		    19 Query	SET SQL_MODE= 'HIGH_NOT_PRECEDENCE,NO_AUTO_VALUE_ON_ZERO,PAD_CHAR_TO_FULL_LENGTH,MSSQL,STRICT_ALL_TABLES,MYSQL323' /* QNO 492 CON_ID 19 */
		    19 Query	UNLOCK TABLES /* QNO 493 CON_ID 19 */
		    19 Query	ALTER ONLINE TABLE t5 KEY_BLOCK_SIZE = 1024  /* QNO 494 CON_ID 19 */
		    18 Query	ALTER TABLE t4 PARTITION BY HASH(tscol10) /* QNO 393 CON_ID 18 */
		    17 Query	INSERT INTO transforms.insert_select_22990  SELECT * FROM mysql.`time_zone_transition_type` AS table1 LIMIT 208 /* QNO 348 CON_ID 17 */  /* QNO 355 CON_ID 17 */
		    14 Query	ALTER TABLE `C` DROP PRIMARY KEY /* QNO 614 CON_ID 14 */
		    14 Query	CREATE EVENT f ON SCHEDULE AT NOW() DO SET @a=@a /* QNO 615 CON_ID 14 */
		    18 Query	ALTER TABLE `events_statements_summary_by_host_by_event_name` /*!100301 NOWAIT */ ADD COLUMN IF NOT EXISTS `SUM_ERRORS` TIMESTAMP /*!100201 CHECK (i > 6) */ /*!100307, ALGORITHM=INSTANT */  /* QNO 394 CON_ID 18 */
		    19 Query	FLUSH DES_KEY_FILE, SLAVE /* QNO 495 CON_ID 19 */
		    19 Query	TRUNCATE TABLE performance_schema.events_waits_current /* QNO 496 CON_ID 19 */
		    18 Query	ALTER IGNORE TABLE `mutex_instances` /*!100301 NOWAIT */ ADD COLUMN IF NOT EXISTS ( `LOCKED_BY_THREAD_ID` INT UNSIGNED ZEROFILL NOT NULL, `OBJECT_INSTANCE_BEGIN` SET('foo','bar') NOT NULL )  /* QNO 395 CON_ID 18 */
		    18 Query	ALTER ONLINE TABLE `events_waits_history_long` /*!100301 */ ADD UNIQUE INDEX ( `OBJECT_NAME` ) KEY_BLOCK_SIZE = 59087, ALGORITHM=INPLACE  /* QNO 396 CON_ID 18 */
		    19 Query	ALTER TABLE t10 ADD COLUMN IF NOT EXISTS tscol7 DATETIME DEFAULT CURRENT_TIESTAMP ON UPDATE CURRENT_TIMESTAMP, ALGORITHM=INPLACE  /* QNO 497 CON_ID 19 */
		    18 Query	ALTER TABLE `setup_instruments` DROP FOREIGN KEY IF EXISTS x /*!100307, ALGORITHM=NOCOPY */, LOCK=NONE /* QNO 397 CON_ID 18 */
		    18 Query	ALTER ONLINE TABLE `file_summary_by_instance` /*!100301 */ ADD COLUMN IF NOT EXISTS m BLOB AS ( `MAX_TIMER_READ` ) /*!100201 STORED */ /* PERSISTENT */, ALGORITHM=INPLACE, LOCK=NONE  /* QNO 398 CON_ID 18 */
		    18 Query	ALTER TABLE `file_instances` /*!100301 NOWAIT */ ADD KEY IF NOT EXISTS ( `EVENT_NAME` ) COMMENT 'neat', ALGORITHM=COPY, LOCK=SHARED  /* QNO 399 CON_ID 18 */
		    14 Query	ALTER TABLE `E` ADD KEY ( p ) /* QNO 616 CON_ID 14 */
		    14 Query	GRANT SELECT ( `col_int_nokey`, `pk` ), UPDATE ( `pk` ) ON `B` TO 'someuser'@'somehost' /* QNO 617 CON_ID 14 */
		    17 Query	SELECT * FROM transforms.insert_select_22990 /* TRANSFORM_OUTCOME_UNORDERED_MATCH */ /* QNO 356 CON_ID 17 */
		    14 Query	DROP TRIGGER IF EXISTS j /* QNO 618 CON_ID 14 */
		    17 Query	DELETE FROM transforms.insert_select_22990 /* QNO 357 CON_ID 17 */
		    19 Query	SELECT * FROM (mysql.`help_category` AS table1 LEFT OUTER JOIN INFORMATION_SCHEMA.`STATISTICS` AS table2 ON ( table2.`CARDINALITY` = table1.`help_category_id` ) ) WHERE ( ( (NOT ( (NOT table2.`CARDINALITY` LIKE 'wait/io%' AND table1.`parent_category_id` > table2.`SUB_PART`) AND table1.`name` = table2.`TABLE_NAME`) OR table1.`help_category_id` != '1995-04-20 18:56:40.049688') AND table2.`INDEX_SCHEMA` < table2.`INDEX_COMMENT`) AND table1.`url` < table1.`parent_category_id`) HAVING (NOT (NOT ( table1.`parent_category_id` = 'w' AND table2.`INDEX_NAME` <> 'rj') AND table1.`name` = '1984-04-20 09:34:41.007406') AND table2.`COLUMN_NAME` > 6) LIMIT 59 /* QNO 498 CON_ID 19 */
		    17 Query	REPLACE INTO transforms.insert_select_22990  SELECT * FROM mysql.`time_zone_transition_type` AS table1 LIMIT 208 /* QNO 348 CON_ID 17 */  /* QNO 358 CON_ID 17 */
		    18 Query	ALTER TABLE t12 ADD FULLTEXT KEY(scol5), ALGORITHM=INPLACE, DROP COLUMN IF EXISTS ecol10, ALGORITHM=COPY, ENGINE=InnoDB, CHANGE COLUMN IF EXISTS ncol8 tcol10 YEAR NOT NULL DEFAULT 6, ALGORITHM=INPLACE  /* QNO 400 CON_ID 18 */
		    14 Query	GRANT INSERT ( `col_varchar_key` ), UPDATE ( `col_datetime_key`, `col_datetime_key`, `col_datetime_key`, `col_varchar_nokey`, `col_int_nokey` ), UPDATE ( `col_varchar_key`, `col_int_key`, `col_time_key`, `col_datetime_key` ), UPDATE ( `col_int_key` ), INSERT ( `col_int_nokey` ) ON `A` TO 'someuser'@'somehost' /* QNO 619 CON_ID 14 */
		    15 Query	SELECT * FROM transforms.insert_select_22986 /* TRANSFORM_OUTCOME_UNORDERED_MATCH */ /* QNO 432 CON_ID 15 */
		    15 Query	DELETE FROM transforms.insert_select_22986 /* QNO 433 CON_ID 15 */
		    15 Query	INSERT INTO transforms.insert_select_22986  SELECT * FROM INFORMATION_SCHEMA.`COLLATIONS` AS table1 HAVING table1.`IS_DEFAULT` != 7 IS NULL LIMIT 181 /* QNO 427 CON_ID 15 */  /* QNO 434 CON_ID 15 */
		    14 Query	ALTER TABLE `B` ADD COLUMN t INTEGER DEFAULT NULL /* QNO 620 CON_ID 14 */
		    15 Query	SELECT * FROM transforms.insert_select_22986 /* TRANSFORM_OUTCOME_UNORDERED_MATCH */ /* QNO 435 CON_ID 15 */
		    15 Query	DELETE FROM transforms.insert_select_22986 /* QNO 436 CON_ID 15 */
		    15 Query	REPLACE INTO transforms.insert_select_22986  SELECT * FROM INFORMATION_SCHEMA.`COLLATIONS` AS table1 HAVING table1.`IS_DEFAULT` != 7 IS NULL LIMIT 181 /* QNO 427 CON_ID 15 */  /* QNO 437 CON_ID 15 */
		    15 Query	SELECT * FROM transforms.insert_select_22986 /* TRANSFORM_OUTCOME_UNORDERED_MATCH */ /* QNO 438 CON_ID 15 */
		    15 Query	DROP TABLE transforms.insert_select_22986 /* QNO 439 CON_ID 15 */
		    18 Query	OPTIMIZE TABLE t8 /* QNO 401 CON_ID 18 */
		    17 Query	SELECT * FROM transforms.insert_select_22990 /* TRANSFORM_OUTCOME_UNORDERED_MATCH */ /* QNO 359 CON_ID 17 */
		    17 Query	DROP TABLE transforms.insert_select_22990 /* QNO 360 CON_ID 17 */
		    19 Query	/* GenTest::Transform::ExecuteAsExecuteImmediate */ EXECUTE IMMEDIATE ' SELECT * FROM (mysql.`help_category` AS table1 LEFT OUTER JOIN INFORMATION_SCHEMA.`STATISTICS` AS table2 ON ( table2.`CARDINALITY` = table1.`help_category_id` ) ) WHERE ( ( (NOT ( (NOT table2.`CARDINALITY` LIKE \'wait/io%\' AND table1.`parent_category_id` > table2.`SUB_PART`) AND table1.`name` = table2.`TABLE_NAME`) OR table1.`help_category_id` != \'1995-04-20 18:56:40.049688\') AND table2.`INDEX_SCHEMA` < table2.`INDEX_COMMENT`) AND table1.`url` < table1.`parent_category_id`) HAVING (NOT (NOT ( table1.`parent_category_id` = \'w\' AND table2.`INDEX_NAME` <> \'rj\') AND table1.`name` = \'1984-04-20 09:34:41.007406\') AND table2.`COLUMN_NAME` > 6) LIMIT 59 /* QNO 498 CON_ID 19 */ ' /* TRANSFORM_OUTCOME_UNORDERED_MATCH */ /* QNO 499 CON_ID 19 */
		    19 Prepare	SELECT * FROM (mysql.`help_category` AS table1 LEFT OUTER JOIN INFORMATION_SCHEMA.`STATISTICS` AS table2 ON ( table2.`CARDINALITY` = table1.`help_category_id` ) ) WHERE ( ( (NOT ( (NOT table2.`CARDINALITY` LIKE 'wait/io%' AND table1.`parent_category_id` > table2.`SUB_PART`) AND table1.`name` = table2.`TABLE_NAME`) OR table1.`help_category_id` != '1995-04-20 18:56:40.049688') AND table2.`INDEX_SCHEMA` < table2.`INDEX_COMMENT`) AND table1.`url` < table1.`parent_category_id`) HAVING (NOT (NOT ( table1.`parent_category_id` = 'w' AND table2.`INDEX_NAME` <> 'rj') AND table1.`name` = '1984-04-20 09:34:41.007406') AND table2.`COLUMN_NAME` > 6) LIMIT 59 /* QNO 498 CON_ID 19 */
		    18 Query	ALTER IGNORE TABLE `events_statements_summary_by_thread_by_event_name` /*!100301 */ ADD INDEX IF NOT EXISTS y ( `AVG_TIMER_WAIT` DESC ), LOCK=NONE  /* QNO 402 CON_ID 18 */
		    15 Query	ALTER ONLINE TABLE `INNODB_TABLESPACES_ENCRYPTION` ADD FOREIGN KEY m (`KEYSERVER_REQUESTS`) REFERENCES INNODB_TABLESPACES_ENCRYPTION (`CURRENT_KEY_VERSION`), ALGORITHM=INPLACE, LOCK=DEFAULT /* QNO 440 CON_ID 15 */
		    18 Query	TRUNCATE TABLE performance_schema.events_waits_summary_by_instance /* QNO 403 CON_ID 18 */
		    15 Query	UPDATE `SCHEMA_PRIVILEGES` SET `IS_GRANTABLE` = '1987-03-13 12:18:44.016230' WHERE `TABLE_SCHEMA` < 'sd' /* QNO 441 CON_ID 15 */
		    18 Query	SELECT * FROM INFORMATION_SCHEMA.`CLIENT_STATISTICS` AS table1 LIMIT 245 /* QNO 404 CON_ID 18 */
		    14 Query	REVOKE ALL PRIVILEGES ON o.* FROM 'someuser'@'somehost' /* QNO 621 CON_ID 14 */
		    15 Query	SET SQL_MODE= 'NO_FIELD_OPTIONS,ALLOW_INVALID_DATES,NO_ENGINE_SUBSTITUTION,IGNORE_SPACE,ORACLE,MYSQL40' /* QNO 442 CON_ID 15 */
		    18 Query	/* GenTest::Transform::ExecuteAsExecuteImmediate */ EXECUTE IMMEDIATE ' SELECT * FROM INFORMATION_SCHEMA.`CLIENT_STATISTICS` AS table1 LIMIT 245 /* QNO 404 CON_ID 18 */ ' /* TRANSFORM_OUTCOME_UNORDERED_MATCH */ /* QNO 405 CON_ID 18 */
		    14 Query	GRANT INSERT ( `col_datetime_key`, `col_time_key`, `col_time_nokey`, `col_int_key` ) ON `CC` TO 'someuser'@'somehost' /* QNO 622 CON_ID 14 */
		    15 Query	SHOW PROCEDURE STATUS  /* QNO 443 CON_ID 15 */
		    18 Prepare	SELECT * FROM INFORMATION_SCHEMA.`CLIENT_STATISTICS` AS table1 LIMIT 245 /* QNO 404 CON_ID 18 */
		    18 Execute	SELECT * FROM INFORMATION_SCHEMA.`CLIENT_STATISTICS` AS table1 LIMIT 245 /* QNO 404 CON_ID 18 */
		    14 Query	GRANT REPLICATION SLAVE, USAGE, USAGE, CREATE USER ON *.* to 'someuser'@'somehost' /* QNO 623 CON_ID 14 */
		    15 Query	UPDATE `KEY_COLUMN_USAGE` SET `TABLE_CATALOG` = '2011-01-13 14:17:48.062698' WHERE `TABLE_NAME` <= 'd' /* QNO 444 CON_ID 15 */
		    18 Query	/* GenTest::Transform::ExecuteAsInsertSelect */ CREATE DATABASE IF NOT EXISTS transforms /* QNO 406 CON_ID 18 */
		    14 Query	GRANT ALL PRIVILEGES ON test.t TO 'someuser'@'somehost' /* QNO 624 CON_ID 14 */
		    15 Query	INSERT INTO t19 (vcol6) VALUES (NULL),('c'),(NULL) /* QNO 445 CON_ID 15 */
		    14 Query	DROP EVENT g /* QNO 625 CON_ID 14 */
		    15 Query	SELECT * from t1 WHERE row_end IN (SELECT row_end FROM `PROFILING`) /* QNO 446 CON_ID 15 */
		    15 Query	INSERT INTO `EVENTS` ( `pk` ) VALUES (NULL) /* QNO 447 CON_ID 15 */
		    14 Query	CREATE PROCEDURE q ( IN t INT ) BEGIN SELECT COUNT(*) INTO @a FROM `AA`; END ; /* QNO 626 CON_ID 14 */
		    17 Query	ALTER TABLE `help_topic` /*!100301 WAIT 2 */ ADD FOREIGN KEY (`url`) REFERENCES help_topic (`description`) ON UPDATE CASCADE, LOCK=SHARED /* QNO 361 CON_ID 17 */
		    15 Query	ALTER TABLE t12 ADD COLUMN IF NOT EXISTS ( tscol8 DATETIME NOT NULL ), ALGORITHM=COPY, ADD COLUMN ( scol10 CHAR, tscol4 TIMESTAMP NULL, tscol4 TIMESTAMP DEFAULT '1970-01-01', `ORIGINATOR` MEDIUMINT UNSIGNED NOT NULL ), ALGORITHM=COPY, LOCK=SHARED, DROP COLUMN tcol8, ALGORITHM=INPLACE  /* QNO 448 CON_ID 15 */
		    17 Query	SELECT * FROM performance_schema.`events_stages_summary_by_user_by_event_name` AS table1 HAVING table1.`MIN_TIMER_WAIT` <= 'lz' IS NULL ORDER BY table1.`COUNT_STAR` LIMIT 205 /* QNO 362 CON_ID 17 */
		    18 Query	SHOW WARNINGS
		    18 Query	DROP TABLE IF EXISTS transforms.insert_select_22992 /* QNO 407 CON_ID 18 */
		    18 Query	SHOW WARNINGS
		    18 Query	CREATE TABLE transforms.insert_select_22992  SELECT * FROM INFORMATION_SCHEMA.`CLIENT_STATISTICS` AS table1 LIMIT 245 /* QNO 404 CON_ID 18 */  /* QNO 408 CON_ID 18 */
		    17 Query	ALTER TABLE t1 PARTITION BY KEY(scol4) /* QNO 363 CON_ID 17 */
		    14 Query	REVOKE PROCESS, PROCESS ON *.* FROM 'someuser'@'somehost' /* QNO 627 CON_ID 14 */
		    14 Query	DROP EVENT e /* QNO 628 CON_ID 14 */
		    14 Query	CREATE DATABASE IF NOT EXISTS s /* QNO 629 CON_ID 14 */
		    14 Query	SHOW WARNINGS
		    14 Query	CREATE TRIGGER m BEFORE INSERT ON `E` FOR EACH ROW BEGIN INSERT INTO `A` SELECT * FROM `CC` LIMIT 0 ; END ; /* QNO 630 CON_ID 14 */
		    15 Query	FLUSH GENERAL LOGS /* QNO 449 CON_ID 15 */
/home/travis/server/bin/mysqld, Version: 10.4.2-MariaDB-debug-log (Source distribution). started with:
Tcp port: 19300  Unix socket: /home/travis/logs/vardir/mysql.sock
Time		    Id Command	Argument
		    17 Query	INSERT INTO t9 (vcol9) VALUES (NULL) /* QNO 364 CON_ID 17 */
		    15 Query	SHOW ENGINE PERFORMANCE_SCHEMA STATUS /* QNO 450 CON_ID 15 */
		    17 Query	SHOW FULL PROCESSLIST /* QNO 365 CON_ID 17 */
		    17 Query	ALTER TABLE `setup_timers` ROW_FORMAT=DYNAMIC /* QNO 366 CON_ID 17 */
190122 13:39:42	    15 Query	ALTER ONLINE TABLE `INNODB_BUFFER_POOL_STATS` /*!100301 WAIT 9 */ ADD IF NOT EXISTS v DOUBLE DEFAULT -80 /*!100201 CHECK (`PENDING_FLUSH_LRU` = `UNCOMPRESS_CURRENT`) */ /*!100307, ALGORITHM=INSTANT */  /* QNO 451 CON_ID 15 */
		    15 Query	DROP SEQUENCE IF EXISTS seq9 /* QNO 452 CON_ID 15 */
		    14 Query	REVOKE REPLICATION SLAVE, PROCESS, REPLICATION SLAVE ON *.* FROM 'someuser'@'somehost' /* QNO 631 CON_ID 14 */
		    17 Query	ALTER TABLE `events_waits_history` ADD CONSTRAINT w FOREIGN KEY l (`END_EVENT_ID`) REFERENCES events_waits_history (`EVENT_NAME`) ON UPDATE NO ACTION, ALGORITHM=COPY  /* QNO 367 CON_ID 17 */
		    15 Query	SHOW WARNINGS
		    14 Query	CREATE EVENT l ON SCHEDULE AT NOW() DO SET @a=@a /* QNO 632 CON_ID 14 */
		    15 Query	INSERT INTO `GLOBAL_VARIABLES` ( vcol5 ) SELECT vcol1 FROM t20 /* QNO 453 CON_ID 15 */
		    14 Query	REVOKE SHUTDOWN ON *.* FROM 'someuser'@'somehost' /* QNO 633 CON_ID 14 */
		    14 Query	DROP VIEW IF EXISTS r /* QNO 634 CON_ID 14 */
		    14 Query	SHOW WARNINGS
		    14 Query	ALTER TABLE `C` ADD PRIMARY KEY (`pk`) /* QNO 635 CON_ID 14 */
		    17 Query	SELECT * FROM `table_io_waits_summary_by_table` INTO OUTFILE 'load_table_io_waits_summary_by_table'  /* QNO 368 CON_ID 17 */
		    17 Query	LOAD DATA INFILE 'load_table_io_waits_summary_by_table' IGNORE INTO TABLE table_io_waits_summary_by_table /* QNO 369 CON_ID 17 */
		    15 Query	LOCK TABLE `INNODB_SYS_TABLESTATS` AS h WRITE CONCURRENT /*!100300 NOWAIT */ /* QNO 454 CON_ID 15 */
		    15 Query	SET SQL_MODE= 'STRICT_TRANS_TABLES,NO_KEY_OPTIONS,TIME_ROUND_FRACTIONAL,NO_AUTO_VALUE_ON_ZERO,REAL_AS_FLOAT,ANSI_QUOTES,IGNORE_SPACE,MSSQL,NO_TABLE_OPTIONS,NO_BACKSLASH_ESCAPES,IGNORE_BAD_TABLE_OPTIONS' /* QNO 455 CON_ID 15 */
		    17 Query	SHOW ENGINE PERFORMANCE_SCHEMA STATUS /* QNO 370 CON_ID 17 */
		    15 Query	TRUNCATE TABLE performance_schema.events_waits_summary_by_instance /* QNO 456 CON_ID 15 */
		    15 Query	UNLOCK TABLES /* QNO 457 CON_ID 15 */
		    17 Query	SELECT * FROM `socket_summary_by_instance` INTO OUTFILE 'load_socket_summary_by_instance'  /* QNO 371 CON_ID 17 */
		    17 Query	LOAD DATA INFILE 'load_socket_summary_by_instance' REPLACE INTO TABLE socket_summary_by_instance /* QNO 372 CON_ID 17 */
		    17 Query	SELECT * FROM (mysql.`help_keyword` AS table1 INNER JOIN performance_schema.`events_stages_summary_by_user_by_event_name` AS table2 ON ( table2.`AVG_TIMER_WAIT` = table1.`name` ) ) HAVING table1.`name` = '1997-06-09 02:46:03.032047' IS NOT NULL ORDER BY table1.`name`, table1.`name` LIMIT 145 /* QNO 373 CON_ID 17 */
		    15 Query	UNLOCK TABLES /* QNO 458 CON_ID 15 */
		    15 Query	CREATE OR REPLACE TABLE t5 (tscol1 TIMESTAMP NOT NULL DEFAULT CURRENT_TIMESTAMP) ROW_FORMAT=COMPACT  /* QNO 459 CON_ID 15 */
		    17 Query	ALTER TABLE `slow_log` /*!100301 NOWAIT */ DROP FOREIGN KEY IF EXISTS s, DROP FOREIGN KEY IF EXISTS u, ALGORITHM=COPY, LOCK=NONE /* QNO 374 CON_ID 17 */
		    17 Query	SET STATEMENT system_versioning_alter_history=KEEP FOR ALTER TABLE `help_topic` DROP PARTITION IF EXISTS ver_p3 /* QNO 375 CON_ID 17 */
		    17 Query	ALTER ONLINE IGNORE TABLE `procs_priv` /*!100301 */ ADD COLUMN IF NOT EXISTS `Proc_priv` BLOB /*!100307, ALGORITHM=NOCOPY */  /* QNO 376 CON_ID 17 */
		    17 Query	SHOW ENGINE PERFORMANCE_SCHEMA STATUS /* QNO 377 CON_ID 17 */
		    17 Query	SELECT * FROM `column_stats` INTO OUTFILE 'load_column_stats'  /* QNO 378 CON_ID 17 */
		    17 Query	LOAD DATA INFILE 'load_column_stats' IGNORE INTO TABLE column_stats /* QNO 379 CON_ID 17 */
		    17 Query	SET FOREIGN_KEY_CHECKS = ON /* QNO 380 CON_ID 17 */
		    14 Query	ALTER TABLE `B` DROP PRIMARY KEY /* QNO 636 CON_ID 14 */
		    14 Query	DROP TRIGGER IF EXISTS s /* QNO 637 CON_ID 14 */
		    14 Query	SHOW WARNINGS
		    14 Query	ALTER TABLE `B` ADD KEY ( v ) /* QNO 638 CON_ID 14 */
		    14 Query	GRANT ALL PRIVILEGES ON a.* TO 'someuser'@'somehost' /* QNO 639 CON_ID 14 */
		    18 Query	SELECT * FROM transforms.insert_select_22992 /* TRANSFORM_OUTCOME_UNORDERED_MATCH */ /* QNO 409 CON_ID 18 */
		    18 Query	DELETE FROM transforms.insert_select_22992 /* QNO 410 CON_ID 18 */
		    14 Query	GRANT ALL PRIVILEGES ON k.* TO 'someuser'@'somehost' /* QNO 640 CON_ID 14 */
		    14 Query	REVOKE ALL PRIVILEGES ON test.o FROM 'someuser'@'somehost' /* QNO 641 CON_ID 14 */
		    18 Query	INSERT INTO transforms.insert_select_22992  SELECT * FROM INFORMATION_SCHEMA.`CLIENT_STATISTICS` AS table1 LIMIT 245 /* QNO 404 CON_ID 18 */  /* QNO 411 CON_ID 18 */
		    14 Query	CREATE TABLE d LIKE `B` /* QNO 642 CON_ID 14 */
		    18 Query	SELECT * FROM transforms.insert_select_22992 /* TRANSFORM_OUTCOME_UNORDERED_MATCH */ /* QNO 412 CON_ID 18 */
		    17 Query	LOCK TABLE `procs_priv` WRITE, `general_log` WRITE CONCURRENT, `proxies_priv` i WRITE CONCURRENT /*!100300 WAIT 9 */ /* QNO 381 CON_ID 17 */
		    18 Query	DELETE FROM transforms.insert_select_22992 /* QNO 413 CON_ID 18 */
		    17 Query	ALTER TABLE t8 CHANGE COLUMN IF EXISTS `Grantor` vcol5 TIMESTAMP AS ( tscol8 ) VIRTUAL /*!100303 INVISIBLE */, LOCK=SHARED  /* QNO 382 CON_ID 17 */
		    18 Query	REPLACE INTO transforms.insert_select_22992  SELECT * FROM INFORMATION_SCHEMA.`CLIENT_STATISTICS` AS table1 LIMIT 245 /* QNO 404 CON_ID 18 */  /* QNO 414 CON_ID 18 */
		    18 Query	SELECT * FROM transforms.insert_select_22992 /* TRANSFORM_OUTCOME_UNORDERED_MATCH */ /* QNO 415 CON_ID 18 */
		    18 Query	DROP TABLE transforms.insert_select_22992 /* QNO 416 CON_ID 18 */
		    17 Query	SHOW WARNINGS
		    17 Query	ALTER ONLINE TABLE t10 DROP COLUMN scol3, ALGORITHM=COPY, ADD PRIMARY KEY(icol5), ALGORITHM=INPLACE, LOCK=SHARED, ADD CONSTRAINT s CHECK (icol3 <= `User`)  /* QNO 383 CON_ID 17 */
		    14 Query	CREATE PROCEDURE r ( IN t INT ) BEGIN SELECT COUNT(*) INTO @a FROM `C`; END ; /* QNO 643 CON_ID 14 */
		    17 Query	SELECT * FROM test.`DD` AS table1 WHERE NOT table1.`col_time_nokey` = table1.`col_int_nokey` HAVING table1.`col_date_key` <> '2029-12-12 12:05:16.005487' LIMIT 98 /* QNO 384 CON_ID 17 */
		    17 Query	ALTER TABLE `B` DROP FOREIGN KEY IF EXISTS q /*!100307, ALGORITHM=NOCOPY */, LOCK=NONE /* QNO 385 CON_ID 17 */
		    14 Query	REVOKE ALL PRIVILEGES ON test.q FROM 'someuser'@'somehost' /* QNO 644 CON_ID 14 */
		    14 Query	GRANT ALL PRIVILEGES ON test.a TO 'someuser'@'somehost' /* QNO 645 CON_ID 14 */
		    14 Query	GRANT ALL PRIVILEGES ON test.j TO 'someuser'@'somehost' /* QNO 646 CON_ID 14 */
		    14 Query	REVOKE ALL PRIVILEGES ON l.* FROM 'someuser'@'somehost' /* QNO 647 CON_ID 14 */
		    14 Query	ALTER TABLE `CC` DROP PRIMARY KEY /* QNO 648 CON_ID 14 */
		    14 Query	CREATE TABLE q LIKE `C` /* QNO 649 CON_ID 14 */
		    19 Execute	SELECT * FROM (mysql.`help_category` AS table1 LEFT OUTER JOIN INFORMATION_SCHEMA.`STATISTICS` AS table2 ON ( table2.`CARDINALITY` = table1.`help_category_id` ) ) WHERE ( ( (NOT ( (NOT table2.`CARDINALITY` LIKE 'wait/io%' AND table1.`parent_category_id` > table2.`SUB_PART`) AND table1.`name` = table2.`TABLE_NAME`) OR table1.`help_category_id` != '1995-04-20 18:56:40.049688') AND table2.`INDEX_SCHEMA` < table2.`INDEX_COMMENT`) AND table1.`url` < table1.`parent_category_id`) HAVING (NOT (NOT ( table1.`parent_category_id` = 'w' AND table2.`INDEX_NAME` <> 'rj') AND table1.`name` = '1984-04-20 09:34:41.007406') AND table2.`COLUMN_NAME` > 6) LIMIT 59 /* QNO 498 CON_ID 19 */
		    19 Query	SHOW WARNINGS
		    19 Query	/* GenTest::Transform::ExecuteAsInsertSelect */ CREATE DATABASE IF NOT EXISTS transforms /* QNO 500 CON_ID 19 */
		    17 Query	SHOW WARNINGS
		    17 Query	SELECT * from t10 WHERE row_start != @trx_user_var /* QNO 386 CON_ID 17 */
		    17 Query	RENAME TABLE seq10 TO seq3, seq5 TO seq7 /* QNO 387 CON_ID 17 */
		    17 Query	DELETE HISTORY FROM `DD` BEFORE SYSTEM_TIME DATE_SUB('20140917023829.040995', INTERVAL 5 WEEK) /* QNO 388 CON_ID 17 */
		    17 Query	ALTER TABLE `B` /*!100301 WAIT 1 */ DROP CONSTRAINT IF EXISTS h, LOCK=DEFAULT  /* QNO 389 CON_ID 17 */
		    19 Query	SHOW WARNINGS
		    19 Query	DROP TABLE IF EXISTS transforms.insert_select_22994 /* QNO 501 CON_ID 19 */
		    19 Query	SHOW WARNINGS
		    19 Query	CREATE TABLE transforms.insert_select_22994  SELECT * FROM (mysql.`help_category` AS table1 LEFT OUTER JOIN INFORMATION_SCHEMA.`STATISTICS` AS table2 ON ( table2.`CARDINALITY` = table1.`help_category_id` ) ) WHERE ( ( (NOT ( (NOT table2.`CARDINALITY` LIKE 'wait/io%' AND table1.`parent_category_id` > table2.`SUB_PART`) AND table1.`name` = table2.`TABLE_NAME`) OR table1.`help_category_id` != '1995-04-20 18:56:40.049688') AND table2.`INDEX_SCHEMA` < table2.`INDEX_COMMENT`) AND table1.`url` < table1.`parent_category_id`) HAVING (NOT (NOT ( table1.`parent_category_id` = 'w' AND table2.`INDEX_NAME` <> 'rj') AND table1.`name` = '1984-04-20 09:34:41.007406') AND table2.`COLUMN_NAME` > 6) LIMIT 59 /* QNO 498 CON_ID 19 */  /* QNO 502 CON_ID 19 */
		    18 Query	TRUNCATE TABLE performance_schema.file_summary_by_event_name /* QNO 417 CON_ID 18 */
		    18 Query	SELECT * FROM mysql.`proc` AS table1 LIMIT 15 /* QNO 418 CON_ID 18 */
		    18 Query	/* GenTest::Transform::ExecuteAsExecuteImmediate */ EXECUTE IMMEDIATE ' SELECT * FROM mysql.`proc` AS table1 LIMIT 15 /* QNO 418 CON_ID 18 */ ' /* TRANSFORM_OUTCOME_UNORDERED_MATCH */ /* QNO 419 CON_ID 18 */
		    18 Prepare	SELECT * FROM mysql.`proc` AS table1 LIMIT 15 /* QNO 418 CON_ID 18 */
		    18 Execute	SELECT * FROM mysql.`proc` AS table1 LIMIT 15 /* QNO 418 CON_ID 18 */
		    18 Query	/* GenTest::Transform::ExecuteAsInsertSelect */ CREATE DATABASE IF NOT EXISTS transforms /* QNO 420 CON_ID 18 */
		    14 Query	DROP PROCEDURE IF EXISTS o /* QNO 650 CON_ID 14 */
		    14 Query	ALTER TABLE `C` REMOVE PARTITIONING /* QNO 651 CON_ID 14 */
		    14 Query	REVOKE ALL PRIVILEGES ON x.* FROM 'someuser'@'somehost' /* QNO 652 CON_ID 14 */
		    14 Query	REVOKE ALL PRIVILEGES ON test.w FROM 'someuser'@'somehost' /* QNO 653 CON_ID 14 */
		    14 Query	ALTER TABLE `CC` ADD PRIMARY KEY (`pk`) /* QNO 654 CON_ID 14 */
		    14 Query	GRANT ALL PRIVILEGES ON l.* TO 'someuser'@'somehost' /* QNO 655 CON_ID 14 */
		    14 Query	GRANT USAGE, CREATE USER ON *.* to 'someuser'@'somehost' /* QNO 656 CON_ID 14 */
		    14 Query	ALTER TABLE `E` PARTITION BY KEY() PARTITIONS 3 /* QNO 657 CON_ID 14 */
		    15 Query	SELECT * from t2 WHERE row_end IN (SELECT row_end FROM `INNODB_TRX`) /* QNO 460 CON_ID 15 */
		    15 Query	ALTER IGNORE TABLE `GLOBAL_VARIABLES` /*!100301 */ DROP IF EXISTS d CASCADE, ALGORITHM=COPY, LOCK=EXCLUSIVE  /* QNO 461 CON_ID 15 */
		    15 Query	ALTER IGNORE TABLE `INNODB_TABLESPACES_SCRUBBING` /*!100301 */ CHANGE IF EXISTS `CURRENT_SCRUB_STARTED` `SPACE` INT NOT NULL FIRST, ALGORITHM=DEFAULT  /* QNO 462 CON_ID 15 */
		    14 Query	DROP FUNCTION IF EXISTS t /* QNO 658 CON_ID 14 */
		    14 Query	SHOW WARNINGS
		    14 Query	CREATE OR REPLACE VIEW u AS SELECT * FROM `E` /* QNO 659 CON_ID 14 */
		    15 Query	RENAME TABLE seq10 TO seq6 /* QNO 463 CON_ID 15 */
		    14 Query	/* GenTest::Transform::ExecuteAsExecuteImmediate */ EXECUTE IMMEDIATE 'CREATE OR REPLACE VIEW u AS SELECT * FROM `E` /* QNO 659 CON_ID 14 */ ' /* TRANSFORM_OUTCOME_UNORDERED_MATCH */ /* QNO 660 CON_ID 14 */
		    14 Prepare	CREATE OR REPLACE VIEW u AS SELECT * FROM `E` /* QNO 659 CON_ID 14 */
		    14 Execute	CREATE OR REPLACE VIEW u AS SELECT * FROM `E` /* QNO 659 CON_ID 14 */
		    14 Query	GRANT ALL PRIVILEGES ON z.* TO 'someuser'@'somehost' /* QNO 661 CON_ID 14 */
		    14 Query	CREATE TRIGGER q BEFORE INSERT ON `CC` FOR EACH ROW BEGIN INSERT INTO `DD` SELECT * FROM `A` LIMIT 0 ; END ; /* QNO 662 CON_ID 14 */
		    15 Query	SELECT * FROM `INNODB_SYS_TABLESPACES` INTO OUTFILE 'load_INNODB_SYS_TABLESPACES'  /* QNO 464 CON_ID 15 */
		    14 Query	DROP DATABASE IF EXISTS i /* QNO 663 CON_ID 14 */
		    14 Query	SHOW WARNINGS
		    14 Query	GRANT ALL PRIVILEGES ON r.* TO 'someuser'@'somehost' /* QNO 664 CON_ID 14 */
		    15 Query	LOAD DATA INFILE 'load_INNODB_SYS_TABLESPACES' REPLACE INTO TABLE INNODB_SYS_TABLESPACES /* QNO 465 CON_ID 15 */
		    14 Query	DROP PROCEDURE IF EXISTS s /* QNO 665 CON_ID 14 */
		    14 Query	SHOW WARNINGS
		    14 Query	DROP TABLE k /* QNO 666 CON_ID 14 */
		    15 Query	ALTER IGNORE TABLE `user_variables` /*!100301 NOWAIT */ ADD ( `VARIABLE_VALUE` CHAR GENERATED ALWAYS AS ( `VARIABLE_TYPE` ) /*!100201 STORED */ /* PERSISTENT */ /*!100201 CHECK (`VARIABLE_VALUE` = `VARIABLE_VALUE`) */, `VARIABLE_VALUE` SET('foo','bar') NOT NULL DEFAULT 0, x POINT, `VARIABLE_NAME` CHAR ), ALGORITHM=COPY, ADD COLUMN IF NOT EXISTS ( `VARIABLE_NAME` BIGINT GENERATED ALWAYS AS ( u ) ), CHANGE COLUMN IF EXISTS `CHARACTER_SET_NAME` `VARIABLE_TYPE` TEXT NULL DEFAULT 'm'  /* QNO 466 CON_ID 15 */
		    17 Query	SHOW WARNINGS
		    17 Query	SET GLOBAL SQL_MODE= DEFAULT /* QNO 390 CON_ID 17 */
		    14 Query	GRANT ALL PRIVILEGES ON test.k TO 'someuser'@'somehost' /* QNO 667 CON_ID 14 */
		    17 Query	CREATE OR REPLACE TEMPORARY TABLE `tmp` LIKE A  /* QNO 391 CON_ID 17 */
		    14 Query	CREATE TABLE a LIKE `B` /* QNO 668 CON_ID 14 */
		    15 Query	SHOW ENGINE PERFORMANCE_SCHEMA STATUS /* QNO 467 CON_ID 15 */
		    15 Query	UPDATE performance_schema.setup_consumers SET enabled = 'YES' WHERE name IN ( 'events_waits_summary_by_thread_by_event_name' ) /* QNO 468 CON_ID 15 */
		    15 Query	ALTER IGNORE TABLE `TABLES` /*!100301 NOWAIT */ DROP KEY IF EXISTS ind7, ALGORITHM=DEFAULT  /* QNO 469 CON_ID 15 */
		    15 Query	ALTER TABLE `ENGINES` /*!100301 */ DROP PRIMARY KEY, ALGORITHM=COPY  /* QNO 470 CON_ID 15 */
		    15 Query	INSERT INTO t17 (`XA`) VALUES ('m') /* QNO 471 CON_ID 15 */
		    17 Query	INSERT INTO `tmp` SELECT * FROM A  /* QNO 392 CON_ID 17 */
		    15 Query	CREATE OR REPLACE TEMPORARY TABLE `tmp` LIKE A  /* QNO 472 CON_ID 15 */
		    17 Query	/* GenTest::Transform::ExecuteAsExecuteImmediate */ EXECUTE IMMEDIATE ' /* TRANSFORM_OUTCOME_UNORDERED_MATCH */ /* QNO 393 CON_ID 17 */
		    17 Query	DROP TEMPORARY TABLE IF EXISTS A  /* QNO 394 CON_ID 17 */
		    17 Query	ALTER TABLE `tmp` RENAME TO A /* QNO 395 CON_ID 17 */
		    17 Query	SELECT * FROM INFORMATION_SCHEMA.`INNODB_CMPMEM_RESET` AS table1 WHERE (NOT table1.`page_size` LIKE '%sql%' OR table1.`relocation_ops` <> table1.`pages_free`) HAVING table1.`buffer_pool_instance` > '1989-03-06 22:14:02.033095' IS NULL LIMIT 106 /* QNO 396 CON_ID 17 */
		    17 Query	DROP SEQUENCE IF EXISTS seq10 /* QNO 397 CON_ID 17 */
		    17 Query	SHOW WARNINGS
		    17 Query	SELECT * from `INNODB_SYS_INDEXES` WHERE row_start IN (SELECT row_start FROM `TABLE_PRIVILEGES`) /* QNO 398 CON_ID 17 */
		    17 Query	ALTER TABLE t8 FORCE  /* QNO 399 CON_ID 17 */
		    14 Query	DROP TRIGGER IF EXISTS m /* QNO 669 CON_ID 14 */
		    14 Query	GRANT SELECT ( `col_date_nokey` ), INSERT ( `col_time_key`, `col_int_nokey` ) ON `E` TO 'someuser'@'somehost' /* QNO 670 CON_ID 14 */
		    18 Query	SHOW WARNINGS
		    18 Query	DROP TABLE IF EXISTS transforms.insert_select_22992 /* QNO 421 CON_ID 18 */
		    18 Query	SHOW WARNINGS
		    15 Query	INSERT INTO `tmp` SELECT * FROM A  /* QNO 473 CON_ID 15 */
		    18 Query	CREATE TABLE transforms.insert_select_22992  SELECT * FROM mysql.`proc` AS table1 LIMIT 15 /* QNO 418 CON_ID 18 */  /* QNO 422 CON_ID 18 */
		    19 Query	SELECT * FROM transforms.insert_select_22994 /* TRANSFORM_OUTCOME_UNORDERED_MATCH */ /* QNO 503 CON_ID 19 */
		    19 Query	DELETE FROM transforms.insert_select_22994 /* QNO 504 CON_ID 19 */
