-- MySQL Workbench Forward Engineering


-- -----------------------------------------------------
-- Schema mydb
-- -----------------------------------------------------
-- -----------------------------------------------------
-- Schema scommesse0226198
-- -----------------------------------------------------

-- -----------------------------------------------------
-- Schema scommesse0226198
-- -----------------------------------------------------
CREATE SCHEMA IF NOT EXISTS `scommesse0226198` DEFAULT CHARACTER SET latin1 ;
USE `scommesse0226198` ;

-- -----------------------------------------------------
-- Table `scommesse0226198`.`ARBITRO`
-- -----------------------------------------------------
CREATE TABLE IF NOT EXISTS `scommesse0226198`.`ARBITRO` (
  `Nome` VARCHAR(20) NOT NULL,
  `Recapito` VARCHAR(11) NOT NULL,
  `NumeroPresenze` INT(11) NOT NULL DEFAULT '0',
  PRIMARY KEY (`Nome`),
  UNIQUE INDEX `Recapito_UNIQUE` (`Recapito` ASC))
ENGINE = InnoDB
DEFAULT CHARACTER SET = latin1;


-- -----------------------------------------------------
-- Table `scommesse0226198`.`SQUADRA`
-- -----------------------------------------------------
CREATE TABLE IF NOT EXISTS `scommesse0226198`.`SQUADRA` (
  `Nazione` VARCHAR(20) NOT NULL,
  `Allenatore` VARCHAR(20) NOT NULL,
  PRIMARY KEY (`Nazione`),
  UNIQUE INDEX `Allenatore_UNIQUE` (`Allenatore` ASC))
ENGINE = InnoDB
DEFAULT CHARACTER SET = latin1;


-- -----------------------------------------------------
-- Table `scommesse0226198`.`CALCIATORE`
-- -----------------------------------------------------
CREATE TABLE IF NOT EXISTS `scommesse0226198`.`CALCIATORE` (
  `Nome` VARCHAR(20) NOT NULL,
  `Recapito` VARCHAR(11) NOT NULL,
  `Squadra` VARCHAR(20) NOT NULL,
  `NumeroMaglia` INT(11) NOT NULL,
  PRIMARY KEY (`Nome`),
  UNIQUE INDEX `Recapito` (`Recapito` ASC),
  UNIQUE INDEX `uq_nummaglia_squadra` (`Squadra` ASC, `NumeroMaglia` ASC),
  INDEX `fk_CALCIATORE_1_idx` (`Squadra` ASC),
  CONSTRAINT `fk_CALCIATORE_1`
    FOREIGN KEY (`Squadra`)
    REFERENCES `scommesse0226198`.`SQUADRA` (`Nazione`)
    ON DELETE NO ACTION
    ON UPDATE NO ACTION)
ENGINE = InnoDB
DEFAULT CHARACTER SET = latin1;


-- -----------------------------------------------------
-- Table `scommesse0226198`.`CLIENTE`
-- -----------------------------------------------------
CREATE TABLE IF NOT EXISTS `scommesse0226198`.`CLIENTE` (
  `CF` VARCHAR(16) NOT NULL,
  `Nome` VARCHAR(20) NOT NULL,
  `Cognome` VARCHAR(20) NOT NULL,
  `Sesso` CHAR(1) NOT NULL,
  `LuogoNascita` VARCHAR(20) NOT NULL,
  `DataNascita` DATE NOT NULL,
  `ComuneResidenza` VARCHAR(20) NOT NULL,
  `IndirizzoResidenza` VARCHAR(25) NOT NULL,
  `Telefono` VARCHAR(11) NOT NULL,
  PRIMARY KEY (`CF`),
  UNIQUE INDEX `Telefono_UNIQUE` (`Telefono` ASC))
ENGINE = InnoDB
DEFAULT CHARACTER SET = latin1;


-- -----------------------------------------------------
-- Table `scommesse0226198`.`EDIZIONEPASSATA`
-- -----------------------------------------------------
CREATE TABLE IF NOT EXISTS `scommesse0226198`.`EDIZIONEPASSATA` (
  `Anno` YEAR NOT NULL,
  `Vincitrice` VARCHAR(20) NOT NULL,
  PRIMARY KEY (`Anno`),
  INDEX `fk_EDIZIONEPASSATA_1_idx` (`Vincitrice` ASC),
  CONSTRAINT `fk_EDIZIONEPASSATA_1`
    FOREIGN KEY (`Vincitrice`)
    REFERENCES `scommesse0226198`.`SQUADRA` (`Nazione`)
    ON DELETE NO ACTION
    ON UPDATE CASCADE)
ENGINE = InnoDB
DEFAULT CHARACTER SET = latin1;


-- -----------------------------------------------------
-- Table `scommesse0226198`.`TURNO`
-- -----------------------------------------------------
CREATE TABLE IF NOT EXISTS `scommesse0226198`.`TURNO` (
  `Nome` VARCHAR(20) NOT NULL,
  `DataInizio` DATE NOT NULL,
  `DataFine` DATE NOT NULL,
  PRIMARY KEY (`Nome`),
  UNIQUE INDEX `DataInizio_UNIQUE` (`DataInizio` ASC),
  UNIQUE INDEX `DataFine_UNIQUE` (`DataFine` ASC))
ENGINE = InnoDB
DEFAULT CHARACTER SET = latin1;


-- -----------------------------------------------------
-- Table `scommesse0226198`.`PARTITA`
-- -----------------------------------------------------
CREATE TABLE IF NOT EXISTS `scommesse0226198`.`PARTITA` (
  `Numero` INT(11) NOT NULL,
  `Turno` VARCHAR(20) NOT NULL,
  `Citta` VARCHAR(20) NOT NULL,
  `Data` DATE NOT NULL,
  `OraInizio` TIME NOT NULL,
  `Squadra1` VARCHAR(20) NULL DEFAULT NULL,
  `Squadra2` VARCHAR(20) NULL DEFAULT NULL,
  `Arbitro` VARCHAR(20) NULL DEFAULT NULL,
  `EsitoVincitore` CHAR(1) NULL DEFAULT 'X',
  PRIMARY KEY (`Turno`, `Numero`),
  UNIQUE INDEX `uq_citta_data` (`Citta` ASC, `Data` ASC),
  UNIQUE INDEX `uq_data_arbitro` (`Data` ASC, `Arbitro` ASC),
  INDEX `fk_PARTITA_2_idx` (`Arbitro` ASC),
  INDEX `fk_PARTITA_3_idx` (`Squadra1` ASC),
  INDEX `fk_PARTITA_4_idx` (`Squadra2` ASC),
  CONSTRAINT `fk_PARTITA_1`
    FOREIGN KEY (`Turno`)
    REFERENCES `scommesse0226198`.`TURNO` (`Nome`)
    ON DELETE NO ACTION
    ON UPDATE NO ACTION,
  CONSTRAINT `fk_PARTITA_2`
    FOREIGN KEY (`Arbitro`)
    REFERENCES `scommesse0226198`.`ARBITRO` (`Nome`)
    ON DELETE NO ACTION
    ON UPDATE NO ACTION,
  CONSTRAINT `fk_PARTITA_3`
    FOREIGN KEY (`Squadra1`)
    REFERENCES `scommesse0226198`.`SQUADRA` (`Nazione`)
    ON DELETE NO ACTION
    ON UPDATE NO ACTION,
  CONSTRAINT `fk_PARTITA_4`
    FOREIGN KEY (`Squadra2`)
    REFERENCES `scommesse0226198`.`SQUADRA` (`Nazione`)
    ON DELETE NO ACTION
    ON UPDATE NO ACTION)
ENGINE = InnoDB
DEFAULT CHARACTER SET = latin1;


-- -----------------------------------------------------
-- Table `scommesse0226198`.`EVENTO`
-- -----------------------------------------------------
CREATE TABLE IF NOT EXISTS `scommesse0226198`.`EVENTO` (
  `Codice` INT(11) NOT NULL AUTO_INCREMENT,
  `Esito` CHAR(1) NOT NULL,
  `Partita` INT(11) NOT NULL,
  `Turno` VARCHAR(20) NOT NULL,
  `Quota` DOUBLE NOT NULL,
  PRIMARY KEY (`Codice`),
  UNIQUE INDEX `unique` (`Turno` ASC, `Partita` ASC, `Esito` ASC),
  INDEX `EVENTO_idx` USING BTREE (`Turno` ASC, `Partita` ASC),
  CONSTRAINT `fk_EVENTO_1`
    FOREIGN KEY (`Turno` , `Partita`)
    REFERENCES `scommesse0226198`.`PARTITA` (`Turno` , `Numero`)
    ON DELETE NO ACTION
    ON UPDATE NO ACTION)
ENGINE = InnoDB
AUTO_INCREMENT = 1
DEFAULT CHARACTER SET = latin1;


-- -----------------------------------------------------
-- Table `scommesse0226198`.`GOAL`
-- -----------------------------------------------------
CREATE TABLE IF NOT EXISTS `scommesse0226198`.`GOAL` (
  `Minuto` INT(11) NOT NULL,
  `Partita` INT(11) NOT NULL,
  `Turno` VARCHAR(20) NOT NULL,
  `Rigore` TINYINT(4) NOT NULL,
  `Calciatore` VARCHAR(20) NOT NULL,
  PRIMARY KEY (`Turno`, `Partita`, `Minuto`),
  INDEX `fk_GOAL_1_idx` (`Calciatore` ASC),
  CONSTRAINT `fk_GOAL_1`
    FOREIGN KEY (`Calciatore`)
    REFERENCES `scommesse0226198`.`CALCIATORE` (`Nome`)
    ON DELETE NO ACTION
    ON UPDATE NO ACTION,
  CONSTRAINT `fk_GOAL_2`
    FOREIGN KEY (`Turno` , `Partita`)
    REFERENCES `scommesse0226198`.`PARTITA` (`Turno` , `Numero`)
    ON DELETE NO ACTION
    ON UPDATE NO ACTION)
ENGINE = InnoDB
DEFAULT CHARACTER SET = latin1;


-- -----------------------------------------------------
-- Table `scommesse0226198`.`PARTECIPAZIONE`
-- -----------------------------------------------------
CREATE TABLE IF NOT EXISTS `scommesse0226198`.`PARTECIPAZIONE` (
  `Squadra` VARCHAR(20) NOT NULL,
  `Turno` VARCHAR(20) NOT NULL,
  PRIMARY KEY (`Turno`, `Squadra`),
  INDEX `fk_PARTECIPAZIONE_1_idx` (`Squadra` ASC),
  CONSTRAINT `fk_PARTECIPAZIONE_1`
    FOREIGN KEY (`Squadra`)
    REFERENCES `scommesse0226198`.`SQUADRA` (`Nazione`)
    ON DELETE NO ACTION
    ON UPDATE CASCADE,
  CONSTRAINT `fk_PARTECIPAZIONE_2`
    FOREIGN KEY (`Turno`)
    REFERENCES `scommesse0226198`.`TURNO` (`Nome`)
    ON DELETE NO ACTION
    ON UPDATE NO ACTION)
ENGINE = InnoDB
DEFAULT CHARACTER SET = latin1;


-- -----------------------------------------------------
-- Table `scommesse0226198`.`SCOMMESSA`
-- -----------------------------------------------------
CREATE TABLE IF NOT EXISTS `scommesse0226198`.`SCOMMESSA` (
  `Ricevuta` INT(45) NOT NULL AUTO_INCREMENT,
  `Evento` INT(11) NOT NULL,
  `Importo` INT(11) NOT NULL,
  `Autore` VARCHAR(16) NOT NULL,
  `Elaborata` VARCHAR(20) NOT NULL DEFAULT 'false',
  PRIMARY KEY (`Ricevuta`),
  INDEX `fk_SCOMMESSA_2_idx` (`Evento` ASC),
  INDEX `fk_SCOMMESSA_1_idx` (`Autore` ASC),
  CONSTRAINT `fk_SCOMMESSA_1`
    FOREIGN KEY (`Autore`)
    REFERENCES `scommesse0226198`.`CLIENTE` (`CF`)
    ON DELETE NO ACTION
    ON UPDATE NO ACTION,
  CONSTRAINT `fk_SCOMMESSA_2`
    FOREIGN KEY (`Evento`)
    REFERENCES `scommesse0226198`.`EVENTO` (`Codice`)
    ON DELETE NO ACTION
    ON UPDATE NO ACTION)
ENGINE = InnoDB
AUTO_INCREMENT = 1
DEFAULT CHARACTER SET = latin1;


-- -----------------------------------------------------
-- Table `scommesse0226198`.`UTENTE`
-- -----------------------------------------------------
CREATE TABLE IF NOT EXISTS `scommesse0226198`.`UTENTE` (
  `Matricola` VARCHAR(20) NOT NULL,
  `Password` VARCHAR(20) NOT NULL,
  `Tipo` VARCHAR(20) NOT NULL,
  `CF` VARCHAR(16) NOT NULL,
  PRIMARY KEY (`Matricola`),
  UNIQUE INDEX `CF_UNIQUE` (`CF` ASC))
ENGINE = InnoDB
DEFAULT CHARACTER SET = latin1;

USE `scommesse0226198` ;

-- -----------------------------------------------------
-- procedure Passa_Turno
-- -----------------------------------------------------

DELIMITER $$
USE `scommesse0226198`$$
CREATE DEFINER=`root`@`localhost` PROCEDURE `Passa_Turno`(NomeTurno VARCHAR(20), NumeroPartita INT)
BEGIN
	DECLARE goal1 INT;
    DECLARE goal2 INT;
    DECLARE squadra1 VARCHAR(20);
    DECLARE squadra2 VARCHAR(20);
    declare exit handler for sqlexception

    begin
        rollback;  -- rollback any changes made in the transaction
        resignal;  -- raise again the sql exception to the caller
    end;
    start transaction;
    SET squadra1 = (select P.Squadra1 from PARTITA P where P.Turno = NomeTurno and P.Numero = NumeroPartita);
    SET squadra2 = (select P.Squadra2 from PARTITA P where P.Turno = NomeTurno and P.Numero = NumeroPartita);
	SET goal1 = (select count(*) 
					from GOAL G 
                    where G.Turno = NomeTurno 
                    and G.Partita = NumeroPartita 
                    and G.Calciatore in (select Nome from CALCIATORE where Squadra = squadra1));  
	SET goal2 = (select count(*) 
					from GOAL G 
                    where G.Turno = NomeTurno 
                    and G.Partita = NumeroPartita 
                    and G.Calciatore in (select Nome from CALCIATORE where Squadra = squadra2));  

    case NomeTurno
    when "Qualificazioni" then
		case NumeroPartita%2
		when 0 then
			if goal2 > goal1
			then
				update PARTITA P3
				set P3.Squadra2 = squadra2
				where P3.Turno = "Ottavi" and P3.Numero = ceiling(NumeroPartita/2);
				insert into PARTECIPAZIONE VALUES (squadra2, "Ottavi");
            elseif goal2 < goal1
            then
				update PARTITA P3
				set P3.Squadra2 = squadra1
				where P3.Turno = "Ottavi" and P3.Numero = ceiling(NumeroPartita/2);
				/*ceiling restituisce il piu' piccolo intero maggiore o uguale al numero passato**/
				insert into PARTECIPAZIONE VALUES (squadra1, "Ottavi");
            end if;
			/*Dopo aver inserito la squadra nella partita del turno successivo devo inserire l'istanza della relazione Partecipazione**/
			
		when 1 then
			if goal2 > goal1
			then
				update PARTITA P3
				set P3.Squadra1 = squadra2
				where P3.Turno = "Ottavi" and P3.Numero = ceiling(NumeroPartita/2);
				insert into PARTECIPAZIONE VALUES (squadra2, "Ottavi");
            elseif goal2 < goal1
            then
				update PARTITA P3
				set P3.Squadra1 = squadra1
				where P3.Turno = "Ottavi" and P3.Numero = ceiling(NumeroPartita/2);
				insert into PARTECIPAZIONE VALUES (squadra1, "Ottavi");
                /*ceiling restituisce il piu' piccolo intero maggiore o uguale al numero passato**/
			end if;
            /*Dopo aver inserito la squadra nella partita del turno successivo devo inserire l'istanza della relazione Partecipazione**/
			
		end case;
        
	when "Ottavi" then
		case NumeroPartita%2
		when 1 then
			if goal2 > goal1
			then
				update PARTITA P3
				set P3.Squadra1 = squadra2
				where P3.Turno = "Quarti" and P3.Numero = ceiling(NumeroPartita/2);
				insert into PARTECIPAZIONE VALUES (squadra2, "Quarti");
            elseif goal2 < goal1
            then
				update PARTITA P3
				set P3.Squadra1 = squadra1
				where P3.Turno = "Quarti" and P3.Numero = ceiling(NumeroPartita/2);
				/*ceiling restituisce il piu' piccolo intero maggiore o uguale al numero passato**/
				insert into PARTECIPAZIONE VALUES (squadra1, "Quarti");
            end if;
           
		when 0 then
			if goal2 > goal1
			then
				update PARTITA P3
				set P3.Squadra2 = squadra2
				where P3.Turno = "Quarti" and P3.Numero = ceiling(NumeroPartita/2);
				insert into PARTECIPAZIONE VALUES (squadra2, "Quarti");
            elseif goal2 < goal1
            then
				update PARTITA P3
				set P3.Squadra2 = squadra1
				where P3.Turno = "Quarti" and P3.Numero = ceiling(NumeroPartita/2);
				/*ceiling restituisce il piu' piccolo intero maggiore o uguale al numero passato**/
				insert into PARTECIPAZIONE VALUES (squadra1, "Quarti");
            end if;
          
		end case;
        
	when "Quarti" then
		case NumeroPartita%2
		when 1 then
			if goal2 > goal1
			then
				update PARTITA P3
				set P3.Squadra1 = squadra2
				where P3.Turno = "Semifinali" and P3.Numero = ceiling(NumeroPartita/2);
				insert into PARTECIPAZIONE VALUES (squadra2, "Semifinali");
            elseif goal2 < goal1
            then
				update PARTITA P3
				set P3.Squadra1 = squadra1
				where P3.Turno = "Semifinali" and P3.Numero = ceiling(NumeroPartita/2);
				/*ceiling restituisce il piu' piccolo intero maggiore o uguale al numero passato**/
				insert into PARTECIPAZIONE VALUES (squadra1, "Semifinali");
            end if;
		when 0 then
			if goal2 > goal1
			then
				update PARTITA P3
				set P3.Squadra2 = squadra2
				where P3.Turno = "Semifinali" and P3.Numero = ceiling(NumeroPartita/2);
				insert into PARTECIPAZIONE VALUES (squadra2, "Semifinali");
            elseif goal2 < goal1
            then
				update PARTITA P3
				set P3.Squadra2 = squadra1
				where P3.Turno = "Semifinali" and P3.Numero = ceiling(NumeroPartita/2);
				/*ceiling restituisce il piu' piccolo intero maggiore o uguale al numero passato**/
				insert into PARTECIPAZIONE VALUES (squadra1, "Semifinali");
            end if;
		end case;
        
	when "Semifinali" then
		case NumeroPartita%2
		when 1 then
			if goal2 > goal1
			then
				update PARTITA P3
				set P3.Squadra1 = squadra2
				where P3.Turno = "Finale" and P3.Numero = ceiling(NumeroPartita/2);
				insert into PARTECIPAZIONE VALUES (squadra2, "Finale");
            elseif goal2 < goal1
            then
				update PARTITA P3
				set P3.Squadra1 = squadra1
				where P3.Turno = "Finale" and P3.Numero = ceiling(NumeroPartita/2);
				/*ceiling restituisce il piu' piccolo intero maggiore o uguale al numero passato**/
				insert into PARTECIPAZIONE VALUES (squadra1, "Finale");
            end if;
		when 0 then
			if goal2 > goal1
			then
				update PARTITA P3
				set P3.Squadra2 = squadra2
				where P3.Turno = "Finale" and P3.Numero = ceiling(NumeroPartita/2);
				insert into PARTECIPAZIONE VALUES (squadra2, "Finale");
            elseif goal2 < goal1
            then
				update PARTITA P3
				set P3.Squadra2 = squadra1
				where P3.Turno = "Finale" and P3.Numero = ceiling(NumeroPartita/2);
				/*ceiling restituisce il piu' piccolo intero maggiore o uguale al numero passato**/
				insert into PARTECIPAZIONE VALUES (squadra1, "Finale");
            end if;
		end case;
        
	when "Finale" then
		if goal2 > goal1
			then
				insert into EDIZIONEPASSATA
                values(YEAR(CURDATE()), squadra2);
			elseif goal2 < goal1
            then
				insert into EDIZIONEPASSATA
                values(YEAR(CURDATE()), squadra1);
				/*ceiling restituisce il piu' piccolo intero maggiore o uguale al numero passato**/
		end if;	
    end case;
	commit;
END$$

DELIMITER ;

-- -----------------------------------------------------
-- procedure insert_cliente
-- -----------------------------------------------------

DELIMITER $$
USE `scommesse0226198`$$
CREATE DEFINER=`root`@`localhost` PROCEDURE `insert_cliente`(in cf VARCHAR(16), in nome VARCHAR(20), in cognome VARCHAR(20), in sesso CHAR(1), in luogonascita VARCHAR(20), in datanascita DATE, in comuneresidenza VARCHAR(20), in indirizzoresidenza VARCHAR(25), in telefono VARCHAR(11))
BEGIN
declare exit handler for sqlexception
    begin
        rollback;  -- rollback any changes made in the transaction
        resignal;  -- raise again the sql exception to the caller
    end;
    start transaction;
    INSERT INTO CLIENTE VALUES(cf,nome,cognome,sesso,luogonascita,datanascita,comuneresidenza,indirizzoresidenza,telefono);
    commit;
END$$

DELIMITER ;

-- -----------------------------------------------------
-- procedure insert_scommessa
-- -----------------------------------------------------

DELIMITER $$
USE `scommesse0226198`$$
CREATE DEFINER=`root`@`localhost` PROCEDURE `insert_scommessa`(in evento INT, in importo INT,in autore VARCHAR(16), in elaborata bool ,out ricevuta INT)
BEGIN

declare exit handler for sqlexception
    begin
        rollback;  -- rollback any changes made in the transaction
        resignal;  -- raise again the sql exception to the caller
    end;
    start transaction;
	INSERT INTO SCOMMESSA VALUES(NULL, evento, importo, autore, elaborata);
	SET ricevuta = (SELECT LAST_INSERT_ID());
    commit;

END$$

DELIMITER ;

-- -----------------------------------------------------
-- procedure verifica_scommessa
-- -----------------------------------------------------

DELIMITER $$
USE `scommesse0226198`$$
CREATE DEFINER=`root`@`localhost` PROCEDURE `verifica_scommessa`(in ricevuta INT, out vittoria BOOL, out vincita DOUBLE, out elaborata BOOL)
BEGIN
DECLARE temp1 CHAR;
DECLARE temp2 CHAR;
DECLARE temp3 DOUBLE;
DECLARE temp4 DOUBLE;
DECLARE temp5 DATE;
DECLARE temp6 TIME;
declare exit handler for sqlexception

    begin
        rollback;  -- rollback any changes made in the transaction
        resignal;  -- raise again the sql exception to the caller
    end;
    start transaction;
    IF NOT EXISTS (SELECT * FROM SCOMMESSA S WHERE S.Ricevuta = ricevuta)
    THEN SIGNAL SQLSTATE '45000' SET
        MESSAGE_TEXT = 'la scommessa indicata non e\' presente nel sistema';
    END IF;
    SET temp5 = (SELECT P.Data FROM SCOMMESSA S JOIN EVENTO E JOIN PARTITA P 
				ON S.Evento = E.Codice AND E.Partita = P.Numero AND E.Turno = P.Turno
                WHERE S.Ricevuta = ricevuta);
	SET temp6 = (SELECT P.OraInizio FROM SCOMMESSA S JOIN EVENTO E JOIN PARTITA P 
				ON S.Evento = E.Codice AND E.Partita = P.Numero AND E.Turno = P.Turno
                WHERE S.Ricevuta = ricevuta);
	IF CURDATE() < temp5 OR (CURDATE() = temp5 AND CURTIME() < temp6)
    THEN
    SIGNAL SQLSTATE '45000' SET
        MESSAGE_TEXT = 'la partita associata alla scommessa non e\' ancora stata disputata.';
	ELSE
		SET elaborata = (SELECT S.Elaborata FROM SCOMMESSA S WHERE S.Ricevuta = ricevuta);
		IF elaborata
		THEN
		SIGNAL SQLSTATE '45000' SET
			MESSAGE_TEXT = 'la scommessa e\' gia\' stata pagata!';
		ELSE
			SET temp1 = (SELECT E.Esito FROM SCOMMESSA S JOIN EVENTO E ON S.Evento = E.Codice WHERE S.Ricevuta = ricevuta);
			SET temp2 = (SELECT P.EsitoVincitore FROM SCOMMESSA S JOIN EVENTO E JOIN PARTITA P ON S.Evento = E.Codice and P.Numero = E.Partita and P.Turno = E.Turno WHERE S.Ricevuta = ricevuta);
			SET vittoria = (temp1 = temp2);
			IF(vittoria)
			THEN
				SET temp3 = (SELECT S.Importo FROM SCOMMESSA S WHERE S.Ricevuta = ricevuta);
				SET temp4 = (SELECT E.Quota FROM SCOMMESSA S JOIN EVENTO E ON S.Evento = E.Codice WHERE S.Ricevuta = ricevuta);
				SET vincita = (temp3 * temp4);
			ELSE
				SET vincita = 0;
			END IF;
			UPDATE SCOMMESSA S SET S.Elaborata = true WHERE S.Ricevuta = ricevuta;
		END IF;
	END IF;
    commit;
END$$

DELIMITER ;
USE `scommesse0226198`;

DELIMITER $$
USE `scommesse0226198`$$
CREATE DEFINER=`root`@`localhost` TRIGGER `scommesse0226198`.`ARBITRO_BEFORE_INSERT`
BEFORE INSERT ON `scommesse0226198`.`ARBITRO`
FOR EACH ROW
BEGIN
IF NEW.Recapito = any 
	(Select Recapito from scommesse0226198.CALCIATORE)
	THEN SIGNAL SQLSTATE '45000' SET
        MESSAGE_TEXT = 'recapito inserito non valido';
END IF;
IF NEW.Recapito = any 
	(Select Telefono from scommesse0226198.CLIENTE)
	THEN SIGNAL SQLSTATE '45000' SET
        MESSAGE_TEXT = 'recapito inserito non valido';
END IF;
END$$

USE `scommesse0226198`$$
CREATE DEFINER=`root`@`localhost` TRIGGER `scommesse0226198`.`TURNO_BEFORE_INSERT` BEFORE INSERT ON `TURNO` FOR EACH ROW
BEGIN
IF New.Nome <> "Qualificazioni" AND New.Nome <> "Ottavi" AND
		New.Nome <> "Quarti" AND New.Nome <> "Semifinali" AND
		New.Nome <> "Finale" 
        THEN SIGNAL SQLSTATE '45000' SET
        MESSAGE_TEXT = 'errore nel nome' ;
END IF;
IF NEW.DataInizio >= NEW.DataFine THEN SIGNAL SQLSTATE '45000' 
		SET MESSAGE_TEXT = 'errore nelle date';
END IF;
IF NEW.Nome = "Qualificazioni"
THEN IF NEW.DataInizio >= ANY (SELECT DataInizio FROM TURNO) THEN
        SIGNAL SQLSTATE '45000' SET MESSAGE_TEXT = 'errore nelle date';
	END IF;
END IF;
IF NEW.Nome = "Ottavi" THEN
	IF NEW.DataInizio >= ANY 
        (SELECT DataInizio
        FROM TURNO
        WHERE Nome <> "Qualificazioni") 
        THEN SIGNAL SQLSTATE '45000' SET MESSAGE_TEXT = 'errore nelle date';
	END IF;
	IF NEW.DataInizio < ANY 
        (SELECT DataFine FROM TURNO WHERE Nome = "Qualificazioni") 
        THEN SIGNAL SQLSTATE '45000' SET MESSAGE_TEXT = 'errore nelle date';
	END IF;
END IF;
IF NEW.Nome = "Quarti" THEN
	IF NEW.DataInizio >= ANY 
        (SELECT DataInizio
        FROM TURNO
        WHERE Nome <> "Qualificazioni" AND Nome <> "Ottavi") 
        THEN SIGNAL SQLSTATE '45000' SET MESSAGE_TEXT = 'errore nelle date';
	END IF;
	IF NEW.DataInizio < ANY 
        (SELECT DataFine FROM TURNO WHERE
        Nome = "Qualificazioni" OR Nome = "Ottavi") 
        THEN SIGNAL SQLSTATE '45000' SET MESSAGE_TEXT = 'errore nelle date';
	END IF;
END IF;
IF NEW.Nome = "Semifinali" THEN
	IF NEW.DataInizio >= ANY 
        (SELECT DataInizio
        FROM TURNO
        WHERE Nome <> "Qualificazioni" AND Nome <> "Ottavi" AND Nome <> "Quarti") 
        THEN SIGNAL SQLSTATE '45000' SET MESSAGE_TEXT = 'errore nelle date';
	END IF;
	IF NEW.DataInizio < ANY 
        (SELECT DataFine FROM TURNO WHERE
        Nome = "Qualificazioni" OR Nome = "Ottavi" OR Nome = "Quarti") 
        THEN SIGNAL SQLSTATE '45000' SET MESSAGE_TEXT = 'errore nelle date';
	END IF;
END IF;
IF NEW.Nome = "Finali" THEN
	IF NEW.DataInizio < ANY 
        (SELECT DataFine FROM TURNO WHERE
        Nome = "Qualificazioni" OR Nome = "Ottavi" OR Nome = "Quarti" OR Nome = "Semifinali") 
        THEN SIGNAL SQLSTATE '45000' SET MESSAGE_TEXT = 'errore nelle date';
	END IF;
END IF;    
END$$

USE `scommesse0226198`$$
CREATE
DEFINER=`root`@`localhost`
TRIGGER `scommesse0226198`.`CALCIATORE_BEFORE_INSERT`
BEFORE INSERT ON `scommesse0226198`.`CALCIATORE`
FOR EACH ROW
BEGIN
IF NEW.Squadra <> all 
	(Select Nazione from scommesse0226198.SQUADRA)
	THEN SIGNAL SQLSTATE '45000' SET
        MESSAGE_TEXT = 'squadra inserita non valida';
END IF;
IF NEW.Recapito = any 
	(Select Recapito from scommesse0226198.ARBITRO)
	THEN SIGNAL SQLSTATE '45000' SET
        MESSAGE_TEXT = 'recapito inserito non valido';
END IF;
IF NEW.Recapito = any 
	(Select Telefono from scommesse0226198.CLIENTE)
	THEN SIGNAL SQLSTATE '45000' SET
        MESSAGE_TEXT = 'recapito inserito non valido';
END IF;
END$$

USE `scommesse0226198`$$
CREATE
DEFINER=`root`@`localhost`
TRIGGER `scommesse0226198`.`CLIENTE_BEFORE_INSERT`
BEFORE INSERT ON `scommesse0226198`.`CLIENTE`
FOR EACH ROW
BEGIN
IF NEW.Telefono = any 
	(Select Recapito from scommesse0226198.CALCIATORE)
	THEN SIGNAL SQLSTATE '45000' SET
        MESSAGE_TEXT = 'recapito inserito non valido';
END IF;
IF NEW.Telefono = any 
	(Select Recapito from scommesse0226198.ARBITRO)
	THEN SIGNAL SQLSTATE '45000' SET
        MESSAGE_TEXT = 'recapito inserito non valido';
END IF;
END$$

USE `scommesse0226198`$$
CREATE DEFINER=`root`@`localhost` TRIGGER `scommesse0226198`.`PARTITA_BEFORE_INSERT`
BEFORE INSERT ON `scommesse0226198`.`PARTITA`
FOR EACH ROW
BEGIN
DECLARE startdate DATE;
DECLARE enddate DATE;
IF not exists (select * from TURNO where Nome = NEW.Turno)
THEN  
SIGNAL SQLSTATE '45000' SET
        MESSAGE_TEXT = 'bisogna inserire prima il turno della partita che vi appartiene.';
END IF;
IF NEW.Turno = "Qualificazioni"
    THEN 
    SET startdate = (select DataInizio from TURNO where Nome = "Qualificazioni");
	SET enddate = (select DataFine from TURNO where Nome = "Qualificazioni");
	IF NEW.Data < startdate OR NEW.Data > enddate
    THEN SIGNAL SQLSTATE '45000' SET
        MESSAGE_TEXT = 'la partita deve essere giocata tra la data di inizio e la data di fine del turno a cui appartiene.';
	END IF;
    IF 16 <= (select count(*)
					from PARTITA
                    where Turno = NEW.Turno)
		THEN SIGNAL SQLSTATE '45000' SET
        MESSAGE_TEXT = 'le qualificazioni non accettano altre partite';
        END IF;
ELSEIF NEW.Turno = "Ottavi"
	THEN 
    SET startdate = (select DataInizio from TURNO where Nome = "Ottavi");
	SET enddate = (select DataFine from TURNO where Nome = "Ottavi");
	IF NEW.Data < startdate OR NEW.Data > enddate
    THEN SIGNAL SQLSTATE '45000' SET
        MESSAGE_TEXT = 'la partita deve essere giocata tra la data di inizio e la data di fine del turno a cui appartiene.';
	END IF;
    IF 8 <= (select count(*)
					from PARTITA
                    where Turno = NEW.Turno)
		THEN SIGNAL SQLSTATE '45000' SET
        MESSAGE_TEXT = 'gli ottavi non accettano altre partite';
        END IF;
ELSEIF NEW.Turno = "Quarti"
	THEN 
    SET startdate = (select DataInizio from TURNO where Nome = "Quarti");
	SET enddate = (select DataFine from TURNO where Nome = "Quarti");
	IF NEW.Data < startdate OR NEW.Data > enddate
    THEN SIGNAL SQLSTATE '45000' SET
        MESSAGE_TEXT = 'la partita deve essere giocata tra la data di inizio e la data di fine del turno a cui appartiene.';
	END IF;
    IF 4 <= (select count(*)
					from PARTITA
                    where Turno = NEW.Turno)
		THEN SIGNAL SQLSTATE '45000' SET
        MESSAGE_TEXT = 'i quarti non accettano altre partite';
        END IF;
ELSEIF NEW.Turno = "Semifinali"
	THEN 
    SET startdate = (select DataInizio from TURNO where Nome = "Semifinali");
	SET enddate = (select DataFine from TURNO where Nome = "Semifinali");
	IF NEW.Data < startdate OR NEW.Data > enddate
    THEN SIGNAL SQLSTATE '45000' SET
        MESSAGE_TEXT = 'la partita deve essere giocata tra la data di inizio e la data di fine del turno a cui appartiene.';
	END IF;
    IF 2 <= (select count(*)
					from PARTITA
                    where Turno = NEW.Turno)
		THEN SIGNAL SQLSTATE '45000' SET
        MESSAGE_TEXT = 'le semifinali non accettano altre partite';
        END IF;
ELSEIF NEW.Turno = "Finale"
	THEN 
    SET startdate = (select DataInizio from TURNO where Nome = "Finale");
	SET enddate = (select DataFine from TURNO where Nome = "Finale");
	IF NEW.Data < startdate OR NEW.Data > enddate
    THEN SIGNAL SQLSTATE '45000' SET
        MESSAGE_TEXT = 'la partita deve essere giocata tra la data di inizio e la data di fine del turno a cui appartiene.';
	END IF;
    IF 1 <= (select count(*)
					from PARTITA
                    where Turno = NEW.Turno)
		THEN SIGNAL SQLSTATE '45000' SET
        MESSAGE_TEXT = 'la finale non accetta altre partite';
        END IF;
END IF;
IF NEW.Squadra1 in (select Squadra1 from PARTITA where Turno = NEW.Turno) OR NEW.Squadra1 in (select Squadra2 from PARTITA where Turno = NEW.Turno)
	THEN SIGNAL SQLSTATE '45000' SET
        MESSAGE_TEXT = 'le squadre non possono partecipare a 2 partite dello stesso turno';
END IF;
IF NEW.Squadra2 in (select Squadra1 from PARTITA where Turno = NEW.Turno) OR NEW.Squadra2 in (select Squadra2 from PARTITA where Turno = NEW.Turno)
	THEN SIGNAL SQLSTATE '45000' SET
        MESSAGE_TEXT = 'le squadre non possono partecipare a 2 partite dello stesso turno';
END IF;
END$$

USE `scommesse0226198`$$
CREATE DEFINER=`root`@`localhost` TRIGGER `scommesse0226198`.`PARTITA_AFTER_INSERT` AFTER INSERT ON `PARTITA` FOR EACH ROW
BEGIN
DECLARE old_num_pres INT;
DECLARE new_num_pres INT;
IF NEW.Arbitro is not NULL
THEN
SET old_num_pres = (SELECT NumeroPresenze FROM scommesse0226198.ARBITRO WHERE Nome = NEW.Arbitro);
SET new_num_pres = old_num_pres+1;
UPDATE scommesse0226198.ARBITRO SET ARBITRO.NumeroPresenze = new_num_pres WHERE Nome = NEW.Arbitro;
END IF;
IF NEW.Squadra1 is not NULL
THEN INSERT INTO PARTECIPAZIONE VALUES(NEW.Squadra1, NEW.Turno);
END IF;
IF NEW.Squadra1 is not NULL
THEN INSERT INTO PARTECIPAZIONE VALUES(NEW.Squadra2, NEW.Turno);
END IF;
END$$

USE `scommesse0226198`$$
CREATE DEFINER=`root`@`localhost` TRIGGER `scommesse0226198`.`PARTITA_AFTER_UPDATE` AFTER UPDATE ON `PARTITA` FOR EACH ROW
BEGIN
DECLARE old_num_pres INT;
DECLARE new_num_pres INT;
IF OLD.Arbitro is not NULL
THEN
SET old_num_pres = (SELECT NumeroPresenze FROM ARBITRO WHERE Nome = OLD.Arbitro);
SET new_num_pres = old_num_pres - 1 ;
UPDATE ARBITRO SET NumeroPresenze = new_num_pres WHERE Nome = OLD.Arbitro;
END IF; 

IF NEW.Arbitro is not NULL
THEN
SET old_num_pres = (SELECT NumeroPresenze FROM ARBITRO WHERE Nome = NEW.Arbitro);
SET new_num_pres = old_num_pres + 1 ;
UPDATE ARBITRO SET NumeroPresenze = new_num_pres WHERE Nome = NEW.Arbitro;
END IF;
END$$

USE `scommesse0226198`$$
CREATE DEFINER=`root`@`localhost` TRIGGER `scommesse0226198`.`PARTITA_AFTER_DELETE` AFTER DELETE ON `PARTITA` FOR EACH ROW
BEGIN
DECLARE old_numpres INT;
DECLARE new_numpres INT;
IF OLD.Squadra1 is not NULL
THEN DELETE FROM PARTECIPAZIONE WHERE Squadra = OLD.Squadra1 and Turno = OLD.Turno;
END IF;
IF OLD.Squadra2 is not NULL
THEN DELETE FROM PARTECIPAZIONE WHERE Squadra = OLD.Squadra2 and Turno = OLD.Turno;
END IF;
IF OLD.Arbitro is not NULL
THEN
SET old_numpres = (select NumeroPresenze from Arbitro where Nome = OLD.Arbitro);
SET new_numpres = old_numpres -1;
UPDATE Arbitro SET NumeroPresenze = new_numpres WHERE Nome = OLD.Arbitro;
END IF; 
END$$

USE `scommesse0226198`$$
CREATE
DEFINER=`root`@`localhost`
TRIGGER `scommesse0226198`.`EVENTO_BEFORE_INSERT`
BEFORE INSERT ON `scommesse0226198`.`EVENTO`
FOR EACH ROW
BEGIN
IF new.quota < 1.0 or (new.esito <> '1' and new.esito <> '2' and
	new.esito <> 'X')
    THEN SIGNAL SQLSTATE '45000' SET
        MESSAGE_TEXT = 'quota minore di 1 o esito non valido';
END IF;
END$$

USE `scommesse0226198`$$
CREATE
DEFINER=`root`@`localhost`
TRIGGER `scommesse0226198`.`EVENTO_BEFORE_UPDATE`
BEFORE UPDATE ON `scommesse0226198`.`EVENTO`
FOR EACH ROW
BEGIN
IF new.quota < 1.0
    THEN SIGNAL SQLSTATE '45000' SET
        MESSAGE_TEXT = 'non puo\' esistere una quota minore di 1';
END IF;
END$$

USE `scommesse0226198`$$
CREATE DEFINER=`root`@`localhost` TRIGGER `scommesse0226198`.`GOAL_BEFORE_INSERT` BEFORE INSERT ON `GOAL` FOR EACH ROW
BEGIN
DECLARE temp1 BOOL;
DECLARE temp2 BOOL;
DECLARE squadra1 VARCHAR(20);
DECLARE squadra2 VARCHAR(20);
DECLARE vardata DATE;
DECLARE vartempo TIME;
DECLARE esitotempireg CHAR(1);
SET vardata = (select P.Data FROM PARTITA P WHERE P.Numero = NEW.Partita AND P.Turno = NEW.Turno);
SET vartempo = (select P.OraInizio FROM PARTITA P WHERE P.Numero = NEW.Partita AND P.Turno = NEW.Turno);
IF CURDATE() < vardata OR (CURDATE() = vardata AND CURTIME() < vartempo)
THEN SIGNAL SQLSTATE '45000' SET
        MESSAGE_TEXT = 'non si puo\' inserire un goal per una partita non ancora iniziata.';
END IF;
IF EXISTS (select * from GOAL where NEW.Calciatore = Calciatore and NEW.Turno = Turno and New.Partita <> Partita)
THEN SIGNAL SQLSTATE '45000' SET
        MESSAGE_TEXT = 'non possono esistere due goal dello stesso giocatore relativi a due partite diverse dello stesso turno';
END IF;
SET squadra1 = (select P.squadra1 from PARTITA P where P.Numero = NEW.Partita and P.Turno = NEW.Turno);
SET squadra2 = (select P.squadra2 from PARTITA P where P.Numero = NEW.Partita and P.Turno = NEW.Turno);
SET temp1 = (NEW.Calciatore in (select C.Nome from CALCIATORE C where C.Squadra = squadra1));
SET temp2 = (NEW.Calciatore in (select C.Nome from CALCIATORE C where C.Squadra = squadra2));
IF temp1 = false AND temp2 = false
THEN SIGNAL SQLSTATE '45000' SET
        MESSAGE_TEXT = 'il giocatore specificato non gioca in questa partita';
END IF;
SET esitotempireg = (select distinct P.EsitoVincitore from PARTITA P where P.Numero = NEW.Partita and P.Turno = NEW.Turno);
IF esitotempireg <> 'X' and NEW.Minuto > 100
THEN SIGNAL SQLSTATE '45000' SET
        MESSAGE_TEXT = 'non si puo\' inserire un goal per i supplementari se nei tempi regolamentari non si ha un pareggio';
END IF;
END$$

USE `scommesse0226198`$$
CREATE DEFINER=`root`@`localhost` TRIGGER `scommesse0226198`.`GOAL_AFTER_INSERT`
AFTER INSERT ON `scommesse0226198`.`GOAL`
FOR EACH ROW
BEGIN

	#aggiorna esito:
DECLARE var1 INT; #per i goal della squadra del calciatore di cui sto inserendo il goal
DECLARE var2 INT; #per i goal totali della partita
DECLARE team VARCHAR(20);

SET var1 = (select count(*)
			from GOAL G join CALCIATORE C on G.Calciatore = C.Nome
			where G.Turno = NEW.Turno
			and G.Partita = NEW.Partita
			and G.Minuto <=100
			and C.Squadra = (select C2.Squadra
							from CALCIATORE C2
							where C2.Nome = NEW.Calciatore));
SET var2 = (select count(*)
			from GOAL G
			where G.Turno = NEW.Turno and G.Partita = NEW.Partita and G.Minuto<=100);
SET team = (select distinct C.Squadra from GOAL G join CALCIATORE C on G.Calciatore = C.Nome where C.Nome = NEW.Calciatore);
 
IF var2-var1 > var1
	THEN IF team = (select Squadra1 from PARTITA P where NEW.Partita = P.Numero and NEW.Turno = P.Turno) 
		THEN UPDATE PARTITA SET EsitoVincitore = '2' WHERE Turno = NEW.Turno and Numero = NEW.Partita;
		
	ELSEIF team = (select Squadra2 from PARTITA P where NEW.Partita = P.Numero and NEW.Turno = P.Turno) 
		THEN UPDATE PARTITA SET EsitoVincitore = '1' WHERE Turno = NEW.Turno and Numero = NEW.Partita;
			
	END IF;
 
ELSEIF var2-var1 = var1
	THEN IF team = (select Squadra1 from PARTITA P where NEW.Partita = P.Numero and NEW.Turno = P.Turno) 
		THEN UPDATE PARTITA SET EsitoVincitore = 'X' WHERE Turno = NEW.Turno and Numero = NEW.Partita;
 
	ELSEIF team = (select Squadra2 from PARTITA P where NEW.Partita = P.Numero and NEW.Turno = P.Turno) 
		THEN UPDATE PARTITA SET EsitoVincitore = 'X' WHERE Turno = NEW.Turno and Numero = NEW.Partita;
 
	END IF;
ELSEIF var2-var1 < var1
	THEN IF team = (select Squadra1 from PARTITA P where NEW.Partita = P.Numero and NEW.Turno = P.Turno) 
		THEN UPDATE PARTITA SET EsitoVincitore = '1' WHERE Turno = NEW.Turno and Numero = NEW.Partita;
 
	ELSEIF team = (select Squadra2 from PARTITA P where NEW.Partita = P.Numero and NEW.Turno = P.Turno) 
		THEN UPDATE PARTITA SET EsitoVincitore = '2' WHERE Turno = NEW.Turno and Numero = NEW.Partita;
	END IF;
 
END IF;

END$$

USE `scommesse0226198`$$
CREATE DEFINER=`root`@`localhost` TRIGGER `scommesse0226198`.`PARTECIPAZIONE_BEFORE_INSERT`
BEFORE INSERT ON `scommesse0226198`.`PARTECIPAZIONE`
FOR EACH ROW
BEGIN
IF NEW.Turno = "Qualificazione"
	THEN IF 32 < (select count(*)
					from PARTECIPAZIONE
                    where Turno = NEW.Turno)
		THEN SIGNAL SQLSTATE '45000' SET
        MESSAGE_TEXT = 'troppe squadre partecipano alle qualificazioni';
        END IF;
ELSEIF NEW.Turno = "Ottavi"
	THEN IF 16 <= (select count(*)
					from PARTECIPAZIONE
                    where Turno = NEW.Turno)
		THEN SIGNAL SQLSTATE '45000' SET
        MESSAGE_TEXT = 'troppe squadre partecipano agli ottavi';
        END IF;
ELSEIF NEW.Turno = "Quarti"
	THEN IF 8 <= (select count(*)
					from PARTECIPAZIONE
                    where Turno = NEW.Turno)
		THEN SIGNAL SQLSTATE '45000' SET
        MESSAGE_TEXT = 'troppe squadre partecipano ai quarti';
        END IF;
ELSEIF NEW.Turno = "Semifinali"
	THEN IF 4 <= (select count(*)
					from PARTECIPAZIONE
                    where Turno = NEW.Turno)
		THEN SIGNAL SQLSTATE '45000' SET
        MESSAGE_TEXT = 'troppe squadre partecipano alle semifinali';
        END IF;
ELSEIF NEW.Turno = "Finale"
	THEN IF 2 <= (select count(*)
					from PARTECIPAZIONE
                    where Turno = NEW.Turno)
		THEN SIGNAL SQLSTATE '45000' SET
        MESSAGE_TEXT = 'troppe squadre partecipano alla finale';
        END IF;
END IF;
END$$

USE `scommesse0226198`$$
CREATE DEFINER=`root`@`localhost` TRIGGER `scommesse0226198`.`SCOMMESSA_BEFORE_INSERT` BEFORE INSERT ON `SCOMMESSA` FOR EACH ROW
BEGIN
DECLARE var1 date;
DECLARE var2 time;
SET var1 = (SELECT P.Data FROM EVENTO E JOIN PARTITA P ON E.Partita = P.Numero AND E.Turno = P.Turno WHERE E.Codice = NEW.Evento);
SET var2 = (SELECT P.OraInizio FROM EVENTO E JOIN PARTITA P ON E.Partita = P.Numero AND E.Turno = P.Turno WHERE E.Codice = NEW.Evento);
IF CURTIME() > var2 AND CURDATE() >= var1
THEN
SIGNAL SQLSTATE '45000' SET
MESSAGE_TEXT = 'Non sono ammesse scommesse dopo l\'inizio di un evento.';
END IF;
END$$


DELIMITER ;
CREATE USER 'gestore' IDENTIFIED BY 'gestore';
GRANT INSERT,SELECT,UPDATE,DELETE ON TABLE `scommesse0226198`.`ARBITRO` TO 'gestore';
GRANT INSERT,SELECT,UPDATE,DELETE ON TABLE `scommesse0226198`.`CALCIATORE` TO 'gestore';
GRANT INSERT,SELECT,UPDATE,DELETE ON TABLE `scommesse0226198`.`CLIENTE` TO 'gestore';
GRANT INSERT,SELECT,UPDATE,DELETE ON TABLE `scommesse0226198`.`EDIZIONEPASSATA` TO 'gestore';
GRANT INSERT,SELECT,UPDATE,DELETE ON TABLE `scommesse0226198`.`EVENTO` TO 'gestore';
GRANT INSERT,SELECT,UPDATE,DELETE ON TABLE `scommesse0226198`.`GOAL` TO 'gestore';
GRANT INSERT,SELECT,UPDATE,DELETE ON TABLE `scommesse0226198`.`PARTECIPAZIONE` TO 'gestore';
GRANT INSERT,SELECT,UPDATE,DELETE ON TABLE `scommesse0226198`.`PARTITA` TO 'gestore';
GRANT INSERT,SELECT,UPDATE,DELETE ON TABLE `scommesse0226198`.`SCOMMESSA` TO 'gestore';
GRANT INSERT,SELECT,UPDATE,DELETE ON TABLE `scommesse0226198`.`SQUADRA` TO 'gestore';
GRANT INSERT,SELECT,UPDATE,DELETE ON TABLE `scommesse0226198`.`TURNO` TO 'gestore';
GRANT INSERT,SELECT,UPDATE,DELETE ON TABLE `scommesse0226198`.`UTENTE` TO 'gestore';
GRANT EXECUTE ON PROCEDURE `scommesse0226198`.`insert_scommessa` to 'gestore';
GRANT EXECUTE ON PROCEDURE `scommesse0226198`.`verifica_scommessa` to 'gestore';
GRANT EXECUTE ON PROCEDURE `scommesse0226198`.`insert_cliente` to 'gestore';
GRANT EXECUTE ON PROCEDURE `scommesse0226198`.`Passa_Turno` to 'gestore';

CREATE USER 'addetto' IDENTIFIED BY 'addetto';
GRANT INSERT,SELECT,UPDATE,DELETE ON TABLE `scommesse0226198`.`SCOMMESSA` TO 'addetto';
GRANT INSERT,SELECT,UPDATE,DELETE ON TABLE `scommesse0226198`.`CLIENTE` TO 'addetto';
GRANT SELECT ON TABLE `scommesse0226198`.`CALCIATORE` TO 'addetto';
GRANT SELECT ON TABLE `scommesse0226198`.`EVENTO` TO 'addetto';
GRANT SELECT ON TABLE `scommesse0226198`.`PARTITA` TO 'addetto';
GRANT SELECT ON TABLE `scommesse0226198`.`UTENTE` TO 'addetto';
GRANT EXECUTE ON PROCEDURE `scommesse0226198`.`insert_scommessa` to 'addetto';
GRANT EXECUTE ON PROCEDURE `scommesse0226198`.`verifica_scommessa` to 'addetto';
GRANT EXECUTE ON PROCEDURE `scommesse0226198`.`insert_cliente` to 'addetto';
GRANT EXECUTE ON PROCEDURE `scommesse0226198`.`Passa_Turno` to 'addetto';



-- -----------------------------------------------------
-- Data for table `scommesse0226198`.`ARBITRO`
-- -----------------------------------------------------
START TRANSACTION;
USE `scommesse0226198`;
INSERT INTO `scommesse0226198`.`ARBITRO` (`Nome`, `Recapito`, `NumeroPresenze`) VALUES ('Arvin Haugland', '3330000018', 0);
INSERT INTO `scommesse0226198`.`ARBITRO` (`Nome`, `Recapito`, `NumeroPresenze`) VALUES ('Charles Wood', '3330000016', 0);
INSERT INTO `scommesse0226198`.`ARBITRO` (`Nome`, `Recapito`, `NumeroPresenze`) VALUES ('Costanzo Pisani', '3330000001', 0);
INSERT INTO `scommesse0226198`.`ARBITRO` (`Nome`, `Recapito`, `NumeroPresenze`) VALUES ('David L. Clausen', '3330000006', 0);
INSERT INTO `scommesse0226198`.`ARBITRO` (`Nome`, `Recapito`, `NumeroPresenze`) VALUES ('Gabelo Mata', '3330000011', 0);
INSERT INTO `scommesse0226198`.`ARBITRO` (`Nome`, `Recapito`, `NumeroPresenze`) VALUES ('Guilherme Barros', '3330000015', 0);
INSERT INTO `scommesse0226198`.`ARBITRO` (`Nome`, `Recapito`, `NumeroPresenze`) VALUES ('Harry Clark', '3330000017', 0);
INSERT INTO `scommesse0226198`.`ARBITRO` (`Nome`, `Recapito`, `NumeroPresenze`) VALUES ('Jason Lundberg', '3330000000', 0);
INSERT INTO `scommesse0226198`.`ARBITRO` (`Nome`, `Recapito`, `NumeroPresenze`) VALUES ('Jeoffroi Morneau', '3330000014', 0);
INSERT INTO `scommesse0226198`.`ARBITRO` (`Nome`, `Recapito`, `NumeroPresenze`) VALUES ('Kian Glover', '3330000003', 0);
INSERT INTO `scommesse0226198`.`ARBITRO` (`Nome`, `Recapito`, `NumeroPresenze`) VALUES ('Klag Ilonari', '3330000008', 0);
INSERT INTO `scommesse0226198`.`ARBITRO` (`Nome`, `Recapito`, `NumeroPresenze`) VALUES ('Louis Lapointe', '3330000002', 0);
INSERT INTO `scommesse0226198`.`ARBITRO` (`Nome`, `Recapito`, `NumeroPresenze`) VALUES ('Omar Fagervold', '3330000004', 0);
INSERT INTO `scommesse0226198`.`ARBITRO` (`Nome`, `Recapito`, `NumeroPresenze`) VALUES ('Piotr Sobczako', '3330000012', 0);
INSERT INTO `scommesse0226198`.`ARBITRO` (`Nome`, `Recapito`, `NumeroPresenze`) VALUES ('Ramiro Manna', '3330000013', 0);
INSERT INTO `scommesse0226198`.`ARBITRO` (`Nome`, `Recapito`, `NumeroPresenze`) VALUES ('Rocco Rossi', '3330000009', 0);
INSERT INTO `scommesse0226198`.`ARBITRO` (`Nome`, `Recapito`, `NumeroPresenze`) VALUES ('Romain Laderoute', '3330000019', 0);
INSERT INTO `scommesse0226198`.`ARBITRO` (`Nome`, `Recapito`, `NumeroPresenze`) VALUES ('Seth Martin', '3330000010', 0);
INSERT INTO `scommesse0226198`.`ARBITRO` (`Nome`, `Recapito`, `NumeroPresenze`) VALUES ('Togo Bolger', '3330000007', 0);
INSERT INTO `scommesse0226198`.`ARBITRO` (`Nome`, `Recapito`, `NumeroPresenze`) VALUES ('Tomas Reichl', '3330000005', 0);

COMMIT;


-- -----------------------------------------------------
-- Data for table `scommesse0226198`.`SQUADRA`
-- -----------------------------------------------------
START TRANSACTION;
USE `scommesse0226198`;
INSERT INTO `scommesse0226198`.`SQUADRA` (`Nazione`, `Allenatore`) VALUES ('Danimarca', 'Age Hareide');
INSERT INTO `scommesse0226198`.`SQUADRA` (`Nazione`, `Allenatore`) VALUES ('Grecia', 'Aggelos Archimedeos');
INSERT INTO `scommesse0226198`.`SQUADRA` (`Nazione`, `Allenatore`) VALUES ('Moldavia', 'Alexandru Spiridon');
INSERT INTO `scommesse0226198`.`SQUADRA` (`Nazione`, `Allenatore`) VALUES ('Ucraina', 'Andrij Sevcenko');
INSERT INTO `scommesse0226198`.`SQUADRA` (`Nazione`, `Allenatore`) VALUES ('Kosovo', 'Bernard Challandes');
INSERT INTO `scommesse0226198`.`SQUADRA` (`Nazione`, `Allenatore`) VALUES ('Romania', 'Cosmin Contra');
INSERT INTO `scommesse0226198`.`SQUADRA` (`Nazione`, `Allenatore`) VALUES ('Francia', 'Didier Deschamps');
INSERT INTO `scommesse0226198`.`SQUADRA` (`Nazione`, `Allenatore`) VALUES ('Albania', 'Edoardo Reja');
INSERT INTO `scommesse0226198`.`SQUADRA` (`Nazione`, `Allenatore`) VALUES ('Islanda', 'Erik Hamren');
INSERT INTO `scommesse0226198`.`SQUADRA` (`Nazione`, `Allenatore`) VALUES ('Portogallo', 'Fernando Santos');
INSERT INTO `scommesse0226198`.`SQUADRA` (`Nazione`, `Allenatore`) VALUES ('Austria', 'Franco Foda');
INSERT INTO `scommesse0226198`.`SQUADRA` (`Nazione`, `Allenatore`) VALUES ('San Marino', 'Franco Varrella');
INSERT INTO `scommesse0226198`.`SQUADRA` (`Nazione`, `Allenatore`) VALUES ('Inghilterra', 'Gareth Southgate');
INSERT INTO `scommesse0226198`.`SQUADRA` (`Nazione`, `Allenatore`) VALUES ('Liechtenstein', 'Helgi Kolviosson');
INSERT INTO `scommesse0226198`.`SQUADRA` (`Nazione`, `Allenatore`) VALUES ('Macedonia del Nord', 'Igor Angelovski');
INSERT INTO `scommesse0226198`.`SQUADRA` (`Nazione`, `Allenatore`) VALUES ('Bielorussia', 'Igor Kriushenko');
INSERT INTO `scommesse0226198`.`SQUADRA` (`Nazione`, `Allenatore`) VALUES ('Svezia', 'Jan Andersson');
INSERT INTO `scommesse0226198`.`SQUADRA` (`Nazione`, `Allenatore`) VALUES ('Germania', 'Jaochim Loew');
INSERT INTO `scommesse0226198`.`SQUADRA` (`Nazione`, `Allenatore`) VALUES ('Repubblica Ceca', 'Jaroslav Silhavy');
INSERT INTO `scommesse0226198`.`SQUADRA` (`Nazione`, `Allenatore`) VALUES ('Polonia', 'Jerzy Brzeczek');
INSERT INTO `scommesse0226198`.`SQUADRA` (`Nazione`, `Allenatore`) VALUES ('Gibilterra', 'Julio Cesar Ribas');
INSERT INTO `scommesse0226198`.`SQUADRA` (`Nazione`, `Allenatore`) VALUES ('Andorra', 'Koldo');
INSERT INTO `scommesse0226198`.`SQUADRA` (`Nazione`, `Allenatore`) VALUES ('Bulgaria', 'Krasimir Balakov');
INSERT INTO `scommesse0226198`.`SQUADRA` (`Nazione`, `Allenatore`) VALUES ('Norvegia', 'Lars Lagerback');
INSERT INTO `scommesse0226198`.`SQUADRA` (`Nazione`, `Allenatore`) VALUES ('Lussemburgo', 'Luc Holtz');
INSERT INTO `scommesse0226198`.`SQUADRA` (`Nazione`, `Allenatore`) VALUES ('Ungheria', 'Marco Rossi');
INSERT INTO `scommesse0226198`.`SQUADRA` (`Nazione`, `Allenatore`) VALUES ('Finlandia', 'Markku Kanerva');
INSERT INTO `scommesse0226198`.`SQUADRA` (`Nazione`, `Allenatore`) VALUES ('Estonia', 'Martin Reim');
INSERT INTO `scommesse0226198`.`SQUADRA` (`Nazione`, `Allenatore`) VALUES ('Slovenia', 'Matjaz Kek');
INSERT INTO `scommesse0226198`.`SQUADRA` (`Nazione`, `Allenatore`) VALUES ('Irlanda del Nord', 'Michael ONeill');
INSERT INTO `scommesse0226198`.`SQUADRA` (`Nazione`, `Allenatore`) VALUES ('Irlanda', 'Mick McCarthy');
INSERT INTO `scommesse0226198`.`SQUADRA` (`Nazione`, `Allenatore`) VALUES ('Montenegro', 'Miodrag Dzudovic');
INSERT INTO `scommesse0226198`.`SQUADRA` (`Nazione`, `Allenatore`) VALUES ('Serbia', 'Mladen Krstajic');
INSERT INTO `scommesse0226198`.`SQUADRA` (`Nazione`, `Allenatore`) VALUES ('Slovacchia', 'Pavel Hapal');
INSERT INTO `scommesse0226198`.`SQUADRA` (`Nazione`, `Allenatore`) VALUES ('Malta', 'Ray Farrugia');
INSERT INTO `scommesse0226198`.`SQUADRA` (`Nazione`, `Allenatore`) VALUES ('Spagna', 'Robert Moreno');
INSERT INTO `scommesse0226198`.`SQUADRA` (`Nazione`, `Allenatore`) VALUES ('Bosnia ed Erzegovina', 'Robert Prosinecki');
INSERT INTO `scommesse0226198`.`SQUADRA` (`Nazione`, `Allenatore`) VALUES ('Italia', 'Roberto Mancini');
INSERT INTO `scommesse0226198`.`SQUADRA` (`Nazione`, `Allenatore`) VALUES ('Belgio', 'Roberto Martinez');
INSERT INTO `scommesse0226198`.`SQUADRA` (`Nazione`, `Allenatore`) VALUES ('Paesi Bassi', 'Ronald Koeman');
INSERT INTO `scommesse0226198`.`SQUADRA` (`Nazione`, `Allenatore`) VALUES ('Galles', 'Ryan Giggs');
INSERT INTO `scommesse0226198`.`SQUADRA` (`Nazione`, `Allenatore`) VALUES ('Scozia', 'Steve Clarke');
INSERT INTO `scommesse0226198`.`SQUADRA` (`Nazione`, `Allenatore`) VALUES ('Lituania', 'Valdas Urbonas');
INSERT INTO `scommesse0226198`.`SQUADRA` (`Nazione`, `Allenatore`) VALUES ('Svizzera', 'Vladimir Petkovic');
INSERT INTO `scommesse0226198`.`SQUADRA` (`Nazione`, `Allenatore`) VALUES ('Croazia', 'Zlatko Dalic');

COMMIT;


-- -----------------------------------------------------
-- Data for table `scommesse0226198`.`CALCIATORE`
-- -----------------------------------------------------
START TRANSACTION;
USE `scommesse0226198`;
INSERT INTO `scommesse0226198`.`CALCIATORE` (`Nome`, `Recapito`, `Squadra`, `NumeroMaglia`) VALUES ('Aaron Hughes', '3460000314', 'Irlanda del Nord', 18);
INSERT INTO `scommesse0226198`.`CALCIATORE` (`Nome`, `Recapito`, `Squadra`, `NumeroMaglia`) VALUES ('Aaron Payas', '3460001076', 'Gibilterra', 8);
INSERT INTO `scommesse0226198`.`CALCIATORE` (`Nome`, `Recapito`, `Squadra`, `NumeroMaglia`) VALUES ('Aaron Ramsey', '3460000202', 'Galles', 10);
INSERT INTO `scommesse0226198`.`CALCIATORE` (`Nome`, `Recapito`, `Squadra`, `NumeroMaglia`) VALUES ('Aarón Sanchez', '3460001013', 'Andorra', 9);
INSERT INTO `scommesse0226198`.`CALCIATORE` (`Nome`, `Recapito`, `Squadra`, `NumeroMaglia`) VALUES ('Adam Davies', '3460000192', 'Galles', 21);
INSERT INTO `scommesse0226198`.`CALCIATORE` (`Nome`, `Recapito`, `Squadra`, `NumeroMaglia`) VALUES ('Adam Kovacsik', '3460000674', 'Ungheria', 22);
INSERT INTO `scommesse0226198`.`CALCIATORE` (`Nome`, `Recapito`, `Squadra`, `NumeroMaglia`) VALUES ('Adam Lang', '3460000677', 'Ungheria', 99);
INSERT INTO `scommesse0226198`.`CALCIATORE` (`Nome`, `Recapito`, `Squadra`, `NumeroMaglia`) VALUES ('Adam Marusic', '3460001046', 'Montenegro', 23);
INSERT INTO `scommesse0226198`.`CALCIATORE` (`Nome`, `Recapito`, `Squadra`, `NumeroMaglia`) VALUES ('Adam Nagy', '3460000684', 'Ungheria', 8);
INSERT INTO `scommesse0226198`.`CALCIATORE` (`Nome`, `Recapito`, `Squadra`, `NumeroMaglia`) VALUES ('Adam Priestley', '3460001081', 'Gibilterra', 22);
INSERT INTO `scommesse0226198`.`CALCIATORE` (`Nome`, `Recapito`, `Squadra`, `NumeroMaglia`) VALUES ('Adam Szalai', '3460000693', 'Ungheria', 9);
INSERT INTO `scommesse0226198`.`CALCIATORE` (`Nome`, `Recapito`, `Squadra`, `NumeroMaglia`) VALUES ('Adem Ljajic', '3460000400', 'Serbia', 22);
INSERT INTO `scommesse0226198`.`CALCIATORE` (`Nome`, `Recapito`, `Squadra`, `NumeroMaglia`) VALUES ('Adnan Januzaj', '3460000072', 'Belgio', 18);
INSERT INTO `scommesse0226198`.`CALCIATORE` (`Nome`, `Recapito`, `Squadra`, `NumeroMaglia`) VALUES ('Aiden O Brien', '3460000302', 'Irlanda', 18);
INSERT INTO `scommesse0226198`.`CALCIATORE` (`Nome`, `Recapito`, `Squadra`, `NumeroMaglia`) VALUES ('Alan Browne', '3460000294', 'Irlanda', 6);
INSERT INTO `scommesse0226198`.`CALCIATORE` (`Nome`, `Recapito`, `Squadra`, `NumeroMaglia`) VALUES ('Alan Mannus', '3460000307', 'Irlanda del Nord', 23);
INSERT INTO `scommesse0226198`.`CALCIATORE` (`Nome`, `Recapito`, `Squadra`, `NumeroMaglia`) VALUES ('Alban Hoxha', '3460000001', 'Albania', 12);
INSERT INTO `scommesse0226198`.`CALCIATORE` (`Nome`, `Recapito`, `Squadra`, `NumeroMaglia`) VALUES ('Albert Guomundsson', '3460000350', 'Islanda', 23);
INSERT INTO `scommesse0226198`.`CALCIATORE` (`Nome`, `Recapito`, `Squadra`, `NumeroMaglia`) VALUES ('Albert Rusnak', '3460000944', 'Slovacchia', 10);
INSERT INTO `scommesse0226198`.`CALCIATORE` (`Nome`, `Recapito`, `Squadra`, `NumeroMaglia`) VALUES ('Albert Vallci', '3460000037', 'Austria', 14);
INSERT INTO `scommesse0226198`.`CALCIATORE` (`Nome`, `Recapito`, `Squadra`, `NumeroMaglia`) VALUES ('Albian Ajeti', '3460000670', 'Svizzera', 16);
INSERT INTO `scommesse0226198`.`CALCIATORE` (`Nome`, `Recapito`, `Squadra`, `NumeroMaglia`) VALUES ('Albin Ekdal', '3460000640', 'Svezia', 8);
INSERT INTO `scommesse0226198`.`CALCIATORE` (`Nome`, `Recapito`, `Squadra`, `NumeroMaglia`) VALUES ('Albin Granlund', '3460000152', 'Finlandia', 99);
INSERT INTO `scommesse0226198`.`CALCIATORE` (`Nome`, `Recapito`, `Squadra`, `NumeroMaglia`) VALUES ('Aldin Skenderovic', '3460000423', 'Lussemburgo', 18);
INSERT INTO `scommesse0226198`.`CALCIATORE` (`Nome`, `Recapito`, `Squadra`, `NumeroMaglia`) VALUES ('Aleksandar Boljevic', '3460001058', 'Montenegro', 3);
INSERT INTO `scommesse0226198`.`CALCIATORE` (`Nome`, `Recapito`, `Squadra`, `NumeroMaglia`) VALUES ('Aleksandar Dragovic', '3460000030', 'Austria', 3);
INSERT INTO `scommesse0226198`.`CALCIATORE` (`Nome`, `Recapito`, `Squadra`, `NumeroMaglia`) VALUES ('Aleksandar Kolarov', '3460000391', 'Serbia', 11);
INSERT INTO `scommesse0226198`.`CALCIATORE` (`Nome`, `Recapito`, `Squadra`, `NumeroMaglia`) VALUES ('Aleksandar Mitrovic', '3460000405', 'Serbia', 9);
INSERT INTO `scommesse0226198`.`CALCIATORE` (`Nome`, `Recapito`, `Squadra`, `NumeroMaglia`) VALUES ('Aleksandar Prijovic', '3460000404', 'Serbia', 8);
INSERT INTO `scommesse0226198`.`CALCIATORE` (`Nome`, `Recapito`, `Squadra`, `NumeroMaglia`) VALUES ('Aleksanda Trajkovski', '3460000972', 'Macedonia del Nord', 9);
INSERT INTO `scommesse0226198`.`CALCIATORE` (`Nome`, `Recapito`, `Squadra`, `NumeroMaglia`) VALUES ('Aleksandar Tsvetkov', '3460000088', 'Bulgaria', 3);
INSERT INTO `scommesse0226198`.`CALCIATORE` (`Nome`, `Recapito`, `Squadra`, `NumeroMaglia`) VALUES ('Alessandro Florenzi', '3460000360', 'Italia', 16);
INSERT INTO `scommesse0226198`.`CALCIATORE` (`Nome`, `Recapito`, `Squadra`, `NumeroMaglia`) VALUES ('Alessandro Golinucci', '3460000758', 'San Marino', 15);
INSERT INTO `scommesse0226198`.`CALCIATORE` (`Nome`, `Recapito`, `Squadra`, `NumeroMaglia`) VALUES ('Alessio Cragno', '3460000352', 'Italia', 12);
INSERT INTO `scommesse0226198`.`CALCIATORE` (`Nome`, `Recapito`, `Squadra`, `NumeroMaglia`) VALUES ('Alessio Romagnoli', '3460000359', 'Italia', 13);
INSERT INTO `scommesse0226198`.`CALCIATORE` (`Nome`, `Recapito`, `Squadra`, `NumeroMaglia`) VALUES ('Alex Kral', '3460000115', 'Repubblica Ceca', 13);
INSERT INTO `scommesse0226198`.`CALCIATORE` (`Nome`, `Recapito`, `Squadra`, `NumeroMaglia`) VALUES ('Alex Martinez', '3460001015', 'Andorra', 16);
INSERT INTO `scommesse0226198`.`CALCIATORE` (`Nome`, `Recapito`, `Squadra`, `NumeroMaglia`) VALUES ('Alexander Hleb', '3460000870', 'Bielorussia', 10);
INSERT INTO `scommesse0226198`.`CALCIATORE` (`Nome`, `Recapito`, `Squadra`, `NumeroMaglia`) VALUES ('Alexander Sorloth', '3460000450', 'Norvegia', 9);
INSERT INTO `scommesse0226198`.`CALCIATORE` (`Nome`, `Recapito`, `Squadra`, `NumeroMaglia`) VALUES ('Paschalakis', '3460000237', 'Grecia', 12);
INSERT INTO `scommesse0226198`.`CALCIATORE` (`Nome`, `Recapito`, `Squadra`, `NumeroMaglia`) VALUES ('Alexandru Antoniuc', '3460000924', 'Moldavia', 16);
INSERT INTO `scommesse0226198`.`CALCIATORE` (`Nome`, `Recapito`, `Squadra`, `NumeroMaglia`) VALUES ('Alexandru Baluta', '3460000544', 'Romania', 5);
INSERT INTO `scommesse0226198`.`CALCIATORE` (`Nome`, `Recapito`, `Squadra`, `NumeroMaglia`) VALUES ('Alexandru Boiciuc', '3460000928', 'Moldavia', 17);
INSERT INTO `scommesse0226198`.`CALCIATORE` (`Nome`, `Recapito`, `Squadra`, `NumeroMaglia`) VALUES ('Alexandru Chipciu', '3460000536', 'Romania', 7);
INSERT INTO `scommesse0226198`.`CALCIATORE` (`Nome`, `Recapito`, `Squadra`, `NumeroMaglia`) VALUES ('Alexandru Maxim', '3460000537', 'Romania', 20);
INSERT INTO `scommesse0226198`.`CALCIATORE` (`Nome`, `Recapito`, `Squadra`, `NumeroMaglia`) VALUES ('Alexandru Suvorov', '3460000925', 'Moldavia', 18);
INSERT INTO `scommesse0226198`.`CALCIATORE` (`Nome`, `Recapito`, `Squadra`, `NumeroMaglia`) VALUES ('Alexei Koselev', '3460000911', 'Moldavia', 23);
INSERT INTO `scommesse0226198`.`CALCIATORE` (`Nome`, `Recapito`, `Squadra`, `NumeroMaglia`) VALUES ('Alexei Rios', '3460000878', 'Bielorussia', 21);
INSERT INTO `scommesse0226198`.`CALCIATORE` (`Nome`, `Recapito`, `Squadra`, `NumeroMaglia`) VALUES ('Alfred Effiong', '3460000720', 'Malta', 93);
INSERT INTO `scommesse0226198`.`CALCIATORE` (`Nome`, `Recapito`, `Squadra`, `NumeroMaglia`) VALUES ('Alfreo Finnbogason', '3460000348', 'Islanda', 21);
INSERT INTO `scommesse0226198`.`CALCIATORE` (`Nome`, `Recapito`, `Squadra`, `NumeroMaglia`) VALUES ('Alin Tosca', '3460000532', 'Romania', 3);
INSERT INTO `scommesse0226198`.`CALCIATORE` (`Nome`, `Recapito`, `Squadra`, `NumeroMaglia`) VALUES ('Alo Barengrub', '3460000769', 'Estonia', 3);
INSERT INTO `scommesse0226198`.`CALCIATORE` (`Nome`, `Recapito`, `Squadra`, `NumeroMaglia`) VALUES ('Alphonse Areola', '3460000167', 'Francia', 16);
INSERT INTO `scommesse0226198`.`CALCIATORE` (`Nome`, `Recapito`, `Squadra`, `NumeroMaglia`) VALUES ('Alvaro Morata', '3460000625', 'Spagna', 7);
INSERT INTO `scommesse0226198`.`CALCIATORE` (`Nome`, `Recapito`, `Squadra`, `NumeroMaglia`) VALUES ('Martynovich', '3460000864', 'Bielorussia', 3);
INSERT INTO `scommesse0226198`.`CALCIATORE` (`Nome`, `Recapito`, `Squadra`, `NumeroMaglia`) VALUES ('Amer Gojak', '3460001035', 'Bosnia ed Erzegovina', 20);
INSERT INTO `scommesse0226198`.`CALCIATORE` (`Nome`, `Recapito`, `Squadra`, `NumeroMaglia`) VALUES ('Amir Abrashi', '3460000021', 'Albania', 22);
INSERT INTO `scommesse0226198`.`CALCIATORE` (`Nome`, `Recapito`, `Squadra`, `NumeroMaglia`) VALUES ('Amir Dervisevic', '3460000989', 'Slovenia', 8);
INSERT INTO `scommesse0226198`.`CALCIATORE` (`Nome`, `Recapito`, `Squadra`, `NumeroMaglia`) VALUES ('Amir Rrahmani', '3460001090', 'Kosovo', 13);
INSERT INTO `scommesse0226198`.`CALCIATORE` (`Nome`, `Recapito`, `Squadra`, `NumeroMaglia`) VALUES ('Anastasios Donis', '3460000257', 'Grecia', 15);
INSERT INTO `scommesse0226198`.`CALCIATORE` (`Nome`, `Recapito`, `Squadra`, `NumeroMaglia`) VALUES ('Andraz Struna', '3460000978', 'Slovenia', 14);
INSERT INTO `scommesse0226198`.`CALCIATORE` (`Nome`, `Recapito`, `Squadra`, `NumeroMaglia`) VALUES ('Andre Frolov', '3460000775', 'Estonia', 9);
INSERT INTO `scommesse0226198`.`CALCIATORE` (`Nome`, `Recapito`, `Squadra`, `NumeroMaglia`) VALUES ('Andrea Belotti', '3460000373', 'Italia', 9);
INSERT INTO `scommesse0226198`.`CALCIATORE` (`Nome`, `Recapito`, `Squadra`, `NumeroMaglia`) VALUES ('Andrea Grandoni', '3460000752', 'San Marino', 9);
INSERT INTO `scommesse0226198`.`CALCIATORE` (`Nome`, `Recapito`, `Squadra`, `NumeroMaglia`) VALUES ('Andreas Christensen', '3460000124', 'Danimarca', 6);
INSERT INTO `scommesse0226198`.`CALCIATORE` (`Nome`, `Recapito`, `Squadra`, `NumeroMaglia`) VALUES ('Andreas Cornelius', '3460000139', 'Danimarca', 21);
INSERT INTO `scommesse0226198`.`CALCIATORE` (`Nome`, `Recapito`, `Squadra`, `NumeroMaglia`) VALUES ('Andreas Granqvist', '3460000629', 'Svezia', 4);
INSERT INTO `scommesse0226198`.`CALCIATORE` (`Nome`, `Recapito`, `Squadra`, `NumeroMaglia`) VALUES ('Andreas Malin', '3460000731', 'Liechtenstein', 11);
INSERT INTO `scommesse0226198`.`CALCIATORE` (`Nome`, `Recapito`, `Squadra`, `NumeroMaglia`) VALUES ('Andreas Mpouchalakis', '3460000246', 'Grecia', 6);
INSERT INTO `scommesse0226198`.`CALCIATORE` (`Nome`, `Recapito`, `Squadra`, `NumeroMaglia`) VALUES ('Andreas Samaris', '3460000253', 'Grecia', 22);
INSERT INTO `scommesse0226198`.`CALCIATORE` (`Nome`, `Recapito`, `Squadra`, `NumeroMaglia`) VALUES ('Andreas Ulmer', '3460000034', 'Austria', 2);
INSERT INTO `scommesse0226198`.`CALCIATORE` (`Nome`, `Recapito`, `Squadra`, `NumeroMaglia`) VALUES ('Andrei Agius', '3460000701', 'Malta', 98);
INSERT INTO `scommesse0226198`.`CALCIATORE` (`Nome`, `Recapito`, `Squadra`, `NumeroMaglia`) VALUES ('Andrei Radu', '3460000529', 'Romania', 1);
INSERT INTO `scommesse0226198`.`CALCIATORE` (`Nome`, `Recapito`, `Squadra`, `NumeroMaglia`) VALUES ('Andrej Kramaric', '3460000905', 'Croazia', 9);
INSERT INTO `scommesse0226198`.`CALCIATORE` (`Nome`, `Recapito`, `Squadra`, `NumeroMaglia`) VALUES ('Andrew Hogg', '3460000698', 'Malta', 99);
INSERT INTO `scommesse0226198`.`CALCIATORE` (`Nome`, `Recapito`, `Squadra`, `NumeroMaglia`) VALUES ('Andrew Robertson', '3460000586', 'Scozia', 11);
INSERT INTO `scommesse0226198`.`CALCIATORE` (`Nome`, `Recapito`, `Squadra`, `NumeroMaglia`) VALUES ('Andrey Harbunow', '3460000861', 'Bielorussia', 16);
INSERT INTO `scommesse0226198`.`CALCIATORE` (`Nome`, `Recapito`, `Squadra`, `NumeroMaglia`) VALUES ('Andrija Zivkovic', '3460000396', 'Serbia', 7);
INSERT INTO `scommesse0226198`.`CALCIATORE` (`Nome`, `Recapito`, `Squadra`, `NumeroMaglia`) VALUES ('Andriy Boryachuk', '3460000860', 'Ucraina', 87);
INSERT INTO `scommesse0226198`.`CALCIATORE` (`Nome`, `Recapito`, `Squadra`, `NumeroMaglia`) VALUES ('Andriy Lunin', '3460000838', 'Ucraina', 23);
INSERT INTO `scommesse0226198`.`CALCIATORE` (`Nome`, `Recapito`, `Squadra`, `NumeroMaglia`) VALUES ('Andriy Yarmolenko', '3460000849', 'Ucraina', 94);
INSERT INTO `scommesse0226198`.`CALCIATORE` (`Nome`, `Recapito`, `Squadra`, `NumeroMaglia`) VALUES ('Andy King', '3460000203', 'Galles', 8);
INSERT INTO `scommesse0226198`.`CALCIATORE` (`Nome`, `Recapito`, `Squadra`, `NumeroMaglia`) VALUES ('Angel Lyaskov', '3460000081', 'Bulgaria', 21);
INSERT INTO `scommesse0226198`.`CALCIATORE` (`Nome`, `Recapito`, `Squadra`, `NumeroMaglia`) VALUES ('Anssi Jaakkola', '3460000144', 'Finlandia', 23);
INSERT INTO `scommesse0226198`.`CALCIATORE` (`Nome`, `Recapito`, `Squadra`, `NumeroMaglia`) VALUES ('Ante Rebic', '3460000906', 'Croazia', 18);
INSERT INTO `scommesse0226198`.`CALCIATORE` (`Nome`, `Recapito`, `Squadra`, `NumeroMaglia`) VALUES ('Anthony Bardon', '3460001078', 'Gibilterra', 17);
INSERT INTO `scommesse0226198`.`CALCIATORE` (`Nome`, `Recapito`, `Squadra`, `NumeroMaglia`) VALUES ('Anthony Hernandez', '3460001074', 'Gibilterra', 18);
INSERT INTO `scommesse0226198`.`CALCIATORE` (`Nome`, `Recapito`, `Squadra`, `NumeroMaglia`) VALUES ('Anthony Moris', '3460000407', 'Lussemburgo', 2);
INSERT INTO `scommesse0226198`.`CALCIATORE` (`Nome`, `Recapito`, `Squadra`, `NumeroMaglia`) VALUES ('Antoine Griezmann', '3460000183', 'Francia', 7);
INSERT INTO `scommesse0226198`.`CALCIATORE` (`Nome`, `Recapito`, `Squadra`, `NumeroMaglia`) VALUES ('Anton Putsila', '3460000873', 'Bielorussia', 14);
INSERT INTO `scommesse0226198`.`CALCIATORE` (`Nome`, `Recapito`, `Squadra`, `NumeroMaglia`) VALUES ('Anton Saroka', '3460000881', 'Bielorussia', 11);
INSERT INTO `scommesse0226198`.`CALCIATORE` (`Nome`, `Recapito`, `Squadra`, `NumeroMaglia`) VALUES ('Antonio Milic', '3460000892', 'Croazia', 99);
INSERT INTO `scommesse0226198`.`CALCIATORE` (`Nome`, `Recapito`, `Squadra`, `NumeroMaglia`) VALUES ('Antonio Rudiger', '3460000228', 'Germania', 16);
INSERT INTO `scommesse0226198`.`CALCIATORE` (`Nome`, `Recapito`, `Squadra`, `NumeroMaglia`) VALUES ('Antonio Rukavina', '3460000387', 'Serbia', 2);
INSERT INTO `scommesse0226198`.`CALCIATORE` (`Nome`, `Recapito`, `Squadra`, `NumeroMaglia`) VALUES ('Arbenit Xhemajli', '3460001095', 'Kosovo', 2);
INSERT INTO `scommesse0226198`.`CALCIATORE` (`Nome`, `Recapito`, `Squadra`, `NumeroMaglia`) VALUES ('Arber Zeneli', '3460001098', 'Kosovo', 10);
INSERT INTO `scommesse0226198`.`CALCIATORE` (`Nome`, `Recapito`, `Squadra`, `NumeroMaglia`) VALUES ('Ardian Ismajli', '3460000006', 'Albania', 6);
INSERT INTO `scommesse0226198`.`CALCIATORE` (`Nome`, `Recapito`, `Squadra`, `NumeroMaglia`) VALUES ('Ari Freyr Skulason', '3460000337', 'Islanda', 10);
INSERT INTO `scommesse0226198`.`CALCIATORE` (`Nome`, `Recapito`, `Squadra`, `NumeroMaglia`) VALUES ('Arijanet Muric', '3460001088', 'Kosovo', 12);
INSERT INTO `scommesse0226198`.`CALCIATORE` (`Nome`, `Recapito`, `Squadra`, `NumeroMaglia`) VALUES ('Arkadiusz Milik', '3460000501', 'Polonia', 7);
INSERT INTO `scommesse0226198`.`CALCIATORE` (`Nome`, `Recapito`, `Squadra`, `NumeroMaglia`) VALUES ('Arkadiusz Reca', '3460000487', 'Polonia', 17);
INSERT INTO `scommesse0226198`.`CALCIATORE` (`Nome`, `Recapito`, `Squadra`, `NumeroMaglia`) VALUES ('Arlind Ajeti', '3460000009', 'Albania', 18);
INSERT INTO `scommesse0226198`.`CALCIATORE` (`Nome`, `Recapito`, `Squadra`, `NumeroMaglia`) VALUES ('Armandno Majer', '3460000721', 'Liechtenstein', 1);
INSERT INTO `scommesse0226198`.`CALCIATORE` (`Nome`, `Recapito`, `Squadra`, `NumeroMaglia`) VALUES ('Armando Sadiku', '3460000023', 'Albania', 10);
INSERT INTO `scommesse0226198`.`CALCIATORE` (`Nome`, `Recapito`, `Squadra`, `NumeroMaglia`) VALUES ('Arnór Traustason', '3460000345', 'Islanda', 18);
INSERT INTO `scommesse0226198`.`CALCIATORE` (`Nome`, `Recapito`, `Squadra`, `NumeroMaglia`) VALUES ('Aron Gunnarsson', '3460000343', 'Islanda', 16);
INSERT INTO `scommesse0226198`.`CALCIATORE` (`Nome`, `Recapito`, `Squadra`, `NumeroMaglia`) VALUES ('Aron Sele', '3460000739', 'Liechtenstein', 19);
INSERT INTO `scommesse0226198`.`CALCIATORE` (`Nome`, `Recapito`, `Squadra`, `NumeroMaglia`) VALUES ('Artem Besyedin', '3460000858', 'Ucraina', 88);
INSERT INTO `scommesse0226198`.`CALCIATORE` (`Nome`, `Recapito`, `Squadra`, `NumeroMaglia`) VALUES ('Artem Kravets', '3460000857', 'Ucraina', 9);
INSERT INTO `scommesse0226198`.`CALCIATORE` (`Nome`, `Recapito`, `Squadra`, `NumeroMaglia`) VALUES ('Artem Shabanov', '3460000845', 'Ucraina', 97);
INSERT INTO `scommesse0226198`.`CALCIATORE` (`Nome`, `Recapito`, `Squadra`, `NumeroMaglia`) VALUES ('Artiom Rozgoniuc', '3460000913', 'Moldavia', 3);
INSERT INTO `scommesse0226198`.`CALCIATORE` (`Nome`, `Recapito`, `Squadra`, `NumeroMaglia`) VALUES ('Artur Ionita', '3460000919', 'Moldavia', 7);
INSERT INTO `scommesse0226198`.`CALCIATORE` (`Nome`, `Recapito`, `Squadra`, `NumeroMaglia`) VALUES ('Artur Jedrzejczyk', '3460000480', 'Polonia', 3);
INSERT INTO `scommesse0226198`.`CALCIATORE` (`Nome`, `Recapito`, `Squadra`, `NumeroMaglia`) VALUES ('Arturas Zulpa', '3460000825', 'Lituania', 13);
INSERT INTO `scommesse0226198`.`CALCIATORE` (`Nome`, `Recapito`, `Squadra`, `NumeroMaglia`) VALUES ('Arvydas Novikovas', '3460000823', 'Lituania', 11);
INSERT INTO `scommesse0226198`.`CALCIATORE` (`Nome`, `Recapito`, `Squadra`, `NumeroMaglia`) VALUES ('Ashley Rodriguez', '3460001080', 'Gibilterra', 4);
INSERT INTO `scommesse0226198`.`CALCIATORE` (`Nome`, `Recapito`, `Squadra`, `NumeroMaglia`) VALUES ('Ashley Williams', '3460000194', 'Galles', 6);
INSERT INTO `scommesse0226198`.`CALCIATORE` (`Nome`, `Recapito`, `Squadra`, `NumeroMaglia`) VALUES ('Asmir Begovic', '3460001016', 'Bosnia ed Erzegovina', 1);
INSERT INTO `scommesse0226198`.`CALCIATORE` (`Nome`, `Recapito`, `Squadra`, `NumeroMaglia`) VALUES ('Atdhe Nuhiu', '3460001108', 'Kosovo', 21);
INSERT INTO `scommesse0226198`.`CALCIATORE` (`Nome`, `Recapito`, `Squadra`, `NumeroMaglia`) VALUES ('Ats Purje', '3460000786', 'Estonia', 20);
INSERT INTO `scommesse0226198`.`CALCIATORE` (`Nome`, `Recapito`, `Squadra`, `NumeroMaglia`) VALUES ('Aurélien Joachim', '3460000428', 'Lussemburgo', 23);
INSERT INTO `scommesse0226198`.`CALCIATORE` (`Nome`, `Recapito`, `Squadra`, `NumeroMaglia`) VALUES ('Axel Witsel', '3460000061', 'Belgio', 6);
INSERT INTO `scommesse0226198`.`CALCIATORE` (`Nome`, `Recapito`, `Squadra`, `NumeroMaglia`) VALUES ('Balazs Dzsudzsak', '3460000683', 'Ungheria', 7);
INSERT INTO `scommesse0226198`.`CALCIATORE` (`Nome`, `Recapito`, `Squadra`, `NumeroMaglia`) VALUES ('Barnabas Bese', '3460000678', 'Ungheria', 21);
INSERT INTO `scommesse0226198`.`CALCIATORE` (`Nome`, `Recapito`, `Squadra`, `NumeroMaglia`) VALUES ('Bartosz Bereszynski', '3460000483', 'Polonia', 18);
INSERT INTO `scommesse0226198`.`CALCIATORE` (`Nome`, `Recapito`, `Squadra`, `NumeroMaglia`) VALUES ('Bekim Balaj', '3460000026', 'Albania', 19);
INSERT INTO `scommesse0226198`.`CALCIATORE` (`Nome`, `Recapito`, `Squadra`, `NumeroMaglia`) VALUES ('Ben Chilwell', '3460000267', 'Inghilterra', 14);
INSERT INTO `scommesse0226198`.`CALCIATORE` (`Nome`, `Recapito`, `Squadra`, `NumeroMaglia`) VALUES ('Ben Davies', '3460000195', 'Galles', 4);
INSERT INTO `scommesse0226198`.`CALCIATORE` (`Nome`, `Recapito`, `Squadra`, `NumeroMaglia`) VALUES ('Benjamin Buchel', '3460000722', 'Liechtenstein', 2);
INSERT INTO `scommesse0226198`.`CALCIATORE` (`Nome`, `Recapito`, `Squadra`, `NumeroMaglia`) VALUES ('Benjamin Kololli', '3460001103', 'Kosovo', 17);
INSERT INTO `scommesse0226198`.`CALCIATORE` (`Nome`, `Recapito`, `Squadra`, `NumeroMaglia`) VALUES ('Benjamin Lecomte', '3460000168', 'Francia', 23);
INSERT INTO `scommesse0226198`.`CALCIATORE` (`Nome`, `Recapito`, `Squadra`, `NumeroMaglia`) VALUES ('Benjamin Pavard', '3460000170', 'Francia', 2);
INSERT INTO `scommesse0226198`.`CALCIATORE` (`Nome`, `Recapito`, `Squadra`, `NumeroMaglia`) VALUES ('Benjamin Verbic', '3460000986', 'Slovenia', 21);
INSERT INTO `scommesse0226198`.`CALCIATORE` (`Nome`, `Recapito`, `Squadra`, `NumeroMaglia`) VALUES ('Bernard Berisha', '3460001100', 'Kosovo', 23);
INSERT INTO `scommesse0226198`.`CALCIATORE` (`Nome`, `Recapito`, `Squadra`, `NumeroMaglia`) VALUES ('Bernardo Silva', '3460000515', 'Portogallo', 10);
INSERT INTO `scommesse0226198`.`CALCIATORE` (`Nome`, `Recapito`, `Squadra`, `NumeroMaglia`) VALUES ('Bersant Celina', '3460001102', 'Kosovo', 9);
INSERT INTO `scommesse0226198`.`CALCIATORE` (`Nome`, `Recapito`, `Squadra`, `NumeroMaglia`) VALUES ('Besar Halimi', '3460001099', 'Kosovo', 8);
INSERT INTO `scommesse0226198`.`CALCIATORE` (`Nome`, `Recapito`, `Squadra`, `NumeroMaglia`) VALUES ('Beto', '3460000506', 'Portogallo', 22);
INSERT INTO `scommesse0226198`.`CALCIATORE` (`Nome`, `Recapito`, `Squadra`, `NumeroMaglia`) VALUES ('Birger Meling', '3460000433', 'Norvegia', 2);
INSERT INTO `scommesse0226198`.`CALCIATORE` (`Nome`, `Recapito`, `Squadra`, `NumeroMaglia`) VALUES ('Birkir Bjarnason', '3460000339', 'Islanda', 12);
INSERT INTO `scommesse0226198`.`CALCIATORE` (`Nome`, `Recapito`, `Squadra`, `NumeroMaglia`) VALUES ('Birkir Saevarsson', '3460000331', 'Islanda', 4);
INSERT INTO `scommesse0226198`.`CALCIATORE` (`Nome`, `Recapito`, `Squadra`, `NumeroMaglia`) VALUES ('Bjorn Siguroarson', '3460000347', 'Islanda', 20);
INSERT INTO `scommesse0226198`.`CALCIATORE` (`Nome`, `Recapito`, `Squadra`, `NumeroMaglia`) VALUES ('Bjorn Kristensen', '3460000711', 'Malta', 18);
INSERT INTO `scommesse0226198`.`CALCIATORE` (`Nome`, `Recapito`, `Squadra`, `NumeroMaglia`) VALUES ('Bjorn Johnsen', '3460000452', 'Norvegia', 21);
INSERT INTO `scommesse0226198`.`CALCIATORE` (`Nome`, `Recapito`, `Squadra`, `NumeroMaglia`) VALUES ('Blagoy Makendzhiev', '3460000074', 'Bulgaria', 13);
INSERT INTO `scommesse0226198`.`CALCIATORE` (`Nome`, `Recapito`, `Squadra`, `NumeroMaglia`) VALUES ('Blaise Matuidi', '3460000180', 'Francia', 14);
INSERT INTO `scommesse0226198`.`CALCIATORE` (`Nome`, `Recapito`, `Squadra`, `NumeroMaglia`) VALUES ('Boban Nikolov', '3460000967', 'Macedonia del Nord', 16);
INSERT INTO `scommesse0226198`.`CALCIATORE` (`Nome`, `Recapito`, `Squadra`, `NumeroMaglia`) VALUES ('Bohdan Butko', '3460000840', 'Ucraina', 98);
INSERT INTO `scommesse0226198`.`CALCIATORE` (`Nome`, `Recapito`, `Squadra`, `NumeroMaglia`) VALUES ('Bojan Nastic', '3460001024', 'Bosnia ed Erzegovina', 9);
INSERT INTO `scommesse0226198`.`CALCIATORE` (`Nome`, `Recapito`, `Squadra`, `NumeroMaglia`) VALUES ('Borek Dockal', '3460000108', 'Repubblica Ceca', 9);
INSERT INTO `scommesse0226198`.`CALCIATORE` (`Nome`, `Recapito`, `Squadra`, `NumeroMaglia`) VALUES ('Boris Kopitovic', '3460001048', 'Montenegro', 5);
INSERT INTO `scommesse0226198`.`CALCIATORE` (`Nome`, `Recapito`, `Squadra`, `NumeroMaglia`) VALUES ('Borislav Tsonev', '3460000091', 'Bulgaria', 22);
INSERT INTO `scommesse0226198`.`CALCIATORE` (`Nome`, `Recapito`, `Squadra`, `NumeroMaglia`) VALUES ('Borna Barisic', '3460000890', 'Croazia', 3);
INSERT INTO `scommesse0226198`.`CALCIATORE` (`Nome`, `Recapito`, `Squadra`, `NumeroMaglia`) VALUES ('Botond Barath', '3460000682', 'Ungheria', 2);
INSERT INTO `scommesse0226198`.`CALCIATORE` (`Nome`, `Recapito`, `Squadra`, `NumeroMaglia`) VALUES ('Chorbadzhiyski', '3460000080', 'Bulgaria', 4);
INSERT INTO `scommesse0226198`.`CALCIATORE` (`Nome`, `Recapito`, `Squadra`, `NumeroMaglia`) VALUES ('Bozhidar Kraev', '3460000087', 'Bulgaria', 12);
INSERT INTO `scommesse0226198`.`CALCIATORE` (`Nome`, `Recapito`, `Squadra`, `NumeroMaglia`) VALUES ('Brad Power', '3460001070', 'Gibilterra', 2);
INSERT INTO `scommesse0226198`.`CALCIATORE` (`Nome`, `Recapito`, `Squadra`, `NumeroMaglia`) VALUES ('Brandon Mechele', '3460000060', 'Belgio', 19);
INSERT INTO `scommesse0226198`.`CALCIATORE` (`Nome`, `Recapito`, `Squadra`, `NumeroMaglia`) VALUES ('Bruno Fernandes', '3460000518', 'Portogallo', 16);
INSERT INTO `scommesse0226198`.`CALCIATORE` (`Nome`, `Recapito`, `Squadra`, `NumeroMaglia`) VALUES ('Bruno Petkovic', '3460000908', 'Croazia', 20);
INSERT INTO `scommesse0226198`.`CALCIATORE` (`Nome`, `Recapito`, `Squadra`, `NumeroMaglia`) VALUES ('Bryan Cristante', '3460000371', 'Italia', 23);
INSERT INTO `scommesse0226198`.`CALCIATORE` (`Nome`, `Recapito`, `Squadra`, `NumeroMaglia`) VALUES ('Callum McGregor', '3460000592', 'Scozia', 17);
INSERT INTO `scommesse0226198`.`CALCIATORE` (`Nome`, `Recapito`, `Squadra`, `NumeroMaglia`) VALUES ('Callum O Dowda', '3460000293', 'Irlanda', 27);
INSERT INTO `scommesse0226198`.`CALCIATORE` (`Nome`, `Recapito`, `Squadra`, `NumeroMaglia`) VALUES ('Callum Robinson', '3460000301', 'Irlanda', 28);
INSERT INTO `scommesse0226198`.`CALCIATORE` (`Nome`, `Recapito`, `Squadra`, `NumeroMaglia`) VALUES ('Callum Wilson', '3460000281', 'Inghilterra', 21);
INSERT INTO `scommesse0226198`.`CALCIATORE` (`Nome`, `Recapito`, `Squadra`, `NumeroMaglia`) VALUES ('Catalin Carp', '3460000920', 'Moldavia', 8);
INSERT INTO `scommesse0226198`.`CALCIATORE` (`Nome`, `Recapito`, `Squadra`, `NumeroMaglia`) VALUES ('César Azpilicueta', '3460000610', 'Spagna', 14);
INSERT INTO `scommesse0226198`.`CALCIATORE` (`Nome`, `Recapito`, `Squadra`, `NumeroMaglia`) VALUES ('Charis Maurias', '3460000251', 'Grecia', 18);
INSERT INTO `scommesse0226198`.`CALCIATORE` (`Nome`, `Recapito`, `Squadra`, `NumeroMaglia`) VALUES ('Charlie Mulgrew', '3460000583', 'Scozia', 8);
INSERT INTO `scommesse0226198`.`CALCIATORE` (`Nome`, `Recapito`, `Squadra`, `NumeroMaglia`) VALUES ('Chris Baird', '3460000311', 'Irlanda del Nord', 6);
INSERT INTO `scommesse0226198`.`CALCIATORE` (`Nome`, `Recapito`, `Squadra`, `NumeroMaglia`) VALUES ('Chris Gunter', '3460000193', 'Galles', 2);
INSERT INTO `scommesse0226198`.`CALCIATORE` (`Nome`, `Recapito`, `Squadra`, `NumeroMaglia`) VALUES ('Chris Mepham', '3460000199', 'Galles', 95);
INSERT INTO `scommesse0226198`.`CALCIATORE` (`Nome`, `Recapito`, `Squadra`, `NumeroMaglia`) VALUES ('Christian Eriksen', '3460000128', 'Danimarca', 10);
INSERT INTO `scommesse0226198`.`CALCIATORE` (`Nome`, `Recapito`, `Squadra`, `NumeroMaglia`) VALUES ('Christian Kabasele', '3460000056', 'Belgio', 17);
INSERT INTO `scommesse0226198`.`CALCIATORE` (`Nome`, `Recapito`, `Squadra`, `NumeroMaglia`) VALUES ('Christopher Martins', '3460000415', 'Lussemburgo', 10);
INSERT INTO `scommesse0226198`.`CALCIATORE` (`Nome`, `Recapito`, `Squadra`, `NumeroMaglia`) VALUES ('Cican Stankovic', '3460000029', 'Austria', 13);
INSERT INTO `scommesse0226198`.`CALCIATORE` (`Nome`, `Recapito`, `Squadra`, `NumeroMaglia`) VALUES ('Ciprian Deac', '3460000540', 'Romania', 17);
INSERT INTO `scommesse0226198`.`CALCIATORE` (`Nome`, `Recapito`, `Squadra`, `NumeroMaglia`) VALUES ('Ciprian Tatarusanu', '3460000527', 'Romania', 12);
INSERT INTO `scommesse0226198`.`CALCIATORE` (`Nome`, `Recapito`, `Squadra`, `NumeroMaglia`) VALUES ('Ciro Immobile', '3460000377', 'Italia', 17);
INSERT INTO `scommesse0226198`.`CALCIATORE` (`Nome`, `Recapito`, `Squadra`, `NumeroMaglia`) VALUES ('Claudiu Keseru', '3460000548', 'Romania', 13);
INSERT INTO `scommesse0226198`.`CALCIATORE` (`Nome`, `Recapito`, `Squadra`, `NumeroMaglia`) VALUES ('Clément Lenglet', '3460000177', 'Francia', 19);
INSERT INTO `scommesse0226198`.`CALCIATORE` (`Nome`, `Recapito`, `Squadra`, `NumeroMaglia`) VALUES ('Connor Roberts', '3460000200', 'Galles', 14);
INSERT INTO `scommesse0226198`.`CALCIATORE` (`Nome`, `Recapito`, `Squadra`, `NumeroMaglia`) VALUES ('Conor Hourihane', '3460000299', 'Irlanda', 7);
INSERT INTO `scommesse0226198`.`CALCIATORE` (`Nome`, `Recapito`, `Squadra`, `NumeroMaglia`) VALUES ('Conor McLaughlin', '3460000308', 'Irlanda del Nord', 2);
INSERT INTO `scommesse0226198`.`CALCIATORE` (`Nome`, `Recapito`, `Squadra`, `NumeroMaglia`) VALUES ('Conor Washington', '3460000326', 'Irlanda del Nord', 11);
INSERT INTO `scommesse0226198`.`CALCIATORE` (`Nome`, `Recapito`, `Squadra`, `NumeroMaglia`) VALUES ('Corry Evans', '3460000320', 'Irlanda del Nord', 13);
INSERT INTO `scommesse0226198`.`CALCIATORE` (`Nome`, `Recapito`, `Squadra`, `NumeroMaglia`) VALUES ('Craig Cathcart', '3460000315', 'Irlanda del Nord', 20);
INSERT INTO `scommesse0226198`.`CALCIATORE` (`Nome`, `Recapito`, `Squadra`, `NumeroMaglia`) VALUES ('Cristian Brolli', '3460000749', 'San Marino', 6);
INSERT INTO `scommesse0226198`.`CALCIATORE` (`Nome`, `Recapito`, `Squadra`, `NumeroMaglia`) VALUES ('Cristian Sapunaru', '3460000531', 'Romania', 22);
INSERT INTO `scommesse0226198`.`CALCIATORE` (`Nome`, `Recapito`, `Squadra`, `NumeroMaglia`) VALUES ('Cristiano Ronaldo', '3460000521', 'Portogallo', 7);
INSERT INTO `scommesse0226198`.`CALCIATORE` (`Nome`, `Recapito`, `Squadra`, `NumeroMaglia`) VALUES ('Cyrus Christie', '3460000290', 'Irlanda', 15);
INSERT INTO `scommesse0226198`.`CALCIATORE` (`Nome`, `Recapito`, `Squadra`, `NumeroMaglia`) VALUES ('Daley Blind', '3460000462', 'Paesi Bassi', 17);
INSERT INTO `scommesse0226198`.`CALCIATORE` (`Nome`, `Recapito`, `Squadra`, `NumeroMaglia`) VALUES ('Damian Kadzior', '3460000498', 'Polonia', 26);
INSERT INTO `scommesse0226198`.`CALCIATORE` (`Nome`, `Recapito`, `Squadra`, `NumeroMaglia`) VALUES ('Damian Szymanski', '3460000496', 'Polonia', 28);
INSERT INTO `scommesse0226198`.`CALCIATORE` (`Nome`, `Recapito`, `Squadra`, `NumeroMaglia`) VALUES ('Damir Ljuljanovic', '3460001042', 'Montenegro', 13);
INSERT INTO `scommesse0226198`.`CALCIATORE` (`Nome`, `Recapito`, `Squadra`, `NumeroMaglia`) VALUES ('Damjan Shishkovski', '3460000956', 'Macedonia del Nord', 22);
INSERT INTO `scommesse0226198`.`CALCIATORE` (`Nome`, `Recapito`, `Squadra`, `NumeroMaglia`) VALUES ('Dan Nistor', '3460000547', 'Romania', 6);
INSERT INTO `scommesse0226198`.`CALCIATORE` (`Nome`, `Recapito`, `Squadra`, `NumeroMaglia`) VALUES ('Danel Sinani', '3460000422', 'Lussemburgo', 17);
INSERT INTO `scommesse0226198`.`CALCIATORE` (`Nome`, `Recapito`, `Squadra`, `NumeroMaglia`) VALUES ('Dani Ceballos', '3460000620', 'Spagna', 21);
INSERT INTO `scommesse0226198`.`CALCIATORE` (`Nome`, `Recapito`, `Squadra`, `NumeroMaglia`) VALUES ('Daniel Brandle', '3460000729', 'Liechtenstein', 9);
INSERT INTO `scommesse0226198`.`CALCIATORE` (`Nome`, `Recapito`, `Squadra`, `NumeroMaglia`) VALUES ('Daniel Carvajal', '3460000606', 'Spagna', 2);
INSERT INTO `scommesse0226198`.`CALCIATORE` (`Nome`, `Recapito`, `Squadra`, `NumeroMaglia`) VALUES ('Daniel da Mota', '3460000427', 'Lussemburgo', 22);
INSERT INTO `scommesse0226198`.`CALCIATORE` (`Nome`, `Recapito`, `Squadra`, `NumeroMaglia`) VALUES ('Daniel Gazdag', '3460000692', 'Ungheria', 15);
INSERT INTO `scommesse0226198`.`CALCIATORE` (`Nome`, `Recapito`, `Squadra`, `NumeroMaglia`) VALUES ('Danijel Petkovic', '3460001040', 'Montenegro', 1);
INSERT INTO `scommesse0226198`.`CALCIATORE` (`Nome`, `Recapito`, `Squadra`, `NumeroMaglia`) VALUES ('Danilo Rinaldi', '3460000754', 'San Marino', 11);
INSERT INTO `scommesse0226198`.`CALCIATORE` (`Nome`, `Recapito`, `Squadra`, `NumeroMaglia`) VALUES ('Danilo Pereira', '3460000516', 'Portogallo', 13);
INSERT INTO `scommesse0226198`.`CALCIATORE` (`Nome`, `Recapito`, `Squadra`, `NumeroMaglia`) VALUES ('Danny Rose', '3460000263', 'Inghilterra', 3);
INSERT INTO `scommesse0226198`.`CALCIATORE` (`Nome`, `Recapito`, `Squadra`, `NumeroMaglia`) VALUES ('Danny Ward', '3460000191', 'Galles', 12);
INSERT INTO `scommesse0226198`.`CALCIATORE` (`Nome`, `Recapito`, `Squadra`, `NumeroMaglia`) VALUES ('Darko Churlinov', '3460000970', 'Macedonia del Nord', 15);
INSERT INTO `scommesse0226198`.`CALCIATORE` (`Nome`, `Recapito`, `Squadra`, `NumeroMaglia`) VALUES ('Darko Velkovski', '3460000960', 'Macedonia del Nord', 14);
INSERT INTO `scommesse0226198`.`CALCIATORE` (`Nome`, `Recapito`, `Squadra`, `NumeroMaglia`) VALUES ('Darragh Lenihan', '3460000288', 'Irlanda', 8);
INSERT INTO `scommesse0226198`.`CALCIATORE` (`Nome`, `Recapito`, `Squadra`, `NumeroMaglia`) VALUES ('Darren Randolph', '3460000284', 'Irlanda', 1);
INSERT INTO `scommesse0226198`.`CALCIATORE` (`Nome`, `Recapito`, `Squadra`, `NumeroMaglia`) VALUES ('David Alaba', '3460000031', 'Austria', 8);
INSERT INTO `scommesse0226198`.`CALCIATORE` (`Nome`, `Recapito`, `Squadra`, `NumeroMaglia`) VALUES ('David Brooks', '3460000206', 'Galles', 13);
INSERT INTO `scommesse0226198`.`CALCIATORE` (`Nome`, `Recapito`, `Squadra`, `NumeroMaglia`) VALUES ('David de Gea', '3460000603', 'Spagna', 1);
INSERT INTO `scommesse0226198`.`CALCIATORE` (`Nome`, `Recapito`, `Squadra`, `NumeroMaglia`) VALUES ('David Hancko', '3460000938', 'Slovacchia', 16);
INSERT INTO `scommesse0226198`.`CALCIATORE` (`Nome`, `Recapito`, `Squadra`, `NumeroMaglia`) VALUES ('David Holman', '3460000691', 'Ungheria', 97);
INSERT INTO `scommesse0226198`.`CALCIATORE` (`Nome`, `Recapito`, `Squadra`, `NumeroMaglia`) VALUES ('David Marshall', '3460000578', 'Scozia', 3);
INSERT INTO `scommesse0226198`.`CALCIATORE` (`Nome`, `Recapito`, `Squadra`, `NumeroMaglia`) VALUES ('David Pavelka', '3460000109', 'Repubblica Ceca', 11);
INSERT INTO `scommesse0226198`.`CALCIATORE` (`Nome`, `Recapito`, `Squadra`, `NumeroMaglia`) VALUES ('David Turpel', '3460000429', 'Lussemburgo', 24);
INSERT INTO `scommesse0226198`.`CALCIATORE` (`Nome`, `Recapito`, `Squadra`, `NumeroMaglia`) VALUES ('Davide Cesarini', '3460000751', 'San Marino', 8);
INSERT INTO `scommesse0226198`.`CALCIATORE` (`Nome`, `Recapito`, `Squadra`, `NumeroMaglia`) VALUES ('Davy Pröpper', '3460000464', 'Paesi Bassi', 6);
INSERT INTO `scommesse0226198`.`CALCIATORE` (`Nome`, `Recapito`, `Squadra`, `NumeroMaglia`) VALUES ('Dawid Kownacki', '3460000502', 'Polonia', 24);
INSERT INTO `scommesse0226198`.`CALCIATORE` (`Nome`, `Recapito`, `Squadra`, `NumeroMaglia`) VALUES ('Declan Rice', '3460000273', 'Inghilterra', 16);
INSERT INTO `scommesse0226198`.`CALCIATORE` (`Nome`, `Recapito`, `Squadra`, `NumeroMaglia`) VALUES ('Dedryck Boyata', '3460000057', 'Belgio', 20);
INSERT INTO `scommesse0226198`.`CALCIATORE` (`Nome`, `Recapito`, `Squadra`, `NumeroMaglia`) VALUES ('Dejan Iliev', '3460000955', 'Macedonia del Nord', 12);
INSERT INTO `scommesse0226198`.`CALCIATORE` (`Nome`, `Recapito`, `Squadra`, `NumeroMaglia`) VALUES ('Dejan Lovren', '3460000888', 'Croazia', 6);
INSERT INTO `scommesse0226198`.`CALCIATORE` (`Nome`, `Recapito`, `Squadra`, `NumeroMaglia`) VALUES ('Dele Alli', '3460000276', 'Inghilterra', 20);
INSERT INTO `scommesse0226198`.`CALCIATORE` (`Nome`, `Recapito`, `Squadra`, `NumeroMaglia`) VALUES ('Dénes Dibusz', '3460000673', 'Ungheria', 12);
INSERT INTO `scommesse0226198`.`CALCIATORE` (`Nome`, `Recapito`, `Squadra`, `NumeroMaglia`) VALUES ('Deni Hocko', '3460001060', 'Montenegro', 96);
INSERT INTO `scommesse0226198`.`CALCIATORE` (`Nome`, `Recapito`, `Squadra`, `NumeroMaglia`) VALUES ('Deni Milosevic', '3460001034', 'Bosnia ed Erzegovina', 19);
INSERT INTO `scommesse0226198`.`CALCIATORE` (`Nome`, `Recapito`, `Squadra`, `NumeroMaglia`) VALUES ('Denis Scherbitskiy', '3460000863', 'Bielorussia', 1);
INSERT INTO `scommesse0226198`.`CALCIATORE` (`Nome`, `Recapito`, `Squadra`, `NumeroMaglia`) VALUES ('Denis Vavro', '3460000934', 'Slovacchia', 3);
INSERT INTO `scommesse0226198`.`CALCIATORE` (`Nome`, `Recapito`, `Squadra`, `NumeroMaglia`) VALUES ('Denis Zakaria', '3460000663', 'Svizzera', 17);
INSERT INTO `scommesse0226198`.`CALCIATORE` (`Nome`, `Recapito`, `Squadra`, `NumeroMaglia`) VALUES ('Dennis Man', '3460000546', 'Romania', 14);
INSERT INTO `scommesse0226198`.`CALCIATORE` (`Nome`, `Recapito`, `Squadra`, `NumeroMaglia`) VALUES ('Dennis Praet', '3460000062', 'Belgio', 11);
INSERT INTO `scommesse0226198`.`CALCIATORE` (`Nome`, `Recapito`, `Squadra`, `NumeroMaglia`) VALUES ('Dennis Salanovic', '3460000742', 'Liechtenstein', 22);
INSERT INTO `scommesse0226198`.`CALCIATORE` (`Nome`, `Recapito`, `Squadra`, `NumeroMaglia`) VALUES ('Denys Bojko', '3460000837', 'Ucraina', 99);
INSERT INTO `scommesse0226198`.`CALCIATORE` (`Nome`, `Recapito`, `Squadra`, `NumeroMaglia`) VALUES ('Denzel Dumfries', '3460000463', 'Paesi Bassi', 22);
INSERT INTO `scommesse0226198`.`CALCIATORE` (`Nome`, `Recapito`, `Squadra`, `NumeroMaglia`) VALUES ('Deren Ibrahim', '3460001065', 'Gibilterra', 13);
INSERT INTO `scommesse0226198`.`CALCIATORE` (`Nome`, `Recapito`, `Squadra`, `NumeroMaglia`) VALUES ('Dexter Xuereb', '3460000704', 'Malta', 96);
INSERT INTO `scommesse0226198`.`CALCIATORE` (`Nome`, `Recapito`, `Squadra`, `NumeroMaglia`) VALUES ('Kolovetsios', '3460000244', 'Grecia', 20);
INSERT INTO `scommesse0226198`.`CALCIATORE` (`Nome`, `Recapito`, `Squadra`, `NumeroMaglia`) VALUES ('Kourmpelis', '3460000252', 'Grecia', 21);
INSERT INTO `scommesse0226198`.`CALCIATORE` (`Nome`, `Recapito`, `Squadra`, `NumeroMaglia`) VALUES ('Dimitrios Siovas', '3460000242', 'Grecia', 5);
INSERT INTO `scommesse0226198`.`CALCIATORE` (`Nome`, `Recapito`, `Squadra`, `NumeroMaglia`) VALUES ('Dimitris Kolovos', '3460000250', 'Grecia', 17);
INSERT INTO `scommesse0226198`.`CALCIATORE` (`Nome`, `Recapito`, `Squadra`, `NumeroMaglia`) VALUES ('Dinu Graur', '3460000917', 'Moldavia', 22);
INSERT INTO `scommesse0226198`.`CALCIATORE` (`Nome`, `Recapito`, `Squadra`, `NumeroMaglia`) VALUES ('Diogo Jota', '3460000523', 'Portogallo', 11);
INSERT INTO `scommesse0226198`.`CALCIATORE` (`Nome`, `Recapito`, `Squadra`, `NumeroMaglia`) VALUES ('Dirk Carlson', '3460000409', 'Lussemburgo', 4);
INSERT INTO `scommesse0226198`.`CALCIATORE` (`Nome`, `Recapito`, `Squadra`, `NumeroMaglia`) VALUES ('Divock Origi', '3460000068', 'Belgio', 9);
INSERT INTO `scommesse0226198`.`CALCIATORE` (`Nome`, `Recapito`, `Squadra`, `NumeroMaglia`) VALUES ('Djibril Sow', '3460000667', 'Svizzera', 18);
INSERT INTO `scommesse0226198`.`CALCIATORE` (`Nome`, `Recapito`, `Squadra`, `NumeroMaglia`) VALUES ('Domagoj Vida', '3460000887', 'Croazia', 21);
INSERT INTO `scommesse0226198`.`CALCIATORE` (`Nome`, `Recapito`, `Squadra`, `NumeroMaglia`) VALUES ('Dominik Livakovic', '3460000885', 'Croazia', 1);
INSERT INTO `scommesse0226198`.`CALCIATORE` (`Nome`, `Recapito`, `Squadra`, `NumeroMaglia`) VALUES ('Dominik Nagy', '3460000689', 'Ungheria', 18);
INSERT INTO `scommesse0226198`.`CALCIATORE` (`Nome`, `Recapito`, `Squadra`, `NumeroMaglia`) VALUES ('Dominik Szoboszlai', '3460000690', 'Ungheria', 20);
INSERT INTO `scommesse0226198`.`CALCIATORE` (`Nome`, `Recapito`, `Squadra`, `NumeroMaglia`) VALUES ('Donny van de Beek', '3460000469', 'Paesi Bassi', 20);
INSERT INTO `scommesse0226198`.`CALCIATORE` (`Nome`, `Recapito`, `Squadra`, `NumeroMaglia`) VALUES ('Dorin Rotariu', '3460000543', 'Romania', 21);
INSERT INTO `scommesse0226198`.`CALCIATORE` (`Nome`, `Recapito`, `Squadra`, `NumeroMaglia`) VALUES ('Dragos Grigore', '3460000530', 'Romania', 99);
INSERT INTO `scommesse0226198`.`CALCIATORE` (`Nome`, `Recapito`, `Squadra`, `NumeroMaglia`) VALUES ('Dries Mertens', '3460000070', 'Belgio', 14);
INSERT INTO `scommesse0226198`.`CALCIATORE` (`Nome`, `Recapito`, `Squadra`, `NumeroMaglia`) VALUES ('Duje Caleta Car', '3460000893', 'Croazia', 5);
INSERT INTO `scommesse0226198`.`CALCIATORE` (`Nome`, `Recapito`, `Squadra`, `NumeroMaglia`) VALUES ('Dumitru Celeadnic', '3460000910', 'Moldavia', 12);
INSERT INTO `scommesse0226198`.`CALCIATORE` (`Nome`, `Recapito`, `Squadra`, `NumeroMaglia`) VALUES ('Dunstan Vella', '3460000716', 'Malta', 13);
INSERT INTO `scommesse0226198`.`CALCIATORE` (`Nome`, `Recapito`, `Squadra`, `NumeroMaglia`) VALUES ('Dusan Tadic', '3460000397', 'Serbia', 10);
INSERT INTO `scommesse0226198`.`CALCIATORE` (`Nome`, `Recapito`, `Squadra`, `NumeroMaglia`) VALUES ('Dyego Sousa', '3460000522', 'Portogallo', 9);
INSERT INTO `scommesse0226198`.`CALCIATORE` (`Nome`, `Recapito`, `Squadra`, `NumeroMaglia`) VALUES ('Dziugas Bartkus', '3460000813', 'Lituania', 1);
INSERT INTO `scommesse0226198`.`CALCIATORE` (`Nome`, `Recapito`, `Squadra`, `NumeroMaglia`) VALUES ('Dzmitry Baha', '3460000880', 'Bielorussia', 9);
INSERT INTO `scommesse0226198`.`CALCIATORE` (`Nome`, `Recapito`, `Squadra`, `NumeroMaglia`) VALUES ('Dzyanis Palyakow', '3460000866', 'Bielorussia', 5);
INSERT INTO `scommesse0226198`.`CALCIATORE` (`Nome`, `Recapito`, `Squadra`, `NumeroMaglia`) VALUES ('Eamonn Brophy', '3460000596', 'Scozia', 21);
INSERT INTO `scommesse0226198`.`CALCIATORE` (`Nome`, `Recapito`, `Squadra`, `NumeroMaglia`) VALUES ('Eden Hazard', '3460000069', 'Belgio', 10);
INSERT INTO `scommesse0226198`.`CALCIATORE` (`Nome`, `Recapito`, `Squadra`, `NumeroMaglia`) VALUES ('Edimilson Fernandes', '3460000665', 'Svizzera', 20);
INSERT INTO `scommesse0226198`.`CALCIATORE` (`Nome`, `Recapito`, `Squadra`, `NumeroMaglia`) VALUES ('Edin Dzeko', '3460001036', 'Bosnia ed Erzegovina', 21);
INSERT INTO `scommesse0226198`.`CALCIATORE` (`Nome`, `Recapito`, `Squadra`, `NumeroMaglia`) VALUES ('Edin Visca', '3460001026', 'Bosnia ed Erzegovina', 11);
INSERT INTO `scommesse0226198`.`CALCIATORE` (`Nome`, `Recapito`, `Squadra`, `NumeroMaglia`) VALUES ('Edon Zhegrova', '3460001104', 'Kosovo', 22);
INSERT INTO `scommesse0226198`.`CALCIATORE` (`Nome`, `Recapito`, `Squadra`, `NumeroMaglia`) VALUES ('Eduard Sobol', '3460000842', 'Ucraina', 3);
INSERT INTO `scommesse0226198`.`CALCIATORE` (`Nome`, `Recapito`, `Squadra`, `NumeroMaglia`) VALUES ('Edvinas Girdvainis', '3460000819', 'Lituania', 7);
INSERT INTO `scommesse0226198`.`CALCIATORE` (`Nome`, `Recapito`, `Squadra`, `NumeroMaglia`) VALUES ('Eero Markkanen', '3460000162', 'Finlandia', 9);
INSERT INTO `scommesse0226198`.`CALCIATORE` (`Nome`, `Recapito`, `Squadra`, `NumeroMaglia`) VALUES ('Egidijus Vaitkunas', '3460000816', 'Lituania', 4);
INSERT INTO `scommesse0226198`.`CALCIATORE` (`Nome`, `Recapito`, `Squadra`, `NumeroMaglia`) VALUES ('Egzon Bejtullai', '3460000963', 'Macedonia del Nord', 3);
INSERT INTO `scommesse0226198`.`CALCIATORE` (`Nome`, `Recapito`, `Squadra`, `NumeroMaglia`) VALUES ('Eino Puri', '3460000779', 'Estonia', 13);
INSERT INTO `scommesse0226198`.`CALCIATORE` (`Nome`, `Recapito`, `Squadra`, `NumeroMaglia`) VALUES ('Eldar Civic', '3460001023', 'Bosnia ed Erzegovina', 8);
INSERT INTO `scommesse0226198`.`CALCIATORE` (`Nome`, `Recapito`, `Squadra`, `NumeroMaglia`) VALUES ('Elia Benedettini', '3460000744', 'San Marino', 1);
INSERT INTO `scommesse0226198`.`CALCIATORE` (`Nome`, `Recapito`, `Squadra`, `NumeroMaglia`) VALUES ('Elif Elmas', '3460000968', 'Macedonia del Nord', 21);
INSERT INTO `scommesse0226198`.`CALCIATORE` (`Nome`, `Recapito`, `Squadra`, `NumeroMaglia`) VALUES ('Elseid Hysaj', '3460000004', 'Albania', 4);
INSERT INTO `scommesse0226198`.`CALCIATORE` (`Nome`, `Recapito`, `Squadra`, `NumeroMaglia`) VALUES ('Elvis Saric', '3460001030', 'Bosnia ed Erzegovina', 15);
INSERT INTO `scommesse0226198`.`CALCIATORE` (`Nome`, `Recapito`, `Squadra`, `NumeroMaglia`) VALUES ('Emanuele Ndoj', '3460000014', 'Albania', 7);
INSERT INTO `scommesse0226198`.`CALCIATORE` (`Nome`, `Recapito`, `Squadra`, `NumeroMaglia`) VALUES ('Emerson Palmieri', '3460000357', 'Italia', 4);
INSERT INTO `scommesse0226198`.`CALCIATORE` (`Nome`, `Recapito`, `Squadra`, `NumeroMaglia`) VALUES ('Emil Forsberg', '3460000639', 'Svezia', 10);
INSERT INTO `scommesse0226198`.`CALCIATORE` (`Nome`, `Recapito`, `Squadra`, `NumeroMaglia`) VALUES ('Emil Hallfreosson', '3460000344', 'Islanda', 17);
INSERT INTO `scommesse0226198`.`CALCIATORE` (`Nome`, `Recapito`, `Squadra`, `NumeroMaglia`) VALUES ('Emil Krafth', '3460000635', 'Svezia', 16);
INSERT INTO `scommesse0226198`.`CALCIATORE` (`Nome`, `Recapito`, `Squadra`, `NumeroMaglia`) VALUES ('Emili Garcia', '3460000999', 'Andorra', 5);
INSERT INTO `scommesse0226198`.`CALCIATORE` (`Nome`, `Recapito`, `Squadra`, `NumeroMaglia`) VALUES ('Enar Jaager', '3460000772', 'Estonia', 6);
INSERT INTO `scommesse0226198`.`CALCIATORE` (`Nome`, `Recapito`, `Squadra`, `NumeroMaglia`) VALUES ('Enea Mihaj', '3460000007', 'Albania', 13);
INSERT INTO `scommesse0226198`.`CALCIATORE` (`Nome`, `Recapito`, `Squadra`, `NumeroMaglia`) VALUES ('Enes Mahmutovic', '3460000414', 'Lussemburgo', 9);
INSERT INTO `scommesse0226198`.`CALCIATORE` (`Nome`, `Recapito`, `Squadra`, `NumeroMaglia`) VALUES ('Enis Bardhi', '3460000966', 'Macedonia del Nord', 17);
INSERT INTO `scommesse0226198`.`CALCIATORE` (`Nome`, `Recapito`, `Squadra`, `NumeroMaglia`) VALUES ('Enrico Golinucci', '3460000756', 'San Marino', 13);
INSERT INTO `scommesse0226198`.`CALCIATORE` (`Nome`, `Recapito`, `Squadra`, `NumeroMaglia`) VALUES ('Ergys Kace', '3460000019', 'Albania', 20);
INSERT INTO `scommesse0226198`.`CALCIATORE` (`Nome`, `Recapito`, `Squadra`, `NumeroMaglia`) VALUES ('Eric Dier', '3460000270', 'Inghilterra', 4);
INSERT INTO `scommesse0226198`.`CALCIATORE` (`Nome`, `Recapito`, `Squadra`, `NumeroMaglia`) VALUES ('Erin Barnett', '3460001068', 'Gibilterra', 15);
INSERT INTO `scommesse0226198`.`CALCIATORE` (`Nome`, `Recapito`, `Squadra`, `NumeroMaglia`) VALUES ('Ermedin Demirovic', '3460001039', 'Bosnia ed Erzegovina', 24);
INSERT INTO `scommesse0226198`.`CALCIATORE` (`Nome`, `Recapito`, `Squadra`, `NumeroMaglia`) VALUES ('Ermin Bicakcic', '3460001022', 'Bosnia ed Erzegovina', 7);
INSERT INTO `scommesse0226198`.`CALCIATORE` (`Nome`, `Recapito`, `Squadra`, `NumeroMaglia`) VALUES ('Ermir Lenjani', '3460000013', 'Albania', 3);
INSERT INTO `scommesse0226198`.`CALCIATORE` (`Nome`, `Recapito`, `Squadra`, `NumeroMaglia`) VALUES ('Ernestas Veliulis', '3460000834', 'Lituania', 22);
INSERT INTO `scommesse0226198`.`CALCIATORE` (`Nome`, `Recapito`, `Squadra`, `NumeroMaglia`) VALUES ('Eros Grezda', '3460000022', 'Albania', 96);
INSERT INTO `scommesse0226198`.`CALCIATORE` (`Nome`, `Recapito`, `Squadra`, `NumeroMaglia`) VALUES ('Ervin Zukanovic', '3460001021', 'Bosnia ed Erzegovina', 6);
INSERT INTO `scommesse0226198`.`CALCIATORE` (`Nome`, `Recapito`, `Squadra`, `NumeroMaglia`) VALUES ('Ethan Ampadu', '3460000205', 'Galles', 15);
INSERT INTO `scommesse0226198`.`CALCIATORE` (`Nome`, `Recapito`, `Squadra`, `NumeroMaglia`) VALUES ('Etrit Berisha', '3460000000', 'Albania', 1);
INSERT INTO `scommesse0226198`.`CALCIATORE` (`Nome`, `Recapito`, `Squadra`, `NumeroMaglia`) VALUES ('Eugeniu Cebotaru', '3460000921', 'Moldavia', 9);
INSERT INTO `scommesse0226198`.`CALCIATORE` (`Nome`, `Recapito`, `Squadra`, `NumeroMaglia`) VALUES ('Eugeniu Cociuc', '3460000922', 'Moldavia', 10);
INSERT INTO `scommesse0226198`.`CALCIATORE` (`Nome`, `Recapito`, `Squadra`, `NumeroMaglia`) VALUES ('Euthymios Koulouris', '3460000254', 'Grecia', 9);
INSERT INTO `scommesse0226198`.`CALCIATORE` (`Nome`, `Recapito`, `Squadra`, `NumeroMaglia`) VALUES ('Even Hovland', '3460000434', 'Norvegia', 3);
INSERT INTO `scommesse0226198`.`CALCIATORE` (`Nome`, `Recapito`, `Squadra`, `NumeroMaglia`) VALUES ('Evgheni Oancea', '3460000926', 'Moldavia', 20);
INSERT INTO `scommesse0226198`.`CALCIATORE` (`Nome`, `Recapito`, `Squadra`, `NumeroMaglia`) VALUES ('Ezgjan Alioski', '3460000965', 'Macedonia del Nord', 8);
INSERT INTO `scommesse0226198`.`CALCIATORE` (`Nome`, `Recapito`, `Squadra`, `NumeroMaglia`) VALUES ('Fabian Delph', '3460000274', 'Inghilterra', 17);
INSERT INTO `scommesse0226198`.`CALCIATORE` (`Nome`, `Recapito`, `Squadra`, `NumeroMaglia`) VALUES ('Fabian Schar', '3460000653', 'Svizzera', 22);
INSERT INTO `scommesse0226198`.`CALCIATORE` (`Nome`, `Recapito`, `Squadra`, `NumeroMaglia`) VALUES ('Fabio Quagliarella', '3460000379', 'Italia', 21);
INSERT INTO `scommesse0226198`.`CALCIATORE` (`Nome`, `Recapito`, `Squadra`, `NumeroMaglia`) VALUES ('Fabio Tomassini', '3460000757', 'San Marino', 14);
INSERT INTO `scommesse0226198`.`CALCIATORE` (`Nome`, `Recapito`, `Squadra`, `NumeroMaglia`) VALUES ('Fabio Vitaioli', '3460000747', 'San Marino', 4);
INSERT INTO `scommesse0226198`.`CALCIATORE` (`Nome`, `Recapito`, `Squadra`, `NumeroMaglia`) VALUES ('Fatos Beciraj', '3460001061', 'Montenegro', 11);
INSERT INTO `scommesse0226198`.`CALCIATORE` (`Nome`, `Recapito`, `Squadra`, `NumeroMaglia`) VALUES ('Bernardeschi', '3460000378', 'Italia', 20);
INSERT INTO `scommesse0226198`.`CALCIATORE` (`Nome`, `Recapito`, `Squadra`, `NumeroMaglia`) VALUES ('Federico Chiesa', '3460000376', 'Italia', 14);
INSERT INTO `scommesse0226198`.`CALCIATORE` (`Nome`, `Recapito`, `Squadra`, `NumeroMaglia`) VALUES ('Ferdinando Apap', '3460000702', 'Malta', 97);
INSERT INTO `scommesse0226198`.`CALCIATORE` (`Nome`, `Recapito`, `Squadra`, `NumeroMaglia`) VALUES ('Ferhan Hasani', '3460000964', 'Macedonia del Nord', 11);
INSERT INTO `scommesse0226198`.`CALCIATORE` (`Nome`, `Recapito`, `Squadra`, `NumeroMaglia`) VALUES ('Ferland Mendy', '3460000171', 'Francia', 3);
INSERT INTO `scommesse0226198`.`CALCIATORE` (`Nome`, `Recapito`, `Squadra`, `NumeroMaglia`) VALUES ('Ferran Pol', '3460000997', 'Andorra', 13);
INSERT INTO `scommesse0226198`.`CALCIATORE` (`Nome`, `Recapito`, `Squadra`, `NumeroMaglia`) VALUES ('Fidan Aliti', '3460001093', 'Kosovo', 3);
INSERT INTO `scommesse0226198`.`CALCIATORE` (`Nome`, `Recapito`, `Squadra`, `NumeroMaglia`) VALUES ('Filip Bradaric', '3460000902', 'Croazia', 14);
INSERT INTO `scommesse0226198`.`CALCIATORE` (`Nome`, `Recapito`, `Squadra`, `NumeroMaglia`) VALUES ('Filip Helander', '3460000636', 'Svezia', 14);
INSERT INTO `scommesse0226198`.`CALCIATORE` (`Nome`, `Recapito`, `Squadra`, `NumeroMaglia`) VALUES ('Filip Holender', '3460000697', 'Ungheria', 23);
INSERT INTO `scommesse0226198`.`CALCIATORE` (`Nome`, `Recapito`, `Squadra`, `NumeroMaglia`) VALUES ('Filip Kostic', '3460000398', 'Serbia', 17);
INSERT INTO `scommesse0226198`.`CALCIATORE` (`Nome`, `Recapito`, `Squadra`, `NumeroMaglia`) VALUES ('Filip Novak', '3460000102', 'Repubblica Ceca', 22);
INSERT INTO `scommesse0226198`.`CALCIATORE` (`Nome`, `Recapito`, `Squadra`, `NumeroMaglia`) VALUES ('Filip Stojkovic', '3460001047', 'Montenegro', 2);
INSERT INTO `scommesse0226198`.`CALCIATORE` (`Nome`, `Recapito`, `Squadra`, `NumeroMaglia`) VALUES ('Fiodor Cernych', '3460000835', 'Lituania', 23);
INSERT INTO `scommesse0226198`.`CALCIATORE` (`Nome`, `Recapito`, `Squadra`, `NumeroMaglia`) VALUES ('Fiorin Durmishaj', '3460000255', 'Grecia', 11);
INSERT INTO `scommesse0226198`.`CALCIATORE` (`Nome`, `Recapito`, `Squadra`, `NumeroMaglia`) VALUES ('Florent Hasani', '3460001106', 'Kosovo', 14);
INSERT INTO `scommesse0226198`.`CALCIATORE` (`Nome`, `Recapito`, `Squadra`, `NumeroMaglia`) VALUES ('Florian Bohnert', '3460000418', 'Lussemburgo', 13);
INSERT INTO `scommesse0226198`.`CALCIATORE` (`Nome`, `Recapito`, `Squadra`, `NumeroMaglia`) VALUES ('Florian Kainz', '3460000041', 'Austria', 17);
INSERT INTO `scommesse0226198`.`CALCIATORE` (`Nome`, `Recapito`, `Squadra`, `NumeroMaglia`) VALUES ('Florian Thauvin', '3460000188', 'Francia', 20);
INSERT INTO `scommesse0226198`.`CALCIATORE` (`Nome`, `Recapito`, `Squadra`, `NumeroMaglia`) VALUES ('François Moubandje', '3460000655', 'Svizzera', 3);
INSERT INTO `scommesse0226198`.`CALCIATORE` (`Nome`, `Recapito`, `Squadra`, `NumeroMaglia`) VALUES ('Franz Burgmeier', '3460000741', 'Liechtenstein', 21);
INSERT INTO `scommesse0226198`.`CALCIATORE` (`Nome`, `Recapito`, `Squadra`, `NumeroMaglia`) VALUES ('Frédéric Veseli', '3460000005', 'Albania', 5);
INSERT INTO `scommesse0226198`.`CALCIATORE` (`Nome`, `Recapito`, `Squadra`, `NumeroMaglia`) VALUES ('Frederik Ronnow', '3460000140', 'Danimarca', 22);
INSERT INTO `scommesse0226198`.`CALCIATORE` (`Nome`, `Recapito`, `Squadra`, `NumeroMaglia`) VALUES ('Frenkie de Jong', '3460000470', 'Paesi Bassi', 21);
INSERT INTO `scommesse0226198`.`CALCIATORE` (`Nome`, `Recapito`, `Squadra`, `NumeroMaglia`) VALUES ('Galin Ivanov', '3460000090', 'Bulgaria', 18);
INSERT INTO `scommesse0226198`.`CALCIATORE` (`Nome`, `Recapito`, `Squadra`, `NumeroMaglia`) VALUES ('Gareth Bale', '3460000211', 'Galles', 11);
INSERT INTO `scommesse0226198`.`CALCIATORE` (`Nome`, `Recapito`, `Squadra`, `NumeroMaglia`) VALUES ('Gareth McAuley', '3460000309', 'Irlanda del Nord', 4);
INSERT INTO `scommesse0226198`.`CALCIATORE` (`Nome`, `Recapito`, `Squadra`, `NumeroMaglia`) VALUES ('Gentian Selmani', '3460000002', 'Albania', 23);
INSERT INTO `scommesse0226198`.`CALCIATORE` (`Nome`, `Recapito`, `Squadra`, `NumeroMaglia`) VALUES ('George Cabrera', '3460001082', 'Gibilterra', 11);
INSERT INTO `scommesse0226198`.`CALCIATORE` (`Nome`, `Recapito`, `Squadra`, `NumeroMaglia`) VALUES ('George Puscas', '3460000550', 'Romania', 9);
INSERT INTO `scommesse0226198`.`CALCIATORE` (`Nome`, `Recapito`, `Squadra`, `NumeroMaglia`) VALUES ('George Tucudean', '3460000549', 'Romania', 19);
INSERT INTO `scommesse0226198`.`CALCIATORE` (`Nome`, `Recapito`, `Squadra`, `NumeroMaglia`) VALUES ('Georgi Kostadinov', '3460000085', 'Bulgaria', 7);
INSERT INTO `scommesse0226198`.`CALCIATORE` (`Nome`, `Recapito`, `Squadra`, `NumeroMaglia`) VALUES ('Georginio Wijnaldum', '3460000465', 'Paesi Bassi', 8);
INSERT INTO `scommesse0226198`.`CALCIATORE` (`Nome`, `Recapito`, `Squadra`, `NumeroMaglia`) VALUES ('Gerson Rodrigues', '3460000421', 'Lussemburgo', 16);
INSERT INTO `scommesse0226198`.`CALCIATORE` (`Nome`, `Recapito`, `Squadra`, `NumeroMaglia`) VALUES ('Gert Kams', '3460000776', 'Estonia', 10);
INSERT INTO `scommesse0226198`.`CALCIATORE` (`Nome`, `Recapito`, `Squadra`, `NumeroMaglia`) VALUES ('Gheorghe Anton', '3460000918', 'Moldavia', 6);
INSERT INTO `scommesse0226198`.`CALCIATORE` (`Nome`, `Recapito`, `Squadra`, `NumeroMaglia`) VALUES ('Gheorghe Grozav', '3460000539', 'Romania', 10);
INSERT INTO `scommesse0226198`.`CALCIATORE` (`Nome`, `Recapito`, `Squadra`, `NumeroMaglia`) VALUES ('Gianluca Mancini', '3460000358', 'Italia', 5);
INSERT INTO `scommesse0226198`.`CALCIATORE` (`Nome`, `Recapito`, `Squadra`, `NumeroMaglia`) VALUES ('Giorgio Chiellini', '3460000356', 'Italia', 3);
INSERT INTO `scommesse0226198`.`CALCIATORE` (`Nome`, `Recapito`, `Squadra`, `NumeroMaglia`) VALUES ('Giorgos Masouras', '3460000258', 'Grecia', 16);
INSERT INTO `scommesse0226198`.`CALCIATORE` (`Nome`, `Recapito`, `Squadra`, `NumeroMaglia`) VALUES ('Giorgos Valerianos', '3460000240', 'Grecia', 3);
INSERT INTO `scommesse0226198`.`CALCIATORE` (`Nome`, `Recapito`, `Squadra`, `NumeroMaglia`) VALUES ('Gjoko Zajkov', '3460000961', 'Macedonia del Nord', 5);
INSERT INTO `scommesse0226198`.`CALCIATORE` (`Nome`, `Recapito`, `Squadra`, `NumeroMaglia`) VALUES ('Glen Kamara', '3460000154', 'Finlandia', 6);
INSERT INTO `scommesse0226198`.`CALCIATORE` (`Nome`, `Recapito`, `Squadra`, `NumeroMaglia`) VALUES ('Gojko Cimirot', '3460001029', 'Bosnia ed Erzegovina', 14);
INSERT INTO `scommesse0226198`.`CALCIATORE` (`Nome`, `Recapito`, `Squadra`, `NumeroMaglia`) VALUES ('Gonçalo Guedes', '3460000525', 'Portogallo', 17);
INSERT INTO `scommesse0226198`.`CALCIATORE` (`Nome`, `Recapito`, `Squadra`, `NumeroMaglia`) VALUES ('Goran Pandev', '3460000971', 'Macedonia del Nord', 10);
INSERT INTO `scommesse0226198`.`CALCIATORE` (`Nome`, `Recapito`, `Squadra`, `NumeroMaglia`) VALUES ('Goran Zakaric', '3460001031', 'Bosnia ed Erzegovina', 16);
INSERT INTO `scommesse0226198`.`CALCIATORE` (`Nome`, `Recapito`, `Squadra`, `NumeroMaglia`) VALUES ('Graeme Shinnie', '3460000595', 'Scozia', 20);
INSERT INTO `scommesse0226198`.`CALCIATORE` (`Nome`, `Recapito`, `Squadra`, `NumeroMaglia`) VALUES ('Granit Xhaka', '3460000661', 'Svizzera', 10);
INSERT INTO `scommesse0226198`.`CALCIATORE` (`Nome`, `Recapito`, `Squadra`, `NumeroMaglia`) VALUES ('Gratas Sirgedas', '3460000832', 'Lituania', 20);
INSERT INTO `scommesse0226198`.`CALCIATORE` (`Nome`, `Recapito`, `Squadra`, `NumeroMaglia`) VALUES ('Grega Sorcan', '3460000977', 'Slovenia', 16);
INSERT INTO `scommesse0226198`.`CALCIATORE` (`Nome`, `Recapito`, `Squadra`, `NumeroMaglia`) VALUES ('Grzegorz Krychowiak', '3460000491', 'Polonia', 10);
INSERT INTO `scommesse0226198`.`CALCIATORE` (`Nome`, `Recapito`, `Squadra`, `NumeroMaglia`) VALUES ('Guido Burgstaller', '3460000047', 'Austria', 19);
INSERT INTO `scommesse0226198`.`CALCIATORE` (`Nome`, `Recapito`, `Squadra`, `NumeroMaglia`) VALUES ('Gustav Svensson', '3460000644', 'Svezia', 13);
INSERT INTO `scommesse0226198`.`CALCIATORE` (`Nome`, `Recapito`, `Squadra`, `NumeroMaglia`) VALUES ('Gylfi Sigurosson', '3460000340', 'Islanda', 13);
INSERT INTO `scommesse0226198`.`CALCIATORE` (`Nome`, `Recapito`, `Squadra`, `NumeroMaglia`) VALUES ('Haitam Aleesami', '3460000438', 'Norvegia', 13);
INSERT INTO `scommesse0226198`.`CALCIATORE` (`Nome`, `Recapito`, `Squadra`, `NumeroMaglia`) VALUES ('Hans Hateboer', '3460000456', 'Paesi Bassi', 2);
INSERT INTO `scommesse0226198`.`CALCIATORE` (`Nome`, `Recapito`, `Squadra`, `NumeroMaglia`) VALUES ('Hans Vanaken', '3460000065', 'Belgio', 7);
INSERT INTO `scommesse0226198`.`CALCIATORE` (`Nome`, `Recapito`, `Squadra`, `NumeroMaglia`) VALUES ('Haris Duljevic', '3460001028', 'Bosnia ed Erzegovina', 13);
INSERT INTO `scommesse0226198`.`CALCIATORE` (`Nome`, `Recapito`, `Squadra`, `NumeroMaglia`) VALUES ('Haris Seferovic', '3460000668', 'Svizzera', 9);
INSERT INTO `scommesse0226198`.`CALCIATORE` (`Nome`, `Recapito`, `Squadra`, `NumeroMaglia`) VALUES ('Harry Kane', '3460000277', 'Inghilterra', 9);
INSERT INTO `scommesse0226198`.`CALCIATORE` (`Nome`, `Recapito`, `Squadra`, `NumeroMaglia`) VALUES ('Harry Maguire', '3460000265', 'Inghilterra', 6);
INSERT INTO `scommesse0226198`.`CALCIATORE` (`Nome`, `Recapito`, `Squadra`, `NumeroMaglia`) VALUES ('Harry Wilson', '3460000204', 'Galles', 18);
INSERT INTO `scommesse0226198`.`CALCIATORE` (`Nome`, `Recapito`, `Squadra`, `NumeroMaglia`) VALUES ('Heinz Lindner', '3460000027', 'Austria', 1);
INSERT INTO `scommesse0226198`.`CALCIATORE` (`Nome`, `Recapito`, `Squadra`, `NumeroMaglia`) VALUES ('Hekuran Kryeziu', '3460001097', 'Kosovo', 6);
INSERT INTO `scommesse0226198`.`CALCIATORE` (`Nome`, `Recapito`, `Squadra`, `NumeroMaglia`) VALUES ('Henri Anier', '3460000784', 'Estonia', 18);
INSERT INTO `scommesse0226198`.`CALCIATORE` (`Nome`, `Recapito`, `Squadra`, `NumeroMaglia`) VALUES ('Henrik Dalsgaard', '3460000132', 'Danimarca', 14);
INSERT INTO `scommesse0226198`.`CALCIATORE` (`Nome`, `Recapito`, `Squadra`, `NumeroMaglia`) VALUES ('Henry Bonello', '3460000700', 'Malta', 1);
INSERT INTO `scommesse0226198`.`CALCIATORE` (`Nome`, `Recapito`, `Squadra`, `NumeroMaglia`) VALUES ('Herolind Shala', '3460001101', 'Kosovo', 5);
INSERT INTO `scommesse0226198`.`CALCIATORE` (`Nome`, `Recapito`, `Squadra`, `NumeroMaglia`) VALUES ('Eyjolfsson', '3460000332', 'Islanda', 5);
INSERT INTO `scommesse0226198`.`CALCIATORE` (`Nome`, `Recapito`, `Squadra`, `NumeroMaglia`) VALUES ('Horour Magnusson', '3460000336', 'Islanda', 9);
INSERT INTO `scommesse0226198`.`CALCIATORE` (`Nome`, `Recapito`, `Squadra`, `NumeroMaglia`) VALUES ('Hugo Lloris', '3460000166', 'Francia', 1);
INSERT INTO `scommesse0226198`.`CALCIATORE` (`Nome`, `Recapito`, `Squadra`, `NumeroMaglia`) VALUES ('Håvard Nordtveit', '3460000437', 'Norvegia', 6);
INSERT INTO `scommesse0226198`.`CALCIATORE` (`Nome`, `Recapito`, `Squadra`, `NumeroMaglia`) VALUES ('Iago Aspas', '3460000624', 'Spagna', 17);
INSERT INTO `scommesse0226198`.`CALCIATORE` (`Nome`, `Recapito`, `Squadra`, `NumeroMaglia`) VALUES ('Ianis Hagi', '3460000545', 'Romania', 8);
INSERT INTO `scommesse0226198`.`CALCIATORE` (`Nome`, `Recapito`, `Squadra`, `NumeroMaglia`) VALUES ('Iaser Turcan', '3460000927', 'Moldavia', 21);
INSERT INTO `scommesse0226198`.`CALCIATORE` (`Nome`, `Recapito`, `Squadra`, `NumeroMaglia`) VALUES ('Ibrahim Sehic', '3460001017', 'Bosnia ed Erzegovina', 2);
INSERT INTO `scommesse0226198`.`CALCIATORE` (`Nome`, `Recapito`, `Squadra`, `NumeroMaglia`) VALUES ('Idriz Voca', '3460001105', 'Kosovo', 4);
INSERT INTO `scommesse0226198`.`CALCIATORE` (`Nome`, `Recapito`, `Squadra`, `NumeroMaglia`) VALUES ('Ignas Plukas', '3460000815', 'Lituania', 3);
INSERT INTO `scommesse0226198`.`CALCIATORE` (`Nome`, `Recapito`, `Squadra`, `NumeroMaglia`) VALUES ('Igor Armas', '3460000914', 'Moldavia', 4);
INSERT INTO `scommesse0226198`.`CALCIATORE` (`Nome`, `Recapito`, `Squadra`, `NumeroMaglia`) VALUES ('Igor Morozov', '3460000771', 'Estonia', 5);
INSERT INTO `scommesse0226198`.`CALCIATORE` (`Nome`, `Recapito`, `Squadra`, `NumeroMaglia`) VALUES ('Igor Vujacic', '3460001050', 'Montenegro', 99);
INSERT INTO `scommesse0226198`.`CALCIATORE` (`Nome`, `Recapito`, `Squadra`, `NumeroMaglia`) VALUES ('Ihar Stasevich', '3460000874', 'Bielorussia', 22);
INSERT INTO `scommesse0226198`.`CALCIATORE` (`Nome`, `Recapito`, `Squadra`, `NumeroMaglia`) VALUES ('Ihar Sytau', '3460000865', 'Bielorussia', 4);
INSERT INTO `scommesse0226198`.`CALCIATORE` (`Nome`, `Recapito`, `Squadra`, `NumeroMaglia`) VALUES ('Ildefons Lima', '3460001000', 'Andorra', 6);
INSERT INTO `scommesse0226198`.`CALCIATORE` (`Nome`, `Recapito`, `Squadra`, `NumeroMaglia`) VALUES ('Ilija Nestorovski', '3460000973', 'Macedonia del Nord', 23);
INSERT INTO `scommesse0226198`.`CALCIATORE` (`Nome`, `Recapito`, `Squadra`, `NumeroMaglia`) VALUES ('Ilja Antonov', '3460000774', 'Estonia', 8);
INSERT INTO `scommesse0226198`.`CALCIATORE` (`Nome`, `Recapito`, `Squadra`, `NumeroMaglia`) VALUES ('Ilkay Gundogan', '3460000233', 'Germania', 21);
INSERT INTO `scommesse0226198`.`CALCIATORE` (`Nome`, `Recapito`, `Squadra`, `NumeroMaglia`) VALUES ('Iñigo Martínez', '3460000613', 'Spagna', 6);
INSERT INTO `scommesse0226198`.`CALCIATORE` (`Nome`, `Recapito`, `Squadra`, `NumeroMaglia`) VALUES ('Ion Jardan', '3460000916', 'Moldavia', 15);
INSERT INTO `scommesse0226198`.`CALCIATORE` (`Nome`, `Recapito`, `Squadra`, `NumeroMaglia`) VALUES ('Ionut Nedelcearu', '3460000534', 'Romania', 4);
INSERT INTO `scommesse0226198`.`CALCIATORE` (`Nome`, `Recapito`, `Squadra`, `NumeroMaglia`) VALUES ('Isaac Thelin', '3460000648', 'Svezia', 22);
INSERT INTO `scommesse0226198`.`CALCIATORE` (`Nome`, `Recapito`, `Squadra`, `NumeroMaglia`) VALUES ('Isco', '3460000621', 'Spagna', 22);
INSERT INTO `scommesse0226198`.`CALCIATORE` (`Nome`, `Recapito`, `Squadra`, `NumeroMaglia`) VALUES ('Istvan Kovacs', '3460000688', 'Ungheria', 10);
INSERT INTO `scommesse0226198`.`CALCIATORE` (`Nome`, `Recapito`, `Squadra`, `NumeroMaglia`) VALUES ('Iulian Cristea', '3460000535', 'Romania', 2);
INSERT INTO `scommesse0226198`.`CALCIATORE` (`Nome`, `Recapito`, `Squadra`, `NumeroMaglia`) VALUES ('Ivan Balliu', '3460000010', 'Albania', 99);
INSERT INTO `scommesse0226198`.`CALCIATORE` (`Nome`, `Recapito`, `Squadra`, `NumeroMaglia`) VALUES ('Ivan Bandalovski', '3460000078', 'Bulgaria', 11);
INSERT INTO `scommesse0226198`.`CALCIATORE` (`Nome`, `Recapito`, `Squadra`, `NumeroMaglia`) VALUES ('Ivan Goranov', '3460000082', 'Bulgaria', 17);
INSERT INTO `scommesse0226198`.`CALCIATORE` (`Nome`, `Recapito`, `Squadra`, `NumeroMaglia`) VALUES ('Ivan Mayewski', '3460000876', 'Bielorussia', 18);
INSERT INTO `scommesse0226198`.`CALCIATORE` (`Nome`, `Recapito`, `Squadra`, `NumeroMaglia`) VALUES ('Ivan Perisic', '3460000904', 'Croazia', 4);
INSERT INTO `scommesse0226198`.`CALCIATORE` (`Nome`, `Recapito`, `Squadra`, `NumeroMaglia`) VALUES ('Ivan Quintans', '3460000728', 'Liechtenstein', 8);
INSERT INTO `scommesse0226198`.`CALCIATORE` (`Nome`, `Recapito`, `Squadra`, `NumeroMaglia`) VALUES ('Ivan Rakitic', '3460000896', 'Croazia', 7);
INSERT INTO `scommesse0226198`.`CALCIATORE` (`Nome`, `Recapito`, `Squadra`, `NumeroMaglia`) VALUES ('Ivelin Popov', '3460000093', 'Bulgaria', 10);
INSERT INTO `scommesse0226198`.`CALCIATORE` (`Nome`, `Recapito`, `Squadra`, `NumeroMaglia`) VALUES ('Iver Fossum', '3460000448', 'Norvegia', 23);
INSERT INTO `scommesse0226198`.`CALCIATORE` (`Nome`, `Recapito`, `Squadra`, `NumeroMaglia`) VALUES ('Jacek Góralski', '3460000495', 'Polonia', 6);
INSERT INTO `scommesse0226198`.`CALCIATORE` (`Nome`, `Recapito`, `Squadra`, `NumeroMaglia`) VALUES ('Jack Butland', '3460000260', 'Inghilterra', 13);
INSERT INTO `scommesse0226198`.`CALCIATORE` (`Nome`, `Recapito`, `Squadra`, `NumeroMaglia`) VALUES ('Jadon Sancho', '3460000279', 'Inghilterra', 11);
INSERT INTO `scommesse0226198`.`CALCIATORE` (`Nome`, `Recapito`, `Squadra`, `NumeroMaglia`) VALUES ('Jagos Vukovic', '3460000390', 'Serbia', 15);
INSERT INTO `scommesse0226198`.`CALCIATORE` (`Nome`, `Recapito`, `Squadra`, `NumeroMaglia`) VALUES ('Jaka Bijol', '3460000991', 'Slovenia', 9);
INSERT INTO `scommesse0226198`.`CALCIATORE` (`Nome`, `Recapito`, `Squadra`, `NumeroMaglia`) VALUES ('Jake Grech', '3460000714', 'Malta', 20);
INSERT INTO `scommesse0226198`.`CALCIATORE` (`Nome`, `Recapito`, `Squadra`, `NumeroMaglia`) VALUES ('Blaszczykowski', '3460000489', 'Polonia', 16);
INSERT INTO `scommesse0226198`.`CALCIATORE` (`Nome`, `Recapito`, `Squadra`, `NumeroMaglia`) VALUES ('Jakub Jankto', '3460000110', 'Repubblica Ceca', 14);
INSERT INTO `scommesse0226198`.`CALCIATORE` (`Nome`, `Recapito`, `Squadra`, `NumeroMaglia`) VALUES ('James Chester', '3460000197', 'Galles', 5);
INSERT INTO `scommesse0226198`.`CALCIATORE` (`Nome`, `Recapito`, `Squadra`, `NumeroMaglia`) VALUES ('James Forrest', '3460000598', 'Scozia', 23);
INSERT INTO `scommesse0226198`.`CALCIATORE` (`Nome`, `Recapito`, `Squadra`, `NumeroMaglia`) VALUES ('James McClean', '3460000297', 'Irlanda', 11);
INSERT INTO `scommesse0226198`.`CALCIATORE` (`Nome`, `Recapito`, `Squadra`, `NumeroMaglia`) VALUES ('Jamie Bosio', '3460001079', 'Gibilterra', 14);
INSERT INTO `scommesse0226198`.`CALCIATORE` (`Nome`, `Recapito`, `Squadra`, `NumeroMaglia`) VALUES ('Jamie Ward', '3460000323', 'Irlanda del Nord', 19);
INSERT INTO `scommesse0226198`.`CALCIATORE` (`Nome`, `Recapito`, `Squadra`, `NumeroMaglia`) VALUES ('Jan Bednarek', '3460000484', 'Polonia', 5);
INSERT INTO `scommesse0226198`.`CALCIATORE` (`Nome`, `Recapito`, `Squadra`, `NumeroMaglia`) VALUES ('Jan Gregus', '3460000940', 'Slovacchia', 6);
INSERT INTO `scommesse0226198`.`CALCIATORE` (`Nome`, `Recapito`, `Squadra`, `NumeroMaglia`) VALUES ('Vestergaard', '3460000121', 'Danimarca', 3);
INSERT INTO `scommesse0226198`.`CALCIATORE` (`Nome`, `Recapito`, `Squadra`, `NumeroMaglia`) VALUES ('Jaromír Zmrhal', '3460000112', 'Repubblica Ceca', 7);
INSERT INTO `scommesse0226198`.`CALCIATORE` (`Nome`, `Recapito`, `Squadra`, `NumeroMaglia`) VALUES ('Jaroslav Mihalik', '3460000941', 'Slovacchia', 7);
INSERT INTO `scommesse0226198`.`CALCIATORE` (`Nome`, `Recapito`, `Squadra`, `NumeroMaglia`) VALUES ('Jason Denayer', '3460000054', 'Belgio', 5);
INSERT INTO `scommesse0226198`.`CALCIATORE` (`Nome`, `Recapito`, `Squadra`, `NumeroMaglia`) VALUES ('Jasper Cillessen', '3460000453', 'Paesi Bassi', 1);
INSERT INTO `scommesse0226198`.`CALCIATORE` (`Nome`, `Recapito`, `Squadra`, `NumeroMaglia`) VALUES ('Jasse Tuominen', '3460000164', 'Finlandia', 20);
INSERT INTO `scommesse0226198`.`CALCIATORE` (`Nome`, `Recapito`, `Squadra`, `NumeroMaglia`) VALUES ('Jayce Olivero', '3460001069', 'Gibilterra', 12);
INSERT INTO `scommesse0226198`.`CALCIATORE` (`Nome`, `Recapito`, `Squadra`, `NumeroMaglia`) VALUES ('Jean Garcia', '3460001072', 'Gibilterra', 20);
INSERT INTO `scommesse0226198`.`CALCIATORE` (`Nome`, `Recapito`, `Squadra`, `NumeroMaglia`) VALUES ('Jeff Hendrick', '3460000298', 'Irlanda', 13);
INSERT INTO `scommesse0226198`.`CALCIATORE` (`Nome`, `Recapito`, `Squadra`, `NumeroMaglia`) VALUES ('Jens Stryger Larsen', '3460000135', 'Danimarca', 17);
INSERT INTO `scommesse0226198`.`CALCIATORE` (`Nome`, `Recapito`, `Squadra`, `NumeroMaglia`) VALUES ('Jere Uronen', '3460000150', 'Finlandia', 18);
INSERT INTO `scommesse0226198`.`CALCIATORE` (`Nome`, `Recapito`, `Squadra`, `NumeroMaglia`) VALUES ('Jérome Boateng', '3460000229', 'Germania', 17);
INSERT INTO `scommesse0226198`.`CALCIATORE` (`Nome`, `Recapito`, `Squadra`, `NumeroMaglia`) VALUES ('Jesse Joronen', '3460000143', 'Finlandia', 12);
INSERT INTO `scommesse0226198`.`CALCIATORE` (`Nome`, `Recapito`, `Squadra`, `NumeroMaglia`) VALUES ('Jesse Lingard', '3460000271', 'Inghilterra', 7);
INSERT INTO `scommesse0226198`.`CALCIATORE` (`Nome`, `Recapito`, `Squadra`, `NumeroMaglia`) VALUES ('Jesus Rubio', '3460001003', 'Andorra', 18);
INSERT INTO `scommesse0226198`.`CALCIATORE` (`Nome`, `Recapito`, `Squadra`, `NumeroMaglia`) VALUES ('Jimmy Durmaz', '3460000638', 'Svezia', 21);
INSERT INTO `scommesse0226198`.`CALCIATORE` (`Nome`, `Recapito`, `Squadra`, `NumeroMaglia`) VALUES ('Jirí Pavlenka', '3460000096', 'Repubblica Ceca', 23);
INSERT INTO `scommesse0226198`.`CALCIATORE` (`Nome`, `Recapito`, `Squadra`, `NumeroMaglia`) VALUES ('Joan Cervós', '3460001002', 'Andorra', 17);
INSERT INTO `scommesse0226198`.`CALCIATORE` (`Nome`, `Recapito`, `Squadra`, `NumeroMaglia`) VALUES ('Joao Cancelo', '3460000507', 'Portogallo', 2);
INSERT INTO `scommesse0226198`.`CALCIATORE` (`Nome`, `Recapito`, `Squadra`, `NumeroMaglia`) VALUES ('Joao Félix', '3460000526', 'Portogallo', 23);
INSERT INTO `scommesse0226198`.`CALCIATORE` (`Nome`, `Recapito`, `Squadra`, `NumeroMaglia`) VALUES ('Joao Moutinho', '3460000514', 'Portogallo', 8);
INSERT INTO `scommesse0226198`.`CALCIATORE` (`Nome`, `Recapito`, `Squadra`, `NumeroMaglia`) VALUES ('Joe Allen', '3460000208', 'Galles', 7);
INSERT INTO `scommesse0226198`.`CALCIATORE` (`Nome`, `Recapito`, `Squadra`, `NumeroMaglia`) VALUES ('Joe Gomez', '3460000266', 'Inghilterra', 12);
INSERT INTO `scommesse0226198`.`CALCIATORE` (`Nome`, `Recapito`, `Squadra`, `NumeroMaglia`) VALUES ('Joe Ledley', '3460000201', 'Galles', 16);
INSERT INTO `scommesse0226198`.`CALCIATORE` (`Nome`, `Recapito`, `Squadra`, `NumeroMaglia`) VALUES ('Johann Berg', '3460000341', 'Islanda', 14);
INSERT INTO `scommesse0226198`.`CALCIATORE` (`Nome`, `Recapito`, `Squadra`, `NumeroMaglia`) VALUES ('John Egan', '3460000291', 'Irlanda', 10);
INSERT INTO `scommesse0226198`.`CALCIATORE` (`Nome`, `Recapito`, `Squadra`, `NumeroMaglia`) VALUES ('John Guidetti', '3460000647', 'Svezia', 11);
INSERT INTO `scommesse0226198`.`CALCIATORE` (`Nome`, `Recapito`, `Squadra`, `NumeroMaglia`) VALUES ('John McGinn', '3460000591', 'Scozia', 16);
INSERT INTO `scommesse0226198`.`CALCIATORE` (`Nome`, `Recapito`, `Squadra`, `NumeroMaglia`) VALUES ('John Mintoff', '3460000712', 'Malta', 16);
INSERT INTO `scommesse0226198`.`CALCIATORE` (`Nome`, `Recapito`, `Squadra`, `NumeroMaglia`) VALUES ('John Souttar', '3460000587', 'Scozia', 12);
INSERT INTO `scommesse0226198`.`CALCIATORE` (`Nome`, `Recapito`, `Squadra`, `NumeroMaglia`) VALUES ('John Stones', '3460000264', 'Inghilterra', 5);
INSERT INTO `scommesse0226198`.`CALCIATORE` (`Nome`, `Recapito`, `Squadra`, `NumeroMaglia`) VALUES ('Jón Boovarsson', '3460000349', 'Islanda', 22);
INSERT INTO `scommesse0226198`.`CALCIATORE` (`Nome`, `Recapito`, `Squadra`, `NumeroMaglia`) VALUES ('Jon McLaughlin', '3460000579', 'Scozia', 4);
INSERT INTO `scommesse0226198`.`CALCIATORE` (`Nome`, `Recapito`, `Squadra`, `NumeroMaglia`) VALUES ('Jonas Hector', '3460000215', 'Germania', 3);
INSERT INTO `scommesse0226198`.`CALCIATORE` (`Nome`, `Recapito`, `Squadra`, `NumeroMaglia`) VALUES ('Jonas Knudsen', '3460000123', 'Danimarca', 5);
INSERT INTO `scommesse0226198`.`CALCIATORE` (`Nome`, `Recapito`, `Squadra`, `NumeroMaglia`) VALUES ('Jonas Lossl', '3460000134', 'Danimarca', 16);
INSERT INTO `scommesse0226198`.`CALCIATORE` (`Nome`, `Recapito`, `Squadra`, `NumeroMaglia`) VALUES ('Jonas Omlin', '3460000651', 'Svizzera', 21);
INSERT INTO `scommesse0226198`.`CALCIATORE` (`Nome`, `Recapito`, `Squadra`, `NumeroMaglia`) VALUES ('Jonas Svensson', '3460000440', 'Norvegia', 16);
INSERT INTO `scommesse0226198`.`CALCIATORE` (`Nome`, `Recapito`, `Squadra`, `NumeroMaglia`) VALUES ('Jonathan Caruana', '3460000703', 'Malta', 2);
INSERT INTO `scommesse0226198`.`CALCIATORE` (`Nome`, `Recapito`, `Squadra`, `NumeroMaglia`) VALUES ('Jonny Evans', '3460000310', 'Irlanda del Nord', 5);
INSERT INTO `scommesse0226198`.`CALCIATORE` (`Nome`, `Recapito`, `Squadra`, `NumeroMaglia`) VALUES ('Joona Toivio', '3460000146', 'Finlandia', 4);
INSERT INTO `scommesse0226198`.`CALCIATORE` (`Nome`, `Recapito`, `Squadra`, `NumeroMaglia`) VALUES ('Jordan Henderson', '3460000272', 'Inghilterra', 8);
INSERT INTO `scommesse0226198`.`CALCIATORE` (`Nome`, `Recapito`, `Squadra`, `NumeroMaglia`) VALUES ('Jordan Pérez', '3460001064', 'Gibilterra', 1);
INSERT INTO `scommesse0226198`.`CALCIATORE` (`Nome`, `Recapito`, `Squadra`, `NumeroMaglia`) VALUES ('Jordan Pickford', '3460000259', 'Inghilterra', 1);
INSERT INTO `scommesse0226198`.`CALCIATORE` (`Nome`, `Recapito`, `Squadra`, `NumeroMaglia`) VALUES ('Jordi Alaez', '3460001010', 'Andorra', 14);
INSERT INTO `scommesse0226198`.`CALCIATORE` (`Nome`, `Recapito`, `Squadra`, `NumeroMaglia`) VALUES ('Jordi Rubio', '3460001006', 'Andorra', 23);
INSERT INTO `scommesse0226198`.`CALCIATORE` (`Nome`, `Recapito`, `Squadra`, `NumeroMaglia`) VALUES ('Jorginho', '3460000368', 'Italia', 8);
INSERT INTO `scommesse0226198`.`CALCIATORE` (`Nome`, `Recapito`, `Squadra`, `NumeroMaglia`) VALUES ('José Fonte', '3460000511', 'Portogallo', 6);
INSERT INTO `scommesse0226198`.`CALCIATORE` (`Nome`, `Recapito`, `Squadra`, `NumeroMaglia`) VALUES ('José Gayà', '3460000612', 'Spagna', 18);
INSERT INTO `scommesse0226198`.`CALCIATORE` (`Nome`, `Recapito`, `Squadra`, `NumeroMaglia`) VALUES ('José Sa', '3460000505', 'Portogallo', 12);
INSERT INTO `scommesse0226198`.`CALCIATORE` (`Nome`, `Recapito`, `Squadra`, `NumeroMaglia`) VALUES ('Josep Gómes', '3460000996', 'Andorra', 1);
INSERT INTO `scommesse0226198`.`CALCIATORE` (`Nome`, `Recapito`, `Squadra`, `NumeroMaglia`) VALUES ('Joseph Chipolina', '3460001073', 'Gibilterra', 3);
INSERT INTO `scommesse0226198`.`CALCIATORE` (`Nome`, `Recapito`, `Squadra`, `NumeroMaglia`) VALUES ('Joseph Mbong', '3460000708', 'Malta', 7);
INSERT INTO `scommesse0226198`.`CALCIATORE` (`Nome`, `Recapito`, `Squadra`, `NumeroMaglia`) VALUES ('Joseph Zerafa', '3460000707', 'Malta', 19);
INSERT INTO `scommesse0226198`.`CALCIATORE` (`Nome`, `Recapito`, `Squadra`, `NumeroMaglia`) VALUES ('Josh Cullen', '3460000296', 'Irlanda', 20);
INSERT INTO `scommesse0226198`.`CALCIATORE` (`Nome`, `Recapito`, `Squadra`, `NumeroMaglia`) VALUES ('Josh Magennis', '3460000327', 'Irlanda del Nord', 21);
INSERT INTO `scommesse0226198`.`CALCIATORE` (`Nome`, `Recapito`, `Squadra`, `NumeroMaglia`) VALUES ('Joshua Kimmich', '3460000230', 'Germania', 18);
INSERT INTO `scommesse0226198`.`CALCIATORE` (`Nome`, `Recapito`, `Squadra`, `NumeroMaglia`) VALUES ('Josip Brekalo', '3460000907', 'Croazia', 2);
INSERT INTO `scommesse0226198`.`CALCIATORE` (`Nome`, `Recapito`, `Squadra`, `NumeroMaglia`) VALUES ('Josip Drmic', '3460000669', 'Svizzera', 19);
INSERT INTO `scommesse0226198`.`CALCIATORE` (`Nome`, `Recapito`, `Squadra`, `NumeroMaglia`) VALUES ('Josip Ilicic', '3460000985', 'Slovenia', 7);
INSERT INTO `scommesse0226198`.`CALCIATORE` (`Nome`, `Recapito`, `Squadra`, `NumeroMaglia`) VALUES ('Juan Corbalan', '3460000713', 'Malta', 15);
INSERT INTO `scommesse0226198`.`CALCIATORE` (`Nome`, `Recapito`, `Squadra`, `NumeroMaglia`) VALUES ('Juha Pirinen', '3460000149', 'Finlandia', 17);
INSERT INTO `scommesse0226198`.`CALCIATORE` (`Nome`, `Recapito`, `Squadra`, `NumeroMaglia`) VALUES ('Jukka Raitala', '3460000151', 'Finlandia', 22);
INSERT INTO `scommesse0226198`.`CALCIATORE` (`Nome`, `Recapito`, `Squadra`, `NumeroMaglia`) VALUES ('Juli Sanchez', '3460001014', 'Andorra', 10);
INSERT INTO `scommesse0226198`.`CALCIATORE` (`Nome`, `Recapito`, `Squadra`, `NumeroMaglia`) VALUES ('Julian Brandt', '3460000232', 'Germania', 20);
INSERT INTO `scommesse0226198`.`CALCIATORE` (`Nome`, `Recapito`, `Squadra`, `NumeroMaglia`) VALUES ('Julian Draxler', '3460000219', 'Germania', 7);
INSERT INTO `scommesse0226198`.`CALCIATORE` (`Nome`, `Recapito`, `Squadra`, `NumeroMaglia`) VALUES ('Juraj Kucka', '3460000949', 'Slovacchia', 19);
INSERT INTO `scommesse0226198`.`CALCIATORE` (`Nome`, `Recapito`, `Squadra`, `NumeroMaglia`) VALUES ('Jure Balkovec', '3460000984', 'Slovenia', 3);
INSERT INTO `scommesse0226198`.`CALCIATORE` (`Nome`, `Recapito`, `Squadra`, `NumeroMaglia`) VALUES ('Juryj Kavaleu', '3460000879', 'Bielorussia', 7);
INSERT INTO `scommesse0226198`.`CALCIATORE` (`Nome`, `Recapito`, `Squadra`, `NumeroMaglia`) VALUES ('Justas Lasickas', '3460000829', 'Lituania', 17);
INSERT INTO `scommesse0226198`.`CALCIATORE` (`Nome`, `Recapito`, `Squadra`, `NumeroMaglia`) VALUES ('Justin Haber', '3460000699', 'Malta', 23);
INSERT INTO `scommesse0226198`.`CALCIATORE` (`Nome`, `Recapito`, `Squadra`, `NumeroMaglia`) VALUES ('Janusevskij', '3460000822', 'Lituania', 10);
INSERT INTO `scommesse0226198`.`CALCIATORE` (`Nome`, `Recapito`, `Squadra`, `NumeroMaglia`) VALUES ('Kaimar Saag', '3460000787', 'Estonia', 21);
INSERT INTO `scommesse0226198`.`CALCIATORE` (`Nome`, `Recapito`, `Squadra`, `NumeroMaglia`) VALUES ('Kamil Glik', '3460000479', 'Polonia', 15);
INSERT INTO `scommesse0226198`.`CALCIATORE` (`Nome`, `Recapito`, `Squadra`, `NumeroMaglia`) VALUES ('Kamil Grosicki', '3460000490', 'Polonia', 11);
INSERT INTO `scommesse0226198`.`CALCIATORE` (`Nome`, `Recapito`, `Squadra`, `NumeroMaglia`) VALUES ('Kari Árnason', '3460000335', 'Islanda', 8);
INSERT INTO `scommesse0226198`.`CALCIATORE` (`Nome`, `Recapito`, `Squadra`, `NumeroMaglia`) VALUES ('Karim Onisiwo', '3460000049', 'Austria', 20);
INSERT INTO `scommesse0226198`.`CALCIATORE` (`Nome`, `Recapito`, `Squadra`, `NumeroMaglia`) VALUES ('Karl Mool', '3460000778', 'Estonia', 12);
INSERT INTO `scommesse0226198`.`CALCIATORE` (`Nome`, `Recapito`, `Squadra`, `NumeroMaglia`) VALUES ('Karl Johnsson', '3460000628', 'Svezia', 12);
INSERT INTO `scommesse0226198`.`CALCIATORE` (`Nome`, `Recapito`, `Squadra`, `NumeroMaglia`) VALUES ('Karlo Bartolec', '3460000894', 'Croazia', 98);
INSERT INTO `scommesse0226198`.`CALCIATORE` (`Nome`, `Recapito`, `Squadra`, `NumeroMaglia`) VALUES ('Karol Linetty', '3460000493', 'Polonia', 8);
INSERT INTO `scommesse0226198`.`CALCIATORE` (`Nome`, `Recapito`, `Squadra`, `NumeroMaglia`) VALUES ('Karolis Laukzemis', '3460000836', 'Lituania', 24);
INSERT INTO `scommesse0226198`.`CALCIATORE` (`Nome`, `Recapito`, `Squadra`, `NumeroMaglia`) VALUES ('Kasper Dolberg', '3460000130', 'Danimarca', 12);
INSERT INTO `scommesse0226198`.`CALCIATORE` (`Nome`, `Recapito`, `Squadra`, `NumeroMaglia`) VALUES ('Kasper Schmeichel', '3460000119', 'Danimarca', 1);
INSERT INTO `scommesse0226198`.`CALCIATORE` (`Nome`, `Recapito`, `Squadra`, `NumeroMaglia`) VALUES ('Kastriot Dermaku', '3460000003', 'Albania', 2);
INSERT INTO `scommesse0226198`.`CALCIATORE` (`Nome`, `Recapito`, `Squadra`, `NumeroMaglia`) VALUES ('Keiren Westwood', '3460000282', 'Irlanda', 3);
INSERT INTO `scommesse0226198`.`CALCIATORE` (`Nome`, `Recapito`, `Squadra`, `NumeroMaglia`) VALUES ('Ken Kallaste', '3460000770', 'Estonia', 4);
INSERT INTO `scommesse0226198`.`CALCIATORE` (`Nome`, `Recapito`, `Squadra`, `NumeroMaglia`) VALUES ('Kenan Kodro', '3460001037', 'Bosnia ed Erzegovina', 22);
INSERT INTO `scommesse0226198`.`CALCIATORE` (`Nome`, `Recapito`, `Squadra`, `NumeroMaglia`) VALUES ('Kenneth Chipolina', '3460001071', 'Gibilterra', 6);
INSERT INTO `scommesse0226198`.`CALCIATORE` (`Nome`, `Recapito`, `Squadra`, `NumeroMaglia`) VALUES ('Kenneth Vermeer', '3460000454', 'Paesi Bassi', 13);
INSERT INTO `scommesse0226198`.`CALCIATORE` (`Nome`, `Recapito`, `Squadra`, `NumeroMaglia`) VALUES ('Kenny McLean', '3460000593', 'Scozia', 18);
INSERT INTO `scommesse0226198`.`CALCIATORE` (`Nome`, `Recapito`, `Squadra`, `NumeroMaglia`) VALUES ('Arrizabalaga', '3460000604', 'Spagna', 13);
INSERT INTO `scommesse0226198`.`CALCIATORE` (`Nome`, `Recapito`, `Squadra`, `NumeroMaglia`) VALUES ('Kevin Long', '3460000287', 'Irlanda', 4);
INSERT INTO `scommesse0226198`.`CALCIATORE` (`Nome`, `Recapito`, `Squadra`, `NumeroMaglia`) VALUES ('Kevin Malget', '3460000413', 'Lussemburgo', 8);
INSERT INTO `scommesse0226198`.`CALCIATORE` (`Nome`, `Recapito`, `Squadra`, `NumeroMaglia`) VALUES ('Kevin Mbabu', '3460000658', 'Svizzera', 2);
INSERT INTO `scommesse0226198`.`CALCIATORE` (`Nome`, `Recapito`, `Squadra`, `NumeroMaglia`) VALUES ('Kevin Strootman', '3460000467', 'Paesi Bassi', 16);
INSERT INTO `scommesse0226198`.`CALCIATORE` (`Nome`, `Recapito`, `Squadra`, `NumeroMaglia`) VALUES ('Kevin Trapp', '3460000224', 'Germania', 12);
INSERT INTO `scommesse0226198`.`CALCIATORE` (`Nome`, `Recapito`, `Squadra`, `NumeroMaglia`) VALUES ('Kieran O Hara', '3460000283', 'Irlanda', 16);
INSERT INTO `scommesse0226198`.`CALCIATORE` (`Nome`, `Recapito`, `Squadra`, `NumeroMaglia`) VALUES ('Kingsley Coman', '3460000187', 'Francia', 11);
INSERT INTO `scommesse0226198`.`CALCIATORE` (`Nome`, `Recapito`, `Squadra`, `NumeroMaglia`) VALUES ('Kire Markoski', '3460000969', 'Macedonia del Nord', 18);
INSERT INTO `scommesse0226198`.`CALCIATORE` (`Nome`, `Recapito`, `Squadra`, `NumeroMaglia`) VALUES ('Kire Ristevski', '3460000958', 'Macedonia del Nord', 4);
INSERT INTO `scommesse0226198`.`CALCIATORE` (`Nome`, `Recapito`, `Squadra`, `NumeroMaglia`) VALUES ('Kiril Despodov', '3460000095', 'Bulgaria', 19);
INSERT INTO `scommesse0226198`.`CALCIATORE` (`Nome`, `Recapito`, `Squadra`, `NumeroMaglia`) VALUES ('Koen Casteels', '3460000052', 'Belgio', 13);
INSERT INTO `scommesse0226198`.`CALCIATORE` (`Nome`, `Recapito`, `Squadra`, `NumeroMaglia`) VALUES ('Konrad Laimer', '3460000045', 'Austria', 18);
INSERT INTO `scommesse0226198`.`CALCIATORE` (`Nome`, `Recapito`, `Squadra`, `NumeroMaglia`) VALUES ('Konstantin Vassiljev', '3460000782', 'Estonia', 16);
INSERT INTO `scommesse0226198`.`CALCIATORE` (`Nome`, `Recapito`, `Squadra`, `NumeroMaglia`) VALUES ('Kostas Fortounis', '3460000249', 'Grecia', 10);
INSERT INTO `scommesse0226198`.`CALCIATORE` (`Nome`, `Recapito`, `Squadra`, `NumeroMaglia`) VALUES ('Kristi Qose', '3460000018', 'Albania', 15);
INSERT INTO `scommesse0226198`.`CALCIATORE` (`Nome`, `Recapito`, `Squadra`, `NumeroMaglia`) VALUES ('Kristijan Toshevski', '3460000962', 'Macedonia del Nord', 2);
INSERT INTO `scommesse0226198`.`CALCIATORE` (`Nome`, `Recapito`, `Squadra`, `NumeroMaglia`) VALUES ('Kristiyan Malinov', '3460000089', 'Bulgaria', 14);
INSERT INTO `scommesse0226198`.`CALCIATORE` (`Nome`, `Recapito`, `Squadra`, `NumeroMaglia`) VALUES ('Kristoffer Nordfeldt', '3460000627', 'Svezia', 23);
INSERT INTO `scommesse0226198`.`CALCIATORE` (`Nome`, `Recapito`, `Squadra`, `NumeroMaglia`) VALUES ('Krisztian Németh', '3460000694', 'Ungheria', 11);
INSERT INTO `scommesse0226198`.`CALCIATORE` (`Nome`, `Recapito`, `Squadra`, `NumeroMaglia`) VALUES ('Krste Velkoski', '3460000974', 'Macedonia del Nord', 19);
INSERT INTO `scommesse0226198`.`CALCIATORE` (`Nome`, `Recapito`, `Squadra`, `NumeroMaglia`) VALUES ('Krzysztof Piatek', '3460000503', 'Polonia', 23);
INSERT INTO `scommesse0226198`.`CALCIATORE` (`Nome`, `Recapito`, `Squadra`, `NumeroMaglia`) VALUES ('Kurt Zouma', '3460000175', 'Francia', 15);
INSERT INTO `scommesse0226198`.`CALCIATORE` (`Nome`, `Recapito`, `Squadra`, `NumeroMaglia`) VALUES ('Kyle Casciaro', '3460001083', 'Gibilterra', 9);
INSERT INTO `scommesse0226198`.`CALCIATORE` (`Nome`, `Recapito`, `Squadra`, `NumeroMaglia`) VALUES ('Kyle Goldwin', '3460001066', 'Gibilterra', 23);
INSERT INTO `scommesse0226198`.`CALCIATORE` (`Nome`, `Recapito`, `Squadra`, `NumeroMaglia`) VALUES ('Kyle Lafferty', '3460000325', 'Irlanda del Nord', 10);
INSERT INTO `scommesse0226198`.`CALCIATORE` (`Nome`, `Recapito`, `Squadra`, `NumeroMaglia`) VALUES ('Kyle Walker', '3460000262', 'Inghilterra', 2);
INSERT INTO `scommesse0226198`.`CALCIATORE` (`Nome`, `Recapito`, `Squadra`, `NumeroMaglia`) VALUES ('Kylian Mbappé', '3460000186', 'Francia', 10);
INSERT INTO `scommesse0226198`.`CALCIATORE` (`Nome`, `Recapito`, `Squadra`, `NumeroMaglia`) VALUES ('Kyrian Nwoko', '3460000718', 'Malta', 10);
INSERT INTO `scommesse0226198`.`CALCIATORE` (`Nome`, `Recapito`, `Squadra`, `NumeroMaglia`) VALUES ('Lars Gerson', '3460000419', 'Lussemburgo', 14);
INSERT INTO `scommesse0226198`.`CALCIATORE` (`Nome`, `Recapito`, `Squadra`, `NumeroMaglia`) VALUES ('Lasse Schone', '3460000137', 'Danimarca', 19);
INSERT INTO `scommesse0226198`.`CALCIATORE` (`Nome`, `Recapito`, `Squadra`, `NumeroMaglia`) VALUES ('Laurent Jans', '3460000412', 'Lussemburgo', 7);
INSERT INTO `scommesse0226198`.`CALCIATORE` (`Nome`, `Recapito`, `Squadra`, `NumeroMaglia`) VALUES ('Leander Dendoncker', '3460000059', 'Belgio', 3);
INSERT INTO `scommesse0226198`.`CALCIATORE` (`Nome`, `Recapito`, `Squadra`, `NumeroMaglia`) VALUES ('Leandro Barreiro', '3460000417', 'Lussemburgo', 12);
INSERT INTO `scommesse0226198`.`CALCIATORE` (`Nome`, `Recapito`, `Squadra`, `NumeroMaglia`) VALUES ('Leart Paqarada', '3460001092', 'Kosovo', 19);
INSERT INTO `scommesse0226198`.`CALCIATORE` (`Nome`, `Recapito`, `Squadra`, `NumeroMaglia`) VALUES ('Lee Casciaro', '3460001084', 'Gibilterra', 7);
INSERT INTO `scommesse0226198`.`CALCIATORE` (`Nome`, `Recapito`, `Squadra`, `NumeroMaglia`) VALUES ('Lee Hodson', '3460000316', 'Irlanda del Nord', 22);
INSERT INTO `scommesse0226198`.`CALCIATORE` (`Nome`, `Recapito`, `Squadra`, `NumeroMaglia`) VALUES ('Léo Dubois', '3460000176', 'Francia', 18);
INSERT INTO `scommesse0226198`.`CALCIATORE` (`Nome`, `Recapito`, `Squadra`, `NumeroMaglia`) VALUES ('Leo Stulac', '3460000990', 'Slovenia', 22);
INSERT INTO `scommesse0226198`.`CALCIATORE` (`Nome`, `Recapito`, `Squadra`, `NumeroMaglia`) VALUES ('Leon Goretzka', '3460000226', 'Germania', 14);
INSERT INTO `scommesse0226198`.`CALCIATORE` (`Nome`, `Recapito`, `Squadra`, `NumeroMaglia`) VALUES ('Leonardo Bonucci', '3460000361', 'Italia', 19);
INSERT INTO `scommesse0226198`.`CALCIATORE` (`Nome`, `Recapito`, `Squadra`, `NumeroMaglia`) VALUES ('Leonardo Koutris', '3460000245', 'Grecia', 23);
INSERT INTO `scommesse0226198`.`CALCIATORE` (`Nome`, `Recapito`, `Squadra`, `NumeroMaglia`) VALUES ('Lewis Morgan', '3460000601', 'Scozia', 26);
INSERT INTO `scommesse0226198`.`CALCIATORE` (`Nome`, `Recapito`, `Squadra`, `NumeroMaglia`) VALUES ('Liam Kelly', '3460000577', 'Scozia', 2);
INSERT INTO `scommesse0226198`.`CALCIATORE` (`Nome`, `Recapito`, `Squadra`, `NumeroMaglia`) VALUES ('Liam Walker', '3460001075', 'Gibilterra', 10);
INSERT INTO `scommesse0226198`.`CALCIATORE` (`Nome`, `Recapito`, `Squadra`, `NumeroMaglia`) VALUES ('Lirim Kastrati', '3460001109', 'Kosovo', 11);
INSERT INTO `scommesse0226198`.`CALCIATORE` (`Nome`, `Recapito`, `Squadra`, `NumeroMaglia`) VALUES ('Lorenc Trashi', '3460000011', 'Albania', 98);
INSERT INTO `scommesse0226198`.`CALCIATORE` (`Nome`, `Recapito`, `Squadra`, `NumeroMaglia`) VALUES ('Lorenzo Insigne', '3460000374', 'Italia', 10);
INSERT INTO `scommesse0226198`.`CALCIATORE` (`Nome`, `Recapito`, `Squadra`, `NumeroMaglia`) VALUES ('Lorenzo Lunadei', '3460000759', 'San Marino', 16);
INSERT INTO `scommesse0226198`.`CALCIATORE` (`Nome`, `Recapito`, `Squadra`, `NumeroMaglia`) VALUES ('Lorenzo Pellegrini', '3460000367', 'Italia', 7);
INSERT INTO `scommesse0226198`.`CALCIATORE` (`Nome`, `Recapito`, `Squadra`, `NumeroMaglia`) VALUES ('Loris Benito', '3460000659', 'Svizzera', 15);
INSERT INTO `scommesse0226198`.`CALCIATORE` (`Nome`, `Recapito`, `Squadra`, `NumeroMaglia`) VALUES ('Louis Schaub', '3460000042', 'Austria', 10);
INSERT INTO `scommesse0226198`.`CALCIATORE` (`Nome`, `Recapito`, `Squadra`, `NumeroMaglia`) VALUES ('Lovre Kalinic', '3460000884', 'Croazia', 12);
INSERT INTO `scommesse0226198`.`CALCIATORE` (`Nome`, `Recapito`, `Squadra`, `NumeroMaglia`) VALUES ('Lubomir Satka', '3460000936', 'Slovacchia', 5);
INSERT INTO `scommesse0226198`.`CALCIATORE` (`Nome`, `Recapito`, `Squadra`, `NumeroMaglia`) VALUES ('Luca Censoni', '3460000762', 'San Marino', 19);
INSERT INTO `scommesse0226198`.`CALCIATORE` (`Nome`, `Recapito`, `Squadra`, `NumeroMaglia`) VALUES ('Luca Tosi', '3460000755', 'San Marino', 12);
INSERT INTO `scommesse0226198`.`CALCIATORE` (`Nome`, `Recapito`, `Squadra`, `NumeroMaglia`) VALUES ('Lucas Digne', '3460000174', 'Francia', 12);
INSERT INTO `scommesse0226198`.`CALCIATORE` (`Nome`, `Recapito`, `Squadra`, `NumeroMaglia`) VALUES ('Ludovic Clemente', '3460001012', 'Andorra', 7);
INSERT INTO `scommesse0226198`.`CALCIATORE` (`Nome`, `Recapito`, `Squadra`, `NumeroMaglia`) VALUES ('Ludwig Augustinsson', '3460000632', 'Svezia', 6);
INSERT INTO `scommesse0226198`.`CALCIATORE` (`Nome`, `Recapito`, `Squadra`, `NumeroMaglia`) VALUES ('Luka Dordevic', '3460001063', 'Montenegro', 14);
INSERT INTO `scommesse0226198`.`CALCIATORE` (`Nome`, `Recapito`, `Squadra`, `NumeroMaglia`) VALUES ('Luka Krajnc', '3460000982', 'Slovenia', 23);
INSERT INTO `scommesse0226198`.`CALCIATORE` (`Nome`, `Recapito`, `Squadra`, `NumeroMaglia`) VALUES ('Luka Modric', '3460000895', 'Croazia', 10);
INSERT INTO `scommesse0226198`.`CALCIATORE` (`Nome`, `Recapito`, `Squadra`, `NumeroMaglia`) VALUES ('Luka Zahovic', '3460000995', 'Slovenia', 18);
INSERT INTO `scommesse0226198`.`CALCIATORE` (`Nome`, `Recapito`, `Squadra`, `NumeroMaglia`) VALUES ('Lukas Hradecky', '3460000142', 'Finlandia', 1);
INSERT INTO `scommesse0226198`.`CALCIATORE` (`Nome`, `Recapito`, `Squadra`, `NumeroMaglia`) VALUES ('Lukas Lerager', '3460000136', 'Danimarca', 18);
INSERT INTO `scommesse0226198`.`CALCIATORE` (`Nome`, `Recapito`, `Squadra`, `NumeroMaglia`) VALUES ('Lukas Masopust', '3460000114', 'Repubblica Ceca', 12);
INSERT INTO `scommesse0226198`.`CALCIATORE` (`Nome`, `Recapito`, `Squadra`, `NumeroMaglia`) VALUES ('Lukas Stetina', '3460000935', 'Slovacchia', 4);
INSERT INTO `scommesse0226198`.`CALCIATORE` (`Nome`, `Recapito`, `Squadra`, `NumeroMaglia`) VALUES ('Lukasz Skorupski', '3460000478', 'Polonia', 12);
INSERT INTO `scommesse0226198`.`CALCIATORE` (`Nome`, `Recapito`, `Squadra`, `NumeroMaglia`) VALUES ('Luke Gambin', '3460000717', 'Malta', 94);
INSERT INTO `scommesse0226198`.`CALCIATORE` (`Nome`, `Recapito`, `Squadra`, `NumeroMaglia`) VALUES ('Luke McCullough', '3460000312', 'Irlanda del Nord', 15);
INSERT INTO `scommesse0226198`.`CALCIATORE` (`Nome`, `Recapito`, `Squadra`, `NumeroMaglia`) VALUES ('Luke Montebello', '3460000719', 'Malta', 14);
INSERT INTO `scommesse0226198`.`CALCIATORE` (`Nome`, `Recapito`, `Squadra`, `NumeroMaglia`) VALUES ('Luuk de Jong', '3460000475', 'Paesi Bassi', 19);
INSERT INTO `scommesse0226198`.`CALCIATORE` (`Nome`, `Recapito`, `Squadra`, `NumeroMaglia`) VALUES ('Maksim Skavysh', '3460000883', 'Bielorussia', 20);
INSERT INTO `scommesse0226198`.`CALCIATORE` (`Nome`, `Recapito`, `Squadra`, `NumeroMaglia`) VALUES ('Maksim Valadzko', '3460000867', 'Bielorussia', 19);
INSERT INTO `scommesse0226198`.`CALCIATORE` (`Nome`, `Recapito`, `Squadra`, `NumeroMaglia`) VALUES ('Manolis Siopis', '3460000247', 'Grecia', 7);
INSERT INTO `scommesse0226198`.`CALCIATORE` (`Nome`, `Recapito`, `Squadra`, `NumeroMaglia`) VALUES ('Mantas Kuklys', '3460000824', 'Lituania', 12);
INSERT INTO `scommesse0226198`.`CALCIATORE` (`Nome`, `Recapito`, `Squadra`, `NumeroMaglia`) VALUES ('Manuel Akanji', '3460000656', 'Svizzera', 5);
INSERT INTO `scommesse0226198`.`CALCIATORE` (`Nome`, `Recapito`, `Squadra`, `NumeroMaglia`) VALUES ('Manuel Battistini', '3460000750', 'San Marino', 7);
INSERT INTO `scommesse0226198`.`CALCIATORE` (`Nome`, `Recapito`, `Squadra`, `NumeroMaglia`) VALUES ('Manuel Neuer', '3460000213', 'Germania', 1);
INSERT INTO `scommesse0226198`.`CALCIATORE` (`Nome`, `Recapito`, `Squadra`, `NumeroMaglia`) VALUES ('Marc Garcia', '3460001005', 'Andorra', 21);
INSERT INTO `scommesse0226198`.`CALCIATORE` (`Nome`, `Recapito`, `Squadra`, `NumeroMaglia`) VALUES ('Marc McNulty', '3460000600', 'Scozia', 25);
INSERT INTO `scommesse0226198`.`CALCIATORE` (`Nome`, `Recapito`, `Squadra`, `NumeroMaglia`) VALUES ('Marc Rebés', '3460000998', 'Andorra', 4);
INSERT INTO `scommesse0226198`.`CALCIATORE` (`Nome`, `Recapito`, `Squadra`, `NumeroMaglia`) VALUES ('Marc Vales', '3460001007', 'Andorra', 3);
INSERT INTO `scommesse0226198`.`CALCIATORE` (`Nome`, `Recapito`, `Squadra`, `NumeroMaglia`) VALUES ('MarcAndre Stegen', '3460000234', 'Germania', 22);
INSERT INTO `scommesse0226198`.`CALCIATORE` (`Nome`, `Recapito`, `Squadra`, `NumeroMaglia`) VALUES ('Marcel Buchel', '3460000738', 'Liechtenstein', 18);
INSERT INTO `scommesse0226198`.`CALCIATORE` (`Nome`, `Recapito`, `Squadra`, `NumeroMaglia`) VALUES ('Marcel Sabitzer', '3460000038', 'Austria', 9);
INSERT INTO `scommesse0226198`.`CALCIATORE` (`Nome`, `Recapito`, `Squadra`, `NumeroMaglia`) VALUES ('Marcello Mularoni', '3460000760', 'San Marino', 17);
INSERT INTO `scommesse0226198`.`CALCIATORE` (`Nome`, `Recapito`, `Squadra`, `NumeroMaglia`) VALUES ('Marcelo Brozovic', '3460000898', 'Croazia', 11);
INSERT INTO `scommesse0226198`.`CALCIATORE` (`Nome`, `Recapito`, `Squadra`, `NumeroMaglia`) VALUES ('Marcin Kaminski', '3460000485', 'Polonia', 19);
INSERT INTO `scommesse0226198`.`CALCIATORE` (`Nome`, `Recapito`, `Squadra`, `NumeroMaglia`) VALUES ('Marcio Vieira', '3460001008', 'Andorra', 8);
INSERT INTO `scommesse0226198`.`CALCIATORE` (`Nome`, `Recapito`, `Squadra`, `NumeroMaglia`) VALUES ('Marco Asensio', '3460000619', 'Spagna', 20);
INSERT INTO `scommesse0226198`.`CALCIATORE` (`Nome`, `Recapito`, `Squadra`, `NumeroMaglia`) VALUES ('Marco Bernardi', '3460000765', 'San Marino', 22);
INSERT INTO `scommesse0226198`.`CALCIATORE` (`Nome`, `Recapito`, `Squadra`, `NumeroMaglia`) VALUES ('Marco Bizot', '3460000455', 'Paesi Bassi', 23);
INSERT INTO `scommesse0226198`.`CALCIATORE` (`Nome`, `Recapito`, `Squadra`, `NumeroMaglia`) VALUES ('Marco Reus', '3460000223', 'Germania', 11);
INSERT INTO `scommesse0226198`.`CALCIATORE` (`Nome`, `Recapito`, `Squadra`, `NumeroMaglia`) VALUES ('Marco Verratti', '3460000366', 'Italia', 6);
INSERT INTO `scommesse0226198`.`CALCIATORE` (`Nome`, `Recapito`, `Squadra`, `NumeroMaglia`) VALUES ('Marcos Alonso', '3460000609', 'Spagna', 12);
INSERT INTO `scommesse0226198`.`CALCIATORE` (`Nome`, `Recapito`, `Squadra`, `NumeroMaglia`) VALUES ('Marcus Berg', '3460000646', 'Svezia', 9);
INSERT INTO `scommesse0226198`.`CALCIATORE` (`Nome`, `Recapito`, `Squadra`, `NumeroMaglia`) VALUES ('Marcus Rashford', '3460000280', 'Inghilterra', 19);
INSERT INTO `scommesse0226198`.`CALCIATORE` (`Nome`, `Recapito`, `Squadra`, `NumeroMaglia`) VALUES ('Marcus Rohdén', '3460000643', 'Svezia', 19);
INSERT INTO `scommesse0226198`.`CALCIATORE` (`Nome`, `Recapito`, `Squadra`, `NumeroMaglia`) VALUES ('Marek Hamsik', '3460000948', 'Slovacchia', 17);
INSERT INTO `scommesse0226198`.`CALCIATORE` (`Nome`, `Recapito`, `Squadra`, `NumeroMaglia`) VALUES ('Marek Rodak', '3460000931', 'Slovacchia', 12);
INSERT INTO `scommesse0226198`.`CALCIATORE` (`Nome`, `Recapito`, `Squadra`, `NumeroMaglia`) VALUES ('Marek Suchy', '3460000100', 'Repubblica Ceca', 17);
INSERT INTO `scommesse0226198`.`CALCIATORE` (`Nome`, `Recapito`, `Squadra`, `NumeroMaglia`) VALUES ('Marin Leovac', '3460000891', 'Croazia', 22);
INSERT INTO `scommesse0226198`.`CALCIATORE` (`Nome`, `Recapito`, `Squadra`, `NumeroMaglia`) VALUES ('Mario Gómez', '3460000235', 'Germania', 23);
INSERT INTO `scommesse0226198`.`CALCIATORE` (`Nome`, `Recapito`, `Squadra`, `NumeroMaglia`) VALUES ('Mario Mutsch', '3460000420', 'Lussemburgo', 15);
INSERT INTO `scommesse0226198`.`CALCIATORE` (`Nome`, `Recapito`, `Squadra`, `NumeroMaglia`) VALUES ('Mario Pasalic', '3460000901', 'Croazia', 15);
INSERT INTO `scommesse0226198`.`CALCIATORE` (`Nome`, `Recapito`, `Squadra`, `NumeroMaglia`) VALUES ('Mario Rui', '3460000512', 'Portogallo', 19);
INSERT INTO `scommesse0226198`.`CALCIATORE` (`Nome`, `Recapito`, `Squadra`, `NumeroMaglia`) VALUES ('Markas Beneta', '3460000821', 'Lituania', 9);
INSERT INTO `scommesse0226198`.`CALCIATORE` (`Nome`, `Recapito`, `Squadra`, `NumeroMaglia`) VALUES ('Marko Arnautovic', '3460000046', 'Austria', 7);
INSERT INTO `scommesse0226198`.`CALCIATORE` (`Nome`, `Recapito`, `Squadra`, `NumeroMaglia`) VALUES ('Marko Bakic', '3460001056', 'Montenegro', 8);
INSERT INTO `scommesse0226198`.`CALCIATORE` (`Nome`, `Recapito`, `Squadra`, `NumeroMaglia`) VALUES ('Marko Dmitrovic', '3460000386', 'Serbia', 1);
INSERT INTO `scommesse0226198`.`CALCIATORE` (`Nome`, `Recapito`, `Squadra`, `NumeroMaglia`) VALUES ('Marko Jankovic', '3460001054', 'Montenegro', 10);
INSERT INTO `scommesse0226198`.`CALCIATORE` (`Nome`, `Recapito`, `Squadra`, `NumeroMaglia`) VALUES ('Marko Rog', '3460000900', 'Croazia', 17);
INSERT INTO `scommesse0226198`.`CALCIATORE` (`Nome`, `Recapito`, `Squadra`, `NumeroMaglia`) VALUES ('Marko Simic', '3460001044', 'Montenegro', 22);
INSERT INTO `scommesse0226198`.`CALCIATORE` (`Nome`, `Recapito`, `Squadra`, `NumeroMaglia`) VALUES ('Marko Vesovic', '3460001052', 'Montenegro', 7);
INSERT INTO `scommesse0226198`.`CALCIATORE` (`Nome`, `Recapito`, `Squadra`, `NumeroMaglia`) VALUES ('Markus Halsti', '3460000148', 'Finlandia', 15);
INSERT INTO `scommesse0226198`.`CALCIATORE` (`Nome`, `Recapito`, `Squadra`, `NumeroMaglia`) VALUES ('Markus Henriksen', '3460000446', 'Norvegia', 19);
INSERT INTO `scommesse0226198`.`CALCIATORE` (`Nome`, `Recapito`, `Squadra`, `NumeroMaglia`) VALUES ('Marten de Roon', '3460000466', 'Paesi Bassi', 15);
INSERT INTO `scommesse0226198`.`CALCIATORE` (`Nome`, `Recapito`, `Squadra`, `NumeroMaglia`) VALUES ('Martin Braithwaite', '3460000129', 'Danimarca', 11);
INSERT INTO `scommesse0226198`.`CALCIATORE` (`Nome`, `Recapito`, `Squadra`, `NumeroMaglia`) VALUES ('Martin Buchel', '3460000733', 'Liechtenstein', 13);
INSERT INTO `scommesse0226198`.`CALCIATORE` (`Nome`, `Recapito`, `Squadra`, `NumeroMaglia`) VALUES ('Martin Chrien', '3460000947', 'Slovacchia', 15);
INSERT INTO `scommesse0226198`.`CALCIATORE` (`Nome`, `Recapito`, `Squadra`, `NumeroMaglia`) VALUES ('Martin Dubravka', '3460000932', 'Slovacchia', 23);
INSERT INTO `scommesse0226198`.`CALCIATORE` (`Nome`, `Recapito`, `Squadra`, `NumeroMaglia`) VALUES ('Martin Frydek', '3460000113', 'Repubblica Ceca', 10);
INSERT INTO `scommesse0226198`.`CALCIATORE` (`Nome`, `Recapito`, `Squadra`, `NumeroMaglia`) VALUES ('Martin Hinteregger', '3460000032', 'Austria', 4);
INSERT INTO `scommesse0226198`.`CALCIATORE` (`Nome`, `Recapito`, `Squadra`, `NumeroMaglia`) VALUES ('Martin Linnes', '3460000444', 'Norvegia', 17);
INSERT INTO `scommesse0226198`.`CALCIATORE` (`Nome`, `Recapito`, `Squadra`, `NumeroMaglia`) VALUES ('Martin Lukov', '3460000075', 'Bulgaria', 1);
INSERT INTO `scommesse0226198`.`CALCIATORE` (`Nome`, `Recapito`, `Squadra`, `NumeroMaglia`) VALUES ('Martin Odegaard', '3460000447', 'Norvegia', 20);
INSERT INTO `scommesse0226198`.`CALCIATORE` (`Nome`, `Recapito`, `Squadra`, `NumeroMaglia`) VALUES ('Martin Olsson', '3460000631', 'Svezia', 5);
INSERT INTO `scommesse0226198`.`CALCIATORE` (`Nome`, `Recapito`, `Squadra`, `NumeroMaglia`) VALUES ('Martin Raynov', '3460000086', 'Bulgaria', 20);
INSERT INTO `scommesse0226198`.`CALCIATORE` (`Nome`, `Recapito`, `Squadra`, `NumeroMaglia`) VALUES ('Martin Rechsteiner', '3460000725', 'Liechtenstein', 5);
INSERT INTO `scommesse0226198`.`CALCIATORE` (`Nome`, `Recapito`, `Squadra`, `NumeroMaglia`) VALUES ('Martin Vunk', '3460000780', 'Estonia', 14);
INSERT INTO `scommesse0226198`.`CALCIATORE` (`Nome`, `Recapito`, `Squadra`, `NumeroMaglia`) VALUES ('Marvin Plattenhardt', '3460000214', 'Germania', 2);
INSERT INTO `scommesse0226198`.`CALCIATORE` (`Nome`, `Recapito`, `Squadra`, `NumeroMaglia`) VALUES ('Maté Patkai', '3460000686', 'Ungheria', 16);
INSERT INTO `scommesse0226198`.`CALCIATORE` (`Nome`, `Recapito`, `Squadra`, `NumeroMaglia`) VALUES ('Matej Vydra', '3460000116', 'Repubblica Ceca', 20);
INSERT INTO `scommesse0226198`.`CALCIATORE` (`Nome`, `Recapito`, `Squadra`, `NumeroMaglia`) VALUES ('Mateo Kovacic', '3460000897', 'Croazia', 8);
INSERT INTO `scommesse0226198`.`CALCIATORE` (`Nome`, `Recapito`, `Squadra`, `NumeroMaglia`) VALUES ('Mateusz Klich', '3460000494', 'Polonia', 13);
INSERT INTO `scommesse0226198`.`CALCIATORE` (`Nome`, `Recapito`, `Squadra`, `NumeroMaglia`) VALUES ('Mathias Janisch', '3460000411', 'Lussemburgo', 6);
INSERT INTO `scommesse0226198`.`CALCIATORE` (`Nome`, `Recapito`, `Squadra`, `NumeroMaglia`) VALUES ('Mathias Jorgensen', '3460000131', 'Danimarca', 13);
INSERT INTO `scommesse0226198`.`CALCIATORE` (`Nome`, `Recapito`, `Squadra`, `NumeroMaglia`) VALUES ('Mathias Sele', '3460000732', 'Liechtenstein', 12);
INSERT INTO `scommesse0226198`.`CALCIATORE` (`Nome`, `Recapito`, `Squadra`, `NumeroMaglia`) VALUES ('Matic Kotnik', '3460000976', 'Slovenia', 12);
INSERT INTO `scommesse0226198`.`CALCIATORE` (`Nome`, `Recapito`, `Squadra`, `NumeroMaglia`) VALUES ('Mats Hummels', '3460000217', 'Germania', 5);
INSERT INTO `scommesse0226198`.`CALCIATORE` (`Nome`, `Recapito`, `Squadra`, `NumeroMaglia`) VALUES ('Matt Doherty', '3460000286', 'Irlanda', 25);
INSERT INTO `scommesse0226198`.`CALCIATORE` (`Nome`, `Recapito`, `Squadra`, `NumeroMaglia`) VALUES ('Matt Smith', '3460000207', 'Galles', 23);
INSERT INTO `scommesse0226198`.`CALCIATORE` (`Nome`, `Recapito`, `Squadra`, `NumeroMaglia`) VALUES ('Matteo Vitaioli', '3460000764', 'San Marino', 21);
INSERT INTO `scommesse0226198`.`CALCIATORE` (`Nome`, `Recapito`, `Squadra`, `NumeroMaglia`) VALUES ('Matteo Zavoli', '3460000746', 'San Marino', 3);
INSERT INTO `scommesse0226198`.`CALCIATORE` (`Nome`, `Recapito`, `Squadra`, `NumeroMaglia`) VALUES ('Matthias Ginter', '3460000216', 'Germania', 4);
INSERT INTO `scommesse0226198`.`CALCIATORE` (`Nome`, `Recapito`, `Squadra`, `NumeroMaglia`) VALUES ('Matthijs de Ligt', '3460000457', 'Paesi Bassi', 3);
INSERT INTO `scommesse0226198`.`CALCIATORE` (`Nome`, `Recapito`, `Squadra`, `NumeroMaglia`) VALUES ('Mattia De Sciglio', '3460000355', 'Italia', 2);
INSERT INTO `scommesse0226198`.`CALCIATORE` (`Nome`, `Recapito`, `Squadra`, `NumeroMaglia`) VALUES ('Matus Bero', '3460000945', 'Slovacchia', 11);
INSERT INTO `scommesse0226198`.`CALCIATORE` (`Nome`, `Recapito`, `Squadra`, `NumeroMaglia`) VALUES ('Matus Kozacik', '3460000930', 'Slovacchia', 1);
INSERT INTO `scommesse0226198`.`CALCIATORE` (`Nome`, `Recapito`, `Squadra`, `NumeroMaglia`) VALUES ('Max Llovera', '3460001004', 'Andorra', 20);
INSERT INTO `scommesse0226198`.`CALCIATORE` (`Nome`, `Recapito`, `Squadra`, `NumeroMaglia`) VALUES ('Maxime Chanot', '3460000410', 'Lussemburgo', 5);
INSERT INTO `scommesse0226198`.`CALCIATORE` (`Nome`, `Recapito`, `Squadra`, `NumeroMaglia`) VALUES ('Maximilian Goppel', '3460000730', 'Liechtenstein', 10);
INSERT INTO `scommesse0226198`.`CALCIATORE` (`Nome`, `Recapito`, `Squadra`, `NumeroMaglia`) VALUES ('Memphis Depay', '3460000473', 'Paesi Bassi', 10);
INSERT INTO `scommesse0226198`.`CALCIATORE` (`Nome`, `Recapito`, `Squadra`, `NumeroMaglia`) VALUES ('Mergim Mavraj', '3460000012', 'Albania', 97);
INSERT INTO `scommesse0226198`.`CALCIATORE` (`Nome`, `Recapito`, `Squadra`, `NumeroMaglia`) VALUES ('Mergim Vojvoda', '3460001091', 'Kosovo', 15);
INSERT INTO `scommesse0226198`.`CALCIATORE` (`Nome`, `Recapito`, `Squadra`, `NumeroMaglia`) VALUES ('Mesut ozil', '3460000222', 'Germania', 10);
INSERT INTO `scommesse0226198`.`CALCIATORE` (`Nome`, `Recapito`, `Squadra`, `NumeroMaglia`) VALUES ('Michael Battistini', '3460000761', 'San Marino', 18);
INSERT INTO `scommesse0226198`.`CALCIATORE` (`Nome`, `Recapito`, `Squadra`, `NumeroMaglia`) VALUES ('Michael Devlin', '3460000580', 'Scozia', 5);
INSERT INTO `scommesse0226198`.`CALCIATORE` (`Nome`, `Recapito`, `Squadra`, `NumeroMaglia`) VALUES ('Michael Gregoritsch', '3460000048', 'Austria', 11);
INSERT INTO `scommesse0226198`.`CALCIATORE` (`Nome`, `Recapito`, `Squadra`, `NumeroMaglia`) VALUES ('Michael Keane', '3460000268', 'Inghilterra', 15);
INSERT INTO `scommesse0226198`.`CALCIATORE` (`Nome`, `Recapito`, `Squadra`, `NumeroMaglia`) VALUES ('Michael Krohn-Dehli', '3460000120', 'Danimarca', 2);
INSERT INTO `scommesse0226198`.`CALCIATORE` (`Nome`, `Recapito`, `Squadra`, `NumeroMaglia`) VALUES ('Michael Lang', '3460000654', 'Svizzera', 6);
INSERT INTO `scommesse0226198`.`CALCIATORE` (`Nome`, `Recapito`, `Squadra`, `NumeroMaglia`) VALUES ('Michael McGovern', '3460000305', 'Irlanda del Nord', 1);
INSERT INTO `scommesse0226198`.`CALCIATORE` (`Nome`, `Recapito`, `Squadra`, `NumeroMaglia`) VALUES ('Michael Obafemi', '3460000300', 'Irlanda', 19);
INSERT INTO `scommesse0226198`.`CALCIATORE` (`Nome`, `Recapito`, `Squadra`, `NumeroMaglia`) VALUES ('Michal Duris', '3460000953', 'Slovacchia', 21);
INSERT INTO `scommesse0226198`.`CALCIATORE` (`Nome`, `Recapito`, `Squadra`, `NumeroMaglia`) VALUES ('Michal Pazdan', '3460000481', 'Polonia', 2);
INSERT INTO `scommesse0226198`.`CALCIATORE` (`Nome`, `Recapito`, `Squadra`, `NumeroMaglia`) VALUES ('Michal Siplak', '3460000939', 'Slovacchia', 99);
INSERT INTO `scommesse0226198`.`CALCIATORE` (`Nome`, `Recapito`, `Squadra`, `NumeroMaglia`) VALUES ('Michalis Mpakakis', '3460000239', 'Grecia', 2);
INSERT INTO `scommesse0226198`.`CALCIATORE` (`Nome`, `Recapito`, `Squadra`, `NumeroMaglia`) VALUES ('Michele Cevoli', '3460000753', 'San Marino', 10);
INSERT INTO `scommesse0226198`.`CALCIATORE` (`Nome`, `Recapito`, `Squadra`, `NumeroMaglia`) VALUES ('Michele Polverino', '3460000724', 'Liechtenstein', 4);
INSERT INTO `scommesse0226198`.`CALCIATORE` (`Nome`, `Recapito`, `Squadra`, `NumeroMaglia`) VALUES ('Michy Batshuayi', '3460000071', 'Belgio', 23);
INSERT INTO `scommesse0226198`.`CALCIATORE` (`Nome`, `Recapito`, `Squadra`, `NumeroMaglia`) VALUES ('Migjen Basha', '3460000015', 'Albania', 8);
INSERT INTO `scommesse0226198`.`CALCIATORE` (`Nome`, `Recapito`, `Squadra`, `NumeroMaglia`) VALUES ('Miha Blazic', '3460000983', 'Slovenia', 13);
INSERT INTO `scommesse0226198`.`CALCIATORE` (`Nome`, `Recapito`, `Squadra`, `NumeroMaglia`) VALUES ('Miha Mevlja', '3460000979', 'Slovenia', 17);
INSERT INTO `scommesse0226198`.`CALCIATORE` (`Nome`, `Recapito`, `Squadra`, `NumeroMaglia`) VALUES ('Miha Zajc', '3460000988', 'Slovenia', 10);
INSERT INTO `scommesse0226198`.`CALCIATORE` (`Nome`, `Recapito`, `Squadra`, `NumeroMaglia`) VALUES ('Mihaly Korhut', '3460000679', 'Ungheria', 3);
INSERT INTO `scommesse0226198`.`CALCIATORE` (`Nome`, `Recapito`, `Squadra`, `NumeroMaglia`) VALUES ('Mihkel Aksalu', '3460000767', 'Estonia', 1);
INSERT INTO `scommesse0226198`.`CALCIATORE` (`Nome`, `Recapito`, `Squadra`, `NumeroMaglia`) VALUES ('Mikael Lustig', '3460000630', 'Svezia', 2);
INSERT INTO `scommesse0226198`.`CALCIATORE` (`Nome`, `Recapito`, `Squadra`, `NumeroMaglia`) VALUES ('Mikalay Signevich', '3460000882', 'Bielorussia', 13);
INSERT INTO `scommesse0226198`.`CALCIATORE` (`Nome`, `Recapito`, `Squadra`, `NumeroMaglia`) VALUES ('Mike Maignan', '3460000169', 'Francia', 24);
INSERT INTO `scommesse0226198`.`CALCIATORE` (`Nome`, `Recapito`, `Squadra`, `NumeroMaglia`) VALUES ('Mikhail Sivakow', '3460000869', 'Bielorussia', 17);
INSERT INTO `scommesse0226198`.`CALCIATORE` (`Nome`, `Recapito`, `Squadra`, `NumeroMaglia`) VALUES ('Milan Badelj', '3460000899', 'Croazia', 19);
INSERT INTO `scommesse0226198`.`CALCIATORE` (`Nome`, `Recapito`, `Squadra`, `NumeroMaglia`) VALUES ('Milan Mijatovic', '3460001041', 'Montenegro', 12);
INSERT INTO `scommesse0226198`.`CALCIATORE` (`Nome`, `Recapito`, `Squadra`, `NumeroMaglia`) VALUES ('Milan Rodic', '3460000393', 'Serbia', 3);
INSERT INTO `scommesse0226198`.`CALCIATORE` (`Nome`, `Recapito`, `Squadra`, `NumeroMaglia`) VALUES ('Milan Skoda', '3460000117', 'Repubblica Ceca', 21);
INSERT INTO `scommesse0226198`.`CALCIATORE` (`Nome`, `Recapito`, `Squadra`, `NumeroMaglia`) VALUES ('Milan Skriniar', '3460000937', 'Slovacchia', 14);
INSERT INTO `scommesse0226198`.`CALCIATORE` (`Nome`, `Recapito`, `Squadra`, `NumeroMaglia`) VALUES ('Milos Veljkovic', '3460000392', 'Serbia', 13);
INSERT INTO `scommesse0226198`.`CALCIATORE` (`Nome`, `Recapito`, `Squadra`, `NumeroMaglia`) VALUES ('Milot Rashica', '3460001096', 'Kosovo', 7);
INSERT INTO `scommesse0226198`.`CALCIATORE` (`Nome`, `Recapito`, `Squadra`, `NumeroMaglia`) VALUES ('Miralem Pjanic', '3460001025', 'Bosnia ed Erzegovina', 10);
INSERT INTO `scommesse0226198`.`CALCIATORE` (`Nome`, `Recapito`, `Squadra`, `NumeroMaglia`) VALUES ('Mirko Ivanic', '3460001055', 'Montenegro', 20);
INSERT INTO `scommesse0226198`.`CALCIATORE` (`Nome`, `Recapito`, `Squadra`, `NumeroMaglia`) VALUES ('Mirko Palazzi', '3460000748', 'San Marino', 5);
INSERT INTO `scommesse0226198`.`CALCIATORE` (`Nome`, `Recapito`, `Squadra`, `NumeroMaglia`) VALUES ('Mirlind Kryeziu', '3460001094', 'Kosovo', 20);
INSERT INTO `scommesse0226198`.`CALCIATORE` (`Nome`, `Recapito`, `Squadra`, `NumeroMaglia`) VALUES ('Miroslav Stoch', '3460000943', 'Slovacchia', 9);
INSERT INTO `scommesse0226198`.`CALCIATORE` (`Nome`, `Recapito`, `Squadra`, `NumeroMaglia`) VALUES ('Modestas Vorobjovas', '3460000830', 'Lituania', 18);
INSERT INTO `scommesse0226198`.`CALCIATORE` (`Nome`, `Recapito`, `Squadra`, `NumeroMaglia`) VALUES ('Mohamed Elyounoussi', '3460000442', 'Norvegia', 11);
INSERT INTO `scommesse0226198`.`CALCIATORE` (`Nome`, `Recapito`, `Squadra`, `NumeroMaglia`) VALUES ('Moisés San Nicolas', '3460001001', 'Andorra', 15);
INSERT INTO `scommesse0226198`.`CALCIATORE` (`Nome`, `Recapito`, `Squadra`, `NumeroMaglia`) VALUES ('Moussa Sissoko', '3460000181', 'Francia', 17);
INSERT INTO `scommesse0226198`.`CALCIATORE` (`Nome`, `Recapito`, `Squadra`, `NumeroMaglia`) VALUES ('Muhamed Besic', '3460001027', 'Bosnia ed Erzegovina', 12);
INSERT INTO `scommesse0226198`.`CALCIATORE` (`Nome`, `Recapito`, `Squadra`, `NumeroMaglia`) VALUES ('Mykola Matviyenko', '3460000841', 'Ucraina', 22);
INSERT INTO `scommesse0226198`.`CALCIATORE` (`Nome`, `Recapito`, `Squadra`, `NumeroMaglia`) VALUES ('Mykola Shaparenko', '3460000855', 'Ucraina', 17);
INSERT INTO `scommesse0226198`.`CALCIATORE` (`Nome`, `Recapito`, `Squadra`, `NumeroMaglia`) VALUES ('Mykyta Burda', '3460000843', 'Ucraina', 5);
INSERT INTO `scommesse0226198`.`CALCIATORE` (`Nome`, `Recapito`, `Squadra`, `NumeroMaglia`) VALUES ('Myrto Uzuni', '3460000024', 'Albania', 11);
INSERT INTO `scommesse0226198`.`CALCIATORE` (`Nome`, `Recapito`, `Squadra`, `NumeroMaglia`) VALUES ('N Golo Kanté', '3460000179', 'Francia', 13);
INSERT INTO `scommesse0226198`.`CALCIATORE` (`Nome`, `Recapito`, `Squadra`, `NumeroMaglia`) VALUES ('Nacer Chadli', '3460000066', 'Belgio', 22);
INSERT INTO `scommesse0226198`.`CALCIATORE` (`Nome`, `Recapito`, `Squadra`, `NumeroMaglia`) VALUES ('Nacho', '3460000608', 'Spagna', 4);
INSERT INTO `scommesse0226198`.`CALCIATORE` (`Nome`, `Recapito`, `Squadra`, `NumeroMaglia`) VALUES ('Naser Aliji', '3460000008', 'Albania', 17);
INSERT INTO `scommesse0226198`.`CALCIATORE` (`Nome`, `Recapito`, `Squadra`, `NumeroMaglia`) VALUES ('Nathan Aké', '3460000459', 'Paesi Bassi', 5);
INSERT INTO `scommesse0226198`.`CALCIATORE` (`Nome`, `Recapito`, `Squadra`, `NumeroMaglia`) VALUES ('Nebojsa Kosovic', '3460001057', 'Montenegro', 18);
INSERT INTO `scommesse0226198`.`CALCIATORE` (`Nome`, `Recapito`, `Squadra`, `NumeroMaglia`) VALUES ('Nejc Skubic', '3460000980', 'Slovenia', 2);
INSERT INTO `scommesse0226198`.`CALCIATORE` (`Nome`, `Recapito`, `Squadra`, `NumeroMaglia`) VALUES ('Nélson Semedo', '3460000513', 'Portogallo', 20);
INSERT INTO `scommesse0226198`.`CALCIATORE` (`Nome`, `Recapito`, `Squadra`, `NumeroMaglia`) VALUES ('Nemanja Maksimovic', '3460000402', 'Serbia', 6);
INSERT INTO `scommesse0226198`.`CALCIATORE` (`Nome`, `Recapito`, `Squadra`, `NumeroMaglia`) VALUES ('Nemanja Matic', '3460000394', 'Serbia', 21);
INSERT INTO `scommesse0226198`.`CALCIATORE` (`Nome`, `Recapito`, `Squadra`, `NumeroMaglia`) VALUES ('Nemanja Radonjic', '3460000403', 'Serbia', 18);
INSERT INTO `scommesse0226198`.`CALCIATORE` (`Nome`, `Recapito`, `Squadra`, `NumeroMaglia`) VALUES ('Nenad Krsticic', '3460000399', 'Serbia', 16);
INSERT INTO `scommesse0226198`.`CALCIATORE` (`Nome`, `Recapito`, `Squadra`, `NumeroMaglia`) VALUES ('Niall McGinn', '3460000318', 'Irlanda del Nord', 7);
INSERT INTO `scommesse0226198`.`CALCIATORE` (`Nome`, `Recapito`, `Squadra`, `NumeroMaglia`) VALUES ('Nico Elvedi', '3460000657', 'Svizzera', 4);
INSERT INTO `scommesse0226198`.`CALCIATORE` (`Nome`, `Recapito`, `Squadra`, `NumeroMaglia`) VALUES ('Nicola Nanni', '3460000766', 'San Marino', 23);
INSERT INTO `scommesse0226198`.`CALCIATORE` (`Nome`, `Recapito`, `Squadra`, `NumeroMaglia`) VALUES ('Nicolae Stanciu', '3460000538', 'Romania', 23);
INSERT INTO `scommesse0226198`.`CALCIATORE` (`Nome`, `Recapito`, `Squadra`, `NumeroMaglia`) VALUES ('Nicolai Jorgensen', '3460000127', 'Danimarca', 9);
INSERT INTO `scommesse0226198`.`CALCIATORE` (`Nome`, `Recapito`, `Squadra`, `NumeroMaglia`) VALUES ('Nicolas Hasler', '3460000734', 'Liechtenstein', 14);
INSERT INTO `scommesse0226198`.`CALCIATORE` (`Nome`, `Recapito`, `Squadra`, `NumeroMaglia`) VALUES ('Nicolò Angelini', '3460000763', 'San Marino', 20);
INSERT INTO `scommesse0226198`.`CALCIATORE` (`Nome`, `Recapito`, `Squadra`, `NumeroMaglia`) VALUES ('Nicolò Barella', '3460000370', 'Italia', 18);
INSERT INTO `scommesse0226198`.`CALCIATORE` (`Nome`, `Recapito`, `Squadra`, `NumeroMaglia`) VALUES ('Nicusor Bancu', '3460000533', 'Romania', 11);
INSERT INTO `scommesse0226198`.`CALCIATORE` (`Nome`, `Recapito`, `Squadra`, `NumeroMaglia`) VALUES ('Niklas Sule', '3460000227', 'Germania', 15);
INSERT INTO `scommesse0226198`.`CALCIATORE` (`Nome`, `Recapito`, `Squadra`, `NumeroMaglia`) VALUES ('Nikola Milenkovic', '3460000388', 'Serbia', 4);
INSERT INTO `scommesse0226198`.`CALCIATORE` (`Nome`, `Recapito`, `Squadra`, `NumeroMaglia`) VALUES ('Nikola Vasiljevic', '3460000384', 'Serbia', 23);
INSERT INTO `scommesse0226198`.`CALCIATORE` (`Nome`, `Recapito`, `Squadra`, `NumeroMaglia`) VALUES ('Nikola Vlasic', '3460000903', 'Croazia', 13);
INSERT INTO `scommesse0226198`.`CALCIATORE` (`Nome`, `Recapito`, `Squadra`, `NumeroMaglia`) VALUES ('Nikola Vukcevic', '3460001051', 'Montenegro', 4);
INSERT INTO `scommesse0226198`.`CALCIATORE` (`Nome`, `Recapito`, `Squadra`, `NumeroMaglia`) VALUES ('Nikolay Bodurov', '3460000076', 'Bulgaria', 5);
INSERT INTO `scommesse0226198`.`CALCIATORE` (`Nome`, `Recapito`, `Squadra`, `NumeroMaglia`) VALUES ('Noah Okafor', '3460000671', 'Svizzera', 7);
INSERT INTO `scommesse0226198`.`CALCIATORE` (`Nome`, `Recapito`, `Squadra`, `NumeroMaglia`) VALUES ('Norbert Balogh', '3460000696', 'Ungheria', 19);
INSERT INTO `scommesse0226198`.`CALCIATORE` (`Nome`, `Recapito`, `Squadra`, `NumeroMaglia`) VALUES ('Odise Roshi', '3460000020', 'Albania', 21);
INSERT INTO `scommesse0226198`.`CALCIATORE` (`Nome`, `Recapito`, `Squadra`, `NumeroMaglia`) VALUES ('Vlachodimos', '3460000236', 'Grecia', 1);
INSERT INTO `scommesse0226198`.`CALCIATORE` (`Nome`, `Recapito`, `Squadra`, `NumeroMaglia`) VALUES ('Ognjen Vranjes', '3460001019', 'Bosnia ed Erzegovina', 4);
INSERT INTO `scommesse0226198`.`CALCIATORE` (`Nome`, `Recapito`, `Squadra`, `NumeroMaglia`) VALUES ('Ola Kamara', '3460000449', 'Norvegia', 7);
INSERT INTO `scommesse0226198`.`CALCIATORE` (`Nome`, `Recapito`, `Squadra`, `NumeroMaglia`) VALUES ('Ola Toivonen', '3460000645', 'Svezia', 20);
INSERT INTO `scommesse0226198`.`CALCIATORE` (`Nome`, `Recapito`, `Squadra`, `NumeroMaglia`) VALUES ('Ólafur Skulason', '3460000342', 'Islanda', 15);
INSERT INTO `scommesse0226198`.`CALCIATORE` (`Nome`, `Recapito`, `Squadra`, `NumeroMaglia`) VALUES ('Ole Selnaes', '3460000445', 'Norvegia', 18);
INSERT INTO `scommesse0226198`.`CALCIATORE` (`Nome`, `Recapito`, `Squadra`, `NumeroMaglia`) VALUES ('Oleg Reabciuk', '3460000912', 'Moldavia', 2);
INSERT INTO `scommesse0226198`.`CALCIATORE` (`Nome`, `Recapito`, `Squadra`, `NumeroMaglia`) VALUES ('Oleksandr Svatok', '3460000847', 'Ucraina', 95);
INSERT INTO `scommesse0226198`.`CALCIATORE` (`Nome`, `Recapito`, `Squadra`, `NumeroMaglia`) VALUES ('Oleksandr Zinchenko', '3460000850', 'Ucraina', 70);
INSERT INTO `scommesse0226198`.`CALCIATORE` (`Nome`, `Recapito`, `Squadra`, `NumeroMaglia`) VALUES ('Oliver Burke', '3460000597', 'Scozia', 22);
INSERT INTO `scommesse0226198`.`CALCIATORE` (`Nome`, `Recapito`, `Squadra`, `NumeroMaglia`) VALUES ('Oliver Norwood', '3460000322', 'Irlanda del Nord', 16);
INSERT INTO `scommesse0226198`.`CALCIATORE` (`Nome`, `Recapito`, `Squadra`, `NumeroMaglia`) VALUES ('Olivier Giroud', '3460000185', 'Francia', 9);
INSERT INTO `scommesse0226198`.`CALCIATORE` (`Nome`, `Recapito`, `Squadra`, `NumeroMaglia`) VALUES ('Olivier Thill', '3460000424', 'Lussemburgo', 19);
INSERT INTO `scommesse0226198`.`CALCIATORE` (`Nome`, `Recapito`, `Squadra`, `NumeroMaglia`) VALUES ('Omar Elabdellaoui', '3460000439', 'Norvegia', 14);
INSERT INTO `scommesse0226198`.`CALCIATORE` (`Nome`, `Recapito`, `Squadra`, `NumeroMaglia`) VALUES ('Ondrej Celustka', '3460000104', 'Repubblica Ceca', 3);
INSERT INTO `scommesse0226198`.`CALCIATORE` (`Nome`, `Recapito`, `Squadra`, `NumeroMaglia`) VALUES ('Ondrej Duda', '3460000942', 'Slovacchia', 8);
INSERT INTO `scommesse0226198`.`CALCIATORE` (`Nome`, `Recapito`, `Squadra`, `NumeroMaglia`) VALUES ('Ondrej Kolar', '3460000098', 'Repubblica Ceca', 1);
INSERT INTO `scommesse0226198`.`CALCIATORE` (`Nome`, `Recapito`, `Squadra`, `NumeroMaglia`) VALUES ('Ondrej Kudela', '3460000106', 'Repubblica Ceca', 18);
INSERT INTO `scommesse0226198`.`CALCIATORE` (`Nome`, `Recapito`, `Squadra`, `NumeroMaglia`) VALUES ('Orjan Nyland', '3460000431', 'Norvegia', 12);
INSERT INTO `scommesse0226198`.`CALCIATORE` (`Nome`, `Recapito`, `Squadra`, `NumeroMaglia`) VALUES ('Oscar Hiljemark', '3460000641', 'Svezia', 15);
INSERT INTO `scommesse0226198`.`CALCIATORE` (`Nome`, `Recapito`, `Squadra`, `NumeroMaglia`) VALUES ('Verbickas', '3460000827', 'Lituania', 15);
INSERT INTO `scommesse0226198`.`CALCIATORE` (`Nome`, `Recapito`, `Squadra`, `NumeroMaglia`) VALUES ('Paddy McNair', '3460000313', 'Irlanda del Nord', 17);
INSERT INTO `scommesse0226198`.`CALCIATORE` (`Nome`, `Recapito`, `Squadra`, `NumeroMaglia`) VALUES ('Patrick van Aanholt', '3460000460', 'Paesi Bassi', 12);
INSERT INTO `scommesse0226198`.`CALCIATORE` (`Nome`, `Recapito`, `Squadra`, `NumeroMaglia`) VALUES ('Patrik Hrosovsky', '3460000946', 'Slovacchia', 13);
INSERT INTO `scommesse0226198`.`CALCIATORE` (`Nome`, `Recapito`, `Squadra`, `NumeroMaglia`) VALUES ('Patrik Schick', '3460000118', 'Repubblica Ceca', 19);
INSERT INTO `scommesse0226198`.`CALCIATORE` (`Nome`, `Recapito`, `Squadra`, `NumeroMaglia`) VALUES ('Pau', '3460000605', 'Spagna', 23);
INSERT INTO `scommesse0226198`.`CALCIATORE` (`Nome`, `Recapito`, `Squadra`, `NumeroMaglia`) VALUES ('Paul Anton', '3460000542', 'Romania', 15);
INSERT INTO `scommesse0226198`.`CALCIATORE` (`Nome`, `Recapito`, `Squadra`, `NumeroMaglia`) VALUES ('Paul Dummett', '3460000196', 'Galles', 3);
INSERT INTO `scommesse0226198`.`CALCIATORE` (`Nome`, `Recapito`, `Squadra`, `NumeroMaglia`) VALUES ('Paul Fenech', '3460000709', 'Malta', 8);
INSERT INTO `scommesse0226198`.`CALCIATORE` (`Nome`, `Recapito`, `Squadra`, `NumeroMaglia`) VALUES ('Paul Pogba', '3460000178', 'Francia', 6);
INSERT INTO `scommesse0226198`.`CALCIATORE` (`Nome`, `Recapito`, `Squadra`, `NumeroMaglia`) VALUES ('Paulo Vinícius', '3460000680', 'Ungheria', 5);
INSERT INTO `scommesse0226198`.`CALCIATORE` (`Nome`, `Recapito`, `Squadra`, `NumeroMaglia`) VALUES ('Paulus Arajuuri', '3460000145', 'Finlandia', 2);
INSERT INTO `scommesse0226198`.`CALCIATORE` (`Nome`, `Recapito`, `Squadra`, `NumeroMaglia`) VALUES ('Pavao Pervan', '3460000028', 'Austria', 12);
INSERT INTO `scommesse0226198`.`CALCIATORE` (`Nome`, `Recapito`, `Squadra`, `NumeroMaglia`) VALUES ('Pavel Kaderabek', '3460000101', 'Repubblica Ceca', 2);
INSERT INTO `scommesse0226198`.`CALCIATORE` (`Nome`, `Recapito`, `Squadra`, `NumeroMaglia`) VALUES ('Pavel Londak', '3460000768', 'Estonia', 2);
INSERT INTO `scommesse0226198`.`CALCIATORE` (`Nome`, `Recapito`, `Squadra`, `NumeroMaglia`) VALUES ('Pavel Savitski', '3460000877', 'Bielorussia', 8);
INSERT INTO `scommesse0226198`.`CALCIATORE` (`Nome`, `Recapito`, `Squadra`, `NumeroMaglia`) VALUES ('Pavol Safranko', '3460000952', 'Slovacchia', 18);
INSERT INTO `scommesse0226198`.`CALCIATORE` (`Nome`, `Recapito`, `Squadra`, `NumeroMaglia`) VALUES ('Pepe', '3460000508', 'Portogallo', 3);
INSERT INTO `scommesse0226198`.`CALCIATORE` (`Nome`, `Recapito`, `Squadra`, `NumeroMaglia`) VALUES ('Petar Stojanovic', '3460000981', 'Slovenia', 4);
INSERT INTO `scommesse0226198`.`CALCIATORE` (`Nome`, `Recapito`, `Squadra`, `NumeroMaglia`) VALUES ('Péter Gulacsi', '3460000672', 'Ungheria', 1);
INSERT INTO `scommesse0226198`.`CALCIATORE` (`Nome`, `Recapito`, `Squadra`, `NumeroMaglia`) VALUES ('Peter Pekarik', '3460000933', 'Slovacchia', 2);
INSERT INTO `scommesse0226198`.`CALCIATORE` (`Nome`, `Recapito`, `Squadra`, `NumeroMaglia`) VALUES ('Peter Zulj', '3460000044', 'Austria', 16);
INSERT INTO `scommesse0226198`.`CALCIATORE` (`Nome`, `Recapito`, `Squadra`, `NumeroMaglia`) VALUES ('Petteri Forsell', '3460000160', 'Finlandia', 16);
INSERT INTO `scommesse0226198`.`CALCIATORE` (`Nome`, `Recapito`, `Squadra`, `NumeroMaglia`) VALUES ('Philipp Lienhart', '3460000035', 'Austria', 15);
INSERT INTO `scommesse0226198`.`CALCIATORE` (`Nome`, `Recapito`, `Squadra`, `NumeroMaglia`) VALUES ('Philipp Ospelt', '3460000740', 'Liechtenstein', 20);
INSERT INTO `scommesse0226198`.`CALCIATORE` (`Nome`, `Recapito`, `Squadra`, `NumeroMaglia`) VALUES ('Philippe Erne', '3460000736', 'Liechtenstein', 16);
INSERT INTO `scommesse0226198`.`CALCIATORE` (`Nome`, `Recapito`, `Squadra`, `NumeroMaglia`) VALUES ('Pierluigi Gollini', '3460000353', 'Italia', 22);
INSERT INTO `scommesse0226198`.`CALCIATORE` (`Nome`, `Recapito`, `Squadra`, `NumeroMaglia`) VALUES ('Pione Sisto', '3460000141', 'Danimarca', 23);
INSERT INTO `scommesse0226198`.`CALCIATORE` (`Nome`, `Recapito`, `Squadra`, `NumeroMaglia`) VALUES ('Piotr Zielinski', '3460000492', 'Polonia', 20);
INSERT INTO `scommesse0226198`.`CALCIATORE` (`Nome`, `Recapito`, `Squadra`, `NumeroMaglia`) VALUES ('Pizzi', '3460000520', 'Portogallo', 21);
INSERT INTO `scommesse0226198`.`CALCIATORE` (`Nome`, `Recapito`, `Squadra`, `NumeroMaglia`) VALUES ('Plamen Iliev', '3460000073', 'Bulgaria', 23);
INSERT INTO `scommesse0226198`.`CALCIATORE` (`Nome`, `Recapito`, `Squadra`, `NumeroMaglia`) VALUES ('Pontus Jansson', '3460000634', 'Svezia', 18);
INSERT INTO `scommesse0226198`.`CALCIATORE` (`Nome`, `Recapito`, `Squadra`, `NumeroMaglia`) VALUES ('Povilas Leimonas', '3460000831', 'Lituania', 19);
INSERT INTO `scommesse0226198`.`CALCIATORE` (`Nome`, `Recapito`, `Squadra`, `NumeroMaglia`) VALUES ('Predrag Rajkovic', '3460000385', 'Serbia', 12);
INSERT INTO `scommesse0226198`.`CALCIATORE` (`Nome`, `Recapito`, `Squadra`, `NumeroMaglia`) VALUES ('Frankowski', '3460000497', 'Polonia', 21);
INSERT INTO `scommesse0226198`.`CALCIATORE` (`Nome`, `Recapito`, `Squadra`, `NumeroMaglia`) VALUES ('Pyry Soiri', '3460000158', 'Finlandia', 13);
INSERT INTO `scommesse0226198`.`CALCIATORE` (`Nome`, `Recapito`, `Squadra`, `NumeroMaglia`) VALUES ('Quincy Promes', '3460000474', 'Paesi Bassi', 11);
INSERT INTO `scommesse0226198`.`CALCIATORE` (`Nome`, `Recapito`, `Squadra`, `NumeroMaglia`) VALUES ('Rade Krunic', '3460001033', 'Bosnia ed Erzegovina', 18);
INSERT INTO `scommesse0226198`.`CALCIATORE` (`Nome`, `Recapito`, `Squadra`, `NumeroMaglia`) VALUES ('Radoslav Vasilev', '3460000094', 'Bulgaria', 9);
INSERT INTO `scommesse0226198`.`CALCIATORE` (`Nome`, `Recapito`, `Squadra`, `NumeroMaglia`) VALUES ('Radu Ginsari', '3460000923', 'Moldavia', 11);
INSERT INTO `scommesse0226198`.`CALCIATORE` (`Nome`, `Recapito`, `Squadra`, `NumeroMaglia`) VALUES ('Rafa Silva', '3460000524', 'Portogallo', 15);
INSERT INTO `scommesse0226198`.`CALCIATORE` (`Nome`, `Recapito`, `Squadra`, `NumeroMaglia`) VALUES ('Ragnar Klavan', '3460000773', 'Estonia', 7);
INSERT INTO `scommesse0226198`.`CALCIATORE` (`Nome`, `Recapito`, `Squadra`, `NumeroMaglia`) VALUES ('Ragnar Sigurosson', '3460000334', 'Islanda', 7);
INSERT INTO `scommesse0226198`.`CALCIATORE` (`Nome`, `Recapito`, `Squadra`, `NumeroMaglia`) VALUES ('Raheem Sterling', '3460000278', 'Inghilterra', 10);
INSERT INTO `scommesse0226198`.`CALCIATORE` (`Nome`, `Recapito`, `Squadra`, `NumeroMaglia`) VALUES ('Rajko Rotman', '3460000987', 'Slovenia', 6);
INSERT INTO `scommesse0226198`.`CALCIATORE` (`Nome`, `Recapito`, `Squadra`, `NumeroMaglia`) VALUES ('Ralph Schon', '3460000408', 'Lussemburgo', 3);
INSERT INTO `scommesse0226198`.`CALCIATORE` (`Nome`, `Recapito`, `Squadra`, `NumeroMaglia`) VALUES ('Raphael Guerreiro', '3460000510', 'Portogallo', 5);
INSERT INTO `scommesse0226198`.`CALCIATORE` (`Nome`, `Recapito`, `Squadra`, `NumeroMaglia`) VALUES ('Raphael Varane', '3460000172', 'Francia', 4);
INSERT INTO `scommesse0226198`.`CALCIATORE` (`Nome`, `Recapito`, `Squadra`, `NumeroMaglia`) VALUES ('Rasmus Karjalainen', '3460000165', 'Finlandia', 21);
INSERT INTO `scommesse0226198`.`CALCIATORE` (`Nome`, `Recapito`, `Squadra`, `NumeroMaglia`) VALUES ('Rasmus Schuller', '3460000157', 'Finlandia', 11);
INSERT INTO `scommesse0226198`.`CALCIATORE` (`Nome`, `Recapito`, `Squadra`, `NumeroMaglia`) VALUES ('Raul Albiol', '3460000607', 'Spagna', 3);
INSERT INTO `scommesse0226198`.`CALCIATORE` (`Nome`, `Recapito`, `Squadra`, `NumeroMaglia`) VALUES ('Razvan Marin', '3460000541', 'Romania', 18);
INSERT INTO `scommesse0226198`.`CALCIATORE` (`Nome`, `Recapito`, `Squadra`, `NumeroMaglia`) VALUES ('Remo Freuler', '3460000664', 'Svizzera', 8);
INSERT INTO `scommesse0226198`.`CALCIATORE` (`Nome`, `Recapito`, `Squadra`, `NumeroMaglia`) VALUES ('Renato Steffen', '3460000666', 'Svizzera', 11);
INSERT INTO `scommesse0226198`.`CALCIATORE` (`Nome`, `Recapito`, `Squadra`, `NumeroMaglia`) VALUES ('Riad Bajic', '3460001038', 'Bosnia ed Erzegovina', 23);
INSERT INTO `scommesse0226198`.`CALCIATORE` (`Nome`, `Recapito`, `Squadra`, `NumeroMaglia`) VALUES ('Ricardo Rodríguez', '3460000652', 'Svizzera', 13);
INSERT INTO `scommesse0226198`.`CALCIATORE` (`Nome`, `Recapito`, `Squadra`, `NumeroMaglia`) VALUES ('Risto Radunovic', '3460001049', 'Montenegro', 21);
INSERT INTO `scommesse0226198`.`CALCIATORE` (`Nome`, `Recapito`, `Squadra`, `NumeroMaglia`) VALUES ('Robbie Brady', '3460000292', 'Irlanda', 91);
INSERT INTO `scommesse0226198`.`CALCIATORE` (`Nome`, `Recapito`, `Squadra`, `NumeroMaglia`) VALUES ('Robert Beric', '3460000994', 'Slovenia', 19);
INSERT INTO `scommesse0226198`.`CALCIATORE` (`Nome`, `Recapito`, `Squadra`, `NumeroMaglia`) VALUES ('Robert Guilling', '3460001077', 'Gibilterra', 21);
INSERT INTO `scommesse0226198`.`CALCIATORE` (`Nome`, `Recapito`, `Squadra`, `NumeroMaglia`) VALUES ('Robert Gumny', '3460000488', 'Polonia', 25);
INSERT INTO `scommesse0226198`.`CALCIATORE` (`Nome`, `Recapito`, `Squadra`, `NumeroMaglia`) VALUES ('Robert Lewandowski', '3460000500', 'Polonia', 9);
INSERT INTO `scommesse0226198`.`CALCIATORE` (`Nome`, `Recapito`, `Squadra`, `NumeroMaglia`) VALUES ('Róbert Mak', '3460000950', 'Slovacchia', 20);
INSERT INTO `scommesse0226198`.`CALCIATORE` (`Nome`, `Recapito`, `Squadra`, `NumeroMaglia`) VALUES ('Robert Montovio', '3460001085', 'Gibilterra', 16);
INSERT INTO `scommesse0226198`.`CALCIATORE` (`Nome`, `Recapito`, `Squadra`, `NumeroMaglia`) VALUES ('Robert Taylor', '3460000156', 'Finlandia', 8);
INSERT INTO `scommesse0226198`.`CALCIATORE` (`Nome`, `Recapito`, `Squadra`, `NumeroMaglia`) VALUES ('Robin Gubser', '3460000727', 'Liechtenstein', 7);
INSERT INTO `scommesse0226198`.`CALCIATORE` (`Nome`, `Recapito`, `Squadra`, `NumeroMaglia`) VALUES ('Robin Lod', '3460000155', 'Finlandia', 7);
INSERT INTO `scommesse0226198`.`CALCIATORE` (`Nome`, `Recapito`, `Squadra`, `NumeroMaglia`) VALUES ('Robin Olsen', '3460000626', 'Svezia', 1);
INSERT INTO `scommesse0226198`.`CALCIATORE` (`Nome`, `Recapito`, `Squadra`, `NumeroMaglia`) VALUES ('Rodri', '3460000616', 'Spagna', 16);
INSERT INTO `scommesse0226198`.`CALCIATORE` (`Nome`, `Recapito`, `Squadra`, `NumeroMaglia`) VALUES ('Rodrigo', '3460000622', 'Spagna', 9);
INSERT INTO `scommesse0226198`.`CALCIATORE` (`Nome`, `Recapito`, `Squadra`, `NumeroMaglia`) VALUES ('Roland Varga', '3460000695', 'Ungheria', 17);
INSERT INTO `scommesse0226198`.`CALCIATORE` (`Nome`, `Recapito`, `Squadra`, `NumeroMaglia`) VALUES ('Rolandas Baravykas', '3460000820', 'Lituania', 8);
INSERT INTO `scommesse0226198`.`CALCIATORE` (`Nome`, `Recapito`, `Squadra`, `NumeroMaglia`) VALUES ('Roman Bezjak', '3460000993', 'Slovenia', 11);
INSERT INTO `scommesse0226198`.`CALCIATORE` (`Nome`, `Recapito`, `Squadra`, `NumeroMaglia`) VALUES ('Roman Bezus', '3460000852', 'Ucraina', 7);
INSERT INTO `scommesse0226198`.`CALCIATORE` (`Nome`, `Recapito`, `Squadra`, `NumeroMaglia`) VALUES ('Roman Yaremchuk', '3460000859', 'Ucraina', 18);
INSERT INTO `scommesse0226198`.`CALCIATORE` (`Nome`, `Recapito`, `Squadra`, `NumeroMaglia`) VALUES ('Ronan Curtis', '3460000295', 'Irlanda', 14);
INSERT INTO `scommesse0226198`.`CALCIATORE` (`Nome`, `Recapito`, `Squadra`, `NumeroMaglia`) VALUES ('Ross Barkley', '3460000275', 'Inghilterra', 18);
INSERT INTO `scommesse0226198`.`CALCIATORE` (`Nome`, `Recapito`, `Squadra`, `NumeroMaglia`) VALUES ('Rowen Muscat', '3460000710', 'Malta', 11);
INSERT INTO `scommesse0226198`.`CALCIATORE` (`Nome`, `Recapito`, `Squadra`, `NumeroMaglia`) VALUES ('Roy Carroll', '3460000306', 'Irlanda del Nord', 12);
INSERT INTO `scommesse0226198`.`CALCIATORE` (`Nome`, `Recapito`, `Squadra`, `NumeroMaglia`) VALUES ('Ruben Dias', '3460000509', 'Portogallo', 4);
INSERT INTO `scommesse0226198`.`CALCIATORE` (`Nome`, `Recapito`, `Squadra`, `NumeroMaglia`) VALUES ('Ruben Neves', '3460000519', 'Portogallo', 18);
INSERT INTO `scommesse0226198`.`CALCIATORE` (`Nome`, `Recapito`, `Squadra`, `NumeroMaglia`) VALUES ('Rudi Vancas', '3460000992', 'Slovenia', 20);
INSERT INTO `scommesse0226198`.`CALCIATORE` (`Nome`, `Recapito`, `Squadra`, `NumeroMaglia`) VALUES ('Rui Patrício', '3460000504', 'Portogallo', 1);
INSERT INTO `scommesse0226198`.`CALCIATORE` (`Nome`, `Recapito`, `Squadra`, `NumeroMaglia`) VALUES ('Runar Runarsson', '3460000330', 'Islanda', 3);
INSERT INTO `scommesse0226198`.`CALCIATORE` (`Nome`, `Recapito`, `Squadra`, `NumeroMaglia`) VALUES ('Rune Jarstein', '3460000430', 'Norvegia', 1);
INSERT INTO `scommesse0226198`.`CALCIATORE` (`Nome`, `Recapito`, `Squadra`, `NumeroMaglia`) VALUES ('Rurik Gíslason', '3460000346', 'Islanda', 19);
INSERT INTO `scommesse0226198`.`CALCIATORE` (`Nome`, `Recapito`, `Squadra`, `NumeroMaglia`) VALUES ('Ryan Babel', '3460000472', 'Paesi Bassi', 9);
INSERT INTO `scommesse0226198`.`CALCIATORE` (`Nome`, `Recapito`, `Squadra`, `NumeroMaglia`) VALUES ('Ryan Casciaro', '3460001067', 'Gibilterra', 5);
INSERT INTO `scommesse0226198`.`CALCIATORE` (`Nome`, `Recapito`, `Squadra`, `NumeroMaglia`) VALUES ('Ryan Fraser', '3460000599', 'Scozia', 24);
INSERT INTO `scommesse0226198`.`CALCIATORE` (`Nome`, `Recapito`, `Squadra`, `NumeroMaglia`) VALUES ('Salvatore Sirigu', '3460000351', 'Italia', 1);
INSERT INTO `scommesse0226198`.`CALCIATORE` (`Nome`, `Recapito`, `Squadra`, `NumeroMaglia`) VALUES ('Sam Vokes', '3460000209', 'Galles', 9);
INSERT INTO `scommesse0226198`.`CALCIATORE` (`Nome`, `Recapito`, `Squadra`, `NumeroMaglia`) VALUES ('Sami Khedira', '3460000218', 'Germania', 6);
INSERT INTO `scommesse0226198`.`CALCIATORE` (`Nome`, `Recapito`, `Squadra`, `NumeroMaglia`) VALUES ('Samir Ujkani', '3460001087', 'Kosovo', 1);
INSERT INTO `scommesse0226198`.`CALCIATORE` (`Nome`, `Recapito`, `Squadra`, `NumeroMaglia`) VALUES ('Friojonsson', '3460000338', 'Islanda', 11);
INSERT INTO `scommesse0226198`.`CALCIATORE` (`Nome`, `Recapito`, `Squadra`, `NumeroMaglia`) VALUES ('Samuel Umtiti', '3460000173', 'Francia', 5);
INSERT INTO `scommesse0226198`.`CALCIATORE` (`Nome`, `Recapito`, `Squadra`, `NumeroMaglia`) VALUES ('Sander Berge', '3460000443', 'Norvegia', 15);
INSERT INTO `scommesse0226198`.`CALCIATORE` (`Nome`, `Recapito`, `Squadra`, `NumeroMaglia`) VALUES ('Sander Puri', '3460000783', 'Estonia', 17);
INSERT INTO `scommesse0226198`.`CALCIATORE` (`Nome`, `Recapito`, `Squadra`, `NumeroMaglia`) VALUES ('Sandro Wieser', '3460000735', 'Liechtenstein', 15);
INSERT INTO `scommesse0226198`.`CALCIATORE` (`Nome`, `Recapito`, `Squadra`, `NumeroMaglia`) VALUES ('Sandro Wolfinger', '3460000737', 'Liechtenstein', 17);
INSERT INTO `scommesse0226198`.`CALCIATORE` (`Nome`, `Recapito`, `Squadra`, `NumeroMaglia`) VALUES ('Sanjin Prcic', '3460001032', 'Bosnia ed Erzegovina', 17);
INSERT INTO `scommesse0226198`.`CALCIATORE` (`Nome`, `Recapito`, `Squadra`, `NumeroMaglia`) VALUES ('Sasa Lukic', '3460000401', 'Serbia', 14);
INSERT INTO `scommesse0226198`.`CALCIATORE` (`Nome`, `Recapito`, `Squadra`, `NumeroMaglia`) VALUES ('Saul Ñíguez', '3460000615', 'Spagna', 8);
INSERT INTO `scommesse0226198`.`CALCIATORE` (`Nome`, `Recapito`, `Squadra`, `NumeroMaglia`) VALUES ('Sauli Vaisanen', '3460000147', 'Finlandia', 5);
INSERT INTO `scommesse0226198`.`CALCIATORE` (`Nome`, `Recapito`, `Squadra`, `NumeroMaglia`) VALUES ('Scott Bain', '3460000576', 'Scozia', 1);
INSERT INTO `scommesse0226198`.`CALCIATORE` (`Nome`, `Recapito`, `Squadra`, `NumeroMaglia`) VALUES ('Scott McKenna', '3460000582', 'Scozia', 7);
INSERT INTO `scommesse0226198`.`CALCIATORE` (`Nome`, `Recapito`, `Squadra`, `NumeroMaglia`) VALUES ('Scott McTominay', '3460000594', 'Scozia', 19);
INSERT INTO `scommesse0226198`.`CALCIATORE` (`Nome`, `Recapito`, `Squadra`, `NumeroMaglia`) VALUES ('Séamus Coleman', '3460000285', 'Irlanda', 2);
INSERT INTO `scommesse0226198`.`CALCIATORE` (`Nome`, `Recapito`, `Squadra`, `NumeroMaglia`) VALUES ('Sean Maguire', '3460000304', 'Irlanda', 24);
INSERT INTO `scommesse0226198`.`CALCIATORE` (`Nome`, `Recapito`, `Squadra`, `NumeroMaglia`) VALUES ('Sebastian Larsson', '3460000637', 'Svezia', 7);
INSERT INTO `scommesse0226198`.`CALCIATORE` (`Nome`, `Recapito`, `Squadra`, `NumeroMaglia`) VALUES ('Sebastian Rudy', '3460000231', 'Germania', 19);
INSERT INTO `scommesse0226198`.`CALCIATORE` (`Nome`, `Recapito`, `Squadra`, `NumeroMaglia`) VALUES ('Sergei Mosnikov', '3460000777', 'Estonia', 11);
INSERT INTO `scommesse0226198`.`CALCIATORE` (`Nome`, `Recapito`, `Squadra`, `NumeroMaglia`) VALUES ('Sergei Zenjov', '3460000788', 'Estonia', 22);
INSERT INTO `scommesse0226198`.`CALCIATORE` (`Nome`, `Recapito`, `Squadra`, `NumeroMaglia`) VALUES ('Sergej Savic', '3460000395', 'Serbia', 20);
INSERT INTO `scommesse0226198`.`CALCIATORE` (`Nome`, `Recapito`, `Squadra`, `NumeroMaglia`) VALUES ('Sergi Moreno', '3460001009', 'Andorra', 11);
INSERT INTO `scommesse0226198`.`CALCIATORE` (`Nome`, `Recapito`, `Squadra`, `NumeroMaglia`) VALUES ('Sergi Roberto', '3460000618', 'Spagna', 19);
INSERT INTO `scommesse0226198`.`CALCIATORE` (`Nome`, `Recapito`, `Squadra`, `NumeroMaglia`) VALUES ('Sergio Busquets', '3460000614', 'Spagna', 5);
INSERT INTO `scommesse0226198`.`CALCIATORE` (`Nome`, `Recapito`, `Squadra`, `NumeroMaglia`) VALUES ('Sergio Ramos', '3460000611', 'Spagna', 15);
INSERT INTO `scommesse0226198`.`CALCIATORE` (`Nome`, `Recapito`, `Squadra`, `NumeroMaglia`) VALUES ('Serhiy Sydorchuk', '3460000851', 'Ucraina', 93);
INSERT INTO `scommesse0226198`.`CALCIATORE` (`Nome`, `Recapito`, `Squadra`, `NumeroMaglia`) VALUES ('Seyhan Yildiz', '3460000726', 'Liechtenstein', 6);
INSERT INTO `scommesse0226198`.`CALCIATORE` (`Nome`, `Recapito`, `Squadra`, `NumeroMaglia`) VALUES ('Shane Duffy', '3460000289', 'Irlanda', 12);
INSERT INTO `scommesse0226198`.`CALCIATORE` (`Nome`, `Recapito`, `Squadra`, `NumeroMaglia`) VALUES ('Shane Ferguson', '3460000317', 'Irlanda del Nord', 3);
INSERT INTO `scommesse0226198`.`CALCIATORE` (`Nome`, `Recapito`, `Squadra`, `NumeroMaglia`) VALUES ('Shane Long', '3460000303', 'Irlanda', 9);
INSERT INTO `scommesse0226198`.`CALCIATORE` (`Nome`, `Recapito`, `Squadra`, `NumeroMaglia`) VALUES ('Sigurd Rosted', '3460000436', 'Norvegia', 5);
INSERT INTO `scommesse0226198`.`CALCIATORE` (`Nome`, `Recapito`, `Squadra`, `NumeroMaglia`) VALUES ('Siim Luts', '3460000785', 'Estonia', 19);
INSERT INTO `scommesse0226198`.`CALCIATORE` (`Nome`, `Recapito`, `Squadra`, `NumeroMaglia`) VALUES ('Silviu Lung Jr.', '3460000528', 'Romania', 16);
INSERT INTO `scommesse0226198`.`CALCIATORE` (`Nome`, `Recapito`, `Squadra`, `NumeroMaglia`) VALUES ('Simeon Slavchev', '3460000084', 'Bulgaria', 6);
INSERT INTO `scommesse0226198`.`CALCIATORE` (`Nome`, `Recapito`, `Squadra`, `NumeroMaglia`) VALUES ('Simon Kjaer', '3460000122', 'Danimarca', 4);
INSERT INTO `scommesse0226198`.`CALCIATORE` (`Nome`, `Recapito`, `Squadra`, `NumeroMaglia`) VALUES ('Simon Kuhne', '3460000743', 'Liechtenstein', 23);
INSERT INTO `scommesse0226198`.`CALCIATORE` (`Nome`, `Recapito`, `Squadra`, `NumeroMaglia`) VALUES ('Simon Mignolet', '3460000051', 'Belgio', 12);
INSERT INTO `scommesse0226198`.`CALCIATORE` (`Nome`, `Recapito`, `Squadra`, `NumeroMaglia`) VALUES ('Simon Skrabb', '3460000153', 'Finlandia', 3);
INSERT INTO `scommesse0226198`.`CALCIATORE` (`Nome`, `Recapito`, `Squadra`, `NumeroMaglia`) VALUES ('Simon Sluga', '3460000886', 'Croazia', 23);
INSERT INTO `scommesse0226198`.`CALCIATORE` (`Nome`, `Recapito`, `Squadra`, `NumeroMaglia`) VALUES ('Simonas Paulius', '3460000828', 'Lituania', 16);
INSERT INTO `scommesse0226198`.`CALCIATORE` (`Nome`, `Recapito`, `Squadra`, `NumeroMaglia`) VALUES ('Simonas Urbys', '3460000833', 'Lituania', 21);
INSERT INTO `scommesse0226198`.`CALCIATORE` (`Nome`, `Recapito`, `Squadra`, `NumeroMaglia`) VALUES ('Simone Benedettini', '3460000745', 'San Marino', 2);
INSERT INTO `scommesse0226198`.`CALCIATORE` (`Nome`, `Recapito`, `Squadra`, `NumeroMaglia`) VALUES ('Sjarhej Balanovic', '3460000875', 'Bielorussia', 23);
INSERT INTO `scommesse0226198`.`CALCIATORE` (`Nome`, `Recapito`, `Squadra`, `NumeroMaglia`) VALUES ('Sokol Çikalleshi', '3460000025', 'Albania', 16);
INSERT INTO `scommesse0226198`.`CALCIATORE` (`Nome`, `Recapito`, `Squadra`, `NumeroMaglia`) VALUES ('Papastathopoulos', '3460000243', 'Grecia', 19);
INSERT INTO `scommesse0226198`.`CALCIATORE` (`Nome`, `Recapito`, `Squadra`, `NumeroMaglia`) VALUES ('Spyros Risvanis', '3460000241', 'Grecia', 4);
INSERT INTO `scommesse0226198`.`CALCIATORE` (`Nome`, `Recapito`, `Squadra`, `NumeroMaglia`) VALUES ('Stanislav Lobotka', '3460000951', 'Slovacchia', 22);
INSERT INTO `scommesse0226198`.`CALCIATORE` (`Nome`, `Recapito`, `Squadra`, `NumeroMaglia`) VALUES ('Stanislav Namasco', '3460000909', 'Moldavia', 1);
INSERT INTO `scommesse0226198`.`CALCIATORE` (`Nome`, `Recapito`, `Squadra`, `NumeroMaglia`) VALUES ('Stanislaw Drahun', '3460000872', 'Bielorussia', 2);
INSERT INTO `scommesse0226198`.`CALCIATORE` (`Nome`, `Recapito`, `Squadra`, `NumeroMaglia`) VALUES ('Stefan de Vrij', '3460000461', 'Paesi Bassi', 14);
INSERT INTO `scommesse0226198`.`CALCIATORE` (`Nome`, `Recapito`, `Squadra`, `NumeroMaglia`) VALUES ('Stefan Efros', '3460000915', 'Moldavia', 5);
INSERT INTO `scommesse0226198`.`CALCIATORE` (`Nome`, `Recapito`, `Squadra`, `NumeroMaglia`) VALUES ('Stefan Ilsanker', '3460000039', 'Austria', 6);
INSERT INTO `scommesse0226198`.`CALCIATORE` (`Nome`, `Recapito`, `Squadra`, `NumeroMaglia`) VALUES ('Stefan Johansen', '3460000441', 'Norvegia', 8);
INSERT INTO `scommesse0226198`.`CALCIATORE` (`Nome`, `Recapito`, `Squadra`, `NumeroMaglia`) VALUES ('Stefan Lainer', '3460000033', 'Austria', 21);
INSERT INTO `scommesse0226198`.`CALCIATORE` (`Nome`, `Recapito`, `Squadra`, `NumeroMaglia`) VALUES ('Stefan Loncar', '3460001059', 'Montenegro', 97);
INSERT INTO `scommesse0226198`.`CALCIATORE` (`Nome`, `Recapito`, `Squadra`, `NumeroMaglia`) VALUES ('Stefan Mugosa', '3460001062', 'Montenegro', 9);
INSERT INTO `scommesse0226198`.`CALCIATORE` (`Nome`, `Recapito`, `Squadra`, `NumeroMaglia`) VALUES ('Stefan Posch', '3460000036', 'Austria', 5);
INSERT INTO `scommesse0226198`.`CALCIATORE` (`Nome`, `Recapito`, `Squadra`, `NumeroMaglia`) VALUES ('Stefan Ristovski', '3460000957', 'Macedonia del Nord', 13);
INSERT INTO `scommesse0226198`.`CALCIATORE` (`Nome`, `Recapito`, `Squadra`, `NumeroMaglia`) VALUES ('Stefan Savic', '3460001043', 'Montenegro', 15);
INSERT INTO `scommesse0226198`.`CALCIATORE` (`Nome`, `Recapito`, `Squadra`, `NumeroMaglia`) VALUES ('Stefano Bensi', '3460000426', 'Lussemburgo', 21);
INSERT INTO `scommesse0226198`.`CALCIATORE` (`Nome`, `Recapito`, `Squadra`, `NumeroMaglia`) VALUES ('Stefano Sensi', '3460000369', 'Italia', 15);
INSERT INTO `scommesse0226198`.`CALCIATORE` (`Nome`, `Recapito`, `Squadra`, `NumeroMaglia`) VALUES ('Sten Grytebust', '3460000432', 'Norvegia', 22);
INSERT INTO `scommesse0226198`.`CALCIATORE` (`Nome`, `Recapito`, `Squadra`, `NumeroMaglia`) VALUES ('El Shaarawy', '3460000375', 'Italia', 11);
INSERT INTO `scommesse0226198`.`CALCIATORE` (`Nome`, `Recapito`, `Squadra`, `NumeroMaglia`) VALUES ('Steve Borg', '3460000705', 'Malta', 4);
INSERT INTO `scommesse0226198`.`CALCIATORE` (`Nome`, `Recapito`, `Squadra`, `NumeroMaglia`) VALUES ('Steven Bergwijn', '3460000471', 'Paesi Bassi', 7);
INSERT INTO `scommesse0226198`.`CALCIATORE` (`Nome`, `Recapito`, `Squadra`, `NumeroMaglia`) VALUES ('Steven Davis', '3460000319', 'Irlanda del Nord', 8);
INSERT INTO `scommesse0226198`.`CALCIATORE` (`Nome`, `Recapito`, `Squadra`, `NumeroMaglia`) VALUES ('Steven Zuber', '3460000662', 'Svizzera', 14);
INSERT INTO `scommesse0226198`.`CALCIATORE` (`Nome`, `Recapito`, `Squadra`, `NumeroMaglia`) VALUES ('Stole Dimitrievski', '3460000954', 'Macedonia del Nord', 1);
INSERT INTO `scommesse0226198`.`CALCIATORE` (`Nome`, `Recapito`, `Squadra`, `NumeroMaglia`) VALUES ('Strahil Popov', '3460000077', 'Bulgaria', 2);
INSERT INTO `scommesse0226198`.`CALCIATORE` (`Nome`, `Recapito`, `Squadra`, `NumeroMaglia`) VALUES ('Stuart Armstrong', '3460000589', 'Scozia', 14);
INSERT INTO `scommesse0226198`.`CALCIATORE` (`Nome`, `Recapito`, `Squadra`, `NumeroMaglia`) VALUES ('Stuart Dallas', '3460000321', 'Irlanda del Nord', 14);
INSERT INTO `scommesse0226198`.`CALCIATORE` (`Nome`, `Recapito`, `Squadra`, `NumeroMaglia`) VALUES ('Stuart Findlay', '3460000581', 'Scozia', 6);
INSERT INTO `scommesse0226198`.`CALCIATORE` (`Nome`, `Recapito`, `Squadra`, `NumeroMaglia`) VALUES ('Suso', '3460000623', 'Spagna', 11);
INSERT INTO `scommesse0226198`.`CALCIATORE` (`Nome`, `Recapito`, `Squadra`, `NumeroMaglia`) VALUES ('Sverrir Ingi Ingason', '3460000333', 'Islanda', 6);
INSERT INTO `scommesse0226198`.`CALCIATORE` (`Nome`, `Recapito`, `Squadra`, `NumeroMaglia`) VALUES ('Svetoslav Kovachev', '3460000092', 'Bulgaria', 16);
INSERT INTO `scommesse0226198`.`CALCIATORE` (`Nome`, `Recapito`, `Squadra`, `NumeroMaglia`) VALUES ('Syarhey Chernik', '3460000862', 'Bielorussia', 12);
INSERT INTO `scommesse0226198`.`CALCIATORE` (`Nome`, `Recapito`, `Squadra`, `NumeroMaglia`) VALUES ('Syarhey Kislyak', '3460000871', 'Bielorussia', 15);
INSERT INTO `scommesse0226198`.`CALCIATORE` (`Nome`, `Recapito`, `Squadra`, `NumeroMaglia`) VALUES ('Syarhey Palitsevich', '3460000868', 'Bielorussia', 6);
INSERT INTO `scommesse0226198`.`CALCIATORE` (`Nome`, `Recapito`, `Squadra`, `NumeroMaglia`) VALUES ('Sykes Garro', '3460001086', 'Gibilterra', 19);
INSERT INTO `scommesse0226198`.`CALCIATORE` (`Nome`, `Recapito`, `Squadra`, `NumeroMaglia`) VALUES ('Szymon Zurkowski', '3460000499', 'Polonia', 27);
INSERT INTO `scommesse0226198`.`CALCIATORE` (`Nome`, `Recapito`, `Squadra`, `NumeroMaglia`) VALUES ('Tamas Kadar', '3460000675', 'Ungheria', 4);
INSERT INTO `scommesse0226198`.`CALCIATORE` (`Nome`, `Recapito`, `Squadra`, `NumeroMaglia`) VALUES ('Tanguy Ndombele', '3460000182', 'Francia', 21);
INSERT INTO `scommesse0226198`.`CALCIATORE` (`Nome`, `Recapito`, `Squadra`, `NumeroMaglia`) VALUES ('Tarik Elyounoussi', '3460000451', 'Norvegia', 10);
INSERT INTO `scommesse0226198`.`CALCIATORE` (`Nome`, `Recapito`, `Squadra`, `NumeroMaglia`) VALUES ('Tarmo Kink', '3460000781', 'Estonia', 15);
INSERT INTO `scommesse0226198`.`CALCIATORE` (`Nome`, `Recapito`, `Squadra`, `NumeroMaglia`) VALUES ('Tasos Bakasetas', '3460000256', 'Grecia', 14);
INSERT INTO `scommesse0226198`.`CALCIATORE` (`Nome`, `Recapito`, `Squadra`, `NumeroMaglia`) VALUES ('Taulant Xhaka', '3460000017', 'Albania', 14);
INSERT INTO `scommesse0226198`.`CALCIATORE` (`Nome`, `Recapito`, `Squadra`, `NumeroMaglia`) VALUES ('Teemu Pukki', '3460000163', 'Finlandia', 10);
INSERT INTO `scommesse0226198`.`CALCIATORE` (`Nome`, `Recapito`, `Squadra`, `NumeroMaglia`) VALUES ('Theodor Selassie', '3460000099', 'Repubblica Ceca', 4);
INSERT INTO `scommesse0226198`.`CALCIATORE` (`Nome`, `Recapito`, `Squadra`, `NumeroMaglia`) VALUES ('Thiago', '3460000617', 'Spagna', 10);
INSERT INTO `scommesse0226198`.`CALCIATORE` (`Nome`, `Recapito`, `Squadra`, `NumeroMaglia`) VALUES ('Thiago Cionek', '3460000482', 'Polonia', 4);
INSERT INTO `scommesse0226198`.`CALCIATORE` (`Nome`, `Recapito`, `Squadra`, `NumeroMaglia`) VALUES ('Thibaut Courtois', '3460000050', 'Belgio', 1);
INSERT INTO `scommesse0226198`.`CALCIATORE` (`Nome`, `Recapito`, `Squadra`, `NumeroMaglia`) VALUES ('Thomas Delaney', '3460000126', 'Danimarca', 8);
INSERT INTO `scommesse0226198`.`CALCIATORE` (`Nome`, `Recapito`, `Squadra`, `NumeroMaglia`) VALUES ('Thomas Hobi', '3460000723', 'Liechtenstein', 3);
INSERT INTO `scommesse0226198`.`CALCIATORE` (`Nome`, `Recapito`, `Squadra`, `NumeroMaglia`) VALUES ('Thomas Lam', '3460000161', 'Finlandia', 19);
INSERT INTO `scommesse0226198`.`CALCIATORE` (`Nome`, `Recapito`, `Squadra`, `NumeroMaglia`) VALUES ('Thomas Lemar', '3460000184', 'Francia', 8);
INSERT INTO `scommesse0226198`.`CALCIATORE` (`Nome`, `Recapito`, `Squadra`, `NumeroMaglia`) VALUES ('Thomas Meunier', '3460000055', 'Belgio', 15);
INSERT INTO `scommesse0226198`.`CALCIATORE` (`Nome`, `Recapito`, `Squadra`, `NumeroMaglia`) VALUES ('Thomas Muller', '3460000225', 'Germania', 13);
INSERT INTO `scommesse0226198`.`CALCIATORE` (`Nome`, `Recapito`, `Squadra`, `NumeroMaglia`) VALUES ('Thorgan Hazard', '3460000063', 'Belgio', 16);
INSERT INTO `scommesse0226198`.`CALCIATORE` (`Nome`, `Recapito`, `Squadra`, `NumeroMaglia`) VALUES ('Tim Kips', '3460000406', 'Lussemburgo', 1);
INSERT INTO `scommesse0226198`.`CALCIATORE` (`Nome`, `Recapito`, `Squadra`, `NumeroMaglia`) VALUES ('Tim Sparv', '3460000159', 'Finlandia', 14);
INSERT INTO `scommesse0226198`.`CALCIATORE` (`Nome`, `Recapito`, `Squadra`, `NumeroMaglia`) VALUES ('Timo Werner', '3460000221', 'Germania', 9);
INSERT INTO `scommesse0226198`.`CALCIATORE` (`Nome`, `Recapito`, `Squadra`, `NumeroMaglia`) VALUES ('Timothy Castagne', '3460000067', 'Belgio', 21);
INSERT INTO `scommesse0226198`.`CALCIATORE` (`Nome`, `Recapito`, `Squadra`, `NumeroMaglia`) VALUES ('Tin Jedvaj', '3460000889', 'Croazia', 16);
INSERT INTO `scommesse0226198`.`CALCIATORE` (`Nome`, `Recapito`, `Squadra`, `NumeroMaglia`) VALUES ('Toby Alderweireld', '3460000053', 'Belgio', 2);
INSERT INTO `scommesse0226198`.`CALCIATORE` (`Nome`, `Recapito`, `Squadra`, `NumeroMaglia`) VALUES ('Todor Nedelev', '3460000083', 'Bulgaria', 8);
INSERT INTO `scommesse0226198`.`CALCIATORE` (`Nome`, `Recapito`, `Squadra`, `NumeroMaglia`) VALUES ('Tom Cairney', '3460000590', 'Scozia', 15);
INSERT INTO `scommesse0226198`.`CALCIATORE` (`Nome`, `Recapito`, `Squadra`, `NumeroMaglia`) VALUES ('Tom Heaton', '3460000261', 'Inghilterra', 23);
INSERT INTO `scommesse0226198`.`CALCIATORE` (`Nome`, `Recapito`, `Squadra`, `NumeroMaglia`) VALUES ('Tom Lawrence', '3460000210', 'Galles', 17);
INSERT INTO `scommesse0226198`.`CALCIATORE` (`Nome`, `Recapito`, `Squadra`, `NumeroMaglia`) VALUES ('Tom Lockyer', '3460000198', 'Galles', 19);
INSERT INTO `scommesse0226198`.`CALCIATORE` (`Nome`, `Recapito`, `Squadra`, `NumeroMaglia`) VALUES ('Tomas Kalas', '3460000103', 'Repubblica Ceca', 6);
INSERT INTO `scommesse0226198`.`CALCIATORE` (`Nome`, `Recapito`, `Squadra`, `NumeroMaglia`) VALUES ('Tomas Koubek', '3460000097', 'Repubblica Ceca', 16);
INSERT INTO `scommesse0226198`.`CALCIATORE` (`Nome`, `Recapito`, `Squadra`, `NumeroMaglia`) VALUES ('Tomas Mikuckis', '3460000818', 'Lituania', 6);
INSERT INTO `scommesse0226198`.`CALCIATORE` (`Nome`, `Recapito`, `Squadra`, `NumeroMaglia`) VALUES ('Tomas Soucek', '3460000111', 'Repubblica Ceca', 15);
INSERT INTO `scommesse0226198`.`CALCIATORE` (`Nome`, `Recapito`, `Squadra`, `NumeroMaglia`) VALUES ('Tomas Svedkauskas', '3460000814', 'Lituania', 2);
INSERT INTO `scommesse0226198`.`CALCIATORE` (`Nome`, `Recapito`, `Squadra`, `NumeroMaglia`) VALUES ('Tomasz Kedziora', '3460000486', 'Polonia', 14);
INSERT INTO `scommesse0226198`.`CALCIATORE` (`Nome`, `Recapito`, `Squadra`, `NumeroMaglia`) VALUES ('Toni Kroos', '3460000220', 'Germania', 8);
INSERT INTO `scommesse0226198`.`CALCIATORE` (`Nome`, `Recapito`, `Squadra`, `NumeroMaglia`) VALUES ('Toni Sunjic', '3460001020', 'Bosnia ed Erzegovina', 5);
INSERT INTO `scommesse0226198`.`CALCIATORE` (`Nome`, `Recapito`, `Squadra`, `NumeroMaglia`) VALUES ('Tonny Vilhena', '3460000468', 'Paesi Bassi', 18);
INSERT INTO `scommesse0226198`.`CALCIATORE` (`Nome`, `Recapito`, `Squadra`, `NumeroMaglia`) VALUES ('Tore Reginiussen', '3460000435', 'Norvegia', 4);
INSERT INTO `scommesse0226198`.`CALCIATORE` (`Nome`, `Recapito`, `Squadra`, `NumeroMaglia`) VALUES ('Trent Arnold', '3460000269', 'Inghilterra', 22);
INSERT INTO `scommesse0226198`.`CALCIATORE` (`Nome`, `Recapito`, `Squadra`, `NumeroMaglia`) VALUES ('Tristan Caruana', '3460000715', 'Malta', 95);
INSERT INTO `scommesse0226198`.`CALCIATORE` (`Nome`, `Recapito`, `Squadra`, `NumeroMaglia`) VALUES ('Tyler Roberts', '3460000212', 'Galles', 22);
INSERT INTO `scommesse0226198`.`CALCIATORE` (`Nome`, `Recapito`, `Squadra`, `NumeroMaglia`) VALUES ('Uros Spajic', '3460000389', 'Serbia', 5);
INSERT INTO `scommesse0226198`.`CALCIATORE` (`Nome`, `Recapito`, `Squadra`, `NumeroMaglia`) VALUES ('Vahid Selimovic', '3460000416', 'Lussemburgo', 11);
INSERT INTO `scommesse0226198`.`CALCIATORE` (`Nome`, `Recapito`, `Squadra`, `NumeroMaglia`) VALUES ('Valdemar Borovskij', '3460000817', 'Lituania', 5);
INSERT INTO `scommesse0226198`.`CALCIATORE` (`Nome`, `Recapito`, `Squadra`, `NumeroMaglia`) VALUES ('Valentino Lazaro', '3460000040', 'Austria', 22);
INSERT INTO `scommesse0226198`.`CALCIATORE` (`Nome`, `Recapito`, `Squadra`, `NumeroMaglia`) VALUES ('Vasil Bozhikov', '3460000079', 'Bulgaria', 15);
INSERT INTO `scommesse0226198`.`CALCIATORE` (`Nome`, `Recapito`, `Squadra`, `NumeroMaglia`) VALUES ('Vasilios Barkas', '3460000238', 'Grecia', 13);
INSERT INTO `scommesse0226198`.`CALCIATORE` (`Nome`, `Recapito`, `Squadra`, `NumeroMaglia`) VALUES ('Vasyl Kravets', '3460000846', 'Ucraina', 96);
INSERT INTO `scommesse0226198`.`CALCIATORE` (`Nome`, `Recapito`, `Squadra`, `NumeroMaglia`) VALUES ('Vedat Muriqi', '3460001107', 'Kosovo', 18);
INSERT INTO `scommesse0226198`.`CALCIATORE` (`Nome`, `Recapito`, `Squadra`, `NumeroMaglia`) VALUES ('Vedran Kjosevski', '3460001018', 'Bosnia ed Erzegovina', 3);
INSERT INTO `scommesse0226198`.`CALCIATORE` (`Nome`, `Recapito`, `Squadra`, `NumeroMaglia`) VALUES ('Victor Lindelof', '3460000633', 'Svezia', 3);
INSERT INTO `scommesse0226198`.`CALCIATORE` (`Nome`, `Recapito`, `Squadra`, `NumeroMaglia`) VALUES ('Victor Rodriguez', '3460001011', 'Andorra', 22);
INSERT INTO `scommesse0226198`.`CALCIATORE` (`Nome`, `Recapito`, `Squadra`, `NumeroMaglia`) VALUES ('Vid Belec', '3460000975', 'Slovenia', 1);
INSERT INTO `scommesse0226198`.`CALCIATORE` (`Nome`, `Recapito`, `Squadra`, `NumeroMaglia`) VALUES ('Viktor Claesson', '3460000642', 'Svezia', 17);
INSERT INTO `scommesse0226198`.`CALCIATORE` (`Nome`, `Recapito`, `Squadra`, `NumeroMaglia`) VALUES ('Viktor Fischer', '3460000133', 'Danimarca', 15);
INSERT INTO `scommesse0226198`.`CALCIATORE` (`Nome`, `Recapito`, `Squadra`, `NumeroMaglia`) VALUES ('Viktor Tsyhankov', '3460000853', 'Ucraina', 15);
INSERT INTO `scommesse0226198`.`CALCIATORE` (`Nome`, `Recapito`, `Squadra`, `NumeroMaglia`) VALUES ('Vincent Kompany', '3460000058', 'Belgio', 4);
INSERT INTO `scommesse0226198`.`CALCIATORE` (`Nome`, `Recapito`, `Squadra`, `NumeroMaglia`) VALUES ('Vincent Thill', '3460000425', 'Lussemburgo', 20);
INSERT INTO `scommesse0226198`.`CALCIATORE` (`Nome`, `Recapito`, `Squadra`, `NumeroMaglia`) VALUES ('Virgil van Dijk', '3460000458', 'Paesi Bassi', 4);
INSERT INTO `scommesse0226198`.`CALCIATORE` (`Nome`, `Recapito`, `Squadra`, `NumeroMaglia`) VALUES ('Visar Bekaj', '3460001089', 'Kosovo', 16);
INSERT INTO `scommesse0226198`.`CALCIATORE` (`Nome`, `Recapito`, `Squadra`, `NumeroMaglia`) VALUES ('Visar Musliu', '3460000959', 'Macedonia del Nord', 6);
INSERT INTO `scommesse0226198`.`CALCIATORE` (`Nome`, `Recapito`, `Squadra`, `NumeroMaglia`) VALUES ('Vitalie Damascan', '3460000929', 'Moldavia', 19);
INSERT INTO `scommesse0226198`.`CALCIATORE` (`Nome`, `Recapito`, `Squadra`, `NumeroMaglia`) VALUES ('Vitalij Mykolenko', '3460000844', 'Ucraina', 16);
INSERT INTO `scommesse0226198`.`CALCIATORE` (`Nome`, `Recapito`, `Squadra`, `NumeroMaglia`) VALUES ('Vitaliy Buyalskyi', '3460000854', 'Ucraina', 92);
INSERT INTO `scommesse0226198`.`CALCIATORE` (`Nome`, `Recapito`, `Squadra`, `NumeroMaglia`) VALUES ('Vladimír Coufal', '3460000105', 'Repubblica Ceca', 5);
INSERT INTO `scommesse0226198`.`CALCIATORE` (`Nome`, `Recapito`, `Squadra`, `NumeroMaglia`) VALUES ('Vladimír Darida', '3460000107', 'Repubblica Ceca', 8);
INSERT INTO `scommesse0226198`.`CALCIATORE` (`Nome`, `Recapito`, `Squadra`, `NumeroMaglia`) VALUES ('Vladimir Jovovic', '3460001053', 'Montenegro', 16);
INSERT INTO `scommesse0226198`.`CALCIATORE` (`Nome`, `Recapito`, `Squadra`, `NumeroMaglia`) VALUES ('Volodymyr Shepelyev', '3460000856', 'Ucraina', 2);
INSERT INTO `scommesse0226198`.`CALCIATORE` (`Nome`, `Recapito`, `Squadra`, `NumeroMaglia`) VALUES ('Vykintas Slivka', '3460000826', 'Lituania', 14);
INSERT INTO `scommesse0226198`.`CALCIATORE` (`Nome`, `Recapito`, `Squadra`, `NumeroMaglia`) VALUES ('Wayne Hennessey', '3460000190', 'Galles', 1);
INSERT INTO `scommesse0226198`.`CALCIATORE` (`Nome`, `Recapito`, `Squadra`, `NumeroMaglia`) VALUES ('Will Grigg', '3460000324', 'Irlanda del Nord', 9);
INSERT INTO `scommesse0226198`.`CALCIATORE` (`Nome`, `Recapito`, `Squadra`, `NumeroMaglia`) VALUES ('Willi Orban', '3460000681', 'Ungheria', 6);
INSERT INTO `scommesse0226198`.`CALCIATORE` (`Nome`, `Recapito`, `Squadra`, `NumeroMaglia`) VALUES ('William Carvalho', '3460000517', 'Portogallo', 14);
INSERT INTO `scommesse0226198`.`CALCIATORE` (`Nome`, `Recapito`, `Squadra`, `NumeroMaglia`) VALUES ('William Kvist', '3460000125', 'Danimarca', 7);
INSERT INTO `scommesse0226198`.`CALCIATORE` (`Nome`, `Recapito`, `Squadra`, `NumeroMaglia`) VALUES ('Wissam Yedder', '3460000189', 'Francia', 22);
INSERT INTO `scommesse0226198`.`CALCIATORE` (`Nome`, `Recapito`, `Squadra`, `NumeroMaglia`) VALUES ('Wojciech Szczesny', '3460000477', 'Polonia', 1);
INSERT INTO `scommesse0226198`.`CALCIATORE` (`Nome`, `Recapito`, `Squadra`, `NumeroMaglia`) VALUES ('Xaver Schlager', '3460000043', 'Austria', 23);
INSERT INTO `scommesse0226198`.`CALCIATORE` (`Nome`, `Recapito`, `Squadra`, `NumeroMaglia`) VALUES ('Xherdan Shaqiri', '3460000660', 'Svizzera', 23);
INSERT INTO `scommesse0226198`.`CALCIATORE` (`Nome`, `Recapito`, `Squadra`, `NumeroMaglia`) VALUES ('Yann Sommer', '3460000649', 'Svizzera', 1);
INSERT INTO `scommesse0226198`.`CALCIATORE` (`Nome`, `Recapito`, `Squadra`, `NumeroMaglia`) VALUES ('Konoplyanka', '3460000848', 'Ucraina', 10);
INSERT INTO `scommesse0226198`.`CALCIATORE` (`Nome`, `Recapito`, `Squadra`, `NumeroMaglia`) VALUES ('Ylber Ramadani', '3460000016', 'Albania', 9);
INSERT INTO `scommesse0226198`.`CALCIATORE` (`Nome`, `Recapito`, `Squadra`, `NumeroMaglia`) VALUES ('Youri Tielemans', '3460000064', 'Belgio', 8);
INSERT INTO `scommesse0226198`.`CALCIATORE` (`Nome`, `Recapito`, `Squadra`, `NumeroMaglia`) VALUES ('Yuriy Pankiv', '3460000839', 'Ucraina', 1);
INSERT INTO `scommesse0226198`.`CALCIATORE` (`Nome`, `Recapito`, `Squadra`, `NumeroMaglia`) VALUES ('Yussuf Poulsen', '3460000138', 'Danimarca', 20);
INSERT INTO `scommesse0226198`.`CALCIATORE` (`Nome`, `Recapito`, `Squadra`, `NumeroMaglia`) VALUES ('Yvon Mvogo', '3460000650', 'Svizzera', 12);
INSERT INTO `scommesse0226198`.`CALCIATORE` (`Nome`, `Recapito`, `Squadra`, `NumeroMaglia`) VALUES ('Zach Muscat', '3460000706', 'Malta', 22);
INSERT INTO `scommesse0226198`.`CALCIATORE` (`Nome`, `Recapito`, `Squadra`, `NumeroMaglia`) VALUES ('Zarko Tomasevic', '3460001045', 'Montenegro', 6);
INSERT INTO `scommesse0226198`.`CALCIATORE` (`Nome`, `Recapito`, `Squadra`, `NumeroMaglia`) VALUES ('Zeca', '3460000248', 'Grecia', 8);
INSERT INTO `scommesse0226198`.`CALCIATORE` (`Nome`, `Recapito`, `Squadra`, `NumeroMaglia`) VALUES ('Zsolt Kalmar', '3460000687', 'Ungheria', 13);

COMMIT;


-- -----------------------------------------------------
-- Data for table `scommesse0226198`.`CLIENTE`
-- -----------------------------------------------------
START TRANSACTION;
USE `scommesse0226198`;
INSERT INTO `scommesse0226198`.`CLIENTE` (`CF`, `Nome`, `Cognome`, `Sesso`, `LuogoNascita`, `DataNascita`, `ComuneResidenza`, `IndirizzoResidenza`, `Telefono`) VALUES ('BLLBLDMRGSB56607', 'Ubaldo', 'Bellini', 'M', 'Ragusa', '1956-02-16', 'Pordenone', 'Viale Aaron', '3470000445');
INSERT INTO `scommesse0226198`.`CLIENTE` (`CF`, `Nome`, `Cognome`, `Sesso`, `LuogoNascita`, `DataNascita`, `ComuneResidenza`, `IndirizzoResidenza`, `Telefono`) VALUES ('BLLDVSMTRMB55310', 'Davis', 'Bellini', 'M', 'Teramo', '1955-02-01', 'Bologna', 'Via Michael', '3470000741');
INSERT INTO `scommesse0226198`.`CLIENTE` (`CF`, `Nome`, `Cognome`, `Sesso`, `LuogoNascita`, `DataNascita`, `ComuneResidenza`, `IndirizzoResidenza`, `Telefono`) VALUES ('BLLFTNMCRTH93575', 'Fortunato', 'Bellini', 'M', 'Crotone', '1993-08-31', 'Novara', 'Canale Bibiana', '3470000292');
INSERT INTO `scommesse0226198`.`CLIENTE` (`CF`, `Nome`, `Cognome`, `Sesso`, `LuogoNascita`, `DataNascita`, `ComuneResidenza`, `IndirizzoResidenza`, `Telefono`) VALUES ('BLLGNTMVCNM81270', 'Giacinto', 'Bellini', 'M', 'Vicenza', '1981-11-23', 'Milano', 'Viale Basile', '3470000858');
INSERT INTO `scommesse0226198`.`CLIENTE` (`CF`, `Nome`, `Cognome`, `Sesso`, `LuogoNascita`, `DataNascita`, `ComuneResidenza`, `IndirizzoResidenza`, `Telefono`) VALUES ('BLLGTTFGNVH65545', 'Giulietta', 'Bellini', 'F', 'Genova', '1965-08-01', 'La Spezia', 'Piazza Ferrari', '3470000175');
INSERT INTO `scommesse0226198`.`CLIENTE` (`CF`, `Nome`, `Cognome`, `Sesso`, `LuogoNascita`, `DataNascita`, `ComuneResidenza`, `IndirizzoResidenza`, `Telefono`) VALUES ('BLLHLGMSNIC72550', 'Helgo', 'Bellini', 'M', 'Siena', '1972-03-29', 'Pordenone', 'Via Hector', '3470000401');
INSERT INTO `scommesse0226198`.`CLIENTE` (`CF`, `Nome`, `Cognome`, `Sesso`, `LuogoNascita`, `DataNascita`, `ComuneResidenza`, `IndirizzoResidenza`, `Telefono`) VALUES ('BLLNNNMLDOC49882', 'Antonino', 'Bellini', 'M', 'Lodi', '1949-03-30', 'Novara', 'Viale Riva', '3470000922');
INSERT INTO `scommesse0226198`.`CLIENTE` (`CF`, `Nome`, `Cognome`, `Sesso`, `LuogoNascita`, `DataNascita`, `ComuneResidenza`, `IndirizzoResidenza`, `Telefono`) VALUES ('BLLNNNMPSTG88314', 'Antonino', 'Bellini', 'M', 'Pistoia', '1988-07-02', 'Sassari', 'Strada Sartori', '3470000078');
INSERT INTO `scommesse0226198`.`CLIENTE` (`CF`, `Nome`, `Cognome`, `Sesso`, `LuogoNascita`, `DataNascita`, `ComuneResidenza`, `IndirizzoResidenza`, `Telefono`) VALUES ('BLLRNDMLDOI51829', 'Armando', 'Bellini', 'M', 'Lodi', '1951-09-20', 'Grosseto', 'Contrada Odone', '3470000176');
INSERT INTO `scommesse0226198`.`CLIENTE` (`CF`, `Nome`, `Cognome`, `Sesso`, `LuogoNascita`, `DataNascita`, `ComuneResidenza`, `IndirizzoResidenza`, `Telefono`) VALUES ('BLLSBEMRTIB42246', 'Eusebio', 'Bellini', 'M', 'Rieti', '1942-02-14', 'Treviso', 'Contrada Damiana', '3470000344');
INSERT INTO `scommesse0226198`.`CLIENTE` (`CF`, `Nome`, `Cognome`, `Sesso`, `LuogoNascita`, `DataNascita`, `ComuneResidenza`, `IndirizzoResidenza`, `Telefono`) VALUES ('BNCBDSMSLRB65978', 'Baldassarre', 'Bianco', 'M', 'Salerno', '1965-02-18', 'Trento', 'Borgo Samira', '3470000966');
INSERT INTO `scommesse0226198`.`CLIENTE` (`CF`, `Nome`, `Cognome`, `Sesso`, `LuogoNascita`, `DataNascita`, `ComuneResidenza`, `IndirizzoResidenza`, `Telefono`) VALUES ('BNCBRSFPRTG63938', 'Boris', 'Bianco', 'F', 'Prato', '1963-07-03', 'Verona', 'Canale Parisi', '3470000806');
INSERT INTO `scommesse0226198`.`CLIENTE` (`CF`, `Nome`, `Cognome`, `Sesso`, `LuogoNascita`, `DataNascita`, `ComuneResidenza`, `IndirizzoResidenza`, `Telefono`) VALUES ('BNCBTLMLDON89180', 'Bortolo', 'Bianco', 'M', 'Lodi', '1989-12-28', 'Latina', 'Vicolo Oreste', '3470000933');
INSERT INTO `scommesse0226198`.`CLIENTE` (`CF`, `Nome`, `Cognome`, `Sesso`, `LuogoNascita`, `DataNascita`, `ComuneResidenza`, `IndirizzoResidenza`, `Telefono`) VALUES ('BNCCAIFVRNF87508', 'Caia', 'Bianchi', 'F', 'Verona', '1987-06-03', 'Ascoli Piceno', 'Viale Vinicio', '3470000813');
INSERT INTO `scommesse0226198`.`CLIENTE` (`CF`, `Nome`, `Cognome`, `Sesso`, `LuogoNascita`, `DataNascita`, `ComuneResidenza`, `IndirizzoResidenza`, `Telefono`) VALUES ('BNCDMNFMSSF56418', 'Demian', 'Bianchi', 'F', 'Massa-Carrara', '1956-06-22', 'Modena', 'Incrocio Gatti', '3470000978');
INSERT INTO `scommesse0226198`.`CLIENTE` (`CF`, `Nome`, `Cognome`, `Sesso`, `LuogoNascita`, `DataNascita`, `ComuneResidenza`, `IndirizzoResidenza`, `Telefono`) VALUES ('BNCJLNMCRTH98729', 'Jeleno', 'Bianchi', 'M', 'Crotone', '1998-08-26', 'Massa-Carrara', 'Vicolo Pacifico', '3470000058');
INSERT INTO `scommesse0226198`.`CLIENTE` (`CF`, `Nome`, `Cognome`, `Sesso`, `LuogoNascita`, `DataNascita`, `ComuneResidenza`, `IndirizzoResidenza`, `Telefono`) VALUES ('BNCKYLMPSRD60156', 'Kaylo', 'Bianco', 'M', 'Pesaro e Urbino', '1960-04-22', 'Sondrio', 'Strada Giordano', '3470000624');
INSERT INTO `scommesse0226198`.`CLIENTE` (`CF`, `Nome`, `Cognome`, `Sesso`, `LuogoNascita`, `DataNascita`, `ComuneResidenza`, `IndirizzoResidenza`, `Telefono`) VALUES ('BNCLBNFBLLH68366', 'Albina', 'Bianco', 'F', 'Biella', '1968-08-29', 'Medio Campidano', 'Vicolo Ursula', '3470000264');
INSERT INTO `scommesse0226198`.`CLIENTE` (`CF`, `Nome`, `Cognome`, `Sesso`, `LuogoNascita`, `DataNascita`, `ComuneResidenza`, `IndirizzoResidenza`, `Telefono`) VALUES ('BNCLDNMTRNL48960', 'Loredano', 'Bianco', 'M', 'Taranto', '1948-10-06', 'Venezia', 'Rotonda Parisi', '3470000795');
INSERT INTO `scommesse0226198`.`CLIENTE` (`CF`, `Nome`, `Cognome`, `Sesso`, `LuogoNascita`, `DataNascita`, `ComuneResidenza`, `IndirizzoResidenza`, `Telefono`) VALUES ('BNCLNZFVRNE85306', 'Lorenza', 'Bianchi', 'F', 'Verona', '1985-05-04', 'Bari', 'Incrocio Audenico', '3470000802');
INSERT INTO `scommesse0226198`.`CLIENTE` (`CF`, `Nome`, `Cognome`, `Sesso`, `LuogoNascita`, `DataNascita`, `ComuneResidenza`, `IndirizzoResidenza`, `Telefono`) VALUES ('BNCLSIMVCNB73912', 'Liso', 'Bianchi', 'M', 'Vicenza', '1973-02-23', 'Cremona', 'Rotonda Grassi', '3470000663');
INSERT INTO `scommesse0226198`.`CLIENTE` (`CF`, `Nome`, `Cognome`, `Sesso`, `LuogoNascita`, `DataNascita`, `ComuneResidenza`, `IndirizzoResidenza`, `Telefono`) VALUES ('BNCMRNMLVRE50131', 'Marino', 'Bianchi', 'M', 'Livorno', '1950-05-05', 'Chieti', 'Strada Damiano', '3470000617');
INSERT INTO `scommesse0226198`.`CLIENTE` (`CF`, `Nome`, `Cognome`, `Sesso`, `LuogoNascita`, `DataNascita`, `ComuneResidenza`, `IndirizzoResidenza`, `Telefono`) VALUES ('BNCMXAMVLLE89743', 'Max', 'Bianchi', 'M', 'Avellino', '1989-05-01', 'Taranto', 'Piazza Moretti', '3470000101');
INSERT INTO `scommesse0226198`.`CLIENTE` (`CF`, `Nome`, `Cognome`, `Sesso`, `LuogoNascita`, `DataNascita`, `ComuneResidenza`, `IndirizzoResidenza`, `Telefono`) VALUES ('BNCRFUFCRMM54719', 'Rufa', 'Bianchi', 'F', 'Cremona', '1954-11-24', 'L Aquila', 'Strada Gianantonio', '3470000099');
INSERT INTO `scommesse0226198`.`CLIENTE` (`CF`, `Nome`, `Cognome`, `Sesso`, `LuogoNascita`, `DataNascita`, `ComuneResidenza`, `IndirizzoResidenza`, `Telefono`) VALUES ('BNCRTRMNCNE97402', 'Arturo', 'Bianchi', 'M', 'Ancona', '1997-05-07', 'Palermo', 'Viale Galli', '3470000478');
INSERT INTO `scommesse0226198`.`CLIENTE` (`CF`, `Nome`, `Cognome`, `Sesso`, `LuogoNascita`, `DataNascita`, `ComuneResidenza`, `IndirizzoResidenza`, `Telefono`) VALUES ('BNCSDRFFRLE79527', 'Sandra', 'Bianchi', 'F', 'Forlì-Cesena', '1979-05-11', 'Gorizia', 'Piazza Bianchi', '3470000435');
INSERT INTO `scommesse0226198`.`CLIENTE` (`CF`, `Nome`, `Cognome`, `Sesso`, `LuogoNascita`, `DataNascita`, `ComuneResidenza`, `IndirizzoResidenza`, `Telefono`) VALUES ('BNCSVRMSNIG92706', 'Silverio', 'Bianchi', 'M', 'Siena', '1992-07-01', 'Benevento', 'Canale Ferraro', '3470000676');
INSERT INTO `scommesse0226198`.`CLIENTE` (`CF`, `Nome`, `Cognome`, `Sesso`, `LuogoNascita`, `DataNascita`, `ComuneResidenza`, `IndirizzoResidenza`, `Telefono`) VALUES ('BNCVDAMCMOG55753', 'Avide', 'Bianchi', 'M', 'Como', '1955-07-11', 'Treviso', 'Stretto Carbone', '3470000405');
INSERT INTO `scommesse0226198`.`CLIENTE` (`CF`, `Nome`, `Cognome`, `Sesso`, `LuogoNascita`, `DataNascita`, `ComuneResidenza`, `IndirizzoResidenza`, `Telefono`) VALUES ('BNDDMSMCMOB48529', 'Demis', 'Benedetti', 'M', 'Como', '1948-02-17', 'Barletta-Trani', 'Contrada Noel', '3470000402');
INSERT INTO `scommesse0226198`.`CLIENTE` (`CF`, `Nome`, `Cognome`, `Sesso`, `LuogoNascita`, `DataNascita`, `ComuneResidenza`, `IndirizzoResidenza`, `Telefono`) VALUES ('BNDDTLFNVRL51814', 'Donatella', 'Benedetti', 'F', 'Novara', '1951-10-18', 'Ascoli Piceno', 'Stretto Guerra', '3470000421');
INSERT INTO `scommesse0226198`.`CLIENTE` (`CF`, `Nome`, `Cognome`, `Sesso`, `LuogoNascita`, `DataNascita`, `ComuneResidenza`, `IndirizzoResidenza`, `Telefono`) VALUES ('BNDFBNFDNUG99940', 'Fabiana', 'Benedetti', 'F', 'Udine', '1999-07-08', 'Messina', 'Piazza Alighiero', '3470000832');
INSERT INTO `scommesse0226198`.`CLIENTE` (`CF`, `Nome`, `Cognome`, `Sesso`, `LuogoNascita`, `DataNascita`, `ComuneResidenza`, `IndirizzoResidenza`, `Telefono`) VALUES ('BNDGDEFNNEE92630', 'Egidia', 'Benedetti', 'F', 'Enna', '1992-05-30', 'Belluno', 'Vicolo Bortolo', '3470000480');
INSERT INTO `scommesse0226198`.`CLIENTE` (`CF`, `Nome`, `Cognome`, `Sesso`, `LuogoNascita`, `DataNascita`, `ComuneResidenza`, `IndirizzoResidenza`, `Telefono`) VALUES ('BNDGRCFMNZC52579', 'Gianriccarda', 'Benedetti', 'F', 'Monza Brianza', '1952-03-13', 'Cosenza', 'Piazza Serse', '3470000461');
INSERT INTO `scommesse0226198`.`CLIENTE` (`CF`, `Nome`, `Cognome`, `Sesso`, `LuogoNascita`, `DataNascita`, `ComuneResidenza`, `IndirizzoResidenza`, `Telefono`) VALUES ('BNDJCKFPCNM90681', 'Jack', 'Benedetti', 'F', 'Piacenza', '1990-11-24', 'Potenza', 'Viale Clodovea', '3470000380');
INSERT INTO `scommesse0226198`.`CLIENTE` (`CF`, `Nome`, `Cognome`, `Sesso`, `LuogoNascita`, `DataNascita`, `ComuneResidenza`, `IndirizzoResidenza`, `Telefono`) VALUES ('BNDLMPMCLTH97590', 'Olimpio', 'Benedetti', 'M', 'Caltanissetta', '1997-08-08', 'Reggio Calabria', 'Stretto Filomena', '3470000337');
INSERT INTO `scommesse0226198`.`CLIENTE` (`CF`, `Nome`, `Cognome`, `Sesso`, `LuogoNascita`, `DataNascita`, `ComuneResidenza`, `IndirizzoResidenza`, `Telefono`) VALUES ('BNDLMPMRVNH75276', 'Olimpio', 'Benedetti', 'M', 'Ravenna', '1975-08-03', 'Ragusa', 'Contrada Jarno', '3470000179');
INSERT INTO `scommesse0226198`.`CLIENTE` (`CF`, `Nome`, `Cognome`, `Sesso`, `LuogoNascita`, `DataNascita`, `ComuneResidenza`, `IndirizzoResidenza`, `Telefono`) VALUES ('BNDMRMFCTNF63836', 'Miriam', 'Benedetti', 'F', 'Catania', '1963-06-30', 'Como', 'Rotonda Galli', '3470000467');
INSERT INTO `scommesse0226198`.`CLIENTE` (`CF`, `Nome`, `Cognome`, `Sesso`, `LuogoNascita`, `DataNascita`, `ComuneResidenza`, `IndirizzoResidenza`, `Telefono`) VALUES ('BNDRCCFNRUM48775', 'Rocca', 'Benedetti', 'F', 'Nuoro', '1948-11-29', 'L Aquila', 'Stretto Vania', '3470000759');
INSERT INTO `scommesse0226198`.`CLIENTE` (`CF`, `Nome`, `Cognome`, `Sesso`, `LuogoNascita`, `DataNascita`, `ComuneResidenza`, `IndirizzoResidenza`, `Telefono`) VALUES ('BNDRCCMFGGE61855', 'Rebecco', 'Benedetti', 'M', 'Foggia', '1961-05-31', 'Caltanissetta', 'Incrocio Leone', '3470000875');
INSERT INTO `scommesse0226198`.`CLIENTE` (`CF`, `Nome`, `Cognome`, `Sesso`, `LuogoNascita`, `DataNascita`, `ComuneResidenza`, `IndirizzoResidenza`, `Telefono`) VALUES ('BNDRCLFGLSI71880', 'Ercole', 'Benedetti', 'F', 'Ogliastra', '1971-09-09', 'Mantova', 'Strada Ettore', '3470000157');
INSERT INTO `scommesse0226198`.`CLIENTE` (`CF`, `Nome`, `Cognome`, `Sesso`, `LuogoNascita`, `DataNascita`, `ComuneResidenza`, `IndirizzoResidenza`, `Telefono`) VALUES ('BRBGRGMCTNC99863', 'Giorgio', 'Barbieri', 'M', 'Catanzaro', '1999-03-09', 'Vibo Valentia', 'Borgo Antonio', '3470000974');
INSERT INTO `scommesse0226198`.`CLIENTE` (`CF`, `Nome`, `Cognome`, `Sesso`, `LuogoNascita`, `DataNascita`, `ComuneResidenza`, `IndirizzoResidenza`, `Telefono`) VALUES ('BRBMGRFCSRF82298', 'Maggiore', 'Barbieri', 'F', 'Caserta', '1982-06-09', 'Udine', 'Viale Emidio', '3470000937');
INSERT INTO `scommesse0226198`.`CLIENTE` (`CF`, `Nome`, `Cognome`, `Sesso`, `LuogoNascita`, `DataNascita`, `ComuneResidenza`, `IndirizzoResidenza`, `Telefono`) VALUES ('BRBMRAMVCNM62255', 'Mario', 'Barbieri', 'M', 'Vicenza', '1962-11-11', 'Perugia', 'Viale Valdo', '3470000528');
INSERT INTO `scommesse0226198`.`CLIENTE` (`CF`, `Nome`, `Cognome`, `Sesso`, `LuogoNascita`, `DataNascita`, `ComuneResidenza`, `IndirizzoResidenza`, `Telefono`) VALUES ('BRBMSAFTRSC90637', 'Amos', 'Barbieri', 'F', 'Trieste', '1990-03-28', 'Milano', 'Canale Ferrari', '3470000912');
INSERT INTO `scommesse0226198`.`CLIENTE` (`CF`, `Nome`, `Cognome`, `Sesso`, `LuogoNascita`, `DataNascita`, `ComuneResidenza`, `IndirizzoResidenza`, `Telefono`) VALUES ('BRBNCIFVCNL92635', 'Nica', 'Barbieri', 'F', 'Vicenza', '1992-10-14', 'L Aquila', 'Incrocio Cleopatra', '3470000883');
INSERT INTO `scommesse0226198`.`CLIENTE` (`CF`, `Nome`, `Cognome`, `Sesso`, `LuogoNascita`, `DataNascita`, `ComuneResidenza`, `IndirizzoResidenza`, `Telefono`) VALUES ('BRBRMSFGNVC65589', 'Radames', 'Barbieri', 'F', 'Genova', '1965-03-10', 'Pordenone', 'Piazza Germano', '3470000165');
INSERT INTO `scommesse0226198`.`CLIENTE` (`CF`, `Nome`, `Cognome`, `Sesso`, `LuogoNascita`, `DataNascita`, `ComuneResidenza`, `IndirizzoResidenza`, `Telefono`) VALUES ('BRBRSRFSVNB69728', 'Rosaria', 'Barbieri', 'F', 'Savona', '1969-02-13', 'Medio Campidano', 'Borgo Primo', '3470000024');
INSERT INTO `scommesse0226198`.`CLIENTE` (`CF`, `Nome`, `Cognome`, `Sesso`, `LuogoNascita`, `DataNascita`, `ComuneResidenza`, `IndirizzoResidenza`, `Telefono`) VALUES ('BRBTSEFMNZN93357', 'Tesea', 'Barbieri', 'F', 'Monza Brianza', '1993-12-28', 'Arezzo', 'Canale Piccarda', '3470000181');
INSERT INTO `scommesse0226198`.`CLIENTE` (`CF`, `Nome`, `Cognome`, `Sesso`, `LuogoNascita`, `DataNascita`, `ComuneResidenza`, `IndirizzoResidenza`, `Telefono`) VALUES ('VTLNRCFPDVH54553', 'Enrica', 'Vitale', 'F', 'Padova', '1954-08-01', 'Cremona', 'Piazza Adriano', '3470000902');
INSERT INTO `scommesse0226198`.`CLIENTE` (`CF`, `Nome`, `Cognome`, `Sesso`, `LuogoNascita`, `DataNascita`, `ComuneResidenza`, `IndirizzoResidenza`, `Telefono`) VALUES ('VTLPCRFBLLA95347', 'Piccarda', 'Vitale', 'F', 'Belluno', '1995-01-01', 'Ferrara', 'Piazza Sarita', '3470000554');
INSERT INTO `scommesse0226198`.`CLIENTE` (`CF`, `Nome`, `Cognome`, `Sesso`, `LuogoNascita`, `DataNascita`, `ComuneResidenza`, `IndirizzoResidenza`, `Telefono`) VALUES ('VTLRDYFTRPN40750', 'Rudy', 'Vitali', 'F', 'Trapani', '1940-12-10', 'Campobasso', 'Via Piererminio', '3470000754');
INSERT INTO `scommesse0226198`.`CLIENTE` (`CF`, `Nome`, `Cognome`, `Sesso`, `LuogoNascita`, `DataNascita`, `ComuneResidenza`, `IndirizzoResidenza`, `Telefono`) VALUES ('VTLRNDMTRNG77723', 'Armando', 'Vitali', 'M', 'Terni', '1977-07-01', 'Prato', 'Contrada Mercedes', '3470000993');
INSERT INTO `scommesse0226198`.`CLIENTE` (`CF`, `Nome`, `Cognome`, `Sesso`, `LuogoNascita`, `DataNascita`, `ComuneResidenza`, `IndirizzoResidenza`, `Telefono`) VALUES ('VTLTMSMBRGH65213', 'Tommaso', 'Vitale', 'M', 'Bergamo', '1965-08-01', 'Siracusa', 'Viale Bacchisio', '3470000563');
INSERT INTO `scommesse0226198`.`CLIENTE` (`CF`, `Nome`, `Cognome`, `Sesso`, `LuogoNascita`, `DataNascita`, `ComuneResidenza`, `IndirizzoResidenza`, `Telefono`) VALUES ('VTLVNCMPSRL88816', 'Vinicio', 'Vitale', 'M', 'Pesaro e Urbino', '1988-10-11', 'Macerata', 'Canale Ferrara', '3470000161');
INSERT INTO `scommesse0226198`.`CLIENTE` (`CF`, `Nome`, `Cognome`, `Sesso`, `LuogoNascita`, `DataNascita`, `ComuneResidenza`, `IndirizzoResidenza`, `Telefono`) VALUES ('MGGLCU96T28D810F', 'Luca', 'Maggi', 'M', 'Frosinone', '1996-12-28', 'Anagni', 'Via Mole', '3333330504');

COMMIT;


-- -----------------------------------------------------
-- Data for table `scommesse0226198`.`TURNO`
-- -----------------------------------------------------
START TRANSACTION;
USE `scommesse0226198`;
INSERT INTO `scommesse0226198`.`TURNO` (`Nome`, `DataInizio`, `DataFine`) VALUES ('Finale', '2019-10-07', '2019-10-13');
INSERT INTO `scommesse0226198`.`TURNO` (`Nome`, `DataInizio`, `DataFine`) VALUES ('Ottavi', '2019-09-16', '2019-09-22');
INSERT INTO `scommesse0226198`.`TURNO` (`Nome`, `DataInizio`, `DataFine`) VALUES ('Qualificazioni', '2019-08-02', '2019-09-15');
INSERT INTO `scommesse0226198`.`TURNO` (`Nome`, `DataInizio`, `DataFine`) VALUES ('Quarti', '2019-09-23', '2019-09-29');
INSERT INTO `scommesse0226198`.`TURNO` (`Nome`, `DataInizio`, `DataFine`) VALUES ('Semifinali', '2019-09-30', '2019-10-06');

COMMIT;


-- -----------------------------------------------------
-- Data for table `scommesse0226198`.`PARTITA`
-- -----------------------------------------------------
START TRANSACTION;
USE `scommesse0226198`;
INSERT INTO `scommesse0226198`.`PARTITA` (`Numero`, `Turno`, `Citta`, `Data`, `OraInizio`, `Squadra1`, `Squadra2`, `Arbitro`, `EsitoVincitore`) VALUES (1, 'Qualificazioni', 'Milano', '2019-09-05', '15:00:00', 'Francia', 'Croazia', 'Jason Lundberg', 'X');
INSERT INTO `scommesse0226198`.`PARTITA` (`Numero`, `Turno`, `Citta`, `Data`, `OraInizio`, `Squadra1`, `Squadra2`, `Arbitro`, `EsitoVincitore`) VALUES (2, 'Qualificazioni', 'Roma', '2019-09-05', '18:00:00', 'Germania', 'Albania', 'Costanzo Pisani', 'X');
INSERT INTO `scommesse0226198`.`PARTITA` (`Numero`, `Turno`, `Citta`, `Data`, `OraInizio`, `Squadra1`, `Squadra2`, `Arbitro`, `EsitoVincitore`) VALUES (3, 'Qualificazioni', 'Bari', '2019-09-05', '21:00:00', 'Ucraina', 'Svezia', 'Louis Lapointe', 'X');
INSERT INTO `scommesse0226198`.`PARTITA` (`Numero`, `Turno`, `Citta`, `Data`, `OraInizio`, `Squadra1`, `Squadra2`, `Arbitro`, `EsitoVincitore`) VALUES (4, 'Qualificazioni', 'Napoli', '2019-09-05', '21:00:00', 'Norvegia', 'Portogallo', 'Kian Glover', 'X');
INSERT INTO `scommesse0226198`.`PARTITA` (`Numero`, `Turno`, `Citta`, `Data`, `OraInizio`, `Squadra1`, `Squadra2`, `Arbitro`, `EsitoVincitore`) VALUES (5, 'Qualificazioni', 'Firenze', '2019-09-13', '15:00:00', 'Serbia', 'Islanda', 'Omar Fagervold', 'X');
INSERT INTO `scommesse0226198`.`PARTITA` (`Numero`, `Turno`, `Citta`, `Data`, `OraInizio`, `Squadra1`, `Squadra2`, `Arbitro`, `EsitoVincitore`) VALUES (6, 'Qualificazioni', 'Torino', '2019-09-13', '18:00:00', 'Liechtenstein', 'Paesi Bassi', 'Tomas Reichl', 'X');
INSERT INTO `scommesse0226198`.`PARTITA` (`Numero`, `Turno`, `Citta`, `Data`, `OraInizio`, `Squadra1`, `Squadra2`, `Arbitro`, `EsitoVincitore`) VALUES (7, 'Qualificazioni', 'Messina', '2019-09-13', '21:00:00', 'Irlanda del Nord', 'San Marino', 'David L. Clausen', 'X');
INSERT INTO `scommesse0226198`.`PARTITA` (`Numero`, `Turno`, `Citta`, `Data`, `OraInizio`, `Squadra1`, `Squadra2`, `Arbitro`, `EsitoVincitore`) VALUES (8, 'Qualificazioni', 'Salerno', '2019-09-13', '21:00:00', 'Macedonia del Nord', 'Kosovo', 'Togo Bolger', 'X');
INSERT INTO `scommesse0226198`.`PARTITA` (`Numero`, `Turno`, `Citta`, `Data`, `OraInizio`, `Squadra1`, `Squadra2`, `Arbitro`, `EsitoVincitore`) VALUES (9, 'Qualificazioni', 'Milano', '2019-09-14', '15:00:00', 'Irlanda', 'Montenegro', 'Klag Ilonari', 'X');
INSERT INTO `scommesse0226198`.`PARTITA` (`Numero`, `Turno`, `Citta`, `Data`, `OraInizio`, `Squadra1`, `Squadra2`, `Arbitro`, `EsitoVincitore`) VALUES (10, 'Qualificazioni', 'Roma', '2019-09-14', '18:00:00', 'Romania', 'Austria', 'Rocco Rossi', 'X');
INSERT INTO `scommesse0226198`.`PARTITA` (`Numero`, `Turno`, `Citta`, `Data`, `OraInizio`, `Squadra1`, `Squadra2`, `Arbitro`, `EsitoVincitore`) VALUES (11, 'Qualificazioni', 'Bari', '2019-09-14', '21:00:00', 'Repubblica Ceca', 'Belgio', 'Seth Martin', 'X');
INSERT INTO `scommesse0226198`.`PARTITA` (`Numero`, `Turno`, `Citta`, `Data`, `OraInizio`, `Squadra1`, `Squadra2`, `Arbitro`, `EsitoVincitore`) VALUES (12, 'Qualificazioni', 'Napoli', '2019-09-14', '21:00:00', 'Spagna', 'Scozia', 'Gabelo Mata', 'X');
INSERT INTO `scommesse0226198`.`PARTITA` (`Numero`, `Turno`, `Citta`, `Data`, `OraInizio`, `Squadra1`, `Squadra2`, `Arbitro`, `EsitoVincitore`) VALUES (13, 'Qualificazioni', 'Firenze', '2019-09-15', '15:00:00', 'Estonia', 'Finlandia', 'Piotr Sobczako', 'X');
INSERT INTO `scommesse0226198`.`PARTITA` (`Numero`, `Turno`, `Citta`, `Data`, `OraInizio`, `Squadra1`, `Squadra2`, `Arbitro`, `EsitoVincitore`) VALUES (14, 'Qualificazioni', 'Torino', '2019-09-15', '18:00:00', 'Inghilterra', 'Galles', 'Ramiro Manna', 'X');
INSERT INTO `scommesse0226198`.`PARTITA` (`Numero`, `Turno`, `Citta`, `Data`, `OraInizio`, `Squadra1`, `Squadra2`, `Arbitro`, `EsitoVincitore`) VALUES (15, 'Qualificazioni', 'Messina', '2019-09-15', '21:00:00', 'Danimarca', 'Polonia', 'Jeoffroi Morneau', 'X');
INSERT INTO `scommesse0226198`.`PARTITA` (`Numero`, `Turno`, `Citta`, `Data`, `OraInizio`, `Squadra1`, `Squadra2`, `Arbitro`, `EsitoVincitore`) VALUES (16, 'Qualificazioni', 'Salerno', '2019-09-15', '21:00:00', 'Italia', 'Grecia', 'Guilherme Barros', 'X');
INSERT INTO `scommesse0226198`.`PARTITA` (`Numero`, `Turno`, `Citta`, `Data`, `OraInizio`, `Squadra1`, `Squadra2`, `Arbitro`, `EsitoVincitore`) VALUES (1, 'Ottavi', 'Milano', '2019-09-21', '15:00:00', NULL, NULL, NULL, 'X');
INSERT INTO `scommesse0226198`.`PARTITA` (`Numero`, `Turno`, `Citta`, `Data`, `OraInizio`, `Squadra1`, `Squadra2`, `Arbitro`, `EsitoVincitore`) VALUES (2, 'Ottavi', 'Roma', '2019-09-21', '18:00:00', NULL, NULL, NULL, 'X');
INSERT INTO `scommesse0226198`.`PARTITA` (`Numero`, `Turno`, `Citta`, `Data`, `OraInizio`, `Squadra1`, `Squadra2`, `Arbitro`, `EsitoVincitore`) VALUES (3, 'Ottavi', 'Bari', '2019-09-21', '21:00:00', NULL, NULL, NULL, 'X');
INSERT INTO `scommesse0226198`.`PARTITA` (`Numero`, `Turno`, `Citta`, `Data`, `OraInizio`, `Squadra1`, `Squadra2`, `Arbitro`, `EsitoVincitore`) VALUES (4, 'Ottavi', 'Napoli', '2019-09-21', '21:00:00', NULL, NULL, NULL, 'X');
INSERT INTO `scommesse0226198`.`PARTITA` (`Numero`, `Turno`, `Citta`, `Data`, `OraInizio`, `Squadra1`, `Squadra2`, `Arbitro`, `EsitoVincitore`) VALUES (5, 'Ottavi', 'Firenze', '2019-09-22', '15:00:00', NULL, NULL, NULL, 'X');
INSERT INTO `scommesse0226198`.`PARTITA` (`Numero`, `Turno`, `Citta`, `Data`, `OraInizio`, `Squadra1`, `Squadra2`, `Arbitro`, `EsitoVincitore`) VALUES (6, 'Ottavi', 'Torino', '2019-09-22', '18:00:00', NULL, NULL, NULL, 'X');
INSERT INTO `scommesse0226198`.`PARTITA` (`Numero`, `Turno`, `Citta`, `Data`, `OraInizio`, `Squadra1`, `Squadra2`, `Arbitro`, `EsitoVincitore`) VALUES (7, 'Ottavi', 'Messina', '2019-09-22', '21:00:00', NULL, NULL, NULL, 'X');
INSERT INTO `scommesse0226198`.`PARTITA` (`Numero`, `Turno`, `Citta`, `Data`, `OraInizio`, `Squadra1`, `Squadra2`, `Arbitro`, `EsitoVincitore`) VALUES (8, 'Ottavi', 'Salerno', '2019-09-22', '21:00:00', NULL, NULL, NULL, 'X');
INSERT INTO `scommesse0226198`.`PARTITA` (`Numero`, `Turno`, `Citta`, `Data`, `OraInizio`, `Squadra1`, `Squadra2`, `Arbitro`, `EsitoVincitore`) VALUES (1, 'Quarti', 'Milano', '2019-09-28', '18:00:00', NULL, NULL, NULL, 'X');
INSERT INTO `scommesse0226198`.`PARTITA` (`Numero`, `Turno`, `Citta`, `Data`, `OraInizio`, `Squadra1`, `Squadra2`, `Arbitro`, `EsitoVincitore`) VALUES (2, 'Quarti', 'Roma', '2019-09-28', '21:00:00', NULL, NULL, NULL, 'X');
INSERT INTO `scommesse0226198`.`PARTITA` (`Numero`, `Turno`, `Citta`, `Data`, `OraInizio`, `Squadra1`, `Squadra2`, `Arbitro`, `EsitoVincitore`) VALUES (3, 'Quarti', 'Bari', '2019-09-29', '18:00:00', NULL, NULL, NULL, 'X');
INSERT INTO `scommesse0226198`.`PARTITA` (`Numero`, `Turno`, `Citta`, `Data`, `OraInizio`, `Squadra1`, `Squadra2`, `Arbitro`, `EsitoVincitore`) VALUES (4, 'Quarti', 'Napoli', '2019-09-29', '21:00:00', NULL, NULL, NULL, 'X');
INSERT INTO `scommesse0226198`.`PARTITA` (`Numero`, `Turno`, `Citta`, `Data`, `OraInizio`, `Squadra1`, `Squadra2`, `Arbitro`, `EsitoVincitore`) VALUES (1, 'Semifinali', 'Milano', '2019-10-05', '21:00:00', NULL, NULL, NULL, 'X');
INSERT INTO `scommesse0226198`.`PARTITA` (`Numero`, `Turno`, `Citta`, `Data`, `OraInizio`, `Squadra1`, `Squadra2`, `Arbitro`, `EsitoVincitore`) VALUES (2, 'Semifinali', 'Roma', '2019-10-06', '21:00:00', NULL, NULL, NULL, 'X');
INSERT INTO `scommesse0226198`.`PARTITA` (`Numero`, `Turno`, `Citta`, `Data`, `OraInizio`, `Squadra1`, `Squadra2`, `Arbitro`, `EsitoVincitore`) VALUES (1, 'Finale', 'Milano', '2019-10-13', '21:00:00', NULL, NULL, NULL, 'X');

COMMIT;


-- -----------------------------------------------------
-- Data for table `scommesse0226198`.`EVENTO`
-- -----------------------------------------------------
START TRANSACTION;
USE `scommesse0226198`;
INSERT INTO `scommesse0226198`.`EVENTO` (`Codice`, `Esito`, `Partita`, `Turno`, `Quota`) VALUES ('1', '1', '1', 'Qualificazioni', '1');
INSERT INTO `scommesse0226198`.`EVENTO` (`Codice`, `Esito`, `Partita`, `Turno`, `Quota`) VALUES ('2', 'X', '1', 'Qualificazioni', '1');
INSERT INTO `scommesse0226198`.`EVENTO` (`Codice`, `Esito`, `Partita`, `Turno`, `Quota`) VALUES ('3', '2', '1', 'Qualificazioni', '1');
INSERT INTO `scommesse0226198`.`EVENTO` (`Codice`, `Esito`, `Partita`, `Turno`, `Quota`) VALUES ('4', '1', '2', 'Qualificazioni', '1');
INSERT INTO `scommesse0226198`.`EVENTO` (`Codice`, `Esito`, `Partita`, `Turno`, `Quota`) VALUES ('5', 'X', '2', 'Qualificazioni', '1');
INSERT INTO `scommesse0226198`.`EVENTO` (`Codice`, `Esito`, `Partita`, `Turno`, `Quota`) VALUES ('6', '2', '2', 'Qualificazioni', '1');
INSERT INTO `scommesse0226198`.`EVENTO` (`Codice`, `Esito`, `Partita`, `Turno`, `Quota`) VALUES ('7', '1', '3', 'Qualificazioni', '1');
INSERT INTO `scommesse0226198`.`EVENTO` (`Codice`, `Esito`, `Partita`, `Turno`, `Quota`) VALUES ('8', 'X', '3', 'Qualificazioni', '1');
INSERT INTO `scommesse0226198`.`EVENTO` (`Codice`, `Esito`, `Partita`, `Turno`, `Quota`) VALUES ('9', '2', '3', 'Qualificazioni', '1');
INSERT INTO `scommesse0226198`.`EVENTO` (`Codice`, `Esito`, `Partita`, `Turno`, `Quota`) VALUES ('10', '1', '4', 'Qualificazioni', '1');
INSERT INTO `scommesse0226198`.`EVENTO` (`Codice`, `Esito`, `Partita`, `Turno`, `Quota`) VALUES ('11', 'X', '4', 'Qualificazioni', '1');
INSERT INTO `scommesse0226198`.`EVENTO` (`Codice`, `Esito`, `Partita`, `Turno`, `Quota`) VALUES ('12', '2', '4', 'Qualificazioni', '1');
INSERT INTO `scommesse0226198`.`EVENTO` (`Codice`, `Esito`, `Partita`, `Turno`, `Quota`) VALUES ('13', '1', '5', 'Qualificazioni', '1');
INSERT INTO `scommesse0226198`.`EVENTO` (`Codice`, `Esito`, `Partita`, `Turno`, `Quota`) VALUES ('14', 'X', '5', 'Qualificazioni', '1');
INSERT INTO `scommesse0226198`.`EVENTO` (`Codice`, `Esito`, `Partita`, `Turno`, `Quota`) VALUES ('15', '2', '5', 'Qualificazioni', '1');
INSERT INTO `scommesse0226198`.`EVENTO` (`Codice`, `Esito`, `Partita`, `Turno`, `Quota`) VALUES ('16', '1', '6', 'Qualificazioni', '1');
INSERT INTO `scommesse0226198`.`EVENTO` (`Codice`, `Esito`, `Partita`, `Turno`, `Quota`) VALUES ('17', 'X', '6', 'Qualificazioni', '1');
INSERT INTO `scommesse0226198`.`EVENTO` (`Codice`, `Esito`, `Partita`, `Turno`, `Quota`) VALUES ('18', '2', '6', 'Qualificazioni', '1');
INSERT INTO `scommesse0226198`.`EVENTO` (`Codice`, `Esito`, `Partita`, `Turno`, `Quota`) VALUES ('19', '1', '7', 'Qualificazioni', '1');
INSERT INTO `scommesse0226198`.`EVENTO` (`Codice`, `Esito`, `Partita`, `Turno`, `Quota`) VALUES ('20', 'X', '7', 'Qualificazioni', '1');
INSERT INTO `scommesse0226198`.`EVENTO` (`Codice`, `Esito`, `Partita`, `Turno`, `Quota`) VALUES ('21', '2', '7', 'Qualificazioni', '1');
INSERT INTO `scommesse0226198`.`EVENTO` (`Codice`, `Esito`, `Partita`, `Turno`, `Quota`) VALUES ('22', '1', '8', 'Qualificazioni', '1');
INSERT INTO `scommesse0226198`.`EVENTO` (`Codice`, `Esito`, `Partita`, `Turno`, `Quota`) VALUES ('23', 'X', '8', 'Qualificazioni', '1');
INSERT INTO `scommesse0226198`.`EVENTO` (`Codice`, `Esito`, `Partita`, `Turno`, `Quota`) VALUES ('24', '2', '8', 'Qualificazioni', '1');
INSERT INTO `scommesse0226198`.`EVENTO` (`Codice`, `Esito`, `Partita`, `Turno`, `Quota`) VALUES ('25', '1', '9', 'Qualificazioni', '1');
INSERT INTO `scommesse0226198`.`EVENTO` (`Codice`, `Esito`, `Partita`, `Turno`, `Quota`) VALUES ('26', 'X', '9', 'Qualificazioni', '1');
INSERT INTO `scommesse0226198`.`EVENTO` (`Codice`, `Esito`, `Partita`, `Turno`, `Quota`) VALUES ('27', '2', '9', 'Qualificazioni', '1');
INSERT INTO `scommesse0226198`.`EVENTO` (`Codice`, `Esito`, `Partita`, `Turno`, `Quota`) VALUES ('28', '1', '10', 'Qualificazioni', '1');
INSERT INTO `scommesse0226198`.`EVENTO` (`Codice`, `Esito`, `Partita`, `Turno`, `Quota`) VALUES ('29', 'X', '10', 'Qualificazioni', '1');
INSERT INTO `scommesse0226198`.`EVENTO` (`Codice`, `Esito`, `Partita`, `Turno`, `Quota`) VALUES ('30', '2', '10', 'Qualificazioni', '1');
INSERT INTO `scommesse0226198`.`EVENTO` (`Codice`, `Esito`, `Partita`, `Turno`, `Quota`) VALUES ('31', '1', '11', 'Qualificazioni', '1');
INSERT INTO `scommesse0226198`.`EVENTO` (`Codice`, `Esito`, `Partita`, `Turno`, `Quota`) VALUES ('32', 'X', '11', 'Qualificazioni', '1');
INSERT INTO `scommesse0226198`.`EVENTO` (`Codice`, `Esito`, `Partita`, `Turno`, `Quota`) VALUES ('33', '2', '11', 'Qualificazioni', '1');
INSERT INTO `scommesse0226198`.`EVENTO` (`Codice`, `Esito`, `Partita`, `Turno`, `Quota`) VALUES ('34', '1', '12', 'Qualificazioni', '1');
INSERT INTO `scommesse0226198`.`EVENTO` (`Codice`, `Esito`, `Partita`, `Turno`, `Quota`) VALUES ('35', 'X', '12', 'Qualificazioni', '1');
INSERT INTO `scommesse0226198`.`EVENTO` (`Codice`, `Esito`, `Partita`, `Turno`, `Quota`) VALUES ('36', '2', '12', 'Qualificazioni', '1');
INSERT INTO `scommesse0226198`.`EVENTO` (`Codice`, `Esito`, `Partita`, `Turno`, `Quota`) VALUES ('37', '1', '13', 'Qualificazioni', '1');
INSERT INTO `scommesse0226198`.`EVENTO` (`Codice`, `Esito`, `Partita`, `Turno`, `Quota`) VALUES ('38', 'X', '13', 'Qualificazioni', '1');
INSERT INTO `scommesse0226198`.`EVENTO` (`Codice`, `Esito`, `Partita`, `Turno`, `Quota`) VALUES ('39', '2', '13', 'Qualificazioni', '1');
INSERT INTO `scommesse0226198`.`EVENTO` (`Codice`, `Esito`, `Partita`, `Turno`, `Quota`) VALUES ('40', '1', '14', 'Qualificazioni', '1');
INSERT INTO `scommesse0226198`.`EVENTO` (`Codice`, `Esito`, `Partita`, `Turno`, `Quota`) VALUES ('41', 'X', '14', 'Qualificazioni', '1');
INSERT INTO `scommesse0226198`.`EVENTO` (`Codice`, `Esito`, `Partita`, `Turno`, `Quota`) VALUES ('42', '2', '14', 'Qualificazioni', '1');
INSERT INTO `scommesse0226198`.`EVENTO` (`Codice`, `Esito`, `Partita`, `Turno`, `Quota`) VALUES ('43', '1', '15', 'Qualificazioni', '1');
INSERT INTO `scommesse0226198`.`EVENTO` (`Codice`, `Esito`, `Partita`, `Turno`, `Quota`) VALUES ('44', 'X', '15', 'Qualificazioni', '1');
INSERT INTO `scommesse0226198`.`EVENTO` (`Codice`, `Esito`, `Partita`, `Turno`, `Quota`) VALUES ('45', '2', '15', 'Qualificazioni', '1');
INSERT INTO `scommesse0226198`.`EVENTO` (`Codice`, `Esito`, `Partita`, `Turno`, `Quota`) VALUES ('46', '1', '16', 'Qualificazioni', '1');
INSERT INTO `scommesse0226198`.`EVENTO` (`Codice`, `Esito`, `Partita`, `Turno`, `Quota`) VALUES ('47', 'X', '16', 'Qualificazioni', '1');
INSERT INTO `scommesse0226198`.`EVENTO` (`Codice`, `Esito`, `Partita`, `Turno`, `Quota`) VALUES ('48', '2', '16', 'Qualificazioni', '1');
INSERT INTO `scommesse0226198`.`EVENTO` (`Codice`, `Esito`, `Partita`, `Turno`, `Quota`) VALUES ('49', '1', '1', 'Ottavi', '1');
INSERT INTO `scommesse0226198`.`EVENTO` (`Codice`, `Esito`, `Partita`, `Turno`, `Quota`) VALUES ('50', 'X', '1', 'Ottavi', '1');
INSERT INTO `scommesse0226198`.`EVENTO` (`Codice`, `Esito`, `Partita`, `Turno`, `Quota`) VALUES ('51', '2', '1', 'Ottavi', '1');
INSERT INTO `scommesse0226198`.`EVENTO` (`Codice`, `Esito`, `Partita`, `Turno`, `Quota`) VALUES ('52', '1', '2', 'Ottavi', '1');
INSERT INTO `scommesse0226198`.`EVENTO` (`Codice`, `Esito`, `Partita`, `Turno`, `Quota`) VALUES ('53', 'X', '2', 'Ottavi', '1');
INSERT INTO `scommesse0226198`.`EVENTO` (`Codice`, `Esito`, `Partita`, `Turno`, `Quota`) VALUES ('54', '2', '2', 'Ottavi', '1');
INSERT INTO `scommesse0226198`.`EVENTO` (`Codice`, `Esito`, `Partita`, `Turno`, `Quota`) VALUES ('55', '1', '3', 'Ottavi', '1');
INSERT INTO `scommesse0226198`.`EVENTO` (`Codice`, `Esito`, `Partita`, `Turno`, `Quota`) VALUES ('56', 'X', '3', 'Ottavi', '1');
INSERT INTO `scommesse0226198`.`EVENTO` (`Codice`, `Esito`, `Partita`, `Turno`, `Quota`) VALUES ('57', '2', '3', 'Ottavi', '1');
INSERT INTO `scommesse0226198`.`EVENTO` (`Codice`, `Esito`, `Partita`, `Turno`, `Quota`) VALUES ('58', '1', '4', 'Ottavi', '1');
INSERT INTO `scommesse0226198`.`EVENTO` (`Codice`, `Esito`, `Partita`, `Turno`, `Quota`) VALUES ('59', 'X', '4', 'Ottavi', '1');
INSERT INTO `scommesse0226198`.`EVENTO` (`Codice`, `Esito`, `Partita`, `Turno`, `Quota`) VALUES ('60', '2', '4', 'Ottavi', '1');
INSERT INTO `scommesse0226198`.`EVENTO` (`Codice`, `Esito`, `Partita`, `Turno`, `Quota`) VALUES ('61', '1', '5', 'Ottavi', '1');
INSERT INTO `scommesse0226198`.`EVENTO` (`Codice`, `Esito`, `Partita`, `Turno`, `Quota`) VALUES ('62', 'X', '5', 'Ottavi', '1');
INSERT INTO `scommesse0226198`.`EVENTO` (`Codice`, `Esito`, `Partita`, `Turno`, `Quota`) VALUES ('63', '2', '5', 'Ottavi', '1');
INSERT INTO `scommesse0226198`.`EVENTO` (`Codice`, `Esito`, `Partita`, `Turno`, `Quota`) VALUES ('64', '1', '6', 'Ottavi', '1');
INSERT INTO `scommesse0226198`.`EVENTO` (`Codice`, `Esito`, `Partita`, `Turno`, `Quota`) VALUES ('65', 'X', '6', 'Ottavi', '1');
INSERT INTO `scommesse0226198`.`EVENTO` (`Codice`, `Esito`, `Partita`, `Turno`, `Quota`) VALUES ('66', '2', '6', 'Ottavi', '1');
INSERT INTO `scommesse0226198`.`EVENTO` (`Codice`, `Esito`, `Partita`, `Turno`, `Quota`) VALUES ('67', '1', '7', 'Ottavi', '1');
INSERT INTO `scommesse0226198`.`EVENTO` (`Codice`, `Esito`, `Partita`, `Turno`, `Quota`) VALUES ('68', 'X', '7', 'Ottavi', '1');
INSERT INTO `scommesse0226198`.`EVENTO` (`Codice`, `Esito`, `Partita`, `Turno`, `Quota`) VALUES ('69', '2', '7', 'Ottavi', '1');
INSERT INTO `scommesse0226198`.`EVENTO` (`Codice`, `Esito`, `Partita`, `Turno`, `Quota`) VALUES ('70', '1', '8', 'Ottavi', '1');
INSERT INTO `scommesse0226198`.`EVENTO` (`Codice`, `Esito`, `Partita`, `Turno`, `Quota`) VALUES ('71', 'X', '8', 'Ottavi', '1');
INSERT INTO `scommesse0226198`.`EVENTO` (`Codice`, `Esito`, `Partita`, `Turno`, `Quota`) VALUES ('72', '2', '8', 'Ottavi', '1');
INSERT INTO `scommesse0226198`.`EVENTO` (`Codice`, `Esito`, `Partita`, `Turno`, `Quota`) VALUES ('73', '1', '1', 'Quarti', '1');
INSERT INTO `scommesse0226198`.`EVENTO` (`Codice`, `Esito`, `Partita`, `Turno`, `Quota`) VALUES ('74', 'X', '1', 'Quarti', '1');
INSERT INTO `scommesse0226198`.`EVENTO` (`Codice`, `Esito`, `Partita`, `Turno`, `Quota`) VALUES ('75', '2', '1', 'Quarti', '1');
INSERT INTO `scommesse0226198`.`EVENTO` (`Codice`, `Esito`, `Partita`, `Turno`, `Quota`) VALUES ('76', '1', '2', 'Quarti', '1');
INSERT INTO `scommesse0226198`.`EVENTO` (`Codice`, `Esito`, `Partita`, `Turno`, `Quota`) VALUES ('77', 'X', '2', 'Quarti', '1');
INSERT INTO `scommesse0226198`.`EVENTO` (`Codice`, `Esito`, `Partita`, `Turno`, `Quota`) VALUES ('78', '2', '2', 'Quarti', '1');
INSERT INTO `scommesse0226198`.`EVENTO` (`Codice`, `Esito`, `Partita`, `Turno`, `Quota`) VALUES ('79', '1', '3', 'Quarti', '1');
INSERT INTO `scommesse0226198`.`EVENTO` (`Codice`, `Esito`, `Partita`, `Turno`, `Quota`) VALUES ('80', 'X', '3', 'Quarti', '1');
INSERT INTO `scommesse0226198`.`EVENTO` (`Codice`, `Esito`, `Partita`, `Turno`, `Quota`) VALUES ('81', '2', '3', 'Quarti', '1');
INSERT INTO `scommesse0226198`.`EVENTO` (`Codice`, `Esito`, `Partita`, `Turno`, `Quota`) VALUES ('82', '1', '4', 'Quarti', '1');
INSERT INTO `scommesse0226198`.`EVENTO` (`Codice`, `Esito`, `Partita`, `Turno`, `Quota`) VALUES ('83', 'X', '4', 'Quarti', '1');
INSERT INTO `scommesse0226198`.`EVENTO` (`Codice`, `Esito`, `Partita`, `Turno`, `Quota`) VALUES ('84', '2', '4', 'Quarti', '1');
INSERT INTO `scommesse0226198`.`EVENTO` (`Codice`, `Esito`, `Partita`, `Turno`, `Quota`) VALUES ('85', '1', '1', 'Semifinali', '1');
INSERT INTO `scommesse0226198`.`EVENTO` (`Codice`, `Esito`, `Partita`, `Turno`, `Quota`) VALUES ('86', 'X', '1', 'Semifinali', '1');
INSERT INTO `scommesse0226198`.`EVENTO` (`Codice`, `Esito`, `Partita`, `Turno`, `Quota`) VALUES ('87', '2', '1', 'Semifinali', '1');
INSERT INTO `scommesse0226198`.`EVENTO` (`Codice`, `Esito`, `Partita`, `Turno`, `Quota`) VALUES ('88', '1', '2', 'Semifinali', '1');
INSERT INTO `scommesse0226198`.`EVENTO` (`Codice`, `Esito`, `Partita`, `Turno`, `Quota`) VALUES ('89', 'X', '2', 'Semifinali', '1');
INSERT INTO `scommesse0226198`.`EVENTO` (`Codice`, `Esito`, `Partita`, `Turno`, `Quota`) VALUES ('90', '2', '2', 'Semifinali', '1');
INSERT INTO `scommesse0226198`.`EVENTO` (`Codice`, `Esito`, `Partita`, `Turno`, `Quota`) VALUES ('91', '1', '1', 'Finale', '1');
INSERT INTO `scommesse0226198`.`EVENTO` (`Codice`, `Esito`, `Partita`, `Turno`, `Quota`) VALUES ('92', 'X', '1', 'Finale', '1');
INSERT INTO `scommesse0226198`.`EVENTO` (`Codice`, `Esito`, `Partita`, `Turno`, `Quota`) VALUES ('93', '2', '1', 'Finale', '1');

COMMIT;


-- -----------------------------------------------------
-- Data for table `scommesse0226198`.`SCOMMESSA`
-- -----------------------------------------------------
START TRANSACTION;
USE `scommesse0226198`;
INSERT INTO `scommesse0226198`.`SCOMMESSA` (`Evento`, `Importo`, `Autore`, `Elaborata`) VALUES ('1', '4', 'MGGLCU96T28D810F', '0');
INSERT INTO `scommesse0226198`.`SCOMMESSA` (`Evento`, `Importo`, `Autore`, `Elaborata`) VALUES ('6', '3', 'MGGLCU96T28D810F', '0');
INSERT INTO `scommesse0226198`.`SCOMMESSA` (`Evento`, `Importo`, `Autore`, `Elaborata`) VALUES ('1', '3', 'MGGLCU96T28D810F', '0');
UPDATE `scommesse0226198`.`PARTITA` SET `Data`='2019-08-05' WHERE `Turno`='Qualificazioni' and`Numero`='1';
UPDATE `scommesse0226198`.`PARTITA` SET `Data`='2019-08-05' WHERE `Turno`='Qualificazioni' and`Numero`='2';
UPDATE `scommesse0226198`.`PARTITA` SET `Data`='2019-08-05' WHERE `Turno`='Qualificazioni' and`Numero`='3';
UPDATE `scommesse0226198`.`PARTITA` SET `Data`='2019-08-05' WHERE `Turno`='Qualificazioni' and`Numero`='4';

COMMIT;


-- -----------------------------------------------------
-- Data for table `scommesse0226198`.`GOAL`
-- -----------------------------------------------------
START TRANSACTION;
USE `scommesse0226198`;
INSERT INTO `scommesse0226198`.`GOAL` (`Minuto`, `Partita`, `Turno`, `Rigore`, `Calciatore`) VALUES ('13', 1, 'Qualificazioni', 0, 'Paul Pogba');
INSERT INTO `scommesse0226198`.`GOAL` (`Minuto`, `Partita`, `Turno`, `Rigore`, `Calciatore`) VALUES ('34', 1, 'Qualificazioni', 0, 'Luka Modric');
INSERT INTO `scommesse0226198`.`GOAL` (`Minuto`, `Partita`, `Turno`, `Rigore`, `Calciatore`) VALUES ('67', 1, 'Qualificazioni', 0, 'Paul Pogba');
INSERT INTO `scommesse0226198`.`GOAL` (`Minuto`, `Partita`, `Turno`, `Rigore`, `Calciatore`) VALUES ('113', 2, 'Qualificazioni', 0, 'Thomas Muller');
INSERT INTO `scommesse0226198`.`GOAL` (`Minuto`, `Partita`, `Turno`, `Rigore`, `Calciatore`) VALUES ('32', 3, 'Qualificazioni', 0, 'Gustav Svensson');
INSERT INTO `scommesse0226198`.`GOAL` (`Minuto`, `Partita`, `Turno`, `Rigore`, `Calciatore`) VALUES ('65', 3, 'Qualificazioni', 0, 'Gustav Svensson');
INSERT INTO `scommesse0226198`.`GOAL` (`Minuto`, `Partita`, `Turno`, `Rigore`, `Calciatore`) VALUES ('89', 3, 'Qualificazioni', 0, 'Vitalij Mykolenko');
INSERT INTO `scommesse0226198`.`GOAL` (`Minuto`, `Partita`, `Turno`, `Rigore`, `Calciatore`) VALUES ('8', 4, 'Qualificazioni', 0, 'Cristiano Ronaldo');

COMMIT;


-- -----------------------------------------------------
-- Data for table `scommesse0226198`.`EVENTO`
-- -----------------------------------------------------
START TRANSACTION;
USE `scommesse0226198`;
UPDATE `scommesse0226198`.`EVENTO` SET `Quota` = '1.32' WHERE `Codice` = '1';
UPDATE `scommesse0226198`.`EVENTO` SET `Quota` = '2.4' WHERE `Codice` = '2';
UPDATE `scommesse0226198`.`EVENTO` SET `Quota` = '3.12' WHERE `Codice` = '3';
UPDATE `scommesse0226198`.`EVENTO` SET `Quota` = '1.45' WHERE `Codice` = '4';
UPDATE `scommesse0226198`.`EVENTO` SET `Quota` = '2.61' WHERE `Codice` = '5';
UPDATE `scommesse0226198`.`EVENTO` SET `Quota` = '3.07' WHERE `Codice` = '6';
UPDATE `scommesse0226198`.`EVENTO` SET `Quota` = '1.74' WHERE `Codice` = '7';
UPDATE `scommesse0226198`.`EVENTO` SET `Quota` = '2.80' WHERE `Codice` = '8';
UPDATE `scommesse0226198`.`EVENTO` SET `Quota` = '2.00' WHERE `Codice` = '9';
UPDATE `scommesse0226198`.`EVENTO` SET `Quota` = '2.57' WHERE `Codice` = '10';
UPDATE `scommesse0226198`.`EVENTO` SET `Quota` = '2.78' WHERE `Codice` = '11';
UPDATE `scommesse0226198`.`EVENTO` SET `Quota` = '1.37' WHERE `Codice` = '12';

COMMIT;


-- -----------------------------------------------------
-- Data for table `scommesse0226198`.`UTENTE`
-- -----------------------------------------------------
START TRANSACTION;
USE `scommesse0226198`;
INSERT INTO `scommesse0226198`.`UTENTE` (`Matricola`, `Password`, `Tipo`, `CF`) VALUES ('a1', 'a', 'a', 'MRCVLR96P11A269P');
INSERT INTO `scommesse0226198`.`UTENTE` (`Matricola`, `Password`, `Tipo`, `CF`) VALUES ('g1', 'a', 'g', 'VGLFBN96L01A123A');
INSERT INTO `scommesse0226198`.`UTENTE` (`Matricola`, `Password`, `Tipo`, `CF`) VALUES ('g2', 'a', 'g', 'MGGLCU96T28D810F');

COMMIT;


START TRANSACTION;
delimiter $
set global event_scheduler = on$

create event if not exists `fine_qualificazioni`
    on schedule every 1 day
    do
      begin
	if curdate() >= (select `Datafine` from `TURNO` where `Nome` = "Qualificazioni")
	then
	call Passa_Turno("Qualificazioni", 1);
	call Passa_Turno("Qualificazioni", 2);
	call Passa_Turno("Qualificazioni", 3);
	call Passa_Turno("Qualificazioni", 4);
	call Passa_Turno("Qualificazioni", 5);
	call Passa_Turno("Qualificazioni", 6);
	call Passa_Turno("Qualificazioni", 7);
	call Passa_Turno("Qualificazioni", 8);
	call Passa_Turno("Qualificazioni", 9);
	call Passa_Turno("Qualificazioni", 10);
	call Passa_Turno("Qualificazioni", 11);
	call Passa_Turno("Qualificazioni", 12);
	call Passa_Turno("Qualificazioni", 13);
	call Passa_Turno("Qualificazioni", 14);
	call Passa_Turno("Qualificazioni", 15);
	call Passa_Turno("Qualificazioni", 16);	
	end if;		
      end $
delimiter ; 
COMMIT;


START TRANSACTION;
delimiter $
set global event_scheduler = on$

create event if not exists `fine_ottavi`
    on schedule every 1 day
    do
      begin
	if curdate() >= (select `Datafine` from `TURNO` where `Nome` = "Ottavi")
	then
	call Passa_Turno("Ottavi", 1);
	call Passa_Turno("Ottavi", 2);
	call Passa_Turno("Ottavi", 3);
	call Passa_Turno("Ottavi", 4);
	call Passa_Turno("Ottavi", 5);
	call Passa_Turno("Ottavi", 6);
	call Passa_Turno("Ottavi", 7);
	call Passa_Turno("Ottavi", 8);	
	end if;
      end $
delimiter ;
COMMIT;


START TRANSACTION;
delimiter $
set global event_scheduler = on$

create event if not exists `fine_quarti`
    on schedule every 1 day
    do
      begin
	if curdate() >= (select `Datafine` from `TURNO` where `Nome` = "Quarti")
	then
	call Passa_Turno("Quarti", 1);
	call Passa_Turno("Quarti", 2);
	call Passa_Turno("Quarti", 3);
	call Passa_Turno("Quarti", 4);
	end if;		
      end $
delimiter ;
COMMIT;


START TRANSACTION;
delimiter $
set global event_scheduler = on$

create event if not exists `fine_semifinali`
    on schedule every 1 day
    do
      begin
	if curdate() >= (select `Datafine` from `TURNO` where `Nome` = "Semifinali")
	then
	call Passa_Turno("Semifinali", 1);
	call Passa_Turno("Semifinali", 2);
	end if;		
      end $
delimiter ;
COMMIT;


START TRANSACTION;
delimiter $
create event if not exists `fine_finale`
    on schedule every 1 day
    do
      begin
	if curdate() >= (select `Datafine` from `TURNO` where `Nome` = "Finale")
	then
	call Passa_Turno("Finale", 1);
	end if;		
      end $
delimiter ;
COMMIT;
