INSERT INTO `images` (`imageid`,`imagetype`,`name`,`image`) VALUES (177,1,'Workstation_(128)',0x[encoded data, 40350 characters]);
INSERT INTO `images` (`imageid`,`imagetype`,`name`,`image`) VALUES (178,1,'Workstation_(24)',0x89504E470D0A1A0A0000000D4948445200000018000000160806000000DA7D5C880000000473424954080808087C086488000000097048597300000298000002980136D347DF0000001974455874536F667477617265007777772E696E6B73636170652E6F72679BEE3C1A000005914944415448899D955F885D571587BFBDCF3E7FEEBDE7DE999B493293C94453356DD3404025487CB0FA20A58D15B1A022227D28A650F0B58F99E093827DB1088A250882494054548AB6129A46FC17D2D6503B6D9A84269D4C66E6CEFD7BCEB9E7EC7DF6DE3E240D24D8075DB01EF6CBF7B159EBC712DE7BFED73A7EFCB83C74E8F02127C411048F9DFFC7F9EE85D72ECC792FFEA56B7BF2C0FD074F3EF7DCB13E8078E2EBDFEAC78D66546459565555569B7A2C941C084F4FE0D72D7ED594FAFD5845EB8F3CF6C89EC5A5DD9F0F55F868A8D40E216E094F9F3C5D5BEFD46492B1B1B9C9E6FA1A5FF9C6934FFFF07BCFFE44A5B37333371EFCB2DCDE8E5A0B899C6F25925628698660AA8A6A5A501625653965252F78E38D2BD869869F16CCB7245F78F8611CCEB73A6DCA5233B76327C3D188CBFFBE780040D55ABBD23A79B3124CA3986DAA816C3768751A2C7612CAD2904D0D9BA329936141362928F292229BA286E7D1A6465786A58F6EA79976B876FD1A8D344546510DA0F2C9D0CA5AABD2C404DA116A87AA2C616551A5A595C498DAA31A1133D611494F124012405034A82ACD466FC8C6D6DF198D8614E5145B5BBC170E406559513B6BE2D23A64ED092A878A1DAA721859D31101ADB4412025B114C492DB2D88C64DCACA609DA19976489D679215E4938C20101E4019AD8D7735DA81B48EC03AC6DAA20B431389558A380EE9A4094900B1F47724BEDFA2AC347118D87AB2116E647DF2F104AD35424A0BA084949577961A81760265C169CF18CB36E5898CA3A92DED34A49D2624777E00D3B445A533BEF4F8E3BD332FBFB4B41836084D8FB9ED3B39FCB92FAE002819C84A780B41402DA07430AA2C4DA9088D23D18E5CD7E43A60B11DE12444E296C0369B14A34D3EF3E98345B73BC73B97DE25CB0BA246FB4E66A44054DE59BC94200346C6A39DA0F282BCF654C6516A47616A7263E9A409B3ED84562B2149538AA2C0BB5B617D6FF526DDEEB6BB42298594A570355E4A6A044648B4906804B587D27ACADA31358E425BA6C6D14E1B24CD98A899321A0CEFC01EF8F87DACAEAEDE255052CA0267F022A0F4121148A40CA89134D174F49438F3080D3A138C42CF1487AE2A8657DF66381C82871B6B37595DBBC1649CD1DB1AB36BCF5E6E0F5914FEF205167AD7B1658ED005141926EBF3FEF5F7B83818A29462F7D21E762F7D84F985055A694A77761BDA18840CA89D0BDEB97C85B495220245AC04CE3901A00219BCB5B572F1B3E07D12C73E4E621747B16FB752963E75484551ECD3B4550E06BDF1683469BF7BE9723B69B6C2388A886E77968D67948A701E1AAD066BEBEBF47B1B33428840FDE137A79E019E011042C8EEE2DEAF85323ABE6BF7D2AE6F3FF95472F6EC5F7860EF2792B3AFBCD232D666F30B3B4FECEACCEEBB6FDFBE87367B83F6D6C6A069EB3A3CB0FF7E36D73746D7AF5CBA122AF5D757FFFCC757BDF75678EF3977EE5C97B0F9B1F178F8C97F9E7FEDFBB3DD4E37EDA46266A6432003C230240A155204044220A5405B8B9482ADE1D0BCFCE24B7FFBFDAF7FF5E2DADAEA19E04D2007BCF7DE0B40FCE8859FFDEEE0FE03470229098200630CE0F180313541A09052A08200632DFED67620A4C47B0F1EB646C31B2B2B570F3FFBDDEF5CBB6B4DBDF7FEAD95B79FDA1A0C5D148588DBE8244E48E284384E0854401445002449C24C3B65FBDC1C42084C5D33984CC8A7E57CD20E4FDE7B9C84F71E21843871FAF42F16B6CD7D73716181462321CF0B2A63305AD39D9D659217CCEF98637DB3C7D670C8603CAE2759767D5A167F2AF3E2A766347A7D7979D9FB7B4EA4F8E07DF4E8D1F0D1AF3E512CEDDCA9B4D63CB4FF415EBFF826B5B39465495695659EE75726E3E16FB352BF60FBFDABCBC78E7984E05EE87F150821C4895F9EFA719A369F0E0285753E9B14E395417F78AAA7F5CFE37E7F6B7979D9737B7A1F06FC50C107921F3CFFFC11319D9EC9F37CFAFF00EFADFF000F1AFE7A87EDDB0D0000000049454E44AE426082);
INSERT INTO `images` (`imageid`,`imagetype`,`name`,`image`) VALUES (179,1,'Workstation_(48)',0x[encoded data, 9144 characters]);
INSERT INTO `images` (`imageid`,`imagetype`,`name`,`image`) VALUES (180,1,'Workstation_(64)',0x[encoded data, 14274 characters]);
INSERT INTO `images` (`imageid`,`imagetype`,`name`,`image`) VALUES (181,1,'Workstation_(96)',0x[encoded data, 26582 characters]);
INSERT INTO `images` (`imageid`,`imagetype`,`name`,`image`) VALUES (182,1,'Zabbix_server_2D_(128)',0x[encoded data, 5922 characters]);
INSERT INTO `images` (`imageid`,`imagetype`,`name`,`image`) VALUES (183,1,'Zabbix_server_2D_(64)',0x89504E470D0A1A0A0000000D4948445200000040000000090806000000823E2A7A0000000473424954080808087C0864880000000970485973000006EC000006EC011E7538350000001974455874536F667477617265007777772E696E6B73636170652E6F72679BEE3C1A000004714944415448C7A5564B6F1B5514FE663CF1D84EE247C68FD8CE3BCEAB20FE410A124282055291C20A894DC5AEEAAE2B965D7449575D54A4ADCA6351D125484845025510014D1044564A42541287384E1CC7EFF17B38E78EC70F5A36E971AE73E7CCBDE79EF39DEF9C6B09C07B345E77B95CEE37E617573EA8E8F83F492C2D299B6EEF40AF4E923BB3EEB724F5EDB31E9B8D2660883F538C56DF3AC37AD3B7C69C05029A512C940FF192F2E497356D6B6BEBB1C7E3A90E0D0D7DC7AEEDC562B18952A98493E363DC256FDFBE7103D240374ED9E1406D6F0F77BEFE063F8E8FC166B35150DD20555545B55A255F0D31F8BDA22862DE6AB5C4FB114D433C1E87CFEBED736880CEE175CD66B30D9684C1C141618FE76C27180CE2D95E82C621012E9D3BF8622E8BBFB6E3989E9EC6C4C40432994C42611F161616B0B9B90987D38933723875ED5A377B144CF8F66D64EFDD833D348A542A8599991930609644A3511C1C1C748270921D62140861A4D3698C8D8D091DEF8D4622C8E5729DBD6EB71BB55A0DBAAE7700989F9F17F62A950A666767855DC63B3C1EC5883F20D6584C93DAC34E408E8E8650AFD7707C9CEEBCB3C9325E7B7509D95C019FDF596D93CA10A0921F4D06E02165E90A1DA86B9AE66CD0A1BD12BC7E1D67B76EA1914CC21E8EE2F4F41473737322CB9670B6386B16288D464304CC6B39B83D620F239ECFE745F09C756686B596C12A97CB1D7BACE3E039F0DDDD5D905F6851B984463404FD3EB3D0A43600FCA1B942FEB814190D898018F1B4EBCE7C572D1561D4ABE4B3C91E4AC41981E323FF1E32004F68B448F10F391D6BB4B3C8E2BB7C19FAC606F4F575F1AC90B560388283E451A7B0F93B5B283E47B77436DB65117D8E4F331827100A65CAB4D4ED33D96211FF25F5AF7466EFDED4491A5E2A9D677F1F8A715ED1F59A59D2B29CA77F5E2AAFA74A9B1232D5698CB3D6AA998B5C172FC21608E06C75B5CF88D3A142F3F9886AF58E8E1A8AC8A0A56376844221A1B37A003FFFB4B6865030D0A13BCBF0F0B06050AD7D2ED336426552246098AA76BB1DE17018F1A77F221AF25249CC8875C9A323BC72E1021E3CF84AB0E545222B764C8E87F1F11FDFE2FD8F3E85FEE527424F36270904B357D1F35BAC640A0B00C8393B3509CFCA0A9257AF3E673443B40E53300E6A8CBD41B0A3BD8E70FDF333D39E7B06CF935446DC03787DEFDEDEF2B1002D140A62CFD4D49428096689934A85078BC3E1824AC98851397ABC1E51026962D9E4C438BEFFE131016FA04EB7CE00F9F528320DF7D1235474B3F7706365A0E9EC7718802156705D0B3610F2EE4B9704C5476FDEEC8FFEB32F84335C9B9C5DA37D4559DD9A9DB684B3C8996660B6B7B7E1F7FB45A6AD7D560FE03983D9BB97ED339BD8EECECE0E5D8101A1CFE70BD4B9B3D40F0C5A5FC429CD25C94667A890E93E661F540725914C73F0B26CA39E43E7693264E7EFA437415E5C5C34D7AA6A83817D777979F93E39270DAAEAD09B25BD1C6CB61A2FA2D4C9C29CFA9B24A9E4FCB9EEA2268167539473D56FC0EF6F55F47AE2657E03A45247EAC6FACF7E02344137536B7F7FFFC37F01620C060E2E1A38D80000000049454E44AE426082);
INSERT INTO `images` (`imageid`,`imagetype`,`name`,`image`) VALUES (184,1,'Zabbix_server_2D_(96)',0x89504E470D0A1A0A0000000D49484452000000600000000D080600000056F26BBC0000000473424954080808087C086488000000097048597300000A6100000A6101FCCC4A250000001974455874536F667477617265007777772E696E6B73636170652E6F72679BEE3C1A0000076D4944415458C3D558594C5C5518FEEE3030C02C6C1D9642A12DD0AA5DA818DA9AB656EAD2D43ED9C468627C3146637CB0F5C1178D894B7CF2C987AAF1C5E88389515FAA36EE0BB515DB22A552EAD0420728200303CC0CCCC2CC5CFFEF30779CE56231B10F9E7098CB9DB3FCE7FBBE7F3968003648BF47BA261DFBF6DD75B4C566ABBFC362D1B1CAE66FDBEE08689A86FF592B2828D092BA1E8A86A38B37739F6432815FBBBB9D7EFFCCF4D0D0D057A5A5A590AE0B6427085AB7F49D56AB9506211A8DA2489EDFD375DCEE70C05251F18F8B276666F0EE3DF7A127300F5B51D10D4CD1337EAFAEF9FE9C82BBA626FDB796F7B072BBD190A5441275B50D181D9BBCA9444F5CF762F08FDFD5F3DAB56B61B3D9505C5C0C5DD7FBADF2AE915F1C39720457AE5C414F4F0FAC02A42799C4BE830751FEF8E3A68B1636354193858677ED4242C60666FD58B3660D9C4E2782C160DEF8FAFA7A8C8F8F73D3ACF70E21B9ACAC0C939393282F2FC7E2E2222806BE6B6868C089CF3E43A9AD087373736A6D0A24CB8EC242548848A6A6A6F2F62C93F578D8191149494909E8A449B1B5AEAE0ED5D5D5F8F9975F3036368A29DFF4BF43344305DA8D9897E38642812C1CB66FDF8EEE6EEA1E2E1210E641979696D2838A8480683C8EF98F3E523DB75985C5A69327312AA4C57D3E148AE74C4F4FAB835555552910CD08201099FBB01198F5EBD72BF2B76EDD8ADEDE5EECDDBB5791B84C9606AFD7AB94E372B9E0F7FB73C3889ACFB5731B092591B48D6E4F623996642E83A3C362B160EBED7728D0146E9A01AA86E5A09AFDD92076582C9A5A6B52BC33228230A2AFF179CBA61654C8BE14C7773FFE84EF4E7E9EB689FB85422165979C314C02BCD29B4419168FC7A30E44D5C475F3406111C5367EFA29268F1E457460605985620CBD6061614181C4C3E6362AB7B2B2D2D43BD2E12C91509F048C20353636CA410B303931A58825A09148245F7072701E28975CAA3D776D7A0A01E05ABA80EA7094A2BD6D5B168066C01B9FF5223212A00990B5D56EC464CFF4BC148B76397F6D4DB53AEBAD9B5AF1ED177FDB41A16DDCB811F1783C1C08047EB38ACA3A455D2101BE540CF3882237D30396C403F20E2AE4347CF821FCC78F63E1FBEFFF0E030292DD6E17771EC3EEDDBB9507E5457F2194C4E6861012CE46EF191919C90A27B3B3B32AAF10581E86EBFED3DAB97500FFA65219E6B86F41CA53D9E6E7E7557CB0CABBFE0BBD39F3CC72C832B87D596FB4FCC893FAE574395524084BD733842018F78A1D6DB1586C617878F811ABA10EBA060522075104C473D4C456FBE69B889C3F8FB9F7DFCF0E4916F19A52BB5AE3E4D7DF64A5592DE5D2970707536FB5B4FB1BADAFFF529602D3EDEA1022E145D44A888C49C2FCA1EB543E4A5C5B549593E76F18973DB2B6B3CC851ABBEBA627E1CC6022181513273D950C1501E20EAA2493BECF5059228780AAE79E834592E0C433CF986EE254B1BC09E170D8207375F96C85EA95E18A5ED575EA14DA2469F924D750CDFFA6DA351B4BDB988F9689EFC7C4F81896228B2A6CF8C43BDC6EB70A511C5722958A6F6675093A290271555463DD5A375CC1591C1CEEC5CB079EC64C5D3312177E4DDB2367BA85E730C2A3E1013A37A41B1B3D9300D7830FC279F830BC870EAD68C0D0F09084915A75808B172FE67DBF73E74E480D9C0E0169E284D43D7BF6E0F4E9D3E8E8E8C0B973E7D0DADAAAF2890A57229401C9352484A1C86CFE8E1D3BD0D5D595B7E7B66DDB5448BB74E992AAD08C904732B9079F23E1281E7EF8211CE8BC1BC7DF7A074F3DF984AC754A12A815EDEDED78E5D5D7D5F8EC68A3E53DC562513135898AF232D86341DC191C47D45D0F7F4B1B6CA9FC438C8D729F4D7265A35558794B1EECFC82C0A73D20156B4B0438F78B2FE2DABDF7428FC55624807318F35851B1D23053DEBA75EB543C365329E7B26A20F0048B80D39BB82E730193EC860D1B4CE7D353CCF6E45C2A8D1ECECE33D206A3106010E0FCC1C12B424418DE91517CF9D5D7181D1D93B185B2EF9C901EC7E1070E614C4A68AE5729849E3FFF1B76EDEAC0B56B5E0C5CF6A868A85912E99C302FE3DE68EE4085E773144F7C83E194DA8901C1679762C5DDD2D2F20A3D202E1EA0D138AA975F2AC3494673331A4F9C802E4A5C9F917433DBECDB6F03C10521AF187D7D7D4A5966958A51DF9B7D4765B32E672949E0AF5FBFAEC6116CDAC2E4CECA8AD5C34AF309742C472024936BD04B8C3C472F64F8E545482503F961854502073C834A40D1680C0532B649EE3A956B06D0DCD2ACAA1E566424D0EB1DC126A96E486AFFC01F6A0D15528409DFB41FB76112F7D78FE0DBF605F8368790FC60D903787EAEC94FDA223D44CA5E10D05F3B76EC185886B212A1411B03013C7BF6ECAAE2DF278F3E868FFB2FAA1BB41143732F5C3C303735BB2350DD042B9E5379D1D05929470B340B1C5255104C8E33ABF7A96AA3D4CCF400DE33962B9EEC46AF09C89CDA1ADE84C7FF93646B2B2E35CD3B3D67BB100A065489BE7FFF7E6CD9B20567CE9CE1C5F4258E6E95FE6E6767E716B98D2E8AD2AACA1D0E5B8BCD16692EB14756B3F1C2E6D6F26022F9BFFB5F1009D6F9BFA048347433F7E9EBBB60BF7AF56A89DC1FE6C55B7F174F7609D697E5AEF3FC5FD16E43B3BBFA54DB0000000049454E44AE426082);
INSERT INTO `images` (`imageid`,`imagetype`,`name`,`image`) VALUES (185,1,'Zabbix_server_3D_(128)',0x[encoded data, 6646 characters]);
INSERT INTO `images` (`imageid`,`imagetype`,`name`,`image`) VALUES (186,1,'Zabbix_server_3D_(64)',0x89504E470D0A1A0A0000000D49484452000000400000000D080600000019AF686C0000000473424954080808087C0864880000000970485973000006EC000006EC011E7538350000001974455874536F667477617265007777772E696E6B73636170652E6F72679BEE3C1A000005034944415448C7BD564B6F135714FEE6618F1D13BF13A7499C383606F1508822405D145880845A8490BA824D77DDB22842EAA61BC40F615BB56CCAA2295D54828656904A84145854A8A94AEC90A71DC793C48F997EE7C6766340D024851B1DCDCCF5BDE79EF39DEF3B379AEBBAD8E9D0346D848F4F68E7681FD274BC9F91A7FD401BA3FDC81C96769CC37600E8E9E909D46AB533DC738EC94BE27DDB396C3760BFC19743BBCFEF31C330C61617171FF0DDF9DF00D8CB619AE639499A9F2769D62E827DA7A371CE128B73DB719C31AFD77BFBC99327F96D0170F8F0616F6767E7493A5155E6EFFBDE61B0EFC3D7A4B043D7F5B16AB53A3E3131516D038016A20DA6D3E9EE8F8E1DBF11D4F46EBAF4B49C6F59ACEFD903B7C3BFCB6077A855FE954AA5ED9CF41A1FA82E2D1716EF8DDFFDC2B6ED6228147A2C008CF9FDFEB3A4398C4A15DF562BD87BFA3460186D9B1DDBC6CD62093F25FBB1B1B1211DF0ED87371E96CF82C7E345B15884691AADD0B4B7242CC3C3B87C7EBF9A995F2CED0AFCF2EA2A7E9FBC8F60B013B1580C64C52FD2B5474F9C3881783C8E759EF9D4B2E03041777DBD65A18B17618442CAC96C6E06B148183E8FD9B203FBB2E8B0BCADEFAE681499540A07F6EFC307896E0CF6F763F8D0412CCDCF211E89C02749D12C5AB2B757CD598DEF0E9E7F6C741489AE38BA6251A48752C866D270DC3A4AE515549D1AAA7CAFA28E1AADAE39A8EB2E5C5343381E41281A56EF62307518968943C307914A0FA2509847A5B28128E31B1E1E8665592993394DD03ECEE7F3E8E8E840B552817DE74E0BB5CEF3E7618F8FA374EB167CA34761DBAB10B6ECA11CB66A509CAE132C19F23BFB8720ACAC394AAC80B0873DA6A55B59170C06DB74CC0646021A6D6B88004E9D3A89E4C0C0E677635E19FF8459D16804F57A9D891637D7689B3C8AC76358636C93BF3D50FB72B95C7D6464C42897CBF70480AF19E4596EFC8300ECAF6E09C47FFC387C478E60FEFA75F56DD0616730848542011B8D6445D44BA4B6C3837945B60213DAAE95ED7F7DF13B1289619573C595924A4ECC309755B21591551328AE11BACA783E938397ACF0B338530F1F91C2532FC9477BB396B6AC2DAF969BF1FDC5C71081FECE6C20AE3388FDC2807A23096F26A3A83F7BE54A9B339FE899097AFC9BCD506385BD1E8F4ADE61427AA33A9270C0E75349F23A42381C61135BE15A5384DDDAEBE15EA99ACC37F74A1C3EEF661F96DE11A14472B32FE0B73CE8EDED51F3CB85650C0E2471E7EEBD16F02F0FD3B4D0DF97C0674F7FC6979F7E05FB79AEC9D0B4802E26911C958A05020115B4E8DF603F885FBD8AFCE5CBAFB46DE9C4FD7D7D207D5A731220BB6A6B4E1C2793492C2C2C609595CC66B38AFA85E5650C707EEBDE307B4B85B26B7678914C8AFD637A7A5A2596A1FE05A0D9B97974F5C431941A62137510980BB03F6430FDE7DF64879F67EA58A2FFBEDE3E4C3E9A52C0D76AAE2AD84C20086F79066EB55DA204FAB400909480F9FF8E3ADC595B43E4D225B80CAAFBDAB57648BFB9C9442A4AEBE2A4A951DEAF0ABC660F68CA40129075CF9E3D535D778DBE2579A9BAE8BCB9D747A60880CD21FB9A3D448090BD72A5D8B2DF2E93A5753E6DA5EB3075DFDDD5453669649A8F79643039F5987E2BF46160A564C31D20BB22DFC3758ACABF14446260CC21E1DC05DE02371888C6CE1C3CB3B6E124EA75F73512C25C36AB3DD475CD85FB5F2EEE57464501E7D9D1152620D46A4EFDAD82DF6CCADACB31C8EBDC8B593CB8FFAB9E4824F264E83A0BF3F93FCFA63E489E26E2D60000000049454E44AE426082);
INSERT INTO `images` (`imageid`,`imagetype`,`name`,`image`) VALUES (187,1,'Zabbix_server_3D_(96)',0x[encoded data, 4622 characters]);
START TRANSACTION;
INSERT INTO `users` (`userid`,`alias`,`name`,`surname`,`passwd`,`url`,`autologin`,`autologout`,`lang`,`refresh`,`type`,`theme`,`rows_per_page`) values ('1','Admin','Zabbix','Administrator','5fce1b3e34b520afeffb37ce08c7cd66','','1','0','en_GB','30s','3','default','50');
INSERT INTO `users` (`userid`,`alias`,`name`,`surname`,`passwd`,`url`,`autologin`,`autologout`,`lang`,`refresh`,`type`,`theme`,`rows_per_page`) values ('2','guest','','','d41d8cd98f00b204e9800998ecf8427e','','0','15m','en_GB','30s','1','default','50');
INSERT INTO `hstgrp` (`groupid`,`name`,`internal`,`flags`) values ('1','Templates','0','0');
INSERT INTO `hstgrp` (`groupid`,`name`,`internal`,`flags`) values ('2','Linux servers','0','0');
INSERT INTO `hstgrp` (`groupid`,`name`,`internal`,`flags`) values ('4','Zabbix servers','0','0');
INSERT INTO `hstgrp` (`groupid`,`name`,`internal`,`flags`) values ('5','Discovered hosts','1','0');
INSERT INTO `hstgrp` (`groupid`,`name`,`internal`,`flags`) values ('6','Virtual machines','0','0');
INSERT INTO `hstgrp` (`groupid`,`name`,`internal`,`flags`) values ('7','Hypervisors','0','0');
INSERT INTO `hstgrp` (`groupid`,`name`,`internal`,`flags`) values ('8','Templates/Modules','0','0');
INSERT INTO `hstgrp` (`groupid`,`name`,`internal`,`flags`) values ('9','Templates/Network devices','0','0');
INSERT INTO `hstgrp` (`groupid`,`name`,`internal`,`flags`) values ('10','Templates/Operating systems','0','0');
INSERT INTO `hstgrp` (`groupid`,`name`,`internal`,`flags`) values ('11','Templates/Server hardware','0','0');
INSERT INTO `hstgrp` (`groupid`,`name`,`internal`,`flags`) values ('12','Templates/Applications','0','0');
INSERT INTO `hstgrp` (`groupid`,`name`,`internal`,`flags`) values ('13','Templates/Databases','0','0');
INSERT INTO `hstgrp` (`groupid`,`name`,`internal`,`flags`) values ('14','Templates/Virtualization','0','0');
INSERT INTO `drules` (`druleid`,`proxy_hostid`,`name`,`iprange`,`delay`,`status`) values ('2',NULL,'Local network','192.168.0.1-254','1h','1');
INSERT INTO `dchecks` (`dcheckid`,`druleid`,`type`,`key_`,`snmp_community`,`ports`,`snmpv3_securityname`,`snmpv3_securitylevel`,`snmpv3_authpassphrase`,`snmpv3_privpassphrase`,`uniq`,`snmpv3_authprotocol`,`snmpv3_privprotocol`,`snmpv3_contextname`,`host_source`,`name_source`) values ('2','2','9','system.uname','','10050','','0','','','0','0','0','','1','0');
INSERT INTO `media_type` (`mediatypeid`,`type`,`description`,`smtp_server`,`smtp_helo`,`smtp_email`,`exec_path`,`gsm_modem`,`username`,`passwd`,`status`,`smtp_port`,`smtp_security`,`smtp_verify_peer`,`smtp_verify_host`,`smtp_authentication`,`exec_params`,`maxsessions`,`maxattempts`,`attempt_interval`,`content_type`) values ('1','0','Email','mail.example.com','example.com','zabbix@example.com','','','','','0','25','0','0','0','0','','1','3','10s','0');
INSERT INTO `media_type` (`mediatypeid`,`type`,`description`,`smtp_server`,`smtp_helo`,`smtp_email`,`exec_path`,`gsm_modem`,`username`,`passwd`,`status`,`smtp_port`,`smtp_security`,`smtp_verify_peer`,`smtp_verify_host`,`smtp_authentication`,`exec_params`,`maxsessions`,`maxattempts`,`attempt_interval`,`content_type`) values ('2','3','Jabber','','','','','','jabber@example.com','zabbix','0','25','0','0','0','0','','1','3','10s','0');
INSERT INTO `media_type` (`mediatypeid`,`type`,`description`,`smtp_server`,`smtp_helo`,`smtp_email`,`exec_path`,`gsm_modem`,`username`,`passwd`,`status`,`smtp_port`,`smtp_security`,`smtp_verify_peer`,`smtp_verify_host`,`smtp_authentication`,`exec_params`,`maxsessions`,`maxattempts`,`attempt_interval`,`content_type`) values ('3','2','SMS','','','','','/dev/ttyS0','','','0','25','0','0','0','0','','1','3','10s','0');
INSERT INTO `usrgrp` (`usrgrpid`,`name`,`gui_access`,`users_status`,`debug_mode`) values ('7','Zabbix administrators','0','0','0');
INSERT INTO `usrgrp` (`usrgrpid`,`name`,`gui_access`,`users_status`,`debug_mode`) values ('8','Guests','1','0','0');
INSERT INTO `usrgrp` (`usrgrpid`,`name`,`gui_access`,`users_status`,`debug_mode`) values ('9','Disabled','0','1','0');
INSERT INTO `usrgrp` (`usrgrpid`,`name`,`gui_access`,`users_status`,`debug_mode`) values ('11','Enabled debug mode','0','0','1');
INSERT INTO `usrgrp` (`usrgrpid`,`name`,`gui_access`,`users_status`,`debug_mode`) values ('12','No access to the frontend','3','0','0');
INSERT INTO `users_groups` (`id`,`usrgrpid`,`userid`) values ('2','8','2');
INSERT INTO `users_groups` (`id`,`usrgrpid`,`userid`) values ('4','7','1');
INSERT INTO `scripts` (`scriptid`,`name`,`command`,`host_access`,`usrgrpid`,`groupid`,`description`,`confirmation`,`type`,`execute_on`) values ('1','Ping','ping -c 3 {HOST.CONN}; case $? in [01]) true;; *) false;; esac','2',NULL,NULL,'','','0','2');
INSERT INTO `scripts` (`scriptid`,`name`,`command`,`host_access`,`usrgrpid`,`groupid`,`description`,`confirmation`,`type`,`execute_on`) values ('2','Traceroute','/usr/bin/traceroute {HOST.CONN}','2',NULL,NULL,'','','0','2');
INSERT INTO `scripts` (`scriptid`,`name`,`command`,`host_access`,`usrgrpid`,`groupid`,`description`,`confirmation`,`type`,`execute_on`) values ('3','Detect operating system','sudo /usr/bin/nmap -O {HOST.CONN}','2','7',NULL,'','','0','2');
INSERT INTO `actions` (`actionid`,`name`,`eventsource`,`evaltype`,`status`,`esc_period`,`def_shortdata`,`def_longdata`,`r_shortdata`,`r_longdata`,`formula`,`pause_suppressed`,`ack_shortdata`,`ack_longdata`) values ('2','Auto discovery. Linux servers.','1','0','1','0','','','','','','1','','');
INSERT INTO `actions` (`actionid`,`name`,`eventsource`,`evaltype`,`status`,`esc_period`,`def_shortdata`,`def_longdata`,`r_shortdata`,`r_longdata`,`formula`,`pause_suppressed`,`ack_shortdata`,`ack_longdata`) values ('3','Report problems to Zabbix administrators','0','0','1','1h','Problem: {EVENT.NAME}','Problem started at {EVENT.TIME} on {EVENT.DATE}\r\nProblem name: {EVENT.NAME}\r\nHost: {HOST.NAME}\r\nSeverity: {EVENT.SEVERITY}\r\n\r\nOriginal problem ID: {EVENT.ID}\r\n{TRIGGER.URL}','Resolved: {EVENT.NAME}','Problem has been resolved at {EVENT.RECOVERY.TIME} on {EVENT.RECOVERY.DATE}\r\nProblem name: {EVENT.NAME}\r\nHost: {HOST.NAME}\r\nSeverity: {EVENT.SEVERITY}\r\n\r\nOriginal problem ID: {EVENT.ID}\r\n{TRIGGER.URL}','','1','Updated problem: {EVENT.NAME}','{USER.FULLNAME} {EVENT.UPDATE.ACTION} problem at {EVENT.UPDATE.DATE} {EVENT.UPDATE.TIME}.\r\n{EVENT.UPDATE.MESSAGE}\r\n\r\nCurrent problem status is {EVENT.STATUS}, acknowledged: {EVENT.ACK.STATUS}.');
INSERT INTO `actions` (`actionid`,`name`,`eventsource`,`evaltype`,`status`,`esc_period`,`def_shortdata`,`def_longdata`,`r_shortdata`,`r_longdata`,`formula`,`pause_suppressed`,`ack_shortdata`,`ack_longdata`) values ('4','Report not supported items','3','0','1','1h','{ITEM.STATE}: {HOST.NAME}:{ITEM.NAME}','Host: {HOST.NAME}\r\nItem: {ITEM.NAME}\r\nKey: {ITEM.KEY}\r\nState: {ITEM.STATE}','{ITEM.STATE}: {HOST.NAME}:{ITEM.NAME}','Host: {HOST.NAME}\r\nItem: {ITEM.NAME}\r\nKey: {ITEM.KEY}\r\nState: {ITEM.STATE}','','1','','');
INSERT INTO `actions` (`actionid`,`name`,`eventsource`,`evaltype`,`status`,`esc_period`,`def_shortdata`,`def_longdata`,`r_shortdata`,`r_longdata`,`formula`,`pause_suppressed`,`ack_shortdata`,`ack_longdata`) values ('5','Report not supported low level discovery rules','3','0','1','1h','{LLDRULE.STATE}: {HOST.NAME}:{LLDRULE.NAME}','Host: {HOST.NAME}\r\nLow level discovery rule: {LLDRULE.NAME}\r\nKey: {LLDRULE.KEY}\r\nState: {LLDRULE.STATE}','{LLDRULE.STATE}: {HOST.NAME}:{LLDRULE.NAME}','Host: {HOST.NAME}\r\nLow level discovery rule: {LLDRULE.NAME}\r\nKey: {LLDRULE.KEY}\r\nState: {LLDRULE.STATE}','','1','','');
INSERT INTO `actions` (`actionid`,`name`,`eventsource`,`evaltype`,`status`,`esc_period`,`def_shortdata`,`def_longdata`,`r_shortdata`,`r_longdata`,`formula`,`pause_suppressed`,`ack_shortdata`,`ack_longdata`) values ('6','Report unknown triggers','3','0','1','1h','{TRIGGER.STATE}: {TRIGGER.NAME}','Trigger name: {TRIGGER.NAME}\r\nExpression: {TRIGGER.EXPRESSION}\r\nState: {TRIGGER.STATE}','{TRIGGER.STATE}: {TRIGGER.NAME}','Trigger name: {TRIGGER.NAME}\r\nExpression: {TRIGGER.EXPRESSION}\r\nState: {TRIGGER.STATE}','','1','','');
INSERT INTO `operations` (`operationid`,`actionid`,`operationtype`,`esc_period`,`esc_step_from`,`esc_step_to`,`evaltype`,`recovery`) values ('1','2','6','0','1','1','0','0');
INSERT INTO `operations` (`operationid`,`actionid`,`operationtype`,`esc_period`,`esc_step_from`,`esc_step_to`,`evaltype`,`recovery`) values ('2','2','4','0','1','1','0','0');
INSERT INTO `operations` (`operationid`,`actionid`,`operationtype`,`esc_period`,`esc_step_from`,`esc_step_to`,`evaltype`,`recovery`) values ('3','3','0','0','1','1','0','0');
INSERT INTO `operations` (`operationid`,`actionid`,`operationtype`,`esc_period`,`esc_step_from`,`esc_step_to`,`evaltype`,`recovery`) values ('4','4','0','0','1','1','0','0');
INSERT INTO `operations` (`operationid`,`actionid`,`operationtype`,`esc_period`,`esc_step_from`,`esc_step_to`,`evaltype`,`recovery`) values ('5','5','0','0','1','1','0','0');
INSERT INTO `operations` (`operationid`,`actionid`,`operationtype`,`esc_period`,`esc_step_from`,`esc_step_to`,`evaltype`,`recovery`) values ('6','6','0','0','1','1','0','0');
INSERT INTO `operations` (`operationid`,`actionid`,`operationtype`,`esc_period`,`esc_step_from`,`esc_step_to`,`evaltype`,`recovery`) values ('7','3','11','0','1','1','0','1');
INSERT INTO `operations` (`operationid`,`actionid`,`operationtype`,`esc_period`,`esc_step_from`,`esc_step_to`,`evaltype`,`recovery`) values ('8','4','11','0','1','1','0','1');
INSERT INTO `operations` (`operationid`,`actionid`,`operationtype`,`esc_period`,`esc_step_from`,`esc_step_to`,`evaltype`,`recovery`) values ('9','5','11','0','1','1','0','1');
INSERT INTO `operations` (`operationid`,`actionid`,`operationtype`,`esc_period`,`esc_step_from`,`esc_step_to`,`evaltype`,`recovery`) values ('10','6','11','0','1','1','0','1');
INSERT INTO `opmessage` (`operationid`,`default_msg`,`subject`,`message`,`mediatypeid`) values ('3','1','Problem: {EVENT.NAME}','Problem started at {EVENT.TIME} on {EVENT.DATE}\r\nProblem name: {EVENT.NAME}\r\nHost: {HOST.NAME}\r\nSeverity: {EVENT.SEVERITY}\r\n\r\nOriginal problem ID: {EVENT.ID}\r\n{TRIGGER.URL}',NULL);
INSERT INTO `opmessage` (`operationid`,`default_msg`,`subject`,`message`,`mediatypeid`) values ('4','1','','',NULL);
INSERT INTO `opmessage` (`operationid`,`default_msg`,`subject`,`message`,`mediatypeid`) values ('5','1','','',NULL);
INSERT INTO `opmessage` (`operationid`,`default_msg`,`subject`,`message`,`mediatypeid`) values ('6','1','','',NULL);
INSERT INTO `opmessage` (`operationid`,`default_msg`,`subject`,`message`,`mediatypeid`) values ('7','1','Resolved: {EVENT.NAME}','Problem has been resolved at {EVENT.RECOVERY.TIME} on {EVENT.RECOVERY.DATE}\r\nProblem name: {EVENT.NAME}\r\nHost: {HOST.NAME}\r\nSeverity: {EVENT.SEVERITY}\r\n\r\nOriginal problem ID: {EVENT.ID}\r\n{TRIGGER.URL}',NULL);
INSERT INTO `opmessage` (`operationid`,`default_msg`,`subject`,`message`,`mediatypeid`) values ('8','1','{ITEM.STATE}: {HOST.NAME}:{ITEM.NAME}','Host: {HOST.NAME}\r\nItem: {ITEM.NAME}\r\nKey: {ITEM.KEY}\r\nState: {ITEM.STATE}',NULL);
INSERT INTO `opmessage` (`operationid`,`default_msg`,`subject`,`message`,`mediatypeid`) values ('9','1','{LLDRULE.STATE}: {HOST.NAME}:{LLDRULE.NAME}','Host: {HOST.NAME}\r\nLow level discovery rule: {LLDRULE.NAME}\r\nKey: {LLDRULE.KEY}\r\nState: {LLDRULE.STATE}',NULL);
INSERT INTO `opmessage` (`operationid`,`default_msg`,`subject`,`message`,`mediatypeid`) values ('10','1','{TRIGGER.STATE}: {TRIGGER.NAME}','Trigger name: {TRIGGER.NAME}\r\nExpression: {TRIGGER.EXPRESSION}\r\nState: {TRIGGER.STATE}',NULL);
INSERT INTO `opmessage_grp` (`opmessage_grpid`,`operationid`,`usrgrpid`) values ('1','3','7');
INSERT INTO `opmessage_grp` (`opmessage_grpid`,`operationid`,`usrgrpid`) values ('2','4','7');
INSERT INTO `opmessage_grp` (`opmessage_grpid`,`operationid`,`usrgrpid`) values ('3','5','7');
INSERT INTO `opmessage_grp` (`opmessage_grpid`,`operationid`,`usrgrpid`) values ('4','6','7');
INSERT INTO `opgroup` (`opgroupid`,`operationid`,`groupid`) values ('1','2','2');
INSERT INTO `conditions` (`conditionid`,`actionid`,`conditiontype`,`operator`,`value`,`value2`) values ('2','2','10','0','0','');
INSERT INTO `conditions` (`conditionid`,`actionid`,`conditiontype`,`operator`,`value`,`value2`) values ('3','2','8','0','9','');
INSERT INTO `conditions` (`conditionid`,`actionid`,`conditiontype`,`operator`,`value`,`value2`) values ('4','2','12','2','Linux','');
INSERT INTO `conditions` (`conditionid`,`actionid`,`conditiontype`,`operator`,`value`,`value2`) values ('6','4','23','0','0','');
INSERT INTO `conditions` (`conditionid`,`actionid`,`conditiontype`,`operator`,`value`,`value2`) values ('7','5','23','0','2','');
INSERT INTO `conditions` (`conditionid`,`actionid`,`conditiontype`,`operator`,`value`,`value2`) values ('8','6','23','0','4','');
INSERT INTO `config` (`configid`,`refresh_unsupported`,`work_period`,`alert_usrgrpid`,`discovery_groupid`) values ('1','10m','1-5,09:00-18:00','7','5');
INSERT INTO `graph_theme` (`graphthemeid`,`theme`,`backgroundcolor`,`graphcolor`,`gridcolor`,`maingridcolor`,`gridbordercolor`,`textcolor`,`highlightcolor`,`leftpercentilecolor`,`rightpercentilecolor`,`nonworktimecolor`,`colorpalette`) values ('1','blue-theme','FFFFFF','FFFFFF','CCD5D9','ACBBC2','ACBBC2','1F2C33','E33734','429E47','E33734','EBEBEB','1A7C11,F63100,2774A4,A54F10,FC6EA3,6C59DC,AC8C14,611F27,F230E0,5CCD18,BB2A02,5A2B57,89ABF8,7EC25C,274482,2B5429,8048B4,FD5434,790E1F,87AC4D,E89DF4');
INSERT INTO `graph_theme` (`graphthemeid`,`theme`,`backgroundcolor`,`graphcolor`,`gridcolor`,`maingridcolor`,`gridbordercolor`,`textcolor`,`highlightcolor`,`leftpercentilecolor`,`rightpercentilecolor`,`nonworktimecolor`,`colorpalette`) values ('2','dark-theme','2B2B2B','2B2B2B','454545','4F4F4F','4F4F4F','F2F2F2','E45959','59DB8F','E45959','333333','199C0D,F63100,2774A4,F7941D,FC6EA3,6C59DC,C7A72D,BA2A5D,F230E0,5CCD18,BB2A02,AC41A5,89ABF8,7EC25C,3165D5,79A277,AA73DE,FD5434,F21C3E,87AC4D,E89DF4');
INSERT INTO `graph_theme` (`graphthemeid`,`theme`,`backgroundcolor`,`graphcolor`,`gridcolor`,`maingridcolor`,`gridbordercolor`,`textcolor`,`highlightcolor`,`leftpercentilecolor`,`rightpercentilecolor`,`nonworktimecolor`,`colorpalette`) values ('3','hc-light','FFFFFF','FFFFFF','555555','000000','333333','000000','333333','000000','000000','EBEBEB','1A7C11,F63100,2774A4,A54F10,FC6EA3,6C59DC,AC8C14,611F27,F230E0,5CCD18,BB2A02,5A2B57,89ABF8,7EC25C,274482,2B5429,8048B4,FD5434,790E1F,87AC4D,E89DF4');
INSERT INTO `graph_theme` (`graphthemeid`,`theme`,`backgroundcolor`,`graphcolor`,`gridcolor`,`maingridcolor`,`gridbordercolor`,`textcolor`,`highlightcolor`,`leftpercentilecolor`,`rightpercentilecolor`,`nonworktimecolor`,`colorpalette`) values ('4','hc-dark','000000','000000','666666','888888','4F4F4F','FFFFFF','FFFFFF','FFFFFF','FFFFFF','333333','199C0D,F63100,2774A4,F7941D,FC6EA3,6C59DC,C7A72D,BA2A5D,F230E0,5CCD18,BB2A02,AC41A5,89ABF8,7EC25C,3165D5,79A277,AA73DE,FD5434,F21C3E,87AC4D,E89DF4');
INSERT INTO `globalmacro` (`globalmacroid`,`macro`,`value`) values ('2','{$SNMP_COMMUNITY}','public');
INSERT INTO `regexps` (`regexpid`,`name`,`test_string`) values ('1','File systems for discovery','ext3');
INSERT INTO `regexps` (`regexpid`,`name`,`test_string`) values ('2','Network interfaces for discovery','eth0');
INSERT INTO `regexps` (`regexpid`,`name`,`test_string`) values ('3','Storage devices for SNMP discovery','/boot');
INSERT INTO `regexps` (`regexpid`,`name`,`test_string`) values ('4','Windows service names for discovery','SysmonLog');
INSERT INTO `regexps` (`regexpid`,`name`,`test_string`) values ('5','Windows service startup states for discovery','automatic');
INSERT INTO `expressions` (`expressionid`,`regexpid`,`expression`,`expression_type`,`exp_delimiter`,`case_sensitive`) values ('1','1','^(btrfs|ext2|ext3|ext4|reiser|xfs|ffs|ufs|jfs|jfs2|vxfs|hfs|apfs|refs|ntfs|fat32|zfs)$','3',',','0');
INSERT INTO `expressions` (`expressionid`,`regexpid`,`expression`,`expression_type`,`exp_delimiter`,`case_sensitive`) values ('3','3','^(Physical memory|Virtual memory|Memory buffers|Cached memory|Swap space)$','4',',','1');
INSERT INTO `expressions` (`expressionid`,`regexpid`,`expression`,`expression_type`,`exp_delimiter`,`case_sensitive`) values ('5','4','^(MMCSS|gupdate|SysmonLog|clr_optimization_v2.0.50727_32|clr_optimization_v4.0.30319_32)$','4',',','1');
INSERT INTO `expressions` (`expressionid`,`regexpid`,`expression`,`expression_type`,`exp_delimiter`,`case_sensitive`) values ('6','5','^(automatic|automatic delayed)$','3',',','1');
INSERT INTO `expressions` (`expressionid`,`regexpid`,`expression`,`expression_type`,`exp_delimiter`,`case_sensitive`) values ('7','2','^Software Loopback Interface','4',',','1');
INSERT INTO `expressions` (`expressionid`,`regexpid`,`expression`,`expression_type`,`exp_delimiter`,`case_sensitive`) values ('8','2','^(In)?[Ll]oop[Bb]ack[0-9._]*$','4',',','1');
INSERT INTO `expressions` (`expressionid`,`regexpid`,`expression`,`expression_type`,`exp_delimiter`,`case_sensitive`) values ('9','2','^NULL[0-9.]*$','4',',','1');
INSERT INTO `expressions` (`expressionid`,`regexpid`,`expression`,`expression_type`,`exp_delimiter`,`case_sensitive`) values ('10','2','^[Ll]o[0-9.]*$','4',',','1');
INSERT INTO `expressions` (`expressionid`,`regexpid`,`expression`,`expression_type`,`exp_delimiter`,`case_sensitive`) values ('11','2','^[Ss]ystem$','4',',','1');
INSERT INTO `expressions` (`expressionid`,`regexpid`,`expression`,`expression_type`,`exp_delimiter`,`case_sensitive`) values ('12','2','^Nu[0-9.]*$','4',',','1');
INSERT INTO `hosts` (`hostid`,`proxy_hostid`,`host`,`status`,`available`,`ipmi_authtype`,`ipmi_privilege`,`ipmi_username`,`ipmi_password`,`ipmi_available`,`snmp_available`,`jmx_available`,`name`,`flags`,`templateid`,`description`,`tls_connect`,`tls_accept`,`tls_issuer`,`tls_subject`,`tls_psk_identity`,`tls_psk`,`proxy_address`,`auto_compress`) values ('10001',NULL,'Template OS Linux','3','0','-1','2','','','0','0','0','Template OS Linux','0',NULL,'','1','1','','','','','','1');
INSERT INTO `hosts` (`hostid`,`proxy_hostid`,`host`,`status`,`available`,`ipmi_authtype`,`ipmi_privilege`,`ipmi_username`,`ipmi_password`,`ipmi_available`,`snmp_available`,`jmx_available`,`name`,`flags`,`templateid`,`description`,`tls_connect`,`tls_accept`,`tls_issuer`,`tls_subject`,`tls_psk_identity`,`tls_psk`,`proxy_address`,`auto_compress`) values ('10047',NULL,'Template App Zabbix Server','3','0','-1','2','','','0','0','0','Template App Zabbix Server','0',NULL,'','1','1','','','','','','1');
INSERT INTO `hosts` (`hostid`,`proxy_hostid`,`host`,`status`,`available`,`ipmi_authtype`,`ipmi_privilege`,`ipmi_username`,`ipmi_password`,`ipmi_available`,`snmp_available`,`jmx_available`,`name`,`flags`,`templateid`,`description`,`tls_connect`,`tls_accept`,`tls_issuer`,`tls_subject`,`tls_psk_identity`,`tls_psk`,`proxy_address`,`auto_compress`) values ('10048',NULL,'Template App Zabbix Proxy','3','0','-1','2','','','0','0','0','Template App Zabbix Proxy','0',NULL,'','1','1','','','','','','1');
INSERT INTO `hosts` (`hostid`,`proxy_hostid`,`host`,`status`,`available`,`ipmi_authtype`,`ipmi_privilege`,`ipmi_username`,`ipmi_password`,`ipmi_available`,`snmp_available`,`jmx_available`,`name`,`flags`,`templateid`,`description`,`tls_connect`,`tls_accept`,`tls_issuer`,`tls_subject`,`tls_psk_identity`,`tls_psk`,`proxy_address`,`auto_compress`) values ('10050',NULL,'Template App Zabbix Agent','3','0','-1','2','','','0','0','0','Template App Zabbix Agent','0',NULL,'','1','1','','','','','','1');
INSERT INTO `hosts` (`hostid`,`proxy_hostid`,`host`,`status`,`available`,`ipmi_authtype`,`ipmi_privilege`,`ipmi_username`,`ipmi_password`,`ipmi_available`,`snmp_available`,`jmx_available`,`name`,`flags`,`templateid`,`description`,`tls_connect`,`tls_accept`,`tls_issuer`,`tls_subject`,`tls_psk_identity`,`tls_psk`,`proxy_address`,`auto_compress`) values ('10074',NULL,'Template OS OpenBSD','3','0','-1','2','','','0','0','0','Template OS OpenBSD','0',NULL,'','1','1','','','','','','1');
INSERT INTO `hosts` (`hostid`,`proxy_hostid`,`host`,`status`,`available`,`ipmi_authtype`,`ipmi_privilege`,`ipmi_username`,`ipmi_password`,`ipmi_available`,`snmp_available`,`jmx_available`,`name`,`flags`,`templateid`,`description`,`tls_connect`,`tls_accept`,`tls_issuer`,`tls_subject`,`tls_psk_identity`,`tls_psk`,`proxy_address`,`auto_compress`) values ('10075',NULL,'Template OS FreeBSD','3','0','-1','2','','','0','0','0','Template OS FreeBSD','0',NULL,'','1','1','','','','','','1');
INSERT INTO `hosts` (`hostid`,`proxy_hostid`,`host`,`status`,`available`,`ipmi_authtype`,`ipmi_privilege`,`ipmi_username`,`ipmi_password`,`ipmi_available`,`snmp_available`,`jmx_available`,`name`,`flags`,`templateid`,`description`,`tls_connect`,`tls_accept`,`tls_issuer`,`tls_subject`,`tls_psk_identity`,`tls_psk`,`proxy_address`,`auto_compress`) values ('10076',NULL,'Template OS AIX','3','0','-1','2','','','0','0','0','Template OS AIX','0',NULL,'','1','1','','','','','','1');
INSERT INTO `hosts` (`hostid`,`proxy_hostid`,`host`,`status`,`available`,`ipmi_authtype`,`ipmi_privilege`,`ipmi_username`,`ipmi_password`,`ipmi_available`,`snmp_available`,`jmx_available`,`name`,`flags`,`templateid`,`description`,`tls_connect`,`tls_accept`,`tls_issuer`,`tls_subject`,`tls_psk_identity`,`tls_psk`,`proxy_address`,`auto_compress`) values ('10077',NULL,'Template OS HP-UX','3','0','-1','2','','','0','0','0','Template OS HP-UX','0',NULL,'','1','1','','','','','','1');
INSERT INTO `hosts` (`hostid`,`proxy_hostid`,`host`,`status`,`available`,`ipmi_authtype`,`ipmi_privilege`,`ipmi_username`,`ipmi_password`,`ipmi_available`,`snmp_available`,`jmx_available`,`name`,`flags`,`templateid`,`description`,`tls_connect`,`tls_accept`,`tls_issuer`,`tls_subject`,`tls_psk_identity`,`tls_psk`,`proxy_address`,`auto_compress`) values ('10078',NULL,'Template OS Solaris','3','0','-1','2','','','0','0','0','Template OS Solaris','0',NULL,'','1','1','','','','','','1');
INSERT INTO `hosts` (`hostid`,`proxy_hostid`,`host`,`status`,`available`,`ipmi_authtype`,`ipmi_privilege`,`ipmi_username`,`ipmi_password`,`ipmi_available`,`snmp_available`,`jmx_available`,`name`,`flags`,`templateid`,`description`,`tls_connect`,`tls_accept`,`tls_issuer`,`tls_subject`,`tls_psk_identity`,`tls_psk`,`proxy_address`,`auto_compress`) values ('10079',NULL,'Template OS Mac OS X','3','0','-1','2','','','0','0','0','Template OS Mac OS X','0',NULL,'','1','1','','','','','','1');
INSERT INTO `hosts` (`hostid`,`proxy_hostid`,`host`,`status`,`available`,`ipmi_authtype`,`ipmi_privilege`,`ipmi_username`,`ipmi_password`,`ipmi_available`,`snmp_available`,`jmx_available`,`name`,`flags`,`templateid`,`description`,`tls_connect`,`tls_accept`,`tls_issuer`,`tls_subject`,`tls_psk_identity`,`tls_psk`,`proxy_address`,`auto_compress`) values ('10081',NULL,'Template OS Windows','3','0','-1','2','','','0','0','0','Template OS Windows','0',NULL,'','1','1','','','','','','1');
INSERT INTO `hosts` (`hostid`,`proxy_hostid`,`host`,`status`,`available`,`ipmi_authtype`,`ipmi_privilege`,`ipmi_username`,`ipmi_password`,`ipmi_available`,`snmp_available`,`jmx_available`,`name`,`flags`,`templateid`,`description`,`tls_connect`,`tls_accept`,`tls_issuer`,`tls_subject`,`tls_psk_identity`,`tls_psk`,`proxy_address`,`auto_compress`) values ('10084',NULL,'Zabbix server','0','0','-1','2','','','0','0','0','Zabbix server','0',NULL,'','1','1','','','','','','1');
INSERT INTO `hosts` (`hostid`,`proxy_hostid`,`host`,`status`,`available`,`ipmi_authtype`,`ipmi_privilege`,`ipmi_username`,`ipmi_password`,`ipmi_available`,`snmp_available`,`jmx_available`,`name`,`flags`,`templateid`,`description`,`tls_connect`,`tls_accept`,`tls_issuer`,`tls_subject`,`tls_psk_identity`,`tls_psk`,`proxy_address`,`auto_compress`) values ('10093',NULL,'Template App FTP Service','3','0','-1','2','','','0','0','0','Template App FTP Service','0',NULL,'','1','1','','','','','','1');
INSERT INTO `hosts` (`hostid`,`proxy_hostid`,`host`,`status`,`available`,`ipmi_authtype`,`ipmi_privilege`,`ipmi_username`,`ipmi_password`,`ipmi_available`,`snmp_available`,`jmx_available`,`name`,`flags`,`templateid`,`description`,`tls_connect`,`tls_accept`,`tls_issuer`,`tls_subject`,`tls_psk_identity`,`tls_psk`,`proxy_address`,`auto_compress`) values ('10094',NULL,'Template App HTTP Service','3','0','-1','2','','','0','0','0','Template App HTTP Service','0',NULL,'','1','1','','','','','','1');
INSERT INTO `hosts` (`hostid`,`proxy_hostid`,`host`,`status`,`available`,`ipmi_authtype`,`ipmi_privilege`,`ipmi_username`,`ipmi_password`,`ipmi_available`,`snmp_available`,`jmx_available`,`name`,`flags`,`templateid`,`description`,`tls_connect`,`tls_accept`,`tls_issuer`,`tls_subject`,`tls_psk_identity`,`tls_psk`,`proxy_address`,`auto_compress`) values ('10095',NULL,'Template App HTTPS Service','3','0','-1','2','','','0','0','0','Template App HTTPS Service','0',NULL,'','1','1','','','','','','1');
INSERT INTO `hosts` (`hostid`,`proxy_hostid`,`host`,`status`,`available`,`ipmi_authtype`,`ipmi_privilege`,`ipmi_username`,`ipmi_password`,`ipmi_available`,`snmp_available`,`jmx_available`,`name`,`flags`,`templateid`,`description`,`tls_connect`,`tls_accept`,`tls_issuer`,`tls_subject`,`tls_psk_identity`,`tls_psk`,`proxy_address`,`auto_compress`) values ('10096',NULL,'Template App IMAP Service','3','0','-1','2','','','0','0','0','Template App IMAP Service','0',NULL,'','1','1','','','','','','1');
INSERT INTO `hosts` (`hostid`,`proxy_hostid`,`host`,`status`,`available`,`ipmi_authtype`,`ipmi_privilege`,`ipmi_username`,`ipmi_password`,`ipmi_available`,`snmp_available`,`jmx_available`,`name`,`flags`,`templateid`,`description`,`tls_connect`,`tls_accept`,`tls_issuer`,`tls_subject`,`tls_psk_identity`,`tls_psk`,`proxy_address`,`auto_compress`) values ('10097',NULL,'Template App LDAP Service','3','0','-1','2','','','0','0','0','Template App LDAP Service','0',NULL,'','1','1','','','','','','1');
INSERT INTO `hosts` (`hostid`,`proxy_hostid`,`host`,`status`,`available`,`ipmi_authtype`,`ipmi_privilege`,`ipmi_username`,`ipmi_password`,`ipmi_available`,`snmp_available`,`jmx_available`,`name`,`flags`,`templateid`,`description`,`tls_connect`,`tls_accept`,`tls_issuer`,`tls_subject`,`tls_psk_identity`,`tls_psk`,`proxy_address`,`auto_compress`) values ('10098',NULL,'Template App NNTP Service','3','0','-1','2','','','0','0','0','Template App NNTP Service','0',NULL,'','1','1','','','','','','1');
INSERT INTO `hosts` (`hostid`,`proxy_hostid`,`host`,`status`,`available`,`ipmi_authtype`,`ipmi_privilege`,`ipmi_username`,`ipmi_password`,`ipmi_available`,`snmp_available`,`jmx_available`,`name`,`flags`,`templateid`,`description`,`tls_connect`,`tls_accept`,`tls_issuer`,`tls_subject`,`tls_psk_identity`,`tls_psk`,`proxy_address`,`auto_compress`) values ('10099',NULL,'Template App NTP Service','3','0','-1','2','','','0','0','0','Template App NTP Service','0',NULL,'','1','1','','','','','','1');
INSERT INTO `hosts` (`hostid`,`proxy_hostid`,`host`,`status`,`available`,`ipmi_authtype`,`ipmi_privilege`,`ipmi_username`,`ipmi_password`,`ipmi_available`,`snmp_available`,`jmx_available`,`name`,`flags`,`templateid`,`description`,`tls_connect`,`tls_accept`,`tls_issuer`,`tls_subject`,`tls_psk_identity`,`tls_psk`,`proxy_address`,`auto_compress`) values ('10100',NULL,'Template App POP Service','3','0','-1','2','','','0','0','0','Template App POP Service','0',NULL,'','1','1','','','','','','1');
INSERT INTO `hosts` (`hostid`,`proxy_hostid`,`host`,`status`,`available`,`ipmi_authtype`,`ipmi_privilege`,`ipmi_username`,`ipmi_password`,`ipmi_available`,`snmp_available`,`jmx_available`,`name`,`flags`,`templateid`,`description`,`tls_connect`,`tls_accept`,`tls_issuer`,`tls_subject`,`tls_psk_identity`,`tls_psk`,`proxy_address`,`auto_compress`) values ('10101',NULL,'Template App SMTP Service','3','0','-1','2','','','0','0','0','Template App SMTP Service','0',NULL,'','1','1','','','','','','1');
INSERT INTO `hosts` (`hostid`,`proxy_hostid`,`host`,`status`,`available`,`ipmi_authtype`,`ipmi_privilege`,`ipmi_username`,`ipmi_password`,`ipmi_available`,`snmp_available`,`jmx_available`,`name`,`flags`,`templateid`,`description`,`tls_connect`,`tls_accept`,`tls_issuer`,`tls_subject`,`tls_psk_identity`,`tls_psk`,`proxy_address`,`auto_compress`) values ('10102',NULL,'Template App SSH Service','3','0','-1','2','','','0','0','0','Template App SSH Service','0',NULL,'','1','1','','','','','','1');
INSERT INTO `hosts` (`hostid`,`proxy_hostid`,`host`,`status`,`available`,`ipmi_authtype`,`ipmi_privilege`,`ipmi_username`,`ipmi_password`,`ipmi_available`,`snmp_available`,`jmx_available`,`name`,`flags`,`templateid`,`description`,`tls_connect`,`tls_accept`,`tls_issuer`,`tls_subject`,`tls_psk_identity`,`tls_psk`,`proxy_address`,`auto_compress`) values ('10103',NULL,'Template App Telnet Service','3','0','-1','2','','','0','0','0','Template App Telnet Service','0',NULL,'','1','1','','','','','','1');
INSERT INTO `hosts` (`hostid`,`proxy_hostid`,`host`,`status`,`available`,`ipmi_authtype`,`ipmi_privilege`,`ipmi_username`,`ipmi_password`,`ipmi_available`,`snmp_available`,`jmx_available`,`name`,`flags`,`templateid`,`description`,`tls_connect`,`tls_accept`,`tls_issuer`,`tls_subject`,`tls_psk_identity`,`tls_psk`,`proxy_address`,`auto_compress`) values ('10169',NULL,'Template App Generic Java JMX','3','0','-1','2','','','0','0','0','Template App Generic Java JMX','0',NULL,'','1','1','','','','','','1');
INSERT INTO `hosts` (`hostid`,`proxy_hostid`,`host`,`status`,`available`,`ipmi_authtype`,`ipmi_privilege`,`ipmi_username`,`ipmi_password`,`ipmi_available`,`snmp_available`,`jmx_available`,`name`,`flags`,`templateid`,`description`,`tls_connect`,`tls_accept`,`tls_issuer`,`tls_subject`,`tls_psk_identity`,`tls_psk`,`proxy_address`,`auto_compress`) values ('10170',NULL,'Template DB MySQL','3','0','-1','2','','','0','0','0','Template DB MySQL','0',NULL,'','1','1','','','','','','1');
INSERT INTO `hosts` (`hostid`,`proxy_hostid`,`host`,`status`,`available`,`ipmi_authtype`,`ipmi_privilege`,`ipmi_username`,`ipmi_password`,`ipmi_available`,`snmp_available`,`jmx_available`,`name`,`flags`,`templateid`,`description`,`tls_connect`,`tls_accept`,`tls_issuer`,`tls_subject`,`tls_psk_identity`,`tls_psk`,`proxy_address`,`auto_compress`) values ('10171',NULL,'Template Server Intel SR1530 IPMI','3','0','-1','2','','','0','0','0','Template Server Intel SR1530 IPMI','0',NULL,'','1','1','','','','','','1');
INSERT INTO `hosts` (`hostid`,`proxy_hostid`,`host`,`status`,`available`,`ipmi_authtype`,`ipmi_privilege`,`ipmi_username`,`ipmi_password`,`ipmi_available`,`snmp_available`,`jmx_available`,`name`,`flags`,`templateid`,`description`,`tls_connect`,`tls_accept`,`tls_issuer`,`tls_subject`,`tls_psk_identity`,`tls_psk`,`proxy_address`,`auto_compress`) values ('10172',NULL,'Template Server Intel SR1630 IPMI','3','0','-1','2','','','0','0','0','Template Server Intel SR1630 IPMI','0',NULL,'','1','1','','','','','','1');
INSERT INTO `hosts` (`hostid`,`proxy_hostid`,`host`,`status`,`available`,`ipmi_authtype`,`ipmi_privilege`,`ipmi_username`,`ipmi_password`,`ipmi_available`,`snmp_available`,`jmx_available`,`name`,`flags`,`templateid`,`description`,`tls_connect`,`tls_accept`,`tls_issuer`,`tls_subject`,`tls_psk_identity`,`tls_psk`,`proxy_address`,`auto_compress`) values ('10173',NULL,'Template VM VMware','3','0','-1','2','','','0','0','0','Template VM VMware','0',NULL,'','1','1','','','','','','1');
INSERT INTO `hosts` (`hostid`,`proxy_hostid`,`host`,`status`,`available`,`ipmi_authtype`,`ipmi_privilege`,`ipmi_username`,`ipmi_password`,`ipmi_available`,`snmp_available`,`jmx_available`,`name`,`flags`,`templateid`,`description`,`tls_connect`,`tls_accept`,`tls_issuer`,`tls_subject`,`tls_psk_identity`,`tls_psk`,`proxy_address`,`auto_compress`) values ('10174',NULL,'Template VM VMware Guest','3','0','-1','2','','','0','0','0','Template VM VMware Guest','0',NULL,'','1','1','','','','','','1');
INSERT INTO `hosts` (`hostid`,`proxy_hostid`,`host`,`status`,`available`,`ipmi_authtype`,`ipmi_privilege`,`ipmi_username`,`ipmi_password`,`ipmi_available`,`snmp_available`,`jmx_available`,`name`,`flags`,`templateid`,`description`,`tls_connect`,`tls_accept`,`tls_issuer`,`tls_subject`,`tls_psk_identity`,`tls_psk`,`proxy_address`,`auto_compress`) values ('10175',NULL,'Template VM VMware Hypervisor','3','0','-1','2','','','0','0','0','Template VM VMware Hypervisor','0',NULL,'','1','1','','','','','','1');
INSERT INTO `hosts` (`hostid`,`proxy_hostid`,`host`,`status`,`available`,`ipmi_authtype`,`ipmi_privilege`,`ipmi_username`,`ipmi_password`,`ipmi_available`,`snmp_available`,`jmx_available`,`name`,`flags`,`templateid`,`description`,`tls_connect`,`tls_accept`,`tls_issuer`,`tls_subject`,`tls_psk_identity`,`tls_psk`,`proxy_address`,`auto_compress`) values ('10176',NULL,'{#HV.UUID}','0','0','-1','2','','','0','0','0','{#HV.NAME}','2',NULL,'','1','1','','','','','','1');
INSERT INTO `hosts` (`hostid`,`proxy_hostid`,`host`,`status`,`available`,`ipmi_authtype`,`ipmi_privilege`,`ipmi_username`,`ipmi_password`,`ipmi_available`,`snmp_available`,`jmx_available`,`name`,`flags`,`templateid`,`description`,`tls_connect`,`tls_accept`,`tls_issuer`,`tls_subject`,`tls_psk_identity`,`tls_psk`,`proxy_address`,`auto_compress`) values ('10177',NULL,'{#VM.UUID}','0','0','-1','2','','','0','0','0','{#VM.NAME}','2',NULL,'','1','1','','','','','','1');
INSERT INTO `hosts` (`hostid`,`proxy_hostid`,`host`,`status`,`available`,`ipmi_authtype`,`ipmi_privilege`,`ipmi_username`,`ipmi_password`,`ipmi_available`,`snmp_available`,`jmx_available`,`name`,`flags`,`templateid`,`description`,`tls_connect`,`tls_accept`,`tls_issuer`,`tls_subject`,`tls_psk_identity`,`tls_psk`,`proxy_address`,`auto_compress`) values ('10182',NULL,'Template Module EtherLike-MIB SNMPv1','3','0','-1','2','','','0','0','0','Template Module EtherLike-MIB SNMPv1','0',NULL,'Template EtherLike-MIB (duplex control only) version: 0.15\r\nMIBs used:\r\nEtherLike-MIB','1','1','','','','','','1');
INSERT INTO `hosts` (`hostid`,`proxy_hostid`,`host`,`status`,`available`,`ipmi_authtype`,`ipmi_privilege`,`ipmi_username`,`ipmi_password`,`ipmi_available`,`snmp_available`,`jmx_available`,`name`,`flags`,`templateid`,`description`,`tls_connect`,`tls_accept`,`tls_issuer`,`tls_subject`,`tls_psk_identity`,`tls_psk`,`proxy_address`,`auto_compress`) values ('10183',NULL,'Template Module EtherLike-MIB SNMPv2','3','0','-1','2','','','0','0','0','Template Module EtherLike-MIB SNMPv2','0',NULL,'Template EtherLike-MIB (duplex control only) version: 0.15\r\nMIBs used:\r\nEtherLike-MIB','1','1','','','','','','1');
INSERT INTO `hosts` (`hostid`,`proxy_hostid`,`host`,`status`,`available`,`ipmi_authtype`,`ipmi_privilege`,`ipmi_username`,`ipmi_password`,`ipmi_available`,`snmp_available`,`jmx_available`,`name`,`flags`,`templateid`,`description`,`tls_connect`,`tls_accept`,`tls_issuer`,`tls_subject`,`tls_psk_identity`,`tls_psk`,`proxy_address`,`auto_compress`) values ('10184',NULL,'Template Module HOST-RESOURCES-MIB SNMPv1','3','0','-1','2','','','0','0','0','Template Module HOST-RESOURCES-MIB SNMPv1','0',NULL,'HOST-RESOURCES-MIB: CPU, Memory and Storage version: 0.15\r\nMIBs used:\r\nHOST-RESOURCES-MIB','1','1','','','','','','1');
INSERT INTO `hosts` (`hostid`,`proxy_hostid`,`host`,`status`,`available`,`ipmi_authtype`,`ipmi_privilege`,`ipmi_username`,`ipmi_password`,`ipmi_available`,`snmp_available`,`jmx_available`,`name`,`flags`,`templateid`,`description`,`tls_connect`,`tls_accept`,`tls_issuer`,`tls_subject`,`tls_psk_identity`,`tls_psk`,`proxy_address`,`auto_compress`) values ('10185',NULL,'Template Module HOST-RESOURCES-MIB SNMPv2','3','0','-1','2','','','0','0','0','Template Module HOST-RESOURCES-MIB SNMPv2','0',NULL,'HOST-RESOURCES-MIB: CPU, Memory and Storage version: 0.15\r\nMIBs used:\r\nHOST-RESOURCES-MIB','1','1','','','','','','1');
INSERT INTO `hosts` (`hostid`,`proxy_hostid`,`host`,`status`,`available`,`ipmi_authtype`,`ipmi_privilege`,`ipmi_username`,`ipmi_password`,`ipmi_available`,`snmp_available`,`jmx_available`,`name`,`flags`,`templateid`,`description`,`tls_connect`,`tls_accept`,`tls_issuer`,`tls_subject`,`tls_psk_identity`,`tls_psk`,`proxy_address`,`auto_compress`) values ('10186',NULL,'Template Module ICMP Ping','3','0','-1','2','','','0','0','0','Template Module ICMP Ping','0',NULL,'Template Module ICMP Ping version: 0.15','1','1','','','','','','1');
INSERT INTO `hosts` (`hostid`,`proxy_hostid`,`host`,`status`,`available`,`ipmi_authtype`,`ipmi_privilege`,`ipmi_username`,`ipmi_password`,`ipmi_available`,`snmp_available`,`jmx_available`,`name`,`flags`,`templateid`,`description`,`tls_connect`,`tls_accept`,`tls_issuer`,`tls_subject`,`tls_psk_identity`,`tls_psk`,`proxy_address`,`auto_compress`) values ('10187',NULL,'Template Module Interfaces Simple SNMPv1','3','0','-1','2','','','0','0','0','Template Module Interfaces Simple SNMPv1','0',NULL,'Template Interfaces Simple (no ifXTable) version: 0.15\r\nMIBs used:\r\nIF-MIB','1','1','','','','','','1');
INSERT INTO `hosts` (`hostid`,`proxy_hostid`,`host`,`status`,`available`,`ipmi_authtype`,`ipmi_privilege`,`ipmi_username`,`ipmi_password`,`ipmi_available`,`snmp_available`,`jmx_available`,`name`,`flags`,`templateid`,`description`,`tls_connect`,`tls_accept`,`tls_issuer`,`tls_subject`,`tls_psk_identity`,`tls_psk`,`proxy_address`,`auto_compress`) values ('10188',NULL,'Template Module Interfaces Simple SNMPv2','3','0','-1','2','','','0','0','0','Template Module Interfaces Simple SNMPv2','0',NULL,'Template Interfaces Simple (no ifXTable) version: 0.15\r\nMIBs used:\r\nIF-MIB','1','1','','','','','','1');
INSERT INTO `hosts` (`hostid`,`proxy_hostid`,`host`,`status`,`available`,`ipmi_authtype`,`ipmi_privilege`,`ipmi_username`,`ipmi_password`,`ipmi_available`,`snmp_available`,`jmx_available`,`name`,`flags`,`templateid`,`description`,`tls_connect`,`tls_accept`,`tls_issuer`,`tls_subject`,`tls_psk_identity`,`tls_psk`,`proxy_address`,`auto_compress`) values ('10189',NULL,'Template Module Interfaces SNMPv1','3','0','-1','2','','','0','0','0','Template Module Interfaces SNMPv1','0',NULL,'Template Interfaces version: 0.15\r\nMIBs used:\r\nIF-MIB','1','1','','','','','','1');
INSERT INTO `hosts` (`hostid`,`proxy_hostid`,`host`,`status`,`available`,`ipmi_authtype`,`ipmi_privilege`,`ipmi_username`,`ipmi_password`,`ipmi_available`,`snmp_available`,`jmx_available`,`name`,`flags`,`templateid`,`description`,`tls_connect`,`tls_accept`,`tls_issuer`,`tls_subject`,`tls_psk_identity`,`tls_psk`,`proxy_address`,`auto_compress`) values ('10190',NULL,'Template Module Interfaces SNMPv2','3','0','-1','2','','','0','0','0','Template Module Interfaces SNMPv2','0',NULL,'Template Interfaces version: 0.15\r\nMIBs used:\r\nIF-MIB','1','1','','','','','','1');
INSERT INTO `hosts` (`hostid`,`proxy_hostid`,`host`,`status`,`available`,`ipmi_authtype`,`ipmi_privilege`,`ipmi_username`,`ipmi_password`,`ipmi_available`,`snmp_available`,`jmx_available`,`name`,`flags`,`templateid`,`description`,`tls_connect`,`tls_accept`,`tls_issuer`,`tls_subject`,`tls_psk_identity`,`tls_psk`,`proxy_address`,`auto_compress`) values ('10192',NULL,'Template Module Interfaces Windows SNMPv2','3','0','-1','2','','','0','0','0','Template Module Interfaces Windows SNMPv2','0',NULL,'Template Interfaces Windows version: 0.15\r\nOverview: Special version of interfaces template that is required for Windows OS. Since MS doesn\'t support 64 bit counters but supports ifAlias and ifHighSpeed.\r\nMIBs used:\r\nIF-MIB','1','1','','','','','','1');
INSERT INTO `hosts` (`hostid`,`proxy_hostid`,`host`,`status`,`available`,`ipmi_authtype`,`ipmi_privilege`,`ipmi_username`,`ipmi_password`,`ipmi_available`,`snmp_available`,`jmx_available`,`name`,`flags`,`templateid`,`description`,`tls_connect`,`tls_accept`,`tls_issuer`,`tls_subject`,`tls_psk_identity`,`tls_psk`,`proxy_address`,`auto_compress`) values ('10203',NULL,'Template Module Generic SNMPv1','3','0','-1','2','','','0','0','0','Template Module Generic SNMPv1','0',NULL,'Template Module Generic version: 0.15\r\nMIBs used:\r\nSNMPv2-MIB','1','1','','','','','','1');
INSERT INTO `hosts` (`hostid`,`proxy_hostid`,`host`,`status`,`available`,`ipmi_authtype`,`ipmi_privilege`,`ipmi_username`,`ipmi_password`,`ipmi_available`,`snmp_available`,`jmx_available`,`name`,`flags`,`templateid`,`description`,`tls_connect`,`tls_accept`,`tls_issuer`,`tls_subject`,`tls_psk_identity`,`tls_psk`,`proxy_address`,`auto_compress`) values ('10204',NULL,'Template Module Generic SNMPv2','3','0','-1','2','','','0','0','0','Template Module Generic SNMPv2','0',NULL,'Template Module Generic version: 0.15\r\nMIBs used:\r\nSNMPv2-MIB','1','1','','','','','','1');
INSERT INTO `hosts` (`hostid`,`proxy_hostid`,`host`,`status`,`available`,`ipmi_authtype`,`ipmi_privilege`,`ipmi_username`,`ipmi_password`,`ipmi_available`,`snmp_available`,`jmx_available`,`name`,`flags`,`templateid`,`description`,`tls_connect`,`tls_accept`,`tls_issuer`,`tls_subject`,`tls_psk_identity`,`tls_psk`,`proxy_address`,`auto_compress`) values ('10207',NULL,'Template Net Alcatel Timetra TiMOS SNMPv2','3','0','-1','2','','','0','0','0','Template Net Alcatel Timetra TiMOS SNMPv2','0',NULL,'Template Net Alcatel Timetra TiMOS version: 0.15\r\nMIBs used:\r\nTIMETRA-CHASSIS-MIB\r\nTIMETRA-SYSTEM-MIB\r\nSNMPv2-MIB','1','1','','','','','','1');
INSERT INTO `hosts` (`hostid`,`proxy_hostid`,`host`,`status`,`available`,`ipmi_authtype`,`ipmi_privilege`,`ipmi_username`,`ipmi_password`,`ipmi_available`,`snmp_available`,`jmx_available`,`name`,`flags`,`templateid`,`description`,`tls_connect`,`tls_accept`,`tls_issuer`,`tls_subject`,`tls_psk_identity`,`tls_psk`,`proxy_address`,`auto_compress`) values ('10208',NULL,'Template Net Brocade FC SNMPv2','3','0','-1','2','','','0','0','0','Template Net Brocade FC SNMPv2','0',NULL,'Template Net Brocade FC version: 0.15\r\nOverview: https://community.brocade.com/dtscp75322/attachments/dtscp75322/fibre/25235/1/FOS_MIB_Reference_v740.pdf\r\nMIBs used:\r\nSW-MIB\r\nKnown Issues:\r\ndescription : no IF-MIB::ifAlias is available\r\nversion : v6.3.1c, v7.0.0c,  v7.4.1c\r\ndevice : all','1','1','','','','','','1');
INSERT INTO `hosts` (`hostid`,`proxy_hostid`,`host`,`status`,`available`,`ipmi_authtype`,`ipmi_privilege`,`ipmi_username`,`ipmi_password`,`ipmi_available`,`snmp_available`,`jmx_available`,`name`,`flags`,`templateid`,`description`,`tls_connect`,`tls_accept`,`tls_issuer`,`tls_subject`,`tls_psk_identity`,`tls_psk`,`proxy_address`,`auto_compress`) values ('10209',NULL,'Template Module Brocade_Foundry Performance SNMPv2','3','0','-1','2','','','0','0','0','Template Module Brocade_Foundry Performance SNMPv2','0',NULL,'Template Module Brocade_Foundry Performance version: 0.15\r\nMIBs used:\r\nFOUNDRY-SN-AGENT-MIB','1','1','','','','','','1');
INSERT INTO `hosts` (`hostid`,`proxy_hostid`,`host`,`status`,`available`,`ipmi_authtype`,`ipmi_privilege`,`ipmi_username`,`ipmi_password`,`ipmi_available`,`snmp_available`,`jmx_available`,`name`,`flags`,`templateid`,`description`,`tls_connect`,`tls_accept`,`tls_issuer`,`tls_subject`,`tls_psk_identity`,`tls_psk`,`proxy_address`,`auto_compress`) values ('10210',NULL,'Template Net Brocade_Foundry Nonstackable SNMPv2','3','0','-1','2','','','0','0','0','Template Net Brocade_Foundry Nonstackable SNMPv2','0',NULL,'Template Net Brocade_Foundry Nonstackable version: 0.15\r\nOverview: For devices(old Foundry devices, MLXe and so on) that doesn\'t support Stackable SNMP Tables: snChasFan2Table, snChasPwrSupply2Table,snAgentTemp2Table -\r\nFOUNDRY-SN-AGENT-MIB::snChasFanTable, snChasPwrSupplyTable,snAgentTempTable are used instead.\r\nFor example:\r\nThe objects in table snChasPwrSupply2Table is not supported on the NetIron and the FastIron SX devices.\r\nsnChasFan2Table is not supported on  on the NetIron devices.\r\nsnAgentTemp2Table is not supported on old versions of MLXe\r\nMIBs used:\r\nFOUNDRY-SN-AGENT-MIB','1','1','','','','','','1');
INSERT INTO `hosts` (`hostid`,`proxy_hostid`,`host`,`status`,`available`,`ipmi_authtype`,`ipmi_privilege`,`ipmi_username`,`ipmi_password`,`ipmi_available`,`snmp_available`,`jmx_available`,`name`,`flags`,`templateid`,`description`,`tls_connect`,`tls_accept`,`tls_issuer`,`tls_subject`,`tls_psk_identity`,`tls_psk`,`proxy_address`,`auto_compress`) values ('10211',NULL,'Template Net Brocade_Foundry Stackable SNMPv2','3','0','-1','2','','','0','0','0','Template Net Brocade_Foundry Stackable SNMPv2','0',NULL,'Template Brocade_Foundry Stackable version: 0.15\r\nOverview: For devices(most of the IronWare Brocade devices) that support Stackable SNMP Tables in FOUNDRY-SN-AGENT-MIB: snChasFan2Table, snChasPwrSupply2Table,snAgentTemp2Table - so objects from all Stack members are provided.\r\nMIBs used:\r\nFOUNDRY-SN-AGENT-MIB\r\nFOUNDRY-SN-STACKING-MIB\r\nKnown Issues:\r\ndescription : Correct fan(returns fan status as \'other(1)\' and temperature (returns 0) for the non-master Switches are not available in SNMP\r\nversion : Version 08.0.40b and above\r\ndevice : ICX 7750 in stack','1','1','','','','','','1');
INSERT INTO `hosts` (`hostid`,`proxy_hostid`,`host`,`status`,`available`,`ipmi_authtype`,`ipmi_privilege`,`ipmi_username`,`ipmi_password`,`ipmi_available`,`snmp_available`,`jmx_available`,`name`,`flags`,`templateid`,`description`,`tls_connect`,`tls_accept`,`tls_issuer`,`tls_subject`,`tls_psk_identity`,`tls_psk`,`proxy_address`,`auto_compress`) values ('10212',NULL,'Template Module Cisco CISCO-MEMORY-POOL-MIB SNMPv2','3','0','-1','2','','','0','0','0','Template Module Cisco CISCO-MEMORY-POOL-MIB SNMPv2','0',NULL,'Template Cisco CISCO-MEMORY-POOL-MIB version: 0.15\r\nMIBs used:\r\nCISCO-MEMORY-POOL-MIB','1','1','','','','','','1');
INSERT INTO `hosts` (`hostid`,`proxy_hostid`,`host`,`status`,`available`,`ipmi_authtype`,`ipmi_privilege`,`ipmi_username`,`ipmi_password`,`ipmi_available`,`snmp_available`,`jmx_available`,`name`,`flags`,`templateid`,`description`,`tls_connect`,`tls_accept`,`tls_issuer`,`tls_subject`,`tls_psk_identity`,`tls_psk`,`proxy_address`,`auto_compress`) values ('10213',NULL,'Template Module Cisco CISCO-PROCESS-MIB SNMPv2','3','0','-1','2','','','0','0','0','Template Module Cisco CISCO-PROCESS-MIB SNMPv2','0',NULL,'Template Cisco CISCO-PROCESS-MIB version: 0.15\r\nMIBs used:\r\nCISCO-PROCESS-MIB','1','1','','','','','','1');
INSERT INTO `hosts` (`hostid`,`proxy_hostid`,`host`,`status`,`available`,`ipmi_authtype`,`ipmi_privilege`,`ipmi_username`,`ipmi_password`,`ipmi_available`,`snmp_available`,`jmx_available`,`name`,`flags`,`templateid`,`description`,`tls_connect`,`tls_accept`,`tls_issuer`,`tls_subject`,`tls_psk_identity`,`tls_psk`,`proxy_address`,`auto_compress`) values ('10215',NULL,'Template Module Cisco OLD-CISCO-CPU-MIB SNMPv2','3','0','-1','2','','','0','0','0','Template Module Cisco OLD-CISCO-CPU-MIB SNMPv2','0',NULL,'Template Cisco OLD-CISCO-CPU-MIB version: 0.15\r\nMIBs used:\r\nOLD-CISCO-CPU-MIB','1','1','','','','','','1');
INSERT INTO `hosts` (`hostid`,`proxy_hostid`,`host`,`status`,`available`,`ipmi_authtype`,`ipmi_privilege`,`ipmi_username`,`ipmi_password`,`ipmi_available`,`snmp_available`,`jmx_available`,`name`,`flags`,`templateid`,`description`,`tls_connect`,`tls_accept`,`tls_issuer`,`tls_subject`,`tls_psk_identity`,`tls_psk`,`proxy_address`,`auto_compress`) values ('10216',NULL,'Template Module Cisco Inventory SNMPv2','3','0','-1','2','','','0','0','0','Template Module Cisco Inventory SNMPv2','0',NULL,'Template Cisco Inventory version: 0.15\r\nMIBs used:\r\nENTITY-MIB\r\nSNMPv2-MIB','1','1','','','','','','1');
INSERT INTO `hosts` (`hostid`,`proxy_hostid`,`host`,`status`,`available`,`ipmi_authtype`,`ipmi_privilege`,`ipmi_username`,`ipmi_password`,`ipmi_available`,`snmp_available`,`jmx_available`,`name`,`flags`,`templateid`,`description`,`tls_connect`,`tls_accept`,`tls_issuer`,`tls_subject`,`tls_psk_identity`,`tls_psk`,`proxy_address`,`auto_compress`) values ('10217',NULL,'Template Module Cisco CISCO-ENVMON-MIB SNMPv2','3','0','-1','2','','','0','0','0','Template Module Cisco CISCO-ENVMON-MIB SNMPv2','0',NULL,'Template Cisco CISCO-ENVMON-MIB version: 0.15\r\nMIBs used:\r\nCISCO-ENVMON-MIB','1','1','','','','','','1');
INSERT INTO `hosts` (`hostid`,`proxy_hostid`,`host`,`status`,`available`,`ipmi_authtype`,`ipmi_privilege`,`ipmi_username`,`ipmi_password`,`ipmi_available`,`snmp_available`,`jmx_available`,`name`,`flags`,`templateid`,`description`,`tls_connect`,`tls_accept`,`tls_issuer`,`tls_subject`,`tls_psk_identity`,`tls_psk`,`proxy_address`,`auto_compress`) values ('10218',NULL,'Template Net Cisco IOS SNMPv2','3','0','-1','2','','','0','0','0','Template Net Cisco IOS SNMPv2','0',NULL,'Template Cisco IOS Software releases 12.2(3.5) or later version: 0.15\r\nKnown Issues:\r\ndescription : no if(in|out)(Errors|Discards) are available for vlan ifType\r\nversion : IOS for example: 12.1(22)EA11, 15.4(3)M2\r\ndevice : C2911, C7600','1','1','','','','','','1');
INSERT INTO `hosts` (`hostid`,`proxy_hostid`,`host`,`status`,`available`,`ipmi_authtype`,`ipmi_privilege`,`ipmi_username`,`ipmi_password`,`ipmi_available`,`snmp_available`,`jmx_available`,`name`,`flags`,`templateid`,`description`,`tls_connect`,`tls_accept`,`tls_issuer`,`tls_subject`,`tls_psk_identity`,`tls_psk`,`proxy_address`,`auto_compress`) values ('10220',NULL,'Template Net Cisco IOS prior to 12.0_3_T SNMPv2','3','0','-1','2','','','0','0','0','Template Net Cisco IOS prior to 12.0_3_T SNMPv2','0',NULL,'Cisco IOS Software releases prior to 12.0(3)T version: 0.15','1','1','','','','','','1');
INSERT INTO `hosts` (`hostid`,`proxy_hostid`,`host`,`status`,`available`,`ipmi_authtype`,`ipmi_privilege`,`ipmi_username`,`ipmi_password`,`ipmi_available`,`snmp_available`,`jmx_available`,`name`,`flags`,`templateid`,`description`,`tls_connect`,`tls_accept`,`tls_issuer`,`tls_subject`,`tls_psk_identity`,`tls_psk`,`proxy_address`,`auto_compress`) values ('10221',NULL,'Template Net Dell Force S-Series SNMPv2','3','0','-1','2','','','0','0','0','Template Net Dell Force S-Series SNMPv2','0',NULL,'Template Dell Force S-Series version: 0.15\r\nMIBs used:\r\nF10-S-SERIES-CHASSIS-MIB','1','1','','','','','','1');
INSERT INTO `hosts` (`hostid`,`proxy_hostid`,`host`,`status`,`available`,`ipmi_authtype`,`ipmi_privilege`,`ipmi_username`,`ipmi_password`,`ipmi_available`,`snmp_available`,`jmx_available`,`name`,`flags`,`templateid`,`description`,`tls_connect`,`tls_accept`,`tls_issuer`,`tls_subject`,`tls_psk_identity`,`tls_psk`,`proxy_address`,`auto_compress`) values ('10222',NULL,'Template Net D-Link DES 7200 SNMPv2','3','0','-1','2','','','0','0','0','Template Net D-Link DES 7200 SNMPv2','0',NULL,'Template D-Link DES 7200 version: 0.15\r\nMIBs used:\r\nMY-PROCESS-MIB\r\nSNMPv2-MIB\r\nMY-MEMORY-MIB\r\nENTITY-MIB\r\nMY-SYSTEM-MIB','1','1','','','','','','1');
INSERT INTO `hosts` (`hostid`,`proxy_hostid`,`host`,`status`,`available`,`ipmi_authtype`,`ipmi_privilege`,`ipmi_username`,`ipmi_password`,`ipmi_available`,`snmp_available`,`jmx_available`,`name`,`flags`,`templateid`,`description`,`tls_connect`,`tls_accept`,`tls_issuer`,`tls_subject`,`tls_psk_identity`,`tls_psk`,`proxy_address`,`auto_compress`) values ('10223',NULL,'Template Net D-Link DES_DGS Switch SNMPv2','3','0','-1','2','','','0','0','0','Template Net D-Link DES_DGS Switch SNMPv2','0',NULL,'Template D-Link DES_DGS Switch version: 0.15\r\nMIBs used:\r\nDLINK-AGENT-MIB\r\nSNMPv2-MIB\r\nENTITY-MIB\r\nEQUIPMENT-MIB\r\nKnown Issues:\r\ndescription : D-Link reports missing PSU as fail(4)\r\nversion : Firmware: 1.73R008,hardware revision: B1\r\ndevice : DGS-3420-26SC Gigabit Ethernet Switch','1','1','','','','','','1');
INSERT INTO `hosts` (`hostid`,`proxy_hostid`,`host`,`status`,`available`,`ipmi_authtype`,`ipmi_privilege`,`ipmi_username`,`ipmi_password`,`ipmi_available`,`snmp_available`,`jmx_available`,`name`,`flags`,`templateid`,`description`,`tls_connect`,`tls_accept`,`tls_issuer`,`tls_subject`,`tls_psk_identity`,`tls_psk`,`proxy_address`,`auto_compress`) values ('10224',NULL,'Template Net Extreme EXOS SNMPv2','3','0','-1','2','','','0','0','0','Template Net Extreme EXOS SNMPv2','0',NULL,'Template Extreme EXOS version: 0.15\r\nMIBs used:\r\nEXTREME-SOFTWARE-MONITOR-MIB\r\nEXTREME-SYSTEM-MIB\r\nENTITY-MIB','1','1','','','','','','1');
INSERT INTO `hosts` (`hostid`,`proxy_hostid`,`host`,`status`,`available`,`ipmi_authtype`,`ipmi_privilege`,`ipmi_username`,`ipmi_password`,`ipmi_available`,`snmp_available`,`jmx_available`,`name`,`flags`,`templateid`,`description`,`tls_connect`,`tls_accept`,`tls_issuer`,`tls_subject`,`tls_psk_identity`,`tls_psk`,`proxy_address`,`auto_compress`) values ('10225',NULL,'Template Net Network Generic Device SNMPv1','3','0','-1','2','','','0','0','0','Template Net Network Generic Device SNMPv1','0',NULL,'Template Net Network Generic Device version: 0.15\r\nOverview: Use this template if you can\'t find the template for specific vendor or device family.','1','1','','','','','','1');
INSERT INTO `hosts` (`hostid`,`proxy_hostid`,`host`,`status`,`available`,`ipmi_authtype`,`ipmi_privilege`,`ipmi_username`,`ipmi_password`,`ipmi_available`,`snmp_available`,`jmx_available`,`name`,`flags`,`templateid`,`description`,`tls_connect`,`tls_accept`,`tls_issuer`,`tls_subject`,`tls_psk_identity`,`tls_psk`,`proxy_address`,`auto_compress`) values ('10226',NULL,'Template Net Network Generic Device SNMPv2','3','0','-1','2','','','0','0','0','Template Net Network Generic Device SNMPv2','0',NULL,'Template Net Network Generic Device version: 0.15\r\nOverview: Use this template if you can\'t find the template for specific vendor or device family.','1','1','','','','','','1');
INSERT INTO `hosts` (`hostid`,`proxy_hostid`,`host`,`status`,`available`,`ipmi_authtype`,`ipmi_privilege`,`ipmi_username`,`ipmi_password`,`ipmi_available`,`snmp_available`,`jmx_available`,`name`,`flags`,`templateid`,`description`,`tls_connect`,`tls_accept`,`tls_issuer`,`tls_subject`,`tls_psk_identity`,`tls_psk`,`proxy_address`,`auto_compress`) values ('10227',NULL,'Template Net HP Comware HH3C SNMPv2','3','0','-1','2','','','0','0','0','Template Net HP Comware HH3C SNMPv2','0',NULL,'Template Net HP Comware (HH3C) version: 0.15\r\nOverview: http://certifiedgeek.weebly.com/blog/hp-comware-snmp-mib-for-cpu-memory-and-temperature\r\nhttp://www.h3c.com.hk/products___solutions/technology/system_management/configuration_example/200912/656451_57_0.htm\r\nMIBs used:\r\nENTITY-MIB\r\nHH3C-ENTITY-EXT-MIB\r\nKnown Issues:\r\ndescription : No temperature sensors. All entities of them return 0 for HH3C-ENTITY-EXT-MIB::hh3cEntityExtTemperature\r\nversion : 1910-48 Switch Software Version 5.20.99, Release 1116 Copyright(c)2010-2016 Hewlett Packard Enterprise Development LP\r\ndevice : HP 1910-48','1','1','','','','','','1');
INSERT INTO `hosts` (`hostid`,`proxy_hostid`,`host`,`status`,`available`,`ipmi_authtype`,`ipmi_privilege`,`ipmi_username`,`ipmi_password`,`ipmi_available`,`snmp_available`,`jmx_available`,`name`,`flags`,`templateid`,`description`,`tls_connect`,`tls_accept`,`tls_issuer`,`tls_subject`,`tls_psk_identity`,`tls_psk`,`proxy_address`,`auto_compress`) values ('10229',NULL,'Template Net Huawei VRP SNMPv2','3','0','-1','2','','','0','0','0','Template Net Huawei VRP SNMPv2','0',NULL,'Template Net Huawei VRP version: 0.15\r\nOverview: Reference: https://www.slideshare.net/Huanetwork/huawei-s5700-naming-conventions-and-port-numbering-conventions\r\nReference: http://support.huawei.com/enterprise/KnowledgebaseReadAction.action?contentId=KB1000090234\r\nMIBs used:\r\nHUAWEI-ENTITY-EXTENT-MIB\r\nENTITY-MIB','1','1','','','','','','1');
INSERT INTO `hosts` (`hostid`,`proxy_hostid`,`host`,`status`,`available`,`ipmi_authtype`,`ipmi_privilege`,`ipmi_username`,`ipmi_password`,`ipmi_available`,`snmp_available`,`jmx_available`,`name`,`flags`,`templateid`,`description`,`tls_connect`,`tls_accept`,`tls_issuer`,`tls_subject`,`tls_psk_identity`,`tls_psk`,`proxy_address`,`auto_compress`) values ('10230',NULL,'Template Net Intel_Qlogic Infiniband SNMPv2','3','0','-1','2','','','0','0','0','Template Net Intel_Qlogic Infiniband SNMPv2','0',NULL,'Template Net Intel_Qlogic Infiniband version: 0.15\r\nMIBs used:\r\nICS-CHASSIS-MIB','1','1','','','','','','1');
INSERT INTO `hosts` (`hostid`,`proxy_hostid`,`host`,`status`,`available`,`ipmi_authtype`,`ipmi_privilege`,`ipmi_username`,`ipmi_password`,`ipmi_available`,`snmp_available`,`jmx_available`,`name`,`flags`,`templateid`,`description`,`tls_connect`,`tls_accept`,`tls_issuer`,`tls_subject`,`tls_psk_identity`,`tls_psk`,`proxy_address`,`auto_compress`) values ('10231',NULL,'Template Net Juniper SNMPv2','3','0','-1','2','','','0','0','0','Template Net Juniper SNMPv2','0',NULL,'Template Net Juniper version: 0.15\r\nMIBs used:\r\nJUNIPER-ALARM-MIB\r\nJUNIPER-MIB\r\nSNMPv2-MIB','1','1','','','','','','1');
INSERT INTO `hosts` (`hostid`,`proxy_hostid`,`host`,`status`,`available`,`ipmi_authtype`,`ipmi_privilege`,`ipmi_username`,`ipmi_password`,`ipmi_available`,`snmp_available`,`jmx_available`,`name`,`flags`,`templateid`,`description`,`tls_connect`,`tls_accept`,`tls_issuer`,`tls_subject`,`tls_psk_identity`,`tls_psk`,`proxy_address`,`auto_compress`) values ('10233',NULL,'Template Net Mikrotik SNMPv2','3','0','-1','2','','','0','0','0','Template Net Mikrotik SNMPv2','0',NULL,'Template Net Mikrotik version: 0.15\r\nMIBs used:\r\nHOST-RESOURCES-MIB\r\nMIKROTIK-MIB\r\nKnown Issues:\r\ndescription : Doesn\'t have ifHighSpeed filled. fixed in more recent versions\r\nversion : RotuerOS 6.28 or lower\r\ndevice : \r\ndescription : Doesn\'t have any temperature sensors\r\nversion : RotuerOS 6.38.5\r\ndevice : Mikrotik 941-2nD, Mikrotik 951G-2HnD','1','1','','','','','','1');
INSERT INTO `hosts` (`hostid`,`proxy_hostid`,`host`,`status`,`available`,`ipmi_authtype`,`ipmi_privilege`,`ipmi_username`,`ipmi_password`,`ipmi_available`,`snmp_available`,`jmx_available`,`name`,`flags`,`templateid`,`description`,`tls_connect`,`tls_accept`,`tls_issuer`,`tls_subject`,`tls_psk_identity`,`tls_psk`,`proxy_address`,`auto_compress`) values ('10234',NULL,'Template Net Netgear Fastpath SNMPv2','3','0','-1','2','','','0','0','0','Template Net Netgear Fastpath SNMPv2','0',NULL,'Template Net Netgear Fastpath version: 0.15\r\nOverview: https://kb.netgear.com/24352/MIBs-for-Smart-switches\r\nMIBs used:\r\nFASTPATH-SWITCHING-MIB\r\nFASTPATH-BOXSERVICES-PRIVATE-MIB','1','1','','','','','','1');
INSERT INTO `hosts` (`hostid`,`proxy_hostid`,`host`,`status`,`available`,`ipmi_authtype`,`ipmi_privilege`,`ipmi_username`,`ipmi_password`,`ipmi_available`,`snmp_available`,`jmx_available`,`name`,`flags`,`templateid`,`description`,`tls_connect`,`tls_accept`,`tls_issuer`,`tls_subject`,`tls_psk_identity`,`tls_psk`,`proxy_address`,`auto_compress`) values ('10235',NULL,'Template Net QTech QSW SNMPv2','3','0','-1','2','','','0','0','0','Template Net QTech QSW SNMPv2','0',NULL,'Template Net QTech QSW version: 0.15\r\nMIBs used:\r\nQTECH-MIB\r\nENTITY-MIB','1','1','','','','','','1');
INSERT INTO `hosts` (`hostid`,`proxy_hostid`,`host`,`status`,`available`,`ipmi_authtype`,`ipmi_privilege`,`ipmi_username`,`ipmi_password`,`ipmi_available`,`snmp_available`,`jmx_available`,`name`,`flags`,`templateid`,`description`,`tls_connect`,`tls_accept`,`tls_issuer`,`tls_subject`,`tls_psk_identity`,`tls_psk`,`proxy_address`,`auto_compress`) values ('10236',NULL,'Template Net TP-LINK SNMPv2','3','0','-1','2','','','0','0','0','Template Net TP-LINK SNMPv2','0',NULL,'Template Net TP-LINK JetStream version: 0.15\r\nOverview: Link to MIBs: http://www.tp-linkru.com/download/T2600G-28TS.html#MIBs_Files\r\nSample device overview page: http://www.tp-linkru.com/products/details/cat-39_T2600G-28TS.html#overview\r\nemulation page(web): http://www.tp-linkru.com/resources/simulator/T2600G-28TS(UN)_1.0/Index.htm\r\nMIBs used:\r\nTPLINK-SYSINFO-MIB\r\nTPLINK-SYSMONITOR-MIB\r\nKnown Issues:\r\ndescription : default sysLocation, sysName and sysContact is not filled with proper data. Real hostname and location can be found only in private branch(TPLINK-SYSINFO-MIB). Please check whether this problem exists in the latest firware: http://www.tp-linkru.com/download/T2600G-28TS.html#Firmware\r\nversion : 2.0.0 Build 20170628 Rel.55184(Beta)\r\ndevice : T2600G-28TS 2.0\r\ndescription : The Serial number of the product(tpSysInfoSerialNum) is missing in HW versions prior to V2_170323\r\nversion : prior to version V2_170323\r\ndevice : T2600G-28TS 2.0','1','1','','','','','','1');
INSERT INTO `hosts` (`hostid`,`proxy_hostid`,`host`,`status`,`available`,`ipmi_authtype`,`ipmi_privilege`,`ipmi_username`,`ipmi_password`,`ipmi_available`,`snmp_available`,`jmx_available`,`name`,`flags`,`templateid`,`description`,`tls_connect`,`tls_accept`,`tls_issuer`,`tls_subject`,`tls_psk_identity`,`tls_psk`,`proxy_address`,`auto_compress`) values ('10237',NULL,'Template Net Ubiquiti AirOS SNMPv1','3','0','-1','2','','','0','0','0','Template Net Ubiquiti AirOS SNMPv1','0',NULL,'Template Net Ubiquiti AirOS version: 0.15\r\nMIBs used:\r\nIEEE802dot11-MIB\r\nFROGFOOT-RESOURCES-MIB\r\nKnown Issues:\r\ndescription : UBNT unifi reports speed: like IF-MIB::ifSpeed.1 = Gauge32: 4294967295 for all interfaces\r\nversion : Firmware: BZ.ar7240.v3.7.51.6230.170322.1513\r\ndevice : UBNT UAP-LR\r\ndescription : UBNT AirMax(NanoStation, NanoBridge etc) reports ifSpeed: as 0 for VLAN and wireless(ath0) interfaces\r\nversion : Firmware: XW.ar934x.v5.6-beta4.22359.140521.1836\r\ndevice : NanoStation M5\r\ndescription : UBNT AirMax(NanoStation, NanoBridge etc) reports always return ifType: as ethernet(6) even for wifi,vlans and other types\r\nversion : Firmware: XW.ar934x.v5.6-beta4.22359.140521.1836\r\ndevice : NanoStation M5\r\ndescription : ifXTable is not provided in IF-MIB. So Interfaces Simple Template is used instead\r\nversion : all above\r\ndevice : NanoStation, UAP-LR','1','1','','','','','','1');
INSERT INTO `hosts` (`hostid`,`proxy_hostid`,`host`,`status`,`available`,`ipmi_authtype`,`ipmi_privilege`,`ipmi_username`,`ipmi_password`,`ipmi_available`,`snmp_available`,`jmx_available`,`name`,`flags`,`templateid`,`description`,`tls_connect`,`tls_accept`,`tls_issuer`,`tls_subject`,`tls_psk_identity`,`tls_psk`,`proxy_address`,`auto_compress`) values ('10248',NULL,'Template OS Linux SNMPv2','3','0','-1','2','','','0','0','0','Template OS Linux SNMPv2','0',NULL,'Template OS Linux version: 0.15','1','1','','','','','','1');
INSERT INTO `hosts` (`hostid`,`proxy_hostid`,`host`,`status`,`available`,`ipmi_authtype`,`ipmi_privilege`,`ipmi_username`,`ipmi_password`,`ipmi_available`,`snmp_available`,`jmx_available`,`name`,`flags`,`templateid`,`description`,`tls_connect`,`tls_accept`,`tls_issuer`,`tls_subject`,`tls_psk_identity`,`tls_psk`,`proxy_address`,`auto_compress`) values ('10249',NULL,'Template OS Windows SNMPv2','3','0','-1','2','','','0','0','0','Template OS Windows SNMPv2','0',NULL,'Template OS Windows version: 0.15\r\nKnown Issues:\r\ndescription : Doesn\'t support In/Out 64 bit counters even thoug1h IfxTable is present:\r\nCurrently, Windows gets it’s interface status from MIB-2. Since these 64bit SNMP counters (ifHCInOctets, ifHCOutOctets, etc.) are defined as an extension to IF-MIB, Microsoft has not implemented it.\r\nhttps://social.technet.microsoft.com/Forums/windowsserver/en-US/07b62ff0-94f6-40ca-a99d-d129c1b33d70/windows-2008-r2-snmp-64bit-counters-support?forum=winservergen\r\n\r\nversion : Win2008, Win2012R2\r\ndevice : \r\ndescription : Doesn\'t support ifXTable at all\r\nversion : WindowsXP\r\ndevice : \r\ndescription : EtherLike MIB is not supported\r\nversion : *\r\ndevice : *','1','1','','','','','','1');
INSERT INTO `hosts` (`hostid`,`proxy_hostid`,`host`,`status`,`available`,`ipmi_authtype`,`ipmi_privilege`,`ipmi_username`,`ipmi_password`,`ipmi_available`,`snmp_available`,`jmx_available`,`name`,`flags`,`templateid`,`description`,`tls_connect`,`tls_accept`,`tls_issuer`,`tls_subject`,`tls_psk_identity`,`tls_psk`,`proxy_address`,`auto_compress`) values ('10250',NULL,'Template Net HP Enterprise Switch SNMPv2','3','0','-1','2','','','0','0','0','Template Net HP Enterprise Switch SNMPv2','0',NULL,'Template Net HP Enterprise Switch version: 0.15\r\nMIBs used:\r\nSEMI-MIB\r\nNETSWITCH-MIB\r\nHP-ICF-CHASSIS\r\nENTITY-SENSORS-MIB\r\nENTITY-MIB\r\nSTATISTICS-MIB','1','1','','','','','','1');
INSERT INTO `hosts` (`hostid`,`proxy_hostid`,`host`,`status`,`available`,`ipmi_authtype`,`ipmi_privilege`,`ipmi_username`,`ipmi_password`,`ipmi_available`,`snmp_available`,`jmx_available`,`name`,`flags`,`templateid`,`description`,`tls_connect`,`tls_accept`,`tls_issuer`,`tls_subject`,`tls_psk_identity`,`tls_psk`,`proxy_address`,`auto_compress`) values ('10251',NULL,'Template Net Mellanox SNMPv2','3','0','-1','2','','','0','0','0','Template Net Mellanox SNMPv2','0',NULL,'Template Net Mellanox version: 0.15\r\nMIBs used:\r\nENTITY-SENSORS-MIB\r\nENTITY-STATE-MIB\r\nENTITY-MIB','1','1','','','','','','1');
INSERT INTO `hosts` (`hostid`,`proxy_hostid`,`host`,`status`,`available`,`ipmi_authtype`,`ipmi_privilege`,`ipmi_username`,`ipmi_password`,`ipmi_available`,`snmp_available`,`jmx_available`,`name`,`flags`,`templateid`,`description`,`tls_connect`,`tls_accept`,`tls_issuer`,`tls_subject`,`tls_psk_identity`,`tls_psk`,`proxy_address`,`auto_compress`) values ('10252',NULL,'Template Module Cisco CISCO-PROCESS-MIB IOS versions 12.0_3_T-12.2_3.5 SNMPv2','3','0','-1','2','','','0','0','0','Template Module Cisco CISCO-PROCESS-MIB IOS versions 12.0_3_T-12.2_3.5 SNMPv2','0',NULL,'Template Module Cisco CISCO-PROCESS-MIB IOS versions 12.0_3_T-12.2_3.5 version: 0.15\r\nMIBs used:\r\nCISCO-PROCESS-MIB','1','1','','','','','','1');
INSERT INTO `hosts` (`hostid`,`proxy_hostid`,`host`,`status`,`available`,`ipmi_authtype`,`ipmi_privilege`,`ipmi_username`,`ipmi_password`,`ipmi_available`,`snmp_available`,`jmx_available`,`name`,`flags`,`templateid`,`description`,`tls_connect`,`tls_accept`,`tls_issuer`,`tls_subject`,`tls_psk_identity`,`tls_psk`,`proxy_address`,`auto_compress`) values ('10253',NULL,'Template Net Cisco IOS versions 12.0_3_T-12.2_3.5 SNMPv2','3','0','-1','2','','','0','0','0','Template Net Cisco IOS versions 12.0_3_T-12.2_3.5 SNMPv2','0',NULL,'Cisco IOS Software releases later to 12.0(3)T and prior to 12.2(3.5) version: 0.15','1','1','','','','','','1');
INSERT INTO `hosts` (`hostid`,`proxy_hostid`,`host`,`status`,`available`,`ipmi_authtype`,`ipmi_privilege`,`ipmi_username`,`ipmi_password`,`ipmi_available`,`snmp_available`,`jmx_available`,`name`,`flags`,`templateid`,`description`,`tls_connect`,`tls_accept`,`tls_issuer`,`tls_subject`,`tls_psk_identity`,`tls_psk`,`proxy_address`,`auto_compress`) values ('10254',NULL,'Template Net Arista SNMPv2','3','0','-1','2','','','0','0','0','Template Net Arista SNMPv2','0',NULL,'Template Net Arista version: 0.15\r\nMIBs used:\r\nHOST-RESOURCES-MIB\r\nENTITY-SENSORS-MIB\r\nENTITY-STATE-MIB\r\nENTITY-MIB','1','1','','','','','','1');
INSERT INTO `hosts` (`hostid`,`proxy_hostid`,`host`,`status`,`available`,`ipmi_authtype`,`ipmi_privilege`,`ipmi_username`,`ipmi_password`,`ipmi_available`,`snmp_available`,`jmx_available`,`name`,`flags`,`templateid`,`description`,`tls_connect`,`tls_accept`,`tls_issuer`,`tls_subject`,`tls_psk_identity`,`tls_psk`,`proxy_address`,`auto_compress`) values ('10255',NULL,'Template Server Dell iDRAC SNMPv2','3','0','-1','2','','','0','0','0','Template Server Dell iDRAC SNMPv2','0',NULL,'Template Server iDRAC version: 0.15\r\nOverview: for Dell servers with iDRAC controllers\r\nhttp://www.dell.com/support/manuals/us/en/19/dell-openmanage-server-administrator-v8.3/snmp_idrac8/idrac-mib?guid=guid-e686536d-bc8e-4e09-8e8b-de8eb052efee\r\nSupported systems: http://www.dell.com/support/manuals/us/en/04/dell-openmanage-server-administrator-v8.3/snmp_idrac8/supported-systems?guid=guid-f72b75ba-e686-4e8a-b8c5-ca11c7c21381\r\nMIBs used:\r\nIDRAC-MIB-SMIv2','1','1','','','','','','1');
INSERT INTO `hosts` (`hostid`,`proxy_hostid`,`host`,`status`,`available`,`ipmi_authtype`,`ipmi_privilege`,`ipmi_username`,`ipmi_password`,`ipmi_available`,`snmp_available`,`jmx_available`,`name`,`flags`,`templateid`,`description`,`tls_connect`,`tls_accept`,`tls_issuer`,`tls_subject`,`tls_psk_identity`,`tls_psk`,`proxy_address`,`auto_compress`) values ('10256',NULL,'Template Server HP iLO SNMPv2','3','0','-1','2','','','0','0','0','Template Server HP iLO SNMPv2','0',NULL,'Template Server HP iLO version: 0.15\r\nOverview: for HP iLO adapters that support SNMP get. Or via operating system, using SNMP HP subagent\r\nMIBs used:\r\nCPQSINFO-MIB\r\nCPQHLTH-MIB\r\nCPQIDA-MIB','1','1','','','','','','1');
INSERT INTO `hosts` (`hostid`,`proxy_hostid`,`host`,`status`,`available`,`ipmi_authtype`,`ipmi_privilege`,`ipmi_username`,`ipmi_password`,`ipmi_available`,`snmp_available`,`jmx_available`,`name`,`flags`,`templateid`,`description`,`tls_connect`,`tls_accept`,`tls_issuer`,`tls_subject`,`tls_psk_identity`,`tls_psk`,`proxy_address`,`auto_compress`) values ('10257',NULL,'Template Server IBM IMM SNMPv1','3','0','-1','2','','','0','0','0','Template Server IBM IMM SNMPv1','0',NULL,'Template Server IBM IMM version: 0.15\r\nOverview: for IMM2 and IMM1 IBM serverX hardware\r\nMIBs used:\r\nIMM-MIB\r\nKnown Issues:\r\ndescription : Some IMMs (IMM1) do not return disks\r\nversion : IMM1\r\ndevice : IBM x3250M3\r\ndescription : Some IMMs (IMM1) do not return fan status: fanHealthStatus\r\nversion : IMM1\r\ndevice : IBM x3250M3\r\ndescription : IMM1 servers (M2, M3 generations) sysObjectID is NET-SNMP-MIB::netSnmpAgentOIDs.10\r\nversion : IMM1\r\ndevice : IMM1 servers (M2,M3 generations)\r\ndescription : IMM1 servers (M2, M3 generations) only Ambient temperature sensor available\r\nversion : IMM1\r\ndevice : IMM1 servers (M2,M3 generations)','1','1','','','','','','1');
INSERT INTO `hosts` (`hostid`,`proxy_hostid`,`host`,`status`,`available`,`ipmi_authtype`,`ipmi_privilege`,`ipmi_username`,`ipmi_password`,`ipmi_available`,`snmp_available`,`jmx_available`,`name`,`flags`,`templateid`,`description`,`tls_connect`,`tls_accept`,`tls_issuer`,`tls_subject`,`tls_psk_identity`,`tls_psk`,`proxy_address`,`auto_compress`) values ('10258',NULL,'Template Server IBM IMM SNMPv2','3','0','-1','2','','','0','0','0','Template Server IBM IMM SNMPv2','0',NULL,'Template Server IBM IMM version: 0.15\r\nOverview: for IMM2 and IMM1 IBM serverX hardware\r\nMIBs used:\r\nIMM-MIB\r\nKnown Issues:\r\ndescription : Some IMMs (IMM1) do not return disks\r\nversion : IMM1\r\ndevice : IBM x3250M3\r\ndescription : Some IMMs (IMM1) do not return fan status: fanHealthStatus\r\nversion : IMM1\r\ndevice : IBM x3250M3\r\ndescription : IMM1 servers (M2, M3 generations) sysObjectID is NET-SNMP-MIB::netSnmpAgentOIDs.10\r\nversion : IMM1\r\ndevice : IMM1 servers (M2,M3 generations)\r\ndescription : IMM1 servers (M2, M3 generations) only Ambient temperature sensor available\r\nversion : IMM1\r\ndevice : IMM1 servers (M2,M3 generations)','1','1','','','','','','1');
INSERT INTO `hosts` (`hostid`,`proxy_hostid`,`host`,`status`,`available`,`ipmi_authtype`,`ipmi_privilege`,`ipmi_username`,`ipmi_password`,`ipmi_available`,`snmp_available`,`jmx_available`,`name`,`flags`,`templateid`,`description`,`tls_connect`,`tls_accept`,`tls_issuer`,`tls_subject`,`tls_psk_identity`,`tls_psk`,`proxy_address`,`auto_compress`) values ('10259',NULL,'Template Server Supermicro Aten SNMPv2','3','0','-1','2','','','0','0','0','Template Server Supermicro Aten SNMPv2','0',NULL,'Template Server Supermicro Aten version: 0.15\r\nOverview: for BMC ATEN IPMI controllers of Supermicro servers\r\nhttps://www.supermicro.com/solutions/IPMI.cfm\r\nMIBs used:\r\nATEN-IPMI-MIB','1','1','','','','','','1');
INSERT INTO `hosts` (`hostid`,`proxy_hostid`,`host`,`status`,`available`,`ipmi_authtype`,`ipmi_privilege`,`ipmi_username`,`ipmi_password`,`ipmi_available`,`snmp_available`,`jmx_available`,`name`,`flags`,`templateid`,`description`,`tls_connect`,`tls_accept`,`tls_issuer`,`tls_subject`,`tls_psk_identity`,`tls_psk`,`proxy_address`,`auto_compress`) values ('10260',NULL,'Template App Apache Tomcat JMX','3','0','-1','2','','','0','0','0','Template App Apache Tomcat JMX','0',NULL,'','1','1','','','','','','1');
INSERT INTO `hosts` (`hostid`,`proxy_hostid`,`host`,`status`,`available`,`ipmi_authtype`,`ipmi_privilege`,`ipmi_username`,`ipmi_password`,`ipmi_available`,`snmp_available`,`jmx_available`,`name`,`flags`,`templateid`,`description`,`tls_connect`,`tls_accept`,`tls_issuer`,`tls_subject`,`tls_psk_identity`,`tls_psk`,`proxy_address`,`auto_compress`) values ('10261',NULL,'Template App Remote Zabbix server','3','0','-1','2','','','0','0','0','Template App Remote Zabbix server','0',NULL,'','1','1','','','','','','1');
INSERT INTO `hosts` (`hostid`,`proxy_hostid`,`host`,`status`,`available`,`ipmi_authtype`,`ipmi_privilege`,`ipmi_username`,`ipmi_password`,`ipmi_available`,`snmp_available`,`jmx_available`,`name`,`flags`,`templateid`,`description`,`tls_connect`,`tls_accept`,`tls_issuer`,`tls_subject`,`tls_psk_identity`,`tls_psk`,`proxy_address`,`auto_compress`) values ('10262',NULL,'Template App Remote Zabbix proxy','3','0','-1','2','','','0','0','0','Template App Remote Zabbix proxy','0',NULL,'','1','1','','','','','','1');
INSERT INTO `group_prototype` (`group_prototypeid`,`hostid`,`name`,`groupid`,`templateid`) values ('37','10176','{#CLUSTER.NAME}',NULL,NULL);
INSERT INTO `group_prototype` (`group_prototypeid`,`hostid`,`name`,`groupid`,`templateid`) values ('38','10176','{#DATACENTER.NAME}',NULL,NULL);
INSERT INTO `group_prototype` (`group_prototypeid`,`hostid`,`name`,`groupid`,`templateid`) values ('39','10176','','7',NULL);
INSERT INTO `group_prototype` (`group_prototypeid`,`hostid`,`name`,`groupid`,`templateid`) values ('40','10177','{#CLUSTER.NAME} (vm)',NULL,NULL);
INSERT INTO `group_prototype` (`group_prototypeid`,`hostid`,`name`,`groupid`,`templateid`) values ('41','10177','{#DATACENTER.NAME} (vm)',NULL,NULL);
INSERT INTO `group_prototype` (`group_prototypeid`,`hostid`,`name`,`groupid`,`templateid`) values ('42','10177','{#HV.NAME}',NULL,NULL);
INSERT INTO `group_prototype` (`group_prototypeid`,`hostid`,`name`,`groupid`,`templateid`) values ('43','10177','','6',NULL);
INSERT INTO `screens` (`screenid`,`name`,`hsize`,`vsize`,`templateid`,`userid`,`private`) values ('3','System performance','2','3','10001',NULL,'0');
INSERT INTO `screens` (`screenid`,`name`,`hsize`,`vsize`,`templateid`,`userid`,`private`) values ('4','Zabbix server health','2','3','10047',NULL,'0');
INSERT INTO `screens` (`screenid`,`name`,`hsize`,`vsize`,`templateid`,`userid`,`private`) values ('5','System performance','2','2','10076',NULL,'0');
INSERT INTO `screens` (`screenid`,`name`,`hsize`,`vsize`,`templateid`,`userid`,`private`) values ('6','System performance','2','2','10077',NULL,'0');
INSERT INTO `screens` (`screenid`,`name`,`hsize`,`vsize`,`templateid`,`userid`,`private`) values ('7','System performance','2','2','10075',NULL,'0');
INSERT INTO `screens` (`screenid`,`name`,`hsize`,`vsize`,`templateid`,`userid`,`private`) values ('9','System performance','2','3','10074',NULL,'0');
INSERT INTO `screens` (`screenid`,`name`,`hsize`,`vsize`,`templateid`,`userid`,`private`) values ('10','System performance','2','3','10078',NULL,'0');
INSERT INTO `screens` (`screenid`,`name`,`hsize`,`vsize`,`templateid`,`userid`,`private`) values ('16','Zabbix server','2','2',NULL,'1','0');
INSERT INTO `screens` (`screenid`,`name`,`hsize`,`vsize`,`templateid`,`userid`,`private`) values ('17','Zabbix proxy health','2','2','10048',NULL,'0');
INSERT INTO `screens` (`screenid`,`name`,`hsize`,`vsize`,`templateid`,`userid`,`private`) values ('18','System performance','1','2','10079',NULL,'0');
INSERT INTO `screens` (`screenid`,`name`,`hsize`,`vsize`,`templateid`,`userid`,`private`) values ('19','System performance','2','2','10081',NULL,'0');
INSERT INTO `screens` (`screenid`,`name`,`hsize`,`vsize`,`templateid`,`userid`,`private`) values ('20','MySQL performance','2','1','10170',NULL,'1');
INSERT INTO `screens` (`screenid`,`name`,`hsize`,`vsize`,`templateid`,`userid`,`private`) values ('21','Zabbix server health','2','3','10261',NULL,'1');
INSERT INTO `screens` (`screenid`,`name`,`hsize`,`vsize`,`templateid`,`userid`,`private`) values ('22','Zabbix proxy health','2','2','10262',NULL,'1');
INSERT INTO `screens_items` (`screenitemid`,`screenid`,`resourcetype`,`resourceid`,`width`,`height`,`x`,`y`,`colspan`,`rowspan`,`elements`,`valign`,`halign`,`style`,`url`,`dynamic`,`sort_triggers`,`application`,`max_columns`) values ('44','16','2','1','500','100','0','0','2','1','0','0','0','0','','0','0','','3');
INSERT INTO `screens_items` (`screenitemid`,`screenid`,`resourcetype`,`resourceid`,`width`,`height`,`x`,`y`,`colspan`,`rowspan`,`elements`,`valign`,`halign`,`style`,`url`,`dynamic`,`sort_triggers`,`application`,`max_columns`) values ('45','16','0','524','400','156','0','1','1','1','0','0','0','0','','0','0','','3');
INSERT INTO `screens_items` (`screenitemid`,`screenid`,`resourcetype`,`resourceid`,`width`,`height`,`x`,`y`,`colspan`,`rowspan`,`elements`,`valign`,`halign`,`style`,`url`,`dynamic`,`sort_triggers`,`application`,`max_columns`) values ('46','16','0','525','400','100','1','1','1','1','0','0','0','0','','0','0','','3');
INSERT INTO `screens_items` (`screenitemid`,`screenid`,`resourcetype`,`resourceid`,`width`,`height`,`x`,`y`,`colspan`,`rowspan`,`elements`,`valign`,`halign`,`style`,`url`,`dynamic`,`sort_triggers`,`application`,`max_columns`) values ('179','4','0','392','500','212','0','0','1','1','0','1','0','0','','0','0','','3');
INSERT INTO `screens_items` (`screenitemid`,`screenid`,`resourcetype`,`resourceid`,`width`,`height`,`x`,`y`,`colspan`,`rowspan`,`elements`,`valign`,`halign`,`style`,`url`,`dynamic`,`sort_triggers`,`application`,`max_columns`) values ('180','4','0','404','500','100','1','0','1','1','0','1','0','0','','0','0','','3');
INSERT INTO `screens_items` (`screenitemid`,`screenid`,`resourcetype`,`resourceid`,`width`,`height`,`x`,`y`,`colspan`,`rowspan`,`elements`,`valign`,`halign`,`style`,`url`,`dynamic`,`sort_triggers`,`application`,`max_columns`) values ('181','4','0','406','555','114','0','1','1','1','0','1','0','0','','0','0','','3');
INSERT INTO `screens_items` (`screenitemid`,`screenid`,`resourcetype`,`resourceid`,`width`,`height`,`x`,`y`,`colspan`,`rowspan`,`elements`,`valign`,`halign`,`style`,`url`,`dynamic`,`sort_triggers`,`application`,`max_columns`) values ('182','4','0','410','500','128','1','1','1','1','0','1','0','0','','0','0','','3');
INSERT INTO `screens_items` (`screenitemid`,`screenid`,`resourcetype`,`resourceid`,`width`,`height`,`x`,`y`,`colspan`,`rowspan`,`elements`,`valign`,`halign`,`style`,`url`,`dynamic`,`sort_triggers`,`application`,`max_columns`) values ('183','4','0','527','500','160','0','2','1','1','0','0','0','0','','0','0','','3');
INSERT INTO `screens_items` (`screenitemid`,`screenid`,`resourcetype`,`resourceid`,`width`,`height`,`x`,`y`,`colspan`,`rowspan`,`elements`,`valign`,`halign`,`style`,`url`,`dynamic`,`sort_triggers`,`application`,`max_columns`) values ('184','4','0','788','500','160','1','2','1','1','0','0','0','0','','0','0','','3');
INSERT INTO `screens_items` (`screenitemid`,`screenid`,`resourcetype`,`resourceid`,`width`,`height`,`x`,`y`,`colspan`,`rowspan`,`elements`,`valign`,`halign`,`style`,`url`,`dynamic`,`sort_triggers`,`application`,`max_columns`) values ('185','20','0','650','500','200','0','0','1','1','0','1','0','0','','0','0','','3');
INSERT INTO `screens_items` (`screenitemid`,`screenid`,`resourcetype`,`resourceid`,`width`,`height`,`x`,`y`,`colspan`,`rowspan`,`elements`,`valign`,`halign`,`style`,`url`,`dynamic`,`sort_triggers`,`application`,`max_columns`) values ('186','20','0','649','500','270','1','0','1','1','0','1','0','0','','0','0','','3');
INSERT INTO `screens_items` (`screenitemid`,`screenid`,`resourcetype`,`resourceid`,`width`,`height`,`x`,`y`,`colspan`,`rowspan`,`elements`,`valign`,`halign`,`style`,`url`,`dynamic`,`sort_triggers`,`application`,`max_columns`) values ('187','5','0','469','500','148','0','0','1','1','0','1','0','0','','0','0','','3');
INSERT INTO `screens_items` (`screenitemid`,`screenid`,`resourcetype`,`resourceid`,`width`,`height`,`x`,`y`,`colspan`,`rowspan`,`elements`,`valign`,`halign`,`style`,`url`,`dynamic`,`sort_triggers`,`application`,`max_columns`) values ('188','5','0','471','500','100','1','0','1','1','0','0','0','0','','0','0','','3');
INSERT INTO `screens_items` (`screenitemid`,`screenid`,`resourcetype`,`resourceid`,`width`,`height`,`x`,`y`,`colspan`,`rowspan`,`elements`,`valign`,`halign`,`style`,`url`,`dynamic`,`sort_triggers`,`application`,`max_columns`) values ('189','5','0','498','500','100','0','1','1','1','0','0','0','0','','0','0','','3');
INSERT INTO `screens_items` (`screenitemid`,`screenid`,`resourcetype`,`resourceid`,`width`,`height`,`x`,`y`,`colspan`,`rowspan`,`elements`,`valign`,`halign`,`style`,`url`,`dynamic`,`sort_triggers`,`application`,`max_columns`) values ('190','5','0','540','500','100','1','1','1','1','0','0','0','0','','0','0','','3');
INSERT INTO `screens_items` (`screenitemid`,`screenid`,`resourcetype`,`resourceid`,`width`,`height`,`x`,`y`,`colspan`,`rowspan`,`elements`,`valign`,`halign`,`style`,`url`,`dynamic`,`sort_triggers`,`application`,`max_columns`) values ('191','7','0','463','500','120','0','0','1','1','0','1','0','0','','0','0','','3');
INSERT INTO `screens_items` (`screenitemid`,`screenid`,`resourcetype`,`resourceid`,`width`,`height`,`x`,`y`,`colspan`,`rowspan`,`elements`,`valign`,`halign`,`style`,`url`,`dynamic`,`sort_triggers`,`application`,`max_columns`) values ('192','7','0','462','500','106','1','0','1','1','0','1','0','0','','0','0','','3');
INSERT INTO `screens_items` (`screenitemid`,`screenid`,`resourcetype`,`resourceid`,`width`,`height`,`x`,`y`,`colspan`,`rowspan`,`elements`,`valign`,`halign`,`style`,`url`,`dynamic`,`sort_triggers`,`application`,`max_columns`) values ('193','7','0','541','500','100','0','1','1','1','0','0','0','0','','0','0','','3');
INSERT INTO `screens_items` (`screenitemid`,`screenid`,`resourcetype`,`resourceid`,`width`,`height`,`x`,`y`,`colspan`,`rowspan`,`elements`,`valign`,`halign`,`style`,`url`,`dynamic`,`sort_triggers`,`application`,`max_columns`) values ('194','7','0','464','500','300','1','1','1','1','0','0','0','0','','0','0','','3');
INSERT INTO `screens_items` (`screenitemid`,`screenid`,`resourcetype`,`resourceid`,`width`,`height`,`x`,`y`,`colspan`,`rowspan`,`elements`,`valign`,`halign`,`style`,`url`,`dynamic`,`sort_triggers`,`application`,`max_columns`) values ('195','6','0','475','500','114','0','0','1','1','0','1','0','0','','0','0','','3');
INSERT INTO `screens_items` (`screenitemid`,`screenid`,`resourcetype`,`resourceid`,`width`,`height`,`x`,`y`,`colspan`,`rowspan`,`elements`,`valign`,`halign`,`style`,`url`,`dynamic`,`sort_triggers`,`application`,`max_columns`) values ('196','6','0','474','500','100','1','0','1','1','0','1','0','0','','0','0','','3');
INSERT INTO `screens_items` (`screenitemid`,`screenid`,`resourcetype`,`resourceid`,`width`,`height`,`x`,`y`,`colspan`,`rowspan`,`elements`,`valign`,`halign`,`style`,`url`,`dynamic`,`sort_triggers`,`application`,`max_columns`) values ('197','6','0','542','500','100','0','1','1','1','0','0','0','0','','0','0','','3');
INSERT INTO `screens_items` (`screenitemid`,`screenid`,`resourcetype`,`resourceid`,`width`,`height`,`x`,`y`,`colspan`,`rowspan`,`elements`,`valign`,`halign`,`style`,`url`,`dynamic`,`sort_triggers`,`application`,`max_columns`) values ('198','3','0','433','500','120','0','0','1','1','0','1','0','0','','0','0','','3');
INSERT INTO `screens_items` (`screenitemid`,`screenid`,`resourcetype`,`resourceid`,`width`,`height`,`x`,`y`,`colspan`,`rowspan`,`elements`,`valign`,`halign`,`style`,`url`,`dynamic`,`sort_triggers`,`application`,`max_columns`) values ('199','3','0','387','500','148','1','0','1','1','0','1','0','0','','0','0','','3');
INSERT INTO `screens_items` (`screenitemid`,`screenid`,`resourcetype`,`resourceid`,`width`,`height`,`x`,`y`,`colspan`,`rowspan`,`elements`,`valign`,`halign`,`style`,`url`,`dynamic`,`sort_triggers`,`application`,`max_columns`) values ('200','3','0','533','500','100','0','1','1','1','0','0','0','0','','0','0','','3');
INSERT INTO `screens_items` (`screenitemid`,`screenid`,`resourcetype`,`resourceid`,`width`,`height`,`x`,`y`,`colspan`,`rowspan`,`elements`,`valign`,`halign`,`style`,`url`,`dynamic`,`sort_triggers`,`application`,`max_columns`) values ('201','3','0','436','500','300','1','1','1','1','0','0','0','0','','0','0','','3');
INSERT INTO `screens_items` (`screenitemid`,`screenid`,`resourcetype`,`resourceid`,`width`,`height`,`x`,`y`,`colspan`,`rowspan`,`elements`,`valign`,`halign`,`style`,`url`,`dynamic`,`sort_triggers`,`application`,`max_columns`) values ('202','3','1','10009','500','100','0','2','1','1','0','0','0','0','','0','0','','3');
INSERT INTO `screens_items` (`screenitemid`,`screenid`,`resourcetype`,`resourceid`,`width`,`height`,`x`,`y`,`colspan`,`rowspan`,`elements`,`valign`,`halign`,`style`,`url`,`dynamic`,`sort_triggers`,`application`,`max_columns`) values ('203','3','1','10013','500','100','1','2','1','1','0','0','0','0','','0','0','','3');
INSERT INTO `screens_items` (`screenitemid`,`screenid`,`resourcetype`,`resourceid`,`width`,`height`,`x`,`y`,`colspan`,`rowspan`,`elements`,`valign`,`halign`,`style`,`url`,`dynamic`,`sort_triggers`,`application`,`max_columns`) values ('204','18','0','487','500','100','0','0','1','1','0','0','0','0','','0','0','','3');
INSERT INTO `screens_items` (`screenitemid`,`screenid`,`resourcetype`,`resourceid`,`width`,`height`,`x`,`y`,`colspan`,`rowspan`,`elements`,`valign`,`halign`,`style`,`url`,`dynamic`,`sort_triggers`,`application`,`max_columns`) values ('205','18','0','543','500','100','0','1','1','1','0','0','0','0','','0','0','','3');
INSERT INTO `screens_items` (`screenitemid`,`screenid`,`resourcetype`,`resourceid`,`width`,`height`,`x`,`y`,`colspan`,`rowspan`,`elements`,`valign`,`halign`,`style`,`url`,`dynamic`,`sort_triggers`,`application`,`max_columns`) values ('206','9','0','457','500','120','0','0','1','1','0','1','0','0','','0','0','','3');
INSERT INTO `screens_items` (`screenitemid`,`screenid`,`resourcetype`,`resourceid`,`width`,`height`,`x`,`y`,`colspan`,`rowspan`,`elements`,`valign`,`halign`,`style`,`url`,`dynamic`,`sort_triggers`,`application`,`max_columns`) values ('207','9','0','456','500','106','1','0','1','1','0','1','0','0','','0','0','','3');
INSERT INTO `screens_items` (`screenitemid`,`screenid`,`resourcetype`,`resourceid`,`width`,`height`,`x`,`y`,`colspan`,`rowspan`,`elements`,`valign`,`halign`,`style`,`url`,`dynamic`,`sort_triggers`,`application`,`max_columns`) values ('208','9','0','544','500','100','0','1','1','1','0','0','0','0','','0','0','','3');
INSERT INTO `screens_items` (`screenitemid`,`screenid`,`resourcetype`,`resourceid`,`width`,`height`,`x`,`y`,`colspan`,`rowspan`,`elements`,`valign`,`halign`,`style`,`url`,`dynamic`,`sort_triggers`,`application`,`max_columns`) values ('209','9','0','458','500','300','1','1','1','1','0','0','0','0','','0','0','','3');
INSERT INTO `screens_items` (`screenitemid`,`screenid`,`resourcetype`,`resourceid`,`width`,`height`,`x`,`y`,`colspan`,`rowspan`,`elements`,`valign`,`halign`,`style`,`url`,`dynamic`,`sort_triggers`,`application`,`max_columns`) values ('210','9','1','22838','500','100','0','2','1','1','0','0','0','0','','0','0','','3');
INSERT INTO `screens_items` (`screenitemid`,`screenid`,`resourcetype`,`resourceid`,`width`,`height`,`x`,`y`,`colspan`,`rowspan`,`elements`,`valign`,`halign`,`style`,`url`,`dynamic`,`sort_triggers`,`application`,`max_columns`) values ('211','9','1','22837','500','100','1','2','1','1','0','0','0','0','','0','0','','3');
INSERT INTO `screens_items` (`screenitemid`,`screenid`,`resourcetype`,`resourceid`,`width`,`height`,`x`,`y`,`colspan`,`rowspan`,`elements`,`valign`,`halign`,`style`,`url`,`dynamic`,`sort_triggers`,`application`,`max_columns`) values ('212','10','0','481','500','114','0','0','1','1','0','1','0','0','','0','0','','3');
INSERT INTO `screens_items` (`screenitemid`,`screenid`,`resourcetype`,`resourceid`,`width`,`height`,`x`,`y`,`colspan`,`rowspan`,`elements`,`valign`,`halign`,`style`,`url`,`dynamic`,`sort_triggers`,`application`,`max_columns`) values ('213','10','0','480','500','100','1','0','1','1','0','1','0','0','','0','0','','3');
INSERT INTO `screens_items` (`screenitemid`,`screenid`,`resourcetype`,`resourceid`,`width`,`height`,`x`,`y`,`colspan`,`rowspan`,`elements`,`valign`,`halign`,`style`,`url`,`dynamic`,`sort_triggers`,`application`,`max_columns`) values ('214','10','0','545','500','100','0','1','1','1','0','0','0','0','','0','0','','3');
INSERT INTO `screens_items` (`screenitemid`,`screenid`,`resourcetype`,`resourceid`,`width`,`height`,`x`,`y`,`colspan`,`rowspan`,`elements`,`valign`,`halign`,`style`,`url`,`dynamic`,`sort_triggers`,`application`,`max_columns`) values ('215','10','0','482','500','300','1','1','1','1','0','0','0','0','','0','0','','3');
INSERT INTO `screens_items` (`screenitemid`,`screenid`,`resourcetype`,`resourceid`,`width`,`height`,`x`,`y`,`colspan`,`rowspan`,`elements`,`valign`,`halign`,`style`,`url`,`dynamic`,`sort_triggers`,`application`,`max_columns`) values ('216','10','1','22998','500','100','0','2','1','1','0','0','0','0','','0','0','','3');
INSERT INTO `screens_items` (`screenitemid`,`screenid`,`resourcetype`,`resourceid`,`width`,`height`,`x`,`y`,`colspan`,`rowspan`,`elements`,`valign`,`halign`,`style`,`url`,`dynamic`,`sort_triggers`,`application`,`max_columns`) values ('217','10','1','22997','500','100','1','2','1','1','0','0','0','0','','0','0','','3');
INSERT INTO `screens_items` (`screenitemid`,`screenid`,`resourcetype`,`resourceid`,`width`,`height`,`x`,`y`,`colspan`,`rowspan`,`elements`,`valign`,`halign`,`style`,`url`,`dynamic`,`sort_triggers`,`application`,`max_columns`) values ('218','19','0','495','500','100','0','0','1','1','0','0','0','0','','0','0','','3');
INSERT INTO `screens_items` (`screenitemid`,`screenid`,`resourcetype`,`resourceid`,`width`,`height`,`x`,`y`,`colspan`,`rowspan`,`elements`,`valign`,`halign`,`style`,`url`,`dynamic`,`sort_triggers`,`application`,`max_columns`) values ('219','19','0','546','500','100','1','0','1','1','0','0','0','0','','0','0','','3');
INSERT INTO `screens_items` (`screenitemid`,`screenid`,`resourcetype`,`resourceid`,`width`,`height`,`x`,`y`,`colspan`,`rowspan`,`elements`,`valign`,`halign`,`style`,`url`,`dynamic`,`sort_triggers`,`application`,`max_columns`) values ('220','19','1','23140','500','100','0','1','1','1','0','0','0','0','','0','0','','3');
INSERT INTO `screens_items` (`screenitemid`,`screenid`,`resourcetype`,`resourceid`,`width`,`height`,`x`,`y`,`colspan`,`rowspan`,`elements`,`valign`,`halign`,`style`,`url`,`dynamic`,`sort_triggers`,`application`,`max_columns`) values ('221','19','1','23138','500','100','1','1','1','1','0','0','0','0','','0','0','','3');
INSERT INTO `screens_items` (`screenitemid`,`screenid`,`resourcetype`,`resourceid`,`width`,`height`,`x`,`y`,`colspan`,`rowspan`,`elements`,`valign`,`halign`,`style`,`url`,`dynamic`,`sort_triggers`,`application`,`max_columns`) values ('232','17','0','532','500','212','0','0','1','1','0','1','0','0','','0','0','','3');
INSERT INTO `screens_items` (`screenitemid`,`screenid`,`resourcetype`,`resourceid`,`width`,`height`,`x`,`y`,`colspan`,`rowspan`,`elements`,`valign`,`halign`,`style`,`url`,`dynamic`,`sort_triggers`,`application`,`max_columns`) values ('233','17','0','530','500','100','1','0','1','1','0','1','0','0','','0','0','','3');
INSERT INTO `screens_items` (`screenitemid`,`screenid`,`resourcetype`,`resourceid`,`width`,`height`,`x`,`y`,`colspan`,`rowspan`,`elements`,`valign`,`halign`,`style`,`url`,`dynamic`,`sort_triggers`,`application`,`max_columns`) values ('234','17','0','531','500','100','0','1','1','1','0','1','0','0','','0','0','','3');
INSERT INTO `screens_items` (`screenitemid`,`screenid`,`resourcetype`,`resourceid`,`width`,`height`,`x`,`y`,`colspan`,`rowspan`,`elements`,`valign`,`halign`,`style`,`url`,`dynamic`,`sort_triggers`,`application`,`max_columns`) values ('235','17','0','529','500','128','1','1','1','1','0','1','0','0','','0','0','','3');
INSERT INTO `screens_items` (`screenitemid`,`screenid`,`resourcetype`,`resourceid`,`width`,`height`,`x`,`y`,`colspan`,`rowspan`,`elements`,`valign`,`halign`,`style`,`url`,`dynamic`,`sort_triggers`,`application`,`max_columns`) values ('236','21','0','802','500','212','0','0','1','1','0','1','0','0','','0','0','','3');
INSERT INTO `screens_items` (`screenitemid`,`screenid`,`resourcetype`,`resourceid`,`width`,`height`,`x`,`y`,`colspan`,`rowspan`,`elements`,`valign`,`halign`,`style`,`url`,`dynamic`,`sort_triggers`,`application`,`max_columns`) values ('237','21','0','799','500','100','1','0','1','1','0','0','0','0','','0','0','','3');
INSERT INTO `screens_items` (`screenitemid`,`screenid`,`resourcetype`,`resourceid`,`width`,`height`,`x`,`y`,`colspan`,`rowspan`,`elements`,`valign`,`halign`,`style`,`url`,`dynamic`,`sort_triggers`,`application`,`max_columns`) values ('238','21','0','800','555','114','0','1','1','1','0','1','0','0','','0','0','','3');
INSERT INTO `screens_items` (`screenitemid`,`screenid`,`resourcetype`,`resourceid`,`width`,`height`,`x`,`y`,`colspan`,`rowspan`,`elements`,`valign`,`halign`,`style`,`url`,`dynamic`,`sort_triggers`,`application`,`max_columns`) values ('239','21','0','798','500','128','1','1','1','1','0','1','0','0','','0','0','','3');
INSERT INTO `screens_items` (`screenitemid`,`screenid`,`resourcetype`,`resourceid`,`width`,`height`,`x`,`y`,`colspan`,`rowspan`,`elements`,`valign`,`halign`,`style`,`url`,`dynamic`,`sort_triggers`,`application`,`max_columns`) values ('240','21','0','797','500','160','0','2','1','1','0','0','0','0','','0','0','','3');
INSERT INTO `screens_items` (`screenitemid`,`screenid`,`resourcetype`,`resourceid`,`width`,`height`,`x`,`y`,`colspan`,`rowspan`,`elements`,`valign`,`halign`,`style`,`url`,`dynamic`,`sort_triggers`,`application`,`max_columns`) values ('241','21','0','801','500','160','1','2','1','1','0','0','0','0','','0','0','','3');
INSERT INTO `screens_items` (`screenitemid`,`screenid`,`resourcetype`,`resourceid`,`width`,`height`,`x`,`y`,`colspan`,`rowspan`,`elements`,`valign`,`halign`,`style`,`url`,`dynamic`,`sort_triggers`,`application`,`max_columns`) values ('242','22','0','806','500','212','0','0','1','1','0','1','0','0','','0','0','','3');
INSERT INTO `screens_items` (`screenitemid`,`screenid`,`resourcetype`,`resourceid`,`width`,`height`,`x`,`y`,`colspan`,`rowspan`,`elements`,`valign`,`halign`,`style`,`url`,`dynamic`,`sort_triggers`,`application`,`max_columns`) values ('243','22','0','804','500','100','1','0','1','1','0','1','0','0','','0','0','','3');
INSERT INTO `screens_items` (`screenitemid`,`screenid`,`resourcetype`,`resourceid`,`width`,`height`,`x`,`y`,`colspan`,`rowspan`,`elements`,`valign`,`halign`,`style`,`url`,`dynamic`,`sort_triggers`,`application`,`max_columns`) values ('244','22','0','805','500','100','0','1','1','1','0','1','0','0','','0','0','','3');
INSERT INTO `screens_items` (`screenitemid`,`screenid`,`resourcetype`,`resourceid`,`width`,`height`,`x`,`y`,`colspan`,`rowspan`,`elements`,`valign`,`halign`,`style`,`url`,`dynamic`,`sort_triggers`,`application`,`max_columns`) values ('245','22','0','803','500','128','1','1','1','1','0','1','0','0','','0','0','','3');
INSERT INTO `applications` (`applicationid`,`hostid`,`name`,`flags`) values ('1','10001','OS','0');
INSERT INTO `applications` (`applicationid`,`hostid`,`name`,`flags`) values ('5','10001','Filesystems','0');
INSERT INTO `applications` (`applicationid`,`hostid`,`name`,`flags`) values ('7','10001','Network interfaces','0');
INSERT INTO `applications` (`applicationid`,`hostid`,`name`,`flags`) values ('9','10001','Processes','0');
INSERT INTO `applications` (`applicationid`,`hostid`,`name`,`flags`) values ('13','10001','CPU','0');
INSERT INTO `applications` (`applicationid`,`hostid`,`name`,`flags`) values ('15','10001','Memory','0');
INSERT INTO `applications` (`applicationid`,`hostid`,`name`,`flags`) values ('17','10001','Performance','0');
INSERT INTO `applications` (`applicationid`,`hostid`,`name`,`flags`) values ('21','10001','General','0');
INSERT INTO `applications` (`applicationid`,`hostid`,`name`,`flags`) values ('23','10001','Security','0');
INSERT INTO `applications` (`applicationid`,`hostid`,`name`,`flags`) values ('179','10047','Zabbix server','0');
INSERT INTO `applications` (`applicationid`,`hostid`,`name`,`flags`) values ('206','10050','Zabbix agent','0');
INSERT INTO `applications` (`applicationid`,`hostid`,`name`,`flags`) values ('207','10001','Zabbix agent','0');
INSERT INTO `applications` (`applicationid`,`hostid`,`name`,`flags`) values ('252','10074','Zabbix agent','0');
INSERT INTO `applications` (`applicationid`,`hostid`,`name`,`flags`) values ('253','10074','CPU','0');
INSERT INTO `applications` (`applicationid`,`hostid`,`name`,`flags`) values ('254','10074','Filesystems','0');
INSERT INTO `applications` (`applicationid`,`hostid`,`name`,`flags`) values ('255','10074','General','0');
INSERT INTO `applications` (`applicationid`,`hostid`,`name`,`flags`) values ('256','10074','Memory','0');
INSERT INTO `applications` (`applicationid`,`hostid`,`name`,`flags`) values ('257','10074','Network interfaces','0');
INSERT INTO `applications` (`applicationid`,`hostid`,`name`,`flags`) values ('258','10074','OS','0');
INSERT INTO `applications` (`applicationid`,`hostid`,`name`,`flags`) values ('259','10074','Performance','0');
INSERT INTO `applications` (`applicationid`,`hostid`,`name`,`flags`) values ('260','10074','Processes','0');
INSERT INTO `applications` (`applicationid`,`hostid`,`name`,`flags`) values ('261','10074','Security','0');
INSERT INTO `applications` (`applicationid`,`hostid`,`name`,`flags`) values ('262','10075','Zabbix agent','0');
INSERT INTO `applications` (`applicationid`,`hostid`,`name`,`flags`) values ('263','10075','CPU','0');
INSERT INTO `applications` (`applicationid`,`hostid`,`name`,`flags`) values ('264','10075','Filesystems','0');
INSERT INTO `applications` (`applicationid`,`hostid`,`name`,`flags`) values ('265','10075','General','0');
INSERT INTO `applications` (`applicationid`,`hostid`,`name`,`flags`) values ('266','10075','Memory','0');
INSERT INTO `applications` (`applicationid`,`hostid`,`name`,`flags`) values ('267','10075','Network interfaces','0');
INSERT INTO `applications` (`applicationid`,`hostid`,`name`,`flags`) values ('268','10075','OS','0');
INSERT INTO `applications` (`applicationid`,`hostid`,`name`,`flags`) values ('269','10075','Performance','0');
INSERT INTO `applications` (`applicationid`,`hostid`,`name`,`flags`) values ('270','10075','Processes','0');
INSERT INTO `applications` (`applicationid`,`hostid`,`name`,`flags`) values ('271','10075','Security','0');
INSERT INTO `applications` (`applicationid`,`hostid`,`name`,`flags`) values ('272','10076','Zabbix agent','0');
INSERT INTO `applications` (`applicationid`,`hostid`,`name`,`flags`) values ('273','10076','CPU','0');
INSERT INTO `applications` (`applicationid`,`hostid`,`name`,`flags`) values ('274','10076','Filesystems','0');
INSERT INTO `applications` (`applicationid`,`hostid`,`name`,`flags`) values ('275','10076','General','0');
INSERT INTO `applications` (`applicationid`,`hostid`,`name`,`flags`) values ('276','10076','Memory','0');
INSERT INTO `applications` (`applicationid`,`hostid`,`name`,`flags`) values ('277','10076','Network interfaces','0');
INSERT INTO `applications` (`applicationid`,`hostid`,`name`,`flags`) values ('278','10076','OS','0');
INSERT INTO `applications` (`applicationid`,`hostid`,`name`,`flags`) values ('279','10076','Performance','0');
INSERT INTO `applications` (`applicationid`,`hostid`,`name`,`flags`) values ('280','10076','Processes','0');
INSERT INTO `applications` (`applicationid`,`hostid`,`name`,`flags`) values ('281','10076','Security','0');
INSERT INTO `applications` (`applicationid`,`hostid`,`name`,`flags`) values ('282','10077','Zabbix agent','0');
INSERT INTO `applications` (`applicationid`,`hostid`,`name`,`flags`) values ('283','10077','CPU','0');
INSERT INTO `applications` (`applicationid`,`hostid`,`name`,`flags`) values ('284','10077','Filesystems','0');
INSERT INTO `applications` (`applicationid`,`hostid`,`name`,`flags`) values ('285','10077','General','0');
INSERT INTO `applications` (`applicationid`,`hostid`,`name`,`flags`) values ('286','10077','Memory','0');
INSERT INTO `applications` (`applicationid`,`hostid`,`name`,`flags`) values ('287','10077','Network interfaces','0');
INSERT INTO `applications` (`applicationid`,`hostid`,`name`,`flags`) values ('288','10077','OS','0');
INSERT INTO `applications` (`applicationid`,`hostid`,`name`,`flags`) values ('289','10077','Performance','0');
INSERT INTO `applications` (`applicationid`,`hostid`,`name`,`flags`) values ('290','10077','Processes','0');
INSERT INTO `applications` (`applicationid`,`hostid`,`name`,`flags`) values ('291','10077','Security','0');
INSERT INTO `applications` (`applicationid`,`hostid`,`name`,`flags`) values ('292','10078','Zabbix agent','0');
INSERT INTO `applications` (`applicationid`,`hostid`,`name`,`flags`) values ('293','10078','CPU','0');
INSERT INTO `applications` (`applicationid`,`hostid`,`name`,`flags`) values ('294','10078','Filesystems','0');
INSERT INTO `applications` (`applicationid`,`hostid`,`name`,`flags`) values ('295','10078','General','0');
INSERT INTO `applications` (`applicationid`,`hostid`,`name`,`flags`) values ('296','10078','Memory','0');
INSERT INTO `applications` (`applicationid`,`hostid`,`name`,`flags`) values ('297','10078','Network interfaces','0');
INSERT INTO `applications` (`applicationid`,`hostid`,`name`,`flags`) values ('298','10078','OS','0');
INSERT INTO `applications` (`applicationid`,`hostid`,`name`,`flags`) values ('299','10078','Performance','0');
INSERT INTO `applications` (`applicationid`,`hostid`,`name`,`flags`) values ('300','10078','Processes','0');
INSERT INTO `applications` (`applicationid`,`hostid`,`name`,`flags`) values ('301','10078','Security','0');
INSERT INTO `applications` (`applicationid`,`hostid`,`name`,`flags`) values ('302','10079','Zabbix agent','0');
INSERT INTO `applications` (`applicationid`,`hostid`,`name`,`flags`) values ('303','10079','CPU','0');
INSERT INTO `applications` (`applicationid`,`hostid`,`name`,`flags`) values ('304','10079','Filesystems','0');
INSERT INTO `applications` (`applicationid`,`hostid`,`name`,`flags`) values ('305','10079','General','0');
INSERT INTO `applications` (`applicationid`,`hostid`,`name`,`flags`) values ('306','10079','Memory','0');
INSERT INTO `applications` (`applicationid`,`hostid`,`name`,`flags`) values ('307','10079','Network interfaces','0');
INSERT INTO `applications` (`applicationid`,`hostid`,`name`,`flags`) values ('308','10079','OS','0');
INSERT INTO `applications` (`applicationid`,`hostid`,`name`,`flags`) values ('309','10079','Performance','0');
INSERT INTO `applications` (`applicationid`,`hostid`,`name`,`flags`) values ('310','10079','Processes','0');
INSERT INTO `applications` (`applicationid`,`hostid`,`name`,`flags`) values ('311','10079','Security','0');
INSERT INTO `applications` (`applicationid`,`hostid`,`name`,`flags`) values ('319','10081','General','0');
INSERT INTO `applications` (`applicationid`,`hostid`,`name`,`flags`) values ('320','10081','Performance','0');
INSERT INTO `applications` (`applicationid`,`hostid`,`name`,`flags`) values ('321','10081','Services','0');
INSERT INTO `applications` (`applicationid`,`hostid`,`name`,`flags`) values ('322','10081','Filesystems','0');
INSERT INTO `applications` (`applicationid`,`hostid`,`name`,`flags`) values ('323','10081','OS','0');
INSERT INTO `applications` (`applicationid`,`hostid`,`name`,`flags`) values ('324','10081','Processes','0');
INSERT INTO `applications` (`applicationid`,`hostid`,`name`,`flags`) values ('325','10081','CPU','0');
INSERT INTO `applications` (`applicationid`,`hostid`,`name`,`flags`) values ('328','10081','Memory','0');
INSERT INTO `applications` (`applicationid`,`hostid`,`name`,`flags`) values ('329','10081','Zabbix agent','0');
INSERT INTO `applications` (`applicationid`,`hostid`,`name`,`flags`) values ('330','10081','Network interfaces','0');
INSERT INTO `applications` (`applicationid`,`hostid`,`name`,`flags`) values ('331','10076','Logical partitions','0');
INSERT INTO `applications` (`applicationid`,`hostid`,`name`,`flags`) values ('345','10084','Zabbix server','0');
INSERT INTO `applications` (`applicationid`,`hostid`,`name`,`flags`) values ('346','10084','CPU','0');
INSERT INTO `applications` (`applicationid`,`hostid`,`name`,`flags`) values ('347','10084','Filesystems','0');
INSERT INTO `applications` (`applicationid`,`hostid`,`name`,`flags`) values ('348','10084','General','0');
INSERT INTO `applications` (`applicationid`,`hostid`,`name`,`flags`) values ('349','10084','Memory','0');
INSERT INTO `applications` (`applicationid`,`hostid`,`name`,`flags`) values ('350','10084','Network interfaces','0');
INSERT INTO `applications` (`applicationid`,`hostid`,`name`,`flags`) values ('351','10084','OS','0');
INSERT INTO `applications` (`applicationid`,`hostid`,`name`,`flags`) values ('352','10084','Performance','0');
INSERT INTO `applications` (`applicationid`,`hostid`,`name`,`flags`) values ('353','10084','Processes','0');
INSERT INTO `applications` (`applicationid`,`hostid`,`name`,`flags`) values ('354','10084','Security','0');
INSERT INTO `applications` (`applicationid`,`hostid`,`name`,`flags`) values ('355','10084','Zabbix agent','0');
INSERT INTO `applications` (`applicationid`,`hostid`,`name`,`flags`) values ('356','10048','Zabbix proxy','0');
INSERT INTO `applications` (`applicationid`,`hostid`,`name`,`flags`) values ('446','10093','FTP service','0');
INSERT INTO `applications` (`applicationid`,`hostid`,`name`,`flags`) values ('447','10094','HTTP service','0');
INSERT INTO `applications` (`applicationid`,`hostid`,`name`,`flags`) values ('448','10095','HTTPS service','0');
INSERT INTO `applications` (`applicationid`,`hostid`,`name`,`flags`) values ('449','10096','IMAP service','0');
INSERT INTO `applications` (`applicationid`,`hostid`,`name`,`flags`) values ('450','10097','LDAP service','0');
INSERT INTO `applications` (`applicationid`,`hostid`,`name`,`flags`) values ('451','10098','NNTP service','0');
INSERT INTO `applications` (`applicationid`,`hostid`,`name`,`flags`) values ('452','10099','NTP service','0');
INSERT INTO `applications` (`applicationid`,`hostid`,`name`,`flags`) values ('453','10100','POP service','0');
INSERT INTO `applications` (`applicationid`,`hostid`,`name`,`flags`) values ('454','10101','SMTP service','0');
INSERT INTO `applications` (`applicationid`,`hostid`,`name`,`flags`) values ('455','10102','SSH service','0');
INSERT INTO `applications` (`applicationid`,`hostid`,`name`,`flags`) values ('456','10103','Telnet service','0');
INSERT INTO `applications` (`applicationid`,`hostid`,`name`,`flags`) values ('732','10169','Classes','0');
INSERT INTO `applications` (`applicationid`,`hostid`,`name`,`flags`) values ('733','10169','Compilation','0');
INSERT INTO `applications` (`applicationid`,`hostid`,`name`,`flags`) values ('734','10169','Garbage collector','0');
INSERT INTO `applications` (`applicationid`,`hostid`,`name`,`flags`) values ('735','10169','Memory','0');
INSERT INTO `applications` (`applicationid`,`hostid`,`name`,`flags`) values ('736','10169','Memory pool','0');
INSERT INTO `applications` (`applicationid`,`hostid`,`name`,`flags`) values ('737','10169','Operating system','0');
INSERT INTO `applications` (`applicationid`,`hostid`,`name`,`flags`) values ('738','10169','Runtime','0');
INSERT INTO `applications` (`applicationid`,`hostid`,`name`,`flags`) values ('739','10169','Threads','0');
INSERT INTO `applications` (`applicationid`,`hostid`,`name`,`flags`) values ('740','10170','MySQL','0');
INSERT INTO `applications` (`applicationid`,`hostid`,`name`,`flags`) values ('741','10171','Fans','0');
INSERT INTO `applications` (`applicationid`,`hostid`,`name`,`flags`) values ('742','10171','Temperature','0');
INSERT INTO `applications` (`applicationid`,`hostid`,`name`,`flags`) values ('743','10171','Voltage','0');
INSERT INTO `applications` (`applicationid`,`hostid`,`name`,`flags`) values ('744','10172','Fans','0');
INSERT INTO `applications` (`applicationid`,`hostid`,`name`,`flags`) values ('745','10172','Temperature','0');
INSERT INTO `applications` (`applicationid`,`hostid`,`name`,`flags`) values ('746','10172','Voltage','0');
INSERT INTO `applications` (`applicationid`,`hostid`,`name`,`flags`) values ('747','10173','Clusters','0');
INSERT INTO `applications` (`applicationid`,`hostid`,`name`,`flags`) values ('748','10173','General','0');
INSERT INTO `applications` (`applicationid`,`hostid`,`name`,`flags`) values ('749','10173','Log','0');
INSERT INTO `applications` (`applicationid`,`hostid`,`name`,`flags`) values ('750','10174','CPU','0');
INSERT INTO `applications` (`applicationid`,`hostid`,`name`,`flags`) values ('751','10174','Disks','0');
INSERT INTO `applications` (`applicationid`,`hostid`,`name`,`flags`) values ('752','10174','Filesystems','0');
INSERT INTO `applications` (`applicationid`,`hostid`,`name`,`flags`) values ('753','10174','General','0');
INSERT INTO `applications` (`applicationid`,`hostid`,`name`,`flags`) values ('754','10174','Interfaces','0');
INSERT INTO `applications` (`applicationid`,`hostid`,`name`,`flags`) values ('755','10174','Memory','0');
INSERT INTO `applications` (`applicationid`,`hostid`,`name`,`flags`) values ('756','10174','Network','0');
INSERT INTO `applications` (`applicationid`,`hostid`,`name`,`flags`) values ('757','10174','Storage','0');
INSERT INTO `applications` (`applicationid`,`hostid`,`name`,`flags`) values ('758','10175','CPU','0');
INSERT INTO `applications` (`applicationid`,`hostid`,`name`,`flags`) values ('759','10175','Datastore','0');
INSERT INTO `applications` (`applicationid`,`hostid`,`name`,`flags`) values ('760','10175','General','0');
INSERT INTO `applications` (`applicationid`,`hostid`,`name`,`flags`) values ('761','10175','Hardware','0');
INSERT INTO `applications` (`applicationid`,`hostid`,`name`,`flags`) values ('762','10175','Memory','0');
INSERT INTO `applications` (`applicationid`,`hostid`,`name`,`flags`) values ('763','10175','Network','0');
INSERT INTO `applications` (`applicationid`,`hostid`,`name`,`flags`) values ('770','10182','Network interfaces','0');
INSERT INTO `applications` (`applicationid`,`hostid`,`name`,`flags`) values ('771','10183','Network interfaces','0');
INSERT INTO `applications` (`applicationid`,`hostid`,`name`,`flags`) values ('772','10184','Internal items','0');
INSERT INTO `applications` (`applicationid`,`hostid`,`name`,`flags`) values ('773','10184','Memory','0');
INSERT INTO `applications` (`applicationid`,`hostid`,`name`,`flags`) values ('774','10184','Storage','0');
INSERT INTO `applications` (`applicationid`,`hostid`,`name`,`flags`) values ('775','10184','CPU','0');
INSERT INTO `applications` (`applicationid`,`hostid`,`name`,`flags`) values ('776','10185','Internal items','0');
INSERT INTO `applications` (`applicationid`,`hostid`,`name`,`flags`) values ('777','10185','Memory','0');
INSERT INTO `applications` (`applicationid`,`hostid`,`name`,`flags`) values ('778','10185','Storage','0');
INSERT INTO `applications` (`applicationid`,`hostid`,`name`,`flags`) values ('779','10185','CPU','0');
INSERT INTO `applications` (`applicationid`,`hostid`,`name`,`flags`) values ('780','10186','Status','0');
INSERT INTO `applications` (`applicationid`,`hostid`,`name`,`flags`) values ('781','10187','Network interfaces','0');
INSERT INTO `applications` (`applicationid`,`hostid`,`name`,`flags`) values ('782','10188','Network interfaces','0');
INSERT INTO `applications` (`applicationid`,`hostid`,`name`,`flags`) values ('783','10189','Network interfaces','0');
INSERT INTO `applications` (`applicationid`,`hostid`,`name`,`flags`) values ('784','10190','Network interfaces','0');
INSERT INTO `applications` (`applicationid`,`hostid`,`name`,`flags`) values ('786','10192','Network interfaces','0');
INSERT INTO `applications` (`applicationid`,`hostid`,`name`,`flags`) values ('797','10203','Status','0');
INSERT INTO `applications` (`applicationid`,`hostid`,`name`,`flags`) values ('798','10203','General','0');
INSERT INTO `applications` (`applicationid`,`hostid`,`name`,`flags`) values ('799','10204','Status','0');
INSERT INTO `applications` (`applicationid`,`hostid`,`name`,`flags`) values ('800','10204','General','0');
INSERT INTO `applications` (`applicationid`,`hostid`,`name`,`flags`) values ('803','10207','Network interfaces','0');
INSERT INTO `applications` (`applicationid`,`hostid`,`name`,`flags`) values ('804','10207','General','0');
INSERT INTO `applications` (`applicationid`,`hostid`,`name`,`flags`) values ('805','10207','Status','0');
INSERT INTO `applications` (`applicationid`,`hostid`,`name`,`flags`) values ('806','10207','CPU','0');
INSERT INTO `applications` (`applicationid`,`hostid`,`name`,`flags`) values ('807','10207','Memory','0');
INSERT INTO `applications` (`applicationid`,`hostid`,`name`,`flags`) values ('808','10207','Temperature','0');
INSERT INTO `applications` (`applicationid`,`hostid`,`name`,`flags`) values ('809','10207','Fans','0');
INSERT INTO `applications` (`applicationid`,`hostid`,`name`,`flags`) values ('810','10207','Inventory','0');
INSERT INTO `applications` (`applicationid`,`hostid`,`name`,`flags`) values ('811','10208','Network interfaces','0');
INSERT INTO `applications` (`applicationid`,`hostid`,`name`,`flags`) values ('812','10208','General','0');
INSERT INTO `applications` (`applicationid`,`hostid`,`name`,`flags`) values ('813','10208','Status','0');
INSERT INTO `applications` (`applicationid`,`hostid`,`name`,`flags`) values ('814','10208','CPU','0');
INSERT INTO `applications` (`applicationid`,`hostid`,`name`,`flags`) values ('815','10208','Memory','0');
INSERT INTO `applications` (`applicationid`,`hostid`,`name`,`flags`) values ('816','10208','Temperature','0');
INSERT INTO `applications` (`applicationid`,`hostid`,`name`,`flags`) values ('817','10208','Power supply','0');
INSERT INTO `applications` (`applicationid`,`hostid`,`name`,`flags`) values ('818','10208','Fans','0');
INSERT INTO `applications` (`applicationid`,`hostid`,`name`,`flags`) values ('819','10208','Inventory','0');
INSERT INTO `applications` (`applicationid`,`hostid`,`name`,`flags`) values ('820','10210','Network interfaces','0');
INSERT INTO `applications` (`applicationid`,`hostid`,`name`,`flags`) values ('821','10210','General','0');
INSERT INTO `applications` (`applicationid`,`hostid`,`name`,`flags`) values ('822','10210','Status','0');
INSERT INTO `applications` (`applicationid`,`hostid`,`name`,`flags`) values ('823','10211','Network interfaces','0');
INSERT INTO `applications` (`applicationid`,`hostid`,`name`,`flags`) values ('824','10211','General','0');
INSERT INTO `applications` (`applicationid`,`hostid`,`name`,`flags`) values ('825','10211','Status','0');
INSERT INTO `applications` (`applicationid`,`hostid`,`name`,`flags`) values ('826','10209','CPU','0');
INSERT INTO `applications` (`applicationid`,`hostid`,`name`,`flags`) values ('827','10209','Memory','0');
INSERT INTO `applications` (`applicationid`,`hostid`,`name`,`flags`) values ('828','10210','Temperature','0');
INSERT INTO `applications` (`applicationid`,`hostid`,`name`,`flags`) values ('829','10210','Power supply','0');
INSERT INTO `applications` (`applicationid`,`hostid`,`name`,`flags`) values ('830','10210','Fans','0');
INSERT INTO `applications` (`applicationid`,`hostid`,`name`,`flags`) values ('831','10210','Inventory','0');
INSERT INTO `applications` (`applicationid`,`hostid`,`name`,`flags`) values ('832','10211','Temperature','0');
INSERT INTO `applications` (`applicationid`,`hostid`,`name`,`flags`) values ('833','10211','Power supply','0');
INSERT INTO `applications` (`applicationid`,`hostid`,`name`,`flags`) values ('834','10211','Fans','0');
INSERT INTO `applications` (`applicationid`,`hostid`,`name`,`flags`) values ('835','10211','Inventory','0');
INSERT INTO `applications` (`applicationid`,`hostid`,`name`,`flags`) values ('836','10210','CPU','0');
INSERT INTO `applications` (`applicationid`,`hostid`,`name`,`flags`) values ('837','10210','Memory','0');
INSERT INTO `applications` (`applicationid`,`hostid`,`name`,`flags`) values ('838','10211','CPU','0');
INSERT INTO `applications` (`applicationid`,`hostid`,`name`,`flags`) values ('839','10211','Memory','0');
INSERT INTO `applications` (`applicationid`,`hostid`,`name`,`flags`) values ('840','10218','Network interfaces','0');
INSERT INTO `applications` (`applicationid`,`hostid`,`name`,`flags`) values ('841','10218','General','0');
INSERT INTO `applications` (`applicationid`,`hostid`,`name`,`flags`) values ('842','10218','Status','0');
INSERT INTO `applications` (`applicationid`,`hostid`,`name`,`flags`) values ('846','10220','General','0');
INSERT INTO `applications` (`applicationid`,`hostid`,`name`,`flags`) values ('847','10220','Status','0');
INSERT INTO `applications` (`applicationid`,`hostid`,`name`,`flags`) values ('848','10212','Memory','0');
INSERT INTO `applications` (`applicationid`,`hostid`,`name`,`flags`) values ('849','10213','CPU','0');
INSERT INTO `applications` (`applicationid`,`hostid`,`name`,`flags`) values ('851','10215','CPU','0');
INSERT INTO `applications` (`applicationid`,`hostid`,`name`,`flags`) values ('852','10216','Inventory','0');
INSERT INTO `applications` (`applicationid`,`hostid`,`name`,`flags`) values ('853','10217','Temperature','0');
INSERT INTO `applications` (`applicationid`,`hostid`,`name`,`flags`) values ('854','10217','Power supply','0');
INSERT INTO `applications` (`applicationid`,`hostid`,`name`,`flags`) values ('855','10217','Fans','0');
INSERT INTO `applications` (`applicationid`,`hostid`,`name`,`flags`) values ('856','10218','Memory','0');
INSERT INTO `applications` (`applicationid`,`hostid`,`name`,`flags`) values ('857','10218','CPU','0');
INSERT INTO `applications` (`applicationid`,`hostid`,`name`,`flags`) values ('858','10218','Inventory','0');
INSERT INTO `applications` (`applicationid`,`hostid`,`name`,`flags`) values ('859','10218','Temperature','0');
INSERT INTO `applications` (`applicationid`,`hostid`,`name`,`flags`) values ('860','10218','Power supply','0');
INSERT INTO `applications` (`applicationid`,`hostid`,`name`,`flags`) values ('861','10218','Fans','0');
INSERT INTO `applications` (`applicationid`,`hostid`,`name`,`flags`) values ('868','10220','Memory','0');
INSERT INTO `applications` (`applicationid`,`hostid`,`name`,`flags`) values ('869','10220','CPU','0');
INSERT INTO `applications` (`applicationid`,`hostid`,`name`,`flags`) values ('870','10220','Inventory','0');
INSERT INTO `applications` (`applicationid`,`hostid`,`name`,`flags`) values ('871','10220','Temperature','0');
INSERT INTO `applications` (`applicationid`,`hostid`,`name`,`flags`) values ('872','10220','Power supply','0');
INSERT INTO `applications` (`applicationid`,`hostid`,`name`,`flags`) values ('873','10220','Fans','0');
INSERT INTO `applications` (`applicationid`,`hostid`,`name`,`flags`) values ('874','10221','Network interfaces','0');
INSERT INTO `applications` (`applicationid`,`hostid`,`name`,`flags`) values ('875','10221','General','0');
INSERT INTO `applications` (`applicationid`,`hostid`,`name`,`flags`) values ('876','10221','Status','0');
INSERT INTO `applications` (`applicationid`,`hostid`,`name`,`flags`) values ('877','10221','CPU','0');
INSERT INTO `applications` (`applicationid`,`hostid`,`name`,`flags`) values ('878','10221','Memory','0');
INSERT INTO `applications` (`applicationid`,`hostid`,`name`,`flags`) values ('879','10221','Temperature','0');
INSERT INTO `applications` (`applicationid`,`hostid`,`name`,`flags`) values ('880','10221','Power supply','0');
INSERT INTO `applications` (`applicationid`,`hostid`,`name`,`flags`) values ('881','10221','Fans','0');
INSERT INTO `applications` (`applicationid`,`hostid`,`name`,`flags`) values ('882','10221','Inventory','0');
INSERT INTO `applications` (`applicationid`,`hostid`,`name`,`flags`) values ('883','10222','Network interfaces','0');
INSERT INTO `applications` (`applicationid`,`hostid`,`name`,`flags`) values ('884','10222','General','0');
INSERT INTO `applications` (`applicationid`,`hostid`,`name`,`flags`) values ('885','10222','Status','0');
INSERT INTO `applications` (`applicationid`,`hostid`,`name`,`flags`) values ('886','10222','CPU','0');
INSERT INTO `applications` (`applicationid`,`hostid`,`name`,`flags`) values ('887','10222','Memory','0');
INSERT INTO `applications` (`applicationid`,`hostid`,`name`,`flags`) values ('888','10222','Temperature','0');
INSERT INTO `applications` (`applicationid`,`hostid`,`name`,`flags`) values ('889','10222','Fans','0');
INSERT INTO `applications` (`applicationid`,`hostid`,`name`,`flags`) values ('890','10222','Power supply','0');
INSERT INTO `applications` (`applicationid`,`hostid`,`name`,`flags`) values ('891','10222','Inventory','0');
INSERT INTO `applications` (`applicationid`,`hostid`,`name`,`flags`) values ('892','10223','Network interfaces','0');
INSERT INTO `applications` (`applicationid`,`hostid`,`name`,`flags`) values ('893','10223','General','0');
INSERT INTO `applications` (`applicationid`,`hostid`,`name`,`flags`) values ('894','10223','Status','0');
INSERT INTO `applications` (`applicationid`,`hostid`,`name`,`flags`) values ('895','10223','CPU','0');
INSERT INTO `applications` (`applicationid`,`hostid`,`name`,`flags`) values ('896','10223','Memory','0');
INSERT INTO `applications` (`applicationid`,`hostid`,`name`,`flags`) values ('897','10223','Temperature','0');
INSERT INTO `applications` (`applicationid`,`hostid`,`name`,`flags`) values ('898','10223','Fans','0');
INSERT INTO `applications` (`applicationid`,`hostid`,`name`,`flags`) values ('899','10223','Power supply','0');
INSERT INTO `applications` (`applicationid`,`hostid`,`name`,`flags`) values ('900','10223','Inventory','0');
INSERT INTO `applications` (`applicationid`,`hostid`,`name`,`flags`) values ('901','10224','Network interfaces','0');
INSERT INTO `applications` (`applicationid`,`hostid`,`name`,`flags`) values ('902','10224','General','0');
INSERT INTO `applications` (`applicationid`,`hostid`,`name`,`flags`) values ('903','10224','Status','0');
INSERT INTO `applications` (`applicationid`,`hostid`,`name`,`flags`) values ('904','10224','CPU','0');
INSERT INTO `applications` (`applicationid`,`hostid`,`name`,`flags`) values ('905','10224','Memory','0');
INSERT INTO `applications` (`applicationid`,`hostid`,`name`,`flags`) values ('906','10224','Temperature','0');
INSERT INTO `applications` (`applicationid`,`hostid`,`name`,`flags`) values ('907','10224','Power supply','0');
INSERT INTO `applications` (`applicationid`,`hostid`,`name`,`flags`) values ('908','10224','Fans','0');
INSERT INTO `applications` (`applicationid`,`hostid`,`name`,`flags`) values ('909','10224','Inventory','0');
INSERT INTO `applications` (`applicationid`,`hostid`,`name`,`flags`) values ('910','10225','Network interfaces','0');
INSERT INTO `applications` (`applicationid`,`hostid`,`name`,`flags`) values ('911','10225','General','0');
INSERT INTO `applications` (`applicationid`,`hostid`,`name`,`flags`) values ('912','10225','Status','0');
INSERT INTO `applications` (`applicationid`,`hostid`,`name`,`flags`) values ('913','10226','Network interfaces','0');
INSERT INTO `applications` (`applicationid`,`hostid`,`name`,`flags`) values ('914','10226','General','0');
INSERT INTO `applications` (`applicationid`,`hostid`,`name`,`flags`) values ('915','10226','Status','0');
INSERT INTO `applications` (`applicationid`,`hostid`,`name`,`flags`) values ('916','10227','Network interfaces','0');
INSERT INTO `applications` (`applicationid`,`hostid`,`name`,`flags`) values ('917','10227','General','0');
INSERT INTO `applications` (`applicationid`,`hostid`,`name`,`flags`) values ('918','10227','Status','0');
INSERT INTO `applications` (`applicationid`,`hostid`,`name`,`flags`) values ('919','10227','CPU','0');
INSERT INTO `applications` (`applicationid`,`hostid`,`name`,`flags`) values ('920','10227','Memory','0');
INSERT INTO `applications` (`applicationid`,`hostid`,`name`,`flags`) values ('921','10227','Temperature','0');
INSERT INTO `applications` (`applicationid`,`hostid`,`name`,`flags`) values ('922','10227','Fans','0');
INSERT INTO `applications` (`applicationid`,`hostid`,`name`,`flags`) values ('923','10227','Power supply','0');
INSERT INTO `applications` (`applicationid`,`hostid`,`name`,`flags`) values ('924','10227','Inventory','0');
INSERT INTO `applications` (`applicationid`,`hostid`,`name`,`flags`) values ('934','10229','Network interfaces','0');
INSERT INTO `applications` (`applicationid`,`hostid`,`name`,`flags`) values ('935','10229','General','0');
INSERT INTO `applications` (`applicationid`,`hostid`,`name`,`flags`) values ('936','10229','Status','0');
INSERT INTO `applications` (`applicationid`,`hostid`,`name`,`flags`) values ('937','10229','CPU','0');
INSERT INTO `applications` (`applicationid`,`hostid`,`name`,`flags`) values ('938','10229','Memory','0');
INSERT INTO `applications` (`applicationid`,`hostid`,`name`,`flags`) values ('939','10229','Temperature','0');
INSERT INTO `applications` (`applicationid`,`hostid`,`name`,`flags`) values ('940','10229','Fans','0');
INSERT INTO `applications` (`applicationid`,`hostid`,`name`,`flags`) values ('941','10229','Inventory','0');
INSERT INTO `applications` (`applicationid`,`hostid`,`name`,`flags`) values ('942','10230','Network interfaces','0');
INSERT INTO `applications` (`applicationid`,`hostid`,`name`,`flags`) values ('943','10230','General','0');
INSERT INTO `applications` (`applicationid`,`hostid`,`name`,`flags`) values ('944','10230','Status','0');
INSERT INTO `applications` (`applicationid`,`hostid`,`name`,`flags`) values ('945','10230','Temperature','0');
INSERT INTO `applications` (`applicationid`,`hostid`,`name`,`flags`) values ('946','10230','Power supply','0');
INSERT INTO `applications` (`applicationid`,`hostid`,`name`,`flags`) values ('947','10230','Fans','0');
INSERT INTO `applications` (`applicationid`,`hostid`,`name`,`flags`) values ('948','10230','Inventory','0');
INSERT INTO `applications` (`applicationid`,`hostid`,`name`,`flags`) values ('949','10231','Network interfaces','0');
INSERT INTO `applications` (`applicationid`,`hostid`,`name`,`flags`) values ('950','10231','General','0');
INSERT INTO `applications` (`applicationid`,`hostid`,`name`,`flags`) values ('951','10231','Status','0');
INSERT INTO `applications` (`applicationid`,`hostid`,`name`,`flags`) values ('952','10231','CPU','0');
INSERT INTO `applications` (`applicationid`,`hostid`,`name`,`flags`) values ('953','10231','Memory','0');
INSERT INTO `applications` (`applicationid`,`hostid`,`name`,`flags`) values ('954','10231','Temperature','0');
INSERT INTO `applications` (`applicationid`,`hostid`,`name`,`flags`) values ('955','10231','Power supply','0');
INSERT INTO `applications` (`applicationid`,`hostid`,`name`,`flags`) values ('956','10231','Fans','0');
INSERT INTO `applications` (`applicationid`,`hostid`,`name`,`flags`) values ('957','10231','Inventory','0');
INSERT INTO `applications` (`applicationid`,`hostid`,`name`,`flags`) values ('969','10233','Network interfaces','0');
INSERT INTO `applications` (`applicationid`,`hostid`,`name`,`flags`) values ('970','10233','General','0');
INSERT INTO `applications` (`applicationid`,`hostid`,`name`,`flags`) values ('971','10233','Status','0');
INSERT INTO `applications` (`applicationid`,`hostid`,`name`,`flags`) values ('972','10233','CPU','0');
INSERT INTO `applications` (`applicationid`,`hostid`,`name`,`flags`) values ('973','10233','Memory','0');
INSERT INTO `applications` (`applicationid`,`hostid`,`name`,`flags`) values ('974','10233','Temperature','0');
INSERT INTO `applications` (`applicationid`,`hostid`,`name`,`flags`) values ('975','10233','Storage','0');
INSERT INTO `applications` (`applicationid`,`hostid`,`name`,`flags`) values ('976','10233','Inventory','0');
INSERT INTO `applications` (`applicationid`,`hostid`,`name`,`flags`) values ('977','10234','Network interfaces','0');
INSERT INTO `applications` (`applicationid`,`hostid`,`name`,`flags`) values ('978','10234','General','0');
INSERT INTO `applications` (`applicationid`,`hostid`,`name`,`flags`) values ('979','10234','Status','0');
INSERT INTO `applications` (`applicationid`,`hostid`,`name`,`flags`) values ('980','10234','CPU','0');
INSERT INTO `applications` (`applicationid`,`hostid`,`name`,`flags`) values ('981','10234','Memory','0');
INSERT INTO `applications` (`applicationid`,`hostid`,`name`,`flags`) values ('982','10234','Temperature','0');
INSERT INTO `applications` (`applicationid`,`hostid`,`name`,`flags`) values ('983','10234','Power supply','0');
INSERT INTO `applications` (`applicationid`,`hostid`,`name`,`flags`) values ('984','10234','Fans','0');
INSERT INTO `applications` (`applicationid`,`hostid`,`name`,`flags`) values ('985','10234','Inventory','0');
INSERT INTO `applications` (`applicationid`,`hostid`,`name`,`flags`) values ('986','10235','Network interfaces','0');
INSERT INTO `applications` (`applicationid`,`hostid`,`name`,`flags`) values ('987','10235','General','0');
INSERT INTO `applications` (`applicationid`,`hostid`,`name`,`flags`) values ('988','10235','Status','0');
INSERT INTO `applications` (`applicationid`,`hostid`,`name`,`flags`) values ('989','10235','CPU','0');
INSERT INTO `applications` (`applicationid`,`hostid`,`name`,`flags`) values ('990','10235','Memory','0');
INSERT INTO `applications` (`applicationid`,`hostid`,`name`,`flags`) values ('991','10235','Inventory','0');
INSERT INTO `applications` (`applicationid`,`hostid`,`name`,`flags`) values ('992','10236','Network interfaces','0');
INSERT INTO `applications` (`applicationid`,`hostid`,`name`,`flags`) values ('993','10236','General','0');
INSERT INTO `applications` (`applicationid`,`hostid`,`name`,`flags`) values ('994','10236','Status','0');
INSERT INTO `applications` (`applicationid`,`hostid`,`name`,`flags`) values ('995','10236','CPU','0');
INSERT INTO `applications` (`applicationid`,`hostid`,`name`,`flags`) values ('996','10236','Memory','0');
INSERT INTO `applications` (`applicationid`,`hostid`,`name`,`flags`) values ('997','10236','Inventory','0');
INSERT INTO `applications` (`applicationid`,`hostid`,`name`,`flags`) values ('998','10237','Network interfaces','0');
INSERT INTO `applications` (`applicationid`,`hostid`,`name`,`flags`) values ('999','10237','General','0');
INSERT INTO `applications` (`applicationid`,`hostid`,`name`,`flags`) values ('1000','10237','Status','0');
INSERT INTO `applications` (`applicationid`,`hostid`,`name`,`flags`) values ('1001','10237','CPU','0');
INSERT INTO `applications` (`applicationid`,`hostid`,`name`,`flags`) values ('1002','10237','Memory','0');
INSERT INTO `applications` (`applicationid`,`hostid`,`name`,`flags`) values ('1003','10237','Inventory','0');
INSERT INTO `applications` (`applicationid`,`hostid`,`name`,`flags`) values ('1014','10248','CPU','0');
INSERT INTO `applications` (`applicationid`,`hostid`,`name`,`flags`) values ('1015','10248','Internal items','0');
INSERT INTO `applications` (`applicationid`,`hostid`,`name`,`flags`) values ('1016','10248','Memory','0');
INSERT INTO `applications` (`applicationid`,`hostid`,`name`,`flags`) values ('1017','10248','Storage','0');
INSERT INTO `applications` (`applicationid`,`hostid`,`name`,`flags`) values ('1018','10248','Network interfaces','0');
INSERT INTO `applications` (`applicationid`,`hostid`,`name`,`flags`) values ('1019','10248','General','0');
INSERT INTO `applications` (`applicationid`,`hostid`,`name`,`flags`) values ('1020','10248','Status','0');
INSERT INTO `applications` (`applicationid`,`hostid`,`name`,`flags`) values ('1021','10249','CPU','0');
INSERT INTO `applications` (`applicationid`,`hostid`,`name`,`flags`) values ('1022','10249','Internal items','0');
INSERT INTO `applications` (`applicationid`,`hostid`,`name`,`flags`) values ('1023','10249','Memory','0');
INSERT INTO `applications` (`applicationid`,`hostid`,`name`,`flags`) values ('1024','10249','Storage','0');
INSERT INTO `applications` (`applicationid`,`hostid`,`name`,`flags`) values ('1025','10249','Network interfaces','0');
INSERT INTO `applications` (`applicationid`,`hostid`,`name`,`flags`) values ('1026','10249','General','0');
INSERT INTO `applications` (`applicationid`,`hostid`,`name`,`flags`) values ('1027','10249','Status','0');
INSERT INTO `applications` (`applicationid`,`hostid`,`name`,`flags`) values ('1028','10250','Network interfaces','0');
INSERT INTO `applications` (`applicationid`,`hostid`,`name`,`flags`) values ('1029','10250','General','0');
INSERT INTO `applications` (`applicationid`,`hostid`,`name`,`flags`) values ('1030','10250','Status','0');
INSERT INTO `applications` (`applicationid`,`hostid`,`name`,`flags`) values ('1031','10250','CPU','0');
INSERT INTO `applications` (`applicationid`,`hostid`,`name`,`flags`) values ('1032','10250','Memory','0');
INSERT INTO `applications` (`applicationid`,`hostid`,`name`,`flags`) values ('1033','10250','Temperature','0');
INSERT INTO `applications` (`applicationid`,`hostid`,`name`,`flags`) values ('1034','10250','Fans','0');
INSERT INTO `applications` (`applicationid`,`hostid`,`name`,`flags`) values ('1035','10250','Power supply','0');
INSERT INTO `applications` (`applicationid`,`hostid`,`name`,`flags`) values ('1036','10250','Inventory','0');
INSERT INTO `applications` (`applicationid`,`hostid`,`name`,`flags`) values ('1037','10251','CPU','0');
INSERT INTO `applications` (`applicationid`,`hostid`,`name`,`flags`) values ('1038','10251','Internal items','0');
INSERT INTO `applications` (`applicationid`,`hostid`,`name`,`flags`) values ('1039','10251','Memory','0');
INSERT INTO `applications` (`applicationid`,`hostid`,`name`,`flags`) values ('1040','10251','Storage','0');
INSERT INTO `applications` (`applicationid`,`hostid`,`name`,`flags`) values ('1041','10251','Network interfaces','0');
INSERT INTO `applications` (`applicationid`,`hostid`,`name`,`flags`) values ('1042','10251','General','0');
INSERT INTO `applications` (`applicationid`,`hostid`,`name`,`flags`) values ('1043','10251','Status','0');
INSERT INTO `applications` (`applicationid`,`hostid`,`name`,`flags`) values ('1044','10251','Temperature','0');
INSERT INTO `applications` (`applicationid`,`hostid`,`name`,`flags`) values ('1045','10251','Fans','0');
INSERT INTO `applications` (`applicationid`,`hostid`,`name`,`flags`) values ('1046','10251','Power supply','0');
INSERT INTO `applications` (`applicationid`,`hostid`,`name`,`flags`) values ('1047','10251','Inventory','0');
INSERT INTO `applications` (`applicationid`,`hostid`,`name`,`flags`) values ('1048','10253','Inventory','0');
INSERT INTO `applications` (`applicationid`,`hostid`,`name`,`flags`) values ('1049','10253','Fans','0');
INSERT INTO `applications` (`applicationid`,`hostid`,`name`,`flags`) values ('1050','10253','Power supply','0');
INSERT INTO `applications` (`applicationid`,`hostid`,`name`,`flags`) values ('1051','10253','Temperature','0');
INSERT INTO `applications` (`applicationid`,`hostid`,`name`,`flags`) values ('1052','10253','Memory','0');
INSERT INTO `applications` (`applicationid`,`hostid`,`name`,`flags`) values ('1053','10253','Network interfaces','0');
INSERT INTO `applications` (`applicationid`,`hostid`,`name`,`flags`) values ('1054','10253','General','0');
INSERT INTO `applications` (`applicationid`,`hostid`,`name`,`flags`) values ('1055','10253','Status','0');
INSERT INTO `applications` (`applicationid`,`hostid`,`name`,`flags`) values ('1056','10252','CPU','0');
INSERT INTO `applications` (`applicationid`,`hostid`,`name`,`flags`) values ('1057','10253','CPU','0');
INSERT INTO `applications` (`applicationid`,`hostid`,`name`,`flags`) values ('1058','10254','Network interfaces','0');
INSERT INTO `applications` (`applicationid`,`hostid`,`name`,`flags`) values ('1059','10254','General','0');
INSERT INTO `applications` (`applicationid`,`hostid`,`name`,`flags`) values ('1060','10254','Status','0');
INSERT INTO `applications` (`applicationid`,`hostid`,`name`,`flags`) values ('1061','10254','CPU','0');
INSERT INTO `applications` (`applicationid`,`hostid`,`name`,`flags`) values ('1062','10254','Fans','0');
INSERT INTO `applications` (`applicationid`,`hostid`,`name`,`flags`) values ('1063','10254','Internal items','0');
INSERT INTO `applications` (`applicationid`,`hostid`,`name`,`flags`) values ('1064','10254','Inventory','0');
INSERT INTO `applications` (`applicationid`,`hostid`,`name`,`flags`) values ('1065','10254','Memory','0');
INSERT INTO `applications` (`applicationid`,`hostid`,`name`,`flags`) values ('1066','10254','Power supply','0');
INSERT INTO `applications` (`applicationid`,`hostid`,`name`,`flags`) values ('1067','10254','Storage','0');
INSERT INTO `applications` (`applicationid`,`hostid`,`name`,`flags`) values ('1068','10254','Temperature','0');
INSERT INTO `applications` (`applicationid`,`hostid`,`name`,`flags`) values ('1069','10255','General','0');
INSERT INTO `applications` (`applicationid`,`hostid`,`name`,`flags`) values ('1070','10255','Status','0');
INSERT INTO `applications` (`applicationid`,`hostid`,`name`,`flags`) values ('1071','10255','Disk arrays','0');
INSERT INTO `applications` (`applicationid`,`hostid`,`name`,`flags`) values ('1072','10255','Fans','0');
INSERT INTO `applications` (`applicationid`,`hostid`,`name`,`flags`) values ('1073','10255','Inventory','0');
INSERT INTO `applications` (`applicationid`,`hostid`,`name`,`flags`) values ('1074','10255','Physical disks','0');
INSERT INTO `applications` (`applicationid`,`hostid`,`name`,`flags`) values ('1075','10255','Power supply','0');
INSERT INTO `applications` (`applicationid`,`hostid`,`name`,`flags`) values ('1076','10255','Temperature','0');
INSERT INTO `applications` (`applicationid`,`hostid`,`name`,`flags`) values ('1077','10255','Virtual disks','0');
INSERT INTO `applications` (`applicationid`,`hostid`,`name`,`flags`) values ('1078','10256','General','0');
INSERT INTO `applications` (`applicationid`,`hostid`,`name`,`flags`) values ('1079','10256','Status','0');
INSERT INTO `applications` (`applicationid`,`hostid`,`name`,`flags`) values ('1080','10256','Disk arrays','0');
INSERT INTO `applications` (`applicationid`,`hostid`,`name`,`flags`) values ('1081','10256','Fans','0');
INSERT INTO `applications` (`applicationid`,`hostid`,`name`,`flags`) values ('1082','10256','Inventory','0');
INSERT INTO `applications` (`applicationid`,`hostid`,`name`,`flags`) values ('1083','10256','Physical disks','0');
INSERT INTO `applications` (`applicationid`,`hostid`,`name`,`flags`) values ('1084','10256','Power supply','0');
INSERT INTO `applications` (`applicationid`,`hostid`,`name`,`flags`) values ('1085','10256','Temperature','0');
INSERT INTO `applications` (`applicationid`,`hostid`,`name`,`flags`) values ('1086','10256','Virtual disks','0');
INSERT INTO `applications` (`applicationid`,`hostid`,`name`,`flags`) values ('1087','10257','General','0');
INSERT INTO `applications` (`applicationid`,`hostid`,`name`,`flags`) values ('1088','10257','Status','0');
INSERT INTO `applications` (`applicationid`,`hostid`,`name`,`flags`) values ('1089','10257','Fans','0');
INSERT INTO `applications` (`applicationid`,`hostid`,`name`,`flags`) values ('1090','10257','Inventory','0');
INSERT INTO `applications` (`applicationid`,`hostid`,`name`,`flags`) values ('1091','10257','Physical disks','0');
INSERT INTO `applications` (`applicationid`,`hostid`,`name`,`flags`) values ('1092','10257','Power supply','0');
INSERT INTO `applications` (`applicationid`,`hostid`,`name`,`flags`) values ('1093','10257','Temperature','0');
INSERT INTO `applications` (`applicationid`,`hostid`,`name`,`flags`) values ('1094','10258','General','0');
INSERT INTO `applications` (`applicationid`,`hostid`,`name`,`flags`) values ('1095','10258','Status','0');
INSERT INTO `applications` (`applicationid`,`hostid`,`name`,`flags`) values ('1096','10258','Fans','0');
INSERT INTO `applications` (`applicationid`,`hostid`,`name`,`flags`) values ('1097','10258','Inventory','0');
INSERT INTO `applications` (`applicationid`,`hostid`,`name`,`flags`) values ('1098','10258','Physical disks','0');
INSERT INTO `applications` (`applicationid`,`hostid`,`name`,`flags`) values ('1099','10258','Power supply','0');
INSERT INTO `applications` (`applicationid`,`hostid`,`name`,`flags`) values ('1100','10258','Temperature','0');
INSERT INTO `applications` (`applicationid`,`hostid`,`name`,`flags`) values ('1101','10259','General','0');
INSERT INTO `applications` (`applicationid`,`hostid`,`name`,`flags`) values ('1102','10259','Status','0');
INSERT INTO `applications` (`applicationid`,`hostid`,`name`,`flags`) values ('1103','10259','Fans','0');
INSERT INTO `applications` (`applicationid`,`hostid`,`name`,`flags`) values ('1104','10259','Temperature','0');
INSERT INTO `applications` (`applicationid`,`hostid`,`name`,`flags`) values ('1105','10260','http-8080','0');
INSERT INTO `applications` (`applicationid`,`hostid`,`name`,`flags`) values ('1106','10260','http-8443','0');
INSERT INTO `applications` (`applicationid`,`hostid`,`name`,`flags`) values ('1107','10260','jk-8009','0');
INSERT INTO `applications` (`applicationid`,`hostid`,`name`,`flags`) values ('1108','10260','Sessions','0');
INSERT INTO `applications` (`applicationid`,`hostid`,`name`,`flags`) values ('1109','10260','Tomcat','0');
INSERT INTO `applications` (`applicationid`,`hostid`,`name`,`flags`) values ('1110','10261','Zabbix server','0');
INSERT INTO `applications` (`applicationid`,`hostid`,`name`,`flags`) values ('1111','10262','Zabbix proxy','0');
INSERT INTO `applications` (`applicationid`,`hostid`,`name`,`flags`) values ('1112','10173','Datastore','0');
INSERT INTO `interface` (`interfaceid`,`hostid`,`main`,`type`,`useip`,`ip`,`dns`,`port`,`bulk`) values ('1','10084','1','1','1','127.0.0.1','','10050','1');
INSERT INTO `valuemaps` (`valuemapid`,`name`) values ('1','Service state');
INSERT INTO `valuemaps` (`valuemapid`,`name`) values ('2','Host availability');
INSERT INTO `valuemaps` (`valuemapid`,`name`) values ('3','Windows service state');
INSERT INTO `valuemaps` (`valuemapid`,`name`) values ('4','APC Battery Replacement Status');
INSERT INTO `valuemaps` (`valuemapid`,`name`) values ('5','APC Battery Status');
INSERT INTO `valuemaps` (`valuemapid`,`name`) values ('6','HP Insight System Status');
INSERT INTO `valuemaps` (`valuemapid`,`name`) values ('7','Dell Open Manage System Status');
INSERT INTO `valuemaps` (`valuemapid`,`name`) values ('8','SNMP interface status (ifOperStatus)');
INSERT INTO `valuemaps` (`valuemapid`,`name`) values ('9','SNMP device status (hrDeviceStatus)');
INSERT INTO `valuemaps` (`valuemapid`,`name`) values ('10','Zabbix agent ping status');
INSERT INTO `valuemaps` (`valuemapid`,`name`) values ('11','SNMP interface status (ifAdminStatus)');
INSERT INTO `valuemaps` (`valuemapid`,`name`) values ('12','VMware VirtualMachinePowerState');
INSERT INTO `valuemaps` (`valuemapid`,`name`) values ('13','VMware status');
INSERT INTO `valuemaps` (`valuemapid`,`name`) values ('14','Maintenance status');
INSERT INTO `valuemaps` (`valuemapid`,`name`) values ('15','Value cache operating mode');
INSERT INTO `valuemaps` (`valuemapid`,`name`) values ('16','Windows service startup type');
INSERT INTO `valuemaps` (`valuemapid`,`name`) values ('17','HTTP response status code');
INSERT INTO `valuemaps` (`valuemapid`,`name`) values ('18','ENTITY-SENSORS-MIB::EntitySensorStatus');
INSERT INTO `valuemaps` (`valuemapid`,`name`) values ('19','EtherLike-MIB::dot3StatsDuplexStatus');
INSERT INTO `valuemaps` (`valuemapid`,`name`) values ('20','IF-MIB::ifOperStatus');
INSERT INTO `valuemaps` (`valuemapid`,`name`) values ('21','IF-MIB::ifType');
INSERT INTO `valuemaps` (`valuemapid`,`name`) values ('22','zabbix.host.available');
INSERT INTO `valuemaps` (`valuemapid`,`name`) values ('23','TIMETRA-CHASSIS-MIB::TmnxDeviceState');
INSERT INTO `valuemaps` (`valuemapid`,`name`) values ('24','SW-MIB::swSensorStatus');
INSERT INTO `valuemaps` (`valuemapid`,`name`) values ('25','SW-MIB::swOperStatus');
INSERT INTO `valuemaps` (`valuemapid`,`name`) values ('26','FOUNDRY-SN-AGENT-MIB::snChasPwrSupplyOperStatus');
INSERT INTO `valuemaps` (`valuemapid`,`name`) values ('27','FOUNDRY-SN-AGENT-MIB::snChasFanOperStatus');
INSERT INTO `valuemaps` (`valuemapid`,`name`) values ('28','CISCO-ENVMON-MIB::CiscoEnvMonState');
INSERT INTO `valuemaps` (`valuemapid`,`name`) values ('29','F10-S-SERIES-CHASSIS-MIB::extremeFanOperational');
INSERT INTO `valuemaps` (`valuemapid`,`name`) values ('30','F10-S-SERIES-CHASSIS-MIB::chSysFanTrayOperStatus');
INSERT INTO `valuemaps` (`valuemapid`,`name`) values ('31','F10-S-SERIES-CHASSIS-MIB::chSysPowerSupplyOperStatus');
INSERT INTO `valuemaps` (`valuemapid`,`name`) values ('32','MY-SYSTEM-MIB::mySystemFanIsNormal');
INSERT INTO `valuemaps` (`valuemapid`,`name`) values ('33','EQUIPMENT-MIB::swFanStatus');
INSERT INTO `valuemaps` (`valuemapid`,`name`) values ('34','EQUIPMENT-MIB::swPowerStatus');
INSERT INTO `valuemaps` (`valuemapid`,`name`) values ('35','TruthValue');
INSERT INTO `valuemaps` (`valuemapid`,`name`) values ('36','EXTREME-SYSTEM-MIB::extremeFanOperational');
INSERT INTO `valuemaps` (`valuemapid`,`name`) values ('37','EXTREME-SYSTEM-MIB::extremeOverTemperatureAlarm');
INSERT INTO `valuemaps` (`valuemapid`,`name`) values ('38','EXTREME-SYSTEM-MIB::extremePowerSupplyStatus');
INSERT INTO `valuemaps` (`valuemapid`,`name`) values ('39','HH3C-ENTITY-EXT-MIB::hh3cEntityExtErrorStatus');
INSERT INTO `valuemaps` (`valuemapid`,`name`) values ('40','HP-ICF-CHASSIS::hpicfSensorStatus');
INSERT INTO `valuemaps` (`valuemapid`,`name`) values ('41','HUAWEI-ENTITY-EXTENT-MIB::hwEntityFanState');
INSERT INTO `valuemaps` (`valuemapid`,`name`) values ('42','ICS-CHASSIS-MIB::icsChassisFanOperStatus');
INSERT INTO `valuemaps` (`valuemapid`,`name`) values ('43','ICS-CHASSIS-MIB::icsChassisSensorSlotOperStatus');
INSERT INTO `valuemaps` (`valuemapid`,`name`) values ('44','ICS-CHASSIS-MIB::icsChassisPowerSupplyOperStatus');
INSERT INTO `valuemaps` (`valuemapid`,`name`) values ('45','ICS-CHASSIS-MIB::icsChassisTemperatureStatus');
INSERT INTO `valuemaps` (`valuemapid`,`name`) values ('46','JUNIPER-ALARM-MIB::jnxRedAlarmState');
INSERT INTO `valuemaps` (`valuemapid`,`name`) values ('47','JUNIPER-ALARM-MIB::jnxOperatingState');
INSERT INTO `valuemaps` (`valuemapid`,`name`) values ('48','ENTITY-STATE-MIB::EntityOperState');
INSERT INTO `valuemaps` (`valuemapid`,`name`) values ('49','FASTPATH-BOXSERVICES-PRIVATE-MIB::boxServicesPowSupplyItemState');
INSERT INTO `valuemaps` (`valuemapid`,`name`) values ('50','FASTPATH-BOXSERVICES-PRIVATE-MIB::boxServicesFanItemState');
INSERT INTO `valuemaps` (`valuemapid`,`name`) values ('51','FASTPATH-BOXSERVICES-PRIVATE-MIB::boxServicesTempSensorState');
INSERT INTO `valuemaps` (`valuemapid`,`name`) values ('52','QTECH-MIB::sysFanStatus');
INSERT INTO `valuemaps` (`valuemapid`,`name`) values ('53','QTECH-MIB::sysPowerStatus');
INSERT INTO `valuemaps` (`valuemapid`,`name`) values ('54','CPQSINFO-MIB::status');
INSERT INTO `valuemaps` (`valuemapid`,`name`) values ('55','CPQHLTH-MIB::cpqHeTemperatureLocale');
INSERT INTO `valuemaps` (`valuemapid`,`name`) values ('56','CPQIDA-MIB::cpqDaCntlrModel');
INSERT INTO `valuemaps` (`valuemapid`,`name`) values ('57','CPQIDA-MIB::cpqDaPhyDrvStatus');
INSERT INTO `valuemaps` (`valuemapid`,`name`) values ('58','IMM-MIB::systemHealthStat');
INSERT INTO `valuemaps` (`valuemapid`,`name`) values ('59','IDRAC-MIB-SMIv2::ObjectStatusEnum');
INSERT INTO `valuemaps` (`valuemapid`,`name`) values ('60','IDRAC-MIB-SMIv2::StatusProbeEnum');
INSERT INTO `valuemaps` (`valuemapid`,`name`) values ('61','IDRAC-MIB-SMIv2::physicalDiskComponentStatus');
INSERT INTO `valuemaps` (`valuemapid`,`name`) values ('62','IDRAC-MIB-SMIv2::BooleanType');
INSERT INTO `valuemaps` (`valuemapid`,`name`) values ('63','IDRAC-MIB-SMIv2::physicalDiskMediaType');
INSERT INTO `valuemaps` (`valuemapid`,`name`) values ('64','IDRAC-MIB-SMIv2::batteryState');
INSERT INTO `valuemaps` (`valuemapid`,`name`) values ('65','IDRAC-MIB-SMIv2::virtualDiskLayout');
INSERT INTO `valuemaps` (`valuemapid`,`name`) values ('66','IDRAC-MIB-SMIv2::virtualDiskOperationalState');
INSERT INTO `valuemaps` (`valuemapid`,`name`) values ('67','IDRAC-MIB-SMIv2::virtualDiskWritePolicy');
INSERT INTO `valuemaps` (`valuemapid`,`name`) values ('68','IDRAC-MIB-SMIv2::virtualDiskReadPolicy');
INSERT INTO `valuemaps` (`valuemapid`,`name`) values ('69','IDRAC-MIB-SMIv2::virtualDiskState');
INSERT INTO `valuemaps` (`valuemapid`,`name`) values ('70','CPQIDA-MIB::cpqDaPhyDrvSmartStatus');
INSERT INTO `valuemaps` (`valuemapid`,`name`) values ('71','CPQIDA-MIB::cpqDaAccelStatus');
INSERT INTO `valuemaps` (`valuemapid`,`name`) values ('72','CPQIDA-MIB::cpqDaAccelBattery');
INSERT INTO `valuemaps` (`valuemapid`,`name`) values ('73','CPQIDA-MIB::cpqDaPhyDrvMediaType');
INSERT INTO `valuemaps` (`valuemapid`,`name`) values ('74','CPQIDA-MIB::cpqDaLogDrvFaultTol');
INSERT INTO `valuemaps` (`valuemapid`,`name`) values ('75','CPQIDA-MIB::cpqDaLogDrvStatus');
INSERT INTO `items` (`itemid`,`type`,`snmp_community`,`snmp_oid`,`hostid`,`name`,`key_`,`delay`,`history`,`trends`,`status`,`value_type`,`trapper_hosts`,`units`,`snmpv3_securityname`,`snmpv3_securitylevel`,`snmpv3_authpassphrase`,`snmpv3_privpassphrase`,`formula`,`logtimefmt`,`templateid`,`valuemapid`,`params`,`ipmi_sensor`,`authtype`,`username`,`password`,`publickey`,`privatekey`,`flags`,`interfaceid`,`port`,`description`,`inventory_link`,`lifetime`,`snmpv3_authprotocol`,`snmpv3_privprotocol`,`snmpv3_contextname`,`evaltype`,`jmx_endpoint`,`master_itemid`,`timeout`,`url`,`query_fields`,`posts`,`status_codes`,`follow_redirects`,`post_type`,`headers`,`retrieve_mode`,`request_method`,`output_format`,`verify_peer`,`verify_host`,`allow_traps`) values ('10009','0','','','10001','Number of processes','proc.num[]','1m','1w','365d','0','3','','','','0','','','','',NULL,NULL,'','','0','','','','','0',NULL,'','Total number of processes in any state.','0','0','0','0','','0','',NULL,'3s','','','','200','1','0','','0','0','0','0','0','0');
INSERT INTO `items` (`itemid`,`type`,`snmp_community`,`snmp_oid`,`hostid`,`name`,`key_`,`delay`,`history`,`trends`,`status`,`value_type`,`trapper_hosts`,`units`,`snmpv3_securityname`,`snmpv3_securitylevel`,`snmpv3_authpassphrase`,`snmpv3_privpassphrase`,`formula`,`logtimefmt`,`templateid`,`valuemapid`,`params`,`ipmi_sensor`,`authtype`,`username`,`password`,`publickey`,`privatekey`,`flags`,`interfaceid`,`port`,`description`,`inventory_link`,`lifetime`,`snmpv3_authprotocol`,`snmpv3_privprotocol`,`snmpv3_contextname`,`evaltype`,`jmx_endpoint`,`master_itemid`,`timeout`,`url`,`query_fields`,`posts`,`status_codes`,`follow_redirects`,`post_type`,`headers`,`retrieve_mode`,`request_method`,`output_format`,`verify_peer`,`verify_host`,`allow_traps`) values ('10010','0','','','10001','Processor load (1 min average per core)','system.cpu.load[percpu,avg1]','1m','1w','365d','0','0','','','','0','','','','',NULL,NULL,'','','0','','','','','0',NULL,'','The processor load is calculated as system CPU load divided by number of CPU cores.','0','0','0','0','','0','',NULL,'3s','','','','200','1','0','','0','0','0','0','0','0');
INSERT INTO `items` (`itemid`,`type`,`snmp_community`,`snmp_oid`,`hostid`,`name`,`key_`,`delay`,`history`,`trends`,`status`,`value_type`,`trapper_hosts`,`units`,`snmpv3_securityname`,`snmpv3_securitylevel`,`snmpv3_authpassphrase`,`snmpv3_privpassphrase`,`formula`,`logtimefmt`,`templateid`,`valuemapid`,`params`,`ipmi_sensor`,`authtype`,`username`,`password`,`publickey`,`privatekey`,`flags`,`interfaceid`,`port`,`description`,`inventory_link`,`lifetime`,`snmpv3_authprotocol`,`snmpv3_privprotocol`,`snmpv3_contextname`,`evaltype`,`jmx_endpoint`,`master_itemid`,`timeout`,`url`,`query_fields`,`posts`,`status_codes`,`follow_redirects`,`post_type`,`headers`,`retrieve_mode`,`request_method`,`output_format`,`verify_peer`,`verify_host`,`allow_traps`) values ('10013','0','','','10001','Number of running processes','proc.num[,,run]','1m','1w','365d','0','3','','','','0','','','','',NULL,NULL,'','','0','','','','','0',NULL,'','Number of processes in running state.','0','0','0','0','','0','',NULL,'3s','','','','200','1','0','','0','0','0','0','0','0');
INSERT INTO `items` (`itemid`,`type`,`snmp_community`,`snmp_oid`,`hostid`,`name`,`key_`,`delay`,`history`,`trends`,`status`,`value_type`,`trapper_hosts`,`units`,`snmpv3_securityname`,`snmpv3_securitylevel`,`snmpv3_authpassphrase`,`snmpv3_privpassphrase`,`formula`,`logtimefmt`,`templateid`,`valuemapid`,`params`,`ipmi_sensor`,`authtype`,`username`,`password`,`publickey`,`privatekey`,`flags`,`interfaceid`,`port`,`description`,`inventory_link`,`lifetime`,`snmpv3_authprotocol`,`snmpv3_privprotocol`,`snmpv3_contextname`,`evaltype`,`jmx_endpoint`,`master_itemid`,`timeout`,`url`,`query_fields`,`posts`,`status_codes`,`follow_redirects`,`post_type`,`headers`,`retrieve_mode`,`request_method`,`output_format`,`verify_peer`,`verify_host`,`allow_traps`) values ('10014','0','','','10001','Free swap space','system.swap.size[,free]','1m','1w','365d','0','3','','B','','0','','','','',NULL,NULL,'','','0','','','','','0',NULL,'','','0','0','0','0','','0','',NULL,'3s','','','','200','1','0','','0','0','0','0','0','0');
INSERT INTO `items` (`itemid`,`type`,`snmp_community`,`snmp_oid`,`hostid`,`name`,`key_`,`delay`,`history`,`trends`,`status`,`value_type`,`trapper_hosts`,`units`,`snmpv3_securityname`,`snmpv3_securitylevel`,`snmpv3_authpassphrase`,`snmpv3_privpassphrase`,`formula`,`logtimefmt`,`templateid`,`valuemapid`,`params`,`ipmi_sensor`,`authtype`,`username`,`password`,`publickey`,`privatekey`,`flags`,`interfaceid`,`port`,`description`,`inventory_link`,`lifetime`,`snmpv3_authprotocol`,`snmpv3_privprotocol`,`snmpv3_contextname`,`evaltype`,`jmx_endpoint`,`master_itemid`,`timeout`,`url`,`query_fields`,`posts`,`status_codes`,`follow_redirects`,`post_type`,`headers`,`retrieve_mode`,`request_method`,`output_format`,`verify_peer`,`verify_host`,`allow_traps`) values ('10016','0','','','10001','Number of logged in users','system.users.num','1m','1w','365d','0','3','','','','0','','','','',NULL,NULL,'','','0','','','','','0',NULL,'','Number of users who are currently logged in.','0','0','0','0','','0','',NULL,'3s','','','','200','1','0','','0','0','0','0','0','0');
INSERT INTO `items` (`itemid`,`type`,`snmp_community`,`snmp_oid`,`hostid`,`name`,`key_`,`delay`,`history`,`trends`,`status`,`value_type`,`trapper_hosts`,`units`,`snmpv3_securityname`,`snmpv3_securitylevel`,`snmpv3_authpassphrase`,`snmpv3_privpassphrase`,`formula`,`logtimefmt`,`templateid`,`valuemapid`,`params`,`ipmi_sensor`,`authtype`,`username`,`password`,`publickey`,`privatekey`,`flags`,`interfaceid`,`port`,`description`,`inventory_link`,`lifetime`,`snmpv3_authprotocol`,`snmpv3_privprotocol`,`snmpv3_contextname`,`evaltype`,`jmx_endpoint`,`master_itemid`,`timeout`,`url`,`query_fields`,`posts`,`status_codes`,`follow_redirects`,`post_type`,`headers`,`retrieve_mode`,`request_method`,`output_format`,`verify_peer`,`verify_host`,`allow_traps`) values ('10019','0','','','10001','Checksum of /etc/passwd','vfs.file.cksum[/etc/passwd]','1h','1w','365d','0','3','','','','0','','','','',NULL,NULL,'','','0','','','','','0',NULL,'','','0','0','0','0','','0','',NULL,'3s','','','','200','1','0','','0','0','0','0','0','0');
INSERT INTO `items` (`itemid`,`type`,`snmp_community`,`snmp_oid`,`hostid`,`name`,`key_`,`delay`,`history`,`trends`,`status`,`value_type`,`trapper_hosts`,`units`,`snmpv3_securityname`,`snmpv3_securitylevel`,`snmpv3_authpassphrase`,`snmpv3_privpassphrase`,`formula`,`logtimefmt`,`templateid`,`valuemapid`,`params`,`ipmi_sensor`,`authtype`,`username`,`password`,`publickey`,`privatekey`,`flags`,`interfaceid`,`port`,`description`,`inventory_link`,`lifetime`,`snmpv3_authprotocol`,`snmpv3_privprotocol`,`snmpv3_contextname`,`evaltype`,`jmx_endpoint`,`master_itemid`,`timeout`,`url`,`query_fields`,`posts`,`status_codes`,`follow_redirects`,`post_type`,`headers`,`retrieve_mode`,`request_method`,`output_format`,`verify_peer`,`verify_host`,`allow_traps`) values ('10025','0','','','10001','System uptime','system.uptime','10m','1w','365d','0','3','','uptime','','0','','','','',NULL,NULL,'','','0','','','','','0',NULL,'','','0','0','0','0','','0','',NULL,'3s','','','','200','1','0','','0','0','0','0','0','0');
INSERT INTO `items` (`itemid`,`type`,`snmp_community`,`snmp_oid`,`hostid`,`name`,`key_`,`delay`,`history`,`trends`,`status`,`value_type`,`trapper_hosts`,`units`,`snmpv3_securityname`,`snmpv3_securitylevel`,`snmpv3_authpassphrase`,`snmpv3_privpassphrase`,`formula`,`logtimefmt`,`templateid`,`valuemapid`,`params`,`ipmi_sensor`,`authtype`,`username`,`password`,`publickey`,`privatekey`,`flags`,`interfaceid`,`port`,`description`,`inventory_link`,`lifetime`,`snmpv3_authprotocol`,`snmpv3_privprotocol`,`snmpv3_contextname`,`evaltype`,`jmx_endpoint`,`master_itemid`,`timeout`,`url`,`query_fields`,`posts`,`status_codes`,`follow_redirects`,`post_type`,`headers`,`retrieve_mode`,`request_method`,`output_format`,`verify_peer`,`verify_host`,`allow_traps`) values ('10026','0','','','10001','Total memory','vm.memory.size[total]','1h','1w','365d','0','3','','B','','0','','','','',NULL,NULL,'','','0','','','','','0',NULL,'','','0','0','0','0','','0','',NULL,'3s','','','','200','1','0','','0','0','0','0','0','0');
INSERT INTO `items` (`itemid`,`type`,`snmp_community`,`snmp_oid`,`hostid`,`name`,`key_`,`delay`,`history`,`trends`,`status`,`value_type`,`trapper_hosts`,`units`,`snmpv3_securityname`,`snmpv3_securitylevel`,`snmpv3_authpassphrase`,`snmpv3_privpassphrase`,`formula`,`logtimefmt`,`templateid`,`valuemapid`,`params`,`ipmi_sensor`,`authtype`,`username`,`password`,`publickey`,`privatekey`,`flags`,`interfaceid`,`port`,`description`,`inventory_link`,`lifetime`,`snmpv3_authprotocol`,`snmpv3_privprotocol`,`snmpv3_contextname`,`evaltype`,`jmx_endpoint`,`master_itemid`,`timeout`,`url`,`query_fields`,`posts`,`status_codes`,`follow_redirects`,`post_type`,`headers`,`retrieve_mode`,`request_method`,`output_format`,`verify_peer`,`verify_host`,`allow_traps`) values ('10030','0','','','10001','Total swap space','system.swap.size[,total]','1h','1w','365d','0','3','','B','','0','','','','',NULL,NULL,'','','0','','','','','0',NULL,'','','0','0','0','0','','0','',NULL,'3s','','','','200','1','0','','0','0','0','0','0','0');
INSERT INTO `items` (`itemid`,`type`,`snmp_community`,`snmp_oid`,`hostid`,`name`,`key_`,`delay`,`history`,`trends`,`status`,`value_type`,`trapper_hosts`,`units`,`snmpv3_securityname`,`snmpv3_securitylevel`,`snmpv3_authpassphrase`,`snmpv3_privpassphrase`,`formula`,`logtimefmt`,`templateid`,`valuemapid`,`params`,`ipmi_sensor`,`authtype`,`username`,`password`,`publickey`,`privatekey`,`flags`,`interfaceid`,`port`,`description`,`inventory_link`,`lifetime`,`snmpv3_authprotocol`,`snmpv3_privprotocol`,`snmpv3_contextname`,`evaltype`,`jmx_endpoint`,`master_itemid`,`timeout`,`url`,`query_fields`,`posts`,`status_codes`,`follow_redirects`,`post_type`,`headers`,`retrieve_mode`,`request_method`,`output_format`,`verify_peer`,`verify_host`,`allow_traps`) values ('10055','0','','','10001','Maximum number of processes','kernel.maxproc','1h','1w','365d','0','3','','','','0','','','','',NULL,NULL,'','','0','','','','','0',NULL,'','It could be increased by using sysctrl utility or modifying file /etc/sysctl.conf.','0','0','0','0','','0','',NULL,'3s','','','','200','1','0','','0','0','0','0','0','0');
INSERT INTO `items` (`itemid`,`type`,`snmp_community`,`snmp_oid`,`hostid`,`name`,`key_`,`delay`,`history`,`trends`,`status`,`value_type`,`trapper_hosts`,`units`,`snmpv3_securityname`,`snmpv3_securitylevel`,`snmpv3_authpassphrase`,`snmpv3_privpassphrase`,`formula`,`logtimefmt`,`templateid`,`valuemapid`,`params`,`ipmi_sensor`,`authtype`,`username`,`password`,`publickey`,`privatekey`,`flags`,`interfaceid`,`port`,`description`,`inventory_link`,`lifetime`,`snmpv3_authprotocol`,`snmpv3_privprotocol`,`snmpv3_contextname`,`evaltype`,`jmx_endpoint`,`master_itemid`,`timeout`,`url`,`query_fields`,`posts`,`status_codes`,`follow_redirects`,`post_type`,`headers`,`retrieve_mode`,`request_method`,`output_format`,`verify_peer`,`verify_host`,`allow_traps`) values ('10056','0','','','10001','Maximum number of opened files','kernel.maxfiles','1h','1w','365d','0','3','','','','0','','','','',NULL,NULL,'','','0','','','','','0',NULL,'','It could be increased by using sysctrl utility or modifying file /etc/sysctl.conf.','0','0','0','0','','0','',NULL,'3s','','','','200','1','0','','0','0','0','0','0','0');
INSERT INTO `items` (`itemid`,`type`,`snmp_community`,`snmp_oid`,`hostid`,`name`,`key_`,`delay`,`history`,`trends`,`status`,`value_type`,`trapper_hosts`,`units`,`snmpv3_securityname`,`snmpv3_securitylevel`,`snmpv3_authpassphrase`,`snmpv3_privpassphrase`,`formula`,`logtimefmt`,`templateid`,`valuemapid`,`params`,`ipmi_sensor`,`authtype`,`username`,`password`,`publickey`,`privatekey`,`flags`,`interfaceid`,`port`,`description`,`inventory_link`,`lifetime`,`snmpv3_authprotocol`,`snmpv3_privprotocol`,`snmpv3_contextname`,`evaltype`,`jmx_endpoint`,`master_itemid`,`timeout`,`url`,`query_fields`,`posts`,`status_codes`,`follow_redirects`,`post_type`,`headers`,`retrieve_mode`,`request_method`,`output_format`,`verify_peer`,`verify_host`,`allow_traps`) values ('10057','0','','','10001','Host name','system.hostname','1h','1w','0','0','1','','','','0','','','','',NULL,NULL,'','','0','','','','','0',NULL,'','System host name.','3','0','0','0','','0','',NULL,'3s','','','','200','1','0','','0','0','0','0','0','0');
INSERT INTO `items` (`itemid`,`type`,`snmp_community`,`snmp_oid`,`hostid`,`name`,`key_`,`delay`,`history`,`trends`,`status`,`value_type`,`trapper_hosts`,`units`,`snmpv3_securityname`,`snmpv3_securitylevel`,`snmpv3_authpassphrase`,`snmpv3_privpassphrase`,`formula`,`logtimefmt`,`templateid`,`valuemapid`,`params`,`ipmi_sensor`,`authtype`,`username`,`password`,`publickey`,`privatekey`,`flags`,`interfaceid`,`port`,`description`,`inventory_link`,`lifetime`,`snmpv3_authprotocol`,`snmpv3_privprotocol`,`snmpv3_contextname`,`evaltype`,`jmx_endpoint`,`master_itemid`,`timeout`,`url`,`query_fields`,`posts`,`status_codes`,`follow_redirects`,`post_type`,`headers`,`retrieve_mode`,`request_method`,`output_format`,`verify_peer`,`verify_host`,`allow_traps`) values ('10058','0','','','10001','System information','system.uname','1h','1w','0','0','1','','','','0','','','','',NULL,NULL,'','','0','','','','','0',NULL,'','The information as normally returned by \'uname -a\'.','5','0','0','0','','0','',NULL,'3s','','','','200','1','0','','0','0','0','0','0','0');
INSERT INTO `items` (`itemid`,`type`,`snmp_community`,`snmp_oid`,`hostid`,`name`,`key_`,`delay`,`history`,`trends`,`status`,`value_type`,`trapper_hosts`,`units`,`snmpv3_securityname`,`snmpv3_securitylevel`,`snmpv3_authpassphrase`,`snmpv3_privpassphrase`,`formula`,`logtimefmt`,`templateid`,`valuemapid`,`params`,`ipmi_sensor`,`authtype`,`username`,`password`,`publickey`,`privatekey`,`flags`,`interfaceid`,`port`,`description`,`inventory_link`,`lifetime`,`snmpv3_authprotocol`,`snmpv3_privprotocol`,`snmpv3_contextname`,`evaltype`,`jmx_endpoint`,`master_itemid`,`timeout`,`url`,`query_fields`,`posts`,`status_codes`,`follow_redirects`,`post_type`,`headers`,`retrieve_mode`,`request_method`,`output_format`,`verify_peer`,`verify_host`,`allow_traps`) values ('10061','5','','','10047','Number of processed numeric (float) values per second','zabbix[wcache,values,float]','1m','1w','365d','0','0','','','','0','','','','',NULL,NULL,'','','0','','','','','0',NULL,'','','0','0','0','0','','0','',NULL,'3s','','','','200','1','0','','0','0','0','0','0','0');
INSERT INTO `items` (`itemid`,`type`,`snmp_community`,`snmp_oid`,`hostid`,`name`,`key_`,`delay`,`history`,`trends`,`status`,`value_type`,`trapper_hosts`,`units`,`snmpv3_securityname`,`snmpv3_securitylevel`,`snmpv3_authpassphrase`,`snmpv3_privpassphrase`,`formula`,`logtimefmt`,`templateid`,`valuemapid`,`params`,`ipmi_sensor`,`authtype`,`username`,`password`,`publickey`,`privatekey`,`flags`,`interfaceid`,`port`,`description`,`inventory_link`,`lifetime`,`snmpv3_authprotocol`,`snmpv3_privprotocol`,`snmpv3_contextname`,`evaltype`,`jmx_endpoint`,`master_itemid`,`timeout`,`url`,`query_fields`,`posts`,`status_codes`,`follow_redirects`,`post_type`,`headers`,`retrieve_mode`,`request_method`,`output_format`,`verify_peer`,`verify_host`,`allow_traps`) values ('10062','5','','','10047','Number of processed character values per second','zabbix[wcache,values,str]','1m','1w','365d','0','0','','','','0','','','','',NULL,NULL,'','','0','','','','','0',NULL,'','','0','0','0','0','','0','',NULL,'3s','','','','200','1','0','','0','0','0','0','0','0');
INSERT INTO `items` (`itemid`,`type`,`snmp_community`,`snmp_oid`,`hostid`,`name`,`key_`,`delay`,`history`,`trends`,`status`,`value_type`,`trapper_hosts`,`units`,`snmpv3_securityname`,`snmpv3_securitylevel`,`snmpv3_authpassphrase`,`snmpv3_privpassphrase`,`formula`,`logtimefmt`,`templateid`,`valuemapid`,`params`,`ipmi_sensor`,`authtype`,`username`,`password`,`publickey`,`privatekey`,`flags`,`interfaceid`,`port`,`description`,`inventory_link`,`lifetime`,`snmpv3_authprotocol`,`snmpv3_privprotocol`,`snmpv3_contextname`,`evaltype`,`jmx_endpoint`,`master_itemid`,`timeout`,`url`,`query_fields`,`posts`,`status_codes`,`follow_redirects`,`post_type`,`headers`,`retrieve_mode`,`request_method`,`output_format`,`verify_peer`,`verify_host`,`allow_traps`) values ('10063','5','','','10047','Number of processed log values per second','zabbix[wcache,values,log]','1m','1w','365d','0','0','','','','0','','','','',NULL,NULL,'','','0','','','','','0',NULL,'','','0','0','0','0','','0','',NULL,'3s','','','','200','1','0','','0','0','0','0','0','0');
INSERT INTO `items` (`itemid`,`type`,`snmp_community`,`snmp_oid`,`hostid`,`name`,`key_`,`delay`,`history`,`trends`,`status`,`value_type`,`trapper_hosts`,`units`,`snmpv3_securityname`,`snmpv3_securitylevel`,`snmpv3_authpassphrase`,`snmpv3_privpassphrase`,`formula`,`logtimefmt`,`templateid`,`valuemapid`,`params`,`ipmi_sensor`,`authtype`,`username`,`password`,`publickey`,`privatekey`,`flags`,`interfaceid`,`port`,`description`,`inventory_link`,`lifetime`,`snmpv3_authprotocol`,`snmpv3_privprotocol`,`snmpv3_contextname`,`evaltype`,`jmx_endpoint`,`master_itemid`,`timeout`,`url`,`query_fields`,`posts`,`status_codes`,`follow_redirects`,`post_type`,`headers`,`retrieve_mode`,`request_method`,`output_format`,`verify_peer`,`verify_host`,`allow_traps`) values ('10064','5','','','10047','Number of processed numeric (unsigned) values per second','zabbix[wcache,values,uint]','1m','1w','365d','0','0','','','','0','','','','',NULL,NULL,'','','0','','','','','0',NULL,'','','0','0','0','0','','0','',NULL,'3s','','','','200','1','0','','0','0','0','0','0','0');
INSERT INTO `items` (`itemid`,`type`,`snmp_community`,`snmp_oid`,`hostid`,`name`,`key_`,`delay`,`history`,`trends`,`status`,`value_type`,`trapper_hosts`,`units`,`snmpv3_securityname`,`snmpv3_securitylevel`,`snmpv3_authpassphrase`,`snmpv3_privpassphrase`,`formula`,`logtimefmt`,`templateid`,`valuemapid`,`params`,`ipmi_sensor`,`authtype`,`username`,`password`,`publickey`,`privatekey`,`flags`,`interfaceid`,`port`,`description`,`inventory_link`,`lifetime`,`snmpv3_authprotocol`,`snmpv3_privprotocol`,`snmpv3_contextname`,`evaltype`,`jmx_endpoint`,`master_itemid`,`timeout`,`url`,`query_fields`,`posts`,`status_codes`,`follow_redirects`,`post_type`,`headers`,`retrieve_mode`,`request_method`,`output_format`,`verify_peer`,`verify_host`,`allow_traps`) values ('10065','5','','','10047','Number of processed text values per second','zabbix[wcache,values,text]','1m','1w','365d','0','0','','','','0','','','','',NULL,NULL,'','','0','','','','','0',NULL,'','','0','0','0','0','','0','',NULL,'3s','','','','200','1','0','','0','0','0','0','0','0');
INSERT INTO `items` (`itemid`,`type`,`snmp_community`,`snmp_oid`,`hostid`,`name`,`key_`,`delay`,`history`,`trends`,`status`,`value_type`,`trapper_hosts`,`units`,`snmpv3_securityname`,`snmpv3_securitylevel`,`snmpv3_authpassphrase`,`snmpv3_privpassphrase`,`formula`,`logtimefmt`,`templateid`,`valuemapid`,`params`,`ipmi_sensor`,`authtype`,`username`,`password`,`publickey`,`privatekey`,`flags`,`interfaceid`,`port`,`description`,`inventory_link`,`lifetime`,`snmpv3_authprotocol`,`snmpv3_privprotocol`,`snmpv3_contextname`,`evaltype`,`jmx_endpoint`,`master_itemid`,`timeout`,`url`,`query_fields`,`posts`,`status_codes`,`follow_redirects`,`post_type`,`headers`,`retrieve_mode`,`request_method`,`output_format`,`verify_peer`,`verify_host`,`allow_traps`) values ('10066','5','','','10047','Number of processed not supported values per second','zabbix[wcache,values,not supported]','1m','1w','365d','0','0','','','','0','','','','',NULL,NULL,'','','0','','','','','0',NULL,'','','0','0','0','0','','0','',NULL,'3s','','','','200','1','0','','0','0','0','0','0','0');
INSERT INTO `items` (`itemid`,`type`,`snmp_community`,`snmp_oid`,`hostid`,`name`,`key_`,`delay`,`history`,`trends`,`status`,`value_type`,`trapper_hosts`,`units`,`snmpv3_securityname`,`snmpv3_securitylevel`,`snmpv3_authpassphrase`,`snmpv3_privpassphrase`,`formula`,`logtimefmt`,`templateid`,`valuemapid`,`params`,`ipmi_sensor`,`authtype`,`username`,`password`,`publickey`,`privatekey`,`flags`,`interfaceid`,`port`,`description`,`inventory_link`,`lifetime`,`snmpv3_authprotocol`,`snmpv3_privprotocol`,`snmpv3_contextname`,`evaltype`,`jmx_endpoint`,`master_itemid`,`timeout`,`url`,`query_fields`,`posts`,`status_codes`,`follow_redirects`,`post_type`,`headers`,`retrieve_mode`,`request_method`,`output_format`,`verify_peer`,`verify_host`,`allow_traps`) values ('10067','5','','','10048','Number of processed numeric (float) values per second','zabbix[wcache,values,float]','1m','1w','365d','0','0','','','','0','','','','',NULL,NULL,'','','0','','','','','0',NULL,'','','0','30d','0','0','','0','',NULL,'3s','','','','200','1','0','','0','1','0','0','0','0');
INSERT INTO `items` (`itemid`,`type`,`snmp_community`,`snmp_oid`,`hostid`,`name`,`key_`,`delay`,`history`,`trends`,`status`,`value_type`,`trapper_hosts`,`units`,`snmpv3_securityname`,`snmpv3_securitylevel`,`snmpv3_authpassphrase`,`snmpv3_privpassphrase`,`formula`,`logtimefmt`,`templateid`,`valuemapid`,`params`,`ipmi_sensor`,`authtype`,`username`,`password`,`publickey`,`privatekey`,`flags`,`interfaceid`,`port`,`description`,`inventory_link`,`lifetime`,`snmpv3_authprotocol`,`snmpv3_privprotocol`,`snmpv3_contextname`,`evaltype`,`jmx_endpoint`,`master_itemid`,`timeout`,`url`,`query_fields`,`posts`,`status_codes`,`follow_redirects`,`post_type`,`headers`,`retrieve_mode`,`request_method`,`output_format`,`verify_peer`,`verify_host`,`allow_traps`) values ('10068','5','','','10048','Number of processed character values per second','zabbix[wcache,values,str]','1m','1w','365d','0','0','','','','0','','','','',NULL,NULL,'','','0','','','','','0',NULL,'','','0','30d','0','0','','0','',NULL,'3s','','','','200','1','0','','0','1','0','0','0','0');
INSERT INTO `items` (`itemid`,`type`,`snmp_community`,`snmp_oid`,`hostid`,`name`,`key_`,`delay`,`history`,`trends`,`status`,`value_type`,`trapper_hosts`,`units`,`snmpv3_securityname`,`snmpv3_securitylevel`,`snmpv3_authpassphrase`,`snmpv3_privpassphrase`,`formula`,`logtimefmt`,`templateid`,`valuemapid`,`params`,`ipmi_sensor`,`authtype`,`username`,`password`,`publickey`,`privatekey`,`flags`,`interfaceid`,`port`,`description`,`inventory_link`,`lifetime`,`snmpv3_authprotocol`,`snmpv3_privprotocol`,`snmpv3_contextname`,`evaltype`,`jmx_endpoint`,`master_itemid`,`timeout`,`url`,`query_fields`,`posts`,`status_codes`,`follow_redirects`,`post_type`,`headers`,`retrieve_mode`,`request_method`,`output_format`,`verify_peer`,`verify_host`,`allow_traps`) values ('10069','5','','','10048','Number of processed log values per second','zabbix[wcache,values,log]','1m','1w','365d','0','0','','','','0','','','','',NULL,NULL,'','','0','','','','','0',NULL,'','','0','30d','0','0','','0','',NULL,'3s','','','','200','1','0','','0','1','0','0','0','0');
INSERT INTO `items` (`itemid`,`type`,`snmp_community`,`snmp_oid`,`hostid`,`name`,`key_`,`delay`,`history`,`trends`,`status`,`value_type`,`trapper_hosts`,`units`,`snmpv3_securityname`,`snmpv3_securitylevel`,`snmpv3_authpassphrase`,`snmpv3_privpassphrase`,`formula`,`logtimefmt`,`templateid`,`valuemapid`,`params`,`ipmi_sensor`,`authtype`,`username`,`password`,`publickey`,`privatekey`,`flags`,`interfaceid`,`port`,`description`,`inventory_link`,`lifetime`,`snmpv3_authprotocol`,`snmpv3_privprotocol`,`snmpv3_contextname`,`evaltype`,`jmx_endpoint`,`master_itemid`,`timeout`,`url`,`query_fields`,`posts`,`status_codes`,`follow_redirects`,`post_type`,`headers`,`retrieve_mode`,`request_method`,`output_format`,`verify_peer`,`verify_host`,`allow_traps`) values ('10070','5','','','10048','Number of processed numeric (unsigned) values per second','zabbix[wcache,values,uint]','1m','1w','365d','0','0','','','','0','','','','',NULL,NULL,'','','0','','','','','0',NULL,'','','0','30d','0','0','','0','',NULL,'3s','','','','200','1','0','','0','1','0','0','0','0');
INSERT INTO `items` (`itemid`,`type`,`snmp_community`,`snmp_oid`,`hostid`,`name`,`key_`,`delay`,`history`,`trends`,`status`,`value_type`,`trapper_hosts`,`units`,`snmpv3_securityname`,`snmpv3_securitylevel`,`snmpv3_authpassphrase`,`snmpv3_privpassphrase`,`formula`,`logtimefmt`,`templateid`,`valuemapid`,`params`,`ipmi_sensor`,`authtype`,`username`,`password`,`publickey`,`privatekey`,`flags`,`interfaceid`,`port`,`description`,`inventory_link`,`lifetime`,`snmpv3_authprotocol`,`snmpv3_privprotocol`,`snmpv3_contextname`,`evaltype`,`jmx_endpoint`,`master_itemid`,`timeout`,`url`,`query_fields`,`posts`,`status_codes`,`follow_redirects`,`post_type`,`headers`,`retrieve_mode`,`request_method`,`output_format`,`verify_peer`,`verify_host`,`allow_traps`) values ('10071','5','','','10048','Number of processed text values per second','zabbix[wcache,values,text]','1m','1w','365d','0','0','','','','0','','','','',NULL,NULL,'','','0','','','','','0',NULL,'','','0','30d','0','0','','0','',NULL,'3s','','','','200','1','0','','0','1','0','0','0','0');
INSERT INTO `items` (`itemid`,`type`,`snmp_community`,`snmp_oid`,`hostid`,`name`,`key_`,`delay`,`history`,`trends`,`status`,`value_type`,`trapper_hosts`,`units`,`snmpv3_securityname`,`snmpv3_securitylevel`,`snmpv3_authpassphrase`,`snmpv3_privpassphrase`,`formula`,`logtimefmt`,`templateid`,`valuemapid`,`params`,`ipmi_sensor`,`authtype`,`username`,`password`,`publickey`,`privatekey`,`flags`,`interfaceid`,`port`,`description`,`inventory_link`,`lifetime`,`snmpv3_authprotocol`,`snmpv3_privprotocol`,`snmpv3_contextname`,`evaltype`,`jmx_endpoint`,`master_itemid`,`timeout`,`url`,`query_fields`,`posts`,`status_codes`,`follow_redirects`,`post_type`,`headers`,`retrieve_mode`,`request_method`,`output_format`,`verify_peer`,`verify_host`,`allow_traps`) values ('10072','5','','','10048','Number of processed not supported values per second','zabbix[wcache,values,not supported]','1m','1w','365d','0','0','','','','0','','','','',NULL,NULL,'','','0','','','','','0',NULL,'','','0','30d','0','0','','0','',NULL,'3s','','','','200','1','0','','0','1','0','0','0','0');
INSERT INTO `items` (`itemid`,`type`,`snmp_community`,`snmp_oid`,`hostid`,`name`,`key_`,`delay`,`history`,`trends`,`status`,`value_type`,`trapper_hosts`,`units`,`snmpv3_securityname`,`snmpv3_securitylevel`,`snmpv3_authpassphrase`,`snmpv3_privpassphrase`,`formula`,`logtimefmt`,`templateid`,`valuemapid`,`params`,`ipmi_sensor`,`authtype`,`username`,`password`,`publickey`,`privatekey`,`flags`,`interfaceid`,`port`,`description`,`inventory_link`,`lifetime`,`snmpv3_authprotocol`,`snmpv3_privprotocol`,`snmpv3_contextname`,`evaltype`,`jmx_endpoint`,`master_itemid`,`timeout`,`url`,`query_fields`,`posts`,`status_codes`,`follow_redirects`,`post_type`,`headers`,`retrieve_mode`,`request_method`,`output_format`,`verify_peer`,`verify_host`,`allow_traps`) values ('17318','0','','','10001','Host boot time','system.boottime','10m','1w','365d','0','3','','unixtime','','0','','','','',NULL,NULL,'','','0','','','','','0',NULL,'','','0','0','0','0','','0','',NULL,'3s','','','','200','1','0','','0','0','0','0','0','0');
INSERT INTO `items` (`itemid`,`type`,`snmp_community`,`snmp_oid`,`hostid`,`name`,`key_`,`delay`,`history`,`trends`,`status`,`value_type`,`trapper_hosts`,`units`,`snmpv3_securityname`,`snmpv3_securitylevel`,`snmpv3_authpassphrase`,`snmpv3_privpassphrase`,`formula`,`logtimefmt`,`templateid`,`valuemapid`,`params`,`ipmi_sensor`,`authtype`,`username`,`password`,`publickey`,`privatekey`,`flags`,`interfaceid`,`port`,`description`,`inventory_link`,`lifetime`,`snmpv3_authprotocol`,`snmpv3_privprotocol`,`snmpv3_contextname`,`evaltype`,`jmx_endpoint`,`master_itemid`,`timeout`,`url`,`query_fields`,`posts`,`status_codes`,`follow_redirects`,`post_type`,`headers`,`retrieve_mode`,`request_method`,`output_format`,`verify_peer`,`verify_host`,`allow_traps`) values ('17350','0','','','10001','Free swap space in %','system.swap.size[,pfree]','1m','1w','365d','0','0','','%','','0','','','','',NULL,NULL,'','','0','','','','','0',NULL,'','','0','0','0','0','','0','',NULL,'3s','','','','200','1','0','','0','0','0','0','0','0');
INSERT INTO `items` (`itemid`,`type`,`snmp_community`,`snmp_oid`,`hostid`,`name`,`key_`,`delay`,`history`,`trends`,`status`,`value_type`,`trapper_hosts`,`units`,`snmpv3_securityname`,`snmpv3_securitylevel`,`snmpv3_authpassphrase`,`snmpv3_privpassphrase`,`formula`,`logtimefmt`,`templateid`,`valuemapid`,`params`,`ipmi_sensor`,`authtype`,`username`,`password`,`publickey`,`privatekey`,`flags`,`interfaceid`,`port`,`description`,`inventory_link`,`lifetime`,`snmpv3_authprotocol`,`snmpv3_privprotocol`,`snmpv3_contextname`,`evaltype`,`jmx_endpoint`,`master_itemid`,`timeout`,`url`,`query_fields`,`posts`,`status_codes`,`follow_redirects`,`post_type`,`headers`,`retrieve_mode`,`request_method`,`output_format`,`verify_peer`,`verify_host`,`allow_traps`) values ('17352','0','','','10001','Host local time','system.localtime','1m','1w','365d','0','3','','unixtime','','0','','','','',NULL,NULL,'','','0','','','','','0',NULL,'','','0','0','0','0','','0','',NULL,'3s','','','','200','1','0','','0','0','0','0','0','0');
INSERT INTO `items` (`itemid`,`type`,`snmp_community`,`snmp_oid`,`hostid`,`name`,`key_`,`delay`,`history`,`trends`,`status`,`value_type`,`trapper_hosts`,`units`,`snmpv3_securityname`,`snmpv3_securitylevel`,`snmpv3_authpassphrase`,`snmpv3_privpassphrase`,`formula`,`logtimefmt`,`templateid`,`valuemapid`,`params`,`ipmi_sensor`,`authtype`,`username`,`password`,`publickey`,`privatekey`,`flags`,`interfaceid`,`port`,`description`,`inventory_link`,`lifetime`,`snmpv3_authprotocol`,`snmpv3_privprotocol`,`snmpv3_contextname`,`evaltype`,`jmx_endpoint`,`master_itemid`,`timeout`,`url`,`query_fields`,`posts`,`status_codes`,`follow_redirects`,`post_type`,`headers`,`retrieve_mode`,`request_method`,`output_format`,`verify_peer`,`verify_host`,`allow_traps`) values ('17354','0','','','10001','CPU idle time','system.cpu.util[,idle]','1m','1w','365d','0','0','','%','','0','','','','',NULL,NULL,'','','0','','','','','0',NULL,'','The time the CPU has spent doing nothing.','0','0','0','0','','0','',NULL,'3s','','','','200','1','0','','0','0','0','0','0','0');
INSERT INTO `items` (`itemid`,`type`,`snmp_community`,`snmp_oid`,`hostid`,`name`,`key_`,`delay`,`history`,`trends`,`status`,`value_type`,`trapper_hosts`,`units`,`snmpv3_securityname`,`snmpv3_securitylevel`,`snmpv3_authpassphrase`,`snmpv3_privpassphrase`,`formula`,`logtimefmt`,`templateid`,`valuemapid`,`params`,`ipmi_sensor`,`authtype`,`username`,`password`,`publickey`,`privatekey`,`flags`,`interfaceid`,`port`,`description`,`inventory_link`,`lifetime`,`snmpv3_authprotocol`,`snmpv3_privprotocol`,`snmpv3_contextname`,`evaltype`,`jmx_endpoint`,`master_itemid`,`timeout`,`url`,`query_fields`,`posts`,`status_codes`,`follow_redirects`,`post_type`,`headers`,`retrieve_mode`,`request_method`,`output_format`,`verify_peer`,`verify_host`,`allow_traps`) values ('17356','0','','','10001','CPU user time','system.cpu.util[,user]','1m','1w','365d','0','0','','%','','0','','','','',NULL,NULL,'','','0','','','','','0',NULL,'','The time the CPU has spent running users\' processes that are not niced.','0','0','0','0','','0','',NULL,'3s','','','','200','1','0','','0','0','0','0','0','0');
INSERT INTO `items` (`itemid`,`type`,`snmp_community`,`snmp_oid`,`hostid`,`name`,`key_`,`delay`,`history`,`trends`,`status`,`value_type`,`trapper_hosts`,`units`,`snmpv3_securityname`,`snmpv3_securitylevel`,`snmpv3_authpassphrase`,`snmpv3_privpassphrase`,`formula`,`logtimefmt`,`templateid`,`valuemapid`,`params`,`ipmi_sensor`,`authtype`,`username`,`password`,`publickey`,`privatekey`,`flags`,`interfaceid`,`port`,`description`,`inventory_link`,`lifetime`,`snmpv3_authprotocol`,`snmpv3_privprotocol`,`snmpv3_contextname`,`evaltype`,`jmx_endpoint`,`master_itemid`,`timeout`,`url`,`query_fields`,`posts`,`status_codes`,`follow_redirects`,`post_type`,`headers`,`retrieve_mode`,`request_method`,`output_format`,`verify_peer`,`verify_host`,`allow_traps`) values ('17358','0','','','10001','CPU nice time','system.cpu.util[,nice]','1m','1w','365d','0','0','','%','','0','','','','',NULL,NULL,'','','0','','','','','0',NULL,'','The time the CPU has spent running users\' processes that have been niced.','0','0','0','0','','0','',NULL,'3s','','','','200','1','0','','0','0','0','0','0','0');
INSERT INTO `items` (`itemid`,`type`,`snmp_community`,`snmp_oid`,`hostid`,`name`,`key_`,`delay`,`history`,`trends`,`status`,`value_type`,`trapper_hosts`,`units`,`snmpv3_securityname`,`snmpv3_securitylevel`,`snmpv3_authpassphrase`,`snmpv3_privpassphrase`,`formula`,`logtimefmt`,`templateid`,`valuemapid`,`params`,`ipmi_sensor`,`authtype`,`username`,`password`,`publickey`,`privatekey`,`flags`,`interfaceid`,`port`,`description`,`inventory_link`,`lifetime`,`snmpv3_authprotocol`,`snmpv3_privprotocol`,`snmpv3_contextname`,`evaltype`,`jmx_endpoint`,`master_itemid`,`timeout`,`url`,`query_fields`,`posts`,`status_codes`,`follow_redirects`,`post_type`,`headers`,`retrieve_mode`,`request_method`,`output_format`,`verify_peer`,`verify_host`,`allow_traps`) values ('17360','0','','','10001','CPU system time','system.cpu.util[,system]','1m','1w','365d','0','0','','%','','0','','','','',NULL,NULL,'','','0','','','','','0',NULL,'','The time the CPU has spent running the kernel and its processes.','0','0','0','0','','0','',NULL,'3s','','','','200','1','0','','0','0','0','0','0','0');
INSERT INTO `items` (`itemid`,`type`,`snmp_community`,`snmp_oid`,`hostid`,`name`,`key_`,`delay`,`history`,`trends`,`status`,`value_type`,`trapper_hosts`,`units`,`snmpv3_securityname`,`snmpv3_securitylevel`,`snmpv3_authpassphrase`,`snmpv3_privpassphrase`,`formula`,`logtimefmt`,`templateid`,`valuemapid`,`params`,`ipmi_sensor`,`authtype`,`username`,`password`,`publickey`,`privatekey`,`flags`,`interfaceid`,`port`,`description`,`inventory_link`,`lifetime`,`snmpv3_authprotocol`,`snmpv3_privprotocol`,`snmpv3_contextname`,`evaltype`,`jmx_endpoint`,`master_itemid`,`timeout`,`url`,`query_fields`,`posts`,`status_codes`,`follow_redirects`,`post_type`,`headers`,`retrieve_mode`,`request_method`,`output_format`,`verify_peer`,`verify_host`,`allow_traps`) values ('17362','0','','','10001','CPU iowait time','system.cpu.util[,iowait]','1m','1w','365d','0','0','','%','','0','','','','',NULL,NULL,'','','0','','','','','0',NULL,'','Amount of time the CPU has been waiting for I/O to complete.','0','0','0','0','','0','',NULL,'3s','','','','200','1','0','','0','0','0','0','0','0');
INSERT INTO `items` (`itemid`,`type`,`snmp_community`,`snmp_oid`,`hostid`,`name`,`key_`,`delay`,`history`,`trends`,`status`,`value_type`,`trapper_hosts`,`units`,`snmpv3_securityname`,`snmpv3_securitylevel`,`snmpv3_authpassphrase`,`snmpv3_privpassphrase`,`formula`,`logtimefmt`,`templateid`,`valuemapid`,`params`,`ipmi_sensor`,`authtype`,`username`,`password`,`publickey`,`privatekey`,`flags`,`interfaceid`,`port`,`description`,`inventory_link`,`lifetime`,`snmpv3_authprotocol`,`snmpv3_privprotocol`,`snmpv3_contextname`,`evaltype`,`jmx_endpoint`,`master_itemid`,`timeout`,`url`,`query_fields`,`posts`,`status_codes`,`follow_redirects`,`post_type`,`headers`,`retrieve_mode`,`request_method`,`output_format`,`verify_peer`,`verify_host`,`allow_traps`) values ('22181','0','','','10001','Available memory','vm.memory.size[available]','1m','1w','365d','0','3','','B','','0','','','','',NULL,NULL,'','','0','','','','','0',NULL,'','Available memory is defined as free+cached+buffers memory.','0','0','0','0','','0','',NULL,'3s','','','','200','1','0','','0','0','0','0','0','0');
INSERT INTO `items` (`itemid`,`type`,`snmp_community`,`snmp_oid`,`hostid`,`name`,`key_`,`delay`,`history`,`trends`,`status`,`value_type`,`trapper_hosts`,`units`,`snmpv3_securityname`,`snmpv3_securitylevel`,`snmpv3_authpassphrase`,`snmpv3_privpassphrase`,`formula`,`logtimefmt`,`templateid`,`valuemapid`,`params`,`ipmi_sensor`,`authtype`,`username`,`password`,`publickey`,`privatekey`,`flags`,`interfaceid`,`port`,`description`,`inventory_link`,`lifetime`,`snmpv3_authprotocol`,`snmpv3_privprotocol`,`snmpv3_contextname`,`evaltype`,`jmx_endpoint`,`master_itemid`,`timeout`,`url`,`query_fields`,`posts`,`status_codes`,`follow_redirects`,`post_type`,`headers`,`retrieve_mode`,`request_method`,`output_format`,`verify_peer`,`verify_host`,`allow_traps`) values ('22183','5','','','10047','Zabbix history write cache, % used','zabbix[wcache,history,pused]','1m','1w','365d','0','0','','%','','0','','','','',NULL,NULL,'','','0','','','','','0',NULL,'','','0','0','0','0','','0','',NULL,'3s','','','','200','1','0','','0','0','0','0','0','0');
INSERT INTO `items` (`itemid`,`type`,`snmp_community`,`snmp_oid`,`hostid`,`name`,`key_`,`delay`,`history`,`trends`,`status`,`value_type`,`trapper_hosts`,`units`,`snmpv3_securityname`,`snmpv3_securitylevel`,`snmpv3_authpassphrase`,`snmpv3_privpassphrase`,`formula`,`logtimefmt`,`templateid`,`valuemapid`,`params`,`ipmi_sensor`,`authtype`,`username`,`password`,`publickey`,`privatekey`,`flags`,`interfaceid`,`port`,`description`,`inventory_link`,`lifetime`,`snmpv3_authprotocol`,`snmpv3_privprotocol`,`snmpv3_contextname`,`evaltype`,`jmx_endpoint`,`master_itemid`,`timeout`,`url`,`query_fields`,`posts`,`status_codes`,`follow_redirects`,`post_type`,`headers`,`retrieve_mode`,`request_method`,`output_format`,`verify_peer`,`verify_host`,`allow_traps`) values ('22185','5','','','10047','Zabbix trend write cache, % used','zabbix[wcache,trend,pused]','1m','1w','365d','0','0','','%','','0','','','','',NULL,NULL,'','','0','','','','','0',NULL,'','','0','0','0','0','','0','',NULL,'3s','','','','200','1','0','','0','0','0','0','0','0');
INSERT INTO `items` (`itemid`,`type`,`snmp_community`,`snmp_oid`,`hostid`,`name`,`key_`,`delay`,`history`,`trends`,`status`,`value_type`,`trapper_hosts`,`units`,`snmpv3_securityname`,`snmpv3_securitylevel`,`snmpv3_authpassphrase`,`snmpv3_privpassphrase`,`formula`,`logtimefmt`,`templateid`,`valuemapid`,`params`,`ipmi_sensor`,`authtype`,`username`,`password`,`publickey`,`privatekey`,`flags`,`interfaceid`,`port`,`description`,`inventory_link`,`lifetime`,`snmpv3_authprotocol`,`snmpv3_privprotocol`,`snmpv3_contextname`,`evaltype`,`jmx_endpoint`,`master_itemid`,`timeout`,`url`,`query_fields`,`posts`,`status_codes`,`follow_redirects`,`post_type`,`headers`,`retrieve_mode`,`request_method`,`output_format`,`verify_peer`,`verify_host`,`allow_traps`) values ('22187','5','','','10047','Number of processed values per second','zabbix[wcache,values]','1m','1w','365d','0','0','','','','0','','','','',NULL,NULL,'','','0','','','','','0',NULL,'','','0','0','0','0','','0','',NULL,'3s','','','','200','1','0','','0','0','0','0','0','0');
INSERT INTO `items` (`itemid`,`type`,`snmp_community`,`snmp_oid`,`hostid`,`name`,`key_`,`delay`,`history`,`trends`,`status`,`value_type`,`trapper_hosts`,`units`,`snmpv3_securityname`,`snmpv3_securitylevel`,`snmpv3_authpassphrase`,`snmpv3_privpassphrase`,`formula`,`logtimefmt`,`templateid`,`valuemapid`,`params`,`ipmi_sensor`,`authtype`,`username`,`password`,`publickey`,`privatekey`,`flags`,`interfaceid`,`port`,`description`,`inventory_link`,`lifetime`,`snmpv3_authprotocol`,`snmpv3_privprotocol`,`snmpv3_contextname`,`evaltype`,`jmx_endpoint`,`master_itemid`,`timeout`,`url`,`query_fields`,`posts`,`status_codes`,`follow_redirects`,`post_type`,`headers`,`retrieve_mode`,`request_method`,`output_format`,`verify_peer`,`verify_host`,`allow_traps`) values ('22189','5','','','10047','Zabbix configuration cache, % used','zabbix[rcache,buffer,pused]','1m','1w','365d','0','0','','%','','0','','','','',NULL,NULL,'','','0','','','','','0',NULL,'','','0','0','0','0','','0','',NULL,'3s','','','','200','1','0','','0','0','0','0','0','0');
INSERT INTO `items` (`itemid`,`type`,`snmp_community`,`snmp_oid`,`hostid`,`name`,`key_`,`delay`,`history`,`trends`,`status`,`value_type`,`trapper_hosts`,`units`,`snmpv3_securityname`,`snmpv3_securitylevel`,`snmpv3_authpassphrase`,`snmpv3_privpassphrase`,`formula`,`logtimefmt`,`templateid`,`valuemapid`,`params`,`ipmi_sensor`,`authtype`,`username`,`password`,`publickey`,`privatekey`,`flags`,`interfaceid`,`port`,`description`,`inventory_link`,`lifetime`,`snmpv3_authprotocol`,`snmpv3_privprotocol`,`snmpv3_contextname`,`evaltype`,`jmx_endpoint`,`master_itemid`,`timeout`,`url`,`query_fields`,`posts`,`status_codes`,`follow_redirects`,`post_type`,`headers`,`retrieve_mode`,`request_method`,`output_format`,`verify_peer`,`verify_host`,`allow_traps`) values ('22191','5','','','10047','Zabbix value cache, % used','zabbix[vcache,buffer,pused]','1m','1w','365d','0','0','','%','','0','','','','',NULL,NULL,'','','0','','','','','0',NULL,'','','0','0','0','0','','0','',NULL,'3s','','','','200','1','0','','0','0','0','0','0','0');
INSERT INTO `items` (`itemid`,`type`,`snmp_community`,`snmp_oid`,`hostid`,`name`,`key_`,`delay`,`history`,`trends`,`status`,`value_type`,`trapper_hosts`,`units`,`snmpv3_securityname`,`snmpv3_securitylevel`,`snmpv3_authpassphrase`,`snmpv3_privpassphrase`,`formula`,`logtimefmt`,`templateid`,`valuemapid`,`params`,`ipmi_sensor`,`authtype`,`username`,`password`,`publickey`,`privatekey`,`flags`,`interfaceid`,`port`,`description`,`inventory_link`,`lifetime`,`snmpv3_authprotocol`,`snmpv3_privprotocol`,`snmpv3_contextname`,`evaltype`,`jmx_endpoint`,`master_itemid`,`timeout`,`url`,`query_fields`,`posts`,`status_codes`,`follow_redirects`,`post_type`,`headers`,`retrieve_mode`,`request_method`,`output_format`,`verify_peer`,`verify_host`,`allow_traps`) values ('22196','5','','','10047','Zabbix value cache hits','zabbix[vcache,cache,hits]','1m','1w','365d','0','0','','vps','','0','','','','',NULL,NULL,'','','0','','','','','0',NULL,'','','0','0','0','0','','0','',NULL,'3s','','','','200','1','0','','0','0','0','0','0','0');
INSERT INTO `items` (`itemid`,`type`,`snmp_community`,`snmp_oid`,`hostid`,`name`,`key_`,`delay`,`history`,`trends`,`status`,`value_type`,`trapper_hosts`,`units`,`snmpv3_securityname`,`snmpv3_securitylevel`,`snmpv3_authpassphrase`,`snmpv3_privpassphrase`,`formula`,`logtimefmt`,`templateid`,`valuemapid`,`params`,`ipmi_sensor`,`authtype`,`username`,`password`,`publickey`,`privatekey`,`flags`,`interfaceid`,`port`,`description`,`inventory_link`,`lifetime`,`snmpv3_authprotocol`,`snmpv3_privprotocol`,`snmpv3_contextname`,`evaltype`,`jmx_endpoint`,`master_itemid`,`timeout`,`url`,`query_fields`,`posts`,`status_codes`,`follow_redirects`,`post_type`,`headers`,`retrieve_mode`,`request_method`,`output_format`,`verify_peer`,`verify_host`,`allow_traps`) values ('22199','5','','','10047','Zabbix value cache misses','zabbix[vcache,cache,misses]','1m','1w','365d','0','0','','vps','','0','','','','',NULL,NULL,'','','0','','','','','0',NULL,'','','0','0','0','0','','0','',NULL,'3s','','','','200','1','0','','0','0','0','0','0','0');
INSERT INTO `items` (`itemid`,`type`,`snmp_community`,`snmp_oid`,`hostid`,`name`,`key_`,`delay`,`history`,`trends`,`status`,`value_type`,`trapper_hosts`,`units`,`snmpv3_securityname`,`snmpv3_securitylevel`,`snmpv3_authpassphrase`,`snmpv3_privpassphrase`,`formula`,`logtimefmt`,`templateid`,`valuemapid`,`params`,`ipmi_sensor`,`authtype`,`username`,`password`,`publickey`,`privatekey`,`flags`,`interfaceid`,`port`,`description`,`inventory_link`,`lifetime`,`snmpv3_authprotocol`,`snmpv3_privprotocol`,`snmpv3_contextname`,`evaltype`,`jmx_endpoint`,`master_itemid`,`timeout`,`url`,`query_fields`,`posts`,`status_codes`,`follow_redirects`,`post_type`,`headers`,`retrieve_mode`,`request_method`,`output_format`,`verify_peer`,`verify_host`,`allow_traps`) values ('22219','5','','','10047','Zabbix queue over 10 minutes','zabbix[queue,10m]','10m','1w','365d','0','3','','','','0','','','','',NULL,NULL,'','','0','','','','','0',NULL,'','','0','0','0','0','','0','',NULL,'3s','','','','200','1','0','','0','0','0','0','0','0');
INSERT INTO `items` (`itemid`,`type`,`snmp_community`,`snmp_oid`,`hostid`,`name`,`key_`,`delay`,`history`,`trends`,`status`,`value_type`,`trapper_hosts`,`units`,`snmpv3_securityname`,`snmpv3_securitylevel`,`snmpv3_authpassphrase`,`snmpv3_privpassphrase`,`formula`,`logtimefmt`,`templateid`,`valuemapid`,`params`,`ipmi_sensor`,`authtype`,`username`,`password`,`publickey`,`privatekey`,`flags`,`interfaceid`,`port`,`description`,`inventory_link`,`lifetime`,`snmpv3_authprotocol`,`snmpv3_privprotocol`,`snmpv3_contextname`,`evaltype`,`jmx_endpoint`,`master_itemid`,`timeout`,`url`,`query_fields`,`posts`,`status_codes`,`follow_redirects`,`post_type`,`headers`,`retrieve_mode`,`request_method`,`output_format`,`verify_peer`,`verify_host`,`allow_traps`) values ('22231','0','','','10050','Version of Zabbix agent running','agent.version','1h','1w','0','0','1','','','','0','','','','',NULL,NULL,'','','0','','','','','0',NULL,'','','0','0','0','0','','0','',NULL,'3s','','','','200','1','0','','0','0','0','0','0','0');
INSERT INTO `items` (`itemid`,`type`,`snmp_community`,`snmp_oid`,`hostid`,`name`,`key_`,`delay`,`history`,`trends`,`status`,`value_type`,`trapper_hosts`,`units`,`snmpv3_securityname`,`snmpv3_securitylevel`,`snmpv3_authpassphrase`,`snmpv3_privpassphrase`,`formula`,`logtimefmt`,`templateid`,`valuemapid`,`params`,`ipmi_sensor`,`authtype`,`username`,`password`,`publickey`,`privatekey`,`flags`,`interfaceid`,`port`,`description`,`inventory_link`,`lifetime`,`snmpv3_authprotocol`,`snmpv3_privprotocol`,`snmpv3_contextname`,`evaltype`,`jmx_endpoint`,`master_itemid`,`timeout`,`url`,`query_fields`,`posts`,`status_codes`,`follow_redirects`,`post_type`,`headers`,`retrieve_mode`,`request_method`,`output_format`,`verify_peer`,`verify_host`,`allow_traps`) values ('22232','0','','','10050','Zabbix agent ping','agent.ping','1m','1w','365d','0','3','','','','0','','','','',NULL,'10','','','0','','','','','0',NULL,'','The agent always returns 1 for this item. It could be used in combination with nodata() for availability check.','0','0','0','0','','0','',NULL,'3s','','','','200','1','0','','0','0','0','0','0','0');
INSERT INTO `items` (`itemid`,`type`,`snmp_community`,`snmp_oid`,`hostid`,`name`,`key_`,`delay`,`history`,`trends`,`status`,`value_type`,`trapper_hosts`,`units`,`snmpv3_securityname`,`snmpv3_securitylevel`,`snmpv3_authpassphrase`,`snmpv3_privpassphrase`,`formula`,`logtimefmt`,`templateid`,`valuemapid`,`params`,`ipmi_sensor`,`authtype`,`username`,`password`,`publickey`,`privatekey`,`flags`,`interfaceid`,`port`,`description`,`inventory_link`,`lifetime`,`snmpv3_authprotocol`,`snmpv3_privprotocol`,`snmpv3_contextname`,`evaltype`,`jmx_endpoint`,`master_itemid`,`timeout`,`url`,`query_fields`,`posts`,`status_codes`,`follow_redirects`,`post_type`,`headers`,`retrieve_mode`,`request_method`,`output_format`,`verify_peer`,`verify_host`,`allow_traps`) values ('22396','5','','','10047','Zabbix history index cache, % used','zabbix[wcache,index,pused]','1m','1w','365d','0','0','','%','','0','','','','',NULL,NULL,'','','0','','','','','0',NULL,'','','0','0','0','0','','0','',NULL,'3s','','','','200','1','0','','0','0','0','0','0','0');
INSERT INTO `items` (`itemid`,`type`,`snmp_community`,`snmp_oid`,`hostid`,`name`,`key_`,`delay`,`history`,`trends`,`status`,`value_type`,`trapper_hosts`,`units`,`snmpv3_securityname`,`snmpv3_securitylevel`,`snmpv3_authpassphrase`,`snmpv3_privpassphrase`,`formula`,`logtimefmt`,`templateid`,`valuemapid`,`params`,`ipmi_sensor`,`authtype`,`username`,`password`,`publickey`,`privatekey`,`flags`,`interfaceid`,`port`,`description`,`inventory_link`,`lifetime`,`snmpv3_authprotocol`,`snmpv3_privprotocol`,`snmpv3_contextname`,`evaltype`,`jmx_endpoint`,`master_itemid`,`timeout`,`url`,`query_fields`,`posts`,`status_codes`,`follow_redirects`,`post_type`,`headers`,`retrieve_mode`,`request_method`,`output_format`,`verify_peer`,`verify_host`,`allow_traps`) values ('22399','5','','','10047','Utilization of poller data collector processes, in %','zabbix[process,poller,avg,busy]','1m','1w','365d','0','0','','%','','0','','','','',NULL,NULL,'','','0','','','','','0',NULL,'','','0','0','0','0','','0','',NULL,'3s','','','','200','1','0','','0','0','0','0','0','0');
INSERT INTO `items` (`itemid`,`type`,`snmp_community`,`snmp_oid`,`hostid`,`name`,`key_`,`delay`,`history`,`trends`,`status`,`value_type`,`trapper_hosts`,`units`,`snmpv3_securityname`,`snmpv3_securitylevel`,`snmpv3_authpassphrase`,`snmpv3_privpassphrase`,`formula`,`logtimefmt`,`templateid`,`valuemapid`,`params`,`ipmi_sensor`,`authtype`,`username`,`password`,`publickey`,`privatekey`,`flags`,`interfaceid`,`port`,`description`,`inventory_link`,`lifetime`,`snmpv3_authprotocol`,`snmpv3_privprotocol`,`snmpv3_contextname`,`evaltype`,`jmx_endpoint`,`master_itemid`,`timeout`,`url`,`query_fields`,`posts`,`status_codes`,`follow_redirects`,`post_type`,`headers`,`retrieve_mode`,`request_method`,`output_format`,`verify_peer`,`verify_host`,`allow_traps`) values ('22400','5','','','10047','Utilization of unreachable poller data collector processes, in %','zabbix[process,unreachable poller,avg,busy]','1m','1w','365d','0','0','','%','','0','','','','',NULL,NULL,'','','0','','','','','0',NULL,'','','0','0','0','0','','0','',NULL,'3s','','','','200','1','0','','0','0','0','0','0','0');
INSERT INTO `items` (`itemid`,`type`,`snmp_community`,`snmp_oid`,`hostid`,`name`,`key_`,`delay`,`history`,`trends`,`status`,`value_type`,`trapper_hosts`,`units`,`snmpv3_securityname`,`snmpv3_securitylevel`,`snmpv3_authpassphrase`,`snmpv3_privpassphrase`,`formula`,`logtimefmt`,`templateid`,`valuemapid`,`params`,`ipmi_sensor`,`authtype`,`username`,`password`,`publickey`,`privatekey`,`flags`,`interfaceid`,`port`,`description`,`inventory_link`,`lifetime`,`snmpv3_authprotocol`,`snmpv3_privprotocol`,`snmpv3_contextname`,`evaltype`,`jmx_endpoint`,`master_itemid`,`timeout`,`url`,`query_fields`,`posts`,`status_codes`,`follow_redirects`,`post_type`,`headers`,`retrieve_mode`,`request_method`,`output_format`,`verify_peer`,`verify_host`,`allow_traps`) values ('22401','5','','','10047','Utilization of vmware data collector processes, in %','zabbix[process,vmware collector,avg,busy]','1m','1w','365d','0','0','','%','','0','','','','',NULL,NULL,'','','0','','','','','0',NULL,'','','0','0','0','0','','0','',NULL,'3s','','','','200','1','0','','0','0','0','0','0','0');
INSERT INTO `items` (`itemid`,`type`,`snmp_community`,`snmp_oid`,`hostid`,`name`,`key_`,`delay`,`history`,`trends`,`status`,`value_type`,`trapper_hosts`,`units`,`snmpv3_securityname`,`snmpv3_securitylevel`,`snmpv3_authpassphrase`,`snmpv3_privpassphrase`,`formula`,`logtimefmt`,`templateid`,`valuemapid`,`params`,`ipmi_sensor`,`authtype`,`username`,`password`,`publickey`,`privatekey`,`flags`,`interfaceid`,`port`,`description`,`inventory_link`,`lifetime`,`snmpv3_authprotocol`,`snmpv3_privprotocol`,`snmpv3_contextname`,`evaltype`,`jmx_endpoint`,`master_itemid`,`timeout`,`url`,`query_fields`,`posts`,`status_codes`,`follow_redirects`,`post_type`,`headers`,`retrieve_mode`,`request_method`,`output_format`,`verify_peer`,`verify_host`,`allow_traps`) values ('22402','5','','','10047','Utilization of http poller data collector processes, in %','zabbix[process,http poller,avg,busy]','1m','1w','365d','0','0','','%','','0','','','','',NULL,NULL,'','','0','','','','','0',NULL,'','','0','0','0','0','','0','',NULL,'3s','','','','200','1','0','','0','0','0','0','0','0');
INSERT INTO `items` (`itemid`,`type`,`snmp_community`,`snmp_oid`,`hostid`,`name`,`key_`,`delay`,`history`,`trends`,`status`,`value_type`,`trapper_hosts`,`units`,`snmpv3_securityname`,`snmpv3_securitylevel`,`snmpv3_authpassphrase`,`snmpv3_privpassphrase`,`formula`,`logtimefmt`,`templateid`,`valuemapid`,`params`,`ipmi_sensor`,`authtype`,`username`,`password`,`publickey`,`privatekey`,`flags`,`interfaceid`,`port`,`description`,`inventory_link`,`lifetime`,`snmpv3_authprotocol`,`snmpv3_privprotocol`,`snmpv3_contextname`,`evaltype`,`jmx_endpoint`,`master_itemid`,`timeout`,`url`,`query_fields`,`posts`,`status_codes`,`follow_redirects`,`post_type`,`headers`,`retrieve_mode`,`request_method`,`output_format`,`verify_peer`,`verify_host`,`allow_traps`) values ('22404','5','','','10047','Utilization of trapper data collector processes, in %','zabbix[process,trapper,avg,busy]','1m','1w','365d','0','0','','%','','0','','','','',NULL,NULL,'','','0','','','','','0',NULL,'','','0','0','0','0','','0','',NULL,'3s','','','','200','1','0','','0','0','0','0','0','0');
INSERT INTO `items` (`itemid`,`type`,`snmp_community`,`snmp_oid`,`hostid`,`name`,`key_`,`delay`,`history`,`trends`,`status`,`value_type`,`trapper_hosts`,`units`,`snmpv3_securityname`,`snmpv3_securitylevel`,`snmpv3_authpassphrase`,`snmpv3_privpassphrase`,`formula`,`logtimefmt`,`templateid`,`valuemapid`,`params`,`ipmi_sensor`,`authtype`,`username`,`password`,`publickey`,`privatekey`,`flags`,`interfaceid`,`port`,`description`,`inventory_link`,`lifetime`,`snmpv3_authprotocol`,`snmpv3_privprotocol`,`snmpv3_contextname`,`evaltype`,`jmx_endpoint`,`master_itemid`,`timeout`,`url`,`query_fields`,`posts`,`status_codes`,`follow_redirects`,`post_type`,`headers`,`retrieve_mode`,`request_method`,`output_format`,`verify_peer`,`verify_host`,`allow_traps`) values ('22406','5','','','10047','Utilization of history syncer internal processes, in %','zabbix[process,history syncer,avg,busy]','1m','1w','365d','0','0','','%','','0','','','','',NULL,NULL,'','','0','','','','','0',NULL,'','','0','0','0','0','','0','',NULL,'3s','','','','200','1','0','','0','0','0','0','0','0');
INSERT INTO `items` (`itemid`,`type`,`snmp_community`,`snmp_oid`,`hostid`,`name`,`key_`,`delay`,`history`,`trends`,`status`,`value_type`,`trapper_hosts`,`units`,`snmpv3_securityname`,`snmpv3_securitylevel`,`snmpv3_authpassphrase`,`snmpv3_privpassphrase`,`formula`,`logtimefmt`,`templateid`,`valuemapid`,`params`,`ipmi_sensor`,`authtype`,`username`,`password`,`publickey`,`privatekey`,`flags`,`interfaceid`,`port`,`description`,`inventory_link`,`lifetime`,`snmpv3_authprotocol`,`snmpv3_privprotocol`,`snmpv3_contextname`,`evaltype`,`jmx_endpoint`,`master_itemid`,`timeout`,`url`,`query_fields`,`posts`,`status_codes`,`follow_redirects`,`post_type`,`headers`,`retrieve_mode`,`request_method`,`output_format`,`verify_peer`,`verify_host`,`allow_traps`) values ('22408','5','','','10047','Utilization of housekeeper internal processes, in %','zabbix[process,housekeeper,avg,busy]','1m','1w','365d','0','0','','%','','0','','','','',NULL,NULL,'','','0','','','','','0',NULL,'','','0','0','0','0','','0','',NULL,'3s','','','','200','1','0','','0','0','0','0','0','0');
INSERT INTO `items` (`itemid`,`type`,`snmp_community`,`snmp_oid`,`hostid`,`name`,`key_`,`delay`,`history`,`trends`,`status`,`value_type`,`trapper_hosts`,`units`,`snmpv3_securityname`,`snmpv3_securitylevel`,`snmpv3_authpassphrase`,`snmpv3_privpassphrase`,`formula`,`logtimefmt`,`templateid`,`valuemapid`,`params`,`ipmi_sensor`,`authtype`,`username`,`password`,`publickey`,`privatekey`,`flags`,`interfaceid`,`port`,`description`,`inventory_link`,`lifetime`,`snmpv3_authprotocol`,`snmpv3_privprotocol`,`snmpv3_contextname`,`evaltype`,`jmx_endpoint`,`master_itemid`,`timeout`,`url`,`query_fields`,`posts`,`status_codes`,`follow_redirects`,`post_type`,`headers`,`retrieve_mode`,`request_method`,`output_format`,`verify_peer`,`verify_host`,`allow_traps`) values ('22412','5','','','10047','Utilization of configuration syncer internal processes, in %','zabbix[process,configuration syncer,avg,busy]','1m','1w','365d','0','0','','%','','0','','','','',NULL,NULL,'','','0','','','','','0',NULL,'','','0','0','0','0','','0','',NULL,'3s','','','','200','1','0','','0','0','0','0','0','0');
INSERT INTO `items` (`itemid`,`type`,`snmp_community`,`snmp_oid`,`hostid`,`name`,`key_`,`delay`,`history`,`trends`,`status`,`value_type`,`trapper_hosts`,`units`,`snmpv3_securityname`,`snmpv3_securitylevel`,`snmpv3_authpassphrase`,`snmpv3_privpassphrase`,`formula`,`logtimefmt`,`templateid`,`valuemapid`,`params`,`ipmi_sensor`,`authtype`,`username`,`password`,`publickey`,`privatekey`,`flags`,`interfaceid`,`port`,`description`,`inventory_link`,`lifetime`,`snmpv3_authprotocol`,`snmpv3_privprotocol`,`snmpv3_contextname`,`evaltype`,`jmx_endpoint`,`master_itemid`,`timeout`,`url`,`query_fields`,`posts`,`status_codes`,`follow_redirects`,`post_type`,`headers`,`retrieve_mode`,`request_method`,`output_format`,`verify_peer`,`verify_host`,`allow_traps`) values ('22414','5','','','10047','Utilization of self-monitoring internal processes, in %','zabbix[process,self-monitoring,avg,busy]','1m','1w','365d','0','0','','%','','0','','','','',NULL,NULL,'','','0','','','','','0',NULL,'','','0','0','0','0','','0','',NULL,'3s','','','','200','1','0','','0','0','0','0','0','0');
INSERT INTO `items` (`itemid`,`type`,`snmp_community`,`snmp_oid`,`hostid`,`name`,`key_`,`delay`,`history`,`trends`,`status`,`value_type`,`trapper_hosts`,`units`,`snmpv3_securityname`,`snmpv3_securitylevel`,`snmpv3_authpassphrase`,`snmpv3_privpassphrase`,`formula`,`logtimefmt`,`templateid`,`valuemapid`,`params`,`ipmi_sensor`,`authtype`,`username`,`password`,`publickey`,`privatekey`,`flags`,`interfaceid`,`port`,`description`,`inventory_link`,`lifetime`,`snmpv3_authprotocol`,`snmpv3_privprotocol`,`snmpv3_contextname`,`evaltype`,`jmx_endpoint`,`master_itemid`,`timeout`,`url`,`query_fields`,`posts`,`status_codes`,`follow_redirects`,`post_type`,`headers`,`retrieve_mode`,`request_method`,`output_format`,`verify_peer`,`verify_host`,`allow_traps`) values ('22416','5','','','10047','Utilization of ipmi poller data collector processes, in %','zabbix[process,ipmi poller,avg,busy]','1m','1w','365d','0','0','','%','','0','','','','',NULL,NULL,'','','0','','','','','0',NULL,'','','0','0','0','0','','0','',NULL,'3s','','','','200','1','0','','0','0','0','0','0','0');
INSERT INTO `items` (`itemid`,`type`,`snmp_community`,`snmp_oid`,`hostid`,`name`,`key_`,`delay`,`history`,`trends`,`status`,`value_type`,`trapper_hosts`,`units`,`snmpv3_securityname`,`snmpv3_securitylevel`,`snmpv3_authpassphrase`,`snmpv3_privpassphrase`,`formula`,`logtimefmt`,`templateid`,`valuemapid`,`params`,`ipmi_sensor`,`authtype`,`username`,`password`,`publickey`,`privatekey`,`flags`,`interfaceid`,`port`,`description`,`inventory_link`,`lifetime`,`snmpv3_authprotocol`,`snmpv3_privprotocol`,`snmpv3_contextname`,`evaltype`,`jmx_endpoint`,`master_itemid`,`timeout`,`url`,`query_fields`,`posts`,`status_codes`,`follow_redirects`,`post_type`,`headers`,`retrieve_mode`,`request_method`,`output_format`,`verify_peer`,`verify_host`,`allow_traps`) values ('22418','5','','','10047','Utilization of icmp pinger data collector processes, in %','zabbix[process,icmp pinger,avg,busy]','1m','1w','365d','0','0','','%','','0','','','','',NULL,NULL,'','','0','','','','','0',NULL,'','','0','0','0','0','','0','',NULL,'3s','','','','200','1','0','','0','0','0','0','0','0');
INSERT INTO `items` (`itemid`,`type`,`snmp_community`,`snmp_oid`,`hostid`,`name`,`key_`,`delay`,`history`,`trends`,`status`,`value_type`,`trapper_hosts`,`units`,`snmpv3_securityname`,`snmpv3_securitylevel`,`snmpv3_authpassphrase`,`snmpv3_privpassphrase`,`formula`,`logtimefmt`,`templateid`,`valuemapid`,`params`,`ipmi_sensor`,`authtype`,`username`,`password`,`publickey`,`privatekey`,`flags`,`interfaceid`,`port`,`description`,`inventory_link`,`lifetime`,`snmpv3_authprotocol`,`snmpv3_privprotocol`,`snmpv3_contextname`,`evaltype`,`jmx_endpoint`,`master_itemid`,`timeout`,`url`,`query_fields`,`posts`,`status_codes`,`follow_redirects`,`post_type`,`headers`,`retrieve_mode`,`request_method`,`output_format`,`verify_peer`,`verify_host`,`allow_traps`) values ('22420','5','','','10047','Utilization of proxy poller data collector processes, in %','zabbix[process,proxy poller,avg,busy]','1m','1w','365d','0','0','','%','','0','','','','',NULL,NULL,'','','0','','','','','0',NULL,'','','0','0','0','0','','0','',NULL,'3s','','','','200','1','0','','0','0','0','0','0','0');
INSERT INTO `items` (`itemid`,`type`,`snmp_community`,`snmp_oid`,`hostid`,`name`,`key_`,`delay`,`history`,`trends`,`status`,`value_type`,`trapper_hosts`,`units`,`snmpv3_securityname`,`snmpv3_securitylevel`,`snmpv3_authpassphrase`,`snmpv3_privpassphrase`,`formula`,`logtimefmt`,`templateid`,`valuemapid`,`params`,`ipmi_sensor`,`authtype`,`username`,`password`,`publickey`,`privatekey`,`flags`,`interfaceid`,`port`,`description`,`inventory_link`,`lifetime`,`snmpv3_authprotocol`,`snmpv3_privprotocol`,`snmpv3_contextname`,`evaltype`,`jmx_endpoint`,`master_itemid`,`timeout`,`url`,`query_fields`,`posts`,`status_codes`,`follow_redirects`,`post_type`,`headers`,`retrieve_mode`,`request_method`,`output_format`,`verify_peer`,`verify_host`,`allow_traps`) values ('22422','5','','','10047','Utilization of escalator internal processes, in %','zabbix[process,escalator,avg,busy]','1m','1w','365d','0','0','','%','','0','','','','',NULL,NULL,'','','0','','','','','0',NULL,'','','0','0','0','0','','0','',NULL,'3s','','','','200','1','0','','0','0','0','0','0','0');
INSERT INTO `items` (`itemid`,`type`,`snmp_community`,`snmp_oid`,`hostid`,`name`,`key_`,`delay`,`history`,`trends`,`status`,`value_type`,`trapper_hosts`,`units`,`snmpv3_securityname`,`snmpv3_securitylevel`,`snmpv3_authpassphrase`,`snmpv3_privpassphrase`,`formula`,`logtimefmt`,`templateid`,`valuemapid`,`params`,`ipmi_sensor`,`authtype`,`username`,`password`,`publickey`,`privatekey`,`flags`,`interfaceid`,`port`,`description`,`inventory_link`,`lifetime`,`snmpv3_authprotocol`,`snmpv3_privprotocol`,`snmpv3_contextname`,`evaltype`,`jmx_endpoint`,`master_itemid`,`timeout`,`url`,`query_fields`,`posts`,`status_codes`,`follow_redirects`,`post_type`,`headers`,`retrieve_mode`,`request_method`,`output_format`,`verify_peer`,`verify_host`,`allow_traps`) values ('22424','5','','','10047','Utilization of alerter internal processes, in %','zabbix[process,alerter,avg,busy]','1m','1w','365d','0','0','','%','','0','','','','',NULL,NULL,'','','0','','','','','0',NULL,'','','0','0','0','0','','0','',NULL,'3s','','','','200','1','0','','0','0','0','0','0','0');
INSERT INTO `items` (`itemid`,`type`,`snmp_community`,`snmp_oid`,`hostid`,`name`,`key_`,`delay`,`history`,`trends`,`status`,`value_type`,`trapper_hosts`,`units`,`snmpv3_securityname`,`snmpv3_securitylevel`,`snmpv3_authpassphrase`,`snmpv3_privpassphrase`,`formula`,`logtimefmt`,`templateid`,`valuemapid`,`params`,`ipmi_sensor`,`authtype`,`username`,`password`,`publickey`,`privatekey`,`flags`,`interfaceid`,`port`,`description`,`inventory_link`,`lifetime`,`snmpv3_authprotocol`,`snmpv3_privprotocol`,`snmpv3_contextname`,`evaltype`,`jmx_endpoint`,`master_itemid`,`timeout`,`url`,`query_fields`,`posts`,`status_codes`,`follow_redirects`,`post_type`,`headers`,`retrieve_mode`,`request_method`,`output_format`,`verify_peer`,`verify_host`,`allow_traps`) values ('22426','5','','','10047','Utilization of timer internal processes, in %','zabbix[process,timer,avg,busy]','1m','1w','365d','0','0','','%','','0','','','','',NULL,NULL,'','','0','','','','','0',NULL,'','','0','0','0','0','','0','',NULL,'3s','','','','200','1','0','','0','0','0','0','0','0');
INSERT INTO `items` (`itemid`,`type`,`snmp_community`,`snmp_oid`,`hostid`,`name`,`key_`,`delay`,`history`,`trends`,`status`,`value_type`,`trapper_hosts`,`units`,`snmpv3_securityname`,`snmpv3_securitylevel`,`snmpv3_authpassphrase`,`snmpv3_privpassphrase`,`formula`,`logtimefmt`,`templateid`,`valuemapid`,`params`,`ipmi_sensor`,`authtype`,`username`,`password`,`publickey`,`privatekey`,`flags`,`interfaceid`,`port`,`description`,`inventory_link`,`lifetime`,`snmpv3_authprotocol`,`snmpv3_privprotocol`,`snmpv3_contextname`,`evaltype`,`jmx_endpoint`,`master_itemid`,`timeout`,`url`,`query_fields`,`posts`,`status_codes`,`follow_redirects`,`post_type`,`headers`,`retrieve_mode`,`request_method`,`output_format`,`verify_peer`,`verify_host`,`allow_traps`) values ('22430','5','','','10047','Utilization of discoverer data collector processes, in %','zabbix[process,discoverer,avg,busy]','1m','1w','365d','0','0','','%','','0','','','','',NULL,NULL,'','','0','','','','','0',NULL,'','','0','0','0','0','','0','',NULL,'3s','','','','200','1','0','','0','0','0','0','0','0');
INSERT INTO `items` (`itemid`,`type`,`snmp_community`,`snmp_oid`,`hostid`,`name`,`key_`,`delay`,`history`,`trends`,`status`,`value_type`,`trapper_hosts`,`units`,`snmpv3_securityname`,`snmpv3_securitylevel`,`snmpv3_authpassphrase`,`snmpv3_privpassphrase`,`formula`,`logtimefmt`,`templateid`,`valuemapid`,`params`,`ipmi_sensor`,`authtype`,`username`,`password`,`publickey`,`privatekey`,`flags`,`interfaceid`,`port`,`description`,`inventory_link`,`lifetime`,`snmpv3_authprotocol`,`snmpv3_privprotocol`,`snmpv3_contextname`,`evaltype`,`jmx_endpoint`,`master_itemid`,`timeout`,`url`,`query_fields`,`posts`,`status_codes`,`follow_redirects`,`post_type`,`headers`,`retrieve_mode`,`request_method`,`output_format`,`verify_peer`,`verify_host`,`allow_traps`) values ('22444','0','','','10001','Network interface discovery','net.if.discovery','1h','90d','0','0','4','','','','0','','','','',NULL,NULL,'','','0','','','','','1',NULL,'','Discovery of network interfaces as defined in global regular expression "Network interfaces for discovery".','0','30d','0','0','','0','',NULL,'3s','','','','200','1','0','','0','0','0','0','0','0');
INSERT INTO `items` (`itemid`,`type`,`snmp_community`,`snmp_oid`,`hostid`,`name`,`key_`,`delay`,`history`,`trends`,`status`,`value_type`,`trapper_hosts`,`units`,`snmpv3_securityname`,`snmpv3_securitylevel`,`snmpv3_authpassphrase`,`snmpv3_privpassphrase`,`formula`,`logtimefmt`,`templateid`,`valuemapid`,`params`,`ipmi_sensor`,`authtype`,`username`,`password`,`publickey`,`privatekey`,`flags`,`interfaceid`,`port`,`description`,`inventory_link`,`lifetime`,`snmpv3_authprotocol`,`snmpv3_privprotocol`,`snmpv3_contextname`,`evaltype`,`jmx_endpoint`,`master_itemid`,`timeout`,`url`,`query_fields`,`posts`,`status_codes`,`follow_redirects`,`post_type`,`headers`,`retrieve_mode`,`request_method`,`output_format`,`verify_peer`,`verify_host`,`allow_traps`) values ('22446','0','','','10001','Incoming network traffic on {#IFNAME}','net.if.in[{#IFNAME}]','1m','1w','365d','0','3','','bps','','0','','','','',NULL,NULL,'','','0','','','','','2',NULL,'','','0','0','0','0','','0','',NULL,'3s','','','','200','1','0','','0','0','0','0','0','0');
INSERT INTO `items` (`itemid`,`type`,`snmp_community`,`snmp_oid`,`hostid`,`name`,`key_`,`delay`,`history`,`trends`,`status`,`value_type`,`trapper_hosts`,`units`,`snmpv3_securityname`,`snmpv3_securitylevel`,`snmpv3_authpassphrase`,`snmpv3_privpassphrase`,`formula`,`logtimefmt`,`templateid`,`valuemapid`,`params`,`ipmi_sensor`,`authtype`,`username`,`password`,`publickey`,`privatekey`,`flags`,`interfaceid`,`port`,`description`,`inventory_link`,`lifetime`,`snmpv3_authprotocol`,`snmpv3_privprotocol`,`snmpv3_contextname`,`evaltype`,`jmx_endpoint`,`master_itemid`,`timeout`,`url`,`query_fields`,`posts`,`status_codes`,`follow_redirects`,`post_type`,`headers`,`retrieve_mode`,`request_method`,`output_format`,`verify_peer`,`verify_host`,`allow_traps`) values ('22448','0','','','10001','Outgoing network traffic on {#IFNAME}','net.if.out[{#IFNAME}]','1m','1w','365d','0','3','','bps','','0','','','','',NULL,NULL,'','','0','','','','','2',NULL,'','','0','0','0','0','','0','',NULL,'3s','','','','200','1','0','','0','0','0','0','0','0');
INSERT INTO `items` (`itemid`,`type`,`snmp_community`,`snmp_oid`,`hostid`,`name`,`key_`,`delay`,`history`,`trends`,`status`,`value_type`,`trapper_hosts`,`units`,`snmpv3_securityname`,`snmpv3_securitylevel`,`snmpv3_authpassphrase`,`snmpv3_privpassphrase`,`formula`,`logtimefmt`,`templateid`,`valuemapid`,`params`,`ipmi_sensor`,`authtype`,`username`,`password`,`publickey`,`privatekey`,`flags`,`interfaceid`,`port`,`description`,`inventory_link`,`lifetime`,`snmpv3_authprotocol`,`snmpv3_privprotocol`,`snmpv3_contextname`,`evaltype`,`jmx_endpoint`,`master_itemid`,`timeout`,`url`,`query_fields`,`posts`,`status_codes`,`follow_redirects`,`post_type`,`headers`,`retrieve_mode`,`request_method`,`output_format`,`verify_peer`,`verify_host`,`allow_traps`) values ('22450','0','','','10001','Mounted filesystem discovery','vfs.fs.discovery','1h','90d','0','0','4','','','','0','','','','',NULL,NULL,'','','0','','','','','1',NULL,'','Discovery of file systems of different types as defined in global regular expression "File systems for discovery".','0','30d','0','0','','0','',NULL,'3s','','','','200','1','0','','0','0','0','0','0','0');
INSERT INTO `items` (`itemid`,`type`,`snmp_community`,`snmp_oid`,`hostid`,`name`,`key_`,`delay`,`history`,`trends`,`status`,`value_type`,`trapper_hosts`,`units`,`snmpv3_securityname`,`snmpv3_securitylevel`,`snmpv3_authpassphrase`,`snmpv3_privpassphrase`,`formula`,`logtimefmt`,`templateid`,`valuemapid`,`params`,`ipmi_sensor`,`authtype`,`username`,`password`,`publickey`,`privatekey`,`flags`,`interfaceid`,`port`,`description`,`inventory_link`,`lifetime`,`snmpv3_authprotocol`,`snmpv3_privprotocol`,`snmpv3_contextname`,`evaltype`,`jmx_endpoint`,`master_itemid`,`timeout`,`url`,`query_fields`,`posts`,`status_codes`,`follow_redirects`,`post_type`,`headers`,`retrieve_mode`,`request_method`,`output_format`,`verify_peer`,`verify_host`,`allow_traps`) values ('22452','0','','','10001','Free disk space on {#FSNAME}','vfs.fs.size[{#FSNAME},free]','1m','1w','365d','0','3','','B','','0','','','','',NULL,NULL,'','','0','','','','','2',NULL,'','','0','0','0','0','','0','',NULL,'3s','','','','200','1','0','','0','0','0','0','0','0');
INSERT INTO `items` (`itemid`,`type`,`snmp_community`,`snmp_oid`,`hostid`,`name`,`key_`,`delay`,`history`,`trends`,`status`,`value_type`,`trapper_hosts`,`units`,`snmpv3_securityname`,`snmpv3_securitylevel`,`snmpv3_authpassphrase`,`snmpv3_privpassphrase`,`formula`,`logtimefmt`,`templateid`,`valuemapid`,`params`,`ipmi_sensor`,`authtype`,`username`,`password`,`publickey`,`privatekey`,`flags`,`interfaceid`,`port`,`description`,`inventory_link`,`lifetime`,`snmpv3_authprotocol`,`snmpv3_privprotocol`,`snmpv3_contextname`,`evaltype`,`jmx_endpoint`,`master_itemid`,`timeout`,`url`,`query_fields`,`posts`,`status_codes`,`follow_redirects`,`post_type`,`headers`,`retrieve_mode`,`request_method`,`output_format`,`verify_peer`,`verify_host`,`allow_traps`) values ('22454','0','','','10001','Free inodes on {#FSNAME} (percentage)','vfs.fs.inode[{#FSNAME},pfree]','1m','1w','365d','0','0','','%','','0','','','','',NULL,NULL,'','','0','','','','','2',NULL,'','','0','0','0','0','','0','',NULL,'3s','','','','200','1','0','','0','0','0','0','0','0');
INSERT INTO `items` (`itemid`,`type`,`snmp_community`,`snmp_oid`,`hostid`,`name`,`key_`,`delay`,`history`,`trends`,`status`,`value_type`,`trapper_hosts`,`units`,`snmpv3_securityname`,`snmpv3_securitylevel`,`snmpv3_authpassphrase`,`snmpv3_privpassphrase`,`formula`,`logtimefmt`,`templateid`,`valuemapid`,`params`,`ipmi_sensor`,`authtype`,`username`,`password`,`publickey`,`privatekey`,`flags`,`interfaceid`,`port`,`description`,`inventory_link`,`lifetime`,`snmpv3_authprotocol`,`snmpv3_privprotocol`,`snmpv3_contextname`,`evaltype`,`jmx_endpoint`,`master_itemid`,`timeout`,`url`,`query_fields`,`posts`,`status_codes`,`follow_redirects`,`post_type`,`headers`,`retrieve_mode`,`request_method`,`output_format`,`verify_peer`,`verify_host`,`allow_traps`) values ('22456','0','','','10001','Total disk space on {#FSNAME}','vfs.fs.size[{#FSNAME},total]','1h','1w','365d','0','3','','B','','0','','','','',NULL,NULL,'','','0','','','','','2',NULL,'','','0','0','0','0','','0','',NULL,'3s','','','','200','1','0','','0','0','0','0','0','0');
INSERT INTO `items` (`itemid`,`type`,`snmp_community`,`snmp_oid`,`hostid`,`name`,`key_`,`delay`,`history`,`trends`,`status`,`value_type`,`trapper_hosts`,`units`,`snmpv3_securityname`,`snmpv3_securitylevel`,`snmpv3_authpassphrase`,`snmpv3_privpassphrase`,`formula`,`logtimefmt`,`templateid`,`valuemapid`,`params`,`ipmi_sensor`,`authtype`,`username`,`password`,`publickey`,`privatekey`,`flags`,`interfaceid`,`port`,`description`,`inventory_link`,`lifetime`,`snmpv3_authprotocol`,`snmpv3_privprotocol`,`snmpv3_contextname`,`evaltype`,`jmx_endpoint`,`master_itemid`,`timeout`,`url`,`query_fields`,`posts`,`status_codes`,`follow_redirects`,`post_type`,`headers`,`retrieve_mode`,`request_method`,`output_format`,`verify_peer`,`verify_host`,`allow_traps`) values ('22458','0','','','10001','Used disk space on {#FSNAME}','vfs.fs.size[{#FSNAME},used]','1m','1w','365d','0','3','','B','','0','','','','',NULL,NULL,'','','0','','','','','2',NULL,'','','0','0','0','0','','0','',NULL,'3s','','','','200','1','0','','0','0','0','0','0','0');
INSERT INTO `items` (`itemid`,`type`,`snmp_community`,`snmp_oid`,`hostid`,`name`,`key_`,`delay`,`history`,`trends`,`status`,`value_type`,`trapper_hosts`,`units`,`snmpv3_securityname`,`snmpv3_securitylevel`,`snmpv3_authpassphrase`,`snmpv3_privpassphrase`,`formula`,`logtimefmt`,`templateid`,`valuemapid`,`params`,`ipmi_sensor`,`authtype`,`username`,`password`,`publickey`,`privatekey`,`flags`,`interfaceid`,`port`,`description`,`inventory_link`,`lifetime`,`snmpv3_authprotocol`,`snmpv3_privprotocol`,`snmpv3_contextname`,`evaltype`,`jmx_endpoint`,`master_itemid`,`timeout`,`url`,`query_fields`,`posts`,`status_codes`,`follow_redirects`,`post_type`,`headers`,`retrieve_mode`,`request_method`,`output_format`,`verify_peer`,`verify_host`,`allow_traps`) values ('22665','0','','','10001','CPU steal time','system.cpu.util[,steal]','1m','1w','365d','0','0','','%','','0','','','','',NULL,NULL,'','','0','','','','','0',NULL,'','The amount of CPU \'stolen\' from this virtual machine by the hypervisor for other tasks (such as running another virtual machine).','0','0','0','0','','0','',NULL,'3s','','','','200','1','0','','0','0','0','0','0','0');
INSERT INTO `items` (`itemid`,`type`,`snmp_community`,`snmp_oid`,`hostid`,`name`,`key_`,`delay`,`history`,`trends`,`status`,`value_type`,`trapper_hosts`,`units`,`snmpv3_securityname`,`snmpv3_securitylevel`,`snmpv3_authpassphrase`,`snmpv3_privpassphrase`,`formula`,`logtimefmt`,`templateid`,`valuemapid`,`params`,`ipmi_sensor`,`authtype`,`username`,`password`,`publickey`,`privatekey`,`flags`,`interfaceid`,`port`,`description`,`inventory_link`,`lifetime`,`snmpv3_authprotocol`,`snmpv3_privprotocol`,`snmpv3_contextname`,`evaltype`,`jmx_endpoint`,`master_itemid`,`timeout`,`url`,`query_fields`,`posts`,`status_codes`,`follow_redirects`,`post_type`,`headers`,`retrieve_mode`,`request_method`,`output_format`,`verify_peer`,`verify_host`,`allow_traps`) values ('22668','0','','','10001','CPU softirq time','system.cpu.util[,softirq]','1m','1w','365d','0','0','','%','','0','','','','',NULL,NULL,'','','0','','','','','0',NULL,'','The amount of time the CPU has been servicing software interrupts.','0','0','0','0','','0','',NULL,'3s','','','','200','1','0','','0','0','0','0','0','0');
INSERT INTO `items` (`itemid`,`type`,`snmp_community`,`snmp_oid`,`hostid`,`name`,`key_`,`delay`,`history`,`trends`,`status`,`value_type`,`trapper_hosts`,`units`,`snmpv3_securityname`,`snmpv3_securitylevel`,`snmpv3_authpassphrase`,`snmpv3_privpassphrase`,`formula`,`logtimefmt`,`templateid`,`valuemapid`,`params`,`ipmi_sensor`,`authtype`,`username`,`password`,`publickey`,`privatekey`,`flags`,`interfaceid`,`port`,`description`,`inventory_link`,`lifetime`,`snmpv3_authprotocol`,`snmpv3_privprotocol`,`snmpv3_contextname`,`evaltype`,`jmx_endpoint`,`master_itemid`,`timeout`,`url`,`query_fields`,`posts`,`status_codes`,`follow_redirects`,`post_type`,`headers`,`retrieve_mode`,`request_method`,`output_format`,`verify_peer`,`verify_host`,`allow_traps`) values ('22671','0','','','10001','CPU interrupt time','system.cpu.util[,interrupt]','1m','1w','365d','0','0','','%','','0','','','','',NULL,NULL,'','','0','','','','','0',NULL,'','The amount of time the CPU has been servicing hardware interrupts.','0','0','0','0','','0','',NULL,'3s','','','','200','1','0','','0','0','0','0','0','0');
INSERT INTO `items` (`itemid`,`type`,`snmp_community`,`snmp_oid`,`hostid`,`name`,`key_`,`delay`,`history`,`trends`,`status`,`value_type`,`trapper_hosts`,`units`,`snmpv3_securityname`,`snmpv3_securitylevel`,`snmpv3_authpassphrase`,`snmpv3_privpassphrase`,`formula`,`logtimefmt`,`templateid`,`valuemapid`,`params`,`ipmi_sensor`,`authtype`,`username`,`password`,`publickey`,`privatekey`,`flags`,`interfaceid`,`port`,`description`,`inventory_link`,`lifetime`,`snmpv3_authprotocol`,`snmpv3_privprotocol`,`snmpv3_contextname`,`evaltype`,`jmx_endpoint`,`master_itemid`,`timeout`,`url`,`query_fields`,`posts`,`status_codes`,`follow_redirects`,`post_type`,`headers`,`retrieve_mode`,`request_method`,`output_format`,`verify_peer`,`verify_host`,`allow_traps`) values ('22674','0','','','10001','Processor load (5 min average per core)','system.cpu.load[percpu,avg5]','1m','1w','365d','0','0','','','','0','','','','',NULL,NULL,'','','0','','','','','0',NULL,'','The processor load is calculated as system CPU load divided by number of CPU cores.','0','0','0','0','','0','',NULL,'3s','','','','200','1','0','','0','0','0','0','0','0');
INSERT INTO `items` (`itemid`,`type`,`snmp_community`,`snmp_oid`,`hostid`,`name`,`key_`,`delay`,`history`,`trends`,`status`,`value_type`,`trapper_hosts`,`units`,`snmpv3_securityname`,`snmpv3_securitylevel`,`snmpv3_authpassphrase`,`snmpv3_privpassphrase`,`formula`,`logtimefmt`,`templateid`,`valuemapid`,`params`,`ipmi_sensor`,`authtype`,`username`,`password`,`publickey`,`privatekey`,`flags`,`interfaceid`,`port`,`description`,`inventory_link`,`lifetime`,`snmpv3_authprotocol`,`snmpv3_privprotocol`,`snmpv3_contextname`,`evaltype`,`jmx_endpoint`,`master_itemid`,`timeout`,`url`,`query_fields`,`posts`,`status_codes`,`follow_redirects`,`post_type`,`headers`,`retrieve_mode`,`request_method`,`output_format`,`verify_peer`,`verify_host`,`allow_traps`) values ('22677','0','','','10001','Processor load (15 min average per core)','system.cpu.load[percpu,avg15]','1m','1w','365d','0','0','','','','0','','','','',NULL,NULL,'','','0','','','','','0',NULL,'','The processor load is calculated as system CPU load divided by number of CPU cores.','0','0','0','0','','0','',NULL,'3s','','','','200','1','0','','0','0','0','0','0','0');
INSERT INTO `items` (`itemid`,`type`,`snmp_community`,`snmp_oid`,`hostid`,`name`,`key_`,`delay`,`history`,`trends`,`status`,`value_type`,`trapper_hosts`,`units`,`snmpv3_securityname`,`snmpv3_securitylevel`,`snmpv3_authpassphrase`,`snmpv3_privpassphrase`,`formula`,`logtimefmt`,`templateid`,`valuemapid`,`params`,`ipmi_sensor`,`authtype`,`username`,`password`,`publickey`,`privatekey`,`flags`,`interfaceid`,`port`,`description`,`inventory_link`,`lifetime`,`snmpv3_authprotocol`,`snmpv3_privprotocol`,`snmpv3_contextname`,`evaltype`,`jmx_endpoint`,`master_itemid`,`timeout`,`url`,`query_fields`,`posts`,`status_codes`,`follow_redirects`,`post_type`,`headers`,`retrieve_mode`,`request_method`,`output_format`,`verify_peer`,`verify_host`,`allow_traps`) values ('22680','0','','','10001','Context switches per second','system.cpu.switches','1m','1w','365d','0','3','','sps','','0','','','','',NULL,NULL,'','','0','','','','','0',NULL,'','','0','0','0','0','','0','',NULL,'3s','','','','200','1','0','','0','0','0','0','0','0');
INSERT INTO `items` (`itemid`,`type`,`snmp_community`,`snmp_oid`,`hostid`,`name`,`key_`,`delay`,`history`,`trends`,`status`,`value_type`,`trapper_hosts`,`units`,`snmpv3_securityname`,`snmpv3_securitylevel`,`snmpv3_authpassphrase`,`snmpv3_privpassphrase`,`formula`,`logtimefmt`,`templateid`,`valuemapid`,`params`,`ipmi_sensor`,`authtype`,`username`,`password`,`publickey`,`privatekey`,`flags`,`interfaceid`,`port`,`description`,`inventory_link`,`lifetime`,`snmpv3_authprotocol`,`snmpv3_privprotocol`,`snmpv3_contextname`,`evaltype`,`jmx_endpoint`,`master_itemid`,`timeout`,`url`,`query_fields`,`posts`,`status_codes`,`follow_redirects`,`post_type`,`headers`,`retrieve_mode`,`request_method`,`output_format`,`verify_peer`,`verify_host`,`allow_traps`) values ('22683','0','','','10001','Interrupts per second','system.cpu.intr','1m','1w','365d','0','3','','ips','','0','','','','',NULL,NULL,'','','0','','','','','0',NULL,'','','0','0','0','0','','0','',NULL,'3s','','','','200','1','0','','0','0','0','0','0','0');
INSERT INTO `items` (`itemid`,`type`,`snmp_community`,`snmp_oid`,`hostid`,`name`,`key_`,`delay`,`history`,`trends`,`status`,`value_type`,`trapper_hosts`,`units`,`snmpv3_securityname`,`snmpv3_securitylevel`,`snmpv3_authpassphrase`,`snmpv3_privpassphrase`,`formula`,`logtimefmt`,`templateid`,`valuemapid`,`params`,`ipmi_sensor`,`authtype`,`username`,`password`,`publickey`,`privatekey`,`flags`,`interfaceid`,`port`,`description`,`inventory_link`,`lifetime`,`snmpv3_authprotocol`,`snmpv3_privprotocol`,`snmpv3_contextname`,`evaltype`,`jmx_endpoint`,`master_itemid`,`timeout`,`url`,`query_fields`,`posts`,`status_codes`,`follow_redirects`,`post_type`,`headers`,`retrieve_mode`,`request_method`,`output_format`,`verify_peer`,`verify_host`,`allow_traps`) values ('22686','0','','','10001','Free disk space on {#FSNAME} (percentage)','vfs.fs.size[{#FSNAME},pfree]','1m','1w','365d','0','0','','%','','0','','','','',NULL,NULL,'','','0','','','','','2',NULL,'','','0','0','0','0','','0','',NULL,'3s','','','','200','1','0','','0','0','0','0','0','0');
INSERT INTO `items` (`itemid`,`type`,`snmp_community`,`snmp_oid`,`hostid`,`name`,`key_`,`delay`,`history`,`trends`,`status`,`value_type`,`trapper_hosts`,`units`,`snmpv3_securityname`,`snmpv3_securitylevel`,`snmpv3_authpassphrase`,`snmpv3_privpassphrase`,`formula`,`logtimefmt`,`templateid`,`valuemapid`,`params`,`ipmi_sensor`,`authtype`,`username`,`password`,`publickey`,`privatekey`,`flags`,`interfaceid`,`port`,`description`,`inventory_link`,`lifetime`,`snmpv3_authprotocol`,`snmpv3_privprotocol`,`snmpv3_contextname`,`evaltype`,`jmx_endpoint`,`master_itemid`,`timeout`,`url`,`query_fields`,`posts`,`status_codes`,`follow_redirects`,`post_type`,`headers`,`retrieve_mode`,`request_method`,`output_format`,`verify_peer`,`verify_host`,`allow_traps`) values ('22689','5','','','10047','Utilization of java poller data collector processes, in %','zabbix[process,java poller,avg,busy]','1m','1w','365d','0','0','','%','','0','','','','',NULL,NULL,'','','0','','','','','0',NULL,'','','0','0','0','0','','0','',NULL,'3s','','','','200','1','0','','0','0','0','0','0','0');
INSERT INTO `items` (`itemid`,`type`,`snmp_community`,`snmp_oid`,`hostid`,`name`,`key_`,`delay`,`history`,`trends`,`status`,`value_type`,`trapper_hosts`,`units`,`snmpv3_securityname`,`snmpv3_securitylevel`,`snmpv3_authpassphrase`,`snmpv3_privpassphrase`,`formula`,`logtimefmt`,`templateid`,`valuemapid`,`params`,`ipmi_sensor`,`authtype`,`username`,`password`,`publickey`,`privatekey`,`flags`,`interfaceid`,`port`,`description`,`inventory_link`,`lifetime`,`snmpv3_authprotocol`,`snmpv3_privprotocol`,`snmpv3_contextname`,`evaltype`,`jmx_endpoint`,`master_itemid`,`timeout`,`url`,`query_fields`,`posts`,`status_codes`,`follow_redirects`,`post_type`,`headers`,`retrieve_mode`,`request_method`,`output_format`,`verify_peer`,`verify_host`,`allow_traps`) values ('22835','0','','','10074','Maximum number of opened files','kernel.maxfiles','1h','1w','365d','0','3','','','','0','','','','',NULL,NULL,'','','0','','','','','0',NULL,'','It could be increased by using sysctrl utility or modifying file /etc/sysctl.conf.','0','30d','0','0','','0','',NULL,'3s','','','','200','1','0','','0','0','0','0','0','0');
INSERT INTO `items` (`itemid`,`type`,`snmp_community`,`snmp_oid`,`hostid`,`name`,`key_`,`delay`,`history`,`trends`,`status`,`value_type`,`trapper_hosts`,`units`,`snmpv3_securityname`,`snmpv3_securitylevel`,`snmpv3_authpassphrase`,`snmpv3_privpassphrase`,`formula`,`logtimefmt`,`templateid`,`valuemapid`,`params`,`ipmi_sensor`,`authtype`,`username`,`password`,`publickey`,`privatekey`,`flags`,`interfaceid`,`port`,`description`,`inventory_link`,`lifetime`,`snmpv3_authprotocol`,`snmpv3_privprotocol`,`snmpv3_contextname`,`evaltype`,`jmx_endpoint`,`master_itemid`,`timeout`,`url`,`query_fields`,`posts`,`status_codes`,`follow_redirects`,`post_type`,`headers`,`retrieve_mode`,`request_method`,`output_format`,`verify_peer`,`verify_host`,`allow_traps`) values ('22836','0','','','10074','Maximum number of processes','kernel.maxproc','1h','1w','365d','0','3','','','','0','','','','',NULL,NULL,'','','0','','','','','0',NULL,'','It could be increased by using sysctrl utility or modifying file /etc/sysctl.conf.','0','30d','0','0','','0','',NULL,'3s','','','','200','1','0','','0','0','0','0','0','0');
INSERT INTO `items` (`itemid`,`type`,`snmp_community`,`snmp_oid`,`hostid`,`name`,`key_`,`delay`,`history`,`trends`,`status`,`value_type`,`trapper_hosts`,`units`,`snmpv3_securityname`,`snmpv3_securitylevel`,`snmpv3_authpassphrase`,`snmpv3_privpassphrase`,`formula`,`logtimefmt`,`templateid`,`valuemapid`,`params`,`ipmi_sensor`,`authtype`,`username`,`password`,`publickey`,`privatekey`,`flags`,`interfaceid`,`port`,`description`,`inventory_link`,`lifetime`,`snmpv3_authprotocol`,`snmpv3_privprotocol`,`snmpv3_contextname`,`evaltype`,`jmx_endpoint`,`master_itemid`,`timeout`,`url`,`query_fields`,`posts`,`status_codes`,`follow_redirects`,`post_type`,`headers`,`retrieve_mode`,`request_method`,`output_format`,`verify_peer`,`verify_host`,`allow_traps`) values ('22837','0','','','10074','Number of running processes','proc.num[,,run]','1m','1w','365d','0','3','','','','0','','','','',NULL,NULL,'','','0','','','','','0',NULL,'','Number of processes in running state.','0','30d','0','0','','0','',NULL,'3s','','','','200','1','0','','0','0','0','0','0','0');
INSERT INTO `items` (`itemid`,`type`,`snmp_community`,`snmp_oid`,`hostid`,`name`,`key_`,`delay`,`history`,`trends`,`status`,`value_type`,`trapper_hosts`,`units`,`snmpv3_securityname`,`snmpv3_securitylevel`,`snmpv3_authpassphrase`,`snmpv3_privpassphrase`,`formula`,`logtimefmt`,`templateid`,`valuemapid`,`params`,`ipmi_sensor`,`authtype`,`username`,`password`,`publickey`,`privatekey`,`flags`,`interfaceid`,`port`,`description`,`inventory_link`,`lifetime`,`snmpv3_authprotocol`,`snmpv3_privprotocol`,`snmpv3_contextname`,`evaltype`,`jmx_endpoint`,`master_itemid`,`timeout`,`url`,`query_fields`,`posts`,`status_codes`,`follow_redirects`,`post_type`,`headers`,`retrieve_mode`,`request_method`,`output_format`,`verify_peer`,`verify_host`,`allow_traps`) values ('22838','0','','','10074','Number of processes','proc.num[]','1m','1w','365d','0','3','','','','0','','','','',NULL,NULL,'','','0','','','','','0',NULL,'','Total number of processes in any state.','0','30d','0','0','','0','',NULL,'3s','','','','200','1','0','','0','0','0','0','0','0');
INSERT INTO `items` (`itemid`,`type`,`snmp_community`,`snmp_oid`,`hostid`,`name`,`key_`,`delay`,`history`,`trends`,`status`,`value_type`,`trapper_hosts`,`units`,`snmpv3_securityname`,`snmpv3_securitylevel`,`snmpv3_authpassphrase`,`snmpv3_privpassphrase`,`formula`,`logtimefmt`,`templateid`,`valuemapid`,`params`,`ipmi_sensor`,`authtype`,`username`,`password`,`publickey`,`privatekey`,`flags`,`interfaceid`,`port`,`description`,`inventory_link`,`lifetime`,`snmpv3_authprotocol`,`snmpv3_privprotocol`,`snmpv3_contextname`,`evaltype`,`jmx_endpoint`,`master_itemid`,`timeout`,`url`,`query_fields`,`posts`,`status_codes`,`follow_redirects`,`post_type`,`headers`,`retrieve_mode`,`request_method`,`output_format`,`verify_peer`,`verify_host`,`allow_traps`) values ('22839','0','','','10074','Host boot time','system.boottime','10m','1w','365d','0','3','','unixtime','','0','','','','',NULL,NULL,'','','0','','','','','0',NULL,'','','0','30d','0','0','','0','',NULL,'3s','','','','200','1','0','','0','0','0','0','0','0');
INSERT INTO `items` (`itemid`,`type`,`snmp_community`,`snmp_oid`,`hostid`,`name`,`key_`,`delay`,`history`,`trends`,`status`,`value_type`,`trapper_hosts`,`units`,`snmpv3_securityname`,`snmpv3_securitylevel`,`snmpv3_authpassphrase`,`snmpv3_privpassphrase`,`formula`,`logtimefmt`,`templateid`,`valuemapid`,`params`,`ipmi_sensor`,`authtype`,`username`,`password`,`publickey`,`privatekey`,`flags`,`interfaceid`,`port`,`description`,`inventory_link`,`lifetime`,`snmpv3_authprotocol`,`snmpv3_privprotocol`,`snmpv3_contextname`,`evaltype`,`jmx_endpoint`,`master_itemid`,`timeout`,`url`,`query_fields`,`posts`,`status_codes`,`follow_redirects`,`post_type`,`headers`,`retrieve_mode`,`request_method`,`output_format`,`verify_peer`,`verify_host`,`allow_traps`) values ('22840','0','','','10074','Interrupts per second','system.cpu.intr','1m','1w','365d','0','3','','ips','','0','','','','',NULL,NULL,'','','0','','','','','0',NULL,'','','0','30d','0','0','','0','',NULL,'3s','','','','200','1','0','','0','0','0','0','0','0');
INSERT INTO `items` (`itemid`,`type`,`snmp_community`,`snmp_oid`,`hostid`,`name`,`key_`,`delay`,`history`,`trends`,`status`,`value_type`,`trapper_hosts`,`units`,`snmpv3_securityname`,`snmpv3_securitylevel`,`snmpv3_authpassphrase`,`snmpv3_privpassphrase`,`formula`,`logtimefmt`,`templateid`,`valuemapid`,`params`,`ipmi_sensor`,`authtype`,`username`,`password`,`publickey`,`privatekey`,`flags`,`interfaceid`,`port`,`description`,`inventory_link`,`lifetime`,`snmpv3_authprotocol`,`snmpv3_privprotocol`,`snmpv3_contextname`,`evaltype`,`jmx_endpoint`,`master_itemid`,`timeout`,`url`,`query_fields`,`posts`,`status_codes`,`follow_redirects`,`post_type`,`headers`,`retrieve_mode`,`request_method`,`output_format`,`verify_peer`,`verify_host`,`allow_traps`) values ('22841','0','','','10074','Processor load (15 min average per core)','system.cpu.load[percpu,avg15]','1m','1w','365d','0','0','','','','0','','','','',NULL,NULL,'','','0','','','','','0',NULL,'','The processor load is calculated as system CPU load divided by number of CPU cores.','0','30d','0','0','','0','',NULL,'3s','','','','200','1','0','','0','0','0','0','0','0');
INSERT INTO `items` (`itemid`,`type`,`snmp_community`,`snmp_oid`,`hostid`,`name`,`key_`,`delay`,`history`,`trends`,`status`,`value_type`,`trapper_hosts`,`units`,`snmpv3_securityname`,`snmpv3_securitylevel`,`snmpv3_authpassphrase`,`snmpv3_privpassphrase`,`formula`,`logtimefmt`,`templateid`,`valuemapid`,`params`,`ipmi_sensor`,`authtype`,`username`,`password`,`publickey`,`privatekey`,`flags`,`interfaceid`,`port`,`description`,`inventory_link`,`lifetime`,`snmpv3_authprotocol`,`snmpv3_privprotocol`,`snmpv3_contextname`,`evaltype`,`jmx_endpoint`,`master_itemid`,`timeout`,`url`,`query_fields`,`posts`,`status_codes`,`follow_redirects`,`post_type`,`headers`,`retrieve_mode`,`request_method`,`output_format`,`verify_peer`,`verify_host`,`allow_traps`) values ('22842','0','','','10074','Processor load (1 min average per core)','system.cpu.load[percpu,avg1]','1m','1w','365d','0','0','','','','0','','','','',NULL,NULL,'','','0','','','','','0',NULL,'','The processor load is calculated as system CPU load divided by number of CPU cores.','0','30d','0','0','','0','',NULL,'3s','','','','200','1','0','','0','0','0','0','0','0');
INSERT INTO `items` (`itemid`,`type`,`snmp_community`,`snmp_oid`,`hostid`,`name`,`key_`,`delay`,`history`,`trends`,`status`,`value_type`,`trapper_hosts`,`units`,`snmpv3_securityname`,`snmpv3_securitylevel`,`snmpv3_authpassphrase`,`snmpv3_privpassphrase`,`formula`,`logtimefmt`,`templateid`,`valuemapid`,`params`,`ipmi_sensor`,`authtype`,`username`,`password`,`publickey`,`privatekey`,`flags`,`interfaceid`,`port`,`description`,`inventory_link`,`lifetime`,`snmpv3_authprotocol`,`snmpv3_privprotocol`,`snmpv3_contextname`,`evaltype`,`jmx_endpoint`,`master_itemid`,`timeout`,`url`,`query_fields`,`posts`,`status_codes`,`follow_redirects`,`post_type`,`headers`,`retrieve_mode`,`request_method`,`output_format`,`verify_peer`,`verify_host`,`allow_traps`) values ('22843','0','','','10074','Processor load (5 min average per core)','system.cpu.load[percpu,avg5]','1m','1w','365d','0','0','','','','0','','','','',NULL,NULL,'','','0','','','','','0',NULL,'','The processor load is calculated as system CPU load divided by number of CPU cores.','0','30d','0','0','','0','',NULL,'3s','','','','200','1','0','','0','0','0','0','0','0');
INSERT INTO `items` (`itemid`,`type`,`snmp_community`,`snmp_oid`,`hostid`,`name`,`key_`,`delay`,`history`,`trends`,`status`,`value_type`,`trapper_hosts`,`units`,`snmpv3_securityname`,`snmpv3_securitylevel`,`snmpv3_authpassphrase`,`snmpv3_privpassphrase`,`formula`,`logtimefmt`,`templateid`,`valuemapid`,`params`,`ipmi_sensor`,`authtype`,`username`,`password`,`publickey`,`privatekey`,`flags`,`interfaceid`,`port`,`description`,`inventory_link`,`lifetime`,`snmpv3_authprotocol`,`snmpv3_privprotocol`,`snmpv3_contextname`,`evaltype`,`jmx_endpoint`,`master_itemid`,`timeout`,`url`,`query_fields`,`posts`,`status_codes`,`follow_redirects`,`post_type`,`headers`,`retrieve_mode`,`request_method`,`output_format`,`verify_peer`,`verify_host`,`allow_traps`) values ('22844','0','','','10074','Context switches per second','system.cpu.switches','1m','1w','365d','0','3','','sps','','0','','','','',NULL,NULL,'','','0','','','','','0',NULL,'','','0','30d','0','0','','0','',NULL,'3s','','','','200','1','0','','0','0','0','0','0','0');
INSERT INTO `items` (`itemid`,`type`,`snmp_community`,`snmp_oid`,`hostid`,`name`,`key_`,`delay`,`history`,`trends`,`status`,`value_type`,`trapper_hosts`,`units`,`snmpv3_securityname`,`snmpv3_securitylevel`,`snmpv3_authpassphrase`,`snmpv3_privpassphrase`,`formula`,`logtimefmt`,`templateid`,`valuemapid`,`params`,`ipmi_sensor`,`authtype`,`username`,`password`,`publickey`,`privatekey`,`flags`,`interfaceid`,`port`,`description`,`inventory_link`,`lifetime`,`snmpv3_authprotocol`,`snmpv3_privprotocol`,`snmpv3_contextname`,`evaltype`,`jmx_endpoint`,`master_itemid`,`timeout`,`url`,`query_fields`,`posts`,`status_codes`,`follow_redirects`,`post_type`,`headers`,`retrieve_mode`,`request_method`,`output_format`,`verify_peer`,`verify_host`,`allow_traps`) values ('22845','0','','','10074','CPU idle time','system.cpu.util[,idle]','1m','1w','365d','0','0','','%','','0','','','','',NULL,NULL,'','','0','','','','','0',NULL,'','The time the CPU has spent doing nothing.','0','30d','0','0','','0','',NULL,'3s','','','','200','1','0','','0','0','0','0','0','0');
INSERT INTO `items` (`itemid`,`type`,`snmp_community`,`snmp_oid`,`hostid`,`name`,`key_`,`delay`,`history`,`trends`,`status`,`value_type`,`trapper_hosts`,`units`,`snmpv3_securityname`,`snmpv3_securitylevel`,`snmpv3_authpassphrase`,`snmpv3_privpassphrase`,`formula`,`logtimefmt`,`templateid`,`valuemapid`,`params`,`ipmi_sensor`,`authtype`,`username`,`password`,`publickey`,`privatekey`,`flags`,`interfaceid`,`port`,`description`,`inventory_link`,`lifetime`,`snmpv3_authprotocol`,`snmpv3_privprotocol`,`snmpv3_contextname`,`evaltype`,`jmx_endpoint`,`master_itemid`,`timeout`,`url`,`query_fields`,`posts`,`status_codes`,`follow_redirects`,`post_type`,`headers`,`retrieve_mode`,`request_method`,`output_format`,`verify_peer`,`verify_host`,`allow_traps`) values ('22846','0','','','10074','CPU interrupt time','system.cpu.util[,interrupt]','1m','1w','365d','0','0','','%','','0','','','','',NULL,NULL,'','','0','','','','','0',NULL,'','The amount of time the CPU has been servicing hardware interrupts.','0','30d','0','0','','0','',NULL,'3s','','','','200','1','0','','0','0','0','0','0','0');
INSERT INTO `items` (`itemid`,`type`,`snmp_community`,`snmp_oid`,`hostid`,`name`,`key_`,`delay`,`history`,`trends`,`status`,`value_type`,`trapper_hosts`,`units`,`snmpv3_securityname`,`snmpv3_securitylevel`,`snmpv3_authpassphrase`,`snmpv3_privpassphrase`,`formula`,`logtimefmt`,`templateid`,`valuemapid`,`params`,`ipmi_sensor`,`authtype`,`username`,`password`,`publickey`,`privatekey`,`flags`,`interfaceid`,`port`,`description`,`inventory_link`,`lifetime`,`snmpv3_authprotocol`,`snmpv3_privprotocol`,`snmpv3_contextname`,`evaltype`,`jmx_endpoint`,`master_itemid`,`timeout`,`url`,`query_fields`,`posts`,`status_codes`,`follow_redirects`,`post_type`,`headers`,`retrieve_mode`,`request_method`,`output_format`,`verify_peer`,`verify_host`,`allow_traps`) values ('22848','0','','','10074','CPU nice time','system.cpu.util[,nice]','1m','1w','365d','0','0','','%','','0','','','','',NULL,NULL,'','','0','','','','','0',NULL,'','The time the CPU has spent running users\' processes that have been niced.','0','30d','0','0','','0','',NULL,'3s','','','','200','1','0','','0','0','0','0','0','0');
INSERT INTO `items` (`itemid`,`type`,`snmp_community`,`snmp_oid`,`hostid`,`name`,`key_`,`delay`,`history`,`trends`,`status`,`value_type`,`trapper_hosts`,`units`,`snmpv3_securityname`,`snmpv3_securitylevel`,`snmpv3_authpassphrase`,`snmpv3_privpassphrase`,`formula`,`logtimefmt`,`templateid`,`valuemapid`,`params`,`ipmi_sensor`,`authtype`,`username`,`password`,`publickey`,`privatekey`,`flags`,`interfaceid`,`port`,`description`,`inventory_link`,`lifetime`,`snmpv3_authprotocol`,`snmpv3_privprotocol`,`snmpv3_contextname`,`evaltype`,`jmx_endpoint`,`master_itemid`,`timeout`,`url`,`query_fields`,`posts`,`status_codes`,`follow_redirects`,`post_type`,`headers`,`retrieve_mode`,`request_method`,`output_format`,`verify_peer`,`verify_host`,`allow_traps`) values ('22851','0','','','10074','CPU system time','system.cpu.util[,system]','1m','1w','365d','0','0','','%','','0','','','','',NULL,NULL,'','','0','','','','','0',NULL,'','The time the CPU has spent running the kernel and its processes.','0','30d','0','0','','0','',NULL,'3s','','','','200','1','0','','0','0','0','0','0','0');
INSERT INTO `items` (`itemid`,`type`,`snmp_community`,`snmp_oid`,`hostid`,`name`,`key_`,`delay`,`history`,`trends`,`status`,`value_type`,`trapper_hosts`,`units`,`snmpv3_securityname`,`snmpv3_securitylevel`,`snmpv3_authpassphrase`,`snmpv3_privpassphrase`,`formula`,`logtimefmt`,`templateid`,`valuemapid`,`params`,`ipmi_sensor`,`authtype`,`username`,`password`,`publickey`,`privatekey`,`flags`,`interfaceid`,`port`,`description`,`inventory_link`,`lifetime`,`snmpv3_authprotocol`,`snmpv3_privprotocol`,`snmpv3_contextname`,`evaltype`,`jmx_endpoint`,`master_itemid`,`timeout`,`url`,`query_fields`,`posts`,`status_codes`,`follow_redirects`,`post_type`,`headers`,`retrieve_mode`,`request_method`,`output_format`,`verify_peer`,`verify_host`,`allow_traps`) values ('22852','0','','','10074','CPU user time','system.cpu.util[,user]','1m','1w','365d','0','0','','%','','0','','','','',NULL,NULL,'','','0','','','','','0',NULL,'','The time the CPU has spent running users\' processes that are not niced.','0','30d','0','0','','0','',NULL,'3s','','','','200','1','0','','0','0','0','0','0','0');
INSERT INTO `items` (`itemid`,`type`,`snmp_community`,`snmp_oid`,`hostid`,`name`,`key_`,`delay`,`history`,`trends`,`status`,`value_type`,`trapper_hosts`,`units`,`snmpv3_securityname`,`snmpv3_securitylevel`,`snmpv3_authpassphrase`,`snmpv3_privpassphrase`,`formula`,`logtimefmt`,`templateid`,`valuemapid`,`params`,`ipmi_sensor`,`authtype`,`username`,`password`,`publickey`,`privatekey`,`flags`,`interfaceid`,`port`,`description`,`inventory_link`,`lifetime`,`snmpv3_authprotocol`,`snmpv3_privprotocol`,`snmpv3_contextname`,`evaltype`,`jmx_endpoint`,`master_itemid`,`timeout`,`url`,`query_fields`,`posts`,`status_codes`,`follow_redirects`,`post_type`,`headers`,`retrieve_mode`,`request_method`,`output_format`,`verify_peer`,`verify_host`,`allow_traps`) values ('22853','0','','','10074','Host name','system.hostname','1h','1w','0','0','1','','','','0','','','','',NULL,NULL,'','','0','','','','','0',NULL,'','System host name.','3','30d','0','0','','0','',NULL,'3s','','','','200','1','0','','0','0','0','0','0','0');
INSERT INTO `items` (`itemid`,`type`,`snmp_community`,`snmp_oid`,`hostid`,`name`,`key_`,`delay`,`history`,`trends`,`status`,`value_type`,`trapper_hosts`,`units`,`snmpv3_securityname`,`snmpv3_securitylevel`,`snmpv3_authpassphrase`,`snmpv3_privpassphrase`,`formula`,`logtimefmt`,`templateid`,`valuemapid`,`params`,`ipmi_sensor`,`authtype`,`username`,`password`,`publickey`,`privatekey`,`flags`,`interfaceid`,`port`,`description`,`inventory_link`,`lifetime`,`snmpv3_authprotocol`,`snmpv3_privprotocol`,`snmpv3_contextname`,`evaltype`,`jmx_endpoint`,`master_itemid`,`timeout`,`url`,`query_fields`,`posts`,`status_codes`,`follow_redirects`,`post_type`,`headers`,`retrieve_mode`,`request_method`,`output_format`,`verify_peer`,`verify_host`,`allow_traps`) values ('22854','0','','','10074','Host local time','system.localtime','1m','1w','365d','0','3','','unixtime','','0','','','','',NULL,NULL,'','','0','','','','','0',NULL,'','','0','30d','0','0','','0','',NULL,'3s','','','','200','1','0','','0','0','0','0','0','0');
INSERT INTO `items` (`itemid`,`type`,`snmp_community`,`snmp_oid`,`hostid`,`name`,`key_`,`delay`,`history`,`trends`,`status`,`value_type`,`trapper_hosts`,`units`,`snmpv3_securityname`,`snmpv3_securitylevel`,`snmpv3_authpassphrase`,`snmpv3_privpassphrase`,`formula`,`logtimefmt`,`templateid`,`valuemapid`,`params`,`ipmi_sensor`,`authtype`,`username`,`password`,`publickey`,`privatekey`,`flags`,`interfaceid`,`port`,`description`,`inventory_link`,`lifetime`,`snmpv3_authprotocol`,`snmpv3_privprotocol`,`snmpv3_contextname`,`evaltype`,`jmx_endpoint`,`master_itemid`,`timeout`,`url`,`query_fields`,`posts`,`status_codes`,`follow_redirects`,`post_type`,`headers`,`retrieve_mode`,`request_method`,`output_format`,`verify_peer`,`verify_host`,`allow_traps`) values ('22855','0','','','10074','Free swap space','system.swap.size[,free]','1m','1w','365d','0','3','','B','','0','','','','',NULL,NULL,'','','0','','','','','0',NULL,'','','0','30d','0','0','','0','',NULL,'3s','','','','200','1','0','','0','0','0','0','0','0');
INSERT INTO `items` (`itemid`,`type`,`snmp_community`,`snmp_oid`,`hostid`,`name`,`key_`,`delay`,`history`,`trends`,`status`,`value_type`,`trapper_hosts`,`units`,`snmpv3_securityname`,`snmpv3_securitylevel`,`snmpv3_authpassphrase`,`snmpv3_privpassphrase`,`formula`,`logtimefmt`,`templateid`,`valuemapid`,`params`,`ipmi_sensor`,`authtype`,`username`,`password`,`publickey`,`privatekey`,`flags`,`interfaceid`,`port`,`description`,`inventory_link`,`lifetime`,`snmpv3_authprotocol`,`snmpv3_privprotocol`,`snmpv3_contextname`,`evaltype`,`jmx_endpoint`,`master_itemid`,`timeout`,`url`,`query_fields`,`posts`,`status_codes`,`follow_redirects`,`post_type`,`headers`,`retrieve_mode`,`request_method`,`output_format`,`verify_peer`,`verify_host`,`allow_traps`) values ('22856','0','','','10074','Free swap space in %','system.swap.size[,pfree]','1m','1w','365d','0','0','','%','','0','','','','',NULL,NULL,'','','0','','','','','0',NULL,'','','0','30d','0','0','','0','',NULL,'3s','','','','200','1','0','','0','0','0','0','0','0');
INSERT INTO `items` (`itemid`,`type`,`snmp_community`,`snmp_oid`,`hostid`,`name`,`key_`,`delay`,`history`,`trends`,`status`,`value_type`,`trapper_hosts`,`units`,`snmpv3_securityname`,`snmpv3_securitylevel`,`snmpv3_authpassphrase`,`snmpv3_privpassphrase`,`formula`,`logtimefmt`,`templateid`,`valuemapid`,`params`,`ipmi_sensor`,`authtype`,`username`,`password`,`publickey`,`privatekey`,`flags`,`interfaceid`,`port`,`description`,`inventory_link`,`lifetime`,`snmpv3_authprotocol`,`snmpv3_privprotocol`,`snmpv3_contextname`,`evaltype`,`jmx_endpoint`,`master_itemid`,`timeout`,`url`,`query_fields`,`posts`,`status_codes`,`follow_redirects`,`post_type`,`headers`,`retrieve_mode`,`request_method`,`output_format`,`verify_peer`,`verify_host`,`allow_traps`) values ('22857','0','','','10074','Total swap space','system.swap.size[,total]','1h','1w','365d','0','3','','B','','0','','','','',NULL,NULL,'','','0','','','','','0',NULL,'','','0','30d','0','0','','0','',NULL,'3s','','','','200','1','0','','0','0','0','0','0','0');
INSERT INTO `items` (`itemid`,`type`,`snmp_community`,`snmp_oid`,`hostid`,`name`,`key_`,`delay`,`history`,`trends`,`status`,`value_type`,`trapper_hosts`,`units`,`snmpv3_securityname`,`snmpv3_securitylevel`,`snmpv3_authpassphrase`,`snmpv3_privpassphrase`,`formula`,`logtimefmt`,`templateid`,`valuemapid`,`params`,`ipmi_sensor`,`authtype`,`username`,`password`,`publickey`,`privatekey`,`flags`,`interfaceid`,`port`,`description`,`inventory_link`,`lifetime`,`snmpv3_authprotocol`,`snmpv3_privprotocol`,`snmpv3_contextname`,`evaltype`,`jmx_endpoint`,`master_itemid`,`timeout`,`url`,`query_fields`,`posts`,`status_codes`,`follow_redirects`,`post_type`,`headers`,`retrieve_mode`,`request_method`,`output_format`,`verify_peer`,`verify_host`,`allow_traps`) values ('22858','0','','','10074','System information','system.uname','1h','1w','0','0','1','','','','0','','','','',NULL,NULL,'','','0','','','','','0',NULL,'','The information as normally returned by \'uname -a\'.','5','30d','0','0','','0','',NULL,'3s','','','','200','1','0','','0','0','0','0','0','0');
INSERT INTO `items` (`itemid`,`type`,`snmp_community`,`snmp_oid`,`hostid`,`name`,`key_`,`delay`,`history`,`trends`,`status`,`value_type`,`trapper_hosts`,`units`,`snmpv3_securityname`,`snmpv3_securitylevel`,`snmpv3_authpassphrase`,`snmpv3_privpassphrase`,`formula`,`logtimefmt`,`templateid`,`valuemapid`,`params`,`ipmi_sensor`,`authtype`,`username`,`password`,`publickey`,`privatekey`,`flags`,`interfaceid`,`port`,`description`,`inventory_link`,`lifetime`,`snmpv3_authprotocol`,`snmpv3_privprotocol`,`snmpv3_contextname`,`evaltype`,`jmx_endpoint`,`master_itemid`,`timeout`,`url`,`query_fields`,`posts`,`status_codes`,`follow_redirects`,`post_type`,`headers`,`retrieve_mode`,`request_method`,`output_format`,`verify_peer`,`verify_host`,`allow_traps`) values ('22859','0','','','10074','System uptime','system.uptime','10m','1w','365d','0','3','','uptime','','0','','','','',NULL,NULL,'','','0','','','','','0',NULL,'','','0','30d','0','0','','0','',NULL,'3s','','','','200','1','0','','0','0','0','0','0','0');
INSERT INTO `items` (`itemid`,`type`,`snmp_community`,`snmp_oid`,`hostid`,`name`,`key_`,`delay`,`history`,`trends`,`status`,`value_type`,`trapper_hosts`,`units`,`snmpv3_securityname`,`snmpv3_securitylevel`,`snmpv3_authpassphrase`,`snmpv3_privpassphrase`,`formula`,`logtimefmt`,`templateid`,`valuemapid`,`params`,`ipmi_sensor`,`authtype`,`username`,`password`,`publickey`,`privatekey`,`flags`,`interfaceid`,`port`,`description`,`inventory_link`,`lifetime`,`snmpv3_authprotocol`,`snmpv3_privprotocol`,`snmpv3_contextname`,`evaltype`,`jmx_endpoint`,`master_itemid`,`timeout`,`url`,`query_fields`,`posts`,`status_codes`,`follow_redirects`,`post_type`,`headers`,`retrieve_mode`,`request_method`,`output_format`,`verify_peer`,`verify_host`,`allow_traps`) values ('22860','0','','','10074','Number of logged in users','system.users.num','1m','1w','365d','0','3','','','','0','','','','',NULL,NULL,'','','0','','','','','0',NULL,'','Number of users who are currently logged in.','0','30d','0','0','','0','',NULL,'3s','','','','200','1','0','','0','0','0','0','0','0');
INSERT INTO `items` (`itemid`,`type`,`snmp_community`,`snmp_oid`,`hostid`,`name`,`key_`,`delay`,`history`,`trends`,`status`,`value_type`,`trapper_hosts`,`units`,`snmpv3_securityname`,`snmpv3_securitylevel`,`snmpv3_authpassphrase`,`snmpv3_privpassphrase`,`formula`,`logtimefmt`,`templateid`,`valuemapid`,`params`,`ipmi_sensor`,`authtype`,`username`,`password`,`publickey`,`privatekey`,`flags`,`interfaceid`,`port`,`description`,`inventory_link`,`lifetime`,`snmpv3_authprotocol`,`snmpv3_privprotocol`,`snmpv3_contextname`,`evaltype`,`jmx_endpoint`,`master_itemid`,`timeout`,`url`,`query_fields`,`posts`,`status_codes`,`follow_redirects`,`post_type`,`headers`,`retrieve_mode`,`request_method`,`output_format`,`verify_peer`,`verify_host`,`allow_traps`) values ('22861','0','','','10074','Checksum of /etc/passwd','vfs.file.cksum[/etc/passwd]','1h','1w','365d','0','3','','','','0','','','','',NULL,NULL,'','','0','','','','','0',NULL,'','','0','30d','0','0','','0','',NULL,'3s','','','','200','1','0','','0','0','0','0','0','0');
INSERT INTO `items` (`itemid`,`type`,`snmp_community`,`snmp_oid`,`hostid`,`name`,`key_`,`delay`,`history`,`trends`,`status`,`value_type`,`trapper_hosts`,`units`,`snmpv3_securityname`,`snmpv3_securitylevel`,`snmpv3_authpassphrase`,`snmpv3_privpassphrase`,`formula`,`logtimefmt`,`templateid`,`valuemapid`,`params`,`ipmi_sensor`,`authtype`,`username`,`password`,`publickey`,`privatekey`,`flags`,`interfaceid`,`port`,`description`,`inventory_link`,`lifetime`,`snmpv3_authprotocol`,`snmpv3_privprotocol`,`snmpv3_contextname`,`evaltype`,`jmx_endpoint`,`master_itemid`,`timeout`,`url`,`query_fields`,`posts`,`status_codes`,`follow_redirects`,`post_type`,`headers`,`retrieve_mode`,`request_method`,`output_format`,`verify_peer`,`verify_host`,`allow_traps`) values ('22862','0','','','10074','Available memory','vm.memory.size[available]','1m','1w','365d','0','3','','B','','0','','','','',NULL,NULL,'','','0','','','','','0',NULL,'','Available memory is defined as free+cached+buffers memory.','0','30d','0','0','','0','',NULL,'3s','','','','200','1','0','','0','0','0','0','0','0');
INSERT INTO `items` (`itemid`,`type`,`snmp_community`,`snmp_oid`,`hostid`,`name`,`key_`,`delay`,`history`,`trends`,`status`,`value_type`,`trapper_hosts`,`units`,`snmpv3_securityname`,`snmpv3_securitylevel`,`snmpv3_authpassphrase`,`snmpv3_privpassphrase`,`formula`,`logtimefmt`,`templateid`,`valuemapid`,`params`,`ipmi_sensor`,`authtype`,`username`,`password`,`publickey`,`privatekey`,`flags`,`interfaceid`,`port`,`description`,`inventory_link`,`lifetime`,`snmpv3_authprotocol`,`snmpv3_privprotocol`,`snmpv3_contextname`,`evaltype`,`jmx_endpoint`,`master_itemid`,`timeout`,`url`,`query_fields`,`posts`,`status_codes`,`follow_redirects`,`post_type`,`headers`,`retrieve_mode`,`request_method`,`output_format`,`verify_peer`,`verify_host`,`allow_traps`) values ('22863','0','','','10074','Total memory','vm.memory.size[total]','1h','1w','365d','0','3','','B','','0','','','','',NULL,NULL,'','','0','','','','','0',NULL,'','','0','30d','0','0','','0','',NULL,'3s','','','','200','1','0','','0','0','0','0','0','0');
INSERT INTO `items` (`itemid`,`type`,`snmp_community`,`snmp_oid`,`hostid`,`name`,`key_`,`delay`,`history`,`trends`,`status`,`value_type`,`trapper_hosts`,`units`,`snmpv3_securityname`,`snmpv3_securitylevel`,`snmpv3_authpassphrase`,`snmpv3_privpassphrase`,`formula`,`logtimefmt`,`templateid`,`valuemapid`,`params`,`ipmi_sensor`,`authtype`,`username`,`password`,`publickey`,`privatekey`,`flags`,`interfaceid`,`port`,`description`,`inventory_link`,`lifetime`,`snmpv3_authprotocol`,`snmpv3_privprotocol`,`snmpv3_contextname`,`evaltype`,`jmx_endpoint`,`master_itemid`,`timeout`,`url`,`query_fields`,`posts`,`status_codes`,`follow_redirects`,`post_type`,`headers`,`retrieve_mode`,`request_method`,`output_format`,`verify_peer`,`verify_host`,`allow_traps`) values ('22867','0','','','10074','Mounted filesystem discovery','vfs.fs.discovery','1h','90d','0','0','4','','','','0','','','','',NULL,NULL,'','','0','','','','','1',NULL,'','Discovery of file systems of different types as defined in global regular expression "File systems for discovery".','0','30d','0','0','','0','',NULL,'3s','','','','200','1','0','','0','0','0','0','0','0');
INSERT INTO `items` (`itemid`,`type`,`snmp_community`,`snmp_oid`,`hostid`,`name`,`key_`,`delay`,`history`,`trends`,`status`,`value_type`,`trapper_hosts`,`units`,`snmpv3_securityname`,`snmpv3_securitylevel`,`snmpv3_authpassphrase`,`snmpv3_privpassphrase`,`formula`,`logtimefmt`,`templateid`,`valuemapid`,`params`,`ipmi_sensor`,`authtype`,`username`,`password`,`publickey`,`privatekey`,`flags`,`interfaceid`,`port`,`description`,`inventory_link`,`lifetime`,`snmpv3_authprotocol`,`snmpv3_privprotocol`,`snmpv3_contextname`,`evaltype`,`jmx_endpoint`,`master_itemid`,`timeout`,`url`,`query_fields`,`posts`,`status_codes`,`follow_redirects`,`post_type`,`headers`,`retrieve_mode`,`request_method`,`output_format`,`verify_peer`,`verify_host`,`allow_traps`) values ('22868','0','','','10074','Free disk space on {#FSNAME}','vfs.fs.size[{#FSNAME},free]','1m','1w','365d','0','3','','B','','0','','','','',NULL,NULL,'','','0','','','','','2',NULL,'','','0','0','0','0','','0','',NULL,'3s','','','','200','1','0','','0','0','0','0','0','0');
INSERT INTO `items` (`itemid`,`type`,`snmp_community`,`snmp_oid`,`hostid`,`name`,`key_`,`delay`,`history`,`trends`,`status`,`value_type`,`trapper_hosts`,`units`,`snmpv3_securityname`,`snmpv3_securitylevel`,`snmpv3_authpassphrase`,`snmpv3_privpassphrase`,`formula`,`logtimefmt`,`templateid`,`valuemapid`,`params`,`ipmi_sensor`,`authtype`,`username`,`password`,`publickey`,`privatekey`,`flags`,`interfaceid`,`port`,`description`,`inventory_link`,`lifetime`,`snmpv3_authprotocol`,`snmpv3_privprotocol`,`snmpv3_contextname`,`evaltype`,`jmx_endpoint`,`master_itemid`,`timeout`,`url`,`query_fields`,`posts`,`status_codes`,`follow_redirects`,`post_type`,`headers`,`retrieve_mode`,`request_method`,`output_format`,`verify_peer`,`verify_host`,`allow_traps`) values ('22869','0','','','10074','Free inodes on {#FSNAME} (percentage)','vfs.fs.inode[{#FSNAME},pfree]','1m','1w','365d','0','0','','%','','0','','','','',NULL,NULL,'','','0','','','','','2',NULL,'','','0','0','0','0','','0','',NULL,'3s','','','','200','1','0','','0','0','0','0','0','0');
INSERT INTO `items` (`itemid`,`type`,`snmp_community`,`snmp_oid`,`hostid`,`name`,`key_`,`delay`,`history`,`trends`,`status`,`value_type`,`trapper_hosts`,`units`,`snmpv3_securityname`,`snmpv3_securitylevel`,`snmpv3_authpassphrase`,`snmpv3_privpassphrase`,`formula`,`logtimefmt`,`templateid`,`valuemapid`,`params`,`ipmi_sensor`,`authtype`,`username`,`password`,`publickey`,`privatekey`,`flags`,`interfaceid`,`port`,`description`,`inventory_link`,`lifetime`,`snmpv3_authprotocol`,`snmpv3_privprotocol`,`snmpv3_contextname`,`evaltype`,`jmx_endpoint`,`master_itemid`,`timeout`,`url`,`query_fields`,`posts`,`status_codes`,`follow_redirects`,`post_type`,`headers`,`retrieve_mode`,`request_method`,`output_format`,`verify_peer`,`verify_host`,`allow_traps`) values ('22870','0','','','10074','Total disk space on {#FSNAME}','vfs.fs.size[{#FSNAME},total]','1h','1w','365d','0','3','','B','','0','','','','',NULL,NULL,'','','0','','','','','2',NULL,'','','0','0','0','0','','0','',NULL,'3s','','','','200','1','0','','0','0','0','0','0','0');
INSERT INTO `items` (`itemid`,`type`,`snmp_community`,`snmp_oid`,`hostid`,`name`,`key_`,`delay`,`history`,`trends`,`status`,`value_type`,`trapper_hosts`,`units`,`snmpv3_securityname`,`snmpv3_securitylevel`,`snmpv3_authpassphrase`,`snmpv3_privpassphrase`,`formula`,`logtimefmt`,`templateid`,`valuemapid`,`params`,`ipmi_sensor`,`authtype`,`username`,`password`,`publickey`,`privatekey`,`flags`,`interfaceid`,`port`,`description`,`inventory_link`,`lifetime`,`snmpv3_authprotocol`,`snmpv3_privprotocol`,`snmpv3_contextname`,`evaltype`,`jmx_endpoint`,`master_itemid`,`timeout`,`url`,`query_fields`,`posts`,`status_codes`,`follow_redirects`,`post_type`,`headers`,`retrieve_mode`,`request_method`,`output_format`,`verify_peer`,`verify_host`,`allow_traps`) values ('22871','0','','','10074','Used disk space on {#FSNAME}','vfs.fs.size[{#FSNAME},used]','1m','1w','365d','0','3','','B','','0','','','','',NULL,NULL,'','','0','','','','','2',NULL,'','','0','0','0','0','','0','',NULL,'3s','','','','200','1','0','','0','0','0','0','0','0');
INSERT INTO `items` (`itemid`,`type`,`snmp_community`,`snmp_oid`,`hostid`,`name`,`key_`,`delay`,`history`,`trends`,`status`,`value_type`,`trapper_hosts`,`units`,`snmpv3_securityname`,`snmpv3_securitylevel`,`snmpv3_authpassphrase`,`snmpv3_privpassphrase`,`formula`,`logtimefmt`,`templateid`,`valuemapid`,`params`,`ipmi_sensor`,`authtype`,`username`,`password`,`publickey`,`privatekey`,`flags`,`interfaceid`,`port`,`description`,`inventory_link`,`lifetime`,`snmpv3_authprotocol`,`snmpv3_privprotocol`,`snmpv3_contextname`,`evaltype`,`jmx_endpoint`,`master_itemid`,`timeout`,`url`,`query_fields`,`posts`,`status_codes`,`follow_redirects`,`post_type`,`headers`,`retrieve_mode`,`request_method`,`output_format`,`verify_peer`,`verify_host`,`allow_traps`) values ('22872','0','','','10074','Free disk space on {#FSNAME} (percentage)','vfs.fs.size[{#FSNAME},pfree]','1m','1w','365d','0','0','','%','','0','','','','',NULL,NULL,'','','0','','','','','2',NULL,'','','0','0','0','0','','0','',NULL,'3s','','','','200','1','0','','0','0','0','0','0','0');
INSERT INTO `items` (`itemid`,`type`,`snmp_community`,`snmp_oid`,`hostid`,`name`,`key_`,`delay`,`history`,`trends`,`status`,`value_type`,`trapper_hosts`,`units`,`snmpv3_securityname`,`snmpv3_securitylevel`,`snmpv3_authpassphrase`,`snmpv3_privpassphrase`,`formula`,`logtimefmt`,`templateid`,`valuemapid`,`params`,`ipmi_sensor`,`authtype`,`username`,`password`,`publickey`,`privatekey`,`flags`,`interfaceid`,`port`,`description`,`inventory_link`,`lifetime`,`snmpv3_authprotocol`,`snmpv3_privprotocol`,`snmpv3_contextname`,`evaltype`,`jmx_endpoint`,`master_itemid`,`timeout`,`url`,`query_fields`,`posts`,`status_codes`,`follow_redirects`,`post_type`,`headers`,`retrieve_mode`,`request_method`,`output_format`,`verify_peer`,`verify_host`,`allow_traps`) values ('22875','0','','','10075','Maximum number of opened files','kernel.maxfiles','1h','1w','365d','0','3','','','','0','','','','',NULL,NULL,'','','0','','','','','0',NULL,'','It could be increased by using sysctrl utility or modifying file /etc/sysctl.conf.','0','30d','0','0','','0','',NULL,'3s','','','','200','1','0','','0','0','0','0','0','0');
INSERT INTO `items` (`itemid`,`type`,`snmp_community`,`snmp_oid`,`hostid`,`name`,`key_`,`delay`,`history`,`trends`,`status`,`value_type`,`trapper_hosts`,`units`,`snmpv3_securityname`,`snmpv3_securitylevel`,`snmpv3_authpassphrase`,`snmpv3_privpassphrase`,`formula`,`logtimefmt`,`templateid`,`valuemapid`,`params`,`ipmi_sensor`,`authtype`,`username`,`password`,`publickey`,`privatekey`,`flags`,`interfaceid`,`port`,`description`,`inventory_link`,`lifetime`,`snmpv3_authprotocol`,`snmpv3_privprotocol`,`snmpv3_contextname`,`evaltype`,`jmx_endpoint`,`master_itemid`,`timeout`,`url`,`query_fields`,`posts`,`status_codes`,`follow_redirects`,`post_type`,`headers`,`retrieve_mode`,`request_method`,`output_format`,`verify_peer`,`verify_host`,`allow_traps`) values ('22876','0','','','10075','Maximum number of processes','kernel.maxproc','1h','1w','365d','0','3','','','','0','','','','',NULL,NULL,'','','0','','','','','0',NULL,'','It could be increased by using sysctrl utility or modifying file /etc/sysctl.conf.','0','30d','0','0','','0','',NULL,'3s','','','','200','1','0','','0','0','0','0','0','0');
INSERT INTO `items` (`itemid`,`type`,`snmp_community`,`snmp_oid`,`hostid`,`name`,`key_`,`delay`,`history`,`trends`,`status`,`value_type`,`trapper_hosts`,`units`,`snmpv3_securityname`,`snmpv3_securitylevel`,`snmpv3_authpassphrase`,`snmpv3_privpassphrase`,`formula`,`logtimefmt`,`templateid`,`valuemapid`,`params`,`ipmi_sensor`,`authtype`,`username`,`password`,`publickey`,`privatekey`,`flags`,`interfaceid`,`port`,`description`,`inventory_link`,`lifetime`,`snmpv3_authprotocol`,`snmpv3_privprotocol`,`snmpv3_contextname`,`evaltype`,`jmx_endpoint`,`master_itemid`,`timeout`,`url`,`query_fields`,`posts`,`status_codes`,`follow_redirects`,`post_type`,`headers`,`retrieve_mode`,`request_method`,`output_format`,`verify_peer`,`verify_host`,`allow_traps`) values ('22877','0','','','10075','Number of running processes','proc.num[,,run]','1m','1w','365d','0','3','','','','0','','','','',NULL,NULL,'','','0','','','','','0',NULL,'','Number of processes in running state.','0','30d','0','0','','0','',NULL,'3s','','','','200','1','0','','0','0','0','0','0','0');
INSERT INTO `items` (`itemid`,`type`,`snmp_community`,`snmp_oid`,`hostid`,`name`,`key_`,`delay`,`history`,`trends`,`status`,`value_type`,`trapper_hosts`,`units`,`snmpv3_securityname`,`snmpv3_securitylevel`,`snmpv3_authpassphrase`,`snmpv3_privpassphrase`,`formula`,`logtimefmt`,`templateid`,`valuemapid`,`params`,`ipmi_sensor`,`authtype`,`username`,`password`,`publickey`,`privatekey`,`flags`,`interfaceid`,`port`,`description`,`inventory_link`,`lifetime`,`snmpv3_authprotocol`,`snmpv3_privprotocol`,`snmpv3_contextname`,`evaltype`,`jmx_endpoint`,`master_itemid`,`timeout`,`url`,`query_fields`,`posts`,`status_codes`,`follow_redirects`,`post_type`,`headers`,`retrieve_mode`,`request_method`,`output_format`,`verify_peer`,`verify_host`,`allow_traps`) values ('22878','0','','','10075','Number of processes','proc.num[]','1m','1w','365d','0','3','','','','0','','','','',NULL,NULL,'','','0','','','','','0',NULL,'','Total number of processes in any state.','0','30d','0','0','','0','',NULL,'3s','','','','200','1','0','','0','0','0','0','0','0');
INSERT INTO `items` (`itemid`,`type`,`snmp_community`,`snmp_oid`,`hostid`,`name`,`key_`,`delay`,`history`,`trends`,`status`,`value_type`,`trapper_hosts`,`units`,`snmpv3_securityname`,`snmpv3_securitylevel`,`snmpv3_authpassphrase`,`snmpv3_privpassphrase`,`formula`,`logtimefmt`,`templateid`,`valuemapid`,`params`,`ipmi_sensor`,`authtype`,`username`,`password`,`publickey`,`privatekey`,`flags`,`interfaceid`,`port`,`description`,`inventory_link`,`lifetime`,`snmpv3_authprotocol`,`snmpv3_privprotocol`,`snmpv3_contextname`,`evaltype`,`jmx_endpoint`,`master_itemid`,`timeout`,`url`,`query_fields`,`posts`,`status_codes`,`follow_redirects`,`post_type`,`headers`,`retrieve_mode`,`request_method`,`output_format`,`verify_peer`,`verify_host`,`allow_traps`) values ('22879','0','','','10075','Host boot time','system.boottime','10m','1w','365d','0','3','','unixtime','','0','','','','',NULL,NULL,'','','0','','','','','0',NULL,'','','0','30d','0','0','','0','',NULL,'3s','','','','200','1','0','','0','0','0','0','0','0');
INSERT INTO `items` (`itemid`,`type`,`snmp_community`,`snmp_oid`,`hostid`,`name`,`key_`,`delay`,`history`,`trends`,`status`,`value_type`,`trapper_hosts`,`units`,`snmpv3_securityname`,`snmpv3_securitylevel`,`snmpv3_authpassphrase`,`snmpv3_privpassphrase`,`formula`,`logtimefmt`,`templateid`,`valuemapid`,`params`,`ipmi_sensor`,`authtype`,`username`,`password`,`publickey`,`privatekey`,`flags`,`interfaceid`,`port`,`description`,`inventory_link`,`lifetime`,`snmpv3_authprotocol`,`snmpv3_privprotocol`,`snmpv3_contextname`,`evaltype`,`jmx_endpoint`,`master_itemid`,`timeout`,`url`,`query_fields`,`posts`,`status_codes`,`follow_redirects`,`post_type`,`headers`,`retrieve_mode`,`request_method`,`output_format`,`verify_peer`,`verify_host`,`allow_traps`) values ('22880','0','','','10075','Interrupts per second','system.cpu.intr','1m','1w','365d','0','3','','ips','','0','','','','',NULL,NULL,'','','0','','','','','0',NULL,'','','0','30d','0','0','','0','',NULL,'3s','','','','200','1','0','','0','0','0','0','0','0');
INSERT INTO `items` (`itemid`,`type`,`snmp_community`,`snmp_oid`,`hostid`,`name`,`key_`,`delay`,`history`,`trends`,`status`,`value_type`,`trapper_hosts`,`units`,`snmpv3_securityname`,`snmpv3_securitylevel`,`snmpv3_authpassphrase`,`snmpv3_privpassphrase`,`formula`,`logtimefmt`,`templateid`,`valuemapid`,`params`,`ipmi_sensor`,`authtype`,`username`,`password`,`publickey`,`privatekey`,`flags`,`interfaceid`,`port`,`description`,`inventory_link`,`lifetime`,`snmpv3_authprotocol`,`snmpv3_privprotocol`,`snmpv3_contextname`,`evaltype`,`jmx_endpoint`,`master_itemid`,`timeout`,`url`,`query_fields`,`posts`,`status_codes`,`follow_redirects`,`post_type`,`headers`,`retrieve_mode`,`request_method`,`output_format`,`verify_peer`,`verify_host`,`allow_traps`) values ('22881','0','','','10075','Processor load (15 min average per core)','system.cpu.load[percpu,avg15]','1m','1w','365d','0','0','','','','0','','','','',NULL,NULL,'','','0','','','','','0',NULL,'','The processor load is calculated as system CPU load divided by number of CPU cores.','0','30d','0','0','','0','',NULL,'3s','','','','200','1','0','','0','0','0','0','0','0');
